(4536,'3.0226700251889','8.13','272.49','7.86','2026-07-05 04:00:01','2026-07-05 04:00:01'),(4537,'31.472081218274','8.13','242.95','7.89','2026-07-05 05:00:01','2026-07-05 05:00:01'),(4538,'0.50251256281408','8.13','275.51','7.86','2026-07-05 06:00:01','2026-07-05 06:00:01'),(4539,'1.0050251256281','8.13','211.3','7.92','2026-07-05 07:00:01','2026-07-05 07:00:01'),(4540,'34.848484848485','8.13','279.25','7.85','2026-07-05 08:00:01','2026-07-05 08:00:01'),(4541,'26.4631043257','8.13','190.81','7.94','2026-07-05 09:00:01','2026-07-05 09:00:01'),(4542,'23.737373737374','8.13','271.82','7.86','2026-07-05 10:00:01','2026-07-05 10:00:01'),(4543,'20.959595959596','8.13','145.02','7.99','2026-07-05 11:00:01','2026-07-05 11:00:01'),(4544,'13.451776649746','8.13','192.27','7.94','2026-07-05 12:00:01','2026-07-05 12:00:01'),(4545,'36.317135549872','8.13','360.45','7.77','2026-07-05 13:00:01','2026-07-05 13:00:01'),(4546,'21.608040201005','8.13','412.11','7.72','2026-07-05 14:00:01','2026-07-05 14:00:01'),(4547,'0.7537688442211','8.13','422.32','7.71','2026-07-05 15:00:01','2026-07-05 15:00:01'),(4548,'32.828282828283','8.13','420','7.71','2026-07-05 16:00:01','2026-07-05 16:00:01'),(4549,'24.747474747475','8.13','367.23','7.76','2026-07-05 17:00:01','2026-07-05 17:00:01'),(4550,'3.7593984962406','8.13','397.77','7.73','2026-07-05 18:00:01','2026-07-05 18:00:01'),(4551,'14.609571788413','8.13','372.42','7.76','2026-07-05 19:00:01','2026-07-05 19:00:01'),(4552,'7.808564231738','8.13','343.77','7.79','2026-07-05 20:00:01','2026-07-05 20:00:01'),(4553,'0.50125313283208','8.13','257.66','7.87','2026-07-05 21:00:01','2026-07-05 21:00:01'),(4554,'35.294117647059','8.13','307.77','7.82','2026-07-05 22:00:01','2026-07-05 22:00:01'),(4555,'0.25188916876574','8.13','191.06','7.94','2026-07-05 23:00:01','2026-07-05 23:00:01'),(4556,'0.25125628140704','8.13','304.06','7.83','2026-07-06 00:00:01','2026-07-06 00:00:01'),(4557,'6.0301507537689','8.13','265.52','7.87','2026-07-06 01:00:01','2026-07-06 01:00:01'),(4558,'1.5151515151515','8.13','364.56','7.77','2026-07-06 02:00:01','2026-07-06 02:00:01'),(4559,'1.5113350125945','8.13','345.45','7.79','2026-07-06 03:00:01','2026-07-06 03:00:01'),(4560,'26.817042606516','8.13','318.69','7.81','2026-07-06 04:00:01','2026-07-06 04:00:01'),(4561,'16.20253164557','8.13','270.88','7.86','2026-07-06 05:00:01','2026-07-06 05:00:01'),(4562,'25.505050505051','8.13','269.71','7.86','2026-07-06 06:00:01','2026-07-06 06:00:01'),(4563,'9.3198992443325','8.13','139.57','7.99','2026-07-06 07:00:01','2026-07-06 07:00:01'),(4564,'0.50251256281408','8.13','312.87','7.82','2026-07-06 08:00:01','2026-07-06 08:00:01'),(4565,'19','8.13','269.57','7.86','2026-07-06 09:00:01','2026-07-06 09:00:01'),(4566,'1.0025062656642','8.13','260.07','7.87','2026-07-06 10:00:01','2026-07-06 10:00:01'),(4567,'34.005037783375','8.13','351.04','7.78','2026-07-06 11:00:01','2026-07-06 11:00:01'),(4568,'7.5949367088608','8.13','204.66','7.93','2026-07-06 12:00:01','2026-07-06 12:00:01'),(4569,'13.924050632911','8.13','320.22','7.81','2026-07-06 13:00:01','2026-07-06 13:00:01'),(4570,'23.785166240409','8.13','282.46','7.85','2026-07-06 14:00:01','2026-07-06 14:00:01'),(4571,'30.710659898477','8.13','281.93','7.85','2026-07-06 15:00:01','2026-07-06 15:00:01'),(4572,'31.297709923664','8.13','202.15','7.93','2026-07-06 16:00:01','2026-07-06 16:00:01'),(4573,'39.493670886076','8.13','320.23','7.81','2026-07-06 17:00:01','2026-07-06 17:00:01'),(4574,'11.05527638191','8.13','255.18','7.88','2026-07-06 18:00:01','2026-07-06 18:00:01'),(4575,'45.736434108527','8.13','194.12','7.94','2026-07-06 19:00:01','2026-07-06 19:00:01'),(4576,'5.7644110275689','8.13','260.56','7.87','2026-07-06 20:00:01','2026-07-06 20:00:01'),(4577,'34.005037783375','8.13','335.53','7.8','2026-07-06 21:00:01','2026-07-06 21:00:01'),(4578,'25.699745547074','8.13','349.57','7.78','2026-07-06 22:00:01','2026-07-06 22:00:01'),(4579,'26.767676767677','8.13','161.72','7.97','2026-07-06 23:00:01','2026-07-06 23:00:01'),(4580,'6.5656565656566','8.13','242.14','7.89','2026-07-07 00:00:01','2026-07-07 00:00:01'),(4581,'0.25188916876574','8.13','253.87','7.88','2026-07-07 01:00:01','2026-07-07 01:00:01'),(4582,'30.150753768844','8.13','282.97','7.85','2026-07-07 02:00:01','2026-07-07 02:00:01'),(4583,'22.418136020151','8.13','237.12','7.9','2026-07-07 03:00:01','2026-07-07 03:00:01'),(4584,'33.75314861461','8.13','298.84','7.83','2026-07-07 04:00:01','2026-07-07 04:00:01'),(4585,'23.929471032746','8.13','257.42','7.87','2026-07-07 05:00:01','2026-07-07 05:00:01'),(4586,'25.376884422111','8.13','227.29','7.9','2026-07-07 06:00:01','2026-07-07 06:00:01'),(4587,'23.469387755102','8.13','187.62','7.94','2026-07-07 07:00:01','2026-07-07 07:00:01'),(4588,'17.587939698492','8.13','298.95','7.83','2026-07-07 08:00:01','2026-07-07 08:00:01'),(4589,'8.816120906801','8.13','183.19','7.95','2026-07-07 09:00:01','2026-07-07 09:00:01'),(4590,'23.469387755102','8.13','156.29','7.98','2026-07-07 10:00:01','2026-07-07 10:00:01'),(4591,'40.862944162437','8.13','191.79','7.94','2026-07-07 11:00:01','2026-07-07 11:00:01'),(4592,'2.2556390977444','8.13','183.64','7.95','2026-07-07 12:00:01','2026-07-07 12:00:01'),(4593,'34.760705289673','8.13','212.72','7.92','2026-07-07 13:00:01','2026-07-07 13:00:01'),(4594,'32.745591939547','8.13','214.52','7.92','2026-07-07 14:00:01','2026-07-07 14:00:01'),(4595,'2.5062656641604','8.13','226.36','7.91','2026-07-07 15:00:01','2026-07-07 15:00:01'),(4596,'16.708860759494','8.13','242.25','7.89','2026-07-07 16:00:01','2026-07-07 16:00:01'),(4597,'4','8.13','310.65','7.82','2026-07-07 17:00:01','2026-07-07 17:00:01'),(4598,'0.75187969924812','8.13','452.15','7.68','2026-07-07 18:00:01','2026-07-07 18:00:01'),(4599,'31.979695431472','8.13','417.83','7.71','2026-07-07 19:00:01','2026-07-07 19:00:01'),(4600,'8.0402010050251','8.13','835.67','7.3','2026-07-07 20:00:01','2026-07-07 20:00:01'),(4601,'34.005037783375','8.13','937.32','7.19','2026-07-07 21:00:01','2026-07-07 21:00:01'),(4602,'35.400516795866','8.13','781.92','7.35','2026-07-07 22:00:01','2026-07-07 22:00:01'),(4603,'31.060606060606','8.13','743.84','7.39','2026-07-07 23:00:01','2026-07-07 23:00:01'),(4604,'7.1065989847716','8.13','703.37','7.43','2026-07-08 00:00:01','2026-07-08 00:00:01'),(4605,'14.141414141414','8.13','660.37','7.47','2026-07-08 01:00:01','2026-07-08 01:00:01'),(4606,'17.336683417085','8.13','495.6','7.64','2026-07-08 02:00:01','2026-07-08 02:00:01'),(4607,'17.884130982368','8.13','538.72','7.59','2026-07-08 03:00:01','2026-07-08 03:00:01'),(4608,'6.5491183879093','8.13','291.4','7.84','2026-07-08 04:00:01','2026-07-08 04:00:01'),(4609,'11.278195488722','8.13','264.27','7.87','2026-07-08 05:00:01','2026-07-08 05:00:01'),(4610,'0.25125628140704','8.13','211.3','7.92','2026-07-08 06:00:01','2026-07-08 06:00:01'),(4611,'15.151515151515','8.13','252.12','7.88','2026-07-08 07:00:01','2026-07-08 07:00:01'),(4612,'0.75187969924812','8.13','138.65','7.99','2026-07-08 08:00:01','2026-07-08 08:00:01'),(4613,'29.187817258883','8.13','235.46','7.9','2026-07-08 09:00:01','2026-07-08 09:00:01'),(4614,'37.817258883249','8.13','367.25','7.76','2026-07-08 10:00:01','2026-07-08 10:00:01'),(4615,'4.726368159204','8.13','225.58','7.91','2026-07-08 11:00:01','2026-07-08 11:00:01'),(4616,'30.555555555556','8.13','284.84','7.85','2026-07-08 12:00:01','2026-07-08 12:00:01'),(4617,'46.582278481013','8.13','306','7.83','2026-07-08 13:00:01','2026-07-08 13:00:01'),(4618,'32.323232323232','8.13','268.44','7.86','2026-07-08 14:00:01','2026-07-08 14:00:01'),(4619,'1.2531328320802','8.13','252.85','7.88','2026-07-08 15:00:01','2026-07-08 15:00:01'),(4620,'23.350253807107','8.13','138.65','7.99','2026-07-08 16:00:01','2026-07-08 16:00:01'),(4621,'15.869017632242','8.13','331.01','7.8','2026-07-08 17:00:01','2026-07-08 17:00:01'),(4622,'1.25','8.13','337.11','7.8','2026-07-08 18:00:01','2026-07-08 18:00:01'),(4623,'36.578947368421','8.13','142.38','7.99','2026-07-08 19:00:01','2026-07-08 19:00:01'),(4624,'30.075187969925','8.13','352.07','7.78','2026-07-08 20:00:01','2026-07-08 20:00:01'),(4625,'28.101265822785','8.13','362.99','7.77','2026-07-08 21:00:01','2026-07-08 21:00:01'),(4626,'23.772609819121','8.13','261.49','7.87','2026-07-08 22:00:01','2026-07-08 22:00:01'),(4627,'18.939393939394','8.13','253.24','7.88','2026-07-08 23:00:01','2026-07-08 23:00:01'),(4628,'23.115577889447','8.13','189.86','7.94','2026-07-09 00:00:01','2026-07-09 00:00:01'),(4629,'1.0025062656642','8.13','284.93','7.85','2026-07-09 01:00:01','2026-07-09 01:00:01'),(4630,'2.75','8.13','149.53','7.98','2026-07-09 02:00:01','2026-07-09 02:00:01'),(4631,'5.4862842892768','8.13','216.63','7.92','2026-07-09 03:00:01','2026-07-09 03:00:01'),(4632,'33.164556962025','8.13','224.09','7.91','2026-07-09 04:00:01','2026-07-09 04:00:01'),(4633,'0.75','8.13','282.24','7.85','2026-07-09 05:00:01','2026-07-09 05:00:01'),(4634,'43.828715365239','8.13','240.23','7.89','2026-07-09 06:00:01','2026-07-09 06:00:01'),(4635,'17.721518987342','8.13','201.22','7.93','2026-07-09 07:00:01','2026-07-09 07:00:01'),(4636,'35.443037974684','8.13','152.63','7.98','2026-07-09 08:00:01','2026-07-09 08:00:01'),(4637,'64.705882352941','8.13','364.25','7.77','2026-07-09 09:00:01','2026-07-09 09:00:01'),(4638,'18.844221105528','8.13','401.06','7.73','2026-07-09 10:00:01','2026-07-09 10:00:01'),(4639,'31.806615776081','8.13','668.62','7.46','2026-07-09 11:00:01','2026-07-09 11:00:01'),(4640,'33.5','8.13','526.39','7.61','2026-07-09 12:00:01','2026-07-09 12:00:01'),(4641,'44.162436548223','8.13','587','7.55','2026-07-09 13:00:01','2026-07-09 13:00:01'),(4642,'35.368956743003','8.13','519.5','7.61','2026-07-09 14:00:01','2026-07-09 14:00:01'),(4643,'22.58064516129','8.13','218.14','7.91','2026-07-09 15:00:01','2026-07-09 15:00:01'),(4644,'34.005037783375','8.13','217.61','7.91','2026-07-09 16:00:01','2026-07-09 16:00:01'),(4645,'28.24427480916','8.13','542.2','7.59','2026-07-09 17:00:01','2026-07-09 17:00:01'),(4646,'16.071428571429','8.13','579.47','7.55','2026-07-09 18:00:01','2026-07-09 18:00:01'),(4647,'48.02110817942','8.13','537.82','7.59','2026-07-09 19:00:01','2026-07-09 19:00:01'),(4648,'34.586466165414','8.13','391.98','7.74','2026-07-09 20:00:01','2026-07-09 20:00:01'),(4649,'32.581453634085','8.13','377.3','7.75','2026-07-09 21:00:01','2026-07-09 21:00:01'),(4650,'39.736842105263','8.13','263.61','7.87','2026-07-09 22:00:01','2026-07-09 22:00:01'),(4651,'32.1608040201','8.13','264.22','7.87','2026-07-09 23:00:01','2026-07-09 23:00:01'),(4652,'0.50505050505051','8.13','250.41','7.88','2026-07-10 00:00:01','2026-07-10 00:00:01'),(4653,'3.7406483790524','8.13','214.88','7.92','2026-07-10 01:00:01','2026-07-10 01:00:01'),(4654,'20.5','8.13','199.05','7.93','2026-07-10 02:00:01','2026-07-10 02:00:01'),(4655,'3.5087719298246','8.13','223.44','7.91','2026-07-10 03:00:01','2026-07-10 03:00:01'),(4656,'28.426395939086','8.13','222.62','7.91','2026-07-10 04:00:01','2026-07-10 04:00:01'),(4657,'1.75','8.13','184.55','7.95','2026-07-10 05:00:01','2026-07-10 05:00:01'),(4658,'0.75','8.13','255.35','7.88','2026-07-10 06:00:01','2026-07-10 06:00:01'),(4659,'34.256926952141','8.13','218.2','7.91','2026-07-10 07:00:01','2026-07-10 07:00:01'),(4660,'10.552763819095','8.13','539.14','7.59','2026-07-10 08:00:01','2026-07-10 08:00:01'),(4661,'10.659898477157','8.13','643.22','7.49','2026-07-10 09:00:01','2026-07-10 09:00:01'),(4662,'27.594936708861','8.13','471.54','7.66','2026-07-10 10:00:01','2026-07-10 10:00:01'),(4663,'32.233502538071','8.13','361.25','7.77','2026-07-10 11:00:01','2026-07-10 11:00:01'),(4664,'3.5175879396985','8.13','310.27','7.82','2026-07-10 12:00:01','2026-07-10 12:00:01'),(4665,'36.868686868687','8.13','195.17','7.94','2026-07-10 13:00:01','2026-07-10 13:00:01'),(4666,'2.75','8.13','317.68','7.81','2026-07-10 14:00:01','2026-07-10 14:00:01'),(4667,'12.060301507538','8.13','358.01','7.77','2026-07-10 15:00:01','2026-07-10 15:00:01'),(4668,'23.785166240409','8.13','227.1','7.91','2026-07-10 16:00:01','2026-07-10 16:00:01'),(4669,'0.25125628140704','8.13','200.99','7.93','2026-07-10 17:00:01','2026-07-10 17:00:01'),(4670,'33.585858585859','8.13','321.95','7.81','2026-07-10 18:00:01','2026-07-10 18:00:01'),(4671,'62.5','8.13','129.77','8','2026-07-10 19:00:01','2026-07-10 19:00:01'),(4672,'20.403022670025','8.13','388.76','7.74','2026-07-10 20:00:01','2026-07-10 20:00:01'),(4673,'7.8282828282828','8.13','383.84','7.75','2026-07-10 21:00:01','2026-07-10 21:00:01'),(4674,'42.569269521411','8.13','364.27','7.77','2026-07-10 22:00:01','2026-07-10 22:00:01'),(4675,'0.50377833753149','8.13','220.75','7.91','2026-07-10 23:00:01','2026-07-10 23:00:01'),(4676,'18.891687657431','8.13','238.06','7.89','2026-07-11 00:00:01','2026-07-11 00:00:01'),(4677,'29.292929292929','8.13','253.33','7.88','2026-07-11 01:00:01','2026-07-11 01:00:01'),(4678,'5.5137844611529','8.13','231.51','7.9','2026-07-11 02:00:01','2026-07-11 02:00:01'),(4679,'1.25','8.13','235.32','7.9','2026-07-11 03:00:01','2026-07-11 03:00:01'),(4680,'33.838383838384','8.13','202.48','7.93','2026-07-11 04:00:01','2026-07-11 04:00:01'),(4681,'34.256926952141','8.13','229.53','7.9','2026-07-11 05:00:01','2026-07-11 05:00:01'),(4682,'32.581453634085','8.13','241.2','7.89','2026-07-11 06:00:01','2026-07-11 06:00:01'),(4683,'27.272727272727','8.13','276.58','7.86','2026-07-11 07:00:01','2026-07-11 07:00:01'),(4684,'35.858585858586','8.13','258.01','7.87','2026-07-11 08:00:01','2026-07-11 08:00:01'),(4685,'39.340101522843','8.13','196.51','7.94','2026-07-11 09:00:01','2026-07-11 09:00:01'),(4686,'20.812182741117','8.13','206.28','7.93','2026-07-11 10:00:01','2026-07-11 10:00:01'),(4687,'37.373737373737','8.13','330.74','7.8','2026-07-11 11:00:01','2026-07-11 11:00:01'),(4688,'30.555555555556','8.13','252.4','7.88','2026-07-11 12:00:01','2026-07-11 12:00:01'),(4689,'37.755102040816','8.13','369.64','7.76','2026-07-11 13:00:01','2026-07-11 13:00:01'),(4690,'32.911392405063','8.13','296.67','7.84','2026-07-11 14:00:01','2026-07-11 14:00:01'),(4691,'31.139240506329','8.13','236.31','7.9','2026-07-11 15:00:01','2026-07-11 15:00:01'),(4692,'3.4912718204489','8.13','301.62','7.83','2026-07-11 16:00:01','2026-07-11 16:00:01'),(4693,'16.331658291457','8.13','261.84','7.87','2026-07-11 17:00:01','2026-07-11 17:00:01'),(4694,'1.5','8.13','347.67','7.78','2026-07-11 18:00:01','2026-07-11 18:00:01'),(4695,'42.929292929293','8.13','211.9','7.92','2026-07-11 19:00:01','2026-07-11 19:00:01'),(4696,'15.909090909091','8.13','277.96','7.85','2026-07-11 20:00:01','2026-07-11 20:00:01'),(4697,'19.25','8.13','369.94','7.76','2026-07-11 21:00:01','2026-07-11 21:00:01'),(4698,'29.427083333333','8.13','282.56','7.85','2026-07-11 22:00:01','2026-07-11 22:00:01'),(4699,'31.818181818182','8.13','203.63','7.93','2026-07-11 23:00:01','2026-07-11 23:00:01'),(4700,'26.515151515152','8.13','255.2','7.88','2026-07-12 00:00:01','2026-07-12 00:00:01'),(4701,'9.8484848484848','8.13','160.57','7.97','2026-07-12 01:00:01','2026-07-12 01:00:01'),(4702,'18.434343434343','8.13','175.24','7.96','2026-07-12 02:00:01','2026-07-12 02:00:01'),(4703,'11.83879093199','8.13','199.45','7.93','2026-07-12 03:00:01','2026-07-12 03:00:01'),(4704,'6.2814070351759','8.13','247.95','7.88','2026-07-12 04:00:01','2026-07-12 04:00:01'),(4705,'29.64824120603','8.13','231.13','7.9','2026-07-12 05:00:01','2026-07-12 05:00:01'),(4706,'36.641221374046','8.13','219.2','7.91','2026-07-12 06:00:01','2026-07-12 06:00:01'),(4707,'8.3544303797468','8.13','134.16','8','2026-07-12 07:00:01','2026-07-12 07:00:01'),(4708,'15.326633165829','8.13','248.61','7.88','2026-07-12 08:00:01','2026-07-12 08:00:01'),(4709,'45.063291139241','8.13','234.64','7.9','2026-07-12 09:00:01','2026-07-12 09:00:01'),(4710,'14.824120603015','8.13','330.36','7.8','2026-07-12 10:00:01','2026-07-12 10:00:01'),(4711,'34.177215189873','8.13','313.97','7.82','2026-07-12 11:00:01','2026-07-12 11:00:01'),(4712,'46.835443037975','8.13','247.01','7.89','2026-07-12 12:00:01','2026-07-12 12:00:01'),(4713,'35.768261964736','8.13','369.41','7.76','2026-07-12 13:00:01','2026-07-12 13:00:01'),(4714,'35.175879396985','8.13','3.93','4.2','2026-07-12 14:00:01','2026-07-12 14:00:01'),(4715,'32.070707070707','8.13','3.87','4.26','2026-07-12 15:00:01','2026-07-12 15:00:01'),(4716,'13.451776649746','8.13','3.63','4.5','2026-07-12 16:00:01','2026-07-12 16:00:01'),(4717,'20.654911838791','8.13','3.67','4.46','2026-07-12 17:00:01','2026-07-12 17:00:01'),(4718,'18.891687657431','8.13','3.6','4.53','2026-07-12 18:00:01','2026-07-12 18:00:01'),(4719,'54.255319148936','8.13','3.46','4.68','2026-07-12 19:00:01','2026-07-12 19:00:01'),(4720,'29.040404040404','8.13','3.31','4.83','2026-07-12 20:00:01','2026-07-12 20:00:01'),(4721,'22.110552763819','8.13','3.22','4.91','2026-07-12 21:00:01','2026-07-12 21:00:01'),(4722,'1.2531328320802','8.13','3.19','4.94','2026-07-12 22:00:01','2026-07-12 22:00:01'),(4723,'30.730478589421','8.13','2.95','5.18','2026-07-12 23:00:01','2026-07-12 23:00:01'),(4724,'22.222222222222','8.13','2.89','5.25','2026-07-13 00:00:01','2026-07-13 00:00:01'),(4725,'5.7788944723618','8.13','4','4.13','2026-07-13 01:00:01','2026-07-13 01:00:01'),(4726,'29.187817258883','8.13','3.38','4.75','2026-07-13 02:00:01','2026-07-13 02:00:01'),(4727,'32.307692307692','8.13','3.28','4.85','2026-07-13 03:00:01','2026-07-13 03:00:01'),(4728,'32.06106870229','8.13','4.02','4.12','2026-07-13 04:00:01','2026-07-13 04:00:01'),(4729,'6.0301507537689','8.13','3.93','4.2','2026-07-13 05:00:01','2026-07-13 05:00:01'),(4730,'4.5112781954887','8.13','3.85','4.28','2026-07-13 06:00:01','2026-07-13 06:00:01'),(4731,'35.678391959799','8.13','3.78','4.35','2026-07-13 07:00:01','2026-07-13 07:00:01'),(4732,'11.111111111111','8.13','3.74','4.39','2026-07-13 08:00:01','2026-07-13 08:00:01'),(4733,'35.012594458438','8.13','3.66','4.47','2026-07-13 09:00:01','2026-07-13 09:00:01'),(4734,'22.474747474747','8.13','3.07','5.06','2026-07-13 10:00:01','2026-07-13 10:00:01'),(4735,'4.2713567839196','8.13','3.12','5.01','2026-07-13 11:00:01','2026-07-13 11:00:01'),(4736,'24.873096446701','8.13','3.11','5.03','2026-07-13 12:00:01','2026-07-13 12:00:01'),(4737,'34.422110552764','8.13','2.87','5.26','2026-07-13 13:00:01','2026-07-13 13:00:01'),(4738,'19.899244332494','8.13','2.96','5.17','2026-07-13 14:00:01','2026-07-13 14:00:01'),(4739,'11.253196930946','8.13','2.51','5.63','2026-07-13 15:00:01','2026-07-13 15:00:01'),(4740,'16.582914572864','8.13','2.52','5.62','2026-07-13 16:00:01','2026-07-13 16:00:01'),(4741,'38.422391857506','8.13','2.41','5.72','2026-07-13 17:00:01','2026-07-13 17:00:01'),(4742,'4.25','8.13','2.42','5.71','2026-07-13 18:00:01','2026-07-13 18:00:01'),(4743,'23.67758186398','8.13','3.86','4.27','2026-07-13 19:00:01','2026-07-13 19:00:01'),(4744,'15.617128463476','8.13','3.25','4.88','2026-07-13 20:00:01','2026-07-13 20:00:01'),(4745,'3.2745591939547','8.13','3.31','4.82','2026-07-13 21:00:01','2026-07-13 21:00:01'),(4746,'14.57800511509','8.13','3.17','4.96','2026-07-13 22:00:01','2026-07-13 22:00:01'),(4747,'12.814070351759','8.13','2.85','5.28','2026-07-13 23:00:01','2026-07-13 23:00:01'),(4748,'30.478589420655','8.13','2.84','5.29','2026-07-14 00:00:01','2026-07-14 00:00:01'),(4749,'36','8.13','2.68','5.45','2026-07-14 01:00:01','2026-07-14 01:00:01'),(4750,'11.675126903553','8.13','2.25','5.88','2026-07-14 02:00:01','2026-07-14 02:00:01'),(4751,'17.587939698492','8.13','2.21','5.92','2026-07-14 03:00:01','2026-07-14 03:00:01'),(4752,'36.020151133501','8.13','2.24','5.89','2026-07-14 04:00:01','2026-07-14 04:00:01'),(4753,'28.680203045685','8.13','2.17','5.96','2026-07-14 05:00:01','2026-07-14 05:00:01'),(4754,'33.585858585859','8.13','2.14','5.99','2026-07-14 06:00:01','2026-07-14 06:00:01'),(4755,'8.816120906801','8.13','1.7','6.43','2026-07-14 07:00:01','2026-07-14 07:00:01'),(4756,'33.248730964467','8.13','1.7','6.43','2026-07-14 08:00:01','2026-07-14 08:00:01'),(4757,'11.616161616162','8.13','1.63','6.5','2026-07-14 09:00:01','2026-07-14 09:00:01'),(4758,'29.899497487437','8.13','1.57','6.56','2026-07-14 10:00:01','2026-07-14 10:00:01'),(4759,'4.0302267002519','8.13','1.41','6.72','2026-07-14 11:00:01','2026-07-14 11:00:01'),(4760,'9.0225563909774','8.13','1.23','6.9','2026-07-14 12:00:01','2026-07-14 12:00:01'),(4761,'24.874371859296','8.13','1.31','6.83','2026-07-14 13:00:01','2026-07-14 13:00:01'),(4762,'13.098236775819','8.13','1.29','6.84','2026-07-14 14:00:01','2026-07-14 14:00:01'),(4763,'15.36523929471','8.13','1.23','6.9','2026-07-14 15:00:01','2026-07-14 15:00:01'),(4764,'1','8.13','1.24','6.89','2026-07-14 16:00:01','2026-07-14 16:00:01'),(4765,'1.5075376884422','8.13','1.09','7.04','2026-07-14 17:00:01','2026-07-14 17:00:01'),(4766,'23.664122137405','8.13','1.07','7.06','2026-07-14 18:00:01','2026-07-14 18:00:01'),(4767,'38.461538461538','8.13','1.07','7.06','2026-07-14 19:00:01','2026-07-14 19:00:01'),(4768,'9.5477386934673','8.13','996.44','7.14','2026-07-14 20:00:01','2026-07-14 20:00:01'),(4769,'0.50251256281408','8.13','1.02','7.11','2026-07-14 21:00:01','2026-07-14 21:00:01'),(4770,'33.756345177665','8.13','996.83','7.14','2026-07-14 22:00:01','2026-07-14 22:00:01'),(4771,'4.7858942065491','8.13','823.01','7.31','2026-07-14 23:00:01','2026-07-14 23:00:01'),(4772,'12.121212121212','8.13','783.48','7.35','2026-07-15 00:00:01','2026-07-15 00:00:01'),(4773,'31.969309462916','8.13','747.01','7.39','2026-07-15 01:00:01','2026-07-15 01:00:01'),(4774,'0.50251256281408','8.13','799.39','7.33','2026-07-15 02:00:01','2026-07-15 02:00:01'),(4775,'14.795918367347','8.13','766.88','7.37','2026-07-15 03:00:01','2026-07-15 03:00:01'),(4776,'31.565656565657','8.13','816.18','7.32','2026-07-15 04:00:01','2026-07-15 04:00:01'),(4777,'26.515151515152','8.13','840.76','7.29','2026-07-15 05:00:01','2026-07-15 05:00:01'),(4778,'0.7537688442211','8.13','813.83','7.32','2026-07-15 06:00:01','2026-07-15 06:00:01'),(4779,'35.427135678392','8.13','738.94','7.39','2026-07-15 07:00:01','2026-07-15 07:00:01'),(4780,'1.25','8.13','787.01','7.35','2026-07-15 08:00:01','2026-07-15 08:00:01'),(4781,'23.037974683544','8.13','723.73','7.41','2026-07-15 09:00:01','2026-07-15 09:00:01'),(4782,'28.030303030303','8.13','673.1','7.46','2026-07-15 10:00:01','2026-07-15 10:00:01'),(4783,'35.279187817259','8.13','609.41','7.52','2026-07-15 11:00:01','2026-07-15 11:00:01'),(4784,'46.819338422392','8.13','520.85','7.61','2026-07-15 12:00:01','2026-07-15 12:00:01'),(4785,'33.502538071066','8.13','661.67','7.47','2026-07-15 13:00:01','2026-07-15 13:00:01'),(4786,'36.020151133501','8.13','233.38','7.9','2026-07-15 14:00:01','2026-07-15 14:00:01'),(4787,'12.373737373737','8.13','387.37','7.74','2026-07-15 15:00:01','2026-07-15 15:00:01'),(4788,'12.878787878788','8.13','252.71','7.88','2026-07-15 16:00:01','2026-07-15 16:00:01'),(4789,'31.989924433249','8.13','203.54','7.93','2026-07-15 17:00:01','2026-07-15 17:00:01'),(4790,'30.653266331658','8.13','318.93','7.81','2026-07-15 18:00:01','2026-07-15 18:00:01'),(4791,'27.295918367347','8.13','211.56','7.92','2026-07-15 19:00:01','2026-07-15 19:00:01'),(4792,'16.666666666667','8.13','245.78','7.89','2026-07-15 20:00:01','2026-07-15 20:00:01'),(4793,'2.5125628140703','8.13','291.79','7.84','2026-07-15 21:00:01','2026-07-15 21:00:01'),(4794,'18.987341772152','8.13','291.95','7.84','2026-07-15 22:00:01','2026-07-15 22:00:01'),(4795,'26.633165829146','8.13','268.94','7.86','2026-07-15 23:00:01','2026-07-15 23:00:01'),(4796,'1.0025062656642','8.13','249.25','7.88','2026-07-16 00:00:01','2026-07-16 00:00:01'),(4797,'2.25','8.13','206.41','7.93','2026-07-16 01:00:01','2026-07-16 01:00:01'),(4798,'22.879177377892','8.13','181.71','7.95','2026-07-16 02:00:01','2026-07-16 02:00:01'),(4799,'37.055837563452','8.13','213.43','7.92','2026-07-16 03:00:01','2026-07-16 03:00:01'),(4800,'10.07556675063','8.13','301.81','7.83','2026-07-16 04:00:01','2026-07-16 04:00:01'),(4801,'33.333333333333','8.13','277.27','7.85','2026-07-16 05:00:01','2026-07-16 05:00:01'),(4802,'2.2613065326633','8.13','267.68','7.86','2026-07-16 06:00:01','2026-07-16 06:00:01'),(4803,'31.738035264484','8.13','306.64','7.83','2026-07-16 07:00:01','2026-07-16 07:00:01'),(4804,'43.116883116883','8.13','151.2','7.98','2026-07-16 08:00:01','2026-07-16 08:00:01'),(4805,'5.75','8.13','242.17','7.89','2026-07-16 09:00:01','2026-07-16 09:00:01'),(4806,'15.113350125945','8.13','233.9','7.9','2026-07-16 10:00:01','2026-07-16 10:00:01'),(4807,'34.351145038168','8.13','223.74','7.91','2026-07-16 11:00:01','2026-07-16 11:00:01'),(4808,'0','8.13','311.39','7.82','2026-07-16 12:00:01','2026-07-16 12:00:01'),(4809,'12.626262626263','8.13','145.19','7.99','2026-07-16 13:00:01','2026-07-16 13:00:01'),(4810,'29.94923857868','8.13','181.37','7.95','2026-07-16 14:00:01','2026-07-16 14:00:01'),(4811,'11.111111111111','8.13','169.43','7.96','2026-07-16 15:00:01','2026-07-16 15:00:01'),(4812,'6.5989847715736','8.13','174.99','7.96','2026-07-16 16:00:01','2026-07-16 16:00:01'),(4813,'13.197969543147','8.13','168.02','7.96','2026-07-16 17:00:01','2026-07-16 17:00:01'),(4814,'34.508816120907','8.13','158.24','7.97','2026-07-16 18:00:01','2026-07-16 18:00:01'),(4815,'13.471502590674','8.13','140.16','7.99','2026-07-16 19:00:01','2026-07-16 19:00:01'),(4816,'32.493702770781','8.13','203.25','7.93','2026-07-16 20:00:01','2026-07-16 20:00:01'),(4817,'20.20202020202','8.13','1.22','6.91','2026-07-16 21:00:01','2026-07-16 21:00:01'),(4818,'39.947780678851','8.13','1.3','6.84','2026-07-16 22:00:01','2026-07-16 22:00:01'),(4819,'13.032581453634','8.13','819.74','7.31','2026-07-16 23:00:01','2026-07-16 23:00:01'),(4820,'0.50125313283208','8.13','801.15','7.33','2026-07-17 00:00:01','2026-07-17 00:00:01'),(4821,'31.486146095718','8.13','537.25','7.59','2026-07-17 01:00:01','2026-07-17 01:00:01'),(4822,'2.2670025188917','8.13','216.16','7.92','2026-07-17 02:00:01','2026-07-17 02:00:01'),(4823,'4.7979797979798','8.13','362.19','7.77','2026-07-17 03:00:01','2026-07-17 03:00:01'),(4824,'31.565656565657','8.13','397.96','7.73','2026-07-17 04:00:01','2026-07-17 04:00:01'),(4825,'32.412060301508','8.13','388.3','7.74','2026-07-17 05:00:01','2026-07-17 05:00:01'),(4826,'1.7543859649123','8.13','362.37','7.77','2026-07-17 06:00:01','2026-07-17 06:00:01'),(4827,'23.173803526448','8.13','208.22','7.92','2026-07-17 07:00:01','2026-07-17 07:00:01'),(4828,'34.351145038168','8.13','242.86','7.89','2026-07-17 08:00:01','2026-07-17 08:00:01'),(4829,'8.8607594936709','8.13','381.98','7.75','2026-07-17 09:00:01','2026-07-17 09:00:01'),(4830,'31.234256926952','8.13','243.45','7.89','2026-07-17 10:00:01','2026-07-17 10:00:01'),(4831,'17.974683544304','8.13','188.01','7.94','2026-07-17 11:00:01','2026-07-17 11:00:01'),(4832,'16.919191919192','8.13','242.16','7.89','2026-07-17 12:00:01','2026-07-17 12:00:01'),(4833,'73.421052631579','8.13','239.7','7.89','2026-07-17 13:00:01','2026-07-17 13:00:01'),(4834,'2.2613065326633','8.13','338.25','7.79','2026-07-17 14:00:01','2026-07-17 14:00:01'),(4835,'16.541353383459','8.13','268.3','7.86','2026-07-17 15:00:01','2026-07-17 15:00:01'),(4836,'28.860759493671','8.13','374.65','7.76','2026-07-17 16:00:01','2026-07-17 16:00:01'),(4837,'23.484848484848','8.13','195.92','7.94','2026-07-17 17:00:01','2026-07-17 17:00:01'),(4838,'36.363636363636','8.13','1.22','6.91','2026-07-17 18:00:01','2026-07-17 18:00:01'),(4839,'1.5113350125945','8.13','3.51','4.62','2026-07-17 19:00:01','2026-07-17 19:00:01'),(4840,'24.365482233503','8.13','3.57','4.57','2026-07-17 20:00:01','2026-07-17 20:00:01'),(4841,'3.7593984962406','8.13','2.93','5.2','2026-07-17 21:00:01','2026-07-17 21:00:01'),(4842,'23.4375','8.13','1.37','6.76','2026-07-17 22:00:01','2026-07-17 22:00:01'),(4843,'23.79746835443','8.13','305.34','7.83','2026-07-17 23:00:01','2026-07-17 23:00:01'),(4844,'29.79797979798','8.13','542.7','7.59','2026-07-18 00:00:01','2026-07-18 00:00:01'),(4845,'23.544303797468','8.13','650.11','7.48','2026-07-18 01:00:01','2026-07-18 01:00:01'),(4846,'2.2556390977444','8.13','3.4','4.74','2026-07-18 02:00:01','2026-07-18 02:00:01'),(4847,'18.387909319899','8.13','2.68','5.45','2026-07-18 03:00:01','2026-07-18 03:00:01'),(4848,'1.0025062656642','8.13','2.71','5.42','2026-07-18 04:00:01','2026-07-18 04:00:01'),(4849,'19.444444444444','8.13','2.73','5.4','2026-07-18 05:00:01','2026-07-18 05:00:01'),(4850,'6.78391959799','8.13','2.71','5.43','2026-07-18 06:00:01','2026-07-18 06:00:01'),(4851,'1.7766497461929','8.13','2.64','5.49','2026-07-18 07:00:01','2026-07-18 07:00:01'),(4852,'2.0100502512563','8.13','2.63','5.5','2026-07-18 08:00:01','2026-07-18 08:00:01'),(4853,'17.721518987342','8.13','2.41','5.72','2026-07-18 09:00:01','2026-07-18 09:00:01'),(4854,'25.692695214106','8.13','2.3','5.83','2026-07-18 10:00:01','2026-07-18 10:00:01'),(4855,'45.431472081218','8.13','1.99','6.14','2026-07-18 11:00:01','2026-07-18 11:00:01'),(4856,'25.505050505051','8.13','1.95','6.18','2026-07-18 12:00:01','2026-07-18 12:00:01'),(4857,'54.683544303797','8.13','2.04','6.09','2026-07-18 13:00:01','2026-07-18 13:00:01'),(4858,'26.700251889169','8.13','1.99','6.15','2026-07-18 14:00:01','2026-07-18 14:00:01'),(4859,'49.492385786802','8.13','1.77','6.36','2026-07-18 15:00:01','2026-07-18 15:00:01'),(4860,'48.600508905852','8.13','1.79','6.34','2026-07-18 16:00:01','2026-07-18 16:00:01'),(4861,'56.20253164557','8.13','1.84','6.29','2026-07-18 17:00:01','2026-07-18 17:00:01'),(4862,'29.695431472081','8.13','1.8','6.33','2026-07-18 18:00:01','2026-07-18 18:00:01'),(4863,'53.315649867374','8.13','1.88','6.25','2026-07-18 19:00:01','2026-07-18 19:00:01'),(4864,'68.956743002545','8.13','1.65','6.48','2026-07-18 20:00:01','2026-07-18 20:00:01'),(4865,'46.851385390428','8.13','1.79','6.34','2026-07-18 21:00:01','2026-07-18 21:00:01'),(4866,'28.391959798995','8.13','1.74','6.39','2026-07-18 22:00:01','2026-07-18 22:00:01'),(4867,'27.638190954774','8.13','1.7','6.43','2026-07-18 23:00:01','2026-07-18 23:00:01'),(4868,'36.523929471033','8.13','1.6','6.53','2026-07-19 00:00:01','2026-07-19 00:00:01'),(4869,'43.401015228426','8.13','1.55','6.58','2026-07-19 01:00:01','2026-07-19 01:00:01'),(4870,'54.683544303797','8.13','1.29','6.84','2026-07-19 02:00:01','2026-07-19 02:00:01'),(4871,'26.25','8.13','971.97','7.16','2026-07-19 03:00:01','2026-07-19 03:00:01'),(4872,'27.341772151899','8.13','1.04','7.09','2026-07-19 04:00:01','2026-07-19 04:00:01'),(4873,'30.886075949367','8.13','1.05','7.08','2026-07-19 05:00:01','2026-07-19 05:00:01'),(4874,'46.582278481013','8.13','991.4','7.14','2026-07-19 06:00:01','2026-07-19 06:00:01'),(4875,'55.30303030303','8.13','316.26','7.82','2026-07-19 07:00:01','2026-07-19 07:00:01'),(4876,'53.164556962025','8.13','238.73','7.89','2026-07-19 08:00:01','2026-07-19 08:00:01'),(4877,'65.482233502538','8.13','174.1','7.96','2026-07-19 09:00:01','2026-07-19 09:00:01'),(4878,'41.984732824427','8.13','307.09','7.83','2026-07-19 10:00:01','2026-07-19 10:00:01'),(4879,'67.341772151899','8.13','337.71','7.79','2026-07-19 11:00:01','2026-07-19 11:00:01'),(4880,'31.407035175879','8.13','258.88','7.87','2026-07-19 12:00:01','2026-07-19 12:00:01'),(4881,'33.668341708543','8.13','269.77','7.86','2026-07-19 13:00:01','2026-07-19 13:00:01'),(4882,'60.406091370558','8.13','414.66','7.72','2026-07-19 14:00:01','2026-07-19 14:00:01'),(4883,'51.522842639594','8.13','510.3','7.62','2026-07-19 15:00:01','2026-07-19 15:00:01'),(4884,'57.721518987342','8.13','361.02','7.77','2026-07-19 16:00:01','2026-07-19 16:00:01'),(4885,'50','8.13','280.71','7.85','2026-07-19 17:00:01','2026-07-19 17:00:01'),(4886,'57.61421319797','8.13','298.91','7.83','2026-07-19 18:00:01','2026-07-19 18:00:01'),(4887,'53.089887640449','8.13','303.8','7.83','2026-07-19 19:00:01','2026-07-19 19:00:01'),(4888,'51.898734177215','8.13','371.74','7.76','2026-07-19 20:00:01','2026-07-19 20:00:01'),(4889,'48.614609571788','8.13','191.73','7.94','2026-07-19 21:00:01','2026-07-19 21:00:01'),(4890,'70.341207349081','8.13','214.99','7.92','2026-07-19 22:00:01','2026-07-19 22:00:01'),(4891,'61.675126903553','8.13','319.02','7.81','2026-07-19 23:00:01','2026-07-19 23:00:01'),(4892,'32.828282828283','8.13','241.86','7.89','2026-07-20 00:00:01','2026-07-20 00:00:01'),(4893,'27.13567839196','8.13','218.29','7.91','2026-07-20 01:00:01','2026-07-20 01:00:01'),(4894,'27.664974619289','8.13','176.39','7.96','2026-07-20 02:00:01','2026-07-20 02:00:01'),(4895,'54.545454545455','8.13','255.84','7.88','2026-07-20 03:00:01','2026-07-20 03:00:01'),(4896,'55.612244897959','8.13','220.07','7.91','2026-07-20 04:00:01','2026-07-20 04:00:01'),(4897,'34.090909090909','8.13','297.61','7.83','2026-07-20 05:00:01','2026-07-20 05:00:01'),(4898,'42.75','8.13','297.72','7.83','2026-07-20 06:00:01','2026-07-20 06:00:01'),(4899,'29.974811083123','8.13','225.69','7.91','2026-07-20 07:00:01','2026-07-20 07:00:01'),(4900,'61.832061068702','8.13','316.36','7.82','2026-07-20 08:00:01','2026-07-20 08:00:01'),(4901,'47.715736040609','8.13','178.8','7.95','2026-07-20 09:00:01','2026-07-20 09:00:01'),(4902,'38.888888888889','8.13','313.61','7.82','2026-07-20 10:00:01','2026-07-20 10:00:01'),(4903,'57.721518987342','8.13','269.8','7.86','2026-07-20 11:00:01','2026-07-20 11:00:01'),(4904,'48.484848484848','8.13','341.67','7.79','2026-07-20 12:00:01','2026-07-20 12:00:01'),(4905,'36.802030456853','8.13','350.54','7.78','2026-07-20 13:00:01','2026-07-20 13:00:01'),(4906,'61.964735516373','8.13','377.14','7.75','2026-07-20 14:00:01','2026-07-20 14:00:01'),(4907,'29.64824120603','8.13','294.72','7.84','2026-07-20 15:00:01','2026-07-20 15:00:01'),(4908,'57.760814249364','8.13','425.15','7.71','2026-07-20 16:00:01','2026-07-20 16:00:01'),(4909,'51.139240506329','8.13','276.4','7.86','2026-07-20 17:00:01','2026-07-20 17:00:01'),(4910,'56.345177664975','8.13','397.75','7.73','2026-07-20 18:00:01','2026-07-20 18:00:01'),(4911,'32.658227848101','8.13','335.3','7.8','2026-07-20 19:00:01','2026-07-20 19:00:01'),(4912,'32.994923857868','8.13','3.58','4.56','2026-07-20 20:00:01','2026-07-20 20:00:01'),(4913,'26.196473551637','8.13','3.5','4.63','2026-07-20 21:00:01','2026-07-20 21:00:01'),(4914,'65.104166666667','8.13','2.98','5.16','2026-07-20 22:00:01','2026-07-20 22:00:01'),(4915,'29.396984924623','8.13','2.73','5.4','2026-07-20 23:00:01','2026-07-20 23:00:01'),(4916,'41.116751269036','8.13','2.7','5.43','2026-07-21 00:00:01','2026-07-21 00:00:01'),(4917,'33.924050632911','8.13','2.41','5.73','2026-07-21 01:00:01','2026-07-21 01:00:01'),(4918,'41.772151898734','8.13','1.89','6.24','2026-07-21 02:00:01','2026-07-21 02:00:01'),(4919,'55.949367088608','8.13','1.91','6.23','2026-07-21 03:00:01','2026-07-21 03:00:01'),(4920,'28.25','8.13','1.98','6.16','2026-07-21 04:00:01','2026-07-21 04:00:01'),(4921,'37.783375314861','8.13','1.98','6.16','2026-07-21 05:00:01','2026-07-21 05:00:01'),(4922,'54.156171284635','8.13','1.94','6.19','2026-07-21 06:00:01','2026-07-21 06:00:01'),(4923,'47.088607594937','8.13','1.85','6.29','2026-07-21 07:00:01','2026-07-21 07:00:01'),(4924,'28.211586901763','8.13','1.77','6.37','2026-07-21 08:00:01','2026-07-21 08:00:01'),(4925,'64.89898989899','8.13','1.68','6.45','2026-07-21 09:00:01','2026-07-21 09:00:01'),(4926,'26.515151515152','8.13','1.53','6.6','2026-07-21 10:00:01','2026-07-21 10:00:01'),(4927,'26.262626262626','8.13','825.61','7.31','2026-07-21 11:00:01','2026-07-21 11:00:01'),(4928,'57.46835443038','8.13','408.94','7.72','2026-07-21 12:00:01','2026-07-21 12:00:01'),(4929,'59.59595959596','8.13','525.43','7.61','2026-07-21 13:00:01','2026-07-21 13:00:01'),(4930,'43.79746835443','8.13','441.4','7.69','2026-07-21 14:00:01','2026-07-21 14:00:01'),(4931,'60.301507537688','8.13','3.29','4.84','2026-07-21 15:00:01','2026-07-21 15:00:01'),(4932,'32.1608040201','8.13','2.01','6.12','2026-07-21 16:00:01','2026-07-21 16:00:01'),(4933,'51.776649746193','8.13','915.03','7.22','2026-07-21 17:00:01','2026-07-21 17:00:01'),(4934,'28.030303030303','8.13','918.11','7.21','2026-07-21 18:00:01','2026-07-21 18:00:01'),(4935,'51.474530831099','8.13','787.79','7.34','2026-07-21 19:00:01','2026-07-21 19:00:01'),(4936,'44.416243654822','8.13','2.55','5.59','2026-07-21 20:00:01','2026-07-21 20:00:01'),(4937,'37.46835443038','8.13','2.22','5.91','2026-07-21 21:00:01','2026-07-21 21:00:01'),(4938,'30.555555555556','8.13','2.22','5.92','2026-07-21 22:00:01','2026-07-21 22:00:01'),(4939,'27.638190954774','8.13','1.67','6.46','2026-07-21 23:00:01','2026-07-21 23:00:01'),(4940,'47.35516372796','8.13','1.58','6.55','2026-07-22 00:00:01','2026-07-22 00:00:01'),(4941,'26.196473551637','8.13','1.55','6.58','2026-07-22 01:00:01','2026-07-22 01:00:01'),(4942,'25.879396984925','8.13','1.09','7.04','2026-07-22 02:00:01','2026-07-22 02:00:01'),(4943,'60.858585858586','8.13','1.07','7.06','2026-07-22 03:00:01','2026-07-22 03:00:01'),(4944,'27.777777777778','8.13','1.03','7.1','2026-07-22 04:00:01','2026-07-22 04:00:01'),(4945,'35.858585858586','8.13','1.03','7.1','2026-07-22 05:00:01','2026-07-22 05:00:01'),(4946,'52.030456852792','8.13','652.86','7.48','2026-07-22 06:00:01','2026-07-22 06:00:01'),(4947,'48.860759493671','8.13','659.38','7.47','2026-07-22 07:00:01','2026-07-22 07:00:01'),(4948,'25.757575757576','8.13','562.66','7.57','2026-07-22 08:00:01','2026-07-22 08:00:01'),(4949,'37.092731829574','8.13','278.29','7.85','2026-07-22 09:00:01','2026-07-22 09:00:01'),(4950,'59.895833333333','8.13','153.2','7.98','2026-07-22 10:00:01','2026-07-22 10:00:01'),(4951,'53.299492385787','8.13','281.8','7.85','2026-07-22 11:00:01','2026-07-22 11:00:01'),(4952,'81.025641025641','8.13','313.8','7.82','2026-07-22 12:00:01','2026-07-22 12:00:01'),(4953,'43.291139240506','8.13','354.12','7.78','2026-07-22 13:00:01','2026-07-22 13:00:01'),(4954,'29.573934837093','8.13','214.52','7.92','2026-07-22 14:00:01','2026-07-22 14:00:01'),(4955,'26.010101010101','8.13','189.38','7.94','2026-07-22 15:00:01','2026-07-22 15:00:01'),(4956,'51.645569620253','8.13','397.94','7.73','2026-07-22 16:00:01','2026-07-22 16:00:01'),(4957,'91.989664082687','8.13','286.89','7.85','2026-07-22 17:00:01','2026-07-22 17:00:01'),(4958,'41.836734693878','8.13','361.18','7.77','2026-07-22 18:00:01','2026-07-22 18:00:01'),(4959,'69.873417721519','8.13','436.27','7.7','2026-07-22 19:00:01','2026-07-22 19:00:01'),(4960,'47.208121827411','8.13','249.82','7.88','2026-07-22 20:00:01','2026-07-22 20:00:01'),(4961,'50.757575757576','8.13','284.49','7.85','2026-07-22 21:00:01','2026-07-22 21:00:01'),(4962,'53.030303030303','8.13','248.51','7.88','2026-07-22 22:00:01','2026-07-22 22:00:01'),(4963,'76.606683804627','8.13','320.08','7.81','2026-07-22 23:00:01','2026-07-22 23:00:01'),(4964,'55.808080808081','8.13','239.96','7.89','2026-07-23 00:00:01','2026-07-23 00:00:01'),(4965,'26.065162907268','8.13','746.92','7.39','2026-07-23 01:00:01','2026-07-23 01:00:01'),(4966,'81.518987341772','8.13','394.24','7.74','2026-07-23 02:00:01','2026-07-23 02:00:01'),(4967,'60','8.13','316.6','7.82','2026-07-23 03:00:01','2026-07-23 03:00:01'),(4968,'49.367088607595','8.13','305.16','7.83','2026-07-23 04:00:01','2026-07-23 04:00:01'),(4969,'25.757575757576','8.13','259.42','7.87','2026-07-23 05:00:01','2026-07-23 05:00:01'),(4970,'72.110552763819','8.13','396.96','7.74','2026-07-23 06:00:01','2026-07-23 06:00:01'),(4971,'80.456852791878','8.13','306.21','7.83','2026-07-23 07:00:01','2026-07-23 07:00:01'),(4972,'51.530612244898','8.13','391.93','7.74','2026-07-23 08:00:01','2026-07-23 08:00:01'),(4973,'39.493670886076','8.13','255.43','7.88','2026-07-23 09:00:01','2026-07-23 09:00:01'),(4974,'66.835443037975','8.13','277.11','7.86','2026-07-23 10:00:01','2026-07-23 10:00:01'),(4975,'74.811083123426','8.13','289.57','7.84','2026-07-23 11:00:01','2026-07-23 11:00:01'),(4976,'78.880407124682','8.13','330.38','7.8','2026-07-23 12:00:01','2026-07-23 12:00:01'),(4977,'51.918158567775','8.13','369.36','7.76','2026-07-23 13:00:01','2026-07-23 13:00:01'),(4978,'70.126582278481','8.13','345.29','7.79','2026-07-23 14:00:01','2026-07-23 14:00:01'),(4979,'28.787878787879','8.13','369.5','7.76','2026-07-23 15:00:01','2026-07-23 15:00:01'),(4980,'33.670886075949','8.13','327.14','7.8','2026-07-23 16:00:01','2026-07-23 16:00:01'),(4981,'26.633165829146','8.13','334.11','7.8','2026-07-23 17:00:01','2026-07-23 17:00:01'),(4982,'76.275510204082','8.13','392.97','7.74','2026-07-23 18:00:01','2026-07-23 18:00:01'),(4983,'80.829015544041','8.13','268.45','7.86','2026-07-23 19:00:01','2026-07-23 19:00:01'),(4984,'28.96725440806','8.13','364.7','7.77','2026-07-23 20:00:01','2026-07-23 20:00:01'),(4985,'54.659949622166','8.13','361.33','7.77','2026-07-23 21:00:01','2026-07-23 21:00:01'),(4986,'40.506329113924','8.13','242.74','7.89','2026-07-23 22:00:01','2026-07-23 22:00:01'),(4987,'72.405063291139','8.13','334.26','7.8','2026-07-23 23:00:01','2026-07-23 23:00:01'),(4988,'29.292929292929','8.13','334.25','7.8','2026-07-24 00:00:01','2026-07-24 00:00:01'),(4989,'69.543147208122','8.13','273.16','7.86','2026-07-24 01:00:01','2026-07-24 01:00:01'),(4990,'49.618320610687','8.13','366.15','7.77','2026-07-24 02:00:01','2026-07-24 02:00:01'),(4991,'49.618320610687','8.13','304.39','7.83','2026-07-24 03:00:01','2026-07-24 03:00:01'),(4992,'31.155778894472','8.13','282.9','7.85','2026-07-24 04:00:01','2026-07-24 04:00:01'),(4993,'35.443037974684','8.13','365.08','7.77','2026-07-24 05:00:01','2026-07-24 05:00:01'),(4994,'60.804020100503','8.13','309.91','7.82','2026-07-24 06:00:01','2026-07-24 06:00:01'),(4995,'43.147208121827','8.13','335.07','7.8','2026-07-24 07:00:01','2026-07-24 07:00:01'),(4996,'26.381909547739','8.13','306.39','7.83','2026-07-24 08:00:01','2026-07-24 08:00:01'),(4997,'74.045801526718','8.13','416.12','7.72','2026-07-24 09:00:01','2026-07-24 09:00:01'),(4998,'71.284634760705','8.13','236','7.9','2026-07-24 10:00:01','2026-07-24 10:00:01'),(4999,'50.383631713555','8.13','302.84','7.83','2026-07-24 11:00:01','2026-07-24 11:00:01'),(5000,'77.918781725888','8.13','373.76','7.76','2026-07-24 12:00:01','2026-07-24 12:00:01'),(5001,'55.470737913486','8.13','286.33','7.85','2026-07-24 13:00:01','2026-07-24 13:00:01'),(5002,'28.571428571429','8.13','411.59','7.72','2026-07-24 14:00:01','2026-07-24 14:00:01'),(5003,'70.126582278481','8.13','446.91','7.69','2026-07-24 15:00:01','2026-07-24 15:00:01'),(5004,'50.636132315522','8.13','432.18','7.7','2026-07-24 16:00:01','2026-07-24 16:00:01'),(5005,'41.206030150754','8.13','366.19','7.77','2026-07-24 17:00:01','2026-07-24 17:00:01'),(5006,'79.79797979798','8.13','358.86','7.77','2026-07-24 18:00:01','2026-07-24 18:00:01'),(5007,'27.067669172932','8.13','220.92','7.91','2026-07-24 19:00:01','2026-07-24 19:00:01'),(5008,'56.20253164557','8.13','386.3','7.75','2026-07-24 20:00:01','2026-07-24 20:00:01'),(5009,'26.952141057935','8.13','222.47','7.91','2026-07-24 21:00:01','2026-07-24 21:00:01'),(5010,'44.897959183673','8.13','354.94','7.78','2026-07-24 22:00:01','2026-07-24 22:00:01'),(5011,'61.363636363636','8.13','315.36','7.82','2026-07-24 23:00:01','2026-07-24 23:00:01'),(5012,'41.878172588832','8.13','287.04','7.85','2026-07-25 00:00:01','2026-07-25 00:00:01'),(5013,'66.329113924051','8.13','361.91','7.77','2026-07-25 01:00:01','2026-07-25 01:00:01'),(5014,'30.808080808081','8.13','218.87','7.91','2026-07-25 02:00:01','2026-07-25 02:00:01'),(5015,'39.646464646465','8.13','298.09','7.83','2026-07-25 03:00:01','2026-07-25 03:00:01'),(5016,'28.070175438596','8.13','275.16','7.86','2026-07-25 04:00:01','2026-07-25 04:00:01'),(5017,'54.156171284635','8.13','235.09','7.9','2026-07-25 05:00:01','2026-07-25 05:00:01'),(5018,'49.873417721519','8.13','307.53','7.82','2026-07-25 06:00:01','2026-07-25 06:00:01'),(5019,'59.090909090909','8.13','343.79','7.79','2026-07-25 07:00:01','2026-07-25 07:00:01'),(5020,'73.076923076923','8.13','264.43','7.87','2026-07-25 08:00:01','2026-07-25 08:00:01'),(5021,'65.228426395939','8.13','237.15','7.89','2026-07-25 09:00:01','2026-07-25 09:00:01'),(5022,'68.101265822785','8.13','337.1','7.8','2026-07-25 10:00:01','2026-07-25 10:00:01'),(5023,'37.626262626263','8.13','320.33','7.81','2026-07-25 11:00:01','2026-07-25 11:00:01'),(5024,'36.132315521628','8.13','251.21','7.88','2026-07-25 12:00:01','2026-07-25 12:00:01'),(5025,'63.383838383838','8.13','461.88','7.67','2026-07-25 13:00:01','2026-07-25 13:00:01'),(5026,'40.506329113924','8.13','369.63','7.76','2026-07-25 14:00:01','2026-07-25 14:00:01'),(5027,'65.394402035623','8.13','376.5','7.76','2026-07-25 15:00:01','2026-07-25 15:00:01'),(5028,'44.162436548223','8.13','229.39','7.9','2026-07-25 16:00:01','2026-07-25 16:00:01'),(5029,'78.227848101266','8.13','339.06','7.79','2026-07-25 17:00:01','2026-07-25 17:00:01'),(5030,'44.757033248082','8.13','425.32','7.71','2026-07-25 18:00:01','2026-07-25 18:00:01'),(5031,'84.010152284264','8.13','181.39','7.95','2026-07-25 19:00:02','2026-07-25 19:00:02'),(5032,'29.187817258883','8.13','435.2','7.7','2026-07-25 20:00:01','2026-07-25 20:00:01'),(5033,'47.715736040609','8.13','218.2','7.91','2026-07-25 21:00:01','2026-07-25 21:00:01'),(5034,'62.210796915167','8.13','402.14','7.73','2026-07-25 22:00:01','2026-07-25 22:00:01'),(5035,'42.159383033419','8.13','275.99','7.86','2026-07-25 23:00:01','2026-07-25 23:00:01'),(5036,'30.126582278481','8.13','385.52','7.75','2026-07-26 00:00:01','2026-07-26 00:00:01'),(5037,'62.690355329949','8.13','340.59','7.79','2026-07-26 01:00:01','2026-07-26 01:00:01'),(5038,'33.249370277078','8.13','249.36','7.88','2026-07-26 02:00:01','2026-07-26 02:00:01'),(5039,'35.839598997494','8.13','643.31','7.49','2026-07-26 03:00:01','2026-07-26 03:00:01'),(5040,'26.329113924051','8.13','620.62','7.51','2026-07-26 04:00:01','2026-07-26 04:00:01'),(5041,'44.836272040302','8.13','593.33','7.54','2026-07-26 05:00:01','2026-07-26 05:00:01'),(5042,'51.269035532995','8.13','600.24','7.53','2026-07-26 06:00:01','2026-07-26 06:00:01'),(5043,'25.944584382872','8.13','544.17','7.59','2026-07-26 07:00:01','2026-07-26 07:00:01'),(5044,'35.51637279597','8.13','503.54','7.63','2026-07-26 08:00:01','2026-07-26 08:00:01'),(5045,'41.282051282051','8.13','484.08','7.65','2026-07-26 09:00:01','2026-07-26 09:00:01'),(5046,'53.180661577608','8.13','397.56','7.73','2026-07-26 10:00:01','2026-07-26 10:00:01'),(5047,'27.959697732997','8.13','333.74','7.8','2026-07-26 11:00:01','2026-07-26 11:00:01'),(5048,'36.523929471033','8.13','314.16','7.82','2026-07-26 12:00:01','2026-07-26 12:00:01'),(5049,'39.240506329114','8.13','329.17','7.8','2026-07-26 13:00:01','2026-07-26 13:00:01'),(5050,'47.607052896725','8.13','346.64','7.79','2026-07-26 14:00:01','2026-07-26 14:00:01'),(5051,'68.956743002545','8.13','380.74','7.75','2026-07-26 15:00:01','2026-07-26 15:00:01'),(5052,'42.131979695431','8.13','307.9','7.82','2026-07-26 16:00:01','2026-07-26 16:00:01'),(5053,'78.227848101266','8.13','240.89','7.89','2026-07-26 17:00:01','2026-07-26 17:00:01'),(5054,'47.222222222222','8.13','364.7','7.77','2026-07-26 18:00:01','2026-07-26 18:00:01'),(5055,'78.318584070796','8.13','268.86','7.86','2026-07-26 19:00:01','2026-07-26 19:00:01'),(5056,'53.571428571429','8.13','378.95','7.75','2026-07-26 20:00:01','2026-07-26 20:00:01'),(5057,'85.496183206107','8.13','139.53','7.99','2026-07-26 21:00:01','2026-07-26 21:00:01'),(5058,'71.827411167513','8.13','433.31','7.7','2026-07-26 22:00:01','2026-07-26 22:00:01'),(5059,'82.397959183673','8.13','388.47','7.74','2026-07-26 23:00:01','2026-07-26 23:00:01'),(5060,'50.252525252525','8.13','381.15','7.75','2026-07-27 00:00:01','2026-07-27 00:00:01'),(5061,'26.952141057935','8.13','345.63','7.79','2026-07-27 01:00:01','2026-07-27 01:00:01'),(5062,'62.468513853904','8.13','254.18','7.88','2026-07-27 02:00:01','2026-07-27 02:00:01'),(5063,'28.030303030303','8.13','341.37','7.79','2026-07-27 03:00:01','2026-07-27 03:00:01'),(5064,'83.673469387755','8.13','325.83','7.81','2026-07-27 04:00:01','2026-07-27 04:00:01'),(5065,'31.313131313131','8.13','305.32','7.83','2026-07-27 05:00:01','2026-07-27 05:00:01'),(5066,'26.196473551637','8.13','225.94','7.91','2026-07-27 06:00:01','2026-07-27 06:00:01'),(5067,'72.151898734177','8.13','197.94','7.93','2026-07-27 07:00:01','2026-07-27 07:00:01'),(5068,'78.481012658228','8.13','343.22','7.79','2026-07-27 08:00:01','2026-07-27 08:00:01'),(5069,'33.838383838384','8.13','277.35','7.85','2026-07-27 09:00:01','2026-07-27 09:00:01'),(5070,'72.19387755102','8.13','307.06','7.83','2026-07-27 10:00:01','2026-07-27 10:00:01'),(5071,'82.697201017812','8.13','355.09','7.78','2026-07-27 11:00:01','2026-07-27 11:00:01'),(5072,'68.020304568528','8.13','388.42','7.74','2026-07-27 12:00:01','2026-07-27 12:00:01'),(5073,'59.287531806616','8.13','219.3','7.91','2026-07-27 13:00:01','2026-07-27 13:00:01'),(5074,'69.949494949495','8.13','480.83','7.65','2026-07-27 14:00:01','2026-07-27 14:00:01'),(5075,'34.335839598997','8.13','3.06','5.07','2026-07-27 15:00:01','2026-07-27 15:00:01'),(5076,'67.676767676768','8.13','2.94','5.19','2026-07-27 16:00:01','2026-07-27 16:00:01'),(5077,'38.324873096447','8.13','2.76','5.37','2026-07-27 17:00:01','2026-07-27 17:00:01'),(5078,'74.424552429668','8.13','2.81','5.32','2026-07-27 18:00:01','2026-07-27 18:00:01'),(5079,'50.379746835443','8.13','2.52','5.61','2026-07-27 19:00:01','2026-07-27 19:00:01'),(5080,'54.040404040404','8.13','2.52','5.61','2026-07-27 20:00:01','2026-07-27 20:00:01'),(5081,'37.309644670051','8.13','2.21','5.92','2026-07-27 21:00:01','2026-07-27 21:00:01'),(5082,'55.470737913486','8.13','2.08','6.05','2026-07-27 22:00:01','2026-07-27 22:00:01'),(5083,'80.729166666667','8.13','2.03','6.1','2026-07-27 23:00:01','2026-07-27 23:00:01'),(5084,'62.373737373737','8.13','1.99','6.15','2026-07-28 00:00:01','2026-07-28 00:00:01'),(5085,'53.807106598985','8.13','1.97','6.16','2026-07-28 01:00:01','2026-07-28 01:00:01'),(5086,'46.446700507614','8.13','1.56','6.57','2026-07-28 02:00:01','2026-07-28 02:00:01'),(5087,'67.594936708861','8.13','1.54','6.59','2026-07-28 03:00:01','2026-07-28 03:00:01'),(5088,'74.300254452926','8.13','1.46','6.67','2026-07-28 04:00:01','2026-07-28 04:00:01'),(5089,'58.928571428571','8.13','767.9','7.36','2026-07-28 05:00:01','2026-07-28 05:00:01'),(5090,'74.554707379135','8.13','749.64','7.38','2026-07-28 06:00:01','2026-07-28 06:00:01'),(5091,'66.329113924051','8.13','632.82','7.5','2026-07-28 07:00:01','2026-07-28 07:00:01'),(5092,'28.070175438596','8.13','522.55','7.61','2026-07-28 08:00:01','2026-07-28 08:00:01'),(5093,'49.492385786802','8.13','425.75','7.71','2026-07-28 09:00:01','2026-07-28 09:00:01'),(5094,'38.422391857506','8.13','356.24','7.78','2026-07-28 10:00:01','2026-07-28 10:00:01'),(5095,'27.568922305764','8.13','249.51','7.88','2026-07-28 11:00:01','2026-07-28 11:00:01'),(5096,'61.209068010076','8.13','132.11','8','2026-07-28 12:00:01','2026-07-28 12:00:01'),(5097,'32.405063291139','8.13','224.28','7.91','2026-07-28 13:00:01','2026-07-28 13:00:01'),(5098,'63.383838383838','8.13','262.53','7.87','2026-07-28 14:00:01','2026-07-28 14:00:01'),(5099,'66.666666666667','8.13','174.12','7.96','2026-07-28 15:00:01','2026-07-28 15:00:01'),(5100,'33.670886075949','8.13','276.14','7.86','2026-07-28 16:00:01','2026-07-28 16:00:01'),(5101,'61.616161616162','8.13','142.1','7.99','2026-07-28 17:00:01','2026-07-28 17:00:01'),(5102,'67.179487179487','8.13','139.46','7.99','2026-07-28 18:00:01','2026-07-28 18:00:01'),(5103,'78.371501272265','8.13','211.04','7.92','2026-07-28 19:00:01','2026-07-28 19:00:01'),(5104,'46.192893401015','8.13','338.64','7.79','2026-07-28 20:00:01','2026-07-28 20:00:01'),(5105,'81.424936386768','8.13','136.68','8','2026-07-28 21:00:01','2026-07-28 21:00:01'),(5106,'26.5','8.13','818.26','7.31','2026-07-28 22:00:01','2026-07-28 22:00:01'),(5107,'51.162790697674','8.13','703.54','7.43','2026-07-28 23:00:01','2026-07-28 23:00:01'),(5108,'29.471032745592','8.13','373.04','7.76','2026-07-29 00:00:01','2026-07-29 00:00:01'),(5109,'81.17048346056','8.13','321.51','7.81','2026-07-29 01:00:01','2026-07-29 01:00:01'),(5110,'38.442211055276','8.13','239.28','7.89','2026-07-29 02:00:01','2026-07-29 02:00:01'),(5111,'26.515151515152','8.13','324','7.81','2026-07-29 03:00:01','2026-07-29 03:00:01'),(5112,'27.13567839196','8.13','261.77','7.87','2026-07-29 04:00:01','2026-07-29 04:00:01'),(5113,'64.030612244898','8.13','363.37','7.77','2026-07-29 05:00:01','2026-07-29 05:00:01'),(5114,'78.73417721519','8.13','251.68','7.88','2026-07-29 06:00:01','2026-07-29 06:00:01'),(5115,'26.633165829146','8.13','361.86','7.77','2026-07-29 07:00:01','2026-07-29 07:00:01'),(5116,'35.10101010101','8.13','300.58','7.83','2026-07-29 08:00:01','2026-07-29 08:00:01'),(5117,'65.569620253165','8.13','299.89','7.83','2026-07-29 09:00:01','2026-07-29 09:00:01'),(5118,'54.822335025381','8.13','300.77','7.83','2026-07-29 10:00:01','2026-07-29 10:00:01'),(5119,'45.822784810127','8.13','243.29','7.89','2026-07-29 11:00:01','2026-07-29 11:00:01'),(5120,'81.108312342569','8.13','264.29','7.87','2026-07-29 12:00:01','2026-07-29 12:00:01'),(5121,'49.10941475827','8.13','139.39','7.99','2026-07-29 13:00:01','2026-07-29 13:00:01'),(5122,'42.131979695431','8.13','134.37','8','2026-07-29 14:00:01','2026-07-29 14:00:01'),(5123,'26.952141057935','8.13','139.89','7.99','2026-07-29 15:00:01','2026-07-29 15:00:01'),(5124,'70.304568527919','8.13','162.38','7.97','2026-07-29 16:00:01','2026-07-29 16:00:01'),(5125,'71.356783919598','8.13','149.93','7.98','2026-07-29 17:00:01','2026-07-29 17:00:01'),(5126,'58.974358974359','8.13','187.49','7.94','2026-07-29 18:00:01','2026-07-29 18:00:01'),(5127,'40.816326530612','8.13','267.35','7.86','2026-07-29 19:00:01','2026-07-29 19:00:01'),(5128,'27','8.13','553.75','7.58','2026-07-29 20:00:01','2026-07-29 20:00:01'),(5129,'60.814249363868','8.13','225.96','7.91','2026-07-29 21:00:01','2026-07-29 21:00:01'),(5130,'47.088607594937','8.13','366.21','7.77','2026-07-29 22:00:01','2026-07-29 22:00:01'),(5131,'26.381909547739','8.13','554.66','7.58','2026-07-29 23:00:01','2026-07-29 23:00:01'),(5132,'34.83709273183','8.13','544.05','7.59','2026-07-30 00:00:01','2026-07-30 00:00:01'),(5133,'78.426395939086','8.13','333.74','7.8','2026-07-30 01:00:01','2026-07-30 01:00:01'),(5134,'32.997481108312','8.13','202.37','7.93','2026-07-30 02:00:02','2026-07-30 02:00:02'),(5135,'77.237851662404','8.13','252.34','7.88','2026-07-30 03:00:01','2026-07-30 03:00:01'),(5136,'63.705583756345','8.13','166.11','7.97','2026-07-30 04:00:01','2026-07-30 04:00:01'),(5137,'26.315789473684','8.13','280.07','7.85','2026-07-30 05:00:01','2026-07-30 05:00:01'),(5138,'27.959697732997','8.13','295.57','7.84','2026-07-30 06:00:01','2026-07-30 06:00:01'),(5139,'39.240506329114','8.13','285.77','7.85','2026-07-30 07:00:01','2026-07-30 07:00:01'),(5140,'51.025641025641','8.13','466.35','7.67','2026-07-30 08:00:01','2026-07-30 08:00:01'),(5141,'69.72010178117','8.13','432.46','7.7','2026-07-30 09:00:01','2026-07-30 09:00:01'),(5142,'45.177664974619','8.13','343.05','7.79','2026-07-30 10:00:01','2026-07-30 10:00:01'),(5143,'31.979695431472','8.13','336.19','7.8','2026-07-30 11:00:01','2026-07-30 11:00:01'),(5144,'34.010152284264','8.13','368.35','7.76','2026-07-30 12:00:02','2026-07-30 12:00:02'),(5145,'50.381679389313','8.13','466.06','7.67','2026-07-30 13:00:01','2026-07-30 13:00:01'),(5146,'42.784810126582','8.13','443.82','7.69','2026-07-30 14:00:01','2026-07-30 14:00:01'),(5147,'42.239185750636','8.13','425.53','7.71','2026-07-30 15:00:01','2026-07-30 15:00:01'),(5148,'40.759493670886','8.13','475.07','7.66','2026-07-30 16:00:01','2026-07-30 16:00:01'),(5149,'26.448362720403','8.13','282.42','7.85','2026-07-30 17:00:01','2026-07-30 17:00:01'),(5150,'72.58883248731','8.13','346.51','7.79','2026-07-30 18:00:01','2026-07-30 18:00:01'),(5151,'67.095115681234','8.13','242.84','7.89','2026-07-30 19:00:01','2026-07-30 19:00:01'),(5152,'53.944020356234','8.13','326.21','7.81','2026-07-30 20:00:01','2026-07-30 20:00:01'),(5153,'45.29262086514','8.13','253.9','7.88','2026-07-30 21:00:01','2026-07-30 21:00:01'),(5154,'62.53164556962','8.13','203.75','7.93','2026-07-30 22:00:01','2026-07-30 22:00:01'),(5155,'26.633165829146','8.13','215.01','7.92','2026-07-30 23:00:01','2026-07-30 23:00:01'),(5156,'29.79797979798','8.13','216.78','7.92','2026-07-31 00:00:01','2026-07-31 00:00:01'),(5157,'54.568527918782','8.13','434.47','7.7','2026-07-31 01:00:01','2026-07-31 01:00:01'),(5158,'76.142131979695','8.13','240.48','7.89','2026-07-31 02:00:01','2026-07-31 02:00:01'),(5159,'32.911392405063','8.13','393.04','7.74','2026-07-31 03:00:01','2026-07-31 03:00:01'),(5160,'26.010101010101','8.13','473.69','7.66','2026-07-31 04:00:01','2026-07-31 04:00:01'),(5161,'47.715736040609','8.13','298.91','7.83','2026-07-31 05:00:01','2026-07-31 05:00:01'),(5162,'32.658227848101','8.13','195.86','7.94','2026-07-31 06:00:01','2026-07-31 06:00:01'),(5163,'72.474747474747','8.13','300.11','7.83','2026-07-31 07:00:01','2026-07-31 07:00:01'),(5164,'36.934673366834','8.13','1.06','7.08','2026-07-31 08:00:01','2026-07-31 08:00:01'),(5165,'67.088607594937','8.13','924.81','7.21','2026-07-31 09:00:01','2026-07-31 09:00:01'),(5166,'40.656565656566','8.13','561.68','7.57','2026-07-31 10:00:01','2026-07-31 10:00:01'),(5167,'41.878172588832','8.13','334.71','7.8','2026-07-31 11:00:01','2026-07-31 11:00:01'),(5168,'50.89058524173','8.13','419.4','7.71','2026-07-31 12:00:01','2026-07-31 12:00:01'),(5169,'71.03274559194','8.13','366.79','7.77','2026-07-31 13:00:01','2026-07-31 13:00:01'),(5170,'68.542199488491','8.13','230.93','7.9','2026-07-31 14:00:01','2026-07-31 14:00:01'),(5171,'36.802030456853','8.13','224.95','7.91','2026-07-31 15:00:01','2026-07-31 15:00:01'),(5172,'80.612244897959','8.13','253.78','7.88','2026-07-31 16:00:01','2026-07-31 16:00:01'),(5173,'68.101265822785','8.13','361.8','7.77','2026-07-31 17:00:01','2026-07-31 17:00:01'),(5174,'41.012658227848','8.13','415.65','7.72','2026-07-31 18:00:01','2026-07-31 18:00:01'),(5175,'81.17048346056','8.13','382.2','7.75','2026-07-31 19:00:01','2026-07-31 19:00:01'),(5176,'64.393939393939','8.13','386.09','7.75','2026-07-31 20:00:01','2026-07-31 20:00:01'),(5177,'62.278481012658','8.13','266.28','7.87','2026-07-31 21:00:01','2026-07-31 21:00:01'),(5178,'40.40404040404','8.13','964.92','7.17','2026-07-31 22:00:01','2026-07-31 22:00:01'),(5179,'26.952141057935','8.13','866.91','7.27','2026-07-31 23:00:01','2026-07-31 23:00:01'),(5180,'47.300771208226','8.13','816.44','7.32','2026-08-01 00:00:01','2026-08-01 00:00:01'),(5181,'37.626262626263','8.13','543.33','7.59','2026-08-01 01:00:01','2026-08-01 01:00:01');
COMMIT;

-- Dumped table `history_resources` with 5181 row(s)
--

--
-- Table structure for table `hostnames`
--

CREATE TABLE `hostnames` (
  `id` bigint(20) unsigned NOT NULL AUTO_INCREMENT,
  `fqdn` varchar(255) NOT NULL,
  `redirect_to` varchar(255) DEFAULT NULL,
  `force_https` tinyint(1) NOT NULL DEFAULT 0,
  `under_maintenance_since` timestamp NULL DEFAULT NULL,
  `website_id` bigint(20) unsigned DEFAULT NULL,
  `created_at` timestamp NULL DEFAULT NULL,
  `updated_at` timestamp NULL DEFAULT NULL,
  `deleted_at` timestamp NULL DEFAULT NULL,
  PRIMARY KEY (`id`),
  UNIQUE KEY `hostnames_fqdn_unique` (`fqdn`),
  KEY `hostnames_website_id_foreign` (`website_id`),
  CONSTRAINT `hostnames_website_id_foreign` FOREIGN KEY (`website_id`) REFERENCES `websites` (`id`) ON DELETE SET NULL
) ENGINE=InnoDB AUTO_INCREMENT=41 DEFAULT CHARSET=utf8mb4 COLLATE=utf8mb4_unicode_ci;

--
-- Dumping data for table `hostnames`
--

SET autocommit=0;
INSERT INTO `hostnames` VALUES (1,'noriega.softlte.org.pe','https://noriega.sysfarma.pe',1,NULL,NULL,'2025-12-27 10:38:37','2026-05-11 08:47:43',NULL),(2,'miangelito.softlte.org.pe','https://miangelito.sysfarma.pe',1,NULL,2,'2025-12-27 11:25:43','2026-05-11 14:10:21',NULL),(3,'demo.softlte.org.pe','https://demo.sysfarma.pe',1,NULL,3,'2025-12-27 11:51:17','2026-05-11 14:01:00',NULL),(4,'boticabienestar.softlte.org.pe','https://boticabienestar.sysfarma.pe',1,NULL,4,'2025-12-27 17:22:40','2026-05-11 14:12:51',NULL),(5,'sanfrancisco.softlte.org.pe','https://sanfrancisco.sysfarma.pe',1,NULL,5,'2025-12-27 19:22:03','2026-05-11 14:12:51',NULL),(6,'shaddai.softlte.org.pe','https://shaddai.sysfarma.pe',1,NULL,6,'2025-12-27 20:13:56','2026-05-11 14:12:51',NULL),(8,'miangelito1.softlte.org.pe','https://miangelito1.sysfarma.pe',1,NULL,8,'2025-12-27 23:11:39','2026-05-11 14:12:51',NULL),(9,'angelito.softlte.org.pe','https://angelito.sysfarma.pe',1,NULL,9,'2025-12-27 23:33:53','2026-05-11 14:12:51',NULL),(10,'boticadiaz.softlte.org.pe','https://boticadiaz.sysfarma.pe',1,NULL,10,'2025-12-27 23:47:17','2026-05-11 14:12:51',NULL),(11,'boticapedrito.softlte.org.pe','https://boticapedrito.sysfarma.pe',1,NULL,11,'2026-02-24 15:28:45','2026-05-11 14:12:51',NULL),(13,'demo.sysfarma.pe',NULL,1,NULL,3,'2026-05-11 14:01:00','2026-05-11 14:01:00',NULL),(14,'miangelito.sysfarma.pe',NULL,1,NULL,2,'2026-05-11 14:10:21','2026-05-11 14:10:21',NULL),(15,'boticabienestar.sysfarma.pe',NULL,1,NULL,4,'2026-05-11 14:12:51','2026-05-11 14:12:51',NULL),(16,'sanfrancisco.sysfarma.pe',NULL,1,NULL,5,'2026-05-11 14:12:51','2026-05-11 14:12:51',NULL),(17,'shaddai.sysfarma.pe',NULL,1,NULL,6,'2026-05-11 14:12:51','2026-05-11 14:12:51',NULL),(18,'miangelito1.sysfarma.pe',NULL,1,NULL,8,'2026-05-11 14:12:51','2026-05-11 14:12:51',NULL),(19,'angelito.sysfarma.pe',NULL,1,NULL,9,'2026-05-11 14:12:51','2026-05-11 14:12:51',NULL),(20,'boticadiaz.sysfarma.pe',NULL,1,NULL,10,'2026-05-11 14:12:51','2026-05-11 14:12:51',NULL),(21,'boticapedrito.sysfarma.pe',NULL,1,NULL,11,'2026-05-11 14:12:51','2026-05-11 14:12:51',NULL),(23,'medic.sysfarma.pe',NULL,0,NULL,20,'2026-06-19 18:59:35','2026-06-19 18:59:35',NULL),(32,'farmatodo.sysfarma.pe',NULL,0,NULL,29,'2026-06-21 10:53:05','2026-06-21 10:53:05',NULL),(33,'mqn.sysfarma.pe',NULL,1,NULL,30,'2026-06-30 11:55:22','2026-06-30 11:55:22',NULL),(34,'adela.sysfarma.pe',NULL,0,NULL,31,'2026-07-02 11:24:41','2026-07-02 11:24:41',NULL),(35,'santdofar.sysfarma.pe',NULL,0,NULL,32,'2026-07-02 17:49:16','2026-07-02 17:49:16',NULL),(36,'cuidarte.sysfarma.pe',NULL,0,NULL,33,'2026-07-03 15:15:02','2026-07-03 15:15:02',NULL),(37,'lizfarma.sysfarma.pe',NULL,0,NULL,34,'2026-07-07 15:09:27','2026-07-07 15:09:27',NULL),(38,'imperial.sysfarma.pe',NULL,0,NULL,35,'2026-07-08 15:50:28','2026-07-08 15:50:28',NULL),(39,'vifarma.sysfarma.pe',NULL,0,NULL,36,'2026-07-17 12:15:35','2026-07-17 12:15:35',NULL),(40,'biosalud.sysfarma.pe',NULL,0,NULL,37,'2026-07-20 19:22:01','2026-07-20 19:22:01',NULL);
COMMIT;

-- Dumped table `hostnames` with 29 row(s)
--

--
-- Table structure for table `jobs`
--

CREATE TABLE `jobs` (
  `id` bigint(20) unsigned NOT NULL AUTO_INCREMENT,
  `queue` varchar(255) NOT NULL,
  `payload` longtext NOT NULL,
  `attempts` tinyint(3) unsigned NOT NULL,
  `reserved_at` int(10) unsigned DEFAULT NULL,
  `available_at` int(10) unsigned NOT NULL,
  `created_at` int(10) unsigned NOT NULL,
  PRIMARY KEY (`id`),
  KEY `jobs_queue_index` (`queue`)
) ENGINE=InnoDB AUTO_INCREMENT=55 DEFAULT CHARSET=utf8mb4 COLLATE=utf8mb4_unicode_ci;

--
-- Dumping data for table `jobs`
--

SET autocommit=0;
COMMIT;

-- Dumped table `jobs` with 0 row(s)
--

--
-- Table structure for table `migrations`
--

CREATE TABLE `migrations` (
  `id` int(10) unsigned NOT NULL AUTO_INCREMENT,
  `migration` varchar(255) NOT NULL,
  `batch` int(11) NOT NULL,
  PRIMARY KEY (`id`)
) ENGINE=InnoDB AUTO_INCREMENT=89 DEFAULT CHARSET=utf8mb4 COLLATE=utf8mb4_unicode_ci;

--
-- Dumping data for table `migrations`
--

SET autocommit=0;
INSERT INTO `migrations` VALUES (1,'2014_10_12_000000_create_users_table',1),(2,'2014_10_12_100000_create_password_resets_table',1),(3,'2017_01_01_000003_tenancy_websites',1),(4,'2017_01_01_000005_tenancy_hostnames',1),(5,'2018_04_06_000001_tenancy_websites_needs_db_host',1),(6,'2019_01_28_092812_create_plans_table',1),(7,'2019_01_29_094116_create_plan_documents_table',1),(8,'2019_01_29_170027_create_clients_table',1),(9,'2019_02_27_165906_change_data_to_plans',1),(10,'2019_07_03_094112_create_card_brands_table',1),(11,'2019_07_03_094441_create_payment_method_types_table',1),(12,'2019_07_03_100132_create_client_payments_table',1),(13,'2019_07_19_163317_add_locked_emission_to_clients',1),(14,'2019_10_09_100840_add_locked_tenant_to_clients',1),(15,'2019_10_09_141307_create_configurations_table',1),(16,'2019_10_11_153451_add_locked_users_to_clients',1),(17,'2019_11_07_155742_create_modules_table',1),(18,'2019_11_14_211509_add_start_billing_cycle_to_clients',1),(19,'2020_02_01_131218_add_certificate_to_configurations',1),(20,'2020_02_01_182806_add_soap_to_configurations',1),(21,'2020_03_10_165827_add_data_module_for_finance',1),(22,'2020_03_31_151819_add_phone_users',1),(23,'2020_07_03_232125_add_culqi_to_configurations',1),(24,'2020_07_27_184250_add_apiruc_to_configurations',1),(25,'2020_09_07_110230_add_data_module_for_establishments_users',1),(26,'2021_03_08_154204_add_login_settings_column_to_configurations_table',1),(27,'2021_03_10_160908_add_extra_modules_to_modules_table',1),(28,'2021_03_10_170439_create_module_levels_table',1),(29,'2021_03_19_112500_create_module_level_client_table',1),(30,'2021_03_19_201634_add_sort_column_to_modules_table',1),(31,'2021_03_20_110950_change_order_item_to_modules_table',1),(32,'2021_04_01_090115_add_levels_to_module_levels_table',1),(33,'2021_05_03_131833_add_mail_configuration',1),(34,'2021_06_18_141136_add_modules_digemid',1),(35,'2021_06_18_141137_add_documentary_requirements',1),(36,'2021_08_20_161555_add_extra_data_item_menu',1),(37,'2021_09_16_144202_add_app_to_modules',1),(38,'2021_09_16_160109_add_url_apk_to_configurations',1),(39,'2021_10_05_171912_add_configuration_module_to_admin',1),(40,'2021_10_14_163406_create_history_resources_table',1),(41,'2021_10_18_154601_add_data_purchase_settlements_to_module_levels',1),(42,'2021_10_22_130040_create_app_suscription',1),(43,'2021_12_10_130040_create_app_production',1),(44,'2022_01_25_152340_create_app_restaurant',1),(45,'2022_01_30_104230_update_token_to_users',1),(46,'2022_01_30_105446_create_restaurant_partners_table',1),(47,'2022_02_23_001946_create_jobs_table',1),(48,'2022_02_25_001413_create_failed_jobs_table',1),(49,'2022_03_11_120508_add_trace_to_api_peru_service',1),(50,'2022_03_11_125431_add_attr_to_restaurant_partners',1),(51,'2022_03_31_132605_create_app_pos_garage',1),(52,'2022_04_19_101832_add_default_to_client_id_track',1),(53,'2022_04_30_124731_addwhatsapp_to_configurations',1),(54,'2022_05_07_165152_update_user_to_users',1),(55,'2022_05_08_130040_create_app_full_suscription',1),(56,'2022_05_09_212031_register_app_generate_link_to_modules',1),(57,'2022_06_15_091833_add_force_unlocked_configurations',1),(58,'2022_07_07_110727_add_module_app_2_generator_to_modules',1),(59,'2022_07_07_160621_create_app_modules_table',1),(60,'2022_07_08_102447_add_data_configuration_to_app_modules',1),(61,'2022_07_11_175937_add_data_quotation_to_app_modules',1),(62,'2022_09_01_095559_add_regex_password_client_to_configurations',1),(63,'2022_10_04_150900_change_description_value_to_module_levels',1),(64,'2022_11_25_132556_add_tenant_show_ads_to_configurations',1),(65,'2022_12_23_100215_add_establishments_limit_to_plans',1),(66,'2022_12_23_114520_add_locked_create_establishments_to_clients',1),(67,'2022_12_23_164914_add_sales_limit_to_plans',1),(68,'2022_12_23_172757_add_restrict_sales_limit_to_clients',1),(69,'2022_12_26_150024_add_include_sale_notes_sales_limit_to_plans',1),(70,'2023_03_15_100000_add_include_sale_notes_limit_documents_to_plans',1),(71,'2023_11_20_175623_whatsapp_to_configurations',1),(72,'2024_01_27_045144_guia_to_modules_create',1),(73,'2025_05_14_000000_add_clinic_modules',1),(74,'2025_20_31_095113_system_add_soap_type_id_to_clients',2),(75,'2026_02_28_000002_create_digemid_catalog_table',2),(76,'2026_02_28_000003_make_cod_prod_unique_in_digemid_catalog',2),(77,'2026_03_01_000001_add_barcode_to_digemid_catalog',2),(78,'2026_03_08_000002_add_digemid_sublevels_to_system_module_levels',2),(79,'2026_03_08_000004_rename_digemid_labels_to_farmacos',2),(80,'2026_03_10_000003_add_coupons_module_level',2),(81,'2026_05_06_000005_remove_pos_garage_module_level',3),(82,'2026_06_08_000001_create_digemid_barcode_votes_table',4),(83,'2026_06_22_000001_remove_orphan_clinic_modules',5),(84,'2026_06_22_000002_remove_orphan_advanced_dispatches_level',6),(85,'2026_06_22_130001_add_modules_veterinary',7),(86,'2026_06_25_130000_add_veterinary_sublevels_to_modules',7),(87,'2026_06_28_170001_add_modules_clinica',8),(88,'2026_07_30_140000_add_inventory_reconciliation_level_to_system_module_levels',9);
COMMIT;

-- Dumped table `migrations` with 88 row(s)
--

--
-- Table structure for table `modules`
--

CREATE TABLE `modules` (
  `id` int(10) unsigned NOT NULL AUTO_INCREMENT,
  `value` varchar(255) NOT NULL,
  `description` varchar(255) NOT NULL,
  `sort` int(11) NOT NULL DEFAULT 1,
  `created_at` timestamp NULL DEFAULT NULL,
  `updated_at` timestamp NULL DEFAULT NULL,
  PRIMARY KEY (`id`)
) ENGINE=InnoDB AUTO_INCREMENT=35 DEFAULT CHARSET=utf8mb4 COLLATE=utf8mb4_unicode_ci;

--
-- Dumping data for table `modules`
--

SET autocommit=0;
INSERT INTO `modules` VALUES (1,'documents','Ventas',2,NULL,NULL),(2,'purchases','Compras',7,NULL,NULL),(3,'advanced','Documentos Avanzados',8,NULL,NULL),(4,'reports','Reportes',9,NULL,NULL),(5,'configuration','Configuración',12,NULL,NULL),(6,'pos','Punto de venta (POS)',3,NULL,NULL),(7,'dashboard','Dashboard',1,NULL,NULL),(8,'inventory','Inventario',7,NULL,NULL),(9,'accounting','Contabilidad',10,NULL,NULL),(10,'ecommerce','Ecommerce',4,NULL,NULL),(11,'cuenta','Cuenta',13,NULL,NULL),(12,'finance','Finanzas',11,NULL,NULL),(14,'establishments','Usuarios/Locales & Series',7,NULL,NULL),(15,'hotels','Hoteles',14,NULL,NULL),(16,'documentary-procedure','Trámite documentario',15,NULL,NULL),(17,'items','Productos/Servicios',5,NULL,NULL),(18,'persons','Clientes',6,NULL,NULL),(19,'digemid','Farmacos',15,'2025-12-27 10:31:51','2025-12-27 10:31:51'),(20,'apps','Apps',1,NULL,NULL),(21,'suscription_app','Suscriptiones',16,NULL,NULL),(22,'production_app','Producción',17,NULL,NULL),(23,'restaurant_app','Restaurante',18,NULL,NULL),(24,'full_suscription_app','Suscripción Servicios SAAS',17,NULL,NULL),(25,'generate_link_app','Generador de link de pago',19,NULL,NULL),(26,'app_2_generator','Generador APP 2.0',20,NULL,NULL),(27,'guia','Guia de remisión',1,NULL,NULL),(33,'veterinary','Veterinaria',20,'2026-06-28 02:00:15','2026-06-28 02:00:15'),(34,'clinica','Clínica',20,'2026-07-21 19:56:06','2026-07-21 19:56:06');
COMMIT;

-- Dumped table `modules` with 28 row(s)
--

--
-- Table structure for table `module_levels`
--

CREATE TABLE `module_levels` (
  `id` int(10) unsigned NOT NULL AUTO_INCREMENT,
  `value` varchar(255) NOT NULL,
  `description` varchar(255) NOT NULL,
  `module_id` int(10) unsigned NOT NULL,
  `created_at` timestamp NULL DEFAULT NULL,
  `updated_at` timestamp NULL DEFAULT NULL,
  PRIMARY KEY (`id`),
  KEY `module_levels_module_id_foreign` (`module_id`),
  CONSTRAINT `module_levels_module_id_foreign` FOREIGN KEY (`module_id`) REFERENCES `modules` (`id`)
) ENGINE=InnoDB AUTO_INCREMENT=137 DEFAULT CHARSET=utf8mb4 COLLATE=utf8mb4_unicode_ci;

--
-- Dumping data for table `module_levels`
--

SET autocommit=0;
INSERT INTO `module_levels` VALUES (1,'new_document','Nuevo comprobante',1,NULL,NULL),(2,'list_document','L. Comprobantes',1,NULL,NULL),(3,'document_not_sent','Doc. No enviados',1,NULL,NULL),(4,'document_contingengy','Doc. Contingencia',1,NULL,NULL),(5,'catalogs','Catálogos',1,NULL,NULL),(6,'summary_voided','Resúmenes y Anulaciones',1,NULL,NULL),(7,'quotations','Cotizaciones',1,NULL,NULL),(8,'sale_notes','Notas de Venta',1,NULL,NULL),(9,'incentives','Comisiones',1,NULL,NULL),(10,'sale-opportunity','Oportunidad de venta',1,NULL,NULL),(11,'contracts','Contratos',1,NULL,NULL),(12,'order-note','Pedidos',1,NULL,NULL),(13,'technical-service','Servicios de soporte técnico',1,NULL,NULL),(14,'regularize_shipping','CPE pendientes de rectificación',1,NULL,NULL),(15,'pos','Punto de venta',6,NULL,NULL),(16,'cash','Caja chica POS',6,NULL,NULL),(17,'ecommerce','Ir a la tienda',10,NULL,NULL),(18,'ecommerce_orders','Pedidos',10,NULL,NULL),(19,'ecommerce_items','Productos tienda virtual',10,NULL,NULL),(20,'ecommerce_tags','Etiquetas',10,NULL,NULL),(21,'ecommerce_promotions','Promociones - Banners',10,NULL,NULL),(22,'ecommerce_settings','Configuración',10,NULL,NULL),(23,'items','Productos',17,NULL,NULL),(24,'items_packs','Packs',17,NULL,NULL),(25,'items_services','Servicios',17,NULL,NULL),(26,'items_categories','Categorías',17,NULL,NULL),(27,'items_brands','Marcas',17,NULL,NULL),(28,'items_lots','Series',17,NULL,NULL),(29,'clients','Clientes',18,NULL,NULL),(30,'clients_types','Tipos de clientes',18,NULL,NULL),(31,'purchases_create','Nuevo',2,NULL,NULL),(32,'purchases_list','Listado',2,NULL,NULL),(33,'purchases_orders','Ordenes de compra',2,NULL,NULL),(34,'purchases_expenses','Gastos diversos',2,NULL,NULL),(35,'purchases_suppliers','Proveedores',2,NULL,NULL),(36,'purchases_quotations','Solicitar cotización',2,NULL,NULL),(37,'purchases_fixed_assets_items','Activos fijos - Ítems',2,NULL,NULL),(38,'purchases_fixed_assets_purchases','Activos fijos - Compras',2,NULL,NULL),(39,'inventory','Movimientos',8,NULL,NULL),(40,'inventory_transfers','Traslados',8,NULL,NULL),(41,'inventory_devolutions','Devoluciones',8,NULL,NULL),(42,'inventory_report_kardex','Reporte kardex',8,NULL,NULL),(43,'inventory_report','Reporte inventario',8,NULL,NULL),(44,'inventory_report_valued_kardex','Kardex valorizado',8,NULL,'2025-12-27 10:31:51'),(45,'users','Usuarios',14,NULL,NULL),(46,'users_establishments','Establecimientos',14,NULL,NULL),(47,'advanced_retentions','Retenciones',3,NULL,NULL),(49,'advanced_perceptions','Percepciones',3,NULL,NULL),(50,'advanced_order_forms','Ordenes de pedido',3,NULL,NULL),(51,'account_report','Exportar reporte',9,NULL,NULL),(52,'account_formats','Exportar formatos',9,NULL,NULL),(53,'account_summary','Reporte resumido - Ventas',9,NULL,NULL),(54,'finances_movements','Movimientos',12,NULL,NULL),(55,'finances_incomes','Ingresos',12,NULL,NULL),(56,'finances_unpaid','Cuentas por cobrar',12,NULL,NULL),(57,'finances_to_pay','Cuentas por pagar',12,NULL,NULL),(58,'finances_payments','Pagos',12,NULL,NULL),(59,'finances_balance','Balance',12,NULL,NULL),(60,'finances_payment_method_types','Ingresos y Egresos - M. Pago',12,NULL,NULL),(61,'account_users_settings','Configuración',11,NULL,NULL),(62,'account_users_list','Lista de pagos',11,NULL,NULL),(63,'hotels_reception','Recepción',15,NULL,NULL),(64,'hotels_rates','Tarifas',15,NULL,NULL),(65,'hotels_floors','Pisos',15,NULL,NULL),(66,'hotels_cats','Categorías',15,NULL,NULL),(67,'hotels_rooms','Habitaciones',15,NULL,NULL),(68,'documentary_offices','Oficinas',16,NULL,NULL),(69,'documentary_process','Procesos',16,NULL,NULL),(70,'documentary_documents','Tipos de documento',16,NULL,NULL),(71,'documentary_actions','Acciones',16,NULL,NULL),(72,'documentary_files','Expedientes',16,NULL,NULL),(73,'digemid','Productos (legado)',19,'2025-12-27 10:31:51','2025-12-27 10:31:51'),(74,'documentary_requirements','Requerimientos',16,'2025-12-27 10:31:51','2025-12-27 10:31:51'),(75,'inventory_item_extra_data','Datos extra de items',8,'2025-12-27 10:31:51','2025-12-27 10:31:51'),(76,'configuration_company','Empresa',5,NULL,NULL),(77,'configuration_advance','Avanzado',5,NULL,NULL),(78,'configuration_visual','Visual',5,NULL,NULL),(79,'advanced_purchase_settlements','Liquidaciones de compra',3,NULL,NULL),(80,'suscription_app_client','Cliente',21,NULL,NULL),(81,'suscription_app_service','Servicio',21,NULL,NULL),(82,'suscription_app_payments','Pagos',21,NULL,NULL),(83,'suscription_app_plans','Planes',21,NULL,NULL),(96,'digemid_health_report','Reporte DIGEMID',19,'2026-04-01 09:07:36','2026-04-01 09:07:36'),(97,'digemid_doctors','Medicos',19,'2026-04-01 09:07:36','2026-04-01 09:07:36'),(98,'digemid_cie10','CIE 10',19,'2026-04-01 09:07:36','2026-04-01 09:07:36'),(99,'digemid_psychotropics_report','Reporte de Psicotropicos',19,'2026-04-01 09:07:36','2026-04-01 09:07:36'),(100,'digemid_purchase_reception','Recepcion de productos farmaceuticos',19,'2026-04-01 09:07:36','2026-04-01 09:07:36'),(101,'items_coupons','Cupones',17,'2026-04-01 09:07:36','2026-04-01 09:07:36'),(118,'veterinary','Veterinaria',33,'2026-06-28 02:00:15','2026-06-28 02:00:15'),(119,'vet_panel','Panel',33,'2026-06-28 02:00:15','2026-06-28 02:00:15'),(120,'vet_pets','Mascotas',33,'2026-06-28 02:00:15','2026-06-28 02:00:15'),(121,'vet_appointments','Citas / Agenda',33,'2026-06-28 02:00:15','2026-06-28 02:00:15'),(122,'vet_boardings','Hospedaje',33,'2026-06-28 02:00:15','2026-06-28 02:00:15'),(123,'vet_reminders','Recordatorios',33,'2026-06-28 02:00:15','2026-06-28 02:00:15'),(124,'vet_memberships','Membresías',33,'2026-06-28 02:00:15','2026-06-28 02:00:15'),(125,'vet_reports','Reportes',33,'2026-06-28 02:00:15','2026-06-28 02:00:15'),(126,'vet_settings','Configuración',33,'2026-06-28 02:00:15','2026-06-28 02:00:15'),(135,'clinica','Clínica',34,'2026-07-21 19:56:06','2026-07-21 19:56:06'),(136,'inventory_reconciliation','Reporte de conciliación de inventario',8,'2026-07-30 16:51:13','2026-07-30 16:51:13');
COMMIT;

-- Dumped table `module_levels` with 99 row(s)
--

--
-- Table structure for table `module_level_client`
--

CREATE TABLE `module_level_client` (
  `id` int(10) unsigned NOT NULL AUTO_INCREMENT,
  `client_id` int(10) unsigned NOT NULL,
  `module_id` int(10) unsigned NOT NULL,
  `module_level_id` int(10) unsigned NOT NULL,
  PRIMARY KEY (`id`),
  KEY `module_level_client_client_id_foreign` (`client_id`),
  KEY `module_level_client_module_id_foreign` (`module_id`),
  KEY `module_level_client_module_level_id_foreign` (`module_level_id`),
  CONSTRAINT `module_level_client_client_id_foreign` FOREIGN KEY (`client_id`) REFERENCES `clients` (`id`) ON DELETE CASCADE,
  CONSTRAINT `module_level_client_module_id_foreign` FOREIGN KEY (`module_id`) REFERENCES `modules` (`id`) ON DELETE CASCADE,
  CONSTRAINT `module_level_client_module_level_id_foreign` FOREIGN KEY (`module_level_id`) REFERENCES `module_levels` (`id`) ON DELETE CASCADE
) ENGINE=InnoDB DEFAULT CHARSET=utf8mb4 COLLATE=utf8mb4_unicode_ci;

--
-- Dumping data for table `module_level_client`
--

SET autocommit=0;
COMMIT;

-- Dumped table `module_level_client` with 0 row(s)
--

--
-- Table structure for table `password_resets`
--

SET autocommit=0;
COMMIT;

-- Dumped table `password_resets` with 0 row(s)
--

--
-- Table structure for table `payment_method_types`
--

CREATE TABLE `payment_method_types` (
  `id` int(10) unsigned NOT NULL AUTO_INCREMENT,
  `description` varchar(255) NOT NULL,
  `has_card` tinyint(1) NOT NULL DEFAULT 0,
  PRIMARY KEY (`id`)
) ENGINE=InnoDB AUTO_INCREMENT=5 DEFAULT CHARSET=utf8mb4 COLLATE=utf8mb4_unicode_ci;

--
-- Dumping data for table `payment_method_types`
--

SET autocommit=0;
INSERT INTO `payment_method_types` VALUES (1,'Efectivo',0),(2,'Tarjeta de crédito',1),(3,'Tarjeta de débito',1),(4,'Transferencia',0);
COMMIT;

-- Dumped table `payment_method_types` with 4 row(s)
--

--
-- Table structure for table `plans`
--

CREATE TABLE `plans` (
  `id` int(10) unsigned NOT NULL AUTO_INCREMENT,
  `name` varchar(255) NOT NULL,
  `pricing` double NOT NULL,
  `limit_users` bigint(20) NOT NULL,
  `limit_documents` bigint(20) NOT NULL,
  `include_sale_notes_limit_documents` tinyint(1) NOT NULL DEFAULT 0,
  `plan_documents` longtext CHARACTER SET utf8mb4 COLLATE utf8mb4_bin NOT NULL,
  `locked` tinyint(1) NOT NULL DEFAULT 0,
  `include_sale_notes_sales_limit` tinyint(1) NOT NULL DEFAULT 0,
  `sales_limit` decimal(22,2) NOT NULL DEFAULT 0.00,
  `sales_unlimited` tinyint(1) NOT NULL DEFAULT 1,
  `establishments_limit` bigint(20) NOT NULL DEFAULT 0,
  `establishments_unlimited` tinyint(1) NOT NULL DEFAULT 1,
  `created_at` timestamp NULL DEFAULT NULL,
  `updated_at` timestamp NULL DEFAULT NULL,
  PRIMARY KEY (`id`)
) ENGINE=InnoDB AUTO_INCREMENT=3 DEFAULT CHARSET=utf8mb4 COLLATE=utf8mb4_unicode_ci;

--
-- Dumping data for table `plans`
--

SET autocommit=0;
INSERT INTO `plans` VALUES (1,'Ilimitado',99,0,0,0,'[1,2,3,4]',1,0,0.00,1,0,1,'2025-12-27 10:31:51','2025-12-27 10:31:51'),(2,'PLAN 79',79,20,80000,0,'[]',1,0,0.01,1,2,0,'2026-07-03 15:26:58','2026-07-03 15:28:08');
COMMIT;

-- Dumped table `plans` with 2 row(s)
--

--
-- Table structure for table `plan_documents`
--

CREATE TABLE `plan_documents` (
  `id` int(10) unsigned NOT NULL AUTO_INCREMENT,
  `description` varchar(255) NOT NULL,
  PRIMARY KEY (`id`)
) ENGINE=InnoDB AUTO_INCREMENT=5 DEFAULT CHARSET=utf8mb4 COLLATE=utf8mb4_unicode_ci;

--
-- Dumping data for table `plan_documents`
--

SET autocommit=0;
INSERT INTO `plan_documents` VALUES (1,'Facturas, boletas, notas de débito y crédito, resúmenes y anulaciones'),(2,'Guias de remisión'),(3,'Retenciones'),(4,'Percepciones');
COMMIT;

-- Dumped table `plan_documents` with 4 row(s)
--

--
-- Table structure for table `restaurant_partners`
--

CREATE TABLE `restaurant_partners` (
  `id` int(10) unsigned NOT NULL AUTO_INCREMENT,
  `full_name` varchar(255) NOT NULL,
  `email` varchar(255) NOT NULL,
  `gitlab_user` varchar(255) NOT NULL,
  `domain` varchar(255) NOT NULL,
  `department_id` char(2) DEFAULT NULL,
  `zone` varchar(255) DEFAULT NULL,
  `status` tinyint(1) NOT NULL DEFAULT 0,
  `created_at` timestamp NULL DEFAULT NULL,
  `updated_at` timestamp NULL DEFAULT NULL,
  PRIMARY KEY (`id`),
  UNIQUE KEY `restaurant_partners_email_unique` (`email`),
  UNIQUE KEY `restaurant_partners_gitlab_user_unique` (`gitlab_user`),
  UNIQUE KEY `restaurant_partners_domain_unique` (`domain`)
) ENGINE=InnoDB DEFAULT CHARSET=utf8mb4 COLLATE=utf8mb4_unicode_ci;

--
-- Dumping data for table `restaurant_partners`
--

SET autocommit=0;
COMMIT;

-- Dumped table `restaurant_partners` with 0 row(s)
--

--
-- Table structure for table `track_api_peru_services`
--

CREATE TABLE `track_api_peru_services` (
  `id` int(10) unsigned NOT NULL AUTO_INCREMENT,
  `service` int(10) unsigned DEFAULT 0 COMMENT 'Tipo de servicio 1 => sunat/dni, 2 => validacion_multiple_cpe, 3 => CPE, 4 => tipo_de_cambio, 5 => printer_ticket',
  `ruc` text DEFAULT NULL COMMENT 'Ruc de la empresa que consulta',
  `client_id` int(10) unsigned DEFAULT 0,
  `date_of_issue` timestamp NULL DEFAULT NULL,
  PRIMARY KEY (`id`)
) ENGINE=InnoDB AUTO_INCREMENT=1353 DEFAULT CHARSET=utf8mb4 COLLATE=utf8mb4_unicode_ci;

--
-- Dumping data for table `track_api_peru_services`
--

SET autocommit=0;
INSERT INTO `track_api_peru_services` VALUES (1,1,NULL,0,'2025-12-27 10:36:28'),(2,1,NULL,0,'2025-12-27 10:37:20'),(3,1,NULL,0,'2025-12-27 11:19:27'),(4,1,'10448547723',2,'2025-12-27 13:08:45'),(5,1,'10448547723',2,'2025-12-27 15:30:22'),(6,1,NULL,0,'2025-12-27 17:22:02'),(7,1,NULL,0,'2025-12-27 19:21:21'),(8,1,NULL,0,'2025-12-27 20:13:14'),(9,1,NULL,0,'2025-12-27 20:48:17'),(10,1,NULL,0,'2025-12-27 23:07:53'),(11,1,NULL,0,'2025-12-27 23:08:38'),(12,1,NULL,0,'2025-12-27 23:28:07'),(13,1,NULL,0,'2025-12-27 23:29:16'),(14,1,NULL,0,'2025-12-27 23:30:10'),(15,1,NULL,0,'2025-12-27 23:33:06'),(16,1,NULL,0,'2025-12-27 23:46:31'),(17,4,'10759975249',4,'2025-12-28 00:01:03'),(18,4,'10759975249',4,'2025-12-28 00:01:09'),(19,4,'10759975249',4,'2025-12-28 00:06:14'),(20,4,'10759975249',4,'2025-12-28 00:06:25'),(21,4,'10759975249',4,'2025-12-28 00:25:03'),(22,4,'20611371072',10,'2025-12-28 00:26:36'),(23,4,'20611371072',10,'2025-12-28 00:26:52'),(24,4,'10759975249',4,'2025-12-28 00:26:56'),(25,4,'20611371072',10,'2025-12-28 00:27:00'),(26,4,'10759975249',4,'2025-12-28 00:36:16'),(27,4,'10759975249',4,'2025-12-28 01:12:40'),(28,4,'10759975249',4,'2025-12-28 02:03:57'),(29,4,'10759975249',4,'2025-12-28 02:04:14'),(30,4,'10759975249',4,'2025-12-28 02:40:03'),(31,4,'10759975249',4,'2025-12-28 02:42:38'),(32,4,'10759975249',4,'2025-12-28 05:37:12'),(33,1,'10448547723',2,'2025-12-28 19:54:58'),(34,1,'10448547723',2,'2025-12-29 09:27:29'),(35,1,'10761719233',7,'2025-12-29 11:18:34'),(36,1,'10448547723',2,'2025-12-29 11:42:52'),(37,1,'20605237500',5,'2025-12-29 11:46:18'),(38,1,'20605237500',5,'2025-12-29 11:46:58'),(39,1,'20605237500',5,'2025-12-29 11:54:16'),(40,1,'10448547723',2,'2025-12-29 21:36:05'),(41,4,'10759975249',4,'2025-12-30 00:15:54'),(42,4,'10759975249',4,'2025-12-30 00:16:03'),(43,4,'10759975249',4,'2025-12-30 00:23:25'),(44,1,'10448547723',2,'2025-12-30 18:07:16'),(45,1,'10448547723',2,'2025-12-30 18:07:44'),(46,1,'20611371072',10,'2025-12-30 20:27:14'),(47,4,'10759975249',4,'2025-12-31 00:46:12'),(48,4,'10759975249',4,'2025-12-31 00:46:17'),(49,4,'10759975249',4,'2025-12-31 00:50:14'),(50,4,'10759975249',4,'2025-12-31 01:22:48'),(51,4,'10759975249',4,'2025-12-31 02:05:46'),(52,4,'10759975249',4,'2025-12-31 02:06:34'),(53,4,'10759975249',4,'2025-12-31 03:14:42'),(54,4,'10759975249',4,'2025-12-31 05:40:51'),(55,4,'10759975249',4,'2025-12-31 05:41:03'),(56,4,'10759975249',4,'2025-12-31 06:24:27'),(57,4,'10759975249',4,'2025-12-31 06:27:19'),(58,4,'10759975249',4,'2025-12-31 07:30:19'),(59,4,'10759975249',4,'2025-12-31 07:33:19'),(60,4,'10448547723',2,'2025-12-31 07:48:48'),(61,1,'20605237500',5,'2025-12-31 10:59:11'),(62,1,'10761719233',7,'2025-12-31 20:20:03'),(63,1,'10761719233',7,'2025-12-31 20:22:44'),(64,1,'20605237500',5,'2026-01-01 18:56:33'),(65,4,'10759975249',4,'2026-01-02 00:02:37'),(66,4,'10759975249',4,'2026-01-02 00:02:46'),(67,4,'10759975249',4,'2026-01-02 01:16:29'),(68,4,'10759975249',4,'2026-01-02 04:20:08'),(69,4,'10759975249',4,'2026-01-02 04:20:29'),(70,4,'10759975249',4,'2026-01-02 04:20:46'),(71,4,'10759975249',4,'2026-01-02 06:25:23'),(72,4,'10759975249',4,'2026-01-02 06:29:37'),(73,4,'10759975249',4,'2026-01-02 06:29:47'),(74,4,'10759975249',4,'2026-01-02 06:53:24'),(75,4,'10759975249',4,'2026-01-02 06:55:25'),(76,4,'10759975249',4,'2026-01-02 06:56:27'),(77,4,'10759975249',4,'2026-01-02 06:56:39'),(78,4,'10759975249',4,'2026-01-02 06:56:57'),(79,4,'10759975249',4,'2026-01-02 07:36:00'),(80,4,'10759975249',4,'2026-01-02 07:57:04'),(81,4,'10448547723',2,'2026-01-02 08:05:25'),(82,4,'10759975249',4,'2026-01-02 08:15:05'),(83,4,'10759975249',4,'2026-01-02 08:27:33'),(84,4,'10759975249',4,'2026-01-02 08:35:00'),(85,1,'20605237500',5,'2026-01-02 10:18:34'),(86,1,'20605237500',5,'2026-01-02 10:18:54'),(87,1,'20605237500',5,'2026-01-02 17:55:32'),(88,1,'10759975249',4,'2026-01-02 21:56:38'),(89,4,'10759975249',4,'2026-01-03 00:13:18'),(90,4,'10759975249',4,'2026-01-03 00:13:57'),(91,4,'10759975249',4,'2026-01-03 00:18:52'),(92,1,'10761719233',7,'2026-01-03 10:48:14'),(93,1,'10759975249',4,'2026-01-03 10:51:57'),(94,1,'10761719233',7,'2026-01-03 14:00:53'),(95,1,'10759975249',4,'2026-01-03 14:28:51'),(96,1,'10761719233',7,'2026-01-03 15:17:52'),(97,1,'10761719233',7,'2026-01-03 18:23:53'),(98,4,'10759975249',4,'2026-01-04 00:19:51'),(99,4,'10759975249',4,'2026-01-04 00:19:57'),(100,4,'10759975249',4,'2026-01-04 00:20:28'),(101,1,'10761719233',7,'2026-01-04 09:58:29'),(102,1,'10448547723',2,'2026-01-06 08:57:02'),(103,1,'10761719233',7,'2026-01-06 09:40:31'),(104,1,'10761719233',7,'2026-01-06 09:40:32'),(105,1,'10761719233',7,'2026-01-06 12:00:49'),(106,1,'10761719233',7,'2026-01-06 16:35:31'),(107,1,'10761719233',7,'2026-01-06 16:35:34'),(108,1,'10448547723',2,'2026-01-06 17:31:07'),(109,4,'10759975249',4,'2026-01-07 00:02:53'),(110,4,'10759975249',4,'2026-01-07 00:03:04'),(111,4,'10759975249',4,'2026-01-07 00:08:09'),(112,4,'10759975249',4,'2026-01-07 00:25:22'),(113,4,'10759975249',4,'2026-01-07 05:54:53'),(114,4,'10759975249',4,'2026-01-07 05:55:07'),(115,4,'10759975249',4,'2026-01-07 06:16:35'),(116,4,'10759975249',4,'2026-01-07 06:32:04'),(117,4,'10759975249',4,'2026-01-07 07:06:54'),(118,4,'10759975249',4,'2026-01-07 07:24:37'),(119,4,'10759975249',4,'2026-01-07 07:43:13'),(120,1,'10761719233',7,'2026-01-07 20:39:24'),(121,1,'10448547723',2,'2026-01-07 21:41:12'),(122,4,'10759975249',4,'2026-01-08 00:14:30'),(123,4,'10759975249',4,'2026-01-08 00:14:58'),(124,4,'10759975249',4,'2026-01-08 00:34:40'),(125,4,'10759975249',4,'2026-01-08 01:11:26'),(126,4,'10759975249',4,'2026-01-08 06:03:52'),(127,4,'10759975249',4,'2026-01-08 06:04:19'),(128,4,'10759975249',4,'2026-01-08 06:12:11'),(129,4,'10759975249',4,'2026-01-08 06:12:17'),(130,4,'10759975249',4,'2026-01-08 06:22:30'),(131,4,'10759975249',4,'2026-01-08 06:57:32'),(132,4,'10759975249',4,'2026-01-08 07:43:24'),(133,4,'10448547723',2,'2026-01-08 08:05:32'),(134,1,'20605237500',5,'2026-01-08 12:09:38'),(135,1,'10761719233',7,'2026-01-08 16:12:22'),(136,1,'10761719233',7,'2026-01-08 16:12:39'),(137,1,'10448547723',2,'2026-01-08 17:02:44'),(138,1,'10761719233',7,'2026-01-08 17:58:37'),(139,1,'10448547723',2,'2026-01-08 20:19:04'),(140,1,'10448547723',2,'2026-01-08 20:19:21'),(141,1,'10761719233',7,'2026-01-09 21:23:47'),(142,1,'10761719233',7,'2026-01-10 10:18:18'),(143,1,'10761719233',7,'2026-01-11 19:07:50'),(144,1,'10448547723',2,'2026-01-11 20:07:21'),(145,1,'10448547723',2,'2026-01-11 20:07:22'),(146,1,'10448547723',2,'2026-01-12 15:35:32'),(147,4,'10759975249',4,'2026-01-13 00:08:08'),(148,4,'10759975249',4,'2026-01-13 00:08:39'),(149,4,'10759975249',4,'2026-01-13 00:37:16'),(150,4,'10759975249',4,'2026-01-13 05:37:07'),(151,4,'10759975249',4,'2026-01-13 05:37:24'),(152,4,'10759975249',4,'2026-01-13 05:49:21'),(153,4,'10759975249',4,'2026-01-13 06:15:54'),(154,4,'10759975249',4,'2026-01-13 06:26:37'),(155,4,'10766490714',1,'2026-01-13 06:52:09'),(156,4,'10766490714',1,'2026-01-13 06:54:30'),(157,4,'10766490714',1,'2026-01-13 06:54:39'),(158,4,'10766490714',1,'2026-01-13 07:05:58'),(159,4,'10766490714',1,'2026-01-13 07:07:22'),(160,4,'10766490714',1,'2026-01-13 07:07:32'),(161,4,'10766490714',1,'2026-01-13 07:08:08'),(162,4,'10759975249',4,'2026-01-13 07:10:33'),(163,1,'20605237500',5,'2026-01-13 09:37:28'),(164,1,'20605237500',5,'2026-01-13 09:38:33'),(165,1,'20605237500',5,'2026-01-13 19:47:45'),(166,1,'10759975249',4,'2026-01-13 21:27:54'),(167,4,'10766490714',1,'2026-01-14 00:00:12'),(168,4,'10766490714',1,'2026-01-14 00:00:33'),(169,1,'10448547723',2,'2026-01-14 12:12:40'),(170,1,'10448547723',2,'2026-01-14 20:50:57'),(171,4,'10766490714',1,'2026-01-15 00:21:42'),(172,4,'10759975249',4,'2026-01-15 00:24:09'),(173,4,'10759975249',4,'2026-01-15 00:24:17'),(174,4,'10759975249',4,'2026-01-15 00:26:16'),(175,4,'10766490714',1,'2026-01-15 00:27:08'),(176,4,'10766490714',1,'2026-01-15 00:28:22'),(177,4,'10766490714',1,'2026-01-15 00:28:56'),(178,1,'10448547723',2,'2026-01-15 11:52:33'),(179,1,'10448547723',2,'2026-01-15 20:13:04'),(180,4,'10766490714',1,'2026-01-16 00:08:22'),(181,4,'10766490714',1,'2026-01-16 00:16:09'),(182,4,'10766490714',1,'2026-01-16 00:16:15'),(183,4,'10766490714',1,'2026-01-16 00:19:06'),(184,1,'10448547723',2,'2026-01-16 10:54:39'),(185,1,'10448331101',9,'2026-01-17 19:49:28'),(186,1,'10448547723',2,'2026-01-18 17:42:02'),(187,1,'10766490714',1,'2026-01-18 20:28:00'),(188,1,'10766490714',1,'2026-01-18 20:30:33'),(189,1,'10448547723',2,'2026-01-19 11:21:33'),(190,1,'10448331101',9,'2026-01-19 11:51:51'),(191,1,'10448331101',9,'2026-01-19 19:06:28'),(192,4,'10759975249',4,'2026-01-20 00:03:21'),(193,4,'10759975249',4,'2026-01-20 00:03:32'),(194,4,'10766490714',1,'2026-01-20 00:06:56'),(195,4,'10766490714',1,'2026-01-20 00:23:49'),(196,4,'10766490714',1,'2026-01-20 00:40:56'),(197,4,'10766490714',1,'2026-01-20 00:41:09'),(198,4,'10766490714',1,'2026-01-20 00:47:25'),(199,1,'10448331101',9,'2026-01-20 10:40:45'),(200,1,'10448547723',2,'2026-01-20 11:18:46'),(201,1,'10448547723',2,'2026-01-20 11:22:59'),(202,1,'10448547723',2,'2026-01-20 11:23:18'),(203,1,'10761719233',7,'2026-01-20 17:11:00'),(204,1,'10761719233',7,'2026-01-20 18:34:02'),(205,1,'10448547723',2,'2026-01-20 20:31:23'),(206,1,'10448547723',2,'2026-01-20 20:32:31'),(207,1,'10448547723',2,'2026-01-20 20:33:10'),(208,1,'10448547723',2,'2026-01-21 08:33:39'),(209,1,'10448547723',2,'2026-01-21 11:18:17'),(210,1,'10759975249',4,'2026-01-21 15:47:28'),(211,1,'10759975249',4,'2026-01-21 15:49:01'),(212,1,'10759975249',4,'2026-01-21 15:53:32'),(213,1,'10448547723',2,'2026-01-21 21:29:12'),(214,4,'10766490714',1,'2026-01-22 00:09:32'),(215,4,'10766490714',1,'2026-01-22 00:09:45'),(216,4,'10766490714',1,'2026-01-22 00:10:00'),(217,4,'10766490714',1,'2026-01-22 00:36:53'),(218,4,'10766490714',1,'2026-01-22 00:43:45'),(219,4,'10766490714',1,'2026-01-22 00:46:41'),(220,4,'10766490714',1,'2026-01-22 03:20:24'),(221,4,'10766490714',1,'2026-01-22 03:23:50'),(222,1,'10448331101',9,'2026-01-22 14:53:35'),(223,1,'10448331101',9,'2026-01-22 14:54:03'),(224,1,'10448331101',9,'2026-01-22 15:27:50'),(225,1,'10766490714',1,'2026-01-22 21:29:28'),(226,4,'10759975249',4,'2026-01-23 00:07:38'),(227,4,'10759975249',4,'2026-01-23 00:07:43'),(228,4,'10759975249',4,'2026-01-23 00:10:26'),(229,4,'10759975249',4,'2026-01-23 00:10:39'),(230,4,'10766490714',1,'2026-01-23 00:13:08'),(231,4,'10766490714',1,'2026-01-23 00:13:33'),(232,4,'10766490714',1,'2026-01-23 00:15:50'),(233,4,'10766490714',1,'2026-01-23 00:20:28'),(234,4,'10766490714',1,'2026-01-23 00:30:22'),(235,4,'10766490714',1,'2026-01-23 00:37:53'),(236,4,'10766490714',1,'2026-01-23 00:50:42'),(237,4,'10766490714',1,'2026-01-23 01:22:14'),(238,4,'10766490714',1,'2026-01-23 01:22:23'),(239,4,'10759975249',4,'2026-01-23 02:11:50'),(240,4,'10759975249',4,'2026-01-23 02:37:44'),(241,4,'10759975249',4,'2026-01-23 02:38:02'),(242,4,'10759975249',4,'2026-01-23 02:38:13'),(243,4,'10766490714',1,'2026-01-23 03:02:19'),(244,4,'10766490714',1,'2026-01-23 03:02:46'),(245,4,'10766490714',1,'2026-01-23 03:03:10'),(246,4,'10766490714',1,'2026-01-23 05:43:40'),(247,4,'10759975249',4,'2026-01-24 00:10:37'),(248,4,'10759975249',4,'2026-01-24 00:10:42'),(249,4,'10759975249',4,'2026-01-24 00:12:34'),(250,4,'10759975249',4,'2026-01-24 00:34:38'),(251,4,'10766490714',1,'2026-01-24 00:53:07'),(252,4,'10766490714',1,'2026-01-24 00:56:37'),(253,4,'10766490714',1,'2026-01-24 02:22:24'),(254,4,'10766490714',1,'2026-01-24 02:23:19'),(255,4,'10759975249',4,'2026-01-24 04:12:12'),(256,4,'10759975249',4,'2026-01-24 06:36:19'),(257,4,'10759975249',4,'2026-01-24 07:01:15'),(258,4,'10766490714',1,'2026-01-24 07:23:29'),(259,4,'10759975249',4,'2026-01-24 07:32:43'),(260,4,'10759975249',4,'2026-01-24 08:15:39'),(261,4,'10766490714',1,'2026-01-24 08:25:24'),(262,1,'10448331101',9,'2026-01-24 16:01:24'),(263,1,'10448331101',9,'2026-01-25 14:46:09'),(264,1,'10448331101',9,'2026-01-25 14:46:48'),(265,1,'10448547723',2,'2026-01-25 16:47:59'),(266,1,'10761719233',7,'2026-01-25 21:14:18'),(267,1,'10448547723',2,'2026-01-26 10:52:44'),(268,1,'20605237500',5,'2026-01-26 11:10:01'),(269,1,'20605237500',5,'2026-01-26 11:10:17'),(270,1,'10448547723',2,'2026-01-26 16:32:48'),(271,4,'10759975249',4,'2026-01-27 00:01:40'),(272,4,'10759975249',4,'2026-01-27 00:02:10'),(273,4,'10759975249',4,'2026-01-27 00:02:38'),(274,4,'10759975249',4,'2026-01-27 00:02:42'),(275,1,'20605237500',5,'2026-01-27 17:31:49'),(276,1,'10761719233',7,'2026-01-27 17:57:03'),(277,1,'10761719233',7,'2026-01-27 21:05:27'),(278,4,'10759975249',4,'2026-01-28 00:35:40'),(279,4,'10759975249',4,'2026-01-28 00:35:46'),(280,4,'10759975249',4,'2026-01-28 02:27:44'),(281,4,'10759975249',4,'2026-01-28 02:33:12'),(282,4,'10766490714',1,'2026-01-28 06:20:12'),(283,4,'10766490714',1,'2026-01-28 06:24:19'),(284,4,'10766490714',1,'2026-01-28 06:24:41'),(285,4,'10766490714',1,'2026-01-28 06:28:18'),(286,4,'10766490714',1,'2026-01-28 06:28:33'),(287,4,'10766490714',1,'2026-01-28 06:34:03'),(288,4,'10766490714',1,'2026-01-28 06:34:04'),(289,4,'10759975249',4,'2026-01-28 06:39:56'),(290,4,'10759975249',4,'2026-01-28 06:40:10'),(291,4,'10766490714',1,'2026-01-28 06:41:32'),(292,1,'10448547723',2,'2026-01-28 14:31:46'),(293,1,'10766490714',1,'2026-01-28 15:23:13'),(294,1,'10759975249',4,'2026-01-28 15:35:47'),(295,1,'10448547723',2,'2026-01-28 20:37:35'),(296,1,'10448547723',2,'2026-01-29 16:07:28'),(297,1,'10448547723',2,'2026-01-29 16:49:49'),(298,1,'10761719233',7,'2026-01-29 21:22:56'),(299,1,'10448547723',2,'2026-01-30 10:56:54'),(300,1,'10448547723',2,'2026-01-30 10:57:13'),(301,1,'10448547723',2,'2026-01-30 14:08:54'),(302,1,'10761719233',7,'2026-01-30 17:28:55'),(303,1,'10761719233',7,'2026-01-30 17:29:21'),(304,1,'20605237500',5,'2026-01-31 10:51:30'),(305,1,'10448547723',2,'2026-01-31 11:40:12'),(306,1,'10448547723',2,'2026-01-31 14:51:34'),(307,1,'10448547723',2,'2026-01-31 16:35:06'),(308,1,'10761719233',7,'2026-01-31 17:08:18'),(309,1,'10448547723',2,'2026-01-31 18:50:57'),(310,1,'10761719233',7,'2026-02-01 09:28:29'),(311,1,'10761719233',7,'2026-02-01 09:28:45'),(312,1,'10761719233',7,'2026-02-01 09:28:51'),(313,1,'10761719233',7,'2026-02-01 09:29:11'),(314,1,'10761719233',7,'2026-02-01 09:29:19'),(315,1,'10761719233',7,'2026-02-01 09:29:27'),(316,1,'10761719233',7,'2026-02-01 09:29:37'),(317,1,'10761719233',7,'2026-02-01 09:29:57'),(318,1,'10761719233',7,'2026-02-01 09:30:44'),(319,1,'10761719233',7,'2026-02-01 15:51:19'),(320,1,'10448547723',2,'2026-02-01 19:54:24'),(321,1,'10761719233',7,'2026-02-01 20:10:03'),(322,1,'10766490714',1,'2026-02-02 11:34:05'),(323,1,'10448547723',2,'2026-02-02 14:44:59'),(324,1,'10448547723',2,'2026-02-02 20:38:48'),(325,1,'10448547723',2,'2026-02-02 20:39:00'),(326,1,'10448547723',2,'2026-02-02 20:39:04'),(327,1,'10448547723',2,'2026-02-02 20:39:12'),(328,1,'10448547723',2,'2026-02-02 20:39:24'),(329,1,'10448547723',2,'2026-02-03 10:57:28'),(330,1,'20605237500',5,'2026-02-03 12:17:48'),(331,1,'10448547723',2,'2026-02-03 13:31:23'),(332,1,'10761719233',7,'2026-02-03 15:48:19'),(333,1,'10761719233',7,'2026-02-03 20:33:39'),(334,1,'10761719233',7,'2026-02-04 08:06:46'),(335,1,'10761719233',7,'2026-02-04 12:02:35'),(336,1,'10448547723',2,'2026-02-04 12:15:37'),(337,1,'20605237500',5,'2026-02-04 18:42:55'),(338,1,'10448547723',2,'2026-02-05 08:50:16'),(339,1,'20605237500',5,'2026-02-05 10:57:23'),(340,1,'20605237500',5,'2026-02-05 10:59:44'),(341,1,'10448547723',2,'2026-02-06 18:45:25'),(342,1,'20605237500',5,'2026-02-07 09:19:04'),(343,1,'20605237500',5,'2026-02-07 09:20:11'),(344,1,'10761719233',7,'2026-02-07 11:46:52'),(345,1,'10448547723',2,'2026-02-07 14:56:52'),(346,1,'10448547723',2,'2026-02-07 14:56:53'),(347,1,'10761719233',7,'2026-02-07 16:42:10'),(348,1,'10761719233',7,'2026-02-08 13:57:49'),(349,1,'10766490714',1,'2026-02-08 15:23:41'),(350,1,'10448547723',2,'2026-02-09 10:54:37'),(351,1,'10448547723',2,'2026-02-09 18:21:00'),(352,4,'10759975249',4,'2026-02-10 00:00:48'),(353,4,'10759975249',4,'2026-02-10 00:00:53'),(354,1,'10448331101',9,'2026-02-10 12:19:32'),(355,1,'10761719233',7,'2026-02-10 19:40:12'),(356,1,'10761719233',7,'2026-02-10 19:41:09'),(357,4,'10759975249',4,'2026-02-11 00:09:52'),(358,4,'10759975249',4,'2026-02-11 00:09:56'),(359,4,'10766490714',1,'2026-02-11 00:15:25'),(360,4,'10766490714',1,'2026-02-11 00:15:47'),(361,4,'10766490714',1,'2026-02-11 00:19:13'),(362,4,'10759975249',4,'2026-02-11 00:23:00'),(363,4,'10759975249',4,'2026-02-11 00:27:56'),(364,4,'10766490714',1,'2026-02-11 00:39:19'),(365,4,'10766490714',1,'2026-02-11 00:39:52'),(366,4,'10766490714',1,'2026-02-11 00:41:28'),(367,4,'10766490714',1,'2026-02-11 00:43:02'),(368,4,'10766490714',1,'2026-02-11 00:43:26'),(369,4,'10766490714',1,'2026-02-11 00:43:36'),(370,4,'10759975249',4,'2026-02-11 00:44:48'),(371,4,'10759975249',4,'2026-02-11 00:47:21'),(372,4,'10766490714',1,'2026-02-11 00:54:19'),(373,4,'10766490714',1,'2026-02-11 01:09:58'),(374,4,'10766490714',1,'2026-02-11 01:17:10'),(375,1,'10448331101',9,'2026-02-11 08:11:40'),(376,1,'10761719233',7,'2026-02-11 09:36:09'),(377,1,'10761719233',7,'2026-02-11 09:36:57'),(378,1,'10761719233',7,'2026-02-11 09:39:27'),(379,1,'20605237500',5,'2026-02-11 15:51:32'),(380,1,'20605237500',5,'2026-02-11 18:44:51'),(381,1,'20605237500',5,'2026-02-11 19:22:07'),(382,1,'10448547723',2,'2026-02-12 14:59:32'),(383,1,'10448547723',2,'2026-02-12 14:59:43'),(384,1,'10448547723',2,'2026-02-12 15:00:07'),(385,1,'10448331101',9,'2026-02-12 18:13:07'),(386,1,'10448547723',2,'2026-02-13 22:00:00'),(387,4,'10759975249',4,'2026-02-14 00:04:49'),(388,4,'10759975249',4,'2026-02-14 00:04:57'),(389,4,'10759975249',4,'2026-02-14 00:09:44'),(390,4,'10759975249',4,'2026-02-14 00:10:17'),(391,4,'10766490714',1,'2026-02-14 00:12:32'),(392,4,'10766490714',1,'2026-02-14 00:12:47'),(393,4,'10759975249',4,'2026-02-14 00:20:09'),(394,1,'10766490714',1,'2026-02-14 09:34:21'),(395,1,'10448547723',2,'2026-02-14 10:36:41'),(396,1,'20605237500',5,'2026-02-14 11:07:42'),(397,1,'20605237500',5,'2026-02-14 11:20:06'),(398,1,'20605237500',5,'2026-02-14 11:20:32'),(399,1,'20605237500',5,'2026-02-14 11:20:52'),(400,1,'10448547723',2,'2026-02-15 13:41:06'),(401,1,'10448547723',2,'2026-02-15 18:09:28'),(402,1,'10761719233',7,'2026-02-15 19:09:25'),(403,1,'10761719233',7,'2026-02-15 20:44:57'),(404,1,'10448331101',9,'2026-02-16 09:15:15'),(405,1,'10448331101',9,'2026-02-16 09:26:40'),(406,1,'10448547723',2,'2026-02-16 11:32:38'),(407,1,'10448547723',2,'2026-02-17 09:39:47'),(408,1,'10761719233',7,'2026-02-17 10:13:28'),(409,1,'10448331101',9,'2026-02-17 14:12:12'),(410,1,'20605237500',5,'2026-02-17 18:12:46'),(411,4,'10766490714',1,'2026-02-18 00:01:19'),(412,4,'10766490714',1,'2026-02-18 00:01:28'),(413,4,'10759975249',4,'2026-02-18 00:02:58'),(414,4,'10759975249',4,'2026-02-18 00:03:03'),(415,4,'10759975249',4,'2026-02-18 00:06:59'),(416,4,'10759975249',4,'2026-02-18 00:15:42'),(417,4,'10759975249',4,'2026-02-18 00:23:36'),(418,4,'10759975249',4,'2026-02-18 00:24:42'),(419,4,'10759975249',4,'2026-02-18 00:29:28'),(420,4,'10766490714',1,'2026-02-18 00:33:01'),(421,4,'10759975249',4,'2026-02-18 00:38:20'),(422,1,'10761719233',7,'2026-02-18 12:51:15'),(423,1,'10761719233',7,'2026-02-18 12:51:16'),(424,1,'10448547723',2,'2026-02-18 15:01:35'),(425,4,'10759975249',4,'2026-02-19 00:01:54'),(426,4,'10759975249',4,'2026-02-19 00:02:04'),(427,4,'10759975249',4,'2026-02-19 00:03:02'),(428,1,'10448547723',2,'2026-02-19 10:43:22'),(429,1,'10761719233',7,'2026-02-19 15:23:11'),(430,1,'10448547723',2,'2026-02-20 13:33:37'),(431,1,'10761719233',7,'2026-02-20 16:20:58'),(432,1,'10448547723',2,'2026-02-21 10:07:07'),(433,1,'10448547723',2,'2026-02-21 10:07:21'),(434,1,'10448547723',2,'2026-02-21 10:07:28'),(435,1,'10448547723',2,'2026-02-21 10:08:05'),(436,1,'10448547723',2,'2026-02-21 11:21:54'),(437,1,'10761719233',7,'2026-02-21 12:12:45'),(438,1,'10448547723',2,'2026-02-21 18:12:32'),(439,1,'10448547723',2,'2026-02-21 21:29:46'),(440,1,'10761719233',7,'2026-02-21 21:58:05'),(441,1,'10761719233',7,'2026-02-21 21:58:28'),(442,1,'10448547723',2,'2026-02-22 12:22:17'),(443,1,'10448547723',2,'2026-02-22 12:27:26'),(444,1,'10448331101',9,'2026-02-23 14:23:25'),(445,1,'10761719233',7,'2026-02-23 20:07:13'),(446,1,'10761719233',7,'2026-02-23 20:24:29'),(447,1,'10761719233',7,'2026-02-23 20:25:59'),(448,1,'20605237500',5,'2026-02-24 13:39:43'),(449,1,NULL,0,'2026-02-24 15:27:35'),(450,1,'10761719233',7,'2026-02-24 18:47:17'),(451,1,'10448331101',9,'2026-02-24 19:02:44'),(452,1,'20605237500',5,'2026-02-24 20:24:31'),(453,1,'10761719233',7,'2026-02-25 16:35:18'),(454,1,'10761719233',7,'2026-02-25 18:05:37'),(455,1,'10761719233',7,'2026-02-25 22:34:11'),(456,1,'10448331101',9,'2026-02-26 20:41:21'),(457,1,'10761719233',7,'2026-02-27 08:05:38'),(458,1,'10761719233',7,'2026-02-27 13:22:57'),(459,4,'10759975249',4,'2026-02-28 00:00:24'),(460,4,'10759975249',4,'2026-02-28 00:00:29'),(461,4,'10766490714',1,'2026-02-28 00:04:59'),(462,4,'10766490714',1,'2026-02-28 00:05:14'),(463,4,'10766490714',1,'2026-02-28 00:17:46'),(464,4,'10766490714',1,'2026-02-28 00:18:08'),(465,4,'10759975249',4,'2026-02-28 00:28:27'),(466,4,'10759975249',4,'2026-02-28 01:33:50'),(467,4,'10766490714',1,'2026-02-28 02:49:13'),(468,4,'10766490714',1,'2026-02-28 02:49:23'),(469,4,'10759975249',4,'2026-02-28 05:13:54'),(470,4,'10759975249',4,'2026-02-28 05:15:42'),(471,4,'10759975249',4,'2026-02-28 05:15:58'),(472,4,'10759975249',4,'2026-02-28 06:16:07'),(473,4,'10759975249',4,'2026-02-28 06:23:51'),(474,4,'10759975249',4,'2026-02-28 06:48:54'),(475,4,'10766490714',1,'2026-02-28 06:55:45'),(476,4,'10766490714',1,'2026-02-28 07:16:20'),(477,4,'10759975249',4,'2026-02-28 07:21:26'),(478,4,'10759975249',4,'2026-02-28 07:21:47'),(479,4,'10759975249',4,'2026-02-28 07:21:56'),(480,1,'10761719233',7,'2026-02-28 09:45:16'),(481,1,'20605237500',5,'2026-02-28 09:47:24'),(482,1,'20605237500',5,'2026-02-28 09:47:39'),(483,1,'10448547723',2,'2026-02-28 17:32:20'),(484,1,'10448547723',2,'2026-03-01 20:01:23'),(485,1,'10448547723',2,'2026-03-02 13:04:08'),(486,1,'10761719233',7,'2026-03-02 18:50:18'),(487,1,'10448547723',2,'2026-03-02 18:55:00'),(488,1,'10448547723',2,'2026-03-02 18:56:40'),(489,1,'10761719233',7,'2026-03-02 21:23:07'),(490,1,'10761719233',7,'2026-03-03 18:35:01'),(491,1,'10448547723',2,'2026-03-04 11:52:57'),(492,1,'10448547723',2,'2026-03-05 15:09:56'),(493,1,'10448547723',2,'2026-03-05 15:46:30'),(494,1,'10448547723',2,'2026-03-06 10:27:59'),(495,1,'10759975249',4,'2026-03-06 19:49:36'),(496,1,'10448547723',2,'2026-03-07 10:23:02'),(497,1,'10448547723',2,'2026-03-07 10:59:36'),(498,1,'10448547723',2,'2026-03-07 10:59:55'),(499,1,'10448547723',2,'2026-03-07 11:00:12'),(500,1,'10448547723',2,'2026-03-07 11:01:22'),(501,1,'10448547723',2,'2026-03-07 11:01:51'),(502,1,'10761719233',7,'2026-03-07 19:12:50'),(503,1,'10759975249',4,'2026-03-07 22:32:34'),(504,1,'10759975249',4,'2026-03-07 22:32:38'),(505,1,'10448547723',2,'2026-03-08 20:57:36'),(506,1,'10759975249',4,'2026-03-08 21:14:27'),(507,1,'10761719233',7,'2026-03-09 12:32:45'),(508,1,'10761719233',7,'2026-03-09 13:42:52'),(509,1,'20605237500',5,'2026-03-09 20:41:57'),(510,1,'10761719233',7,'2026-03-09 21:07:00'),(511,1,'10761719233',7,'2026-03-09 21:11:25'),(512,1,'20605237500',5,'2026-03-10 11:20:22'),(513,1,'10761719233',7,'2026-03-10 11:23:45'),(514,1,'10448547723',2,'2026-03-10 12:58:16'),(515,1,'10448547723',2,'2026-03-10 13:48:25'),(516,1,'10448547723',2,'2026-03-10 13:52:04'),(517,1,'10448547723',2,'2026-03-11 09:56:40'),(518,1,'10448547723',2,'2026-03-11 17:23:03'),(519,1,'10448547723',2,'2026-03-11 18:56:34'),(520,1,'10448547723',2,'2026-03-11 19:36:28'),(521,1,'20605237500',5,'2026-03-12 16:58:32'),(522,1,'20605237500',5,'2026-03-13 18:07:31'),(523,4,'10448547723',2,'2026-03-14 07:58:48'),(524,4,'10448547723',2,'2026-03-14 08:06:55'),(525,4,'20611371072',10,'2026-03-14 08:49:09'),(526,1,'20605237500',5,'2026-03-14 09:59:06'),(527,1,'10448547723',2,'2026-03-14 20:15:49'),(528,1,'20605237500',5,'2026-03-15 09:24:45'),(529,1,'10761719233',7,'2026-03-15 12:10:24'),(530,1,'10448547723',2,'2026-03-15 12:31:21'),(531,1,'10761719233',7,'2026-03-15 15:40:44'),(532,1,'10761719233',7,'2026-03-15 15:40:46'),(533,1,'10448547723',2,'2026-03-16 10:16:43'),(534,1,'10759975249',4,'2026-03-17 00:44:49'),(535,1,'10448547723',2,'2026-03-17 16:36:41'),(536,1,'20605237500',5,'2026-03-17 19:41:41'),(537,1,'10448547723',2,'2026-03-18 08:44:38'),(538,1,'10448331101',9,'2026-03-18 14:30:55'),(539,1,'10448331101',9,'2026-03-18 14:31:15'),(540,1,'10761719233',7,'2026-03-18 15:25:28'),(541,1,'10761719233',7,'2026-03-19 09:53:32'),(542,1,'10448547723',2,'2026-03-19 16:13:57'),(543,1,'10448547723',2,'2026-03-19 18:02:33'),(544,1,'10761719233',7,'2026-03-19 21:52:34'),(545,1,'10448547723',2,'2026-03-19 22:07:34'),(546,1,'10448547723',2,'2026-03-20 13:09:23'),(547,1,'10448547723',2,'2026-03-21 11:55:20'),(548,1,'10448547723',2,'2026-03-22 19:46:28'),(549,1,'20605237500',5,'2026-03-23 10:14:16'),(550,1,'10761719233',7,'2026-03-23 10:58:31'),(551,1,'10761719233',7,'2026-03-24 16:36:53'),(552,1,'10448547723',2,'2026-03-25 10:58:08'),(553,1,'10448547723',2,'2026-03-25 21:42:11'),(554,1,'10448547723',2,'2026-03-25 21:42:27'),(555,1,'10448547723',2,'2026-03-26 12:45:17'),(556,1,'10448547723',2,'2026-03-26 15:57:34'),(557,1,'20605237500',5,'2026-03-26 16:45:29'),(558,1,'10465979327',11,'2026-03-27 18:47:56'),(559,1,'20605237500',5,'2026-03-27 19:43:07'),(560,1,'10448547723',2,'2026-03-30 14:47:33'),(561,1,'10448547723',2,'2026-03-30 14:47:43'),(562,1,'20605237500',5,'2026-03-30 17:48:05'),(563,1,'10465979327',11,'2026-03-30 22:49:40'),(564,1,'10448547723',2,'2026-03-31 11:01:46'),(565,1,'10448547723',2,'2026-03-31 11:25:04'),(566,1,'20605237500',5,'2026-03-31 15:44:16'),(567,4,'10759975249',4,'2026-04-01 00:01:47'),(568,4,'10759975249',4,'2026-04-01 00:01:51'),(569,4,'10766490714',1,'2026-04-01 00:06:58'),(570,4,'10766490714',1,'2026-04-01 00:07:04'),(571,4,'10766490714',1,'2026-04-01 00:15:01'),(572,1,'10448547723',2,'2026-04-02 13:46:24'),(573,1,'10465979327',11,'2026-04-02 14:26:19'),(574,1,'10465979327',11,'2026-04-02 14:36:29'),(575,1,'10465979327',11,'2026-04-02 16:00:55'),(576,1,'10465979327',11,'2026-04-02 22:03:35'),(577,1,'10465979327',11,'2026-04-02 22:03:57'),(578,1,'10448547723',2,'2026-04-04 11:14:37'),(579,1,'10448547723',2,'2026-04-04 12:47:51'),(580,1,'10448547723',2,'2026-04-04 13:49:50'),(581,4,'10766490714',1,'2026-04-05 00:06:30'),(582,4,'10759975249',4,'2026-04-05 00:13:57'),(583,4,'10759975249',4,'2026-04-05 00:14:05'),(584,4,'10766490714',1,'2026-04-05 00:24:26'),(585,4,'10766490714',1,'2026-04-05 00:25:40'),(586,4,'10759975249',4,'2026-04-05 00:32:20'),(587,4,'10766490714',1,'2026-04-05 00:46:35'),(588,4,'10759975249',4,'2026-04-05 00:57:47'),(589,4,'10759975249',4,'2026-04-05 01:05:47'),(590,4,'10766490714',1,'2026-04-05 03:50:55'),(591,4,'10766490714',1,'2026-04-05 03:51:45'),(592,4,'10766490714',1,'2026-04-05 03:52:09'),(593,4,'10759975249',4,'2026-04-05 05:11:07'),(594,4,'10759975249',4,'2026-04-05 06:01:56'),(595,4,'10759975249',4,'2026-04-05 06:14:56'),(596,4,'10759975249',4,'2026-04-05 06:31:24'),(597,4,'10759975249',4,'2026-04-05 06:42:08'),(598,4,'10759975249',4,'2026-04-05 07:04:29'),(599,4,'10759975249',4,'2026-04-05 07:05:19'),(600,4,'10759975249',4,'2026-04-05 07:11:28'),(601,1,'10465979327',11,'2026-04-05 08:55:01'),(602,1,'20605237500',5,'2026-04-05 13:23:21'),(603,1,'10448547723',2,'2026-04-05 16:34:08'),(604,1,'10766490714',1,'2026-04-05 20:43:30'),(605,1,'10766490714',1,'2026-04-05 21:19:54'),(606,1,'10766490714',1,'2026-04-05 21:20:10'),(607,1,'10465979327',11,'2026-04-06 17:23:29'),(608,1,'10448547723',2,'2026-04-08 07:39:55'),(609,1,'10448547723',2,'2026-04-08 07:39:56'),(610,1,'10448547723',2,'2026-04-08 07:39:58'),(611,1,'10448547723',2,'2026-04-08 07:39:58'),(612,1,'10448547723',2,'2026-04-08 17:11:24'),(613,1,'10448547723',2,'2026-04-08 17:11:29'),(614,1,'10759975249',4,'2026-04-08 21:45:24'),(615,1,'10759975249',4,'2026-04-08 21:45:28'),(616,2,'20605237500',5,'2026-04-09 00:16:13'),(617,2,'20605237500',5,'2026-04-09 00:16:20'),(618,2,'20605237500',5,'2026-04-09 00:16:26'),(619,2,'20605237500',5,'2026-04-09 00:16:33'),(620,2,'20605237500',5,'2026-04-09 00:16:39'),(621,2,'20605237500',5,'2026-04-09 00:16:46'),(622,2,'20605237500',5,'2026-04-09 00:16:52'),(623,2,'20605237500',5,'2026-04-09 00:16:58'),(624,2,'20605237500',5,'2026-04-09 00:17:02'),(625,3,'20605237500',5,'2026-04-09 00:21:52'),(626,1,'10448547723',2,'2026-04-09 11:27:15'),(627,1,'10448547723',2,'2026-04-09 21:38:21'),(628,1,'10448547723',2,'2026-04-09 21:38:25'),(629,1,'10448547723',2,'2026-04-09 21:38:37'),(630,1,'10448547723',2,'2026-04-09 21:42:32'),(631,1,'10448547723',2,'2026-04-10 09:17:51'),(632,1,'10465979327',11,'2026-04-10 17:52:59'),(633,1,'10465979327',11,'2026-04-10 17:53:02'),(634,1,'10465979327',11,'2026-04-10 17:53:10'),(635,1,'10465979327',11,'2026-04-10 17:53:12'),(636,1,'10465979327',11,'2026-04-11 08:45:11'),(637,1,'10448547723',2,'2026-04-12 09:30:53'),(638,1,'10448547723',2,'2026-04-12 09:31:11'),(639,1,'10465979327',11,'2026-04-13 12:47:18'),(640,1,'10448547723',2,'2026-04-13 14:40:05'),(641,1,'10448547723',2,'2026-04-13 20:06:15'),(642,1,'00000000000',3,'2026-04-13 23:17:19'),(643,1,'00000000000',3,'2026-04-13 23:17:43'),(644,1,'00000000000',3,'2026-04-13 23:17:44'),(645,1,'00000000000',3,'2026-04-13 23:55:32'),(646,1,'00000000000',3,'2026-04-13 23:55:33'),(647,1,'20605237500',5,'2026-04-15 12:35:24'),(648,1,'10448547723',2,'2026-04-15 12:54:24'),(649,1,'10448547723',2,'2026-04-15 16:14:10'),(650,1,'20611371072',10,'2026-04-16 09:42:11'),(651,1,'10448547723',2,'2026-04-16 16:42:00'),(652,1,'10448547723',2,'2026-04-16 17:43:18'),(653,1,'10448547723',2,'2026-04-17 19:37:40'),(654,1,'10448331101',9,'2026-04-18 15:30:19'),(655,1,'10465979327',11,'2026-04-19 17:54:25'),(656,1,'10448331101',9,'2026-04-19 18:47:29'),(657,1,'10448547723',2,'2026-04-19 19:22:09'),(658,1,'10465979327',11,'2026-04-20 10:36:45'),(659,1,'20605237500',5,'2026-04-20 11:50:35'),(660,1,'10465979327',11,'2026-04-20 20:27:39'),(661,4,'10759975249',4,'2026-04-21 00:13:01'),(662,4,'10759975249',4,'2026-04-21 00:14:29'),(663,4,'10759975249',4,'2026-04-21 00:15:33'),(664,1,'10465979327',11,'2026-04-21 10:06:40'),(665,1,'10465979327',11,'2026-04-21 12:49:04'),(666,3,NULL,0,'2026-04-21 13:01:25'),(667,1,'20605237500',5,'2026-04-21 14:20:38'),(668,1,'20605237500',5,'2026-04-21 14:20:54'),(669,1,'20605237500',5,'2026-04-21 14:22:37'),(670,1,'10465979327',11,'2026-04-21 16:32:47'),(671,1,'10448547723',2,'2026-04-21 17:26:05'),(672,1,'10465979327',11,'2026-04-21 19:17:53'),(673,1,'10448547723',2,'2026-04-22 10:38:14'),(674,1,'10448547723',2,'2026-04-23 13:43:07'),(675,1,'10448547723',2,'2026-04-24 15:28:26'),(676,1,'10448547723',2,'2026-04-24 15:28:32'),(677,1,'10448547723',2,'2026-04-24 15:28:33'),(678,1,'10448547723',2,'2026-04-24 15:28:33'),(679,1,'10448547723',2,'2026-04-24 15:28:34'),(680,1,'10448547723',2,'2026-04-24 15:28:34'),(681,1,'10448547723',2,'2026-04-24 15:28:35'),(682,1,'10448547723',2,'2026-04-24 15:29:01'),(683,1,'10448547723',2,'2026-04-25 09:52:41'),(684,1,'20605237500',5,'2026-04-25 16:21:17'),(685,1,'10448547723',2,'2026-04-27 10:52:24'),(686,1,'10448547723',2,'2026-04-27 11:47:29'),(687,1,'10759975249',4,'2026-04-27 12:59:11'),(688,1,'10448547723',2,'2026-04-27 20:03:01'),(689,1,'10448547723',2,'2026-04-27 21:05:27'),(690,1,'10448331101',9,'2026-04-29 10:31:48'),(691,1,'10448547723',2,'2026-04-29 17:20:51'),(692,1,'10448547723',2,'2026-04-30 18:24:22'),(693,1,'20605237500',5,'2026-05-01 11:37:56'),(694,1,'20605237500',5,'2026-05-02 09:33:26'),(695,1,'10448547723',2,'2026-05-02 09:38:21'),(696,1,'10448547723',2,'2026-05-02 09:51:05'),(697,1,'20605237500',5,'2026-05-02 10:22:27'),(698,1,'10465979327',11,'2026-05-02 13:18:12'),(699,1,'10465979327',11,'2026-05-02 14:34:22'),(700,1,'10448331101',9,'2026-05-02 14:37:41'),(701,1,'10465979327',11,'2026-05-02 14:42:29'),(702,1,'10465979327',11,'2026-05-02 14:42:37'),(703,1,'10448547723',2,'2026-05-03 10:12:32'),(704,1,'10465979327',11,'2026-05-04 15:20:49'),(705,1,'10465979327',11,'2026-05-04 15:33:06'),(706,1,'10465979327',11,'2026-05-04 15:51:30'),(707,1,'10465979327',11,'2026-05-04 16:16:53'),(708,1,'10465979327',11,'2026-05-04 18:58:17'),(709,1,'10448547723',2,'2026-05-05 19:52:16'),(710,1,'10766490714',1,'2026-05-06 10:21:14'),(711,1,'10766490714',1,'2026-05-06 10:21:31'),(712,1,'10448547723',2,'2026-05-07 12:40:36'),(713,1,'10465979327',11,'2026-05-07 14:50:43'),(714,1,'10465979327',11,'2026-05-07 14:50:55'),(715,1,'10465979327',11,'2026-05-07 14:50:57'),(716,1,'10465979327',11,'2026-05-07 14:51:00'),(717,1,'10465979327',11,'2026-05-07 14:51:02'),(718,1,'10465979327',11,'2026-05-07 14:51:06'),(719,1,'10465979327',11,'2026-05-07 18:38:18'),(720,1,'10465979327',11,'2026-05-07 18:39:36'),(721,1,'10448547723',2,'2026-05-07 19:47:56'),(722,1,'10448547723',2,'2026-05-08 12:05:50'),(723,1,'10448331101',9,'2026-05-08 20:13:36'),(724,1,'10448547723',2,'2026-05-09 11:37:04'),(725,1,'20605237500',5,'2026-05-09 11:39:55'),(726,1,'10448547723',2,'2026-05-09 16:13:21'),(727,1,'10448547723',2,'2026-05-10 14:48:05'),(728,1,'10448547723',2,'2026-05-11 18:43:05'),(729,1,'10448547723',2,'2026-05-12 08:54:38'),(730,1,'10448547723',2,'2026-05-12 08:56:59'),(731,1,'10465979327',11,'2026-05-12 12:18:16'),(732,1,'20605237500',5,'2026-05-12 12:58:53'),(733,1,'10448547723',2,'2026-05-12 13:09:44'),(734,1,'10465979327',11,'2026-05-12 17:32:37'),(735,1,'10465979327',11,'2026-05-12 18:05:14'),(736,1,'10448331101',9,'2026-05-12 18:22:22'),(737,1,'10448331101',9,'2026-05-12 18:22:24'),(738,1,'10465979327',11,'2026-05-12 19:33:15'),(739,1,'10465979327',11,'2026-05-12 21:06:35'),(740,1,'10448547723',2,'2026-05-12 21:26:22'),(741,1,'10448331101',9,'2026-05-13 11:27:00'),(742,1,'10448331101',9,'2026-05-13 14:38:19'),(743,1,'10448331101',9,'2026-05-13 14:38:37'),(744,1,'10448331101',9,'2026-05-13 14:38:45'),(745,1,'10448331101',9,'2026-05-13 14:40:06'),(746,1,'10448331101',9,'2026-05-13 14:40:19'),(747,1,'10448331101',9,'2026-05-13 14:40:50'),(748,1,'10465979327',11,'2026-05-14 09:42:17'),(749,1,'20605237500',5,'2026-05-14 10:29:40'),(750,1,'10448547723',2,'2026-05-14 14:40:44'),(751,1,'10448547723',2,'2026-05-14 20:37:42'),(752,1,'10448547723',2,'2026-05-15 09:10:49'),(753,1,'10448547723',2,'2026-05-15 09:12:07'),(754,1,'10465979327',11,'2026-05-15 11:58:18'),(755,1,'10465979327',11,'2026-05-15 11:58:35'),(756,1,'10465979327',11,'2026-05-15 11:58:48'),(757,1,'10448547723',2,'2026-05-15 18:18:28'),(758,1,'10465979327',11,'2026-05-16 19:44:52'),(759,1,'20605237500',5,'2026-05-17 13:57:02'),(760,1,'20605237500',5,'2026-05-17 13:57:06'),(761,1,'20605237500',5,'2026-05-17 13:57:31'),(762,1,'20605237500',5,'2026-05-17 13:58:47'),(763,1,'20605237500',5,'2026-05-17 13:58:59'),(764,1,'10448547723',2,'2026-05-17 17:29:47'),(765,1,'10448547723',2,'2026-05-17 18:37:09'),(766,1,'10465979327',11,'2026-05-18 09:11:55'),(767,1,'20605237500',5,'2026-05-18 18:30:09'),(768,1,'10465979327',11,'2026-05-18 19:55:52'),(769,1,'10465979327',11,'2026-05-18 19:55:56'),(770,1,'10465979327',11,'2026-05-18 19:56:23'),(771,1,'10465979327',11,'2026-05-19 13:49:06'),(772,1,'00000000000',3,'2026-05-19 19:13:20'),(773,1,'10448547723',2,'2026-05-22 07:39:54'),(774,1,'10448547723',2,'2026-05-22 10:11:16'),(775,1,'20605237500',5,'2026-05-22 10:46:51'),(776,1,'10448547723',2,'2026-05-22 10:51:17'),(777,1,'20605237500',5,'2026-05-22 11:54:07'),(778,1,'10448547723',2,'2026-05-22 14:43:42'),(779,1,'10448547723',2,'2026-05-22 19:12:09'),(780,1,'10465979327',11,'2026-05-23 12:50:28'),(781,1,'10465979327',11,'2026-05-23 12:50:50'),(782,1,'10465979327',11,'2026-05-23 12:50:53'),(783,1,'10448547723',2,'2026-05-23 15:26:55'),(784,1,'10465979327',11,'2026-05-24 12:03:36'),(785,1,'10465979327',11,'2026-05-24 20:01:35'),(786,1,'20605237500',5,'2026-05-25 09:41:43'),(787,1,'10465979327',11,'2026-05-25 10:09:51'),(788,1,'10465979327',11,'2026-05-25 17:29:44'),(789,1,'10448547723',2,'2026-05-26 09:36:53'),(790,1,'10448547723',2,'2026-05-26 10:27:09'),(791,1,'10465979327',11,'2026-05-26 10:51:56'),(792,1,'10465979327',11,'2026-05-26 10:51:59'),(793,1,'10448547723',2,'2026-05-26 13:39:17'),(794,1,'10448547723',2,'2026-05-26 16:59:47'),(795,1,'10448547723',2,'2026-05-26 17:00:15'),(796,1,'10448547723',2,'2026-05-27 17:15:02'),(797,1,'20605237500',5,'2026-05-27 19:44:14'),(798,1,'10448547723',2,'2026-05-28 09:34:43'),(799,1,'10448547723',2,'2026-05-28 18:20:16'),(800,1,'10465979327',11,'2026-05-28 20:12:36'),(801,1,'10465979327',11,'2026-05-29 12:10:05'),(802,1,'10448547723',2,'2026-05-29 22:32:09'),(803,4,'10759975249',4,'2026-05-30 00:05:03'),(804,4,'10759975249',4,'2026-05-30 00:05:29'),(805,1,'20605237500',5,'2026-05-30 11:11:08'),(806,1,'10465979327',11,'2026-05-30 19:35:02'),(807,1,'10448331101',9,'2026-05-31 14:27:58'),(808,1,'10448547723',2,'2026-05-31 15:30:03'),(809,1,'10465979327',11,'2026-05-31 19:17:03'),(810,1,'10448547723',2,'2026-06-01 20:43:53'),(811,1,'10448547723',2,'2026-06-01 21:51:00'),(812,1,'10448547723',2,'2026-06-01 21:51:04'),(813,1,'10465979327',11,'2026-06-02 09:02:53'),(814,1,'20605237500',5,'2026-06-02 11:12:48'),(815,1,'10448547723',2,'2026-06-02 13:41:04'),(816,1,'10448547723',2,'2026-06-02 17:57:10'),(817,4,'10759975249',4,'2026-06-04 00:49:50'),(818,4,'10759975249',4,'2026-06-04 00:50:06'),(819,4,'10759975249',4,'2026-06-04 00:50:18'),(820,4,'10759975249',4,'2026-06-04 02:42:43'),(821,1,'10448547723',2,'2026-06-04 17:30:17'),(822,1,'00000000000',3,'2026-06-04 18:56:46'),(823,1,'10465979327',11,'2026-06-04 20:16:54'),(824,1,'10448331101',9,'2026-06-05 14:35:57'),(825,1,'10465979327',11,'2026-06-06 09:57:48'),(826,1,'10448547723',2,'2026-06-06 11:32:43'),(827,1,'10465979327',11,'2026-06-06 12:49:50'),(828,1,'20605237500',5,'2026-06-06 15:37:55'),(829,1,'20605237500',5,'2026-06-06 15:39:59'),(830,1,'20605237500',5,'2026-06-06 15:40:55'),(831,1,'20605237500',5,'2026-06-06 15:57:54'),(832,1,'10448547723',2,'2026-06-06 17:18:44'),(833,1,'20605237500',5,'2026-06-06 17:19:09'),(834,1,'10448547723',2,'2026-06-06 21:46:27'),(835,1,'10448547723',2,'2026-06-07 13:04:52'),(836,1,'10448547723',2,'2026-06-07 14:49:04'),(837,1,'10448547723',2,'2026-06-08 10:11:29'),(838,1,'20605237500',5,'2026-06-08 11:10:57'),(839,1,'10448547723',2,'2026-06-09 11:55:52'),(840,4,'10759975249',4,'2026-06-10 00:00:34'),(841,4,'10759975249',4,'2026-06-10 00:00:40'),(842,4,'10759975249',4,'2026-06-10 00:34:35'),(843,4,'10759975249',4,'2026-06-10 01:21:03'),(844,4,'10759975249',4,'2026-06-10 01:33:58'),(845,4,'10759975249',4,'2026-06-10 02:06:50'),(846,4,'10759975249',4,'2026-06-10 02:26:18'),(847,1,'20605237500',5,'2026-06-10 11:37:04'),(848,1,'00000000000',3,'2026-06-10 17:58:58'),(849,1,'00000000000',3,'2026-06-10 18:14:39'),(850,1,'10465979327',11,'2026-06-10 20:08:55'),(851,1,'10465979327',11,'2026-06-10 22:56:40'),(852,1,'10465979327',11,'2026-06-11 10:17:00'),(853,1,'20605237500',5,'2026-06-11 13:12:40'),(854,1,'20605237500',5,'2026-06-11 16:20:38'),(855,1,'10465979327',11,'2026-06-11 18:16:28'),(856,1,'10448547723',2,'2026-06-11 19:02:50'),(857,1,'10448547723',2,'2026-06-12 11:48:28'),(858,1,'10448547723',2,'2026-06-12 18:03:15'),(859,1,'10448547723',2,'2026-06-12 18:03:17'),(860,1,'10448547723',2,'2026-06-12 18:03:19'),(861,1,'10448547723',2,'2026-06-12 18:03:22'),(862,1,'10448547723',2,'2026-06-12 18:03:23'),(863,1,'10448547723',2,'2026-06-14 13:56:11'),(864,1,'10448547723',2,'2026-06-14 18:27:39'),(865,1,'10465979327',11,'2026-06-15 07:12:31'),(866,1,'10448547723',2,'2026-06-15 16:02:56'),(867,1,'10448547723',2,'2026-06-15 19:10:28'),(868,1,'10465979327',11,'2026-06-15 19:26:15'),(869,1,'10465979327',11,'2026-06-16 11:03:19'),(870,1,'10448547723',2,'2026-06-17 08:49:36'),(871,1,'10448547723',2,'2026-06-17 14:27:29'),(872,1,'10465979327',11,'2026-06-18 10:00:54'),(873,1,'10465979327',11,'2026-06-18 10:50:51'),(874,1,'10465979327',11,'2026-06-18 11:04:05'),(875,1,'10465979327',11,'2026-06-18 11:04:09'),(876,1,'20611371072',10,'2026-06-18 14:59:02'),(877,1,'10448547723',2,'2026-06-18 18:53:09'),(878,1,'10448547723',2,'2026-06-19 08:40:05'),(879,1,'10448547723',2,'2026-06-19 09:08:37'),(880,1,'10448547723',2,'2026-06-19 12:21:04'),(881,1,NULL,0,'2026-06-19 15:06:31'),(882,1,NULL,0,'2026-06-19 15:32:39'),(883,1,NULL,0,'2026-06-19 18:58:54'),(884,1,'10448547723',2,'2026-06-19 20:33:50'),(885,1,NULL,0,'2026-06-19 21:17:26'),(886,1,NULL,0,'2026-06-19 21:54:39'),(887,1,'10418876722',13,'2026-06-20 12:23:45'),(888,1,'10448547723',2,'2026-06-20 16:05:55'),(889,1,'20605237500',5,'2026-06-20 16:50:34'),(890,1,'00000000000',3,'2026-06-20 22:02:45'),(891,1,'10465979327',11,'2026-06-20 22:05:55'),(892,1,'10465979327',11,'2026-06-20 22:05:58'),(893,1,NULL,0,'2026-06-21 10:51:49'),(894,1,'10448547723',2,'2026-06-21 11:01:59'),(895,1,'10465979327',11,'2026-06-21 16:59:58'),(896,1,'10465979327',11,'2026-06-21 20:50:24'),(897,1,'10448547723',2,'2026-06-21 20:55:40'),(898,1,'20605237500',5,'2026-06-22 11:06:29'),(899,1,'10465979327',11,'2026-06-22 11:21:38'),(900,1,'10465979327',11,'2026-06-22 11:21:39'),(901,1,'20605237500',5,'2026-06-22 11:49:21'),(902,1,'20605237500',5,'2026-06-22 12:17:27'),(903,1,'20605237500',5,'2026-06-22 12:43:41'),(904,1,'10465979327',11,'2026-06-22 18:58:17'),(905,1,'10465979327',11,'2026-06-23 09:16:25'),(906,1,'10465979327',11,'2026-06-23 13:22:16'),(907,1,'10448547723',2,'2026-06-23 13:31:29'),(908,1,'10448547723',2,'2026-06-23 16:05:39'),(909,1,'10448547723',2,'2026-06-23 21:33:09'),(910,1,'10465979327',11,'2026-06-23 22:15:40'),(911,1,'10465979327',11,'2026-06-23 22:15:44'),(912,1,'20614229650',22,'2026-06-24 15:54:02'),(913,1,'20614229650',22,'2026-06-24 21:48:13'),(914,1,'10448547723',2,'2026-06-25 08:19:12'),(915,1,'10448547723',2,'2026-06-25 14:29:51'),(916,1,'10448547723',2,'2026-06-25 16:47:22'),(917,1,'10465979327',11,'2026-06-25 22:32:18'),(918,1,'10465979327',11,'2026-06-25 22:45:27'),(919,1,'10418876722',13,'2026-06-26 09:59:17'),(920,1,'10418876722',13,'2026-06-26 09:59:46'),(921,1,'10418876722',13,'2026-06-26 10:01:36'),(922,1,'10448547723',2,'2026-06-26 12:51:32'),(923,1,'10448547723',2,'2026-06-27 08:19:54'),(924,1,'10465979327',11,'2026-06-28 10:59:07'),(925,1,'10448547723',2,'2026-06-28 19:40:08'),(926,1,'20605237500',5,'2026-06-29 10:07:39'),(927,1,'10448547723',2,'2026-06-29 17:40:26'),(928,1,'20605237500',5,'2026-06-30 09:59:32'),(929,1,'10465979327',11,'2026-06-30 10:06:56'),(930,1,'10465979327',11,'2026-06-30 10:08:09'),(931,1,'10418876722',13,'2026-06-30 13:49:07'),(932,1,'20605237500',5,'2026-06-30 15:45:15'),(933,1,'00000000000',3,'2026-06-30 16:42:28'),(934,1,'00000000000',3,'2026-06-30 16:42:49'),(935,1,'10101131250',0,'2026-06-30 18:47:37'),(936,1,'10101131250',0,'2026-06-30 19:06:18'),(937,1,'10448547723',2,'2026-07-01 08:38:46'),(938,1,'10465979327',11,'2026-07-01 16:23:39'),(939,1,'10418876722',13,'2026-07-01 19:16:31'),(940,1,NULL,0,'2026-07-02 11:22:29'),(941,1,'10702790111',23,'2026-07-02 11:37:30'),(942,1,'10702790111',23,'2026-07-02 11:37:43'),(943,1,'00000000000',3,'2026-07-02 17:03:20'),(944,1,NULL,0,'2026-07-02 17:46:39'),(945,1,NULL,0,'2026-07-02 17:47:42'),(946,1,'10448547723',2,'2026-07-02 20:13:40'),(947,1,'10448547723',2,'2026-07-03 11:26:41'),(948,1,'10448547723',2,'2026-07-03 13:22:33'),(949,1,NULL,0,'2026-07-03 15:13:55'),(950,1,'20605237500',5,'2026-07-03 17:20:46'),(951,1,'20605237500',5,'2026-07-03 17:21:58'),(952,1,'10448547723',2,'2026-07-03 18:17:10'),(953,1,'10448547723',2,'2026-07-03 18:17:12'),(954,1,'10448547723',2,'2026-07-03 18:17:34'),(955,1,'10465979327',11,'2026-07-03 18:52:40'),(956,1,'10101131250',0,'2026-07-03 19:05:00'),(957,1,'10448547723',2,'2026-07-03 21:02:28'),(958,1,'00000000000',3,'2026-07-04 09:41:23'),(959,1,'10465979327',11,'2026-07-04 10:12:59'),(960,1,'10465979327',11,'2026-07-04 10:21:19'),(961,1,'10101131250',0,'2026-07-04 11:15:45'),(962,1,'10101131250',0,'2026-07-04 11:18:14'),(963,1,'10465979327',11,'2026-07-04 12:17:30'),(964,1,'10465979327',11,'2026-07-04 13:09:45'),(965,1,'10465979327',11,'2026-07-04 13:10:06'),(966,1,'10465979327',11,'2026-07-04 13:15:40'),(967,1,'10465979327',11,'2026-07-04 14:07:40'),(968,1,'10101131250',0,'2026-07-04 19:23:37'),(969,1,'10448547723',2,'2026-07-04 21:49:35'),(970,1,'10702790111',23,'2026-07-04 22:31:00'),(971,1,'10101131250',0,'2026-07-05 11:59:28'),(972,1,'10448547723',2,'2026-07-05 13:15:23'),(973,1,'10448547723',2,'2026-07-05 13:15:32'),(974,1,'10465979327',11,'2026-07-05 19:05:44'),(975,1,'10465979327',11,'2026-07-05 19:28:31'),(976,1,'00000000000',3,'2026-07-06 13:01:27'),(977,1,'00000000000',3,'2026-07-06 13:17:03'),(978,1,'00000000000',3,'2026-07-06 13:22:37'),(979,1,'10448547723',2,'2026-07-06 13:25:19'),(980,1,'10101131250',0,'2026-07-06 13:55:10'),(981,1,'10101131250',0,'2026-07-06 15:18:17'),(982,1,NULL,0,'2026-07-07 15:08:02'),(983,1,'10468523731',26,'2026-07-07 15:44:33'),(984,1,'10101131250',0,'2026-07-07 17:58:12'),(985,1,'10465979327',11,'2026-07-07 20:53:57'),(986,1,'10448547723',2,'2026-07-07 22:54:33'),(987,4,'10759975249',4,'2026-07-08 00:00:48'),(988,4,'10759975249',4,'2026-07-08 00:01:04'),(989,4,'10759975249',4,'2026-07-08 00:06:51'),(990,4,'10759975249',4,'2026-07-08 00:10:41'),(991,4,'10759975249',4,'2026-07-08 00:16:06'),(992,4,'10759975249',4,'2026-07-08 00:37:40'),(993,1,'10468523731',26,'2026-07-08 08:00:40'),(994,1,'10468523731',26,'2026-07-08 08:08:44'),(995,1,'10468523731',26,'2026-07-08 09:15:49'),(996,1,'10468523731',26,'2026-07-08 10:24:49'),(997,1,'10468523731',26,'2026-07-08 10:28:22'),(998,1,'10448331101',9,'2026-07-08 11:14:38'),(999,1,'10468523731',26,'2026-07-08 12:37:34'),(1000,1,'10468523731',26,'2026-07-08 12:57:19'),(1001,1,'10448547723',2,'2026-07-08 14:15:22'),(1002,1,'20613303643',25,'2026-07-08 14:30:34'),(1003,1,'10468523731',26,'2026-07-08 15:45:17'),(1004,1,NULL,0,'2026-07-08 15:49:28'),(1005,1,'10101131250',0,'2026-07-08 16:24:33'),(1006,1,'20616088239',27,'2026-07-08 20:13:40'),(1007,1,'00000000000',3,'2026-07-09 10:50:30'),(1008,1,'10468523731',26,'2026-07-09 11:08:32'),(1009,1,'10468523731',26,'2026-07-09 11:51:35'),(1010,1,'10468523731',26,'2026-07-09 14:29:19'),(1011,1,'10468523731',26,'2026-07-09 14:29:22'),(1012,1,'10468523731',26,'2026-07-09 14:29:31'),(1013,1,'20616088239',27,'2026-07-09 16:46:48'),(1014,1,'10465979327',11,'2026-07-09 18:51:43'),(1015,1,'10448547723',2,'2026-07-09 19:00:00'),(1016,1,'10468523731',26,'2026-07-10 08:52:27'),(1017,1,'10468523731',26,'2026-07-10 10:16:21'),(1018,1,'10468523731',26,'2026-07-10 10:16:22'),(1019,1,'10465979327',11,'2026-07-10 10:34:47'),(1020,1,'00000000000',3,'2026-07-10 10:54:31'),(1021,1,'10468523731',26,'2026-07-10 13:42:57'),(1022,1,'10468523731',26,'2026-07-10 14:14:52'),(1023,1,'10468523731',26,'2026-07-10 14:52:53'),(1024,1,'10468523731',26,'2026-07-10 15:04:38'),(1025,1,'10468523731',26,'2026-07-10 18:06:12'),(1026,1,'10468523731',26,'2026-07-10 18:17:15'),(1027,1,'10468523731',26,'2026-07-10 19:31:10'),(1028,1,'10101131250',0,'2026-07-10 20:40:53'),(1029,1,'10465979327',11,'2026-07-10 21:42:35'),(1030,1,'10465979327',11,'2026-07-10 21:47:19'),(1031,1,'10465979327',11,'2026-07-10 21:47:34'),(1032,1,'10468523731',26,'2026-07-11 07:37:48'),(1033,1,'10468523731',26,'2026-07-11 07:37:51'),(1034,1,'10468523731',26,'2026-07-11 08:11:34'),(1035,1,'10468523731',26,'2026-07-11 08:41:33'),(1036,1,'10101131250',0,'2026-07-11 10:13:22'),(1037,1,'10468523731',26,'2026-07-11 10:33:02'),(1038,1,'10468523731',26,'2026-07-11 10:35:54'),(1039,1,'10468523731',26,'2026-07-11 11:51:52'),(1040,1,'10468523731',26,'2026-07-11 11:58:42'),(1041,1,'10101131250',0,'2026-07-11 13:22:20'),(1042,1,'10468523731',26,'2026-07-11 13:40:16'),(1043,1,'10468523731',26,'2026-07-11 15:11:56'),(1044,1,'10448547723',2,'2026-07-11 18:35:22'),(1045,1,'10468523731',26,'2026-07-11 19:09:13'),(1046,1,'10468523731',26,'2026-07-12 07:10:10'),(1047,1,'10468523731',26,'2026-07-12 09:06:58'),(1048,1,'10468523731',26,'2026-07-12 09:15:20'),(1049,1,'10468523731',26,'2026-07-12 09:26:05'),(1050,1,'10468523731',26,'2026-07-12 09:31:15'),(1051,1,'10468523731',26,'2026-07-12 09:34:12'),(1052,1,'10468523731',26,'2026-07-12 10:02:25'),(1053,1,'10468523731',26,'2026-07-12 11:01:31'),(1054,1,'10468523731',26,'2026-07-12 11:52:15'),(1055,1,'10448547723',2,'2026-07-12 12:44:31'),(1056,1,'20605237500',5,'2026-07-12 13:04:19'),(1057,1,'10468523731',26,'2026-07-12 14:15:53'),(1058,1,'10468523731',26,'2026-07-12 15:24:23'),(1059,1,'20613303643',25,'2026-07-12 15:26:48'),(1060,1,'10468523731',26,'2026-07-12 15:26:56'),(1061,1,'10468523731',26,'2026-07-12 15:43:35'),(1062,1,'20613303643',25,'2026-07-12 15:44:52'),(1063,1,'10468523731',26,'2026-07-12 15:48:44'),(1064,1,'10465979327',11,'2026-07-12 16:18:57'),(1065,1,'10448547723',2,'2026-07-12 16:48:53'),(1066,1,'10468523731',26,'2026-07-12 17:24:33'),(1067,1,'10468523731',26,'2026-07-12 18:05:02'),(1068,1,'10468523731',26,'2026-07-12 19:50:46'),(1069,1,'10448547723',2,'2026-07-12 21:22:18'),(1070,1,'10468523731',26,'2026-07-13 07:33:42'),(1071,1,'10101131250',0,'2026-07-13 09:58:45'),(1072,1,'10101131250',0,'2026-07-13 10:32:38'),(1073,1,'10468523731',26,'2026-07-13 10:55:00'),(1074,1,'10468523731',26,'2026-07-13 11:04:20'),(1075,1,'10468523731',26,'2026-07-13 11:51:46'),(1076,1,'10468523731',26,'2026-07-13 12:46:33'),(1077,1,'10468523731',26,'2026-07-13 13:19:51'),(1078,1,'10468523731',26,'2026-07-13 13:44:50'),(1079,1,'10465979327',11,'2026-07-13 19:23:21'),(1080,1,'10468523731',26,'2026-07-13 19:40:53'),(1081,1,'10465979327',11,'2026-07-13 19:50:27'),(1082,1,'10468523731',26,'2026-07-13 20:23:17'),(1083,1,'10468523731',26,'2026-07-13 20:34:54'),(1084,1,'10465979327',11,'2026-07-13 21:23:41'),(1085,1,'10468523731',26,'2026-07-14 08:10:37'),(1086,1,'10468523731',26,'2026-07-14 08:11:28'),(1087,1,'10468523731',26,'2026-07-14 08:11:57'),(1088,1,'10465979327',11,'2026-07-14 09:14:05'),(1089,1,'10468523731',26,'2026-07-14 09:49:02'),(1090,1,'10468523731',26,'2026-07-14 10:58:24'),(1091,1,'10468523731',26,'2026-07-14 12:16:53'),(1092,1,'10468523731',26,'2026-07-14 12:38:51'),(1093,1,'10468523731',26,'2026-07-14 14:59:22'),(1094,1,'10468523731',26,'2026-07-14 15:16:34'),(1095,1,'10448547723',2,'2026-07-14 16:05:00'),(1096,1,'10101131250',0,'2026-07-14 16:58:49'),(1097,1,'10468523731',26,'2026-07-14 18:15:35'),(1098,1,'10465979327',11,'2026-07-14 20:42:48'),(1099,1,'20613303643',25,'2026-07-14 23:39:44'),(1100,1,'10448547723',2,'2026-07-15 08:11:02'),(1101,1,'10468523731',26,'2026-07-15 08:12:21'),(1102,1,'10468523731',26,'2026-07-15 08:12:23'),(1103,1,'10468523731',26,'2026-07-15 08:28:10'),(1104,1,'10468523731',26,'2026-07-15 08:32:20'),(1105,1,'10448547723',2,'2026-07-15 08:49:35'),(1106,1,'10468523731',26,'2026-07-15 09:35:30'),(1107,1,'10468523731',26,'2026-07-15 09:39:46'),(1108,1,'10465979327',11,'2026-07-15 11:11:34'),(1109,1,'10465979327',11,'2026-07-15 11:11:36'),(1110,1,'10468523731',26,'2026-07-15 11:48:40'),(1111,1,'10468523731',26,'2026-07-15 11:58:12'),(1112,1,'10468523731',26,'2026-07-15 12:58:24'),(1113,1,'10468523731',26,'2026-07-15 14:06:24'),(1114,1,'10468523731',26,'2026-07-15 15:15:00'),(1115,1,'10468523731',26,'2026-07-15 15:34:17'),(1116,1,'10468523731',26,'2026-07-15 15:34:39'),(1117,1,'10468523731',26,'2026-07-15 16:00:37'),(1118,1,'10465979327',11,'2026-07-15 16:43:13'),(1119,1,'10468523731',26,'2026-07-15 17:22:50'),(1120,1,'10448547723',2,'2026-07-15 18:05:31'),(1121,1,'10448547723',2,'2026-07-15 19:43:24'),(1122,1,'20616088239',27,'2026-07-15 21:00:37'),(1123,1,'10468523731',26,'2026-07-16 08:44:43'),(1124,1,'20611371072',10,'2026-07-16 09:27:05'),(1125,1,'20605237500',5,'2026-07-16 13:11:23'),(1126,1,'10101131250',0,'2026-07-16 13:44:20'),(1127,1,'10468523731',26,'2026-07-16 14:41:29'),(1128,1,'20616088239',27,'2026-07-16 15:02:38'),(1129,1,'10468523731',26,'2026-07-16 16:15:11'),(1130,1,'10468523731',26,'2026-07-16 19:14:12'),(1131,1,'10468523731',26,'2026-07-16 20:56:13'),(1132,1,'10465979327',11,'2026-07-16 21:40:49'),(1133,1,NULL,0,'2026-07-17 12:13:54'),(1134,1,'10087099780',28,'2026-07-17 12:45:32'),(1135,1,'10468523731',26,'2026-07-17 16:04:08'),(1136,1,'00000000000',3,'2026-07-17 16:46:19'),(1137,1,'10101131250',0,'2026-07-17 17:53:13'),(1138,1,'10468523731',26,'2026-07-17 18:38:42'),(1139,1,'10468523731',26,'2026-07-18 08:21:30'),(1140,1,'10465979327',11,'2026-07-18 08:52:18'),(1141,1,'10468523731',26,'2026-07-18 09:50:45'),(1142,1,'20605237500',5,'2026-07-18 11:38:26'),(1143,1,'10468523731',26,'2026-07-18 14:52:14'),(1144,1,'10468523731',26,'2026-07-18 14:52:30'),(1145,1,'10468523731',26,'2026-07-18 14:52:31'),(1146,1,'10468523731',26,'2026-07-18 14:52:32'),(1147,1,'10101131250',0,'2026-07-18 15:46:35'),(1148,1,'10468523731',26,'2026-07-18 16:15:26'),(1149,1,'10468523731',26,'2026-07-18 16:55:24'),(1150,1,'10468523731',26,'2026-07-18 16:55:25'),(1151,1,'10468523731',26,'2026-07-18 17:47:31'),(1152,1,'10465979327',11,'2026-07-18 18:02:40'),(1153,1,'10465979327',11,'2026-07-18 18:06:24'),(1154,1,'10468523731',26,'2026-07-18 18:44:04'),(1155,1,'10448547723',2,'2026-07-18 20:47:57'),(1156,1,'10468523731',26,'2026-07-19 11:28:05'),(1157,1,'10468523731',26,'2026-07-19 12:06:49'),(1158,1,'10465979327',11,'2026-07-19 13:06:56'),(1159,1,'10465979327',11,'2026-07-19 16:45:44'),(1160,1,'10465979327',11,'2026-07-19 18:31:33'),(1161,1,'10468523731',26,'2026-07-20 08:16:51'),(1162,1,'10468523731',26,'2026-07-20 09:59:05'),(1163,1,'10101131250',0,'2026-07-20 10:18:39'),(1164,1,'10465979327',11,'2026-07-20 12:00:36'),(1165,1,'10465979327',11,'2026-07-20 12:00:53'),(1166,1,'10465979327',11,'2026-07-20 12:03:23'),(1167,1,'10465979327',11,'2026-07-20 12:29:18'),(1168,1,'10101131250',0,'2026-07-20 14:02:21'),(1169,1,'10468523731',26,'2026-07-20 15:24:54'),(1170,1,'10468523731',26,'2026-07-20 15:30:41'),(1171,1,'10465979327',11,'2026-07-20 15:32:50'),(1172,1,'10101131250',0,'2026-07-20 16:50:37'),(1173,1,'10101131250',0,'2026-07-20 16:50:45'),(1174,1,NULL,0,'2026-07-20 19:18:44'),(1175,1,'10468523731',26,'2026-07-20 20:29:38'),(1176,4,'10759975249',4,'2026-07-21 00:07:49'),(1177,4,'10759975249',4,'2026-07-21 00:07:58'),(1178,1,'10101131250',0,'2026-07-21 13:55:49'),(1179,1,'20616088239',27,'2026-07-21 15:23:18'),(1180,1,'20616088239',27,'2026-07-21 15:26:48'),(1181,1,'20616088239',27,'2026-07-21 15:28:08'),(1182,1,'20616088239',27,'2026-07-21 15:33:42'),(1183,1,'20616088239',27,'2026-07-21 15:34:33'),(1184,1,'20616088239',27,'2026-07-21 15:35:58'),(1185,1,'20616088239',27,'2026-07-21 15:38:09'),(1186,1,'20616088239',27,'2026-07-21 15:40:38'),(1187,1,'20616088239',27,'2026-07-21 15:42:08'),(1188,1,'20616088239',27,'2026-07-21 15:44:53'),(1189,1,'20616088239',27,'2026-07-21 15:48:20'),(1190,1,'10468523731',26,'2026-07-21 15:48:35'),(1191,1,'10448547723',2,'2026-07-21 17:35:10'),(1192,1,'10101131250',0,'2026-07-21 18:00:47'),(1193,1,'20613997203',29,'2026-07-22 13:50:38'),(1194,1,'20613997203',29,'2026-07-22 13:51:37'),(1195,1,'10101131250',0,'2026-07-22 15:33:51'),(1196,1,'10448547723',2,'2026-07-22 16:45:26'),(1197,1,'10468523731',26,'2026-07-22 17:44:45'),(1198,1,'10468523731',26,'2026-07-22 19:08:34'),(1199,1,'10101131250',0,'2026-07-22 19:22:14'),(1200,1,'10468523731',26,'2026-07-22 19:22:49'),(1201,1,'10468523731',26,'2026-07-22 19:49:46'),(1202,1,'10468523731',26,'2026-07-22 20:15:47'),(1203,1,'10465979327',11,'2026-07-23 08:06:23'),(1204,1,'10468523731',26,'2026-07-23 09:25:30'),(1205,1,'10468523731',26,'2026-07-23 12:24:40'),(1206,1,'10101131250',0,'2026-07-23 13:17:31'),(1207,1,'10468523731',26,'2026-07-23 15:34:51'),(1208,1,'10468523731',26,'2026-07-23 19:31:21'),(1209,1,'10465979327',11,'2026-07-24 11:10:57'),(1210,1,'10448547723',2,'2026-07-24 11:44:45'),(1211,1,'20605237500',5,'2026-07-24 12:04:48'),(1212,1,'10468523731',26,'2026-07-24 16:19:32'),(1213,1,'10101131250',0,'2026-07-24 16:43:09'),(1214,1,'10468523731',26,'2026-07-24 17:30:03'),(1215,1,'10468523731',26,'2026-07-24 18:31:12'),(1216,1,'10468523731',26,'2026-07-24 18:52:06'),(1217,1,'10468523731',26,'2026-07-24 20:26:37'),(1218,1,'10448331101',9,'2026-07-24 22:11:43'),(1219,1,'10468523731',26,'2026-07-25 10:06:23'),(1220,1,'10465979327',11,'2026-07-25 10:08:31'),(1221,1,'10101131250',0,'2026-07-25 10:29:25'),(1222,1,'10465979327',11,'2026-07-25 11:55:04'),(1223,1,'10465979327',11,'2026-07-25 13:11:44'),(1224,1,'10468523731',26,'2026-07-25 14:56:29'),(1225,1,'10468523731',26,'2026-07-25 15:05:30'),(1226,1,'10468523731',26,'2026-07-25 15:19:34'),(1227,1,'10468523731',26,'2026-07-25 15:25:14'),(1228,1,'20613303643',25,'2026-07-25 15:36:36'),(1229,1,'10468523731',26,'2026-07-25 15:42:08'),(1230,1,'20613303643',25,'2026-07-25 15:55:10'),(1231,1,'10468523731',26,'2026-07-25 18:41:18'),(1232,1,'10468523731',26,'2026-07-26 08:14:52'),(1233,1,'10468523731',26,'2026-07-26 08:23:56'),(1234,1,'10468523731',26,'2026-07-26 08:43:37'),(1235,1,'10468523731',26,'2026-07-26 09:33:20'),(1236,1,'10468523731',26,'2026-07-26 09:37:30'),(1237,1,'10468523731',26,'2026-07-26 10:43:52'),(1238,1,'10468523731',26,'2026-07-26 10:43:54'),(1239,1,'10468523731',26,'2026-07-26 10:45:42'),(1240,1,'10468523731',26,'2026-07-26 10:49:18'),(1241,1,'20616088239',27,'2026-07-26 10:56:13'),(1242,1,'10468523731',26,'2026-07-26 11:30:42'),(1243,1,'10468523731',26,'2026-07-26 11:34:14'),(1244,1,'10468523731',26,'2026-07-26 11:38:07'),(1245,1,'10468523731',26,'2026-07-26 11:49:54'),(1246,1,'10468523731',26,'2026-07-26 12:20:05'),(1247,1,'10468523731',26,'2026-07-26 16:13:07'),(1248,1,'10448547723',2,'2026-07-26 17:20:57'),(1249,1,'10448547723',2,'2026-07-26 20:50:16'),(1250,1,'10465979327',11,'2026-07-26 22:00:15'),(1251,1,'20613303643',25,'2026-07-27 07:49:19'),(1252,1,'10087099780',28,'2026-07-27 12:55:36'),(1253,1,'10468523731',26,'2026-07-27 13:36:01'),(1254,1,'10468523731',26,'2026-07-27 14:30:12'),(1255,1,'10468523731',26,'2026-07-27 14:35:08'),(1256,1,'10468523731',26,'2026-07-27 14:37:45'),(1257,1,'10468523731',26,'2026-07-27 15:50:43'),(1258,1,'10468523731',26,'2026-07-27 15:52:50'),(1259,1,'10101131250',0,'2026-07-27 18:09:19'),(1260,1,'10468523731',26,'2026-07-27 18:12:37'),(1261,1,'10101131250',0,'2026-07-27 18:13:59'),(1262,1,'10468523731',26,'2026-07-27 18:30:03'),(1263,1,'10468523731',26,'2026-07-27 18:37:29'),(1264,1,'20605237500',5,'2026-07-27 18:49:19'),(1265,1,'10468523731',26,'2026-07-27 19:14:19'),(1266,1,'10448547723',2,'2026-07-27 19:34:46'),(1267,1,'10468523731',26,'2026-07-27 19:44:09'),(1268,1,'20611371072',10,'2026-07-28 08:50:52'),(1269,1,'10465979327',11,'2026-07-28 11:19:30'),(1270,1,'10101131250',0,'2026-07-28 13:07:53'),(1271,1,'10468523731',26,'2026-07-28 18:54:38'),(1272,1,'10468523731',26,'2026-07-28 18:55:04'),(1273,1,'10468523731',26,'2026-07-28 18:55:05'),(1274,1,'20613997203',29,'2026-07-28 21:47:18'),(1275,4,'10759975249',4,'2026-07-29 00:03:09'),(1276,4,'10759975249',4,'2026-07-29 00:03:22'),(1277,4,'10759975249',4,'2026-07-29 00:08:31'),(1278,4,'10759975249',4,'2026-07-29 00:28:38'),(1279,4,'10759975249',4,'2026-07-29 00:50:32'),(1280,4,'10759975249',4,'2026-07-29 00:50:32'),(1281,4,'10759975249',4,'2026-07-29 01:19:23'),(1282,4,'10759975249',4,'2026-07-29 02:07:24'),(1283,4,'10759975249',4,'2026-07-29 02:11:18'),(1284,4,'10759975249',4,'2026-07-29 02:14:13'),(1285,4,'10759975249',4,'2026-07-29 02:31:51'),(1286,4,'10759975249',4,'2026-07-29 02:59:40'),(1287,4,'10759975249',4,'2026-07-29 02:59:45'),(1288,4,'10759975249',4,'2026-07-29 06:15:32'),(1289,4,'10759975249',4,'2026-07-29 06:26:03'),(1290,4,'10759975249',4,'2026-07-29 06:33:54'),(1291,4,'10759975249',4,'2026-07-29 07:01:34'),(1292,4,'10468523731',26,'2026-07-29 07:13:01'),(1293,4,'10468523731',26,'2026-07-29 07:13:17'),(1294,4,'10759975249',4,'2026-07-29 07:14:02'),(1295,4,'10468523731',26,'2026-07-29 07:17:01'),(1296,4,'10448547723',2,'2026-07-29 07:19:39'),(1297,4,'10759975249',4,'2026-07-29 07:24:49'),(1298,4,'10465979327',11,'2026-07-29 07:29:44'),(1299,4,'10465979327',11,'2026-07-29 07:29:55'),(1300,4,'10465979327',11,'2026-07-29 07:30:14'),(1301,4,'10759975249',4,'2026-07-29 07:35:50'),(1302,4,'10468523731',26,'2026-07-29 07:49:39'),(1303,4,'10759975249',4,'2026-07-29 07:55:06'),(1304,4,'10468523731',26,'2026-07-29 08:00:22'),(1305,4,'10468523731',26,'2026-07-29 08:03:51'),(1306,4,'10759975249',4,'2026-07-29 08:12:54'),(1307,4,'10465979327',11,'2026-07-29 08:13:25'),(1308,1,'10448547723',2,'2026-07-29 08:31:01'),(1309,4,'10448547723',2,'2026-07-29 08:31:13'),(1310,4,'10465979327',11,'2026-07-29 08:32:54'),(1311,4,'10465979327',11,'2026-07-29 08:38:10'),(1312,4,'10465979327',11,'2026-07-29 08:39:07'),(1313,4,'10759975249',4,'2026-07-29 08:57:47'),(1314,4,'10759975249',4,'2026-07-29 08:57:52'),(1315,4,'10465979327',11,'2026-07-29 09:05:23'),(1316,4,'10465979327',11,'2026-07-29 09:17:00'),(1317,4,'20611371072',10,'2026-07-29 09:21:38'),(1318,4,'20611371072',10,'2026-07-29 09:22:00'),(1319,4,'20605237500',5,'2026-07-29 09:25:37'),(1320,4,'10468523731',26,'2026-07-29 09:26:17'),(1321,4,'10759975249',4,'2026-07-29 09:26:18'),(1322,4,'10759975249',4,'2026-07-29 09:26:25'),(1323,4,'10468523731',26,'2026-07-29 09:48:23'),(1324,1,'10101131250',0,'2026-07-29 11:09:13'),(1325,1,'20605237500',5,'2026-07-29 12:13:07'),(1326,1,'10448547723',2,'2026-07-29 16:33:17'),(1327,1,'10468523731',26,'2026-07-29 16:44:05'),(1328,1,'10468523731',26,'2026-07-29 16:57:47'),(1329,1,'10468523731',26,'2026-07-29 17:04:15'),(1330,1,'10468523731',26,'2026-07-29 18:39:14'),(1331,1,'10468523731',26,'2026-07-29 18:43:23'),(1332,1,'10468523731',26,'2026-07-29 19:13:23'),(1333,1,'10448547723',2,'2026-07-29 19:54:33'),(1334,1,'10468523731',26,'2026-07-29 20:12:15'),(1335,1,'10468523731',26,'2026-07-29 20:20:16'),(1336,1,'10468523731',26,'2026-07-30 10:21:14'),(1337,1,'10468523731',26,'2026-07-30 11:20:06'),(1338,1,'10468523731',26,'2026-07-30 12:32:44'),(1339,1,'10465979327',11,'2026-07-30 12:34:34'),(1340,1,'10468523731',26,'2026-07-30 13:30:02'),(1341,1,'10448547723',2,'2026-07-30 16:48:36'),(1342,1,'10448547723',2,'2026-07-30 17:57:15'),(1343,1,'00000000000',3,'2026-07-30 22:47:30'),(1344,4,'10759975249',4,'2026-07-31 00:03:31'),(1345,4,'10759975249',4,'2026-07-31 00:03:36'),(1346,4,'10759975249',4,'2026-07-31 00:07:58'),(1347,1,'10468523731',26,'2026-07-31 11:47:47'),(1348,1,'10468523731',26,'2026-07-31 17:42:19'),(1349,1,'10468523731',26,'2026-07-31 18:43:39'),(1350,1,'20613303643',25,'2026-07-31 19:18:00'),(1351,1,'20605237500',5,'2026-07-31 19:25:24'),(1352,1,'10465979327',11,'2026-07-31 20:08:52');
COMMIT;

-- Dumped table `track_api_peru_services` with 1352 row(s)
--

--
-- Table structure for table `users`
--

SET autocommit=0;
COMMIT;

-- Dumped table `users` with 1 row(s)
--

--
-- Table structure for table `websites`
--

CREATE TABLE `websites` (
  `id` bigint(20) unsigned NOT NULL AUTO_INCREMENT,
  `uuid` varchar(255) NOT NULL,
  `created_at` timestamp NULL DEFAULT NULL,
  `updated_at` timestamp NULL DEFAULT NULL,
  `deleted_at` timestamp NULL DEFAULT NULL,
  `managed_by_database_connection` varchar(255) DEFAULT NULL COMMENT 'References the database connection key in your database.php',
  PRIMARY KEY (`id`),
  UNIQUE KEY `websites_uuid_unique` (`uuid`)
) ENGINE=InnoDB AUTO_INCREMENT=38 DEFAULT CHARSET=utf8mb4 COLLATE=utf8mb4_unicode_ci;

--
-- Dumping data for table `websites`
--

SET autocommit=0;
INSERT INTO `websites` VALUES (2,'farmacia_miangelito','2025-12-27 11:25:21','2025-12-27 11:25:21',NULL,NULL),(3,'farmacia_demo','2025-12-27 11:50:55','2025-12-27 11:50:55',NULL,NULL),(4,'farmacia_boticabienestar','2025-12-27 17:22:20','2025-12-27 17:22:20',NULL,NULL),(5,'farmacia_sanfrancisco','2025-12-27 19:21:40','2025-12-27 19:21:40',NULL,NULL),(6,'farmacia_shaddai','2025-12-27 20:13:31','2025-12-27 20:13:31',NULL,NULL),(8,'farmacia_miangelito1','2025-12-27 23:11:10','2025-12-27 23:11:10',NULL,NULL),(9,'farmacia_angelito','2025-12-27 23:33:32','2025-12-27 23:33:32',NULL,NULL),(10,'farmacia_boticadiaz','2025-12-27 23:46:56','2025-12-27 23:46:56',NULL,NULL),(11,'farmacia_boticapedrito','2026-02-24 15:28:24','2026-02-24 15:28:24',NULL,NULL),(20,'farmacia_medic','2026-06-19 18:59:15','2026-06-19 18:59:15',NULL,NULL),(29,'farmacia_farmatodo','2026-06-21 10:52:45','2026-06-21 10:52:45',NULL,NULL),(30,'farmacia_mqn','2026-06-30 11:55:22','2026-06-30 11:55:22',NULL,NULL),(31,'farmacia_adela','2026-07-02 11:24:18','2026-07-02 11:24:18',NULL,NULL),(32,'farmacia_santdofar','2026-07-02 17:48:53','2026-07-02 17:48:53',NULL,NULL),(33,'farmacia_cuidarte','2026-07-03 15:14:38','2026-07-03 15:14:38',NULL,NULL),(34,'farmacia_lizfarma','2026-07-07 15:08:59','2026-07-07 15:08:59',NULL,NULL),(35,'farmacia_imperial','2026-07-08 15:50:06','2026-07-08 15:50:06',NULL,NULL),(36,'farmacia_vifarma','2026-07-17 12:15:11','2026-07-17 12:15:11',NULL,NULL),(37,'farmacia_biosalud','2026-07-20 19:21:26','2026-07-20 19:21:26',NULL,NULL);
COMMIT;

-- Dumped table `websites` with 19 row(s)
--


