(3376,'13.316582914573','8.13','276.66','7.86','2026-05-17 20:00:02','2026-05-17 20:00:02'),
(3377,'24.181360201511','8.13','214.38','7.92','2026-05-17 21:00:01','2026-05-17 21:00:01'),
(3378,'22.166246851385','8.13','315.17','7.82','2026-05-17 22:00:01','2026-05-17 22:00:01'),
(3379,'11.779448621554','8.13','327.67','7.8','2026-05-17 23:00:02','2026-05-17 23:00:02'),
(3380,'5.2896725440806','8.13','354.07','7.78','2026-05-18 00:00:02','2026-05-18 00:00:02'),
(3381,'21.464646464646','8.13','312.32','7.82','2026-05-18 01:00:02','2026-05-18 01:00:02'),
(3382,'23.057644110276','8.13','321.33','7.81','2026-05-18 02:00:02','2026-05-18 02:00:02'),
(3383,'17.085427135678','8.13','320.01','7.81','2026-05-18 03:00:01','2026-05-18 03:00:01'),
(3384,'11.05527638191','8.13','323.87','7.81','2026-05-18 04:00:01','2026-05-18 04:00:01'),
(3385,'24.242424242424','8.13','298.03','7.83','2026-05-18 05:00:02','2026-05-18 05:00:02'),
(3386,'7.7889447236181','8.13','302.98','7.83','2026-05-18 06:00:01','2026-05-18 06:00:01'),
(3387,'6.78391959799','8.13','222.73','7.91','2026-05-18 07:00:02','2026-05-18 07:00:02'),
(3388,'8.5427135678392','8.13','219.96','7.91','2026-05-18 08:00:01','2026-05-18 08:00:01'),
(3389,'10.579345088161','8.13','216.92','7.92','2026-05-18 09:00:02','2026-05-18 09:00:02'),
(3390,'17.085427135678','8.13','301.57','7.83','2026-05-18 10:00:02','2026-05-18 10:00:02'),
(3391,'13.60201511335','8.13','238.69','7.89','2026-05-18 11:00:02','2026-05-18 11:00:02'),
(3392,'12.311557788945','8.13','363.71','7.77','2026-05-18 12:00:02','2026-05-18 12:00:02'),
(3393,'22.613065326633','8.13','210.71','7.92','2026-05-18 13:00:01','2026-05-18 13:00:01'),
(3394,'9.5717884130982','8.13','283.74','7.85','2026-05-18 14:00:02','2026-05-18 14:00:02'),
(3395,'13.819095477387','8.13','232.12','7.9','2026-05-18 15:00:01','2026-05-18 15:00:01'),
(3396,'13.350125944584','8.13','234.94','7.9','2026-05-18 16:00:02','2026-05-18 16:00:02'),
(3397,'25.188916876574','8.13','190.1','7.94','2026-05-18 17:00:02','2026-05-18 17:00:02'),
(3398,'19.949494949495','8.13','164.13','7.97','2026-05-18 18:00:02','2026-05-18 18:00:02'),
(3399,'17.8391959799','8.13','257.12','7.88','2026-05-18 19:00:02','2026-05-18 19:00:02'),
(3400,'13.888888888889','8.13','320.73','7.81','2026-05-18 20:00:01','2026-05-18 20:00:01'),
(3401,'24.371859296482','8.13','412.48','7.72','2026-05-18 21:00:01','2026-05-18 21:00:01'),
(3402,'2.7568922305764','8.13','327.25','7.8','2026-05-18 22:00:01','2026-05-18 22:00:01'),
(3403,'4.2821158690176','8.13','196.83','7.94','2026-05-18 23:00:01','2026-05-18 23:00:01'),
(3404,'5.2896725440806','8.13','237.16','7.89','2026-05-19 00:00:02','2026-05-19 00:00:02'),
(3405,'9.7744360902256','8.13','246.09','7.89','2026-05-19 01:00:01','2026-05-19 01:00:01'),
(3406,'7.035175879397','8.13','309.8','7.82','2026-05-19 02:00:02','2026-05-19 02:00:02'),
(3407,'21.662468513854','8.13','284.93','7.85','2026-05-19 03:00:02','2026-05-19 03:00:02'),
(3408,'22.613065326633','8.13','300.77','7.83','2026-05-19 04:00:02','2026-05-19 04:00:02'),
(3409,'15.075376884422','8.13','287.29','7.84','2026-05-19 05:00:02','2026-05-19 05:00:02'),
(3410,'21.804511278195','8.13','240.48','7.89','2026-05-19 06:00:01','2026-05-19 06:00:01'),
(3411,'23.869346733668','8.13','215.09','7.92','2026-05-19 07:00:02','2026-05-19 07:00:02'),
(3412,'5.5137844611529','8.13','191.66','7.94','2026-05-19 08:00:01','2026-05-19 08:00:01'),
(3413,'0.25062656641605','8.13','235.21','7.9','2026-05-19 09:00:01','2026-05-19 09:00:01'),
(3414,'12.75','8.13','171.34','7.96','2026-05-19 10:00:01','2026-05-19 10:00:01'),
(3415,'5.75','8.13','255.43','7.88','2026-05-19 11:00:01','2026-05-19 11:00:01'),
(3416,'0.5','8.13','250.24','7.88','2026-05-19 12:00:01','2026-05-19 12:00:01'),
(3417,'16.45885286783','8.13','217.85','7.91','2026-05-19 13:00:01','2026-05-19 13:00:01'),
(3418,'4.2713567839196','8.13','301.92','7.83','2026-05-19 14:00:01','2026-05-19 14:00:01'),
(3419,'3.2418952618454','8.13','228.36','7.9','2026-05-19 15:00:01','2026-05-19 15:00:01'),
(3420,'14.53634085213','8.13','169.88','7.96','2026-05-19 16:00:01','2026-05-19 16:00:01'),
(3421,'3.5087719298246','8.13','212.75','7.92','2026-05-19 17:00:01','2026-05-19 17:00:01'),
(3422,'0.50125313283208','8.13','228.04','7.9','2026-05-19 18:00:01','2026-05-19 18:00:01'),
(3423,'18.546365914787','8.13','253.41','7.88','2026-05-19 19:00:01','2026-05-19 19:00:01'),
(3424,'38.539042821159','8.13','132.86','8','2026-05-19 20:00:01','2026-05-19 20:00:01'),
(3425,'5.0251256281407','8.13','267.54','7.86','2026-05-19 21:00:01','2026-05-19 21:00:01'),
(3426,'7.5187969924812','8.13','301.33','7.83','2026-05-19 22:00:01','2026-05-19 22:00:01'),
(3427,'9.5477386934673','8.13','378.25','7.75','2026-05-19 23:00:01','2026-05-19 23:00:01'),
(3428,'11.809045226131','8.13','334.46','7.8','2026-05-20 00:00:01','2026-05-20 00:00:01'),
(3429,'1.5','8.13','344.64','7.79','2026-05-20 01:00:01','2026-05-20 01:00:01'),
(3430,'2.75','8.13','249.87','7.88','2026-05-20 02:00:01','2026-05-20 02:00:01'),
(3431,'9.7989949748744','8.13','264.22','7.87','2026-05-20 03:00:01','2026-05-20 03:00:01'),
(3432,'0.5','8.13','266.27','7.87','2026-05-20 04:00:01','2026-05-20 04:00:01'),
(3433,'14.572864321608','8.13','249.51','7.88','2026-05-20 05:00:01','2026-05-20 05:00:01'),
(3434,'0.25125628140704','8.13','244.47','7.89','2026-05-20 06:00:01','2026-05-20 06:00:01'),
(3435,'10.77694235589','8.13','179.55','7.95','2026-05-20 07:00:01','2026-05-20 07:00:01'),
(3436,'5.2631578947368','8.13','270.28','7.86','2026-05-20 08:00:01','2026-05-20 08:00:01'),
(3437,'0.50125313283208','8.13','387.28','7.74','2026-05-20 09:00:01','2026-05-20 09:00:01'),
(3438,'3.2581453634085','8.13','130.97','8','2026-05-20 10:00:01','2026-05-20 10:00:01'),
(3439,'15.561224489796','8.13','321.94','7.81','2026-05-20 11:00:01','2026-05-20 11:00:01'),
(3440,'0.50125313283208','8.13','173.31','7.96','2026-05-20 12:00:01','2026-05-20 12:00:01'),
(3441,'16.08040201005','8.13','198.22','7.93','2026-05-20 13:00:01','2026-05-20 13:00:01'),
(3442,'3.5264483627204','8.13','141.52','7.99','2026-05-20 14:00:01','2026-05-20 14:00:01'),
(3443,'0.25125628140704','8.13','210.35','7.92','2026-05-20 15:00:01','2026-05-20 15:00:01'),
(3444,'3.75','8.13','310.14','7.82','2026-05-20 16:00:01','2026-05-20 16:00:01'),
(3445,'3','8.13','418.96','7.71','2026-05-20 17:00:01','2026-05-20 17:00:01'),
(3446,'25.935162094763','8.13','157.28','7.97','2026-05-20 18:00:01','2026-05-20 18:00:01'),
(3447,'5','8.13','223.12','7.91','2026-05-20 19:00:01','2026-05-20 19:00:01'),
(3448,'4.0201005025126','8.13','373.72','7.76','2026-05-20 20:00:01','2026-05-20 20:00:01'),
(3449,'0.5','8.13','397.8','7.73','2026-05-20 21:00:01','2026-05-20 21:00:01'),
(3450,'1','8.13','391.63','7.74','2026-05-20 22:00:01','2026-05-20 22:00:01'),
(3451,'1.7587939698493','8.13','208.07','7.92','2026-05-20 23:00:01','2026-05-20 23:00:01'),
(3452,'13.383838383838','8.13','157.72','7.97','2026-05-21 00:00:01','2026-05-21 00:00:01'),
(3453,'0.75187969924812','8.13','209.78','7.92','2026-05-21 01:00:01','2026-05-21 01:00:01'),
(3454,'14.53634085213','8.13','209.42','7.92','2026-05-21 02:00:01','2026-05-21 02:00:01'),
(3455,'0.25125628140704','8.13','266.13','7.87','2026-05-21 03:00:01','2026-05-21 03:00:01'),
(3456,'6.25','8.13','302.1','7.83','2026-05-21 04:00:01','2026-05-21 04:00:01'),
(3457,'6.5491183879093','8.13','302.11','7.83','2026-05-21 05:00:01','2026-05-21 05:00:01'),
(3458,'4.25','8.13','288.12','7.84','2026-05-21 06:00:01','2026-05-21 06:00:01'),
(3459,'10.25','8.13','297.19','7.83','2026-05-21 07:00:02','2026-05-21 07:00:02'),
(3460,'8.75','8.13','233.24','7.9','2026-05-21 08:00:01','2026-05-21 08:00:01'),
(3461,'4.5226130653266','8.13','285.54','7.85','2026-05-21 09:00:01','2026-05-21 09:00:01'),
(3462,'0.50251256281408','8.13','2.8','5.33','2026-05-21 10:00:01','2026-05-21 10:00:01'),
(3463,'23.425692695214','8.13','2.7','5.43','2026-05-21 11:00:01','2026-05-21 11:00:01'),
(3464,'14.936708860759','8.13','2.57','5.56','2026-05-21 12:00:01','2026-05-21 12:00:01'),
(3465,'15.113350125945','8.13','2.82','5.32','2026-05-21 13:00:01','2026-05-21 13:00:01'),
(3466,'18.686868686869','8.13','2.43','5.7','2026-05-21 14:00:01','2026-05-21 14:00:01'),
(3467,'1.75','8.13','2.27','5.86','2026-05-21 15:00:01','2026-05-21 15:00:01'),
(3468,'9.3908629441624','8.13','2.14','6','2026-05-21 16:00:01','2026-05-21 16:00:01'),
(3469,'34.010152284264','8.13','2.21','5.93','2026-05-21 17:00:01','2026-05-21 17:00:01'),
(3470,'14.321608040201','8.13','2.23','5.9','2026-05-21 18:00:01','2026-05-21 18:00:01'),
(3471,'17.632241813602','8.13','2.07','6.06','2026-05-21 19:00:01','2026-05-21 19:00:01'),
(3472,'8.7719298245614','8.13','1.99','6.14','2026-05-21 20:00:01','2026-05-21 20:00:01'),
(3473,'8.0402010050251','8.13','1.95','6.19','2026-05-21 21:00:01','2026-05-21 21:00:01'),
(3474,'4.7738693467337','8.13','2.12','6.01','2026-05-21 22:00:01','2026-05-21 22:00:01'),
(3475,'7.5','8.13','2.13','6','2026-05-21 23:00:01','2026-05-21 23:00:01'),
(3476,'0.25062656641605','8.13','2.1','6.04','2026-05-22 00:00:01','2026-05-22 00:00:01'),
(3477,'0.75','8.13','1.79','6.34','2026-05-22 01:00:01','2026-05-22 01:00:01'),
(3478,'11.335012594458','8.13','1.69','6.44','2026-05-22 02:00:01','2026-05-22 02:00:01'),
(3479,'3.2745591939547','8.13','1.68','6.45','2026-05-22 03:00:01','2026-05-22 03:00:01'),
(3480,'6.25','8.13','1.67','6.46','2026-05-22 04:00:01','2026-05-22 04:00:01'),
(3481,'11.335012594458','8.13','1.64','6.49','2026-05-22 05:00:01','2026-05-22 05:00:01'),
(3482,'0.74812967581047','8.13','1.68','6.45','2026-05-22 06:00:01','2026-05-22 06:00:01'),
(3483,'17.587939698492','8.13','1.54','6.59','2026-05-22 07:00:01','2026-05-22 07:00:01'),
(3484,'13.705583756345','8.13','1.67','6.46','2026-05-22 08:00:01','2026-05-22 08:00:01'),
(3485,'1.0025062656642','8.13','1.51','6.62','2026-05-22 09:00:01','2026-05-22 09:00:01'),
(3486,'28.282828282828','8.13','1.43','6.7','2026-05-22 10:00:01','2026-05-22 10:00:01'),
(3487,'16.08040201005','8.13','1.53','6.6','2026-05-22 11:00:01','2026-05-22 11:00:01'),
(3488,'6.015037593985','8.13','1.47','6.66','2026-05-22 12:00:01','2026-05-22 12:00:01'),
(3489,'5.2763819095477','8.13','1.42','6.72','2026-05-22 13:00:01','2026-05-22 13:00:01'),
(3490,'6.5326633165829','8.13','1.43','6.71','2026-05-22 14:00:01','2026-05-22 14:00:01'),
(3491,'11.557788944724','8.13','1.31','6.82','2026-05-22 15:00:01','2026-05-22 15:00:01'),
(3492,'10.275689223058','8.13','1.29','6.84','2026-05-22 16:00:01','2026-05-22 16:00:01'),
(3493,'2.0050125313283','8.13','1.29','6.84','2026-05-22 17:00:01','2026-05-22 17:00:01'),
(3494,'0.25062656641605','8.13','1.23','6.9','2026-05-22 18:00:01','2026-05-22 18:00:01'),
(3495,'0.75','8.13','948.9','7.18','2026-05-22 19:00:01','2026-05-22 19:00:01'),
(3496,'17.042606516291','8.13','953.93','7.18','2026-05-22 20:00:01','2026-05-22 20:00:01'),
(3497,'0.50251256281408','8.13','950.34','7.18','2026-05-22 21:00:01','2026-05-22 21:00:01'),
(3498,'2.2556390977444','8.13','779.94','7.35','2026-05-22 22:00:01','2026-05-22 22:00:01'),
(3499,'5.5276381909548','8.13','837.86','7.29','2026-05-22 23:00:01','2026-05-22 23:00:01'),
(3500,'0.50251256281408','8.13','739.47','7.39','2026-05-23 00:00:01','2026-05-23 00:00:01'),
(3501,'16.834170854271','8.13','823.37','7.31','2026-05-23 01:00:01','2026-05-23 01:00:01'),
(3502,'11.278195488722','8.13','813.4','7.32','2026-05-23 02:00:01','2026-05-23 02:00:01'),
(3503,'16.120906801008','8.13','799.19','7.33','2026-05-23 03:00:01','2026-05-23 03:00:01'),
(3504,'0.50125313283208','8.13','786.28','7.35','2026-05-23 04:00:01','2026-05-23 04:00:01'),
(3505,'9.7744360902256','8.13','802.14','7.33','2026-05-23 05:00:01','2026-05-23 05:00:01'),
(3506,'9.5477386934673','8.13','824.16','7.31','2026-05-23 06:00:01','2026-05-23 06:00:01'),
(3507,'0.25062656641605','8.13','723.9','7.41','2026-05-23 07:00:01','2026-05-23 07:00:01'),
(3508,'2.5125628140703','8.13','700.58','7.43','2026-05-23 08:00:01','2026-05-23 08:00:01'),
(3509,'5.7788944723618','8.13','668.74','7.46','2026-05-23 09:00:01','2026-05-23 09:00:01'),
(3510,'13.5','8.13','671.94','7.46','2026-05-23 10:00:01','2026-05-23 10:00:01'),
(3511,'17.794486215539','8.13','738.11','7.39','2026-05-23 11:00:01','2026-05-23 11:00:01'),
(3512,'0','8.13','678.43','7.45','2026-05-23 12:00:01','2026-05-23 12:00:01'),
(3513,'13.56783919598','8.13','671.08','7.46','2026-05-23 13:00:01','2026-05-23 13:00:01'),
(3514,'15.789473684211','8.13','705.19','7.43','2026-05-23 14:00:01','2026-05-23 14:00:01'),
(3515,'18.341708542714','8.13','584.52','7.55','2026-05-23 15:00:01','2026-05-23 15:00:01'),
(3516,'0.25062656641605','8.13','615.8','7.52','2026-05-23 16:00:01','2026-05-23 16:00:01'),
(3517,'18.295739348371','8.13','565.85','7.57','2026-05-23 17:00:01','2026-05-23 17:00:01'),
(3518,'18.939393939394','8.13','536.34','7.6','2026-05-23 18:00:01','2026-05-23 18:00:01'),
(3519,'11.083123425693','8.13','561.46','7.57','2026-05-23 19:00:01','2026-05-23 19:00:01'),
(3520,'1','8.13','919.8','7.21','2026-05-23 20:00:01','2026-05-23 20:00:01'),
(3521,'1.0025062656642','8.13','872.17','7.26','2026-05-23 21:00:01','2026-05-23 21:00:01'),
(3522,'3.0075187969925','8.13','973.46','7.16','2026-05-23 22:00:01','2026-05-23 22:00:01'),
(3523,'18.295739348371','8.13','955.39','7.18','2026-05-23 23:00:01','2026-05-23 23:00:01'),
(3524,'0.5','8.13','944.97','7.19','2026-05-24 00:00:01','2026-05-24 00:00:01'),
(3525,'10.07556675063','8.13','990.56','7.14','2026-05-24 01:00:01','2026-05-24 01:00:01'),
(3526,'15.5','8.13','908.14','7.22','2026-05-24 02:00:01','2026-05-24 02:00:01'),
(3527,'0.50125313283208','8.13','923.4','7.21','2026-05-24 03:00:01','2026-05-24 03:00:01'),
(3528,'12.781954887218','8.13','925.25','7.21','2026-05-24 04:00:01','2026-05-24 04:00:01'),
(3529,'0.25062656641605','8.13','928.74','7.2','2026-05-24 05:00:01','2026-05-24 05:00:01'),
(3530,'0.25125628140704','8.13','928.78','7.2','2026-05-24 06:00:01','2026-05-24 06:00:01'),
(3531,'5','8.13','828.26','7.3','2026-05-24 07:00:01','2026-05-24 07:00:01'),
(3532,'19.143576826196','8.13','835.13','7.3','2026-05-24 08:00:01','2026-05-24 08:00:01'),
(3533,'2.5','8.13','761.4','7.37','2026-05-24 09:00:01','2026-05-24 09:00:01'),
(3534,'12.03007518797','8.13','759.81','7.37','2026-05-24 10:00:01','2026-05-24 10:00:01'),
(3535,'0.25125628140704','8.13','706.91','7.43','2026-05-24 11:00:01','2026-05-24 11:00:01'),
(3536,'10.77694235589','8.13','729.62','7.4','2026-05-24 12:00:01','2026-05-24 12:00:01'),
(3537,'15.288220551378','8.13','756.67','7.38','2026-05-24 13:00:01','2026-05-24 13:00:01'),
(3538,'11.586901763224','8.13','748.95','7.38','2026-05-24 14:00:01','2026-05-24 14:00:01'),
(3539,'9.0452261306533','8.13','775.12','7.36','2026-05-24 15:00:01','2026-05-24 15:00:01'),
(3540,'17.085427135678','8.13','769.23','7.36','2026-05-24 16:00:01','2026-05-24 16:00:01'),
(3541,'3.030303030303','8.13','703.12','7.43','2026-05-24 17:00:01','2026-05-24 17:00:01'),
(3542,'8.2914572864322','8.13','607.54','7.52','2026-05-24 18:00:01','2026-05-24 18:00:01'),
(3543,'0.75','8.13','582.35','7.55','2026-05-24 19:00:01','2026-05-24 19:00:01'),
(3544,'11.528822055138','8.13','711.53','7.42','2026-05-24 20:00:01','2026-05-24 20:00:01'),
(3545,'0.25125628140704','8.13','615.26','7.52','2026-05-24 21:00:01','2026-05-24 21:00:01'),
(3546,'1.2562814070352','8.13','795.75','7.34','2026-05-24 22:00:01','2026-05-24 22:00:01'),
(3547,'2.25','8.13','747.14','7.38','2026-05-24 23:00:01','2026-05-24 23:00:01'),
(3548,'14.105793450882','8.13','752.33','7.38','2026-05-25 00:00:01','2026-05-25 00:00:01'),
(3549,'0.50125313283208','8.13','745.27','7.39','2026-05-25 01:00:01','2026-05-25 01:00:01'),
(3550,'10.25','8.13','742.47','7.39','2026-05-25 02:00:01','2026-05-25 02:00:01'),
(3551,'3.5175879396985','8.13','701.69','7.43','2026-05-25 03:00:01','2026-05-25 03:00:01'),
(3552,'0.50125313283208','8.13','687.47','7.44','2026-05-25 04:00:01','2026-05-25 04:00:01'),
(3553,'0.5','8.13','683.79','7.45','2026-05-25 05:00:01','2026-05-25 05:00:01'),
(3554,'15.326633165829','8.13','680.16','7.45','2026-05-25 06:00:01','2026-05-25 06:00:01'),
(3555,'11.528822055138','8.13','609.75','7.52','2026-05-25 07:00:01','2026-05-25 07:00:01'),
(3556,'16.08040201005','8.13','562.01','7.57','2026-05-25 08:00:01','2026-05-25 08:00:01'),
(3557,'0.25125628140704','8.13','518.3','7.61','2026-05-25 09:00:01','2026-05-25 09:00:01'),
(3558,'5.5276381909548','8.13','595.31','7.54','2026-05-25 10:00:01','2026-05-25 10:00:01'),
(3559,'7.0528967254408','8.13','435.22','7.7','2026-05-25 11:00:01','2026-05-25 11:00:01'),
(3560,'6.8181818181818','8.13','449.04','7.68','2026-05-25 12:00:01','2026-05-25 12:00:01'),
(3561,'10.75','8.13','491.93','7.64','2026-05-25 13:00:01','2026-05-25 13:00:01'),
(3562,'0.25062656641605','8.13','530.9','7.6','2026-05-25 14:00:01','2026-05-25 14:00:01'),
(3563,'0.5','8.13','427.92','7.7','2026-05-25 15:00:01','2026-05-25 15:00:01'),
(3564,'4.2606516290727','8.13','494.09','7.64','2026-05-25 16:00:01','2026-05-25 16:00:01'),
(3565,'14.53634085213','8.13','326.75','7.81','2026-05-25 17:00:01','2026-05-25 17:00:01'),
(3566,'3.0150753768844','8.13','303.96','7.83','2026-05-25 18:00:01','2026-05-25 18:00:01'),
(3567,'19.395465994962','8.13','311.96','7.82','2026-05-25 19:00:01','2026-05-25 19:00:01'),
(3568,'23.057644110276','8.13','400.95','7.73','2026-05-25 20:00:01','2026-05-25 20:00:01'),
(3569,'12.846347607053','8.13','329.17','7.8','2026-05-25 21:00:01','2026-05-25 21:00:01'),
(3570,'3.25','8.13','408.69','7.72','2026-05-25 22:00:01','2026-05-25 22:00:01'),
(3571,'16.290726817043','8.13','388.5','7.74','2026-05-25 23:00:01','2026-05-25 23:00:01'),
(3572,'12.280701754386','8.13','400.04','7.73','2026-05-26 00:00:01','2026-05-26 00:00:01'),
(3573,'9.7744360902256','8.13','365.09','7.77','2026-05-26 01:00:01','2026-05-26 01:00:01'),
(3574,'13.28320802005','8.13','398.73','7.73','2026-05-26 02:00:01','2026-05-26 02:00:01'),
(3575,'1.5075376884422','8.13','389.7','7.74','2026-05-26 03:00:01','2026-05-26 03:00:01'),
(3576,'15.75','8.13','386.19','7.75','2026-05-26 04:00:01','2026-05-26 04:00:01'),
(3577,'7.5187969924812','8.13','381.91','7.75','2026-05-26 05:00:01','2026-05-26 05:00:01'),
(3578,'0.75','8.13','367.64','7.76','2026-05-26 06:00:01','2026-05-26 06:00:01'),
(3579,'4.0100250626566','8.13','285.89','7.85','2026-05-26 07:00:01','2026-05-26 07:00:01'),
(3580,'4.7738693467337','8.13','358.04','7.77','2026-05-26 08:00:01','2026-05-26 08:00:01'),
(3581,'19.75','8.13','265.19','7.87','2026-05-26 09:00:01','2026-05-26 09:00:01'),
(3582,'15.326633165829','8.13','207','7.93','2026-05-26 10:00:01','2026-05-26 10:00:01'),
(3583,'3.75','8.13','180.25','7.95','2026-05-26 11:00:01','2026-05-26 11:00:01'),
(3584,'4.2929292929293','8.13','257.76','7.87','2026-05-26 12:00:01','2026-05-26 12:00:01'),
(3585,'7.286432160804','8.13','260.19','7.87','2026-05-26 13:00:01','2026-05-26 13:00:01'),
(3586,'2.75','8.13','233.72','7.9','2026-05-26 14:00:01','2026-05-26 14:00:01'),
(3587,'8.0200501253133','8.13','226.11','7.91','2026-05-26 15:00:01','2026-05-26 15:00:01'),
(3588,'17.336683417085','8.13','247.98','7.88','2026-05-26 16:00:01','2026-05-26 16:00:01'),
(3589,'20.253164556962','8.13','339.7','7.79','2026-05-26 17:00:01','2026-05-26 17:00:01'),
(3590,'12.060301507538','8.13','216.9','7.92','2026-05-26 18:00:01','2026-05-26 18:00:01'),
(3591,'19.597989949749','8.13','219.07','7.91','2026-05-26 19:00:01','2026-05-26 19:00:01'),
(3592,'1.7632241813602','8.13','245.01','7.89','2026-05-26 20:00:01','2026-05-26 20:00:01'),
(3593,'1.7543859649123','8.13','225.68','7.91','2026-05-26 21:00:01','2026-05-26 21:00:01'),
(3594,'14.89898989899','8.13','215.86','7.92','2026-05-26 22:00:01','2026-05-26 22:00:01'),
(3595,'0','8.13','296.19','7.84','2026-05-26 23:00:01','2026-05-26 23:00:01'),
(3596,'0.75','8.13','301.88','7.83','2026-05-27 00:00:01','2026-05-27 00:00:01'),
(3597,'17.543859649123','8.13','292.53','7.84','2026-05-27 01:00:01','2026-05-27 01:00:01'),
(3598,'12.967581047382','8.13','270.17','7.86','2026-05-27 02:00:01','2026-05-27 02:00:01'),
(3599,'10.526315789474','8.13','282.2','7.85','2026-05-27 03:00:01','2026-05-27 03:00:01'),
(3600,'4.7619047619048','8.13','261.09','7.87','2026-05-27 04:00:01','2026-05-27 04:00:01'),
(3601,'0.50125313283208','8.13','256.29','7.88','2026-05-27 05:00:01','2026-05-27 05:00:01'),
(3602,'8.7939698492462','8.13','281.87','7.85','2026-05-27 06:00:01','2026-05-27 06:00:01'),
(3603,'18.181818181818','8.13','384.46','7.75','2026-05-27 07:00:01','2026-05-27 07:00:01'),
(3604,'0','8.13','342.61','7.79','2026-05-27 08:00:01','2026-05-27 08:00:01'),
(3605,'0.25062656641605','8.13','199.29','7.93','2026-05-27 09:00:01','2026-05-27 09:00:01'),
(3606,'0.5','8.13','221.49','7.91','2026-05-27 10:00:01','2026-05-27 10:00:01'),
(3607,'0.25125628140704','8.13','265.86','7.87','2026-05-27 11:00:01','2026-05-27 11:00:01'),
(3608,'0.75','8.13','239.87','7.89','2026-05-27 12:00:01','2026-05-27 12:00:01'),
(3609,'0.25062656641605','8.13','259.12','7.87','2026-05-27 13:00:01','2026-05-27 13:00:01'),
(3610,'0.5','8.13','269.79','7.86','2026-05-27 14:00:01','2026-05-27 14:00:01'),
(3611,'16.582914572864','8.13','291.69','7.84','2026-05-27 15:00:01','2026-05-27 15:00:01'),
(3612,'13.819095477387','8.13','215.71','7.92','2026-05-27 16:00:01','2026-05-27 16:00:01'),
(3613,'11.528822055138','8.13','182.48','7.95','2026-05-27 17:00:01','2026-05-27 17:00:01'),
(3614,'7','8.13','285.93','7.85','2026-05-27 18:00:01','2026-05-27 18:00:01'),
(3615,'13.636363636364','8.13','294.53','7.84','2026-05-27 19:00:01','2026-05-27 19:00:01'),
(3616,'7.4812967581047','8.13','353.46','7.78','2026-05-27 20:00:01','2026-05-27 20:00:01'),
(3617,'9.0225563909774','8.13','257.45','7.87','2026-05-27 21:00:01','2026-05-27 21:00:01'),
(3618,'9.3198992443325','8.13','352.15','7.78','2026-05-27 22:00:01','2026-05-27 22:00:01'),
(3619,'1.75','8.13','300.25','7.83','2026-05-27 23:00:01','2026-05-27 23:00:01'),
(3620,'1.7456359102244','8.13','274.17','7.86','2026-05-28 00:00:01','2026-05-28 00:00:01'),
(3621,'12.718204488778','8.13','245.45','7.89','2026-05-28 01:00:01','2026-05-28 01:00:01'),
(3622,'10.606060606061','8.13','237.4','7.89','2026-05-28 02:00:01','2026-05-28 02:00:01'),
(3623,'11.809045226131','8.13','260.01','7.87','2026-05-28 03:00:01','2026-05-28 03:00:01'),
(3624,'0.25125628140704','8.13','308.82','7.82','2026-05-28 04:00:01','2026-05-28 04:00:01'),
(3625,'2.0100502512563','8.13','306.16','7.83','2026-05-28 05:00:01','2026-05-28 05:00:01'),
(3626,'11.586901763224','8.13','297.4','7.83','2026-05-28 06:00:01','2026-05-28 06:00:01'),
(3627,'13.032581453634','8.13','152.66','7.98','2026-05-28 07:00:01','2026-05-28 07:00:01'),
(3628,'10.804020100503','8.13','299.47','7.83','2026-05-28 08:00:01','2026-05-28 08:00:01'),
(3629,'2.2613065326633','8.13','218.06','7.91','2026-05-28 09:00:01','2026-05-28 09:00:01'),
(3630,'3.2663316582915','8.13','221.1','7.91','2026-05-28 10:00:01','2026-05-28 10:00:01'),
(3631,'2.2613065326633','8.13','248.11','7.88','2026-05-28 11:00:01','2026-05-28 11:00:01'),
(3632,'3.0150753768844','8.13','160.02','7.97','2026-05-28 12:00:01','2026-05-28 12:00:01'),
(3633,'16.876574307305','8.13','305.28','7.83','2026-05-28 13:00:01','2026-05-28 13:00:01'),
(3634,'5.5','8.13','244.47','7.89','2026-05-28 14:00:01','2026-05-28 14:00:01'),
(3635,'4.7738693467337','8.13','408.96','7.72','2026-05-28 15:00:01','2026-05-28 15:00:01'),
(3636,'17.8391959799','8.13','265.14','7.87','2026-05-28 16:00:01','2026-05-28 16:00:01'),
(3637,'11.528822055138','8.13','321.95','7.81','2026-05-28 17:00:01','2026-05-28 17:00:01'),
(3638,'6.78391959799','8.13','301.73','7.83','2026-05-28 18:00:01','2026-05-28 18:00:01'),
(3639,'9.0452261306533','8.13','274.87','7.86','2026-05-28 19:00:01','2026-05-28 19:00:01'),
(3640,'10.5','8.13','292.44','7.84','2026-05-28 20:00:01','2026-05-28 20:00:01'),
(3641,'10.25','8.13','438.32','7.69','2026-05-28 21:00:01','2026-05-28 21:00:01'),
(3642,'0','8.13','374.5','7.76','2026-05-28 22:00:01','2026-05-28 22:00:01'),
(3643,'8.0604534005038','8.13','365.81','7.77','2026-05-28 23:00:01','2026-05-28 23:00:01'),
(3644,'6.75','8.13','375.29','7.76','2026-05-29 00:00:01','2026-05-29 00:00:01'),
(3645,'9.7744360902256','8.13','369.32','7.76','2026-05-29 01:00:01','2026-05-29 01:00:01'),
(3646,'5.2631578947368','8.13','364.06','7.77','2026-05-29 02:00:01','2026-05-29 02:00:01'),
(3647,'0.25125628140704','8.13','356.43','7.78','2026-05-29 03:00:01','2026-05-29 03:00:01'),
(3648,'11.083123425693','8.13','321.93','7.81','2026-05-29 04:00:01','2026-05-29 04:00:01'),
(3649,'12.219451371571','8.13','323.58','7.81','2026-05-29 05:00:01','2026-05-29 05:00:01'),
(3650,'0.50125313283208','8.13','325.69','7.81','2026-05-29 06:00:01','2026-05-29 06:00:01'),
(3651,'2.5125628140703','8.13','169.42','7.96','2026-05-29 07:00:01','2026-05-29 07:00:01'),
(3652,'12.280701754386','8.13','225.09','7.91','2026-05-29 08:00:01','2026-05-29 08:00:01'),
(3653,'4.0100250626566','8.13','237.86','7.89','2026-05-29 09:00:01','2026-05-29 09:00:01'),
(3654,'5.0377833753149','8.13','274.5','7.86','2026-05-29 10:00:01','2026-05-29 10:00:01'),
(3655,'11.809045226131','8.13','276.94','7.86','2026-05-29 11:00:01','2026-05-29 11:00:01'),
(3656,'16.414141414141','8.13','281.66','7.85','2026-05-29 12:00:01','2026-05-29 12:00:01'),
(3657,'20.253164556962','8.13','213.25','7.92','2026-05-29 13:00:01','2026-05-29 13:00:01'),
(3658,'3.2745591939547','8.13','304.63','7.83','2026-05-29 14:00:01','2026-05-29 14:00:01'),
(3659,'0.50125313283208','8.13','283.31','7.85','2026-05-29 15:00:01','2026-05-29 15:00:01'),
(3660,'16.414141414141','8.13','151.75','7.98','2026-05-29 16:00:01','2026-05-29 16:00:01'),
(3661,'19.746835443038','8.13','152.94','7.98','2026-05-29 17:00:01','2026-05-29 17:00:01'),
(3662,'2.2613065326633','8.13','238.81','7.89','2026-05-29 18:00:01','2026-05-29 18:00:01'),
(3663,'4.5112781954887','8.13','215.89','7.92','2026-05-29 19:00:01','2026-05-29 19:00:01'),
(3664,'17.587939698492','8.13','188.34','7.94','2026-05-29 20:00:01','2026-05-29 20:00:01'),
(3665,'12.626262626263','8.13','168.95','7.96','2026-05-29 21:00:01','2026-05-29 21:00:01'),
(3666,'6.78391959799','8.13','271.36','7.86','2026-05-29 22:00:01','2026-05-29 22:00:01'),
(3667,'3.2663316582915','8.13','188.36','7.94','2026-05-29 23:00:01','2026-05-29 23:00:01'),
(3668,'4.0201005025126','8.13','221.3','7.91','2026-05-30 00:00:01','2026-05-30 00:00:01'),
(3669,'17.293233082707','8.13','276.06','7.86','2026-05-30 01:00:01','2026-05-30 01:00:01'),
(3670,'11.306532663317','8.13','139.17','7.99','2026-05-30 02:00:01','2026-05-30 02:00:01'),
(3671,'7.537688442211','8.13','193.34','7.94','2026-05-30 03:00:01','2026-05-30 03:00:01'),
(3672,'14.786967418546','8.13','213.37','7.92','2026-05-30 04:00:01','2026-05-30 04:00:01'),
(3673,'0.25188916876574','8.13','223.32','7.91','2026-05-30 05:00:01','2026-05-30 05:00:01'),
(3674,'2.7638190954774','8.13','227.01','7.91','2026-05-30 06:00:01','2026-05-30 06:00:01'),
(3675,'17.085427135678','8.13','158.78','7.97','2026-05-30 07:00:01','2026-05-30 07:00:01'),
(3676,'16.372795969773','8.13','190.06','7.94','2026-05-30 08:00:01','2026-05-30 08:00:01'),
(3677,'16.876574307305','8.13','199.84','7.93','2026-05-30 09:00:01','2026-05-30 09:00:01'),
(3678,'0.25125628140704','8.13','187.37','7.94','2026-05-30 10:00:01','2026-05-30 10:00:01'),
(3679,'1.75','8.13','141.96','7.99','2026-05-30 11:00:01','2026-05-30 11:00:01'),
(3680,'0.50251256281408','8.13','351.08','7.78','2026-05-30 12:00:01','2026-05-30 12:00:01'),
(3681,'16.791979949875','8.13','165.74','7.97','2026-05-30 13:00:01','2026-05-30 13:00:01'),
(3682,'15.789473684211','8.13','233.77','7.9','2026-05-30 14:00:01','2026-05-30 14:00:01'),
(3683,'6.516290726817','8.13','217.99','7.91','2026-05-30 15:00:01','2026-05-30 15:00:01'),
(3684,'9.823677581864','8.13','138.47','7.99','2026-05-30 16:00:01','2026-05-30 16:00:01'),
(3685,'9.6446700507614','8.13','134.39','8','2026-05-30 17:00:01','2026-05-30 17:00:01'),
(3686,'16.290726817043','8.13','348.27','7.78','2026-05-30 18:00:01','2026-05-30 18:00:01'),
(3687,'18.73417721519','8.13','223.02','7.91','2026-05-30 19:00:01','2026-05-30 19:00:01'),
(3688,'16.372795969773','8.13','186.09','7.95','2026-05-30 20:00:01','2026-05-30 20:00:01'),
(3689,'0.50251256281408','8.13','243.84','7.89','2026-05-30 21:00:01','2026-05-30 21:00:01'),
(3690,'0.50125313283208','8.13','301.7','7.83','2026-05-30 22:00:01','2026-05-30 22:00:01'),
(3691,'0.50125313283208','8.13','278.97','7.85','2026-05-30 23:00:01','2026-05-30 23:00:01'),
(3692,'12.562814070352','8.13','285.97','7.85','2026-05-31 00:00:01','2026-05-31 00:00:01'),
(3693,'13.853904282116','8.13','260.91','7.87','2026-05-31 01:00:01','2026-05-31 01:00:01'),
(3694,'11.335012594458','8.13','236.99','7.9','2026-05-31 02:00:01','2026-05-31 02:00:01'),
(3695,'0.50251256281408','8.13','148.14','7.98','2026-05-31 03:00:01','2026-05-31 03:00:01'),
(3696,'13.065326633166','8.13','231.91','7.9','2026-05-31 04:00:01','2026-05-31 04:00:01'),
(3697,'16.876574307305','8.13','197.94','7.93','2026-05-31 05:00:01','2026-05-31 05:00:01'),
(3698,'0.25125628140704','8.13','853.28','7.28','2026-05-31 06:00:01','2026-05-31 06:00:01'),
(3699,'7.286432160804','8.13','837.79','7.29','2026-05-31 07:00:01','2026-05-31 07:00:01'),
(3700,'14.105793450882','8.13','822.03','7.31','2026-05-31 08:00:01','2026-05-31 08:00:01'),
(3701,'6.0453400503778','8.13','891.19','7.24','2026-05-31 09:00:01','2026-05-31 09:00:01'),
(3702,'13.784461152882','8.13','875.02','7.26','2026-05-31 10:00:01','2026-05-31 10:00:01'),
(3703,'16.957605985037','8.13','855.23','7.28','2026-05-31 11:00:01','2026-05-31 11:00:01'),
(3704,'16.582914572864','8.13','779.58','7.35','2026-05-31 12:00:01','2026-05-31 12:00:01'),
(3705,'4.25','8.13','776.61','7.36','2026-05-31 13:00:01','2026-05-31 13:00:01'),
(3706,'6.2814070351759','8.13','764.1','7.37','2026-05-31 14:00:01','2026-05-31 14:00:01'),
(3707,'0.25062656641605','8.13','718.24','7.41','2026-05-31 15:00:01','2026-05-31 15:00:01'),
(3708,'9.0680100755667','8.13','694.52','7.44','2026-05-31 16:00:01','2026-05-31 16:00:01'),
(3709,'14.53634085213','8.13','665.62','7.47','2026-05-31 17:00:01','2026-05-31 17:00:01'),
(3710,'0.75','8.13','708.27','7.42','2026-05-31 18:00:01','2026-05-31 18:00:01'),
(3711,'16.040100250627','8.13','702.25','7.43','2026-05-31 19:00:01','2026-05-31 19:00:01'),
(3712,'18.341708542714','8.13','594.85','7.54','2026-05-31 20:00:01','2026-05-31 20:00:01'),
(3713,'7.4812967581047','8.13','592.84','7.54','2026-05-31 21:00:01','2026-05-31 21:00:01'),
(3714,'17.293233082707','8.13','674.93','7.46','2026-05-31 22:00:01','2026-05-31 22:00:01'),
(3715,'14.141414141414','8.13','658.65','7.47','2026-05-31 23:00:01','2026-05-31 23:00:01'),
(3716,'0','8.13','748.71','7.38','2026-06-01 00:00:01','2026-06-01 00:00:01'),
(3717,'12.280701754386','8.13','718.76','7.41','2026-06-01 01:00:01','2026-06-01 01:00:01'),
(3718,'9.0452261306533','8.13','650.36','7.48','2026-06-01 02:00:01','2026-06-01 02:00:01'),
(3719,'17.632241813602','8.13','632.44','7.5','2026-06-01 03:00:01','2026-06-01 03:00:01'),
(3720,'11.05527638191','8.13','635.79','7.5','2026-06-01 04:00:01','2026-06-01 04:00:01'),
(3721,'0.50251256281408','8.13','637.7','7.49','2026-06-01 05:00:01','2026-06-01 05:00:01'),
(3722,'8.0604534005038','8.13','620.46','7.51','2026-06-01 06:00:01','2026-06-01 06:00:01'),
(3723,'13.065326633166','8.13','547.84','7.58','2026-06-01 07:00:01','2026-06-01 07:00:01'),
(3724,'18.341708542714','8.13','574.97','7.56','2026-06-01 08:00:01','2026-06-01 08:00:01'),
(3725,'8.7719298245614','8.13','452.23','7.68','2026-06-01 09:00:01','2026-06-01 09:00:01'),
(3726,'4.0201005025126','8.13','385.21','7.75','2026-06-01 10:00:01','2026-06-01 10:00:01'),
(3727,'17.042606516291','8.13','457.89','7.67','2026-06-01 11:00:01','2026-06-01 11:00:01'),
(3728,'2.7568922305764','8.13','385.83','7.75','2026-06-01 12:00:01','2026-06-01 12:00:01'),
(3729,'20.906801007557','8.13','416.22','7.72','2026-06-01 13:00:01','2026-06-01 13:00:01'),
(3730,'10.77694235589','8.13','183.34','7.95','2026-06-01 14:00:01','2026-06-01 14:00:01'),
(3731,'11.278195488722','8.13','482.85','7.65','2026-06-01 15:00:01','2026-06-01 15:00:01'),
(3732,'10.025062656642','8.13','411.5','7.72','2026-06-01 16:00:01','2026-06-01 16:00:01'),
(3733,'14.936708860759','8.13','391.62','7.74','2026-06-01 17:00:01','2026-06-01 17:00:01'),
(3734,'18.796992481203','8.13','568.13','7.56','2026-06-01 18:00:01','2026-06-01 18:00:01'),
(3735,'27.889447236181','8.13','402.26','7.73','2026-06-01 19:00:01','2026-06-01 19:00:01'),
(3736,'4.5112781954887','8.13','407.45','7.72','2026-06-01 20:00:01','2026-06-01 20:00:01'),
(3737,'0.5','8.13','439.28','7.69','2026-06-01 21:00:01','2026-06-01 21:00:01'),
(3738,'2.5062656641604','8.13','531.66','7.6','2026-06-01 22:00:01','2026-06-01 22:00:01'),
(3739,'4.0302267002519','8.13','1.77','6.37','2026-06-01 23:00:01','2026-06-01 23:00:01'),
(3740,'15.113350125945','8.13','1.83','6.3','2026-06-02 00:00:01','2026-06-02 00:00:01'),
(3741,'9.2964824120603','8.13','1.82','6.31','2026-06-02 01:00:01','2026-06-02 01:00:01'),
(3742,'0.50125313283208','8.13','1.83','6.3','2026-06-02 02:00:01','2026-06-02 02:00:01'),
(3743,'0.99750623441396','8.13','1.84','6.29','2026-06-02 03:00:01','2026-06-02 03:00:01'),
(3744,'3.2338308457711','8.13','1.83','6.3','2026-06-02 04:00:01','2026-06-02 04:00:01'),
(3745,'3.0150753768844','8.13','1.83','6.3','2026-06-02 05:00:01','2026-06-02 05:00:01'),
(3746,'10.579345088161','8.13','1.79','6.34','2026-06-02 06:00:01','2026-06-02 06:00:01'),
(3747,'11.616161616162','8.13','1.75','6.38','2026-06-02 07:00:01','2026-06-02 07:00:01'),
(3748,'0','8.13','1.69','6.44','2026-06-02 08:00:01','2026-06-02 08:00:01'),
(3749,'0.5','8.13','1.71','6.43','2026-06-02 09:00:01','2026-06-02 09:00:01'),
(3750,'16.331658291457','8.13','1.7','6.43','2026-06-02 10:00:01','2026-06-02 10:00:01'),
(3751,'7.035175879397','8.13','1.58','6.56','2026-06-02 11:00:01','2026-06-02 11:00:01'),
(3752,'1','8.13','1.65','6.48','2026-06-02 12:00:01','2026-06-02 12:00:01'),
(3753,'2','8.13','1.55','6.58','2026-06-02 13:00:01','2026-06-02 13:00:01'),
(3754,'4.7619047619048','8.13','1.5','6.64','2026-06-02 14:00:01','2026-06-02 14:00:01'),
(3755,'24.874371859296','8.13','1.45','6.68','2026-06-02 15:00:01','2026-06-02 15:00:01'),
(3756,'15.909090909091','8.13','1.24','6.89','2026-06-02 16:00:01','2026-06-02 16:00:01'),
(3757,'5.9850374064838','8.13','511.37','7.62','2026-06-02 17:00:01','2026-06-02 17:00:01'),
(3758,'12.342569269521','8.13','421.24','7.71','2026-06-02 18:00:01','2026-06-02 18:00:01'),
(3759,'16.836734693878','8.13','422.83','7.71','2026-06-02 19:00:01','2026-06-02 19:00:01'),
(3760,'16.834170854271','8.13','870.07','7.26','2026-06-02 20:00:01','2026-06-02 20:00:01'),
(3761,'0.50125313283208','8.13','936.83','7.2','2026-06-02 21:00:01','2026-06-02 21:00:01'),
(3762,'10.831234256927','8.13','966.59','7.17','2026-06-02 22:00:01','2026-06-02 22:00:01'),
(3763,'0.50251256281408','8.13','1.01','7.12','2026-06-02 23:00:01','2026-06-02 23:00:01'),
(3764,'6','8.13','1.03','7.1','2026-06-03 00:00:01','2026-06-03 00:00:01'),
(3765,'13.5','8.13','993.95','7.14','2026-06-03 01:00:01','2026-06-03 01:00:01'),
(3766,'3.2663316582915','8.13','1.01','7.13','2026-06-03 02:00:01','2026-06-03 02:00:01'),
(3767,'5.2631578947368','8.13','989.67','7.14','2026-06-03 03:00:01','2026-06-03 03:00:01'),
(3768,'9.5477386934673','8.13','1.01','7.12','2026-06-03 04:00:01','2026-06-03 04:00:01'),
(3769,'14.214463840399','8.13','978.24','7.15','2026-06-03 05:00:01','2026-06-03 05:00:01'),
(3770,'17.884130982368','8.13','916.53','7.22','2026-06-03 06:00:01','2026-06-03 06:00:01'),
(3771,'0.50125313283208','8.13','893.69','7.24','2026-06-03 07:00:01','2026-06-03 07:00:01'),
(3772,'17.336683417085','8.13','754.85','7.38','2026-06-03 08:00:01','2026-06-03 08:00:01'),
(3773,'16.541353383459','8.13','771.54','7.36','2026-06-03 09:00:01','2026-06-03 09:00:01'),
(3774,'9.0452261306533','8.13','683.42','7.45','2026-06-03 10:00:01','2026-06-03 10:00:01'),
(3775,'16.791979949875','8.13','712.32','7.42','2026-06-03 11:00:01','2026-06-03 11:00:01'),
(3776,'11.557788944724','8.13','628.72','7.5','2026-06-03 12:00:01','2026-06-03 12:00:01'),
(3777,'0.5','8.13','688.64','7.44','2026-06-03 13:00:01','2026-06-03 13:00:01'),
(3778,'31.782945736434','8.13','663.42','7.47','2026-06-03 14:00:01','2026-06-03 14:00:01'),
(3779,'3.75','8.13','778.22','7.35','2026-06-03 15:00:01','2026-06-03 15:00:01'),
(3780,'18.341708542714','8.13','676.63','7.46','2026-06-03 16:00:01','2026-06-03 16:00:01'),
(3781,'17.794486215539','8.13','537.42','7.59','2026-06-03 17:00:01','2026-06-03 17:00:01'),
(3782,'18.592964824121','8.13','559.33','7.57','2026-06-03 18:00:01','2026-06-03 18:00:01'),
(3783,'2.0100502512563','8.13','526.66','7.61','2026-06-03 19:00:01','2026-06-03 19:00:01'),
(3784,'15.36523929471','8.13','582.87','7.55','2026-06-03 20:00:01','2026-06-03 20:00:01'),
(3785,'14.75','8.13','595.64','7.54','2026-06-03 21:00:01','2026-06-03 21:00:01'),
(3786,'0.5','8.13','554.35','7.58','2026-06-03 22:00:01','2026-06-03 22:00:01'),
(3787,'9.823677581864','8.13','557.58','7.57','2026-06-03 23:00:01','2026-06-03 23:00:01'),
(3788,'5.8080808080808','8.13','616.16','7.52','2026-06-04 00:00:01','2026-06-04 00:00:01'),
(3789,'11.25','8.13','594.65','7.54','2026-06-04 01:00:01','2026-06-04 01:00:01'),
(3790,'0.25125628140704','8.13','562.13','7.57','2026-06-04 02:00:01','2026-06-04 02:00:01'),
(3791,'17.336683417085','8.13','576.86','7.56','2026-06-04 03:00:01','2026-06-04 03:00:01'),
(3792,'13.75','8.13','556.38','7.58','2026-06-04 04:00:01','2026-06-04 04:00:01'),
(3793,'0.25125628140704','8.13','555.06','7.58','2026-06-04 05:00:01','2026-06-04 05:00:01'),
(3794,'2.5062656641604','8.13','551.66','7.58','2026-06-04 06:00:01','2026-06-04 06:00:01'),
(3795,'8.2294264339152','8.13','567.17','7.56','2026-06-04 07:00:01','2026-06-04 07:00:01'),
(3796,'14.105793450882','8.13','409.54','7.72','2026-06-04 08:00:01','2026-06-04 08:00:01'),
(3797,'18','8.13','578.66','7.55','2026-06-04 09:00:01','2026-06-04 09:00:01'),
(3798,'16.331658291457','8.13','443.63','7.69','2026-06-04 10:00:01','2026-06-04 10:00:01'),
(3799,'13.533834586466','8.13','398.93','7.73','2026-06-04 11:00:01','2026-06-04 11:00:01'),
(3800,'17.336683417085','8.13','193.95','7.94','2026-06-04 12:00:01','2026-06-04 12:00:01'),
(3801,'18.090452261307','8.13','678.8','7.45','2026-06-04 13:00:01','2026-06-04 13:00:01'),
(3802,'7.5187969924812','8.13','225.59','7.91','2026-06-04 14:00:01','2026-06-04 14:00:01'),
(3803,'6.8354430379747','8.13','142.57','7.99','2026-06-04 15:00:01','2026-06-04 15:00:01'),
(3804,'2.2670025188917','8.13','178.75','7.95','2026-06-04 16:00:01','2026-06-04 16:00:01'),
(3805,'13.60201511335','8.13','129.33','8','2026-06-04 17:00:01','2026-06-04 17:00:01'),
(3806,'3.2663316582915','8.13','205.28','7.93','2026-06-04 18:00:01','2026-06-04 18:00:01'),
(3807,'8.5213032581454','8.13','271.77','7.86','2026-06-04 19:00:01','2026-06-04 19:00:01'),
(3808,'21.772151898734','8.13','538.96','7.59','2026-06-04 20:00:01','2026-06-04 20:00:01'),
(3809,'1.7543859649123','8.13','519.1','7.61','2026-06-04 21:00:01','2026-06-04 21:00:01'),
(3810,'8.3544303797468','8.13','582.42','7.55','2026-06-04 22:00:01','2026-06-04 22:00:01'),
(3811,'18.090452261307','8.13','386.36','7.75','2026-06-04 23:00:01','2026-06-04 23:00:01'),
(3812,'12.373737373737','8.13','386.82','7.75','2026-06-05 00:00:01','2026-06-05 00:00:01'),
(3813,'4.75','8.13','255.12','7.88','2026-06-05 01:00:01','2026-06-05 01:00:01'),
(3814,'12.311557788945','8.13','164.17','7.97','2026-06-05 02:00:01','2026-06-05 02:00:01'),
(3815,'1','8.13','243.86','7.89','2026-06-05 03:00:01','2026-06-05 03:00:01'),
(3816,'14.035087719298','8.13','226.86','7.91','2026-06-05 04:00:01','2026-06-05 04:00:01'),
(3817,'1','8.13','239.08','7.89','2026-06-05 05:00:01','2026-06-05 05:00:01'),
(3818,'0.50125313283208','8.13','234.89','7.9','2026-06-05 06:00:01','2026-06-05 06:00:01'),
(3819,'3.7783375314861','8.13','183.46','7.95','2026-06-05 07:00:01','2026-06-05 07:00:01'),
(3820,'2.2613065326633','8.13','319.56','7.81','2026-06-05 08:00:01','2026-06-05 08:00:01'),
(3821,'6.8010075566751','8.13','336.06','7.8','2026-06-05 09:00:01','2026-06-05 09:00:01'),
(3822,'15.25','8.13','326.46','7.81','2026-06-05 10:00:01','2026-06-05 10:00:01'),
(3823,'17.042606516291','8.13','283.36','7.85','2026-06-05 11:00:01','2026-06-05 11:00:01'),
(3824,'12.280701754386','8.13','309.15','7.82','2026-06-05 12:00:01','2026-06-05 12:00:01'),
(3825,'9.0225563909774','8.13','378.52','7.75','2026-06-05 13:00:01','2026-06-05 13:00:01'),
(3826,'16.331658291457','8.13','349.36','7.78','2026-06-05 14:00:01','2026-06-05 14:00:01'),
(3827,'2.7707808564232','8.13','407.51','7.72','2026-06-05 15:00:01','2026-06-05 15:00:01'),
(3828,'15.075376884422','8.13','245.82','7.89','2026-06-05 16:00:01','2026-06-05 16:00:01'),
(3829,'10.10101010101','8.13','319.3','7.81','2026-06-05 17:00:01','2026-06-05 17:00:01'),
(3830,'13.533834586466','8.13','332.12','7.8','2026-06-05 18:00:01','2026-06-05 18:00:01'),
(3831,'15.789473684211','8.13','279.34','7.85','2026-06-05 19:00:01','2026-06-05 19:00:01'),
(3832,'15.617128463476','8.13','284.59','7.85','2026-06-05 20:00:01','2026-06-05 20:00:01'),
(3833,'30.226700251889','8.13','186.72','7.95','2026-06-05 21:00:01','2026-06-05 21:00:01'),
(3834,'19.095477386935','8.13','473.98','7.66','2026-06-05 22:00:01','2026-06-05 22:00:01'),
(3835,'0.50377833753149','8.13','557.99','7.57','2026-06-05 23:00:01','2026-06-05 23:00:01'),
(3836,'0.75','8.13','497.12','7.64','2026-06-06 00:00:01','2026-06-06 00:00:01'),
(3837,'0','8.13','508.97','7.62','2026-06-06 01:00:01','2026-06-06 01:00:01'),
(3838,'18.453865336658','8.13','483.53','7.65','2026-06-06 02:00:01','2026-06-06 02:00:01'),
(3839,'2.7363184079602','8.13','470.56','7.66','2026-06-06 03:00:01','2026-06-06 03:00:01'),
(3840,'15.326633165829','8.13','476.11','7.66','2026-06-06 04:00:01','2026-06-06 04:00:01'),
(3841,'0.50377833753149','8.13','502.44','7.63','2026-06-06 05:00:01','2026-06-06 05:00:01'),
(3842,'5.7788944723618','8.13','527.35','7.6','2026-06-06 06:00:01','2026-06-06 06:00:01'),
(3843,'16','8.13','454.58','7.68','2026-06-06 07:00:01','2026-06-06 07:00:01'),
(3844,'16.25','8.13','425.17','7.71','2026-06-06 08:00:01','2026-06-06 08:00:01'),
(3845,'0.50125313283208','8.13','339.61','7.79','2026-06-06 09:00:01','2026-06-06 09:00:01'),
(3846,'10.025062656642','8.13','399.16','7.73','2026-06-06 10:00:01','2026-06-06 10:00:01'),
(3847,'15.075376884422','8.13','367.12','7.77','2026-06-06 11:00:01','2026-06-06 11:00:01'),
(3848,'0.25125628140704','8.13','405.12','7.73','2026-06-06 12:00:01','2026-06-06 12:00:01'),
(3849,'0.50125313283208','8.13','328.88','7.8','2026-06-06 13:00:01','2026-06-06 13:00:01'),
(3850,'6.78391959799','8.13','287.11','7.85','2026-06-06 14:00:01','2026-06-06 14:00:01'),
(3851,'8.2294264339152','8.13','268.78','7.86','2026-06-06 15:00:01','2026-06-06 15:00:01'),
(3852,'15.075376884422','8.13','381.55','7.75','2026-06-06 16:00:01','2026-06-06 16:00:01'),
(3853,'0.75566750629723','8.13','263.05','7.87','2026-06-06 17:00:01','2026-06-06 17:00:01'),
(3854,'13.784461152882','8.13','304.45','7.83','2026-06-06 18:00:01','2026-06-06 18:00:01'),
(3855,'6.2814070351759','8.13','297.62','7.83','2026-06-06 19:00:01','2026-06-06 19:00:01'),
(3856,'13.316582914573','8.13','289.39','7.84','2026-06-06 20:00:01','2026-06-06 20:00:01'),
(3857,'5.7934508816121','8.13','306.19','7.83','2026-06-06 21:00:01','2026-06-06 21:00:01'),
(3858,'16.120906801008','8.13','294.75','7.84','2026-06-06 22:00:01','2026-06-06 22:00:01'),
(3859,'17.587939698492','8.13','285.97','7.85','2026-06-06 23:00:01','2026-06-06 23:00:01'),
(3860,'10.552763819095','8.13','275.02','7.86','2026-06-07 00:00:01','2026-06-07 00:00:01'),
(3861,'4.040404040404','8.13','321.06','7.81','2026-06-07 01:00:01','2026-06-07 01:00:01'),
(3862,'10.606060606061','8.13','378.12','7.75','2026-06-07 02:00:01','2026-06-07 02:00:01'),
(3863,'17.336683417085','8.13','351.16','7.78','2026-06-07 03:00:01','2026-06-07 03:00:01'),
(3864,'16.331658291457','8.13','338.59','7.79','2026-06-07 04:00:01','2026-06-07 04:00:01'),
(3865,'3.0075187969925','8.13','308.66','7.82','2026-06-07 05:00:01','2026-06-07 05:00:01'),
(3866,'0.7537688442211','8.13','302.48','7.83','2026-06-07 06:00:01','2026-06-07 06:00:01'),
(3867,'12.594458438287','8.13','368.66','7.76','2026-06-07 07:00:01','2026-06-07 07:00:01'),
(3868,'0.75187969924812','8.13','280.63','7.85','2026-06-07 08:00:01','2026-06-07 08:00:01'),
(3869,'15.36523929471','8.13','262.7','7.87','2026-06-07 09:00:01','2026-06-07 09:00:01'),
(3870,'16.876574307305','8.13','342.09','7.79','2026-06-07 10:00:01','2026-06-07 10:00:01'),
(3871,'0.7537688442211','8.13','266.08','7.87','2026-06-07 11:00:01','2026-06-07 11:00:01'),
(3872,'6.5','8.13','287.96','7.84','2026-06-07 12:00:01','2026-06-07 12:00:01'),
(3873,'0.25188916876574','8.13','162.69','7.97','2026-06-07 13:00:01','2026-06-07 13:00:01'),
(3874,'1.7587939698493','8.13','347.86','7.78','2026-06-07 14:00:01','2026-06-07 14:00:01'),
(3875,'9.5','8.13','301.39','7.83','2026-06-07 15:00:01','2026-06-07 15:00:01'),
(3876,'7.0528967254408','8.13','239.73','7.89','2026-06-07 16:00:01','2026-06-07 16:00:01'),
(3877,'16.834170854271','8.13','196.83','7.94','2026-06-07 17:00:01','2026-06-07 17:00:01'),
(3878,'12','8.13','258.42','7.87','2026-06-07 18:00:01','2026-06-07 18:00:01'),
(3879,'0.75187969924812','8.13','237.52','7.89','2026-06-07 19:00:01','2026-06-07 19:00:01'),
(3880,'8.7281795511222','8.13','344.18','7.79','2026-06-07 20:00:01','2026-06-07 20:00:01'),
(3881,'5.0251256281407','8.13','306.59','7.83','2026-06-07 21:00:01','2026-06-07 21:00:01'),
(3882,'5.2763819095477','8.13','386.13','7.75','2026-06-07 22:00:01','2026-06-07 22:00:01'),
(3883,'18.796992481203','8.13','335.55','7.8','2026-06-07 23:00:01','2026-06-07 23:00:01'),
(3884,'11.779448621554','8.13','295.55','7.84','2026-06-08 00:00:01','2026-06-08 00:00:01'),
(3885,'13.75','8.13','316.43','7.82','2026-06-08 01:00:01','2026-06-08 01:00:01'),
(3886,'0','8.13','304.73','7.83','2026-06-08 02:00:01','2026-06-08 02:00:01'),
(3887,'12.626262626263','8.13','311.17','7.82','2026-06-08 03:00:01','2026-06-08 03:00:01'),
(3888,'17.293233082707','8.13','475.76','7.66','2026-06-08 04:00:01','2026-06-08 04:00:01'),
(3889,'7.75','8.13','485.67','7.65','2026-06-08 05:00:01','2026-06-08 05:00:01'),
(3890,'16.541353383459','8.13','1.07','7.06','2026-06-08 06:00:01','2026-06-08 06:00:01'),
(3891,'1.0050251256281','8.13','864.8','7.27','2026-06-08 07:00:01','2026-06-08 07:00:01'),
(3892,'7.2681704260652','8.13','931.5','7.2','2026-06-08 08:00:01','2026-06-08 08:00:01'),
(3893,'4','8.13','806.51','7.33','2026-06-08 09:00:01','2026-06-08 09:00:01'),
(3894,'1.75','8.13','950.24','7.18','2026-06-08 10:00:01','2026-06-08 10:00:01'),
(3895,'27.157360406091','8.13','947.12','7.19','2026-06-08 11:00:01','2026-06-08 11:00:01'),
(3896,'14.285714285714','8.13','763.22','7.37','2026-06-08 12:00:01','2026-06-08 12:00:01'),
(3897,'7.537688442211','8.13','793.08','7.34','2026-06-08 13:00:01','2026-06-08 13:00:01'),
(3898,'7.7889447236181','8.13','731.85','7.4','2026-06-08 14:00:01','2026-06-08 14:00:01'),
(3899,'0.50125313283208','8.13','714.4','7.42','2026-06-08 15:00:01','2026-06-08 15:00:01'),
(3900,'11.111111111111','8.13','732.49','7.4','2026-06-08 16:00:01','2026-06-08 16:00:01'),
(3901,'3.7593984962406','8.13','401.13','7.73','2026-06-08 17:00:01','2026-06-08 17:00:01'),
(3902,'4.0201005025126','8.13','376.07','7.76','2026-06-08 18:00:01','2026-06-08 18:00:01'),
(3903,'2.7568922305764','8.13','422.27','7.71','2026-06-08 19:00:01','2026-06-08 19:00:01'),
(3904,'1.7632241813602','8.13','291.91','7.84','2026-06-08 20:00:01','2026-06-08 20:00:01'),
(3905,'0.50125313283208','8.13','236.75','7.9','2026-06-08 21:00:01','2026-06-08 21:00:01'),
(3906,'17.587939698492','8.13','223.64','7.91','2026-06-08 22:00:01','2026-06-08 22:00:01'),
(3907,'3.25','8.13','209.74','7.92','2026-06-08 23:00:01','2026-06-08 23:00:01'),
(3908,'5.7788944723618','8.13','264.02','7.87','2026-06-09 00:00:01','2026-06-09 00:00:01'),
(3909,'16.75','8.13','255.72','7.88','2026-06-09 01:00:01','2026-06-09 01:00:01'),
(3910,'0.50125313283208','8.13','323.15','7.81','2026-06-09 02:00:01','2026-06-09 02:00:01'),
(3911,'12.814070351759','8.13','297.75','7.83','2026-06-09 03:00:01','2026-06-09 03:00:01'),
(3912,'12.846347607053','8.13','271.18','7.86','2026-06-09 04:00:01','2026-06-09 04:00:01'),
(3913,'7','8.13','274.15','7.86','2026-06-09 05:00:01','2026-06-09 05:00:01'),
(3914,'10.199004975124','8.13','435.02','7.7','2026-06-09 06:00:01','2026-06-09 06:00:01'),
(3915,'13.098236775819','8.13','338.59','7.79','2026-06-09 07:00:01','2026-06-09 07:00:01'),
(3916,'7.5566750629723','8.13','345.89','7.79','2026-06-09 08:00:01','2026-06-09 08:00:01'),
(3917,'16.040100250627','8.13','306.36','7.83','2026-06-09 09:00:01','2026-06-09 09:00:01'),
(3918,'0.25125628140704','8.13','383.6','7.75','2026-06-09 10:00:01','2026-06-09 10:00:01'),
(3919,'4.7738693467337','8.13','261.46','7.87','2026-06-09 11:00:01','2026-06-09 11:00:01'),
(3920,'2.7638190954774','8.13','227.02','7.91','2026-06-09 12:00:01','2026-06-09 12:00:01'),
(3921,'6.516290726817','8.13','233.41','7.9','2026-06-09 13:00:01','2026-06-09 13:00:01'),
(3922,'19.647355163728','8.13','260.33','7.87','2026-06-09 14:00:01','2026-06-09 14:00:01'),
(3923,'3.7688442211055','8.13','216.68','7.92','2026-06-09 15:00:01','2026-06-09 15:00:01'),
(3924,'0.50251256281408','8.13','286.81','7.85','2026-06-09 16:00:01','2026-06-09 16:00:01'),
(3925,'0.25125628140704','8.13','301.67','7.83','2026-06-09 17:00:01','2026-06-09 17:00:01'),
(3926,'15.960099750623','8.13','300.9','7.83','2026-06-09 18:00:01','2026-06-09 18:00:01'),
(3927,'0.50125313283208','8.13','271.5','7.86','2026-06-09 19:00:01','2026-06-09 19:00:01'),
(3928,'1.7543859649123','8.13','345.2','7.79','2026-06-09 20:00:01','2026-06-09 20:00:01'),
(3929,'10.025062656642','8.13','490.39','7.64','2026-06-09 21:00:01','2026-06-09 21:00:01'),
(3930,'16.919191919192','8.13','394.76','7.74','2026-06-09 22:00:01','2026-06-09 22:00:01'),
(3931,'0.75187969924812','8.13','422.9','7.71','2026-06-09 23:00:01','2026-06-09 23:00:01'),
(3932,'10','8.13','412.99','7.72','2026-06-10 00:00:01','2026-06-10 00:00:01'),
(3933,'14.141414141414','8.13','718.93','7.41','2026-06-10 01:00:01','2026-06-10 01:00:01'),
(3934,'12.814070351759','8.13','749.29','7.38','2026-06-10 02:00:01','2026-06-10 02:00:01'),
(3935,'0.25125628140704','8.13','672.65','7.46','2026-06-10 03:00:01','2026-06-10 03:00:01'),
(3936,'0.50125313283208','8.13','661.03','7.47','2026-06-10 04:00:01','2026-06-10 04:00:01'),
(3937,'17.587939698492','8.13','672.76','7.46','2026-06-10 05:00:01','2026-06-10 05:00:01'),
(3938,'3.75','8.13','657.85','7.47','2026-06-10 06:00:01','2026-06-10 06:00:01'),
(3939,'7.5187969924812','8.13','697.99','7.43','2026-06-10 07:00:01','2026-06-10 07:00:01'),
(3940,'7.5566750629723','8.13','619.59','7.51','2026-06-10 08:00:01','2026-06-10 08:00:01'),
(3941,'0.75','8.13','521.21','7.61','2026-06-10 09:00:01','2026-06-10 09:00:01'),
(3942,'0.75','8.13','584.52','7.55','2026-06-10 10:00:01','2026-06-10 10:00:01'),
(3943,'2.2613065326633','8.13','367.71','7.76','2026-06-10 11:00:01','2026-06-10 11:00:01'),
(3944,'31.818181818182','8.13','149.49','7.98','2026-06-10 12:00:01','2026-06-10 12:00:01'),
(3945,'1.0025062656642','8.13','265.77','7.87','2026-06-10 13:00:01','2026-06-10 13:00:01'),
(3946,'10.77694235589','8.13','159.04','7.97','2026-06-10 14:00:01','2026-06-10 14:00:01'),
(3947,'46.446700507614','8.13','670.44','7.46','2026-06-10 15:00:01','2026-06-10 15:00:01'),
(3948,'19.647355163728','8.13','763.06','7.37','2026-06-10 16:00:01','2026-06-10 16:00:01'),
(3949,'13.098236775819','8.13','604.75','7.53','2026-06-10 17:00:01','2026-06-10 17:00:01'),
(3950,'18.341708542714','8.13','1.56','6.57','2026-06-10 18:00:01','2026-06-10 18:00:01'),
(3951,'14.473684210526','8.13','856.66','7.28','2026-06-10 19:00:01','2026-06-10 19:00:01'),
(3952,'0.75187969924812','8.13','545.99','7.59','2026-06-10 20:00:01','2026-06-10 20:00:01'),
(3953,'1.2562814070352','8.13','934.92','7.2','2026-06-10 21:00:01','2026-06-10 21:00:01'),
(3954,'12.626262626263','8.13','1','7.13','2026-06-10 22:00:01','2026-06-10 22:00:01'),
(3955,'14.609571788413','8.13','830.32','7.3','2026-06-10 23:00:01','2026-06-10 23:00:01'),
(3956,'5.0505050505051','8.13','3.54','4.59','2026-06-11 00:00:01','2026-06-11 00:00:01'),
(3957,'10.327455919395','8.13','3.45','4.69','2026-06-11 01:00:01','2026-06-11 01:00:01'),
(3958,'18.045112781955','8.13','2.93','5.2','2026-06-11 02:00:01','2026-06-11 02:00:01'),
(3959,'5.25','8.13','2.89','5.24','2026-06-11 03:00:01','2026-06-11 03:00:01'),
(3960,'2.0100502512563','8.13','2.86','5.27','2026-06-11 04:00:01','2026-06-11 04:00:01'),
(3961,'16.791979949875','8.13','2.51','5.62','2026-06-11 05:00:01','2026-06-11 05:00:01'),
(3962,'1.0025062656642','8.13','2.48','5.66','2026-06-11 06:00:01','2026-06-11 06:00:01'),
(3963,'0','8.13','2.37','5.76','2026-06-11 07:00:01','2026-06-11 07:00:01'),
(3964,'1.25','8.13','2.34','5.79','2026-06-11 08:00:01','2026-06-11 08:00:01'),
(3965,'4.7738693467337','8.13','2.3','5.83','2026-06-11 09:00:01','2026-06-11 09:00:01'),
(3966,'2.7638190954774','8.13','3.52','4.61','2026-06-11 10:00:01','2026-06-11 10:00:01'),
(3967,'12.562814070352','8.13','3.16','4.97','2026-06-11 11:00:01','2026-06-11 11:00:01'),
(3968,'16.120906801008','8.13','3.01','5.12','2026-06-11 12:00:01','2026-06-11 12:00:01'),
(3969,'19.548872180451','8.13','2.5','5.63','2026-06-11 13:00:01','2026-06-11 13:00:01'),
(3970,'14.53634085213','8.13','2.42','5.71','2026-06-11 14:00:01','2026-06-11 14:00:01'),
(3971,'13.065326633166','8.13','2.38','5.75','2026-06-11 15:00:01','2026-06-11 15:00:01'),
(3972,'17.380352644836','8.13','2.34','5.79','2026-06-11 16:00:01','2026-06-11 16:00:01'),
(3973,'7.0175438596491','8.13','2.4','5.74','2026-06-11 17:00:01','2026-06-11 17:00:01'),
(3974,'0.5','8.13','2.32','5.81','2026-06-11 18:00:01','2026-06-11 18:00:01'),
(3975,'17.811704834606','8.13','2.17','5.97','2026-06-11 19:00:01','2026-06-11 19:00:01'),
(3976,'1.0050251256281','8.13','1.88','6.25','2026-06-11 20:00:01','2026-06-11 20:00:01'),
(3977,'13.56783919598','8.13','1.72','6.41','2026-06-11 21:00:01','2026-06-11 21:00:01'),
(3978,'8.0604534005038','8.13','1.59','6.54','2026-06-11 22:00:01','2026-06-11 22:00:01'),
(3979,'0.75187969924812','8.13','1.55','6.58','2026-06-11 23:00:01','2026-06-11 23:00:01'),
(3980,'13.819095477387','8.13','1.17','6.96','2026-06-12 00:00:01','2026-06-12 00:00:01'),
(3981,'1.7543859649123','8.13','1.14','6.99','2026-06-12 01:00:01','2026-06-12 01:00:01'),
(3982,'10.606060606061','8.13','821.17','7.31','2026-06-12 02:00:01','2026-06-12 02:00:01'),
(3983,'11.278195488722','8.13','828.43','7.3','2026-06-12 03:00:01','2026-06-12 03:00:01'),
(3984,'0.25188916876574','8.13','799.32','7.33','2026-06-12 04:00:01','2026-06-12 04:00:01'),
(3985,'11.278195488722','8.13','831.95','7.3','2026-06-12 05:00:01','2026-06-12 05:00:01'),
(3986,'0','8.13','793.13','7.34','2026-06-12 06:00:01','2026-06-12 06:00:01'),
(3987,'18.387909319899','8.13','772.53','7.36','2026-06-12 07:00:01','2026-06-12 07:00:01'),
(3988,'7.5566750629723','8.13','672.11','7.46','2026-06-12 08:00:01','2026-06-12 08:00:01'),
(3989,'17.336683417085','8.13','633.07','7.5','2026-06-12 09:00:01','2026-06-12 09:00:01'),
(3990,'10.275689223058','8.13','574.39','7.56','2026-06-12 10:00:01','2026-06-12 10:00:01'),
(3991,'0.75','8.13','596.23','7.54','2026-06-12 11:00:01','2026-06-12 11:00:01'),
(3992,'4.5','8.13','579.41','7.55','2026-06-12 12:00:01','2026-06-12 12:00:01'),
(3993,'0.25125628140704','8.13','438.22','7.69','2026-06-12 13:00:01','2026-06-12 13:00:01'),
(3994,'5','8.13','472.08','7.66','2026-06-12 14:00:01','2026-06-12 14:00:01'),
(3995,'1.7632241813602','8.13','464.42','7.67','2026-06-12 15:00:01','2026-06-12 15:00:01'),
(3996,'16.791979949875','8.13','398.65','7.73','2026-06-12 16:00:01','2026-06-12 16:00:01'),
(3997,'1','8.13','334.25','7.8','2026-06-12 17:00:01','2026-06-12 17:00:01'),
(3998,'33.082706766917','8.13','380.96','7.75','2026-06-12 18:00:01','2026-06-12 18:00:01'),
(3999,'1','8.13','319.07','7.81','2026-06-12 19:00:01','2026-06-12 19:00:01'),
(4000,'7.0707070707071','8.13','313.8','7.82','2026-06-12 20:00:01','2026-06-12 20:00:01'),
(4001,'19.597989949749','8.13','386.03','7.75','2026-06-12 21:00:01','2026-06-12 21:00:01'),
(4002,'12.25','8.13','468.91','7.66','2026-06-12 22:00:01','2026-06-12 22:00:01'),
(4003,'5.0505050505051','8.13','434.88','7.7','2026-06-12 23:00:01','2026-06-12 23:00:01'),
(4004,'13.065326633166','8.13','469.49','7.66','2026-06-13 00:00:01','2026-06-13 00:00:01'),
(4005,'5.0125313283208','8.13','424.54','7.71','2026-06-13 01:00:01','2026-06-13 01:00:01'),
(4006,'8.2914572864322','8.13','412.31','7.72','2026-06-13 02:00:01','2026-06-13 02:00:01'),
(4007,'0.50125313283208','8.13','385.89','7.75','2026-06-13 03:00:01','2026-06-13 03:00:01'),
(4008,'1.2468827930175','8.13','469.7','7.66','2026-06-13 04:00:01','2026-06-13 04:00:01'),
(4009,'14.824120603015','8.13','468.73','7.66','2026-06-13 05:00:01','2026-06-13 05:00:01'),
(4010,'8','8.13','450.22','7.68','2026-06-13 06:00:01','2026-06-13 06:00:01'),
(4011,'0.25062656641605','8.13','361.71','7.77','2026-06-13 07:00:01','2026-06-13 07:00:01'),
(4012,'7.286432160804','8.13','263.7','7.87','2026-06-13 08:00:01','2026-06-13 08:00:01'),
(4013,'8.5427135678392','8.13','307.68','7.82','2026-06-13 09:00:01','2026-06-13 09:00:01'),
(4014,'0.75187969924812','8.13','275.82','7.86','2026-06-13 10:00:01','2026-06-13 10:00:01'),
(4015,'14.53634085213','8.13','273.83','7.86','2026-06-13 11:00:01','2026-06-13 11:00:01'),
(4016,'0.25125628140704','8.13','249.27','7.88','2026-06-13 12:00:01','2026-06-13 12:00:01'),
(4017,'10.579345088161','8.13','795.12','7.34','2026-06-13 13:00:01','2026-06-13 13:00:01'),
(4018,'11.528822055138','8.13','2.24','5.89','2026-06-13 14:00:01','2026-06-13 14:00:01'),
(4019,'0.50125313283208','8.13','2.24','5.89','2026-06-13 15:00:01','2026-06-13 15:00:01'),
(4020,'14.357682619647','8.13','2.22','5.91','2026-06-13 16:00:01','2026-06-13 16:00:01'),
(4021,'0.25125628140704','8.13','2.14','5.99','2026-06-13 17:00:01','2026-06-13 17:00:01'),
(4022,'8.5','8.13','2.13','6','2026-06-13 18:00:01','2026-06-13 18:00:01'),
(4023,'23.711340206186','8.13','2.07','6.06','2026-06-13 19:00:01','2026-06-13 19:00:01'),
(4024,'9.7989949748744','8.13','2','6.13','2026-06-13 20:00:01','2026-06-13 20:00:01'),
(4025,'4.2713567839196','8.13','2.14','5.99','2026-06-13 21:00:01','2026-06-13 21:00:01'),
(4026,'1.7456359102244','8.13','2.07','6.06','2026-06-13 22:00:01','2026-06-13 22:00:01'),
(4027,'1.0025062656642','8.13','1.92','6.21','2026-06-13 23:00:01','2026-06-13 23:00:01'),
(4028,'15.113350125945','8.13','2.09','6.05','2026-06-14 00:00:01','2026-06-14 00:00:01'),
(4029,'3.5175879396985','8.13','2.09','6.04','2026-06-14 01:00:01','2026-06-14 01:00:01'),
(4030,'9.2731829573935','8.13','1.89','6.24','2026-06-14 02:00:01','2026-06-14 02:00:01'),
(4031,'1.4962593516209','8.13','1.93','6.2','2026-06-14 03:00:01','2026-06-14 03:00:01'),
(4032,'5.0125313283208','8.13','1.9','6.23','2026-06-14 04:00:01','2026-06-14 04:00:01'),
(4033,'3.7688442211055','8.13','1.9','6.23','2026-06-14 05:00:01','2026-06-14 05:00:01'),
(4034,'16.919191919192','8.13','1.88','6.25','2026-06-14 06:00:01','2026-06-14 06:00:01'),
(4035,'15.037593984962','8.13','1.8','6.33','2026-06-14 07:00:01','2026-06-14 07:00:01'),
(4036,'16.624685138539','8.13','1.68','6.46','2026-06-14 08:00:01','2026-06-14 08:00:01'),
(4037,'0.50125313283208','8.13','1.86','6.27','2026-06-14 09:00:01','2026-06-14 09:00:01'),
(4038,'9.0452261306533','8.13','1.77','6.36','2026-06-14 10:00:01','2026-06-14 10:00:01'),
(4039,'17.8391959799','8.13','1.73','6.41','2026-06-14 11:00:01','2026-06-14 11:00:01'),
(4040,'15.288220551378','8.13','1.41','6.72','2026-06-14 12:00:01','2026-06-14 12:00:01'),
(4041,'17.632241813602','8.13','1.48','6.66','2026-06-14 13:00:01','2026-06-14 13:00:01'),
(4042,'3.0075187969925','8.13','1.57','6.56','2026-06-14 14:00:01','2026-06-14 14:00:01'),
(4043,'1.0050251256281','8.13','1.44','6.7','2026-06-14 15:00:01','2026-06-14 15:00:01'),
(4044,'0.7537688442211','8.13','1.5','6.63','2026-06-14 16:00:01','2026-06-14 16:00:01'),
(4045,'16.5','8.13','1.44','6.7','2026-06-14 17:00:01','2026-06-14 17:00:01'),
(4046,'18.295739348371','8.13','521.05','7.61','2026-06-14 18:00:01','2026-06-14 18:00:01'),
(4047,'3.0150753768844','8.13','515.76','7.62','2026-06-14 19:00:01','2026-06-14 19:00:01'),
(4048,'15.538847117794','8.13','307.97','7.82','2026-06-14 20:00:01','2026-06-14 20:00:01'),
(4049,'8.0200501253133','8.13','453.55','7.68','2026-06-14 21:00:01','2026-06-14 21:00:01'),
(4050,'5.3030303030303','8.13','886.26','7.25','2026-06-14 22:00:01','2026-06-14 22:00:01'),
(4051,'19.346733668342','8.13','822.83','7.31','2026-06-14 23:00:01','2026-06-14 23:00:01'),
(4052,'8.5427135678392','8.13','808.12','7.32','2026-06-15 00:00:01','2026-06-15 00:00:01'),
(4053,'13.28320802005','8.13','776.27','7.36','2026-06-15 01:00:01','2026-06-15 01:00:01'),
(4054,'6.5491183879093','8.13','818.42','7.31','2026-06-15 02:00:01','2026-06-15 02:00:01'),
(4055,'15.36523929471','8.13','764.96','7.37','2026-06-15 03:00:01','2026-06-15 03:00:01'),
(4056,'10.050251256281','8.13','707.12','7.43','2026-06-15 04:00:01','2026-06-15 04:00:01'),
(4057,'9.0225563909774','8.13','722.16','7.41','2026-06-15 05:00:01','2026-06-15 05:00:01'),
(4058,'9.75','8.13','717.08','7.42','2026-06-15 06:00:01','2026-06-15 06:00:01'),
(4059,'14.53634085213','8.13','629.12','7.5','2026-06-15 07:00:01','2026-06-15 07:00:01'),
(4060,'1.25','8.13','569.7','7.56','2026-06-15 08:00:01','2026-06-15 08:00:01'),
(4061,'8.5','8.13','537.03','7.6','2026-06-15 09:00:01','2026-06-15 09:00:01'),
(4062,'1.5037593984962','8.13','452.9','7.68','2026-06-15 10:00:01','2026-06-15 10:00:01'),
(4063,'2.2613065326633','8.13','460.44','7.67','2026-06-15 11:00:01','2026-06-15 11:00:01'),
(4064,'9.0452261306533','8.13','450.59','7.68','2026-06-15 12:00:01','2026-06-15 12:00:01'),
(4065,'3.5175879396985','8.13','536.64','7.6','2026-06-15 13:00:01','2026-06-15 13:00:01'),
(4066,'13.924050632911','8.13','475','7.66','2026-06-15 14:00:01','2026-06-15 14:00:01'),
(4067,'17.128463476071','8.13','359.92','7.77','2026-06-15 15:00:01','2026-06-15 15:00:01'),
(4068,'18.227848101266','8.13','172.68','7.96','2026-06-15 16:00:01','2026-06-15 16:00:01'),
(4069,'0.7537688442211','8.13','1.61','6.53','2026-06-15 17:00:01','2026-06-15 17:00:01'),
(4070,'3.9800995024876','8.13','2.7','5.43','2026-06-15 18:00:01','2026-06-15 18:00:01'),
(4071,'35.294117647059','8.13','2.56','5.58','2026-06-15 19:00:01','2026-06-15 19:00:01'),
(4072,'4.0100250626566','8.13','1.93','6.2','2026-06-15 20:00:01','2026-06-15 20:00:01'),
(4073,'18.639798488665','8.13','1.89','6.24','2026-06-15 21:00:01','2026-06-15 21:00:01'),
(4074,'15.829145728643','8.13','1.76','6.37','2026-06-15 22:00:01','2026-06-15 22:00:01'),
(4075,'14.646464646465','8.13','1.65','6.48','2026-06-15 23:00:01','2026-06-15 23:00:01'),
(4076,'11.05527638191','8.13','1.61','6.52','2026-06-16 00:00:01','2026-06-16 00:00:01'),
(4077,'5','8.13','1.63','6.5','2026-06-16 01:00:01','2026-06-16 01:00:01'),
(4078,'8.0402010050251','8.13','2.6','5.54','2026-06-16 02:00:01','2026-06-16 02:00:01'),
(4079,'1.0050251256281','8.13','2.63','5.5','2026-06-16 03:00:01','2026-06-16 03:00:01'),
(4080,'2.0100502512563','8.13','2.6','5.53','2026-06-16 04:00:01','2026-06-16 04:00:01'),
(4081,'4.5','8.13','2.57','5.56','2026-06-16 05:00:01','2026-06-16 05:00:01'),
(4082,'0.25125628140704','8.13','2.57','5.56','2026-06-16 06:00:01','2026-06-16 06:00:01'),
(4083,'11.557788944724','8.13','2.47','5.66','2026-06-16 07:00:01','2026-06-16 07:00:01'),
(4084,'1.0025062656642','8.13','2.36','5.78','2026-06-16 08:00:01','2026-06-16 08:00:01'),
(4085,'16.161616161616','8.13','2.32','5.81','2026-06-16 09:00:01','2026-06-16 09:00:01'),
(4086,'6.516290726817','8.13','2.21','5.93','2026-06-16 10:00:01','2026-06-16 10:00:01'),
(4087,'11.05527638191','8.13','2.18','5.96','2026-06-16 11:00:01','2026-06-16 11:00:01'),
(4088,'0.75566750629723','8.13','2.11','6.02','2026-06-16 12:00:01','2026-06-16 12:00:01'),
(4089,'16.876574307305','8.13','2.79','5.34','2026-06-16 13:00:01','2026-06-16 13:00:01'),
(4090,'16.834170854271','8.13','2.71','5.42','2026-06-16 14:00:01','2026-06-16 14:00:01'),
(4091,'5.5415617128463','8.13','2.59','5.54','2026-06-16 15:00:01','2026-06-16 15:00:01'),
(4092,'2.2443890274314','8.13','2.57','5.56','2026-06-16 16:00:01','2026-06-16 16:00:01'),
(4093,'12.814070351759','8.13','2.56','5.57','2026-06-16 17:00:01','2026-06-16 17:00:01'),
(4094,'3.5175879396985','8.13','2.61','5.52','2026-06-16 18:00:01','2026-06-16 18:00:01'),
(4095,'9.2307692307692','8.13','2.31','5.83','2026-06-16 19:00:01','2026-06-16 19:00:01'),
(4096,'8.5213032581454','8.13','2.3','5.83','2026-06-16 20:00:01','2026-06-16 20:00:01'),
(4097,'13.853904282116','8.13','2.26','5.87','2026-06-16 21:00:01','2026-06-16 21:00:01'),
(4098,'1.7587939698493','8.13','2.39','5.74','2026-06-16 22:00:01','2026-06-16 22:00:01'),
(4099,'1.0025062656642','8.13','2.04','6.09','2026-06-16 23:00:01','2026-06-16 23:00:01'),
(4100,'1.0050251256281','8.13','2.03','6.1','2026-06-17 00:00:01','2026-06-17 00:00:01'),
(4101,'16.040100250627','8.13','2.01','6.12','2026-06-17 01:00:01','2026-06-17 01:00:01'),
(4102,'12.562814070352','8.13','1.76','6.37','2026-06-17 02:00:01','2026-06-17 02:00:01'),
(4103,'5.2763819095477','8.13','1.75','6.38','2026-06-17 03:00:01','2026-06-17 03:00:01'),
(4104,'2.7431421446384','8.13','1.78','6.36','2026-06-17 04:00:01','2026-06-17 04:00:01'),
(4105,'7.5566750629723','8.13','1.78','6.36','2026-06-17 05:00:01','2026-06-17 05:00:01'),
(4106,'16.541353383459','8.13','1.76','6.37','2026-06-17 06:00:01','2026-06-17 06:00:01'),
(4107,'10.25','8.13','1.76','6.37','2026-06-17 07:00:01','2026-06-17 07:00:01'),
(4108,'4.0100250626566','8.13','1.71','6.43','2026-06-17 08:00:01','2026-06-17 08:00:01'),
(4109,'1.2562814070352','8.13','1.65','6.48','2026-06-17 09:00:01','2026-06-17 09:00:01'),
(4110,'15.288220551378','8.13','1.65','6.48','2026-06-17 10:00:01','2026-06-17 10:00:01'),
(4111,'7.286432160804','8.13','1.62','6.51','2026-06-17 11:00:01','2026-06-17 11:00:01'),
(4112,'16.582914572864','8.13','1.7','6.43','2026-06-17 12:00:01','2026-06-17 12:00:01'),
(4113,'3.2745591939547','8.13','1.53','6.6','2026-06-17 13:00:01','2026-06-17 13:00:01'),
(4114,'15.36523929471','8.13','1.59','6.54','2026-06-17 14:00:01','2026-06-17 14:00:01'),
(4115,'4.8223350253807','8.13','1.53','6.6','2026-06-17 15:00:01','2026-06-17 15:00:01'),
(4116,'8.0200501253133','8.13','1.52','6.61','2026-06-17 16:00:01','2026-06-17 16:00:01'),
(4117,'0.50251256281408','8.13','1.42','6.71','2026-06-17 17:00:01','2026-06-17 17:00:01'),
(4118,'10.77694235589','8.13','1.37','6.76','2026-06-17 18:00:01','2026-06-17 18:00:01'),
(4119,'21.410579345088','8.13','1.42','6.72','2026-06-17 19:00:01','2026-06-17 19:00:01'),
(4120,'6.265664160401','8.13','1.47','6.66','2026-06-17 20:00:01','2026-06-17 20:00:01'),
(4121,'6.5','8.13','1.46','6.67','2026-06-17 21:00:01','2026-06-17 21:00:01'),
(4122,'6.265664160401','8.13','1.31','6.82','2026-06-17 22:00:01','2026-06-17 22:00:01'),
(4123,'17.543859649123','8.13','1.35','6.78','2026-06-17 23:00:01','2026-06-17 23:00:01'),
(4124,'5.5137844611529','8.13','1.39','6.74','2026-06-18 00:00:01','2026-06-18 00:00:01'),
(4125,'12.090680100756','8.13','1.36','6.77','2026-06-18 01:00:01','2026-06-18 01:00:01'),
(4126,'21.26582278481','8.13','1.42','6.71','2026-06-18 02:00:01','2026-06-18 02:00:01'),
(4127,'5.5276381909548','8.13','1.34','6.79','2026-06-18 03:00:01','2026-06-18 03:00:01'),
(4128,'13.316582914573','8.13','1.38','6.75','2026-06-18 04:00:01','2026-06-18 04:00:01'),
(4129,'1.2562814070352','8.13','1.36','6.77','2026-06-18 05:00:01','2026-06-18 05:00:01'),
(4130,'10.579345088161','8.13','1.4','6.74','2026-06-18 06:00:01','2026-06-18 06:00:01'),
(4131,'2.7638190954774','8.13','1.31','6.82','2026-06-18 07:00:01','2026-06-18 07:00:01'),
(4132,'3.0075187969925','8.13','1.34','6.79','2026-06-18 08:00:01','2026-06-18 08:00:01'),
(4133,'3.2663316582915','8.13','1.27','6.87','2026-06-18 09:00:01','2026-06-18 09:00:01'),
(4134,'9.5477386934673','8.13','1.21','6.92','2026-06-18 10:00:01','2026-06-18 10:00:01'),
(4135,'9.0452261306533','8.13','1.16','6.97','2026-06-18 11:00:01','2026-06-18 11:00:01'),
(4136,'7.5566750629723','8.13','1.07','7.06','2026-06-18 12:00:01','2026-06-18 12:00:01'),
(4137,'3.7593984962406','8.13','1.04','7.1','2026-06-18 13:00:01','2026-06-18 13:00:01'),
(4138,'0.25125628140704','8.13','1.17','6.97','2026-06-18 14:00:01','2026-06-18 14:00:01'),
(4139,'19.395465994962','8.13','944.31','7.19','2026-06-18 15:00:01','2026-06-18 15:00:01'),
(4140,'9.0909090909091','8.13','978.27','7.15','2026-06-18 16:00:01','2026-06-18 16:00:01'),
(4141,'8.7719298245614','8.13','1.03','7.1','2026-06-18 17:00:01','2026-06-18 17:00:01'),
(4142,'23.918575063613','8.13','937.83','7.19','2026-06-18 18:00:01','2026-06-18 18:00:01'),
(4143,'19.095477386935','8.13','576.97','7.56','2026-06-18 19:00:01','2026-06-18 19:00:01'),
(4144,'18.25','8.13','127.41','8','2026-06-18 20:00:01','2026-06-18 20:00:01'),
(4145,'19.240506329114','8.13','165.63','7.97','2026-06-18 21:00:01','2026-06-18 21:00:01'),
(4146,'7.0707070707071','8.13','128.99','8','2026-06-18 22:00:01','2026-06-18 22:00:01'),
(4147,'12.405063291139','8.13','128','8','2026-06-18 23:00:01','2026-06-18 23:00:01'),
(4148,'5.7934508816121','8.13','162.6','7.97','2026-06-19 00:00:01','2026-06-19 00:00:01'),
(4149,'5.8080808080808','8.13','228.9','7.9','2026-06-19 01:00:01','2026-06-19 01:00:01'),
(4150,'12.090680100756','8.13','139.06','7.99','2026-06-19 02:00:01','2026-06-19 02:00:01'),
(4151,'0.75','8.13','158.81','7.97','2026-06-19 03:00:01','2026-06-19 03:00:01'),
(4152,'5.7644110275689','8.13','302.39','7.83','2026-06-19 04:00:01','2026-06-19 04:00:01'),
(4153,'9.2731829573935','8.13','271.03','7.86','2026-06-19 05:00:01','2026-06-19 05:00:01'),
(4154,'18.045112781955','8.13','212.15','7.92','2026-06-19 06:00:01','2026-06-19 06:00:01'),
(4155,'19.395465994962','8.13','133.22','8','2026-06-19 07:00:01','2026-06-19 07:00:01'),
(4156,'6.0301507537689','8.13','193.58','7.94','2026-06-19 08:00:01','2026-06-19 08:00:01'),
(4157,'6.7164179104478','8.13','208.24','7.92','2026-06-19 09:00:01','2026-06-19 09:00:01'),
(4158,'7.5187969924812','8.13','185.11','7.95','2026-06-19 10:00:01','2026-06-19 10:00:01'),
(4159,'0.75','8.13','143.28','7.99','2026-06-19 11:00:01','2026-06-19 11:00:01'),
(4160,'2.25','8.13','189.89','7.94','2026-06-19 12:00:01','2026-06-19 12:00:01'),
(4161,'5.5276381909548','8.13','236.38','7.9','2026-06-19 13:00:01','2026-06-19 13:00:01'),
(4162,'12.060301507538','8.13','217.89','7.91','2026-06-19 14:00:01','2026-06-19 14:00:01'),
(4163,'6.8181818181818','8.13','185.99','7.95','2026-06-19 15:00:01','2026-06-19 15:00:01'),
(4164,'8.0808080808081','8.13','207.39','7.92','2026-06-19 16:00:01','2026-06-19 16:00:01'),
(4165,'11.616161616162','8.13','160.8','7.97','2026-06-19 17:00:01','2026-06-19 17:00:01'),
(4166,'20.35175879397','8.13','162.5','7.97','2026-06-19 18:00:01','2026-06-19 18:00:01'),
(4167,'30.829015544041','8.13','179.14','7.95','2026-06-19 19:00:01','2026-06-19 19:00:01'),
(4168,'0.50251256281408','8.13','315.49','7.82','2026-06-19 20:00:01','2026-06-19 20:00:01'),
(4169,'3.75','8.13','371.81','7.76','2026-06-19 21:00:01','2026-06-19 21:00:01'),
(4170,'60.483870967742','8.13','300.14','7.83','2026-06-19 22:00:01','2026-06-19 22:00:01'),
(4171,'23.366834170854','8.13','264.77','7.87','2026-06-19 23:00:01','2026-06-19 23:00:01'),
(4172,'1.0025062656642','8.13','284.64','7.85','2026-06-20 00:00:01','2026-06-20 00:00:01'),
(4173,'2.7707808564232','8.13','308.59','7.82','2026-06-20 01:00:01','2026-06-20 01:00:01'),
(4174,'1.4962593516209','8.13','215.48','7.92','2026-06-20 02:00:01','2026-06-20 02:00:01'),
(4175,'2.0100502512563','8.13','154.64','7.98','2026-06-20 03:00:01','2026-06-20 03:00:01'),
(4176,'20.865139949109','8.13','157.77','7.97','2026-06-20 04:00:01','2026-06-20 04:00:01'),
(4177,'6.015037593985','8.13','226.92','7.91','2026-06-20 05:00:01','2026-06-20 05:00:01'),
(4178,'1.75','8.13','232.86','7.9','2026-06-20 06:00:01','2026-06-20 06:00:01'),
(4179,'40.506329113924','8.13','155.64','7.98','2026-06-20 07:00:01','2026-06-20 07:00:01'),
(4180,'9.823677581864','8.13','202.92','7.93','2026-06-20 08:00:01','2026-06-20 08:00:01'),
(4181,'0.50125313283208','8.13','192.63','7.94','2026-06-20 09:00:01','2026-06-20 09:00:01'),
(4182,'27.020202020202','8.13','173.9','7.96','2026-06-20 10:00:01','2026-06-20 10:00:01'),
(4183,'35.443037974684','8.13','211.69','7.92','2026-06-20 11:00:01','2026-06-20 11:00:01'),
(4184,'14.824120603015','8.13','249.04','7.88','2026-06-20 12:00:01','2026-06-20 12:00:01'),
(4185,'0.25188916876574','8.13','227.14','7.9','2026-06-20 13:00:01','2026-06-20 13:00:01'),
(4186,'26.515151515152','8.13','270.02','7.86','2026-06-20 14:00:01','2026-06-20 14:00:01'),
(4187,'10.632911392405','8.13','317.33','7.81','2026-06-20 15:00:01','2026-06-20 15:00:01'),
(4188,'26.075949367089','8.13','234.63','7.9','2026-06-20 16:00:01','2026-06-20 16:00:01'),
(4189,'4.5340050377834','8.13','223.59','7.91','2026-06-20 17:00:01','2026-06-20 17:00:01'),
(4190,'34.005037783375','8.13','374.56','7.76','2026-06-20 18:00:01','2026-06-20 18:00:01'),
(4191,'49.360613810742','8.13','254.04','7.88','2026-06-20 19:00:01','2026-06-20 19:00:01'),
(4192,'26.329113924051','8.13','277.72','7.85','2026-06-20 20:00:01','2026-06-20 20:00:01'),
(4193,'1.0025062656642','8.13','276.47','7.86','2026-06-20 21:00:01','2026-06-20 21:00:01'),
(4194,'39.195979899497','8.13','281.45','7.85','2026-06-20 22:00:01','2026-06-20 22:00:01'),
(4195,'33.75314861461','8.13','291.26','7.84','2026-06-20 23:00:01','2026-06-20 23:00:01'),
(4196,'23.155216284987','8.13','266.06','7.87','2026-06-21 00:00:01','2026-06-21 00:00:01'),
(4197,'9.0452261306533','8.13','262.96','7.87','2026-06-21 01:00:01','2026-06-21 01:00:01'),
(4198,'1.0025062656642','8.13','143.59','7.99','2026-06-21 02:00:01','2026-06-21 02:00:01'),
(4199,'27.707808564232','8.13','202.12','7.93','2026-06-21 03:00:01','2026-06-21 03:00:01'),
(4200,'21.105527638191','8.13','245.43','7.89','2026-06-21 04:00:01','2026-06-21 04:00:01'),
(4201,'15.211970074813','8.13','210.87','7.92','2026-06-21 05:00:01','2026-06-21 05:00:01'),
(4202,'1','8.13','296.61','7.84','2026-06-21 06:00:01','2026-06-21 06:00:01'),
(4203,'19.746835443038','8.13','169','7.96','2026-06-21 07:00:01','2026-06-21 07:00:01'),
(4204,'4.2713567839196','8.13','362.92','7.77','2026-06-21 08:00:01','2026-06-21 08:00:01'),
(4205,'35.012594458438','8.13','362.77','7.77','2026-06-21 09:00:01','2026-06-21 09:00:01'),
(4206,'31.392405063291','8.13','148.92','7.98','2026-06-21 10:00:01','2026-06-21 10:00:01'),
(4207,'20.403022670025','8.13','363.55','7.77','2026-06-21 11:00:01','2026-06-21 11:00:01'),
(4208,'9.3434343434343','8.13','318.65','7.81','2026-06-21 12:00:01','2026-06-21 12:00:01'),
(4209,'0.50251256281408','8.13','442.42','7.69','2026-06-21 13:00:01','2026-06-21 13:00:01'),
(4210,'19.395465994962','8.13','272.34','7.86','2026-06-21 14:00:01','2026-06-21 14:00:01'),
(4211,'1.2531328320802','8.13','354.37','7.78','2026-06-21 15:00:01','2026-06-21 15:00:01'),
(4212,'1.0025062656642','8.13','219.57','7.91','2026-06-21 16:00:01','2026-06-21 16:00:01'),
(4213,'0.75187969924812','8.13','267.27','7.86','2026-06-21 17:00:01','2026-06-21 17:00:01'),
(4214,'22.842639593909','8.13','402.42','7.73','2026-06-21 18:00:01','2026-06-21 18:00:01'),
(4215,'37.939698492462','8.13','282.28','7.85','2026-06-21 19:00:01','2026-06-21 19:00:01'),
(4216,'30.904522613065','8.13','327.08','7.81','2026-06-21 20:00:01','2026-06-21 20:00:01'),
(4217,'6.015037593985','8.13','239.12','7.89','2026-06-21 21:00:01','2026-06-21 21:00:01'),
(4218,'22.979797979798','8.13','333.17','7.8','2026-06-21 22:00:01','2026-06-21 22:00:01'),
(4219,'19.69696969697','8.13','218.23','7.91','2026-06-21 23:00:01','2026-06-21 23:00:01'),
(4220,'19.191919191919','8.13','286.64','7.85','2026-06-22 00:00:01','2026-06-22 00:00:01'),
(4221,'11.616161616162','8.13','314.76','7.82','2026-06-22 01:00:01','2026-06-22 01:00:01'),
(4222,'5.0377833753149','8.13','301.87','7.83','2026-06-22 02:00:01','2026-06-22 02:00:01'),
(4223,'31.725888324873','8.13','1.21','6.92','2026-06-22 03:00:01','2026-06-22 03:00:01'),
(4224,'27.959697732997','8.13','1.41','6.72','2026-06-22 04:00:01','2026-06-22 04:00:01'),
(4225,'26.130653266332','8.13','1.37','6.76','2026-06-22 05:00:01','2026-06-22 05:00:01'),
(4226,'13.924050632911','8.13','1.18','6.95','2026-06-22 06:00:01','2026-06-22 06:00:01'),
(4227,'31.060606060606','8.13','1.05','7.08','2026-06-22 07:00:01','2026-06-22 07:00:01'),
(4228,'0.75','8.13','983.19','7.15','2026-06-22 08:00:01','2026-06-22 08:00:01'),
(4229,'0.50377833753149','8.13','920.99','7.21','2026-06-22 09:00:01','2026-06-22 09:00:01'),
(4230,'17.424242424242','8.13','809.19','7.32','2026-06-22 10:00:01','2026-06-22 10:00:01'),
(4231,'26.075949367089','8.13','697.02','7.44','2026-06-22 11:00:01','2026-06-22 11:00:01'),
(4232,'0.50125313283208','8.13','745.4','7.39','2026-06-22 12:00:01','2026-06-22 12:00:01'),
(4233,'38.520408163265','8.13','1.57','6.56','2026-06-22 13:00:01','2026-06-22 13:00:01'),
(4234,'2.0050125313283','8.13','1.4','6.74','2026-06-22 14:00:01','2026-06-22 14:00:01'),
(4235,'1.7543859649123','8.13','1.14','7','2026-06-22 15:00:01','2026-06-22 15:00:01'),
(4236,'8.3544303797468','8.13','1.28','6.85','2026-06-22 16:00:01','2026-06-22 16:00:01'),
(4237,'30.478589420655','8.13','948.51','7.18','2026-06-22 17:00:01','2026-06-22 17:00:01'),
(4238,'3.5175879396985','8.13','883.82','7.25','2026-06-22 18:00:01','2026-06-22 18:00:01'),
(4239,'23.929471032746','8.13','771.35','7.36','2026-06-22 19:00:01','2026-06-22 19:00:01'),
(4240,'32.070707070707','8.13','923.01','7.21','2026-06-22 20:00:01','2026-06-22 20:00:01'),
(4241,'18.136020151134','8.13','1.01','7.12','2026-06-22 21:00:01','2026-06-22 21:00:01'),
(4242,'0.50251256281408','8.13','1.01','7.12','2026-06-22 22:00:01','2026-06-22 22:00:01'),
(4243,'29.545454545455','8.13','905.52','7.23','2026-06-22 23:00:01','2026-06-22 23:00:01'),
(4244,'30.730478589421','8.13','1.19','6.95','2026-06-23 00:00:01','2026-06-23 00:00:01'),
(4245,'29.974811083123','8.13','1.26','6.88','2026-06-23 01:00:01','2026-06-23 01:00:01'),
(4246,'32.741116751269','8.13','855.2','7.28','2026-06-23 02:00:01','2026-06-23 02:00:01'),
(4247,'0.7537688442211','8.13','854.85','7.28','2026-06-23 03:00:01','2026-06-23 03:00:01'),
(4248,'31.565656565657','8.13','868.01','7.26','2026-06-23 04:00:01','2026-06-23 04:00:01'),
(4249,'5.0251256281407','8.13','878.96','7.25','2026-06-23 05:00:01','2026-06-23 05:00:01'),
(4250,'26.700251889169','8.13','863.76','7.27','2026-06-23 06:00:01','2026-06-23 06:00:01'),
(4251,'9.3908629441624','8.13','860.18','7.27','2026-06-23 07:00:01','2026-06-23 07:00:01'),
(4252,'26.835443037975','8.13','712.74','7.42','2026-06-23 08:00:02','2026-06-23 08:00:02'),
(4253,'19.047619047619','8.13','666.54','7.47','2026-06-23 09:00:01','2026-06-23 09:00:01'),
(4254,'0.50251256281408','8.13','533.83','7.6','2026-06-23 10:00:01','2026-06-23 10:00:01'),
(4255,'30.150753768844','8.13','585.41','7.55','2026-06-23 11:00:01','2026-06-23 11:00:01'),
(4256,'16.120906801008','8.13','239.44','7.89','2026-06-23 12:00:01','2026-06-23 12:00:01'),
(4257,'71.464646464646','8.13','211.88','7.92','2026-06-23 13:00:01','2026-06-23 13:00:01'),
(4258,'1.5','8.13','263.1','7.87','2026-06-23 14:00:01','2026-06-23 14:00:01'),
(4259,'5.5137844611529','8.13','320.7','7.81','2026-06-23 15:00:01','2026-06-23 15:00:01'),
(4260,'12.562814070352','8.13','184.93','7.95','2026-06-23 16:00:01','2026-06-23 16:00:01'),
(4261,'25.062656641604','8.13','350.72','7.78','2026-06-23 17:00:01','2026-06-23 17:00:01'),
(4262,'4.2606516290727','8.13','320.02','7.81','2026-06-23 18:00:01','2026-06-23 18:00:01'),
(4263,'22.081218274112','8.13','159.43','7.97','2026-06-23 19:00:01','2026-06-23 19:00:01'),
(4264,'34.177215189873','8.13','807.44','7.32','2026-06-23 20:00:01','2026-06-23 20:00:01'),
(4265,'31.234256926952','8.13','829.02','7.3','2026-06-23 21:00:01','2026-06-23 21:00:01'),
(4266,'22.361809045226','8.13','823.48','7.31','2026-06-23 22:00:01','2026-06-23 22:00:01'),
(4267,'0.99502487562189','8.13','726.72','7.41','2026-06-23 23:00:01','2026-06-23 23:00:01'),
(4268,'11.557788944724','8.13','732.33','7.4','2026-06-24 00:00:01','2026-06-24 00:00:01'),
(4269,'14.936708860759','8.13','736.81','7.4','2026-06-24 01:00:01','2026-06-24 01:00:01'),
(4270,'31.234256926952','8.13','629.92','7.5','2026-06-24 02:00:01','2026-06-24 02:00:01'),
(4271,'26.767676767677','8.13','754.09','7.38','2026-06-24 03:00:01','2026-06-24 03:00:01'),
(4272,'7.0175438596491','8.13','697.3','7.43','2026-06-24 04:00:01','2026-06-24 04:00:01'),
(4273,'31.565656565657','8.13','704.28','7.43','2026-06-24 05:00:01','2026-06-24 05:00:01'),
(4274,'17.632241813602','8.13','611.94','7.52','2026-06-24 06:00:01','2026-06-24 06:00:01'),
(4275,'0.75','8.13','557.45','7.57','2026-06-24 07:00:01','2026-06-24 07:00:01'),
(4276,'14.861460957179','8.13','454.32','7.68','2026-06-24 08:00:01','2026-06-24 08:00:01'),
(4277,'29.79797979798','8.13','388.49','7.74','2026-06-24 09:00:01','2026-06-24 09:00:01'),
(4278,'11.392405063291','8.13','373.65','7.76','2026-06-24 10:00:01','2026-06-24 10:00:01'),
(4279,'27.959697732997','8.13','321.98','7.81','2026-06-24 11:00:01','2026-06-24 11:00:01'),
(4280,'32.575757575758','8.13','384.7','7.75','2026-06-24 12:00:01','2026-06-24 12:00:01'),
(4281,'0.25125628140704','8.13','335.99','7.8','2026-06-24 13:00:01','2026-06-24 13:00:01'),
(4282,'21.065989847716','8.13','378.34','7.75','2026-06-24 14:00:01','2026-06-24 14:00:01'),
(4283,'12.342569269521','8.13','278.52','7.85','2026-06-24 15:00:01','2026-06-24 15:00:01'),
(4284,'25.063938618926','8.13','404.11','7.73','2026-06-24 16:00:01','2026-06-24 16:00:01'),
(4285,'7.2681704260652','8.13','265.81','7.87','2026-06-24 17:00:01','2026-06-24 17:00:01'),
(4286,'33.164556962025','8.13','274.65','7.86','2026-06-24 18:00:01','2026-06-24 18:00:01'),
(4287,'32.722513089005','8.13','134.08','8','2026-06-24 19:00:01','2026-06-24 19:00:01'),
(4288,'30.402010050251','8.13','295.43','7.84','2026-06-24 20:00:01','2026-06-24 20:00:01'),
(4289,'14.609571788413','8.13','313.03','7.82','2026-06-24 21:00:01','2026-06-24 21:00:01'),
(4290,'0.7537688442211','8.13','371.52','7.76','2026-06-24 22:00:01','2026-06-24 22:00:01'),
(4291,'5.7788944723618','8.13','276.06','7.86','2026-06-24 23:00:01','2026-06-24 23:00:01'),
(4292,'10.804020100503','8.13','302.23','7.83','2026-06-25 00:00:01','2026-06-25 00:00:01'),
(4293,'1.7456359102244','8.13','325.05','7.81','2026-06-25 01:00:01','2026-06-25 01:00:01'),
(4294,'5.2896725440806','8.13','343.02','7.79','2026-06-25 02:00:01','2026-06-25 02:00:01'),
(4295,'24.937027707809','8.13','359.62','7.77','2026-06-25 03:00:01','2026-06-25 03:00:01'),
(4296,'16.75','8.13','320.14','7.81','2026-06-25 04:00:01','2026-06-25 04:00:01'),
(4297,'16.372795969773','8.13','316.37','7.82','2026-06-25 05:00:01','2026-06-25 05:00:01'),
(4298,'1.5037593984962','8.13','323.31','7.81','2026-06-25 06:00:01','2026-06-25 06:00:01'),
(4299,'34.605597964377','8.13','217.48','7.91','2026-06-25 07:00:01','2026-06-25 07:00:01'),
(4300,'1.5075376884422','8.13','200.28','7.93','2026-06-25 08:00:01','2026-06-25 08:00:01'),
(4301,'5','8.13','367.01','7.77','2026-06-25 09:00:01','2026-06-25 09:00:01'),
(4302,'31.077694235589','8.13','264.77','7.87','2026-06-25 10:00:01','2026-06-25 10:00:01'),
(4303,'11.586901763224','8.13','211.72','7.92','2026-06-25 11:00:01','2026-06-25 11:00:01'),
(4304,'29.79797979798','8.13','281.71','7.85','2026-06-25 12:00:01','2026-06-25 12:00:01'),
(4305,'34.090909090909','8.13','410.74','7.72','2026-06-25 13:00:01','2026-06-25 13:00:01'),
(4306,'23.291139240506','8.13','304.62','7.83','2026-06-25 14:00:01','2026-06-25 14:00:01'),
(4307,'33.333333333333','8.13','252.18','7.88','2026-06-25 15:00:01','2026-06-25 15:00:01'),
(4308,'0.75187969924812','8.13','250.26','7.88','2026-06-25 16:00:01','2026-06-25 16:00:01'),
(4309,'9.75','8.13','191.64','7.94','2026-06-25 17:00:01','2026-06-25 17:00:01'),
(4310,'24.303797468354','8.13','324.5','7.81','2026-06-25 18:00:01','2026-06-25 18:00:01'),
(4311,'41.025641025641','8.13','231.02','7.9','2026-06-25 19:00:01','2026-06-25 19:00:01'),
(4312,'4.8223350253807','8.13','323.81','7.81','2026-06-25 20:00:01','2026-06-25 20:00:01'),
(4313,'22.278481012658','8.13','1.09','7.04','2026-06-25 21:00:01','2026-06-25 21:00:01'),
(4314,'35.678391959799','8.13','1.09','7.04','2026-06-25 22:00:01','2026-06-25 22:00:01'),
(4315,'24','8.13','1.01','7.12','2026-06-25 23:00:01','2026-06-25 23:00:01'),
(4316,'1.2531328320802','8.13','1.03','7.11','2026-06-26 00:00:01','2026-06-26 00:00:01'),
(4317,'30.808080808081','8.13','908.26','7.22','2026-06-26 01:00:01','2026-06-26 01:00:01'),
(4318,'1.0025062656642','8.13','943.67','7.19','2026-06-26 02:00:01','2026-06-26 02:00:01'),
(4319,'27.2040302267','8.13','924.87','7.21','2026-06-26 03:00:01','2026-06-26 03:00:01'),
(4320,'5.7788944723618','8.13','876.66','7.26','2026-06-26 04:00:01','2026-06-26 04:00:01'),
(4321,'30.827067669173','8.13','907.23','7.22','2026-06-26 05:00:01','2026-06-26 05:00:01'),
(4322,'21.065989847716','8.13','871.64','7.26','2026-06-26 06:00:01','2026-06-26 06:00:01'),
(4323,'1.0025062656642','8.13','756.58','7.38','2026-06-26 07:00:01','2026-06-26 07:00:01'),
(4324,'0.7537688442211','8.13','764','7.37','2026-06-26 08:00:01','2026-06-26 08:00:01'),
(4325,'17.794486215539','8.13','750.01','7.38','2026-06-26 09:00:01','2026-06-26 09:00:01'),
(4326,'23.096446700508','8.13','678.2','7.45','2026-06-26 10:00:01','2026-06-26 10:00:01'),
(4327,'34.924623115578','8.13','596.86','7.54','2026-06-26 11:00:01','2026-06-26 11:00:01'),
(4328,'30.730478589421','8.13','563.95','7.57','2026-06-26 12:00:01','2026-06-26 12:00:01'),
(4329,'0.75566750629723','8.13','776.98','7.36','2026-06-26 13:00:01','2026-06-26 13:00:01'),
(4330,'1.0025062656642','8.13','420.47','7.71','2026-06-26 14:00:01','2026-06-26 14:00:01'),
(4331,'18.527918781726','8.13','520.19','7.61','2026-06-26 15:00:01','2026-06-26 15:00:01'),
(4332,'17.884130982368','8.13','579.31','7.55','2026-06-26 16:00:01','2026-06-26 16:00:01'),
(4333,'29.219143576826','8.13','511.3','7.62','2026-06-26 17:00:01','2026-06-26 17:00:01'),
(4334,'33.670886075949','8.13','519.26','7.61','2026-06-26 18:00:01','2026-06-26 18:00:01'),
(4335,'24.804177545692','8.13','455.36','7.68','2026-06-26 19:00:01','2026-06-26 19:00:01'),
(4336,'23.857868020305','8.13','568.78','7.56','2026-06-26 20:00:01','2026-06-26 20:00:01'),
(4337,'0.50125313283208','8.13','466.87','7.67','2026-06-26 21:00:01','2026-06-26 21:00:01'),
(4338,'32.658227848101','8.13','421.52','7.71','2026-06-26 22:00:01','2026-06-26 22:00:01'),
(4339,'28.860759493671','8.13','276.5','7.86','2026-06-26 23:00:01','2026-06-26 23:00:01'),
(4340,'25.316455696203','8.13','252.93','7.88','2026-06-27 00:00:01','2026-06-27 00:00:01'),
(4341,'1.2562814070352','8.13','228.03','7.9','2026-06-27 01:00:01','2026-06-27 01:00:01'),
(4342,'16.751269035533','8.13','304.07','7.83','2026-06-27 02:00:01','2026-06-27 02:00:01'),
(4343,'3.25','8.13','254.14','7.88','2026-06-27 03:00:01','2026-06-27 03:00:01'),
(4344,'10.886075949367','8.13','332.75','7.8','2026-06-27 04:00:01','2026-06-27 04:00:01'),
(4345,'35.949367088608','8.13','211.65','7.92','2026-06-27 05:00:01','2026-06-27 05:00:01'),
(4346,'34.517766497462','8.13','276.79','7.86','2026-06-27 06:00:01','2026-06-27 06:00:01'),
(4347,'22.418136020151','8.13','178.88','7.95','2026-06-27 07:00:01','2026-06-27 07:00:01'),
(4348,'2.2556390977444','8.13','261.76','7.87','2026-06-27 08:00:01','2026-06-27 08:00:01'),
(4349,'22.979797979798','8.13','244.66','7.89','2026-06-27 09:00:01','2026-06-27 09:00:01'),
(4350,'1.7632241813602','8.13','255.33','7.88','2026-06-27 10:00:01','2026-06-27 10:00:01'),
(4351,'37.309644670051','8.13','202.44','7.93','2026-06-27 11:00:01','2026-06-27 11:00:01'),
(4352,'26.530612244898','8.13','166.72','7.97','2026-06-27 12:00:01','2026-06-27 12:00:01'),
(4353,'10.858585858586','8.13','266.87','7.87','2026-06-27 13:00:01','2026-06-27 13:00:01'),
(4354,'1','8.13','271.06','7.86','2026-06-27 14:00:01','2026-06-27 14:00:01'),
(4355,'1.2531328320802','8.13','232.28','7.9','2026-06-27 15:00:01','2026-06-27 15:00:01'),
(4356,'21.303258145363','8.13','263.89','7.87','2026-06-27 16:00:01','2026-06-27 16:00:01'),
(4357,'36.523929471033','8.13','294.02','7.84','2026-06-27 17:00:01','2026-06-27 17:00:01'),
(4358,'30.982367758186','8.13','367.23','7.76','2026-06-27 18:00:01','2026-06-27 18:00:01'),
(4359,'61.439588688946','8.13','269.01','7.86','2026-06-27 19:00:01','2026-06-27 19:00:01'),
(4360,'19.899244332494','8.13','257.7','7.87','2026-06-27 20:00:01','2026-06-27 20:00:01'),
(4361,'15.909090909091','8.13','306.13','7.83','2026-06-27 21:00:01','2026-06-27 21:00:01'),
(4362,'21.212121212121','8.13','380.22','7.75','2026-06-27 22:00:01','2026-06-27 22:00:01'),
(4363,'33.838383838384','8.13','227.25','7.9','2026-06-27 23:00:01','2026-06-27 23:00:01'),
(4364,'10.07556675063','8.13','243.26','7.89','2026-06-28 00:00:01','2026-06-28 00:00:01'),
(4365,'6.5656565656566','8.13','251.46','7.88','2026-06-28 01:00:01','2026-06-28 01:00:01'),
(4366,'33.163265306122','8.13','128.82','8','2026-06-28 02:00:01','2026-06-28 02:00:01'),
(4367,'13.350125944584','8.13','737.93','7.39','2026-06-28 03:00:01','2026-06-28 03:00:01'),
(4368,'14.609571788413','8.13','678.64','7.45','2026-06-28 04:00:01','2026-06-28 04:00:01'),
(4369,'28.787878787879','8.13','665.69','7.47','2026-06-28 05:00:01','2026-06-28 05:00:01'),
(4370,'34.936708860759','8.13','664.53','7.47','2026-06-28 06:00:01','2026-06-28 06:00:01'),
(4371,'24.873096446701','8.13','496.19','7.64','2026-06-28 07:00:01','2026-06-28 07:00:01'),
(4372,'26.395939086294','8.13','723.62','7.41','2026-06-28 08:00:01','2026-06-28 08:00:01'),
(4373,'20.854271356784','8.13','535.25','7.6','2026-06-28 09:00:01','2026-06-28 09:00:01'),
(4374,'22.055137844612','8.13','393.75','7.74','2026-06-28 10:00:01','2026-06-28 10:00:01'),
(4375,'22.081218274112','8.13','379.21','7.75','2026-06-28 11:00:01','2026-06-28 11:00:01'),
(4376,'19.899244332494','8.13','373.57','7.76','2026-06-28 12:00:01','2026-06-28 12:00:01'),
(4377,'32.493702770781','8.13','397.89','7.73','2026-06-28 13:00:01','2026-06-28 13:00:01'),
(4378,'32.575757575758','8.13','331.36','7.8','2026-06-28 14:00:01','2026-06-28 14:00:01'),
(4379,'33.75314861461','8.13','263.66','7.87','2026-06-28 15:00:01','2026-06-28 15:00:01'),
(4380,'34.005037783375','8.13','299.16','7.83','2026-06-28 16:00:01','2026-06-28 16:00:01'),
(4381,'27.777777777778','8.13','227.37','7.9','2026-06-28 17:00:01','2026-06-28 17:00:01'),
(4382,'0.75566750629723','8.13','227.24','7.9','2026-06-28 18:00:01','2026-06-28 18:00:01'),
(4383,'4.7858942065491','8.13','241.7','7.89','2026-06-28 19:00:01','2026-06-28 19:00:01'),
(4384,'33.585858585859','8.13','304.02','7.83','2026-06-28 20:00:01','2026-06-28 20:00:01'),
(4385,'2.7638190954774','8.13','229.91','7.9','2026-06-28 21:00:01','2026-06-28 21:00:01'),
(4386,'8.5642317380353','8.13','129.15','8','2026-06-28 22:00:01','2026-06-28 22:00:01'),
(4387,'27.13567839196','8.13','257.06','7.88','2026-06-28 23:00:01','2026-06-28 23:00:01'),
(4388,'25.44080604534','8.13','251.81','7.88','2026-06-29 00:00:01','2026-06-29 00:00:01'),
(4389,'27.13567839196','8.13','210.82','7.92','2026-06-29 01:00:01','2026-06-29 01:00:01'),
(4390,'0.25188916876574','8.13','207.97','7.92','2026-06-29 02:00:01','2026-06-29 02:00:01'),
(4391,'5.0251256281407','8.13','180.9','7.95','2026-06-29 03:00:01','2026-06-29 03:00:01'),
(4392,'3.0226700251889','8.13','269.9','7.86','2026-06-29 04:00:01','2026-06-29 04:00:01'),
(4393,'22.081218274112','8.13','247.43','7.88','2026-06-29 05:00:01','2026-06-29 05:00:01'),
(4394,'31.818181818182','8.13','261.08','7.87','2026-06-29 06:00:01','2026-06-29 06:00:01'),
(4395,'33.924050632911','8.13','194.22','7.94','2026-06-29 07:00:01','2026-06-29 07:00:01'),
(4396,'30.478589420655','8.13','253.76','7.88','2026-06-29 08:00:01','2026-06-29 08:00:01'),
(4397,'14','8.13','294.65','7.84','2026-06-29 09:00:01','2026-06-29 09:00:01'),
(4398,'32.741116751269','8.13','190.81','7.94','2026-06-29 10:00:01','2026-06-29 10:00:01'),
(4399,'36.5','8.13','265.11','7.87','2026-06-29 11:00:01','2026-06-29 11:00:01'),
(4400,'7.808564231738','8.13','209.93','7.92','2026-06-29 12:00:01','2026-06-29 12:00:01'),
(4401,'35.87786259542','8.13','345.76','7.79','2026-06-29 13:00:01','2026-06-29 13:00:01'),
(4402,'16.071428571429','8.13','283.54','7.85','2026-06-29 14:00:01','2026-06-29 14:00:01'),
(4403,'2.5125628140703','8.13','211.55','7.92','2026-06-29 15:00:01','2026-06-29 15:00:01'),
(4404,'21.319796954315','8.13','328.63','7.8','2026-06-29 16:00:01','2026-06-29 16:00:01'),
(4405,'25.252525252525','8.13','169.21','7.96','2026-06-29 17:00:01','2026-06-29 17:00:01'),
(4406,'25.879396984925','8.13','224.93','7.91','2026-06-29 18:00:01','2026-06-29 18:00:01'),
(4407,'21.07969151671','8.13','317.52','7.81','2026-06-29 19:00:01','2026-06-29 19:00:01'),
(4408,'22.166246851385','8.13','264.79','7.87','2026-06-29 20:00:01','2026-06-29 20:00:01'),
(4409,'25.888324873096','8.13','272.63','7.86','2026-06-29 21:00:01','2026-06-29 21:00:01'),
(4410,'26.952141057935','8.13','278.52','7.85','2026-06-29 22:00:01','2026-06-29 22:00:01'),
(4411,'28.643216080402','8.13','255.72','7.88','2026-06-29 23:00:01','2026-06-29 23:00:01'),
(4412,'19.191919191919','8.13','143.55','7.99','2026-06-30 00:00:01','2026-06-30 00:00:01'),
(4413,'8.0808080808081','8.13','131.56','8','2026-06-30 01:00:01','2026-06-30 01:00:01'),
(4414,'30.226700251889','8.13','320.47','7.81','2026-06-30 02:00:01','2026-06-30 02:00:01'),
(4415,'32.070707070707','8.13','281.02','7.85','2026-06-30 03:00:01','2026-06-30 03:00:01'),
(4416,'0.50125313283208','8.13','365.78','7.77','2026-06-30 04:00:01','2026-06-30 04:00:01'),
(4417,'34.59595959596','8.13','336.88','7.8','2026-06-30 05:00:01','2026-06-30 05:00:01'),
(4418,'19.095477386935','8.13','377.72','7.75','2026-06-30 06:00:01','2026-06-30 06:00:01'),
(4419,'6.2814070351759','8.13','270.66','7.86','2026-06-30 07:00:01','2026-06-30 07:00:01'),
(4420,'30.179028132992','8.13','196.76','7.94','2026-06-30 08:00:01','2026-06-30 08:00:01'),
(4421,'11.868686868687','8.13','202.59','7.93','2026-06-30 09:00:01','2026-06-30 09:00:01'),
(4422,'3.0150753768844','8.13','228.31','7.9','2026-06-30 10:00:01','2026-06-30 10:00:01'),
(4423,'5.2763819095477','8.13','248.32','7.88','2026-06-30 11:00:01','2026-06-30 11:00:01'),
(4424,'9.7989949748744','8.13','181.36','7.95','2026-06-30 12:00:01','2026-06-30 12:00:01'),
(4425,'70.959595959596','8.13','400.08','7.73','2026-06-30 13:00:01','2026-06-30 13:00:01'),
(4426,'32.070707070707','8.13','359.7','7.77','2026-06-30 14:00:01','2026-06-30 14:00:01'),
(4427,'17.766497461929','8.13','170.75','7.96','2026-06-30 15:00:01','2026-06-30 15:00:01'),
(4428,'2.2613065326633','8.13','277.2','7.85','2026-06-30 16:00:01','2026-06-30 16:00:01'),
(4429,'14.321608040201','8.13','273.75','7.86','2026-06-30 17:00:01','2026-06-30 17:00:01'),
(4430,'39.393939393939','8.13','218.92','7.91','2026-06-30 18:00:01','2026-06-30 18:00:01'),
(4431,'24.810126582278','8.13','295.42','7.84','2026-06-30 19:00:01','2026-06-30 19:00:01'),
(4432,'3.0150753768844','8.13','276.98','7.86','2026-06-30 20:00:01','2026-06-30 20:00:01'),
(4433,'0.25125628140704','8.13','269.51','7.86','2026-06-30 21:00:01','2026-06-30 21:00:01'),
(4434,'31.818181818182','8.13','267.35','7.86','2026-06-30 22:00:01','2026-06-30 22:00:01'),
(4435,'30.653266331658','8.13','241.52','7.89','2026-06-30 23:00:01','2026-06-30 23:00:01'),
(4436,'0.99750623441396','8.13','212.01','7.92','2026-07-01 00:00:01','2026-07-01 00:00:01'),
(4437,'14.357682619647','8.13','210.71','7.92','2026-07-01 01:00:01','2026-07-01 01:00:01'),
(4438,'31.979695431472','8.13','264.32','7.87','2026-07-01 02:00:01','2026-07-01 02:00:01'),
(4439,'23.809523809524','8.13','226.53','7.91','2026-07-01 03:00:01','2026-07-01 03:00:01'),
(4440,'32.581453634085','8.13','278.95','7.85','2026-07-01 04:00:01','2026-07-01 04:00:01'),
(4441,'32.315521628499','8.13','264.79','7.87','2026-07-01 05:00:01','2026-07-01 05:00:01'),
(4442,'16.120906801008','8.13','273.76','7.86','2026-07-01 06:00:01','2026-07-01 06:00:01'),
(4443,'34.005037783375','8.13','255.81','7.88','2026-07-01 07:00:01','2026-07-01 07:00:01'),
(4444,'23.67758186398','8.13','255.11','7.88','2026-07-01 08:00:01','2026-07-01 08:00:01'),
(4445,'32.745591939547','8.13','242.33','7.89','2026-07-01 09:00:01','2026-07-01 09:00:01'),
(4446,'25.888324873096','8.13','266.81','7.87','2026-07-01 10:00:01','2026-07-01 10:00:01'),
(4447,'29.899497487437','8.13','276.38','7.86','2026-07-01 11:00:01','2026-07-01 11:00:01'),
(4448,'42.564102564103','8.13','144.67','7.99','2026-07-01 12:00:01','2026-07-01 12:00:01'),
(4449,'7.5949367088608','8.13','507.85','7.62','2026-07-01 13:00:01','2026-07-01 13:00:01'),
(4450,'22.53164556962','8.13','372.95','7.76','2026-07-01 14:00:01','2026-07-01 14:00:01'),
(4451,'29.007633587786','8.13','386.02','7.75','2026-07-01 15:00:01','2026-07-01 15:00:01'),
(4452,'9.620253164557','8.13','343.37','7.79','2026-07-01 16:00:01','2026-07-01 16:00:01'),
(4453,'31.060606060606','8.13','292.9','7.84','2026-07-01 17:00:01','2026-07-01 17:00:01'),
(4454,'8.8383838383838','8.13','1.02','7.11','2026-07-01 18:00:01','2026-07-01 18:00:01'),
(4455,'37.922077922078','8.13','971.08','7.16','2026-07-01 19:00:01','2026-07-01 19:00:01'),
(4456,'27.157360406091','8.13','649.38','7.48','2026-07-01 20:00:01','2026-07-01 20:00:01'),
(4457,'4.8223350253807','8.13','143.3','7.99','2026-07-01 21:00:01','2026-07-01 21:00:01'),
(4458,'1.0025062656642','8.13','184.01','7.95','2026-07-01 22:00:01','2026-07-01 22:00:01'),
(4459,'2.5188916876574','8.13','494.32','7.64','2026-07-01 23:00:01','2026-07-01 23:00:01'),
(4460,'22.081218274112','8.13','148.12','7.98','2026-07-02 00:00:01','2026-07-02 00:00:01'),
(4461,'10.659898477157','8.13','140.85','7.99','2026-07-02 01:00:01','2026-07-02 01:00:01'),
(4462,'9.1139240506329','8.13','146.67','7.99','2026-07-02 02:00:01','2026-07-02 02:00:01'),
(4463,'17.042606516291','8.13','143.38','7.99','2026-07-02 03:00:01','2026-07-02 03:00:01'),
(4464,'24.619289340102','8.13','190.05','7.94','2026-07-02 04:00:01','2026-07-02 04:00:01'),
(4465,'20.707070707071','8.13','227.66','7.9','2026-07-02 05:00:01','2026-07-02 05:00:01'),
(4466,'7.8481012658228','8.13','214.87','7.92','2026-07-02 06:00:01','2026-07-02 06:00:01'),
(4467,'31.077694235589','8.13','211.25','7.92','2026-07-02 07:00:01','2026-07-02 07:00:01'),
(4468,'34.683544303797','8.13','167.61','7.96','2026-07-02 08:00:01','2026-07-02 08:00:01'),
(4469,'55.216284987277','8.13','171.38','7.96','2026-07-02 09:00:01','2026-07-02 09:00:01'),
(4470,'10.5','8.13','142.13','7.99','2026-07-02 10:00:01','2026-07-02 10:00:01'),
(4471,'46.310432569975','8.13','276.59','7.86','2026-07-02 11:00:01','2026-07-02 11:00:01'),
(4472,'17.543859649123','8.13','239.74','7.89','2026-07-02 12:00:01','2026-07-02 12:00:01'),
(4473,'32.412060301508','8.13','390.61','7.74','2026-07-02 13:00:01','2026-07-02 13:00:01');
COMMIT;

--
-- Table structure for table `hostnames`
--

CREATE TABLE `hostnames` (
  `id` bigint(20) unsigned NOT NULL AUTO_INCREMENT,
  `fqdn` varchar(255) NOT NULL,
  `redirect_to` varchar(255) DEFAULT NULL,
  `force_https` tinyint(1) NOT NULL DEFAULT 0,
  `under_maintenance_since` timestamp NULL DEFAULT NULL,
  `website_id` bigint(20) unsigned DEFAULT NULL,
  `created_at` timestamp NULL DEFAULT NULL,
  `updated_at` timestamp NULL DEFAULT NULL,
  `deleted_at` timestamp NULL DEFAULT NULL,
  PRIMARY KEY (`id`),
  UNIQUE KEY `hostnames_fqdn_unique` (`fqdn`),
  KEY `hostnames_website_id_foreign` (`website_id`),
  CONSTRAINT `hostnames_website_id_foreign` FOREIGN KEY (`website_id`) REFERENCES `websites` (`id`) ON DELETE SET NULL
) ENGINE=InnoDB AUTO_INCREMENT=35 DEFAULT CHARSET=utf8mb4 COLLATE=utf8mb4_unicode_ci;

--
-- Dumping data for table `hostnames`
--

INSERT INTO `hostnames` VALUES
(1,'noriega.softlte.org.pe','https://noriega.sysfarma.pe',1,NULL,1,'2025-12-27 10:38:37','2026-05-11 08:47:43',NULL),
(2,'miangelito.softlte.org.pe','https://miangelito.sysfarma.pe',1,NULL,2,'2025-12-27 11:25:43','2026-05-11 14:10:21',NULL),
(3,'demo.softlte.org.pe','https://demo.sysfarma.pe',1,NULL,3,'2025-12-27 11:51:17','2026-05-11 14:01:00',NULL),
(4,'boticabienestar.softlte.org.pe','https://boticabienestar.sysfarma.pe',1,NULL,4,'2025-12-27 17:22:40','2026-05-11 14:12:51',NULL),
(5,'sanfrancisco.softlte.org.pe','https://sanfrancisco.sysfarma.pe',1,NULL,5,'2025-12-27 19:22:03','2026-05-11 14:12:51',NULL),
(6,'shaddai.softlte.org.pe','https://shaddai.sysfarma.pe',1,NULL,6,'2025-12-27 20:13:56','2026-05-11 14:12:51',NULL),
(8,'miangelito1.softlte.org.pe','https://miangelito1.sysfarma.pe',1,NULL,8,'2025-12-27 23:11:39','2026-05-11 14:12:51',NULL),
(9,'angelito.softlte.org.pe','https://angelito.sysfarma.pe',1,NULL,9,'2025-12-27 23:33:53','2026-05-11 14:12:51',NULL),
(10,'boticadiaz.softlte.org.pe','https://boticadiaz.sysfarma.pe',1,NULL,10,'2025-12-27 23:47:17','2026-05-11 14:12:51',NULL),
(11,'boticapedrito.softlte.org.pe','https://boticapedrito.sysfarma.pe',1,NULL,11,'2026-02-24 15:28:45','2026-05-11 14:12:51',NULL),
(12,'noriega.sysfarma.pe',NULL,1,NULL,1,'2026-05-11 03:04:37','2026-05-11 03:04:37',NULL),
(13,'demo.sysfarma.pe',NULL,1,NULL,3,'2026-05-11 14:01:00','2026-05-11 14:01:00',NULL),
(14,'miangelito.sysfarma.pe',NULL,1,NULL,2,'2026-05-11 14:10:21','2026-05-11 14:10:21',NULL),
(15,'boticabienestar.sysfarma.pe',NULL,1,NULL,4,'2026-05-11 14:12:51','2026-05-11 14:12:51',NULL),
(16,'sanfrancisco.sysfarma.pe',NULL,1,NULL,5,'2026-05-11 14:12:51','2026-05-11 14:12:51',NULL),
(17,'shaddai.sysfarma.pe',NULL,1,NULL,6,'2026-05-11 14:12:51','2026-05-11 14:12:51',NULL),
(18,'miangelito1.sysfarma.pe',NULL,1,NULL,8,'2026-05-11 14:12:51','2026-05-11 14:12:51',NULL),
(19,'angelito.sysfarma.pe',NULL,1,NULL,9,'2026-05-11 14:12:51','2026-05-11 14:12:51',NULL),
(20,'boticadiaz.sysfarma.pe',NULL,1,NULL,10,'2026-05-11 14:12:51','2026-05-11 14:12:51',NULL),
(21,'boticapedrito.sysfarma.pe',NULL,1,NULL,11,'2026-05-11 14:12:51','2026-05-11 14:12:51',NULL),
(23,'medic.sysfarma.pe',NULL,0,NULL,20,'2026-06-19 18:59:35','2026-06-19 18:59:35',NULL),
(31,'auto620c.sysfarma.pe',NULL,0,NULL,28,'2026-06-20 00:04:07','2026-06-20 00:04:07',NULL),
(32,'farmatodo.sysfarma.pe',NULL,0,NULL,29,'2026-06-21 10:53:05','2026-06-21 10:53:05',NULL),
(33,'mqn.sysfarma.pe',NULL,1,NULL,30,'2026-06-30 11:55:22','2026-06-30 11:55:22',NULL),
(34,'adela.sysfarma.pe',NULL,0,NULL,31,'2026-07-02 11:24:41','2026-07-02 11:24:41',NULL);
COMMIT;

--
-- Table structure for table `jobs`
--

CREATE TABLE `jobs` (
  `id` bigint(20) unsigned NOT NULL AUTO_INCREMENT,
  `queue` varchar(255) NOT NULL,
  `payload` longtext NOT NULL,
  `attempts` tinyint(3) unsigned NOT NULL,
  `reserved_at` int(10) unsigned DEFAULT NULL,
  `available_at` int(10) unsigned NOT NULL,
  `created_at` int(10) unsigned NOT NULL,
  PRIMARY KEY (`id`),
  KEY `jobs_queue_index` (`queue`)
) ENGINE=InnoDB AUTO_INCREMENT=31 DEFAULT CHARSET=utf8mb4 COLLATE=utf8mb4_unicode_ci;

--
-- Dumping data for table `jobs`
--

COMMIT;

--
-- Table structure for table `migrations`
--

CREATE TABLE `migrations` (
  `id` int(10) unsigned NOT NULL AUTO_INCREMENT,
  `migration` varchar(255) NOT NULL,
  `batch` int(11) NOT NULL,
  PRIMARY KEY (`id`)
) ENGINE=InnoDB AUTO_INCREMENT=87 DEFAULT CHARSET=utf8mb4 COLLATE=utf8mb4_unicode_ci;

--
-- Dumping data for table `migrations`
--

INSERT INTO `migrations` VALUES
(1,'2014_10_12_000000_create_users_table',1),
(2,'2014_10_12_100000_create_password_resets_table',1),
(3,'2017_01_01_000003_tenancy_websites',1),
(4,'2017_01_01_000005_tenancy_hostnames',1),
(5,'2018_04_06_000001_tenancy_websites_needs_db_host',1),
(6,'2019_01_28_092812_create_plans_table',1),
(7,'2019_01_29_094116_create_plan_documents_table',1),
(8,'2019_01_29_170027_create_clients_table',1),
(9,'2019_02_27_165906_change_data_to_plans',1),
(10,'2019_07_03_094112_create_card_brands_table',1),
(11,'2019_07_03_094441_create_payment_method_types_table',1),
(12,'2019_07_03_100132_create_client_payments_table',1),
(13,'2019_07_19_163317_add_locked_emission_to_clients',1),
(14,'2019_10_09_100840_add_locked_tenant_to_clients',1),
(15,'2019_10_09_141307_create_configurations_table',1),
(16,'2019_10_11_153451_add_locked_users_to_clients',1),
(17,'2019_11_07_155742_create_modules_table',1),
(18,'2019_11_14_211509_add_start_billing_cycle_to_clients',1),
(19,'2020_02_01_131218_add_certificate_to_configurations',1),
(20,'2020_02_01_182806_add_soap_to_configurations',1),
(21,'2020_03_10_165827_add_data_module_for_finance',1),
(22,'2020_03_31_151819_add_phone_users',1),
(23,'2020_07_03_232125_add_culqi_to_configurations',1),
(24,'2020_07_27_184250_add_apiruc_to_configurations',1),
(25,'2020_09_07_110230_add_data_module_for_establishments_users',1),
(26,'2021_03_08_154204_add_login_settings_column_to_configurations_table',1),
(27,'2021_03_10_160908_add_extra_modules_to_modules_table',1),
(28,'2021_03_10_170439_create_module_levels_table',1),
(29,'2021_03_19_112500_create_module_level_client_table',1),
(30,'2021_03_19_201634_add_sort_column_to_modules_table',1),
(31,'2021_03_20_110950_change_order_item_to_modules_table',1),
(32,'2021_04_01_090115_add_levels_to_module_levels_table',1),
(33,'2021_05_03_131833_add_mail_configuration',1),
(34,'2021_06_18_141136_add_modules_digemid',1),
(35,'2021_06_18_141137_add_documentary_requirements',1),
(36,'2021_08_20_161555_add_extra_data_item_menu',1),
(37,'2021_09_16_144202_add_app_to_modules',1),
(38,'2021_09_16_160109_add_url_apk_to_configurations',1),
(39,'2021_10_05_171912_add_configuration_module_to_admin',1),
(40,'2021_10_14_163406_create_history_resources_table',1),
(41,'2021_10_18_154601_add_data_purchase_settlements_to_module_levels',1),
(42,'2021_10_22_130040_create_app_suscription',1),
(43,'2021_12_10_130040_create_app_production',1),
(44,'2022_01_25_152340_create_app_restaurant',1),
(45,'2022_01_30_104230_update_token_to_users',1),
(46,'2022_01_30_105446_create_restaurant_partners_table',1),
(47,'2022_02_23_001946_create_jobs_table',1),
(48,'2022_02_25_001413_create_failed_jobs_table',1),
(49,'2022_03_11_120508_add_trace_to_api_peru_service',1),
(50,'2022_03_11_125431_add_attr_to_restaurant_partners',1),
(51,'2022_03_31_132605_create_app_pos_garage',1),
(52,'2022_04_19_101832_add_default_to_client_id_track',1),
(53,'2022_04_30_124731_addwhatsapp_to_configurations',1),
(54,'2022_05_07_165152_update_user_to_users',1),
(55,'2022_05_08_130040_create_app_full_suscription',1),
(56,'2022_05_09_212031_register_app_generate_link_to_modules',1),
(57,'2022_06_15_091833_add_force_unlocked_configurations',1),
(58,'2022_07_07_110727_add_module_app_2_generator_to_modules',1),
(59,'2022_07_07_160621_create_app_modules_table',1),
(60,'2022_07_08_102447_add_data_configuration_to_app_modules',1),
(61,'2022_07_11_175937_add_data_quotation_to_app_modules',1),
(62,'2022_09_01_095559_add_regex_password_client_to_configurations',1),
(63,'2022_10_04_150900_change_description_value_to_module_levels',1),
(64,'2022_11_25_132556_add_tenant_show_ads_to_configurations',1),
(65,'2022_12_23_100215_add_establishments_limit_to_plans',1),
(66,'2022_12_23_114520_add_locked_create_establishments_to_clients',1),
(67,'2022_12_23_164914_add_sales_limit_to_plans',1),
(68,'2022_12_23_172757_add_restrict_sales_limit_to_clients',1),
(69,'2022_12_26_150024_add_include_sale_notes_sales_limit_to_plans',1),
(70,'2023_03_15_100000_add_include_sale_notes_limit_documents_to_plans',1),
(71,'2023_11_20_175623_whatsapp_to_configurations',1),
(72,'2024_01_27_045144_guia_to_modules_create',1),
(73,'2025_05_14_000000_add_clinic_modules',1),
(74,'2025_20_31_095113_system_add_soap_type_id_to_clients',2),
(75,'2026_02_28_000002_create_digemid_catalog_table',2),
(76,'2026_02_28_000003_make_cod_prod_unique_in_digemid_catalog',2),
(77,'2026_03_01_000001_add_barcode_to_digemid_catalog',2),
(78,'2026_03_08_000002_add_digemid_sublevels_to_system_module_levels',2),
(79,'2026_03_08_000004_rename_digemid_labels_to_farmacos',2),
(80,'2026_03_10_000003_add_coupons_module_level',2),
(81,'2026_05_06_000005_remove_pos_garage_module_level',3),
(82,'2026_06_08_000001_create_digemid_barcode_votes_table',4),
(83,'2026_06_22_000001_remove_orphan_clinic_modules',5),
(84,'2026_06_22_000002_remove_orphan_advanced_dispatches_level',6),
(85,'2026_06_22_130001_add_modules_veterinary',7),
(86,'2026_06_25_130000_add_veterinary_sublevels_to_modules',7);
COMMIT;

--
-- Table structure for table `module_level_client`
--

CREATE TABLE `module_level_client` (
  `id` int(10) unsigned NOT NULL AUTO_INCREMENT,
  `client_id` int(10) unsigned NOT NULL,
  `module_id` int(10) unsigned NOT NULL,
  `module_level_id` int(10) unsigned NOT NULL,
  PRIMARY KEY (`id`),
  KEY `module_level_client_client_id_foreign` (`client_id`),
  KEY `module_level_client_module_id_foreign` (`module_id`),
  KEY `module_level_client_module_level_id_foreign` (`module_level_id`),
  CONSTRAINT `module_level_client_client_id_foreign` FOREIGN KEY (`client_id`) REFERENCES `clients` (`id`) ON DELETE CASCADE,
  CONSTRAINT `module_level_client_module_id_foreign` FOREIGN KEY (`module_id`) REFERENCES `modules` (`id`) ON DELETE CASCADE,
  CONSTRAINT `module_level_client_module_level_id_foreign` FOREIGN KEY (`module_level_id`) REFERENCES `module_levels` (`id`) ON DELETE CASCADE
) ENGINE=InnoDB DEFAULT CHARSET=utf8mb4 COLLATE=utf8mb4_unicode_ci;

--
-- Dumping data for table `module_level_client`
--

COMMIT;

--
-- Table structure for table `module_levels`
--

CREATE TABLE `module_levels` (
  `id` int(10) unsigned NOT NULL AUTO_INCREMENT,
  `value` varchar(255) NOT NULL,
  `description` varchar(255) NOT NULL,
  `module_id` int(10) unsigned NOT NULL,
  `created_at` timestamp NULL DEFAULT NULL,
  `updated_at` timestamp NULL DEFAULT NULL,
  PRIMARY KEY (`id`),
  KEY `module_levels_module_id_foreign` (`module_id`),
  CONSTRAINT `module_levels_module_id_foreign` FOREIGN KEY (`module_id`) REFERENCES `modules` (`id`)
) ENGINE=InnoDB AUTO_INCREMENT=129 DEFAULT CHARSET=utf8mb4 COLLATE=utf8mb4_unicode_ci;

--
-- Dumping data for table `module_levels`
--

INSERT INTO `module_levels` VALUES
(1,'new_document','Nuevo comprobante',1,NULL,NULL),
(2,'list_document','L. Comprobantes',1,NULL,NULL),
(3,'document_not_sent','Doc. No enviados',1,NULL,NULL),
(4,'document_contingengy','Doc. Contingencia',1,NULL,NULL),
(5,'catalogs','Catálogos',1,NULL,NULL),
(6,'summary_voided','Resúmenes y Anulaciones',1,NULL,NULL),
(7,'quotations','Cotizaciones',1,NULL,NULL),
(8,'sale_notes','Notas de Venta',1,NULL,NULL),
(9,'incentives','Comisiones',1,NULL,NULL),
(10,'sale-opportunity','Oportunidad de venta',1,NULL,NULL),
(11,'contracts','Contratos',1,NULL,NULL),
(12,'order-note','Pedidos',1,NULL,NULL),
(13,'technical-service','Servicios de soporte técnico',1,NULL,NULL),
(14,'regularize_shipping','CPE pendientes de rectificación',1,NULL,NULL),
(15,'pos','Punto de venta',6,NULL,NULL),
(16,'cash','Caja chica POS',6,NULL,NULL),
(17,'ecommerce','Ir a la tienda',10,NULL,NULL),
(18,'ecommerce_orders','Pedidos',10,NULL,NULL),
(19,'ecommerce_items','Productos tienda virtual',10,NULL,NULL),
(20,'ecommerce_tags','Etiquetas',10,NULL,NULL),
(21,'ecommerce_promotions','Promociones - Banners',10,NULL,NULL),
(22,'ecommerce_settings','Configuración',10,NULL,NULL),
(23,'items','Productos',17,NULL,NULL),
(24,'items_packs','Packs',17,NULL,NULL),
(25,'items_services','Servicios',17,NULL,NULL),
(26,'items_categories','Categorías',17,NULL,NULL),
(27,'items_brands','Marcas',17,NULL,NULL),
(28,'items_lots','Series',17,NULL,NULL),
(29,'clients','Clientes',18,NULL,NULL),
(30,'clients_types','Tipos de clientes',18,NULL,NULL),
(31,'purchases_create','Nuevo',2,NULL,NULL),
(32,'purchases_list','Listado',2,NULL,NULL),
(33,'purchases_orders','Ordenes de compra',2,NULL,NULL),
(34,'purchases_expenses','Gastos diversos',2,NULL,NULL),
(35,'purchases_suppliers','Proveedores',2,NULL,NULL),
(36,'purchases_quotations','Solicitar cotización',2,NULL,NULL),
(37,'purchases_fixed_assets_items','Activos fijos - Ítems',2,NULL,NULL),
(38,'purchases_fixed_assets_purchases','Activos fijos - Compras',2,NULL,NULL),
(39,'inventory','Movimientos',8,NULL,NULL),
(40,'inventory_transfers','Traslados',8,NULL,NULL),
(41,'inventory_devolutions','Devoluciones',8,NULL,NULL),
(42,'inventory_report_kardex','Reporte kardex',8,NULL,NULL),
(43,'inventory_report','Reporte inventario',8,NULL,NULL),
(44,'inventory_report_valued_kardex','Kardex valorizado',8,NULL,'2025-12-27 10:31:51'),
(45,'users','Usuarios',14,NULL,NULL),
(46,'users_establishments','Establecimientos',14,NULL,NULL),
(47,'advanced_retentions','Retenciones',3,NULL,NULL),
(49,'advanced_perceptions','Percepciones',3,NULL,NULL),
(50,'advanced_order_forms','Ordenes de pedido',3,NULL,NULL),
(51,'account_report','Exportar reporte',9,NULL,NULL),
(52,'account_formats','Exportar formatos',9,NULL,NULL),
(53,'account_summary','Reporte resumido - Ventas',9,NULL,NULL),
(54,'finances_movements','Movimientos',12,NULL,NULL),
(55,'finances_incomes','Ingresos',12,NULL,NULL),
(56,'finances_unpaid','Cuentas por cobrar',12,NULL,NULL),
(57,'finances_to_pay','Cuentas por pagar',12,NULL,NULL),
(58,'finances_payments','Pagos',12,NULL,NULL),
(59,'finances_balance','Balance',12,NULL,NULL),
(60,'finances_payment_method_types','Ingresos y Egresos - M. Pago',12,NULL,NULL),
(61,'account_users_settings','Configuración',11,NULL,NULL),
(62,'account_users_list','Lista de pagos',11,NULL,NULL),
(63,'hotels_reception','Recepción',15,NULL,NULL),
(64,'hotels_rates','Tarifas',15,NULL,NULL),
(65,'hotels_floors','Pisos',15,NULL,NULL),
(66,'hotels_cats','Categorías',15,NULL,NULL),
(67,'hotels_rooms','Habitaciones',15,NULL,NULL),
(68,'documentary_offices','Oficinas',16,NULL,NULL),
(69,'documentary_process','Procesos',16,NULL,NULL),
(70,'documentary_documents','Tipos de documento',16,NULL,NULL),
(71,'documentary_actions','Acciones',16,NULL,NULL),
(72,'documentary_files','Expedientes',16,NULL,NULL),
(73,'digemid','Productos (legado)',19,'2025-12-27 10:31:51','2025-12-27 10:31:51'),
(74,'documentary_requirements','Requerimientos',16,'2025-12-27 10:31:51','2025-12-27 10:31:51'),
(75,'inventory_item_extra_data','Datos extra de items',8,'2025-12-27 10:31:51','2025-12-27 10:31:51'),
(76,'configuration_company','Empresa',5,NULL,NULL),
(77,'configuration_advance','Avanzado',5,NULL,NULL),
(78,'configuration_visual','Visual',5,NULL,NULL),
(79,'advanced_purchase_settlements','Liquidaciones de compra',3,NULL,NULL),
(80,'suscription_app_client','Cliente',21,NULL,NULL),
(81,'suscription_app_service','Servicio',21,NULL,NULL),
(82,'suscription_app_payments','Pagos',21,NULL,NULL),
(83,'suscription_app_plans','Planes',21,NULL,NULL),
(96,'digemid_health_report','Reporte DIGEMID',19,'2026-04-01 09:07:36','2026-04-01 09:07:36'),
(97,'digemid_doctors','Medicos',19,'2026-04-01 09:07:36','2026-04-01 09:07:36'),
(98,'digemid_cie10','CIE 10',19,'2026-04-01 09:07:36','2026-04-01 09:07:36'),
(99,'digemid_psychotropics_report','Reporte de Psicotropicos',19,'2026-04-01 09:07:36','2026-04-01 09:07:36'),
(100,'digemid_purchase_reception','Recepcion de productos farmaceuticos',19,'2026-04-01 09:07:36','2026-04-01 09:07:36'),
(101,'items_coupons','Cupones',17,'2026-04-01 09:07:36','2026-04-01 09:07:36'),
(118,'veterinary','Veterinaria',33,'2026-06-28 02:00:15','2026-06-28 02:00:15'),
(119,'vet_panel','Panel',33,'2026-06-28 02:00:15','2026-06-28 02:00:15'),
(120,'vet_pets','Mascotas',33,'2026-06-28 02:00:15','2026-06-28 02:00:15'),
(121,'vet_appointments','Citas / Agenda',33,'2026-06-28 02:00:15','2026-06-28 02:00:15'),
(122,'vet_boardings','Hospedaje',33,'2026-06-28 02:00:15','2026-06-28 02:00:15'),
(123,'vet_reminders','Recordatorios',33,'2026-06-28 02:00:15','2026-06-28 02:00:15'),
(124,'vet_memberships','Membresías',33,'2026-06-28 02:00:15','2026-06-28 02:00:15'),
(125,'vet_reports','Reportes',33,'2026-06-28 02:00:15','2026-06-28 02:00:15'),
(126,'vet_settings','Configuración',33,'2026-06-28 02:00:15','2026-06-28 02:00:15');
COMMIT;

--
-- Table structure for table `modules`
--

CREATE TABLE `modules` (
  `id` int(10) unsigned NOT NULL AUTO_INCREMENT,
  `value` varchar(255) NOT NULL,
  `description` varchar(255) NOT NULL,
  `sort` int(11) NOT NULL DEFAULT 1,
  `created_at` timestamp NULL DEFAULT NULL,
  `updated_at` timestamp NULL DEFAULT NULL,
  PRIMARY KEY (`id`)
) ENGINE=InnoDB AUTO_INCREMENT=34 DEFAULT CHARSET=utf8mb4 COLLATE=utf8mb4_unicode_ci;

--
-- Dumping data for table `modules`
--

INSERT INTO `modules` VALUES
(1,'documents','Ventas',2,NULL,NULL),
(2,'purchases','Compras',7,NULL,NULL),
(3,'advanced','Documentos Avanzados',8,NULL,NULL),
(4,'reports','Reportes',9,NULL,NULL),
(5,'configuration','Configuración',12,NULL,NULL),
(6,'pos','Punto de venta (POS)',3,NULL,NULL),
(7,'dashboard','Dashboard',1,NULL,NULL),
(8,'inventory','Inventario',7,NULL,NULL),
(9,'accounting','Contabilidad',10,NULL,NULL),
(10,'ecommerce','Ecommerce',4,NULL,NULL),
(11,'cuenta','Cuenta',13,NULL,NULL),
(12,'finance','Finanzas',11,NULL,NULL),
(14,'establishments','Usuarios/Locales & Series',7,NULL,NULL),
(15,'hotels','Hoteles',14,NULL,NULL),
(16,'documentary-procedure','Trámite documentario',15,NULL,NULL),
(17,'items','Productos/Servicios',5,NULL,NULL),
(18,'persons','Clientes',6,NULL,NULL),
(19,'digemid','Farmacos',15,'2025-12-27 10:31:51','2025-12-27 10:31:51'),
(20,'apps','Apps',1,NULL,NULL),
(21,'suscription_app','Suscriptiones',16,NULL,NULL),
(22,'production_app','Producción',17,NULL,NULL),
(23,'restaurant_app','Restaurante',18,NULL,NULL),
(24,'full_suscription_app','Suscripción Servicios SAAS',17,NULL,NULL),
(25,'generate_link_app','Generador de link de pago',19,NULL,NULL),
(26,'app_2_generator','Generador APP 2.0',20,NULL,NULL),
(27,'guia','Guia de remisión',1,NULL,NULL),
(33,'veterinary','Veterinaria',20,'2026-06-28 02:00:15','2026-06-28 02:00:15');
COMMIT;

--
-- Dumping data for table `password_resets`
--

COMMIT;

--
-- Table structure for table `payment_method_types`
--

CREATE TABLE `payment_method_types` (
  `id` int(10) unsigned NOT NULL AUTO_INCREMENT,
  `description` varchar(255) NOT NULL,
  `has_card` tinyint(1) NOT NULL DEFAULT 0,
  PRIMARY KEY (`id`)
) ENGINE=InnoDB AUTO_INCREMENT=5 DEFAULT CHARSET=utf8mb4 COLLATE=utf8mb4_unicode_ci;

--
-- Dumping data for table `payment_method_types`
--

INSERT INTO `payment_method_types` VALUES
(1,'Efectivo',0),
(2,'Tarjeta de crédito',1),
(3,'Tarjeta de débito',1),
(4,'Transferencia',0);
COMMIT;

--
-- Table structure for table `plan_documents`
--

CREATE TABLE `plan_documents` (
  `id` int(10) unsigned NOT NULL AUTO_INCREMENT,
  `description` varchar(255) NOT NULL,
  PRIMARY KEY (`id`)
) ENGINE=InnoDB AUTO_INCREMENT=5 DEFAULT CHARSET=utf8mb4 COLLATE=utf8mb4_unicode_ci;

--
-- Dumping data for table `plan_documents`
--

INSERT INTO `plan_documents` VALUES
(1,'Facturas, boletas, notas de débito y crédito, resúmenes y anulaciones'),
(2,'Guias de remisión'),
(3,'Retenciones'),
(4,'Percepciones');
COMMIT;

--
-- Table structure for table `plans`
--

CREATE TABLE `plans` (
  `id` int(10) unsigned NOT NULL AUTO_INCREMENT,
  `name` varchar(255) NOT NULL,
  `pricing` double NOT NULL,
  `limit_users` bigint(20) NOT NULL,
  `limit_documents` bigint(20) NOT NULL,
  `include_sale_notes_limit_documents` tinyint(1) NOT NULL DEFAULT 0,
  `plan_documents` longtext CHARACTER SET utf8mb4 COLLATE utf8mb4_bin NOT NULL,
  `locked` tinyint(1) NOT NULL DEFAULT 0,
  `include_sale_notes_sales_limit` tinyint(1) NOT NULL DEFAULT 0,
  `sales_limit` decimal(22,2) NOT NULL DEFAULT 0.00,
  `sales_unlimited` tinyint(1) NOT NULL DEFAULT 1,
  `establishments_limit` bigint(20) NOT NULL DEFAULT 0,
  `establishments_unlimited` tinyint(1) NOT NULL DEFAULT 1,
  `created_at` timestamp NULL DEFAULT NULL,
  `updated_at` timestamp NULL DEFAULT NULL,
  PRIMARY KEY (`id`)
) ENGINE=InnoDB AUTO_INCREMENT=2 DEFAULT CHARSET=utf8mb4 COLLATE=utf8mb4_unicode_ci;

--
-- Dumping data for table `plans`
--

INSERT INTO `plans` VALUES
(1,'Ilimitado',99,0,0,0,'[1,2,3,4]',1,0,0.00,1,0,1,'2025-12-27 10:31:51','2025-12-27 10:31:51');
COMMIT;

--
-- Table structure for table `restaurant_partners`
--

CREATE TABLE `restaurant_partners` (
  `id` int(10) unsigned NOT NULL AUTO_INCREMENT,
  `full_name` varchar(255) NOT NULL,
  `email` varchar(255) NOT NULL,
  `gitlab_user` varchar(255) NOT NULL,
  `domain` varchar(255) NOT NULL,
  `department_id` char(2) DEFAULT NULL,
  `zone` varchar(255) DEFAULT NULL,
  `status` tinyint(1) NOT NULL DEFAULT 0,
  `created_at` timestamp NULL DEFAULT NULL,
  `updated_at` timestamp NULL DEFAULT NULL,
  PRIMARY KEY (`id`),
  UNIQUE KEY `restaurant_partners_email_unique` (`email`),
  UNIQUE KEY `restaurant_partners_gitlab_user_unique` (`gitlab_user`),
  UNIQUE KEY `restaurant_partners_domain_unique` (`domain`)
) ENGINE=InnoDB DEFAULT CHARSET=utf8mb4 COLLATE=utf8mb4_unicode_ci;

--
-- Dumping data for table `restaurant_partners`
--

COMMIT;

--
-- Table structure for table `track_api_peru_services`
--

CREATE TABLE `track_api_peru_services` (
  `id` int(10) unsigned NOT NULL AUTO_INCREMENT,
  `service` int(10) unsigned DEFAULT 0 COMMENT 'Tipo de servicio 1 => sunat/dni, 2 => validacion_multiple_cpe, 3 => CPE, 4 => tipo_de_cambio, 5 => printer_ticket',
  `ruc` text DEFAULT NULL COMMENT 'Ruc de la empresa que consulta',
  `client_id` int(10) unsigned DEFAULT 0,
  `date_of_issue` timestamp NULL DEFAULT NULL,
  PRIMARY KEY (`id`)
) ENGINE=InnoDB AUTO_INCREMENT=943 DEFAULT CHARSET=utf8mb4 COLLATE=utf8mb4_unicode_ci;

--
-- Dumping data for table `track_api_peru_services`
--

INSERT INTO `track_api_peru_services` VALUES
(1,1,NULL,0,'2025-12-27 10:36:28'),
(2,1,NULL,0,'2025-12-27 10:37:20'),
(3,1,NULL,0,'2025-12-27 11:19:27'),
(4,1,'10448547723',2,'2025-12-27 13:08:45'),
(5,1,'10448547723',2,'2025-12-27 15:30:22'),
(6,1,NULL,0,'2025-12-27 17:22:02'),
(7,1,NULL,0,'2025-12-27 19:21:21'),
(8,1,NULL,0,'2025-12-27 20:13:14'),
(9,1,NULL,0,'2025-12-27 20:48:17'),
(10,1,NULL,0,'2025-12-27 23:07:53'),
(11,1,NULL,0,'2025-12-27 23:08:38'),
(12,1,NULL,0,'2025-12-27 23:28:07'),
(13,1,NULL,0,'2025-12-27 23:29:16'),
(14,1,NULL,0,'2025-12-27 23:30:10'),
(15,1,NULL,0,'2025-12-27 23:33:06'),
(16,1,NULL,0,'2025-12-27 23:46:31'),
(17,4,'10759975249',4,'2025-12-28 00:01:03'),
(18,4,'10759975249',4,'2025-12-28 00:01:09'),
(19,4,'10759975249',4,'2025-12-28 00:06:14'),
(20,4,'10759975249',4,'2025-12-28 00:06:25'),
(21,4,'10759975249',4,'2025-12-28 00:25:03'),
(22,4,'20611371072',10,'2025-12-28 00:26:36'),
(23,4,'20611371072',10,'2025-12-28 00:26:52'),
(24,4,'10759975249',4,'2025-12-28 00:26:56'),
(25,4,'20611371072',10,'2025-12-28 00:27:00'),
(26,4,'10759975249',4,'2025-12-28 00:36:16'),
(27,4,'10759975249',4,'2025-12-28 01:12:40'),
(28,4,'10759975249',4,'2025-12-28 02:03:57'),
(29,4,'10759975249',4,'2025-12-28 02:04:14'),
(30,4,'10759975249',4,'2025-12-28 02:40:03'),
(31,4,'10759975249',4,'2025-12-28 02:42:38'),
(32,4,'10759975249',4,'2025-12-28 05:37:12'),
(33,1,'10448547723',2,'2025-12-28 19:54:58'),
(34,1,'10448547723',2,'2025-12-29 09:27:29'),
(35,1,'10761719233',7,'2025-12-29 11:18:34'),
(36,1,'10448547723',2,'2025-12-29 11:42:52'),
(37,1,'20605237500',5,'2025-12-29 11:46:18'),
(38,1,'20605237500',5,'2025-12-29 11:46:58'),
(39,1,'20605237500',5,'2025-12-29 11:54:16'),
(40,1,'10448547723',2,'2025-12-29 21:36:05'),
(41,4,'10759975249',4,'2025-12-30 00:15:54'),
(42,4,'10759975249',4,'2025-12-30 00:16:03'),
(43,4,'10759975249',4,'2025-12-30 00:23:25'),
(44,1,'10448547723',2,'2025-12-30 18:07:16'),
(45,1,'10448547723',2,'2025-12-30 18:07:44'),
(46,1,'20611371072',10,'2025-12-30 20:27:14'),
(47,4,'10759975249',4,'2025-12-31 00:46:12'),
(48,4,'10759975249',4,'2025-12-31 00:46:17'),
(49,4,'10759975249',4,'2025-12-31 00:50:14'),
(50,4,'10759975249',4,'2025-12-31 01:22:48'),
(51,4,'10759975249',4,'2025-12-31 02:05:46'),
(52,4,'10759975249',4,'2025-12-31 02:06:34'),
(53,4,'10759975249',4,'2025-12-31 03:14:42'),
(54,4,'10759975249',4,'2025-12-31 05:40:51'),
(55,4,'10759975249',4,'2025-12-31 05:41:03'),
(56,4,'10759975249',4,'2025-12-31 06:24:27'),
(57,4,'10759975249',4,'2025-12-31 06:27:19'),
(58,4,'10759975249',4,'2025-12-31 07:30:19'),
(59,4,'10759975249',4,'2025-12-31 07:33:19'),
(60,4,'10448547723',2,'2025-12-31 07:48:48'),
(61,1,'20605237500',5,'2025-12-31 10:59:11'),
(62,1,'10761719233',7,'2025-12-31 20:20:03'),
(63,1,'10761719233',7,'2025-12-31 20:22:44'),
(64,1,'20605237500',5,'2026-01-01 18:56:33'),
(65,4,'10759975249',4,'2026-01-02 00:02:37'),
(66,4,'10759975249',4,'2026-01-02 00:02:46'),
(67,4,'10759975249',4,'2026-01-02 01:16:29'),
(68,4,'10759975249',4,'2026-01-02 04:20:08'),
(69,4,'10759975249',4,'2026-01-02 04:20:29'),
(70,4,'10759975249',4,'2026-01-02 04:20:46'),
(71,4,'10759975249',4,'2026-01-02 06:25:23'),
(72,4,'10759975249',4,'2026-01-02 06:29:37'),
(73,4,'10759975249',4,'2026-01-02 06:29:47'),
(74,4,'10759975249',4,'2026-01-02 06:53:24'),
(75,4,'10759975249',4,'2026-01-02 06:55:25'),
(76,4,'10759975249',4,'2026-01-02 06:56:27'),
(77,4,'10759975249',4,'2026-01-02 06:56:39'),
(78,4,'10759975249',4,'2026-01-02 06:56:57'),
(79,4,'10759975249',4,'2026-01-02 07:36:00'),
(80,4,'10759975249',4,'2026-01-02 07:57:04'),
(81,4,'10448547723',2,'2026-01-02 08:05:25'),
(82,4,'10759975249',4,'2026-01-02 08:15:05'),
(83,4,'10759975249',4,'2026-01-02 08:27:33'),
(84,4,'10759975249',4,'2026-01-02 08:35:00'),
(85,1,'20605237500',5,'2026-01-02 10:18:34'),
(86,1,'20605237500',5,'2026-01-02 10:18:54'),
(87,1,'20605237500',5,'2026-01-02 17:55:32'),
(88,1,'10759975249',4,'2026-01-02 21:56:38'),
(89,4,'10759975249',4,'2026-01-03 00:13:18'),
(90,4,'10759975249',4,'2026-01-03 00:13:57'),
(91,4,'10759975249',4,'2026-01-03 00:18:52'),
(92,1,'10761719233',7,'2026-01-03 10:48:14'),
(93,1,'10759975249',4,'2026-01-03 10:51:57'),
(94,1,'10761719233',7,'2026-01-03 14:00:53'),
(95,1,'10759975249',4,'2026-01-03 14:28:51'),
(96,1,'10761719233',7,'2026-01-03 15:17:52'),
(97,1,'10761719233',7,'2026-01-03 18:23:53'),
(98,4,'10759975249',4,'2026-01-04 00:19:51'),
(99,4,'10759975249',4,'2026-01-04 00:19:57'),
(100,4,'10759975249',4,'2026-01-04 00:20:28'),
(101,1,'10761719233',7,'2026-01-04 09:58:29'),
(102,1,'10448547723',2,'2026-01-06 08:57:02'),
(103,1,'10761719233',7,'2026-01-06 09:40:31'),
(104,1,'10761719233',7,'2026-01-06 09:40:32'),
(105,1,'10761719233',7,'2026-01-06 12:00:49'),
(106,1,'10761719233',7,'2026-01-06 16:35:31'),
(107,1,'10761719233',7,'2026-01-06 16:35:34'),
(108,1,'10448547723',2,'2026-01-06 17:31:07'),
(109,4,'10759975249',4,'2026-01-07 00:02:53'),
(110,4,'10759975249',4,'2026-01-07 00:03:04'),
(111,4,'10759975249',4,'2026-01-07 00:08:09'),
(112,4,'10759975249',4,'2026-01-07 00:25:22'),
(113,4,'10759975249',4,'2026-01-07 05:54:53'),
(114,4,'10759975249',4,'2026-01-07 05:55:07'),
(115,4,'10759975249',4,'2026-01-07 06:16:35'),
(116,4,'10759975249',4,'2026-01-07 06:32:04'),
(117,4,'10759975249',4,'2026-01-07 07:06:54'),
(118,4,'10759975249',4,'2026-01-07 07:24:37'),
(119,4,'10759975249',4,'2026-01-07 07:43:13'),
(120,1,'10761719233',7,'2026-01-07 20:39:24'),
(121,1,'10448547723',2,'2026-01-07 21:41:12'),
(122,4,'10759975249',4,'2026-01-08 00:14:30'),
(123,4,'10759975249',4,'2026-01-08 00:14:58'),
(124,4,'10759975249',4,'2026-01-08 00:34:40'),
(125,4,'10759975249',4,'2026-01-08 01:11:26'),
(126,4,'10759975249',4,'2026-01-08 06:03:52'),
(127,4,'10759975249',4,'2026-01-08 06:04:19'),
(128,4,'10759975249',4,'2026-01-08 06:12:11'),
(129,4,'10759975249',4,'2026-01-08 06:12:17'),
(130,4,'10759975249',4,'2026-01-08 06:22:30'),
(131,4,'10759975249',4,'2026-01-08 06:57:32'),
(132,4,'10759975249',4,'2026-01-08 07:43:24'),
(133,4,'10448547723',2,'2026-01-08 08:05:32'),
(134,1,'20605237500',5,'2026-01-08 12:09:38'),
(135,1,'10761719233',7,'2026-01-08 16:12:22'),
(136,1,'10761719233',7,'2026-01-08 16:12:39'),
(137,1,'10448547723',2,'2026-01-08 17:02:44'),
(138,1,'10761719233',7,'2026-01-08 17:58:37'),
(139,1,'10448547723',2,'2026-01-08 20:19:04'),
(140,1,'10448547723',2,'2026-01-08 20:19:21'),
(141,1,'10761719233',7,'2026-01-09 21:23:47'),
(142,1,'10761719233',7,'2026-01-10 10:18:18'),
(143,1,'10761719233',7,'2026-01-11 19:07:50'),
(144,1,'10448547723',2,'2026-01-11 20:07:21'),
(145,1,'10448547723',2,'2026-01-11 20:07:22'),
(146,1,'10448547723',2,'2026-01-12 15:35:32'),
(147,4,'10759975249',4,'2026-01-13 00:08:08'),
(148,4,'10759975249',4,'2026-01-13 00:08:39'),
(149,4,'10759975249',4,'2026-01-13 00:37:16'),
(150,4,'10759975249',4,'2026-01-13 05:37:07'),
(151,4,'10759975249',4,'2026-01-13 05:37:24'),
(152,4,'10759975249',4,'2026-01-13 05:49:21'),
(153,4,'10759975249',4,'2026-01-13 06:15:54'),
(154,4,'10759975249',4,'2026-01-13 06:26:37'),
(155,4,'10766490714',1,'2026-01-13 06:52:09'),
(156,4,'10766490714',1,'2026-01-13 06:54:30'),
(157,4,'10766490714',1,'2026-01-13 06:54:39'),
(158,4,'10766490714',1,'2026-01-13 07:05:58'),
(159,4,'10766490714',1,'2026-01-13 07:07:22'),
(160,4,'10766490714',1,'2026-01-13 07:07:32'),
(161,4,'10766490714',1,'2026-01-13 07:08:08'),
(162,4,'10759975249',4,'2026-01-13 07:10:33'),
(163,1,'20605237500',5,'2026-01-13 09:37:28'),
(164,1,'20605237500',5,'2026-01-13 09:38:33'),
(165,1,'20605237500',5,'2026-01-13 19:47:45'),
(166,1,'10759975249',4,'2026-01-13 21:27:54'),
(167,4,'10766490714',1,'2026-01-14 00:00:12'),
(168,4,'10766490714',1,'2026-01-14 00:00:33'),
(169,1,'10448547723',2,'2026-01-14 12:12:40'),
(170,1,'10448547723',2,'2026-01-14 20:50:57'),
(171,4,'10766490714',1,'2026-01-15 00:21:42'),
(172,4,'10759975249',4,'2026-01-15 00:24:09'),
(173,4,'10759975249',4,'2026-01-15 00:24:17'),
(174,4,'10759975249',4,'2026-01-15 00:26:16'),
(175,4,'10766490714',1,'2026-01-15 00:27:08'),
(176,4,'10766490714',1,'2026-01-15 00:28:22'),
(177,4,'10766490714',1,'2026-01-15 00:28:56'),
(178,1,'10448547723',2,'2026-01-15 11:52:33'),
(179,1,'10448547723',2,'2026-01-15 20:13:04'),
(180,4,'10766490714',1,'2026-01-16 00:08:22'),
(181,4,'10766490714',1,'2026-01-16 00:16:09'),
(182,4,'10766490714',1,'2026-01-16 00:16:15'),
(183,4,'10766490714',1,'2026-01-16 00:19:06'),
(184,1,'10448547723',2,'2026-01-16 10:54:39'),
(185,1,'10448331101',9,'2026-01-17 19:49:28'),
(186,1,'10448547723',2,'2026-01-18 17:42:02'),
(187,1,'10766490714',1,'2026-01-18 20:28:00'),
(188,1,'10766490714',1,'2026-01-18 20:30:33'),
(189,1,'10448547723',2,'2026-01-19 11:21:33'),
(190,1,'10448331101',9,'2026-01-19 11:51:51'),
(191,1,'10448331101',9,'2026-01-19 19:06:28'),
(192,4,'10759975249',4,'2026-01-20 00:03:21'),
(193,4,'10759975249',4,'2026-01-20 00:03:32'),
(194,4,'10766490714',1,'2026-01-20 00:06:56'),
(195,4,'10766490714',1,'2026-01-20 00:23:49'),
(196,4,'10766490714',1,'2026-01-20 00:40:56'),
(197,4,'10766490714',1,'2026-01-20 00:41:09'),
(198,4,'10766490714',1,'2026-01-20 00:47:25'),
(199,1,'10448331101',9,'2026-01-20 10:40:45'),
(200,1,'10448547723',2,'2026-01-20 11:18:46'),
(201,1,'10448547723',2,'2026-01-20 11:22:59'),
(202,1,'10448547723',2,'2026-01-20 11:23:18'),
(203,1,'10761719233',7,'2026-01-20 17:11:00'),
(204,1,'10761719233',7,'2026-01-20 18:34:02'),
(205,1,'10448547723',2,'2026-01-20 20:31:23'),
(206,1,'10448547723',2,'2026-01-20 20:32:31'),
(207,1,'10448547723',2,'2026-01-20 20:33:10'),
(208,1,'10448547723',2,'2026-01-21 08:33:39'),
(209,1,'10448547723',2,'2026-01-21 11:18:17'),
(210,1,'10759975249',4,'2026-01-21 15:47:28'),
(211,1,'10759975249',4,'2026-01-21 15:49:01'),
(212,1,'10759975249',4,'2026-01-21 15:53:32'),
(213,1,'10448547723',2,'2026-01-21 21:29:12'),
(214,4,'10766490714',1,'2026-01-22 00:09:32'),
(215,4,'10766490714',1,'2026-01-22 00:09:45'),
(216,4,'10766490714',1,'2026-01-22 00:10:00'),
(217,4,'10766490714',1,'2026-01-22 00:36:53'),
(218,4,'10766490714',1,'2026-01-22 00:43:45'),
(219,4,'10766490714',1,'2026-01-22 00:46:41'),
(220,4,'10766490714',1,'2026-01-22 03:20:24'),
(221,4,'10766490714',1,'2026-01-22 03:23:50'),
(222,1,'10448331101',9,'2026-01-22 14:53:35'),
(223,1,'10448331101',9,'2026-01-22 14:54:03'),
(224,1,'10448331101',9,'2026-01-22 15:27:50'),
(225,1,'10766490714',1,'2026-01-22 21:29:28'),
(226,4,'10759975249',4,'2026-01-23 00:07:38'),
(227,4,'10759975249',4,'2026-01-23 00:07:43'),
(228,4,'10759975249',4,'2026-01-23 00:10:26'),
(229,4,'10759975249',4,'2026-01-23 00:10:39'),
(230,4,'10766490714',1,'2026-01-23 00:13:08'),
(231,4,'10766490714',1,'2026-01-23 00:13:33'),
(232,4,'10766490714',1,'2026-01-23 00:15:50'),
(233,4,'10766490714',1,'2026-01-23 00:20:28'),
(234,4,'10766490714',1,'2026-01-23 00:30:22'),
(235,4,'10766490714',1,'2026-01-23 00:37:53'),
(236,4,'10766490714',1,'2026-01-23 00:50:42'),
(237,4,'10766490714',1,'2026-01-23 01:22:14'),
(238,4,'10766490714',1,'2026-01-23 01:22:23'),
(239,4,'10759975249',4,'2026-01-23 02:11:50'),
(240,4,'10759975249',4,'2026-01-23 02:37:44'),
(241,4,'10759975249',4,'2026-01-23 02:38:02'),
(242,4,'10759975249',4,'2026-01-23 02:38:13'),
(243,4,'10766490714',1,'2026-01-23 03:02:19'),
(244,4,'10766490714',1,'2026-01-23 03:02:46'),
(245,4,'10766490714',1,'2026-01-23 03:03:10'),
(246,4,'10766490714',1,'2026-01-23 05:43:40'),
(247,4,'10759975249',4,'2026-01-24 00:10:37'),
(248,4,'10759975249',4,'2026-01-24 00:10:42'),
(249,4,'10759975249',4,'2026-01-24 00:12:34'),
(250,4,'10759975249',4,'2026-01-24 00:34:38'),
(251,4,'10766490714',1,'2026-01-24 00:53:07'),
(252,4,'10766490714',1,'2026-01-24 00:56:37'),
(253,4,'10766490714',1,'2026-01-24 02:22:24'),
(254,4,'10766490714',1,'2026-01-24 02:23:19'),
(255,4,'10759975249',4,'2026-01-24 04:12:12'),
(256,4,'10759975249',4,'2026-01-24 06:36:19'),
(257,4,'10759975249',4,'2026-01-24 07:01:15'),
(258,4,'10766490714',1,'2026-01-24 07:23:29'),
(259,4,'10759975249',4,'2026-01-24 07:32:43'),
(260,4,'10759975249',4,'2026-01-24 08:15:39'),
(261,4,'10766490714',1,'2026-01-24 08:25:24'),
(262,1,'10448331101',9,'2026-01-24 16:01:24'),
(263,1,'10448331101',9,'2026-01-25 14:46:09'),
(264,1,'10448331101',9,'2026-01-25 14:46:48'),
(265,1,'10448547723',2,'2026-01-25 16:47:59'),
(266,1,'10761719233',7,'2026-01-25 21:14:18'),
(267,1,'10448547723',2,'2026-01-26 10:52:44'),
(268,1,'20605237500',5,'2026-01-26 11:10:01'),
(269,1,'20605237500',5,'2026-01-26 11:10:17'),
(270,1,'10448547723',2,'2026-01-26 16:32:48'),
(271,4,'10759975249',4,'2026-01-27 00:01:40'),
(272,4,'10759975249',4,'2026-01-27 00:02:10'),
(273,4,'10759975249',4,'2026-01-27 00:02:38'),
(274,4,'10759975249',4,'2026-01-27 00:02:42'),
(275,1,'20605237500',5,'2026-01-27 17:31:49'),
(276,1,'10761719233',7,'2026-01-27 17:57:03'),
(277,1,'10761719233',7,'2026-01-27 21:05:27'),
(278,4,'10759975249',4,'2026-01-28 00:35:40'),
(279,4,'10759975249',4,'2026-01-28 00:35:46'),
(280,4,'10759975249',4,'2026-01-28 02:27:44'),
(281,4,'10759975249',4,'2026-01-28 02:33:12'),
(282,4,'10766490714',1,'2026-01-28 06:20:12'),
(283,4,'10766490714',1,'2026-01-28 06:24:19'),
(284,4,'10766490714',1,'2026-01-28 06:24:41'),
(285,4,'10766490714',1,'2026-01-28 06:28:18'),
(286,4,'10766490714',1,'2026-01-28 06:28:33'),
(287,4,'10766490714',1,'2026-01-28 06:34:03'),
(288,4,'10766490714',1,'2026-01-28 06:34:04'),
(289,4,'10759975249',4,'2026-01-28 06:39:56'),
(290,4,'10759975249',4,'2026-01-28 06:40:10'),
(291,4,'10766490714',1,'2026-01-28 06:41:32'),
(292,1,'10448547723',2,'2026-01-28 14:31:46'),
(293,1,'10766490714',1,'2026-01-28 15:23:13'),
(294,1,'10759975249',4,'2026-01-28 15:35:47'),
(295,1,'10448547723',2,'2026-01-28 20:37:35'),
(296,1,'10448547723',2,'2026-01-29 16:07:28'),
(297,1,'10448547723',2,'2026-01-29 16:49:49'),
(298,1,'10761719233',7,'2026-01-29 21:22:56'),
(299,1,'10448547723',2,'2026-01-30 10:56:54'),
(300,1,'10448547723',2,'2026-01-30 10:57:13'),
(301,1,'10448547723',2,'2026-01-30 14:08:54'),
(302,1,'10761719233',7,'2026-01-30 17:28:55'),
(303,1,'10761719233',7,'2026-01-30 17:29:21'),
(304,1,'20605237500',5,'2026-01-31 10:51:30'),
(305,1,'10448547723',2,'2026-01-31 11:40:12'),
(306,1,'10448547723',2,'2026-01-31 14:51:34'),
(307,1,'10448547723',2,'2026-01-31 16:35:06'),
(308,1,'10761719233',7,'2026-01-31 17:08:18'),
(309,1,'10448547723',2,'2026-01-31 18:50:57'),
(310,1,'10761719233',7,'2026-02-01 09:28:29'),
(311,1,'10761719233',7,'2026-02-01 09:28:45'),
(312,1,'10761719233',7,'2026-02-01 09:28:51'),
(313,1,'10761719233',7,'2026-02-01 09:29:11'),
(314,1,'10761719233',7,'2026-02-01 09:29:19'),
(315,1,'10761719233',7,'2026-02-01 09:29:27'),
(316,1,'10761719233',7,'2026-02-01 09:29:37'),
(317,1,'10761719233',7,'2026-02-01 09:29:57'),
(318,1,'10761719233',7,'2026-02-01 09:30:44'),
(319,1,'10761719233',7,'2026-02-01 15:51:19'),
(320,1,'10448547723',2,'2026-02-01 19:54:24'),
(321,1,'10761719233',7,'2026-02-01 20:10:03'),
(322,1,'10766490714',1,'2026-02-02 11:34:05'),
(323,1,'10448547723',2,'2026-02-02 14:44:59'),
(324,1,'10448547723',2,'2026-02-02 20:38:48'),
(325,1,'10448547723',2,'2026-02-02 20:39:00'),
(326,1,'10448547723',2,'2026-02-02 20:39:04'),
(327,1,'10448547723',2,'2026-02-02 20:39:12'),
(328,1,'10448547723',2,'2026-02-02 20:39:24'),
(329,1,'10448547723',2,'2026-02-03 10:57:28'),
(330,1,'20605237500',5,'2026-02-03 12:17:48'),
(331,1,'10448547723',2,'2026-02-03 13:31:23'),
(332,1,'10761719233',7,'2026-02-03 15:48:19'),
(333,1,'10761719233',7,'2026-02-03 20:33:39'),
(334,1,'10761719233',7,'2026-02-04 08:06:46'),
(335,1,'10761719233',7,'2026-02-04 12:02:35'),
(336,1,'10448547723',2,'2026-02-04 12:15:37'),
(337,1,'20605237500',5,'2026-02-04 18:42:55'),
(338,1,'10448547723',2,'2026-02-05 08:50:16'),
(339,1,'20605237500',5,'2026-02-05 10:57:23'),
(340,1,'20605237500',5,'2026-02-05 10:59:44'),
(341,1,'10448547723',2,'2026-02-06 18:45:25'),
(342,1,'20605237500',5,'2026-02-07 09:19:04'),
(343,1,'20605237500',5,'2026-02-07 09:20:11'),
(344,1,'10761719233',7,'2026-02-07 11:46:52'),
(345,1,'10448547723',2,'2026-02-07 14:56:52'),
(346,1,'10448547723',2,'2026-02-07 14:56:53'),
(347,1,'10761719233',7,'2026-02-07 16:42:10'),
(348,1,'10761719233',7,'2026-02-08 13:57:49'),
(349,1,'10766490714',1,'2026-02-08 15:23:41'),
(350,1,'10448547723',2,'2026-02-09 10:54:37'),
(351,1,'10448547723',2,'2026-02-09 18:21:00'),
(352,4,'10759975249',4,'2026-02-10 00:00:48'),
(353,4,'10759975249',4,'2026-02-10 00:00:53'),
(354,1,'10448331101',9,'2026-02-10 12:19:32'),
(355,1,'10761719233',7,'2026-02-10 19:40:12'),
(356,1,'10761719233',7,'2026-02-10 19:41:09'),
(357,4,'10759975249',4,'2026-02-11 00:09:52'),
(358,4,'10759975249',4,'2026-02-11 00:09:56'),
(359,4,'10766490714',1,'2026-02-11 00:15:25'),
(360,4,'10766490714',1,'2026-02-11 00:15:47'),
(361,4,'10766490714',1,'2026-02-11 00:19:13'),
(362,4,'10759975249',4,'2026-02-11 00:23:00'),
(363,4,'10759975249',4,'2026-02-11 00:27:56'),
(364,4,'10766490714',1,'2026-02-11 00:39:19'),
(365,4,'10766490714',1,'2026-02-11 00:39:52'),
(366,4,'10766490714',1,'2026-02-11 00:41:28'),
(367,4,'10766490714',1,'2026-02-11 00:43:02'),
(368,4,'10766490714',1,'2026-02-11 00:43:26'),
(369,4,'10766490714',1,'2026-02-11 00:43:36'),
(370,4,'10759975249',4,'2026-02-11 00:44:48'),
(371,4,'10759975249',4,'2026-02-11 00:47:21'),
(372,4,'10766490714',1,'2026-02-11 00:54:19'),
(373,4,'10766490714',1,'2026-02-11 01:09:58'),
(374,4,'10766490714',1,'2026-02-11 01:17:10'),
(375,1,'10448331101',9,'2026-02-11 08:11:40'),
(376,1,'10761719233',7,'2026-02-11 09:36:09'),
(377,1,'10761719233',7,'2026-02-11 09:36:57'),
(378,1,'10761719233',7,'2026-02-11 09:39:27'),
(379,1,'20605237500',5,'2026-02-11 15:51:32'),
(380,1,'20605237500',5,'2026-02-11 18:44:51'),
(381,1,'20605237500',5,'2026-02-11 19:22:07'),
(382,1,'10448547723',2,'2026-02-12 14:59:32'),
(383,1,'10448547723',2,'2026-02-12 14:59:43'),
(384,1,'10448547723',2,'2026-02-12 15:00:07'),
(385,1,'10448331101',9,'2026-02-12 18:13:07'),
(386,1,'10448547723',2,'2026-02-13 22:00:00'),
(387,4,'10759975249',4,'2026-02-14 00:04:49'),
(388,4,'10759975249',4,'2026-02-14 00:04:57'),
(389,4,'10759975249',4,'2026-02-14 00:09:44'),
(390,4,'10759975249',4,'2026-02-14 00:10:17'),
(391,4,'10766490714',1,'2026-02-14 00:12:32'),
(392,4,'10766490714',1,'2026-02-14 00:12:47'),
(393,4,'10759975249',4,'2026-02-14 00:20:09'),
(394,1,'10766490714',1,'2026-02-14 09:34:21'),
(395,1,'10448547723',2,'2026-02-14 10:36:41'),
(396,1,'20605237500',5,'2026-02-14 11:07:42'),
(397,1,'20605237500',5,'2026-02-14 11:20:06'),
(398,1,'20605237500',5,'2026-02-14 11:20:32'),
(399,1,'20605237500',5,'2026-02-14 11:20:52'),
(400,1,'10448547723',2,'2026-02-15 13:41:06'),
(401,1,'10448547723',2,'2026-02-15 18:09:28'),
(402,1,'10761719233',7,'2026-02-15 19:09:25'),
(403,1,'10761719233',7,'2026-02-15 20:44:57'),
(404,1,'10448331101',9,'2026-02-16 09:15:15'),
(405,1,'10448331101',9,'2026-02-16 09:26:40'),
(406,1,'10448547723',2,'2026-02-16 11:32:38'),
(407,1,'10448547723',2,'2026-02-17 09:39:47'),
(408,1,'10761719233',7,'2026-02-17 10:13:28'),
(409,1,'10448331101',9,'2026-02-17 14:12:12'),
(410,1,'20605237500',5,'2026-02-17 18:12:46'),
(411,4,'10766490714',1,'2026-02-18 00:01:19'),
(412,4,'10766490714',1,'2026-02-18 00:01:28'),
(413,4,'10759975249',4,'2026-02-18 00:02:58'),
(414,4,'10759975249',4,'2026-02-18 00:03:03'),
(415,4,'10759975249',4,'2026-02-18 00:06:59'),
(416,4,'10759975249',4,'2026-02-18 00:15:42'),
(417,4,'10759975249',4,'2026-02-18 00:23:36'),
(418,4,'10759975249',4,'2026-02-18 00:24:42'),
(419,4,'10759975249',4,'2026-02-18 00:29:28'),
(420,4,'10766490714',1,'2026-02-18 00:33:01'),
(421,4,'10759975249',4,'2026-02-18 00:38:20'),
(422,1,'10761719233',7,'2026-02-18 12:51:15'),
(423,1,'10761719233',7,'2026-02-18 12:51:16'),
(424,1,'10448547723',2,'2026-02-18 15:01:35'),
(425,4,'10759975249',4,'2026-02-19 00:01:54'),
(426,4,'10759975249',4,'2026-02-19 00:02:04'),
(427,4,'10759975249',4,'2026-02-19 00:03:02'),
(428,1,'10448547723',2,'2026-02-19 10:43:22'),
(429,1,'10761719233',7,'2026-02-19 15:23:11'),
(430,1,'10448547723',2,'2026-02-20 13:33:37'),
(431,1,'10761719233',7,'2026-02-20 16:20:58'),
(432,1,'10448547723',2,'2026-02-21 10:07:07'),
(433,1,'10448547723',2,'2026-02-21 10:07:21'),
(434,1,'10448547723',2,'2026-02-21 10:07:28'),
(435,1,'10448547723',2,'2026-02-21 10:08:05'),
(436,1,'10448547723',2,'2026-02-21 11:21:54'),
(437,1,'10761719233',7,'2026-02-21 12:12:45'),
(438,1,'10448547723',2,'2026-02-21 18:12:32'),
(439,1,'10448547723',2,'2026-02-21 21:29:46'),
(440,1,'10761719233',7,'2026-02-21 21:58:05'),
(441,1,'10761719233',7,'2026-02-21 21:58:28'),
(442,1,'10448547723',2,'2026-02-22 12:22:17'),
(443,1,'10448547723',2,'2026-02-22 12:27:26'),
(444,1,'10448331101',9,'2026-02-23 14:23:25'),
(445,1,'10761719233',7,'2026-02-23 20:07:13'),
(446,1,'10761719233',7,'2026-02-23 20:24:29'),
(447,1,'10761719233',7,'2026-02-23 20:25:59'),
(448,1,'20605237500',5,'2026-02-24 13:39:43'),
(449,1,NULL,0,'2026-02-24 15:27:35'),
(450,1,'10761719233',7,'2026-02-24 18:47:17'),
(451,1,'10448331101',9,'2026-02-24 19:02:44'),
(452,1,'20605237500',5,'2026-02-24 20:24:31'),
(453,1,'10761719233',7,'2026-02-25 16:35:18'),
(454,1,'10761719233',7,'2026-02-25 18:05:37'),
(455,1,'10761719233',7,'2026-02-25 22:34:11'),
(456,1,'10448331101',9,'2026-02-26 20:41:21'),
(457,1,'10761719233',7,'2026-02-27 08:05:38'),
(458,1,'10761719233',7,'2026-02-27 13:22:57'),
(459,4,'10759975249',4,'2026-02-28 00:00:24'),
(460,4,'10759975249',4,'2026-02-28 00:00:29'),
(461,4,'10766490714',1,'2026-02-28 00:04:59'),
(462,4,'10766490714',1,'2026-02-28 00:05:14'),
(463,4,'10766490714',1,'2026-02-28 00:17:46'),
(464,4,'10766490714',1,'2026-02-28 00:18:08'),
(465,4,'10759975249',4,'2026-02-28 00:28:27'),
(466,4,'10759975249',4,'2026-02-28 01:33:50'),
(467,4,'10766490714',1,'2026-02-28 02:49:13'),
(468,4,'10766490714',1,'2026-02-28 02:49:23'),
(469,4,'10759975249',4,'2026-02-28 05:13:54'),
(470,4,'10759975249',4,'2026-02-28 05:15:42'),
(471,4,'10759975249',4,'2026-02-28 05:15:58'),
(472,4,'10759975249',4,'2026-02-28 06:16:07'),
(473,4,'10759975249',4,'2026-02-28 06:23:51'),
(474,4,'10759975249',4,'2026-02-28 06:48:54'),
(475,4,'10766490714',1,'2026-02-28 06:55:45'),
(476,4,'10766490714',1,'2026-02-28 07:16:20'),
(477,4,'10759975249',4,'2026-02-28 07:21:26'),
(478,4,'10759975249',4,'2026-02-28 07:21:47'),
(479,4,'10759975249',4,'2026-02-28 07:21:56'),
(480,1,'10761719233',7,'2026-02-28 09:45:16'),
(481,1,'20605237500',5,'2026-02-28 09:47:24'),
(482,1,'20605237500',5,'2026-02-28 09:47:39'),
(483,1,'10448547723',2,'2026-02-28 17:32:20'),
(484,1,'10448547723',2,'2026-03-01 20:01:23'),
(485,1,'10448547723',2,'2026-03-02 13:04:08'),
(486,1,'10761719233',7,'2026-03-02 18:50:18'),
(487,1,'10448547723',2,'2026-03-02 18:55:00'),
(488,1,'10448547723',2,'2026-03-02 18:56:40'),
(489,1,'10761719233',7,'2026-03-02 21:23:07'),
(490,1,'10761719233',7,'2026-03-03 18:35:01'),
(491,1,'10448547723',2,'2026-03-04 11:52:57'),
(492,1,'10448547723',2,'2026-03-05 15:09:56'),
(493,1,'10448547723',2,'2026-03-05 15:46:30'),
(494,1,'10448547723',2,'2026-03-06 10:27:59'),
(495,1,'10759975249',4,'2026-03-06 19:49:36'),
(496,1,'10448547723',2,'2026-03-07 10:23:02'),
(497,1,'10448547723',2,'2026-03-07 10:59:36'),
(498,1,'10448547723',2,'2026-03-07 10:59:55'),
(499,1,'10448547723',2,'2026-03-07 11:00:12'),
(500,1,'10448547723',2,'2026-03-07 11:01:22'),
(501,1,'10448547723',2,'2026-03-07 11:01:51'),
(502,1,'10761719233',7,'2026-03-07 19:12:50'),
(503,1,'10759975249',4,'2026-03-07 22:32:34'),
(504,1,'10759975249',4,'2026-03-07 22:32:38'),
(505,1,'10448547723',2,'2026-03-08 20:57:36'),
(506,1,'10759975249',4,'2026-03-08 21:14:27'),
(507,1,'10761719233',7,'2026-03-09 12:32:45'),
(508,1,'10761719233',7,'2026-03-09 13:42:52'),
(509,1,'20605237500',5,'2026-03-09 20:41:57'),
(510,1,'10761719233',7,'2026-03-09 21:07:00'),
(511,1,'10761719233',7,'2026-03-09 21:11:25'),
(512,1,'20605237500',5,'2026-03-10 11:20:22'),
(513,1,'10761719233',7,'2026-03-10 11:23:45'),
(514,1,'10448547723',2,'2026-03-10 12:58:16'),
(515,1,'10448547723',2,'2026-03-10 13:48:25'),
(516,1,'10448547723',2,'2026-03-10 13:52:04'),
(517,1,'10448547723',2,'2026-03-11 09:56:40'),
(518,1,'10448547723',2,'2026-03-11 17:23:03'),
(519,1,'10448547723',2,'2026-03-11 18:56:34'),
(520,1,'10448547723',2,'2026-03-11 19:36:28'),
(521,1,'20605237500',5,'2026-03-12 16:58:32'),
(522,1,'20605237500',5,'2026-03-13 18:07:31'),
(523,4,'10448547723',2,'2026-03-14 07:58:48'),
(524,4,'10448547723',2,'2026-03-14 08:06:55'),
(525,4,'20611371072',10,'2026-03-14 08:49:09'),
(526,1,'20605237500',5,'2026-03-14 09:59:06'),
(527,1,'10448547723',2,'2026-03-14 20:15:49'),
(528,1,'20605237500',5,'2026-03-15 09:24:45'),
(529,1,'10761719233',7,'2026-03-15 12:10:24'),
(530,1,'10448547723',2,'2026-03-15 12:31:21'),
(531,1,'10761719233',7,'2026-03-15 15:40:44'),
(532,1,'10761719233',7,'2026-03-15 15:40:46'),
(533,1,'10448547723',2,'2026-03-16 10:16:43'),
(534,1,'10759975249',4,'2026-03-17 00:44:49'),
(535,1,'10448547723',2,'2026-03-17 16:36:41'),
(536,1,'20605237500',5,'2026-03-17 19:41:41'),
(537,1,'10448547723',2,'2026-03-18 08:44:38'),
(538,1,'10448331101',9,'2026-03-18 14:30:55'),
(539,1,'10448331101',9,'2026-03-18 14:31:15'),
(540,1,'10761719233',7,'2026-03-18 15:25:28'),
(541,1,'10761719233',7,'2026-03-19 09:53:32'),
(542,1,'10448547723',2,'2026-03-19 16:13:57'),
(543,1,'10448547723',2,'2026-03-19 18:02:33'),
(544,1,'10761719233',7,'2026-03-19 21:52:34'),
(545,1,'10448547723',2,'2026-03-19 22:07:34'),
(546,1,'10448547723',2,'2026-03-20 13:09:23'),
(547,1,'10448547723',2,'2026-03-21 11:55:20'),
(548,1,'10448547723',2,'2026-03-22 19:46:28'),
(549,1,'20605237500',5,'2026-03-23 10:14:16'),
(550,1,'10761719233',7,'2026-03-23 10:58:31'),
(551,1,'10761719233',7,'2026-03-24 16:36:53'),
(552,1,'10448547723',2,'2026-03-25 10:58:08'),
(553,1,'10448547723',2,'2026-03-25 21:42:11'),
(554,1,'10448547723',2,'2026-03-25 21:42:27'),
(555,1,'10448547723',2,'2026-03-26 12:45:17'),
(556,1,'10448547723',2,'2026-03-26 15:57:34'),
(557,1,'20605237500',5,'2026-03-26 16:45:29'),
(558,1,'10465979327',11,'2026-03-27 18:47:56'),
(559,1,'20605237500',5,'2026-03-27 19:43:07'),
(560,1,'10448547723',2,'2026-03-30 14:47:33'),
(561,1,'10448547723',2,'2026-03-30 14:47:43'),
(562,1,'20605237500',5,'2026-03-30 17:48:05'),
(563,1,'10465979327',11,'2026-03-30 22:49:40'),
(564,1,'10448547723',2,'2026-03-31 11:01:46'),
(565,1,'10448547723',2,'2026-03-31 11:25:04'),
(566,1,'20605237500',5,'2026-03-31 15:44:16'),
(567,4,'10759975249',4,'2026-04-01 00:01:47'),
(568,4,'10759975249',4,'2026-04-01 00:01:51'),
(569,4,'10766490714',1,'2026-04-01 00:06:58'),
(570,4,'10766490714',1,'2026-04-01 00:07:04'),
(571,4,'10766490714',1,'2026-04-01 00:15:01'),
(572,1,'10448547723',2,'2026-04-02 13:46:24'),
(573,1,'10465979327',11,'2026-04-02 14:26:19'),
(574,1,'10465979327',11,'2026-04-02 14:36:29'),
(575,1,'10465979327',11,'2026-04-02 16:00:55'),
(576,1,'10465979327',11,'2026-04-02 22:03:35'),
(577,1,'10465979327',11,'2026-04-02 22:03:57'),
(578,1,'10448547723',2,'2026-04-04 11:14:37'),
(579,1,'10448547723',2,'2026-04-04 12:47:51'),
(580,1,'10448547723',2,'2026-04-04 13:49:50'),
(581,4,'10766490714',1,'2026-04-05 00:06:30'),
(582,4,'10759975249',4,'2026-04-05 00:13:57'),
(583,4,'10759975249',4,'2026-04-05 00:14:05'),
(584,4,'10766490714',1,'2026-04-05 00:24:26'),
(585,4,'10766490714',1,'2026-04-05 00:25:40'),
(586,4,'10759975249',4,'2026-04-05 00:32:20'),
(587,4,'10766490714',1,'2026-04-05 00:46:35'),
(588,4,'10759975249',4,'2026-04-05 00:57:47'),
(589,4,'10759975249',4,'2026-04-05 01:05:47'),
(590,4,'10766490714',1,'2026-04-05 03:50:55'),
(591,4,'10766490714',1,'2026-04-05 03:51:45'),
(592,4,'10766490714',1,'2026-04-05 03:52:09'),
(593,4,'10759975249',4,'2026-04-05 05:11:07'),
(594,4,'10759975249',4,'2026-04-05 06:01:56'),
(595,4,'10759975249',4,'2026-04-05 06:14:56'),
(596,4,'10759975249',4,'2026-04-05 06:31:24'),
(597,4,'10759975249',4,'2026-04-05 06:42:08'),
(598,4,'10759975249',4,'2026-04-05 07:04:29'),
(599,4,'10759975249',4,'2026-04-05 07:05:19'),
(600,4,'10759975249',4,'2026-04-05 07:11:28'),
(601,1,'10465979327',11,'2026-04-05 08:55:01'),
(602,1,'20605237500',5,'2026-04-05 13:23:21'),
(603,1,'10448547723',2,'2026-04-05 16:34:08'),
(604,1,'10766490714',1,'2026-04-05 20:43:30'),
(605,1,'10766490714',1,'2026-04-05 21:19:54'),
(606,1,'10766490714',1,'2026-04-05 21:20:10'),
(607,1,'10465979327',11,'2026-04-06 17:23:29'),
(608,1,'10448547723',2,'2026-04-08 07:39:55'),
(609,1,'10448547723',2,'2026-04-08 07:39:56'),
(610,1,'10448547723',2,'2026-04-08 07:39:58'),
(611,1,'10448547723',2,'2026-04-08 07:39:58'),
(612,1,'10448547723',2,'2026-04-08 17:11:24'),
(613,1,'10448547723',2,'2026-04-08 17:11:29'),
(614,1,'10759975249',4,'2026-04-08 21:45:24'),
(615,1,'10759975249',4,'2026-04-08 21:45:28'),
(616,2,'20605237500',5,'2026-04-09 00:16:13'),
(617,2,'20605237500',5,'2026-04-09 00:16:20'),
(618,2,'20605237500',5,'2026-04-09 00:16:26'),
(619,2,'20605237500',5,'2026-04-09 00:16:33'),
(620,2,'20605237500',5,'2026-04-09 00:16:39'),
(621,2,'20605237500',5,'2026-04-09 00:16:46'),
(622,2,'20605237500',5,'2026-04-09 00:16:52'),
(623,2,'20605237500',5,'2026-04-09 00:16:58'),
(624,2,'20605237500',5,'2026-04-09 00:17:02'),
(625,3,'20605237500',5,'2026-04-09 00:21:52'),
(626,1,'10448547723',2,'2026-04-09 11:27:15'),
(627,1,'10448547723',2,'2026-04-09 21:38:21'),
(628,1,'10448547723',2,'2026-04-09 21:38:25'),
(629,1,'10448547723',2,'2026-04-09 21:38:37'),
(630,1,'10448547723',2,'2026-04-09 21:42:32'),
(631,1,'10448547723',2,'2026-04-10 09:17:51'),
(632,1,'10465979327',11,'2026-04-10 17:52:59'),
(633,1,'10465979327',11,'2026-04-10 17:53:02'),
(634,1,'10465979327',11,'2026-04-10 17:53:10'),
(635,1,'10465979327',11,'2026-04-10 17:53:12'),
(636,1,'10465979327',11,'2026-04-11 08:45:11'),
(637,1,'10448547723',2,'2026-04-12 09:30:53'),
(638,1,'10448547723',2,'2026-04-12 09:31:11'),
(639,1,'10465979327',11,'2026-04-13 12:47:18'),
(640,1,'10448547723',2,'2026-04-13 14:40:05'),
(641,1,'10448547723',2,'2026-04-13 20:06:15'),
(642,1,'00000000000',3,'2026-04-13 23:17:19'),
(643,1,'00000000000',3,'2026-04-13 23:17:43'),
(644,1,'00000000000',3,'2026-04-13 23:17:44'),
(645,1,'00000000000',3,'2026-04-13 23:55:32'),
(646,1,'00000000000',3,'2026-04-13 23:55:33'),
(647,1,'20605237500',5,'2026-04-15 12:35:24'),
(648,1,'10448547723',2,'2026-04-15 12:54:24'),
(649,1,'10448547723',2,'2026-04-15 16:14:10'),
(650,1,'20611371072',10,'2026-04-16 09:42:11'),
(651,1,'10448547723',2,'2026-04-16 16:42:00'),
(652,1,'10448547723',2,'2026-04-16 17:43:18'),
(653,1,'10448547723',2,'2026-04-17 19:37:40'),
(654,1,'10448331101',9,'2026-04-18 15:30:19'),
(655,1,'10465979327',11,'2026-04-19 17:54:25'),
(656,1,'10448331101',9,'2026-04-19 18:47:29'),
(657,1,'10448547723',2,'2026-04-19 19:22:09'),
(658,1,'10465979327',11,'2026-04-20 10:36:45'),
(659,1,'20605237500',5,'2026-04-20 11:50:35'),
(660,1,'10465979327',11,'2026-04-20 20:27:39'),
(661,4,'10759975249',4,'2026-04-21 00:13:01'),
(662,4,'10759975249',4,'2026-04-21 00:14:29'),
(663,4,'10759975249',4,'2026-04-21 00:15:33'),
(664,1,'10465979327',11,'2026-04-21 10:06:40'),
(665,1,'10465979327',11,'2026-04-21 12:49:04'),
(666,3,NULL,0,'2026-04-21 13:01:25'),
(667,1,'20605237500',5,'2026-04-21 14:20:38'),
(668,1,'20605237500',5,'2026-04-21 14:20:54'),
(669,1,'20605237500',5,'2026-04-21 14:22:37'),
(670,1,'10465979327',11,'2026-04-21 16:32:47'),
(671,1,'10448547723',2,'2026-04-21 17:26:05'),
(672,1,'10465979327',11,'2026-04-21 19:17:53'),
(673,1,'10448547723',2,'2026-04-22 10:38:14'),
(674,1,'10448547723',2,'2026-04-23 13:43:07'),
(675,1,'10448547723',2,'2026-04-24 15:28:26'),
(676,1,'10448547723',2,'2026-04-24 15:28:32'),
(677,1,'10448547723',2,'2026-04-24 15:28:33'),
(678,1,'10448547723',2,'2026-04-24 15:28:33'),
(679,1,'10448547723',2,'2026-04-24 15:28:34'),
(680,1,'10448547723',2,'2026-04-24 15:28:34'),
(681,1,'10448547723',2,'2026-04-24 15:28:35'),
(682,1,'10448547723',2,'2026-04-24 15:29:01'),
(683,1,'10448547723',2,'2026-04-25 09:52:41'),
(684,1,'20605237500',5,'2026-04-25 16:21:17'),
(685,1,'10448547723',2,'2026-04-27 10:52:24'),
(686,1,'10448547723',2,'2026-04-27 11:47:29'),
(687,1,'10759975249',4,'2026-04-27 12:59:11'),
(688,1,'10448547723',2,'2026-04-27 20:03:01'),
(689,1,'10448547723',2,'2026-04-27 21:05:27'),
(690,1,'10448331101',9,'2026-04-29 10:31:48'),
(691,1,'10448547723',2,'2026-04-29 17:20:51'),
(692,1,'10448547723',2,'2026-04-30 18:24:22'),
(693,1,'20605237500',5,'2026-05-01 11:37:56'),
(694,1,'20605237500',5,'2026-05-02 09:33:26'),
(695,1,'10448547723',2,'2026-05-02 09:38:21'),
(696,1,'10448547723',2,'2026-05-02 09:51:05'),
(697,1,'20605237500',5,'2026-05-02 10:22:27'),
(698,1,'10465979327',11,'2026-05-02 13:18:12'),
(699,1,'10465979327',11,'2026-05-02 14:34:22'),
(700,1,'10448331101',9,'2026-05-02 14:37:41'),
(701,1,'10465979327',11,'2026-05-02 14:42:29'),
(702,1,'10465979327',11,'2026-05-02 14:42:37'),
(703,1,'10448547723',2,'2026-05-03 10:12:32'),
(704,1,'10465979327',11,'2026-05-04 15:20:49'),
(705,1,'10465979327',11,'2026-05-04 15:33:06'),
(706,1,'10465979327',11,'2026-05-04 15:51:30'),
(707,1,'10465979327',11,'2026-05-04 16:16:53'),
(708,1,'10465979327',11,'2026-05-04 18:58:17'),
(709,1,'10448547723',2,'2026-05-05 19:52:16'),
(710,1,'10766490714',1,'2026-05-06 10:21:14'),
(711,1,'10766490714',1,'2026-05-06 10:21:31'),
(712,1,'10448547723',2,'2026-05-07 12:40:36'),
(713,1,'10465979327',11,'2026-05-07 14:50:43'),
(714,1,'10465979327',11,'2026-05-07 14:50:55'),
(715,1,'10465979327',11,'2026-05-07 14:50:57'),
(716,1,'10465979327',11,'2026-05-07 14:51:00'),
(717,1,'10465979327',11,'2026-05-07 14:51:02'),
(718,1,'10465979327',11,'2026-05-07 14:51:06'),
(719,1,'10465979327',11,'2026-05-07 18:38:18'),
(720,1,'10465979327',11,'2026-05-07 18:39:36'),
(721,1,'10448547723',2,'2026-05-07 19:47:56'),
(722,1,'10448547723',2,'2026-05-08 12:05:50'),
(723,1,'10448331101',9,'2026-05-08 20:13:36'),
(724,1,'10448547723',2,'2026-05-09 11:37:04'),
(725,1,'20605237500',5,'2026-05-09 11:39:55'),
(726,1,'10448547723',2,'2026-05-09 16:13:21'),
(727,1,'10448547723',2,'2026-05-10 14:48:05'),
(728,1,'10448547723',2,'2026-05-11 18:43:05'),
(729,1,'10448547723',2,'2026-05-12 08:54:38'),
(730,1,'10448547723',2,'2026-05-12 08:56:59'),
(731,1,'10465979327',11,'2026-05-12 12:18:16'),
(732,1,'20605237500',5,'2026-05-12 12:58:53'),
(733,1,'10448547723',2,'2026-05-12 13:09:44'),
(734,1,'10465979327',11,'2026-05-12 17:32:37'),
(735,1,'10465979327',11,'2026-05-12 18:05:14'),
(736,1,'10448331101',9,'2026-05-12 18:22:22'),
(737,1,'10448331101',9,'2026-05-12 18:22:24'),
(738,1,'10465979327',11,'2026-05-12 19:33:15'),
(739,1,'10465979327',11,'2026-05-12 21:06:35'),
(740,1,'10448547723',2,'2026-05-12 21:26:22'),
(741,1,'10448331101',9,'2026-05-13 11:27:00'),
(742,1,'10448331101',9,'2026-05-13 14:38:19'),
(743,1,'10448331101',9,'2026-05-13 14:38:37'),
(744,1,'10448331101',9,'2026-05-13 14:38:45'),
(745,1,'10448331101',9,'2026-05-13 14:40:06'),
(746,1,'10448331101',9,'2026-05-13 14:40:19'),
(747,1,'10448331101',9,'2026-05-13 14:40:50'),
(748,1,'10465979327',11,'2026-05-14 09:42:17'),
(749,1,'20605237500',5,'2026-05-14 10:29:40'),
(750,1,'10448547723',2,'2026-05-14 14:40:44'),
(751,1,'10448547723',2,'2026-05-14 20:37:42'),
(752,1,'10448547723',2,'2026-05-15 09:10:49'),
(753,1,'10448547723',2,'2026-05-15 09:12:07'),
(754,1,'10465979327',11,'2026-05-15 11:58:18'),
(755,1,'10465979327',11,'2026-05-15 11:58:35'),
(756,1,'10465979327',11,'2026-05-15 11:58:48'),
(757,1,'10448547723',2,'2026-05-15 18:18:28'),
(758,1,'10465979327',11,'2026-05-16 19:44:52'),
(759,1,'20605237500',5,'2026-05-17 13:57:02'),
(760,1,'20605237500',5,'2026-05-17 13:57:06'),
(761,1,'20605237500',5,'2026-05-17 13:57:31'),
(762,1,'20605237500',5,'2026-05-17 13:58:47'),
(763,1,'20605237500',5,'2026-05-17 13:58:59'),
(764,1,'10448547723',2,'2026-05-17 17:29:47'),
(765,1,'10448547723',2,'2026-05-17 18:37:09'),
(766,1,'10465979327',11,'2026-05-18 09:11:55'),
(767,1,'20605237500',5,'2026-05-18 18:30:09'),
(768,1,'10465979327',11,'2026-05-18 19:55:52'),
(769,1,'10465979327',11,'2026-05-18 19:55:56'),
(770,1,'10465979327',11,'2026-05-18 19:56:23'),
(771,1,'10465979327',11,'2026-05-19 13:49:06'),
(772,1,'00000000000',3,'2026-05-19 19:13:20'),
(773,1,'10448547723',2,'2026-05-22 07:39:54'),
(774,1,'10448547723',2,'2026-05-22 10:11:16'),
(775,1,'20605237500',5,'2026-05-22 10:46:51'),
(776,1,'10448547723',2,'2026-05-22 10:51:17'),
(777,1,'20605237500',5,'2026-05-22 11:54:07'),
(778,1,'10448547723',2,'2026-05-22 14:43:42'),
(779,1,'10448547723',2,'2026-05-22 19:12:09'),
(780,1,'10465979327',11,'2026-05-23 12:50:28'),
(781,1,'10465979327',11,'2026-05-23 12:50:50'),
(782,1,'10465979327',11,'2026-05-23 12:50:53'),
(783,1,'10448547723',2,'2026-05-23 15:26:55'),
(784,1,'10465979327',11,'2026-05-24 12:03:36'),
(785,1,'10465979327',11,'2026-05-24 20:01:35'),
(786,1,'20605237500',5,'2026-05-25 09:41:43'),
(787,1,'10465979327',11,'2026-05-25 10:09:51'),
(788,1,'10465979327',11,'2026-05-25 17:29:44'),
(789,1,'10448547723',2,'2026-05-26 09:36:53'),
(790,1,'10448547723',2,'2026-05-26 10:27:09'),
(791,1,'10465979327',11,'2026-05-26 10:51:56'),
(792,1,'10465979327',11,'2026-05-26 10:51:59'),
(793,1,'10448547723',2,'2026-05-26 13:39:17'),
(794,1,'10448547723',2,'2026-05-26 16:59:47'),
(795,1,'10448547723',2,'2026-05-26 17:00:15'),
(796,1,'10448547723',2,'2026-05-27 17:15:02'),
(797,1,'20605237500',5,'2026-05-27 19:44:14'),
(798,1,'10448547723',2,'2026-05-28 09:34:43'),
(799,1,'10448547723',2,'2026-05-28 18:20:16'),
(800,1,'10465979327',11,'2026-05-28 20:12:36'),
(801,1,'10465979327',11,'2026-05-29 12:10:05'),
(802,1,'10448547723',2,'2026-05-29 22:32:09'),
(803,4,'10759975249',4,'2026-05-30 00:05:03'),
(804,4,'10759975249',4,'2026-05-30 00:05:29'),
(805,1,'20605237500',5,'2026-05-30 11:11:08'),
(806,1,'10465979327',11,'2026-05-30 19:35:02'),
(807,1,'10448331101',9,'2026-05-31 14:27:58'),
(808,1,'10448547723',2,'2026-05-31 15:30:03'),
(809,1,'10465979327',11,'2026-05-31 19:17:03'),
(810,1,'10448547723',2,'2026-06-01 20:43:53'),
(811,1,'10448547723',2,'2026-06-01 21:51:00'),
(812,1,'10448547723',2,'2026-06-01 21:51:04'),
(813,1,'10465979327',11,'2026-06-02 09:02:53'),
(814,1,'20605237500',5,'2026-06-02 11:12:48'),
(815,1,'10448547723',2,'2026-06-02 13:41:04'),
(816,1,'10448547723',2,'2026-06-02 17:57:10'),
(817,4,'10759975249',4,'2026-06-04 00:49:50'),
(818,4,'10759975249',4,'2026-06-04 00:50:06'),
(819,4,'10759975249',4,'2026-06-04 00:50:18'),
(820,4,'10759975249',4,'2026-06-04 02:42:43'),
(821,1,'10448547723',2,'2026-06-04 17:30:17'),
(822,1,'00000000000',3,'2026-06-04 18:56:46'),
(823,1,'10465979327',11,'2026-06-04 20:16:54'),
(824,1,'10448331101',9,'2026-06-05 14:35:57'),
(825,1,'10465979327',11,'2026-06-06 09:57:48'),
(826,1,'10448547723',2,'2026-06-06 11:32:43'),
(827,1,'10465979327',11,'2026-06-06 12:49:50'),
(828,1,'20605237500',5,'2026-06-06 15:37:55'),
(829,1,'20605237500',5,'2026-06-06 15:39:59'),
(830,1,'20605237500',5,'2026-06-06 15:40:55'),
(831,1,'20605237500',5,'2026-06-06 15:57:54'),
(832,1,'10448547723',2,'2026-06-06 17:18:44'),
(833,1,'20605237500',5,'2026-06-06 17:19:09'),
(834,1,'10448547723',2,'2026-06-06 21:46:27'),
(835,1,'10448547723',2,'2026-06-07 13:04:52'),
(836,1,'10448547723',2,'2026-06-07 14:49:04'),
(837,1,'10448547723',2,'2026-06-08 10:11:29'),
(838,1,'20605237500',5,'2026-06-08 11:10:57'),
(839,1,'10448547723',2,'2026-06-09 11:55:52'),
(840,4,'10759975249',4,'2026-06-10 00:00:34'),
(841,4,'10759975249',4,'2026-06-10 00:00:40'),
(842,4,'10759975249',4,'2026-06-10 00:34:35'),
(843,4,'10759975249',4,'2026-06-10 01:21:03'),
(844,4,'10759975249',4,'2026-06-10 01:33:58'),
(845,4,'10759975249',4,'2026-06-10 02:06:50'),
(846,4,'10759975249',4,'2026-06-10 02:26:18'),
(847,1,'20605237500',5,'2026-06-10 11:37:04'),
(848,1,'00000000000',3,'2026-06-10 17:58:58'),
(849,1,'00000000000',3,'2026-06-10 18:14:39'),
(850,1,'10465979327',11,'2026-06-10 20:08:55'),
(851,1,'10465979327',11,'2026-06-10 22:56:40'),
(852,1,'10465979327',11,'2026-06-11 10:17:00'),
(853,1,'20605237500',5,'2026-06-11 13:12:40'),
(854,1,'20605237500',5,'2026-06-11 16:20:38'),
(855,1,'10465979327',11,'2026-06-11 18:16:28'),
(856,1,'10448547723',2,'2026-06-11 19:02:50'),
(857,1,'10448547723',2,'2026-06-12 11:48:28'),
(858,1,'10448547723',2,'2026-06-12 18:03:15'),
(859,1,'10448547723',2,'2026-06-12 18:03:17'),
(860,1,'10448547723',2,'2026-06-12 18:03:19'),
(861,1,'10448547723',2,'2026-06-12 18:03:22'),
(862,1,'10448547723',2,'2026-06-12 18:03:23'),
(863,1,'10448547723',2,'2026-06-14 13:56:11'),
(864,1,'10448547723',2,'2026-06-14 18:27:39'),
(865,1,'10465979327',11,'2026-06-15 07:12:31'),
(866,1,'10448547723',2,'2026-06-15 16:02:56'),
(867,1,'10448547723',2,'2026-06-15 19:10:28'),
(868,1,'10465979327',11,'2026-06-15 19:26:15'),
(869,1,'10465979327',11,'2026-06-16 11:03:19'),
(870,1,'10448547723',2,'2026-06-17 08:49:36'),
(871,1,'10448547723',2,'2026-06-17 14:27:29'),
(872,1,'10465979327',11,'2026-06-18 10:00:54'),
(873,1,'10465979327',11,'2026-06-18 10:50:51'),
(874,1,'10465979327',11,'2026-06-18 11:04:05'),
(875,1,'10465979327',11,'2026-06-18 11:04:09'),
(876,1,'20611371072',10,'2026-06-18 14:59:02'),
(877,1,'10448547723',2,'2026-06-18 18:53:09'),
(878,1,'10448547723',2,'2026-06-19 08:40:05'),
(879,1,'10448547723',2,'2026-06-19 09:08:37'),
(880,1,'10448547723',2,'2026-06-19 12:21:04'),
(881,1,NULL,0,'2026-06-19 15:06:31'),
(882,1,NULL,0,'2026-06-19 15:32:39'),
(883,1,NULL,0,'2026-06-19 18:58:54'),
(884,1,'10448547723',2,'2026-06-19 20:33:50'),
(885,1,NULL,0,'2026-06-19 21:17:26'),
(886,1,NULL,0,'2026-06-19 21:54:39'),
(887,1,'10418876722',13,'2026-06-20 12:23:45'),
(888,1,'10448547723',2,'2026-06-20 16:05:55'),
(889,1,'20605237500',5,'2026-06-20 16:50:34'),
(890,1,'00000000000',3,'2026-06-20 22:02:45'),
(891,1,'10465979327',11,'2026-06-20 22:05:55'),
(892,1,'10465979327',11,'2026-06-20 22:05:58'),
(893,1,NULL,0,'2026-06-21 10:51:49'),
(894,1,'10448547723',2,'2026-06-21 11:01:59'),
(895,1,'10465979327',11,'2026-06-21 16:59:58'),
(896,1,'10465979327',11,'2026-06-21 20:50:24'),
(897,1,'10448547723',2,'2026-06-21 20:55:40'),
(898,1,'20605237500',5,'2026-06-22 11:06:29'),
(899,1,'10465979327',11,'2026-06-22 11:21:38'),
(900,1,'10465979327',11,'2026-06-22 11:21:39'),
(901,1,'20605237500',5,'2026-06-22 11:49:21'),
(902,1,'20605237500',5,'2026-06-22 12:17:27'),
(903,1,'20605237500',5,'2026-06-22 12:43:41'),
(904,1,'10465979327',11,'2026-06-22 18:58:17'),
(905,1,'10465979327',11,'2026-06-23 09:16:25'),
(906,1,'10465979327',11,'2026-06-23 13:22:16'),
(907,1,'10448547723',2,'2026-06-23 13:31:29'),
(908,1,'10448547723',2,'2026-06-23 16:05:39'),
(909,1,'10448547723',2,'2026-06-23 21:33:09'),
(910,1,'10465979327',11,'2026-06-23 22:15:40'),
(911,1,'10465979327',11,'2026-06-23 22:15:44'),
(912,1,'20614229650',22,'2026-06-24 15:54:02'),
(913,1,'20614229650',22,'2026-06-24 21:48:13'),
(914,1,'10448547723',2,'2026-06-25 08:19:12'),
(915,1,'10448547723',2,'2026-06-25 14:29:51'),
(916,1,'10448547723',2,'2026-06-25 16:47:22'),
(917,1,'10465979327',11,'2026-06-25 22:32:18'),
(918,1,'10465979327',11,'2026-06-25 22:45:27'),
(919,1,'10418876722',13,'2026-06-26 09:59:17'),
(920,1,'10418876722',13,'2026-06-26 09:59:46'),
(921,1,'10418876722',13,'2026-06-26 10:01:36'),
(922,1,'10448547723',2,'2026-06-26 12:51:32'),
(923,1,'10448547723',2,'2026-06-27 08:19:54'),
(924,1,'10465979327',11,'2026-06-28 10:59:07'),
(925,1,'10448547723',2,'2026-06-28 19:40:08'),
(926,1,'20605237500',5,'2026-06-29 10:07:39'),
(927,1,'10448547723',2,'2026-06-29 17:40:26'),
(928,1,'20605237500',5,'2026-06-30 09:59:32'),
(929,1,'10465979327',11,'2026-06-30 10:06:56'),
(930,1,'10465979327',11,'2026-06-30 10:08:09'),
(931,1,'10418876722',13,'2026-06-30 13:49:07'),
(932,1,'20605237500',5,'2026-06-30 15:45:15'),
(933,1,'00000000000',3,'2026-06-30 16:42:28'),
(934,1,'00000000000',3,'2026-06-30 16:42:49'),
(935,1,'10101131250',0,'2026-06-30 18:47:37'),
(936,1,'10101131250',0,'2026-06-30 19:06:18'),
(937,1,'10448547723',2,'2026-07-01 08:38:46'),
(938,1,'10465979327',11,'2026-07-01 16:23:39'),
(939,1,'10418876722',13,'2026-07-01 19:16:31'),
(940,1,NULL,0,'2026-07-02 11:22:29'),
(941,1,'10702790111',23,'2026-07-02 11:37:30'),
(942,1,'10702790111',23,'2026-07-02 11:37:43');
COMMIT;

--
-- Dumping data for table `users`
--

COMMIT;

--
-- Table structure for table `websites`
--

CREATE TABLE `websites` (
  `id` bigint(20) unsigned NOT NULL AUTO_INCREMENT,
  `uuid` varchar(255) NOT NULL,
  `created_at` timestamp NULL DEFAULT NULL,
  `updated_at` timestamp NULL DEFAULT NULL,
  `deleted_at` timestamp NULL DEFAULT NULL,
  `managed_by_database_connection` varchar(255) DEFAULT NULL COMMENT 'References the database connection key in your database.php',
  PRIMARY KEY (`id`),
  UNIQUE KEY `websites_uuid_unique` (`uuid`)
) ENGINE=InnoDB AUTO_INCREMENT=32 DEFAULT CHARSET=utf8mb4 COLLATE=utf8mb4_unicode_ci;

--
-- Dumping data for table `websites`
--

INSERT INTO `websites` VALUES
(1,'farmacia_noriega','2025-12-27 10:38:13','2025-12-27 10:38:13',NULL,NULL),
(2,'farmacia_miangelito','2025-12-27 11:25:21','2025-12-27 11:25:21',NULL,NULL),
(3,'farmacia_demo','2025-12-27 11:50:55','2025-12-27 11:50:55',NULL,NULL),
(4,'farmacia_boticabienestar','2025-12-27 17:22:20','2025-12-27 17:22:20',NULL,NULL),
(5,'farmacia_sanfrancisco','2025-12-27 19:21:40','2025-12-27 19:21:40',NULL,NULL),
(6,'farmacia_shaddai','2025-12-27 20:13:31','2025-12-27 20:13:31',NULL,NULL),
(8,'farmacia_miangelito1','2025-12-27 23:11:10','2025-12-27 23:11:10',NULL,NULL),
(9,'farmacia_angelito','2025-12-27 23:33:32','2025-12-27 23:33:32',NULL,NULL),
(10,'farmacia_boticadiaz','2025-12-27 23:46:56','2025-12-27 23:46:56',NULL,NULL),
(11,'farmacia_boticapedrito','2026-02-24 15:28:24','2026-02-24 15:28:24',NULL,NULL),
(20,'farmacia_medic','2026-06-19 18:59:15','2026-06-19 18:59:15',NULL,NULL),
(28,'farmacia_auto620c','2026-06-20 00:03:47','2026-06-20 00:03:47',NULL,NULL),
(29,'farmacia_farmatodo','2026-06-21 10:52:45','2026-06-21 10:52:45',NULL,NULL),
(30,'farmacia_mqn','2026-06-30 11:55:22','2026-06-30 11:55:22',NULL,NULL),
(31,'farmacia_adela','2026-07-02 11:24:18','2026-07-02 11:24:18',NULL,NULL);
COMMIT;


