-- Table structure for table `document_payments`
--

CREATE TABLE `document_payments` (
  `id` int(10) unsigned NOT NULL AUTO_INCREMENT,
  `document_id` int(10) unsigned NOT NULL,
  `date_of_payment` date NOT NULL,
  `payment_method_type_id` char(2) NOT NULL,
  `has_card` tinyint(1) NOT NULL DEFAULT 0,
  `card_brand_id` char(2) DEFAULT NULL,
  `reference` varchar(255) DEFAULT NULL,
  `payment_received` tinyint(1) DEFAULT NULL,
  `change` decimal(12,2) DEFAULT NULL,
  `payment` decimal(12,2) NOT NULL,
  PRIMARY KEY (`id`),
  KEY `document_payments_document_id_foreign` (`document_id`),
  KEY `document_payments_card_brand_id_foreign` (`card_brand_id`),
  KEY `document_payments_payment_method_type_id_foreign` (`payment_method_type_id`),
  KEY `document_payments_date_of_payment_index` (`date_of_payment`),
  CONSTRAINT `document_payments_card_brand_id_foreign` FOREIGN KEY (`card_brand_id`) REFERENCES `card_brands` (`id`),
  CONSTRAINT `document_payments_document_id_foreign` FOREIGN KEY (`document_id`) REFERENCES `documents` (`id`) ON DELETE CASCADE,
  CONSTRAINT `document_payments_payment_method_type_id_foreign` FOREIGN KEY (`payment_method_type_id`) REFERENCES `payment_method_types` (`id`)
) ENGINE=InnoDB AUTO_INCREMENT=51 DEFAULT CHARSET=utf8mb4 COLLATE=utf8mb4_unicode_ci;

--
-- Dumping data for table `document_payments`
--

INSERT INTO `document_payments` VALUES
(1,1,'2026-01-19','01',0,NULL,NULL,NULL,NULL,30.00),
(2,2,'2026-01-20','01',0,NULL,NULL,NULL,NULL,25.00),
(3,3,'2026-01-20','01',0,NULL,NULL,NULL,NULL,25.00),
(4,4,'2026-01-20','01',0,NULL,NULL,NULL,NULL,25.00),
(6,6,'2026-01-22','01',0,NULL,NULL,NULL,NULL,200.00),
(7,7,'2026-01-25','01',0,NULL,NULL,NULL,NULL,61.00),
(8,8,'2026-02-07','01',0,NULL,NULL,NULL,NULL,105.00),
(9,9,'2026-02-10','01',0,NULL,NULL,NULL,5.00,200.00),
(10,10,'2026-02-10','01',0,NULL,NULL,NULL,NULL,90.50),
(11,11,'2026-02-11','01',0,NULL,NULL,NULL,NULL,140.00),
(12,12,'2026-02-12','01',0,NULL,NULL,NULL,NULL,140.00),
(13,13,'2026-02-12','01',0,NULL,NULL,NULL,NULL,21.50),
(14,14,'2026-02-16','01',0,NULL,NULL,NULL,2.00,60.00),
(15,15,'2026-02-17','01',0,NULL,NULL,NULL,NULL,13.00),
(16,16,'2026-02-17','01',0,NULL,NULL,NULL,NULL,55.00),
(17,17,'2026-02-23','01',0,NULL,NULL,NULL,NULL,60.00),
(18,18,'2026-02-24','01',0,NULL,NULL,NULL,NULL,60.00),
(19,19,'2026-02-26','01',0,NULL,NULL,NULL,NULL,16.00),
(20,20,'2026-02-26','01',0,NULL,NULL,NULL,NULL,16.00),
(21,21,'2026-03-10','01',0,NULL,NULL,NULL,NULL,60.00),
(22,22,'2026-03-18','01',0,NULL,NULL,NULL,NULL,215.00),
(23,23,'2026-03-18','01',0,NULL,NULL,NULL,NULL,236.00),
(24,24,'2026-03-24','01',0,NULL,NULL,NULL,NULL,106.00),
(25,25,'2026-04-07','01',0,NULL,NULL,NULL,NULL,255.00),
(26,26,'2026-04-19','01',0,NULL,NULL,NULL,NULL,208.00),
(27,27,'2026-04-20','01',0,NULL,NULL,NULL,NULL,12.00),
(28,28,'2026-04-29','01',0,NULL,NULL,NULL,NULL,12.00),
(29,29,'2026-05-02','01',0,NULL,NULL,NULL,NULL,97.00),
(30,30,'2026-05-08','01',0,NULL,NULL,NULL,NULL,85.00),
(31,31,'2026-05-12','01',0,NULL,NULL,1,NULL,201.00),
(32,32,'2026-05-13','01',0,NULL,NULL,NULL,NULL,20.00),
(33,33,'2026-05-13','01',0,NULL,NULL,NULL,NULL,18.00),
(34,34,'2026-05-13','01',0,NULL,NULL,NULL,NULL,149.00),
(35,35,'2026-05-19','01',0,NULL,NULL,NULL,NULL,4.00),
(36,36,'2026-05-19','01',0,NULL,NULL,NULL,NULL,5.00),
(37,37,'2026-05-22','01',0,NULL,NULL,NULL,NULL,100.00),
(38,38,'2026-05-25','01',0,NULL,NULL,NULL,NULL,215.50),
(39,39,'2026-05-31','01',0,NULL,NULL,NULL,42.00,0.00),
(40,39,'2026-05-31','04',0,NULL,NULL,NULL,NULL,40.00),
(41,40,'2026-06-03','01',0,NULL,NULL,NULL,NULL,15.00),
(42,41,'2026-06-05','01',0,NULL,NULL,NULL,NULL,290.00),
(43,42,'2026-06-05','01',0,NULL,NULL,NULL,NULL,573.00),
(44,43,'2026-06-10','01',0,NULL,NULL,NULL,NULL,545.00),
(45,44,'2026-06-11','01',0,NULL,NULL,NULL,NULL,545.00),
(46,45,'2026-06-18','01',0,NULL,NULL,NULL,NULL,400.00),
(47,46,'2026-06-18','01',0,NULL,NULL,NULL,NULL,2.50),
(48,47,'2026-06-19','01',0,NULL,NULL,NULL,NULL,400.00),
(49,48,'2026-06-20','01',0,NULL,NULL,NULL,NULL,50.00),
(50,49,'2026-06-24','01',0,NULL,NULL,NULL,NULL,38.00);
COMMIT;

--
-- Table structure for table `document_transports`
--

CREATE TABLE `document_transports` (
  `id` int(10) unsigned NOT NULL AUTO_INCREMENT,
  `document_id` int(10) unsigned NOT NULL,
  `seat_number` varchar(255) NOT NULL,
  `passenger_manifest` varchar(255) NOT NULL,
  `identity_document_type_id` varchar(255) NOT NULL,
  `number_identity_document` varchar(255) NOT NULL,
  `passenger_fullname` varchar(255) NOT NULL,
  `origin_district_id` longtext CHARACTER SET utf8mb4 COLLATE utf8mb4_bin NOT NULL,
  `origin_address` varchar(255) DEFAULT NULL,
  `destinatation_district_id` longtext CHARACTER SET utf8mb4 COLLATE utf8mb4_bin NOT NULL,
  `destinatation_address` varchar(255) DEFAULT NULL,
  `start_date` date DEFAULT NULL,
  `start_time` time DEFAULT NULL,
  `created_at` timestamp NULL DEFAULT NULL,
  `updated_at` timestamp NULL DEFAULT NULL,
  PRIMARY KEY (`id`),
  KEY `document_transports_document_id_foreign` (`document_id`),
  KEY `document_transports_identity_document_type_id_foreign` (`identity_document_type_id`),
  CONSTRAINT `document_transports_document_id_foreign` FOREIGN KEY (`document_id`) REFERENCES `documents` (`id`) ON DELETE CASCADE,
  CONSTRAINT `document_transports_identity_document_type_id_foreign` FOREIGN KEY (`identity_document_type_id`) REFERENCES `cat_identity_document_types` (`id`)
) ENGINE=InnoDB DEFAULT CHARSET=utf8mb4 COLLATE=utf8mb4_unicode_ci;

--
-- Dumping data for table `document_transports`
--

COMMIT;

--
-- Table structure for table `documentary_actions`
--

CREATE TABLE `documentary_actions` (
  `id` int(10) unsigned NOT NULL AUTO_INCREMENT,
  `name` varchar(50) NOT NULL,
  `description` varchar(250) DEFAULT NULL,
  `active` tinyint(1) NOT NULL DEFAULT 1,
  `created_at` timestamp NULL DEFAULT NULL,
  `updated_at` timestamp NULL DEFAULT NULL,
  PRIMARY KEY (`id`)
) ENGINE=InnoDB DEFAULT CHARSET=utf8mb4 COLLATE=utf8mb4_unicode_ci;

--
-- Dumping data for table `documentary_actions`
--

COMMIT;

--
-- Table structure for table `documentary_documents`
--

CREATE TABLE `documentary_documents` (
  `id` int(10) unsigned NOT NULL AUTO_INCREMENT,
  `name` varchar(50) NOT NULL,
  `description` varchar(250) DEFAULT NULL,
  `active` tinyint(1) NOT NULL DEFAULT 1,
  `created_at` timestamp NULL DEFAULT NULL,
  `updated_at` timestamp NULL DEFAULT NULL,
  PRIMARY KEY (`id`)
) ENGINE=InnoDB DEFAULT CHARSET=utf8mb4 COLLATE=utf8mb4_unicode_ci;

--
-- Dumping data for table `documentary_documents`
--

COMMIT;

--
-- Table structure for table `documentary_file_offices`
--

CREATE TABLE `documentary_file_offices` (
  `id` int(10) unsigned NOT NULL AUTO_INCREMENT,
  `documentary_file_id` int(10) unsigned NOT NULL,
  `documentary_office_id` int(10) unsigned NOT NULL,
  `documentary_action_id` int(10) unsigned NOT NULL DEFAULT 0,
  `status` enum('POR DERIVAR','POR RECIBIR','EN PROCESO','FINALIZADO','ARCHIVADO') NOT NULL DEFAULT 'POR DERIVAR',
  `created_at` timestamp NULL DEFAULT NULL,
  `updated_at` timestamp NULL DEFAULT NULL,
  `office_name` longtext DEFAULT NULL COMMENT 'Nombre de la etapa',
  `process_name` longtext DEFAULT NULL COMMENT 'Nombre del tramite',
  `documentary_process_id` int(10) unsigned NOT NULL DEFAULT 0 COMMENT 'Tramite relacionado',
  `complete` int(11) NOT NULL DEFAULT 0 COMMENT 'Define si la etapa esta completa',
  `start_date` datetime DEFAULT NULL COMMENT 'Fecha de inicio',
  `end_date` datetime DEFAULT NULL COMMENT 'Fecha de finalizacion',
  `days` int(10) unsigned DEFAULT 0 COMMENT 'dias para el tramite',
  `observation` int(11) NOT NULL,
  PRIMARY KEY (`id`),
  KEY `documentary_file_offices_documentary_file_id_foreign` (`documentary_file_id`),
  KEY `documentary_file_offices_documentary_office_id_foreign` (`documentary_office_id`),
  KEY `documentary_file_offices_documentary_action_id_foreign` (`documentary_action_id`)
) ENGINE=InnoDB DEFAULT CHARSET=utf8mb4 COLLATE=utf8mb4_unicode_ci;

--
-- Dumping data for table `documentary_file_offices`
--

COMMIT;

--
-- Table structure for table `documentary_files`
--

CREATE TABLE `documentary_files` (
  `id` int(10) unsigned NOT NULL AUTO_INCREMENT,
  `user_id` int(10) unsigned DEFAULT NULL,
  `documentary_document_id` int(10) unsigned DEFAULT 0,
  `documentary_process_id` int(10) unsigned NOT NULL,
  `number` mediumtext DEFAULT NULL,
  `year` int(10) unsigned NOT NULL,
  `invoice` longtext NOT NULL,
  `date_register` varchar(10) NOT NULL,
  `time_register` varchar(8) NOT NULL,
  `person_id` int(10) unsigned NOT NULL,
  `sender` longtext DEFAULT NULL,
  `subject` longtext DEFAULT NULL,
  `attached_file` longtext DEFAULT NULL,
  `observation` text DEFAULT NULL,
  `status` enum('RECIBIDO','DERIVADO','FINALIZADO','ARCHIVADO') NOT NULL DEFAULT 'RECIBIDO',
  `documentary_office_id` int(10) unsigned NOT NULL DEFAULT 0 COMMENT 'Define el ultimo proceso',
  `created_at` timestamp NULL DEFAULT NULL,
  `updated_at` timestamp NULL DEFAULT NULL,
  `requirements` longtext DEFAULT NULL,
  `is_archive` tinyint(3) unsigned NOT NULL DEFAULT 0 COMMENT 'define si el tramite es simplificado',
  `is_simplify` tinyint(3) unsigned NOT NULL DEFAULT 0 COMMENT 'define si el tramite es simplificado',
  `documentary_guides_number_status_id` int(10) unsigned NOT NULL DEFAULT 0 COMMENT 'Cuando es simplificado, se usará este status',
  `is_completed` tinyint(1) NOT NULL DEFAULT 0,
  `establishment_id` int(10) unsigned NOT NULL DEFAULT 0,
  `date_end` datetime DEFAULT NULL COMMENT 'Fecha de finalización',
  PRIMARY KEY (`id`),
  KEY `documentary_files_documentary_document_id_foreign` (`documentary_document_id`),
  KEY `documentary_files_documentary_process_id_foreign` (`documentary_process_id`),
  KEY `documentary_files_person_id_foreign` (`person_id`),
  KEY `documentary_files_user_id_foreign` (`user_id`),
  CONSTRAINT `documentary_files_documentary_process_id_foreign` FOREIGN KEY (`documentary_process_id`) REFERENCES `documentary_processes` (`id`) ON DELETE CASCADE,
  CONSTRAINT `documentary_files_person_id_foreign` FOREIGN KEY (`person_id`) REFERENCES `persons` (`id`) ON DELETE CASCADE,
  CONSTRAINT `documentary_files_user_id_foreign` FOREIGN KEY (`user_id`) REFERENCES `users` (`id`) ON DELETE CASCADE
) ENGINE=InnoDB DEFAULT CHARSET=utf8mb4 COLLATE=utf8mb4_unicode_ci;

--
-- Dumping data for table `documentary_files`
--

COMMIT;

--
-- Table structure for table `documentary_files_archives`
--

CREATE TABLE `documentary_files_archives` (
  `id` int(10) unsigned NOT NULL AUTO_INCREMENT,
  `user_id` int(10) unsigned NOT NULL DEFAULT 0 COMMENT 'usuario asociado',
  `documentary_file_id` int(10) unsigned NOT NULL DEFAULT 0 COMMENT 'Solicitud asociada',
  `documentary_office_id` int(10) unsigned NOT NULL DEFAULT 0 COMMENT 'etapa asociada',
  `observation` longtext DEFAULT NULL COMMENT 'observacion',
  `attached_file` longtext DEFAULT NULL COMMENT 'etapa asociada',
  `created_at` timestamp NULL DEFAULT NULL,
  `updated_at` timestamp NULL DEFAULT NULL,
  `documentary_guides_number_id` int(10) unsigned NOT NULL DEFAULT 0,
  PRIMARY KEY (`id`)
) ENGINE=InnoDB DEFAULT CHARSET=utf8mb4 COLLATE=utf8mb4_unicode_ci;

--
-- Dumping data for table `documentary_files_archives`
--

COMMIT;

--
-- Table structure for table `documentary_files_requirements`
--

CREATE TABLE `documentary_files_requirements` (
  `id` int(10) unsigned NOT NULL AUTO_INCREMENT,
  `name` longtext DEFAULT NULL COMMENT 'Nombre a mostrar',
  `file` tinyint(3) unsigned NOT NULL DEFAULT 0 COMMENT 'Define si tiene archivo',
  `created_at` timestamp NULL DEFAULT NULL,
  `updated_at` timestamp NULL DEFAULT NULL,
  PRIMARY KEY (`id`)
) ENGINE=InnoDB DEFAULT CHARSET=utf8mb4 COLLATE=utf8mb4_unicode_ci;

--
-- Dumping data for table `documentary_files_requirements`
--

COMMIT;

--
-- Table structure for table `documentary_guides_number`
--

CREATE TABLE `documentary_guides_number` (
  `id` int(10) unsigned NOT NULL AUTO_INCREMENT,
  `doc_file_id` int(10) unsigned DEFAULT 0 COMMENT 'Expediente relacionado',
  `doc_office_id` int(10) unsigned DEFAULT 0 COMMENT 'Etapa observada',
  `guide` longtext DEFAULT NULL COMMENT 'Especifica la guia',
  `origin` longtext DEFAULT NULL COMMENT 'Especifica la instucion',
  `created_at` timestamp NULL DEFAULT NULL,
  `updated_at` timestamp NULL DEFAULT NULL,
  `date_of_due` datetime DEFAULT NULL,
  `observation` longtext DEFAULT NULL,
  `description` longtext DEFAULT NULL,
  `date_take` datetime DEFAULT NULL COMMENT 'Fecha estimada de finalización',
  `date_end` datetime DEFAULT NULL COMMENT 'Fecha de finalización',
  `documentary_guides_number_status_id` int(10) unsigned DEFAULT 0 COMMENT 'relacionado con documentary_guides_number_status',
  `user_id` int(10) unsigned NOT NULL DEFAULT 0 COMMENT 'Responsable',
  `total_day` int(10) unsigned DEFAULT 1,
  PRIMARY KEY (`id`)
) ENGINE=InnoDB DEFAULT CHARSET=utf8mb4 COLLATE=utf8mb4_unicode_ci;

--
-- Dumping data for table `documentary_guides_number`
--

COMMIT;

--
-- Table structure for table `documentary_guides_number_status`
--

CREATE TABLE `documentary_guides_number_status` (
  `id` int(10) unsigned NOT NULL AUTO_INCREMENT,
  `name` varchar(255) NOT NULL,
  `color` varchar(255) DEFAULT NULL,
  PRIMARY KEY (`id`)
) ENGINE=InnoDB AUTO_INCREMENT=5 DEFAULT CHARSET=utf8mb4 COLLATE=utf8mb4_unicode_ci;

--
-- Dumping data for table `documentary_guides_number_status`
--

INSERT INTO `documentary_guides_number_status` VALUES
(1,'En Calificación',NULL),
(2,'Concluidos',NULL),
(3,'Observados',NULL),
(4,'Archivados',NULL);
COMMIT;

--
-- Table structure for table `documentary_observation`
--

CREATE TABLE `documentary_observation` (
  `id` int(10) unsigned NOT NULL AUTO_INCREMENT,
  `doc_file_id` int(10) unsigned DEFAULT 0 COMMENT 'Expediente relacionado',
  `observation` longtext DEFAULT NULL COMMENT 'Conjunto de etapas.',
  `created_at` timestamp NULL DEFAULT NULL,
  `updated_at` timestamp NULL DEFAULT NULL,
  PRIMARY KEY (`id`)
) ENGINE=InnoDB DEFAULT CHARSET=utf8mb4 COLLATE=utf8mb4_unicode_ci;

--
-- Dumping data for table `documentary_observation`
--

COMMIT;

--
-- Table structure for table `documentary_offices`
--

CREATE TABLE `documentary_offices` (
  `id` int(10) unsigned NOT NULL AUTO_INCREMENT,
  `name` varchar(50) NOT NULL,
  `description` varchar(250) DEFAULT NULL,
  `active` tinyint(1) NOT NULL DEFAULT 1,
  `created_at` timestamp NULL DEFAULT NULL,
  `updated_at` timestamp NULL DEFAULT NULL,
  `days` mediumint(8) unsigned NOT NULL DEFAULT 0,
  `default` tinyint(3) unsigned NOT NULL DEFAULT 0,
  `color` varchar(255) DEFAULT NULL,
  PRIMARY KEY (`id`)
) ENGINE=InnoDB AUTO_INCREMENT=5 DEFAULT CHARSET=utf8mb4 COLLATE=utf8mb4_unicode_ci;

--
-- Dumping data for table `documentary_offices`
--

INSERT INTO `documentary_offices` VALUES
(1,'Caja','',1,'2025-12-27 23:33:45','2025-12-27 23:33:45',0,0,NULL),
(2,'Procesos','',1,'2025-12-27 23:33:45','2025-12-27 23:33:45',0,0,NULL),
(3,'Seguimiento','',1,'2025-12-27 23:33:45','2025-12-27 23:33:45',0,0,NULL),
(4,'Validacion','',1,'2025-12-27 23:33:45','2025-12-27 23:33:45',0,0,NULL);
COMMIT;

--
-- Table structure for table `documentary_processes`
--

CREATE TABLE `documentary_processes` (
  `id` int(10) unsigned NOT NULL AUTO_INCREMENT,
  `name` text NOT NULL,
  `description` text DEFAULT NULL,
  `price` decimal(10,5) NOT NULL DEFAULT 0.00000,
  `active` tinyint(1) NOT NULL DEFAULT 1,
  `created_at` timestamp NULL DEFAULT NULL,
  `updated_at` timestamp NULL DEFAULT NULL,
  `documentary_offices` longtext DEFAULT NULL COMMENT 'etapas que contiene',
  `documentary_offices_order` longtext DEFAULT NULL,
  PRIMARY KEY (`id`)
) ENGINE=InnoDB DEFAULT CHARSET=utf8mb4 COLLATE=utf8mb4_unicode_ci;

--
-- Dumping data for table `documentary_processes`
--

COMMIT;

--
-- Table structure for table `documentary_processes_rel_file`
--

CREATE TABLE `documentary_processes_rel_file` (
  `id` int(10) unsigned NOT NULL AUTO_INCREMENT,
  `doc_processes_id` int(10) unsigned DEFAULT 0 COMMENT 'Requerimiento relacionado',
  `doc_file_id` int(10) unsigned DEFAULT 0 COMMENT 'Expediente relacionado',
  `doc_office_id` int(10) unsigned DEFAULT 0 COMMENT 'Etapa actual',
  `stages` longtext DEFAULT NULL COMMENT 'Conjunto de etapas.',
  `complete` tinyint(3) unsigned NOT NULL DEFAULT 0 COMMENT 'Define si se ha completado',
  `created_at` timestamp NULL DEFAULT NULL,
  `updated_at` timestamp NULL DEFAULT NULL,
  PRIMARY KEY (`id`)
) ENGINE=InnoDB DEFAULT CHARSET=utf8mb4 COLLATE=utf8mb4_unicode_ci;

--
-- Dumping data for table `documentary_processes_rel_file`
--

COMMIT;

--
-- Table structure for table `documentary_processes_rel_off`
--

CREATE TABLE `documentary_processes_rel_off` (
  `id` int(10) unsigned NOT NULL AUTO_INCREMENT,
  `doc_processes_id` int(10) unsigned DEFAULT 0 COMMENT 'Requerimiento relacionado',
  `doc_offices_id` int(10) unsigned DEFAULT 0 COMMENT 'Proceso relacionado',
  `active` tinyint(3) unsigned NOT NULL DEFAULT 0 COMMENT 'Status de la relacion',
  `order` int(10) unsigned DEFAULT 1 COMMENT 'Establece el orden del proceso',
  `created_at` timestamp NULL DEFAULT NULL,
  `updated_at` timestamp NULL DEFAULT NULL,
  PRIMARY KEY (`id`)
) ENGINE=InnoDB DEFAULT CHARSET=utf8mb4 COLLATE=utf8mb4_unicode_ci;

--
-- Dumping data for table `documentary_processes_rel_off`
--

COMMIT;

--
-- Table structure for table `documentary_processes_rel_req`
--

CREATE TABLE `documentary_processes_rel_req` (
  `id` int(10) unsigned NOT NULL AUTO_INCREMENT,
  `doc_processes_id` int(10) unsigned DEFAULT 0 COMMENT 'Requerimiento relacionado',
  `doc_files_requirements_id` int(10) unsigned DEFAULT 0 COMMENT 'Proceso relacionado',
  `active` tinyint(3) unsigned NOT NULL DEFAULT 0 COMMENT 'Status de la relacion',
  `created_at` timestamp NULL DEFAULT NULL,
  `updated_at` timestamp NULL DEFAULT NULL,
  PRIMARY KEY (`id`)
) ENGINE=InnoDB DEFAULT CHARSET=utf8mb4 COLLATE=utf8mb4_unicode_ci;

--
-- Dumping data for table `documentary_processes_rel_req`
--

COMMIT;

--
-- Dumping data for table `documents`
--

COMMIT;

--
-- Table structure for table `download_tray`
--

CREATE TABLE `download_tray` (
  `id` int(10) unsigned NOT NULL AUTO_INCREMENT,
  `user_id` int(10) unsigned DEFAULT NULL,
  `module` varchar(255) NOT NULL,
  `format` varchar(255) NOT NULL,
  `path` varchar(255) DEFAULT NULL,
  `file_name` varchar(255) DEFAULT NULL,
  `type` varchar(255) DEFAULT NULL,
  `status` varchar(255) NOT NULL DEFAULT 'IN_PROCESS',
  `date_init` datetime DEFAULT NULL,
  `date_end` datetime DEFAULT NULL,
  `payload_request` text DEFAULT NULL,
  `created_at` timestamp NULL DEFAULT NULL,
  `updated_at` timestamp NULL DEFAULT NULL,
  PRIMARY KEY (`id`),
  KEY `download_tray_user_id_foreign` (`user_id`),
  CONSTRAINT `download_tray_user_id_foreign` FOREIGN KEY (`user_id`) REFERENCES `users` (`id`)
) ENGINE=InnoDB DEFAULT CHARSET=utf8mb4 COLLATE=utf8mb4_unicode_ci;

--
-- Dumping data for table `download_tray`
--

COMMIT;

--
-- Table structure for table `drivers`
--

CREATE TABLE `drivers` (
  `id` int(10) unsigned NOT NULL AUTO_INCREMENT,
  `identity_document_type_id` varchar(255) NOT NULL,
  `number` varchar(255) NOT NULL,
  `name` varchar(255) NOT NULL,
  `license` varchar(255) NOT NULL,
  `telephone` varchar(255) DEFAULT NULL,
  `is_default` tinyint(1) NOT NULL DEFAULT 0,
  `is_active` tinyint(1) NOT NULL DEFAULT 1,
  `created_at` timestamp NULL DEFAULT NULL,
  `updated_at` timestamp NULL DEFAULT NULL,
  PRIMARY KEY (`id`),
  KEY `drivers_identity_document_type_id_foreign` (`identity_document_type_id`),
  KEY `drivers_number_index` (`number`),
  KEY `drivers_name_index` (`name`),
  CONSTRAINT `drivers_identity_document_type_id_foreign` FOREIGN KEY (`identity_document_type_id`) REFERENCES `cat_identity_document_types` (`id`)
) ENGINE=InnoDB DEFAULT CHARSET=utf8mb4 COLLATE=utf8mb4_unicode_ci;

--
-- Dumping data for table `drivers`
--

COMMIT;

--
-- Table structure for table `email_send_log`
--

CREATE TABLE `email_send_log` (
  `id` int(10) unsigned NOT NULL AUTO_INCREMENT,
  `relation_id` int(10) unsigned DEFAULT 0 COMMENT 'Id de modelo',
  `type` int(10) unsigned DEFAULT 0 COMMENT 'Tipo de relacion',
  `relation_model` longtext DEFAULT NULL COMMENT 'Modelo a relacion',
  `file_line` longtext DEFAULT NULL COMMENT 'Archivo qu elo llama',
  `sendit` tinyint(3) unsigned DEFAULT 1 COMMENT 'Booleano para envio de correo',
  `email` text DEFAULT NULL COMMENT 'Correo de destino',
  `created_at` timestamp NULL DEFAULT NULL,
  `updated_at` timestamp NULL DEFAULT NULL,
  PRIMARY KEY (`id`)
) ENGINE=InnoDB AUTO_INCREMENT=2 DEFAULT CHARSET=utf8mb4 COLLATE=utf8mb4_unicode_ci;

--
-- Dumping data for table `email_send_log`
--

INSERT INTO `email_send_log` VALUES
(1,6,0,'App\\Models\\Tenant\\Document',NULL,0,'edu.san.cru21@gmail.com','2026-01-22 15:38:11','2026-01-22 15:38:11');
COMMIT;

--
-- Table structure for table `enter_permissions`
--

CREATE TABLE `enter_permissions` (
  `id` int(10) unsigned NOT NULL AUTO_INCREMENT,
  `permission` varchar(255) NOT NULL,
  `created_at` timestamp NULL DEFAULT NULL,
  `updated_at` timestamp NULL DEFAULT NULL,
  PRIMARY KEY (`id`)
) ENGINE=InnoDB AUTO_INCREMENT=6 DEFAULT CHARSET=utf8mb4 COLLATE=utf8mb4_unicode_ci;

--
-- Dumping data for table `enter_permissions`
--

INSERT INTO `enter_permissions` VALUES
(1,'POS.CajaChica.Reportes','2025-12-27 23:33:49','2025-12-27 23:33:49'),
(2,'POS.PuntoVenta.StockMinimo','2025-12-27 23:33:49','2025-12-27 23:33:49'),
(3,'POS.PuntoVenta.Ubicacion','2025-12-27 23:33:49','2025-12-27 23:33:49'),
(4,'POS.PuntoVenta.AplicarDescuento','2025-12-27 23:33:51','2025-12-27 23:33:51'),
(5,'POS.PuntoVenta.PrincipioActivo','2026-06-10 20:17:49','2026-06-10 20:17:49');
COMMIT;

--
-- Table structure for table `enter_permissions_users`
--

CREATE TABLE `enter_permissions_users` (
  `id` int(10) unsigned NOT NULL AUTO_INCREMENT,
  `user_id` int(10) unsigned NOT NULL,
  `permission_id` int(10) unsigned NOT NULL,
  `created_at` timestamp NULL DEFAULT NULL,
  `updated_at` timestamp NULL DEFAULT NULL,
  PRIMARY KEY (`id`)
) ENGINE=InnoDB AUTO_INCREMENT=12 DEFAULT CHARSET=utf8mb4 COLLATE=utf8mb4_unicode_ci;

--
-- Dumping data for table `enter_permissions_users`
--

INSERT INTO `enter_permissions_users` VALUES
(1,1,1,'2025-12-27 23:33:53','2025-12-27 23:33:53'),
(4,1,4,'2025-12-27 23:33:53','2025-12-27 23:33:53'),
(5,2,1,NULL,NULL),
(6,2,2,NULL,NULL),
(8,2,4,NULL,NULL),
(10,2,3,NULL,NULL);
COMMIT;

--
-- Dumping data for table `establishments`
--

COMMIT;

--
-- Table structure for table `exchange_rates`
--

CREATE TABLE `exchange_rates` (
  `date` date NOT NULL,
  `sale_original` decimal(13,3) NOT NULL,
  `purchase_original` decimal(13,3) NOT NULL,
  `purchase` decimal(13,3) NOT NULL,
  `sale` decimal(13,3) NOT NULL,
  `date_original` date NOT NULL,
  `created_at` timestamp NULL DEFAULT NULL,
  `updated_at` timestamp NULL DEFAULT NULL,
  PRIMARY KEY (`date`)
) ENGINE=InnoDB DEFAULT CHARSET=utf8mb4 COLLATE=utf8mb4_unicode_ci;

--
-- Dumping data for table `exchange_rates`
--

INSERT INTO `exchange_rates` VALUES
('2026-01-17',3.363,3.354,3.354,3.363,'2026-01-16','2026-01-17 18:34:02','2026-01-17 18:34:02'),
('2026-01-19',3.363,3.354,3.354,3.363,'2026-01-16','2026-01-19 11:42:20','2026-01-19 11:42:20'),
('2026-01-20',3.366,3.353,3.353,3.366,'2026-01-19','2026-01-20 10:38:07','2026-01-20 10:38:07'),
('2026-01-21',3.363,3.353,3.353,3.363,'2026-01-20','2026-01-21 09:50:12','2026-01-21 09:50:12'),
('2026-01-22',3.359,3.353,3.353,3.359,'2026-01-21','2026-01-22 08:32:08','2026-01-22 08:32:08'),
('2026-01-23',3.360,3.352,3.352,3.360,'2026-01-22','2026-01-23 08:18:05','2026-01-23 08:18:05'),
('2026-01-24',3.359,3.349,3.349,3.359,'2026-01-23','2026-01-24 10:02:27','2026-01-24 10:02:27'),
('2026-01-25',3.359,3.349,3.349,3.359,'2026-01-23','2026-01-25 11:04:09','2026-01-25 11:04:09'),
('2026-01-26',3.359,3.349,3.349,3.359,'2026-01-23','2026-01-26 08:14:29','2026-01-26 08:14:29'),
('2026-02-01',3.355,3.350,3.350,3.355,'2026-01-29','2026-02-01 10:41:07','2026-02-01 10:41:07'),
('2026-02-05',3.364,3.356,3.356,3.364,'2026-02-04','2026-02-05 17:25:51','2026-02-05 17:25:51'),
('2026-02-06',3.368,3.363,3.363,3.368,'2026-02-05','2026-02-06 16:36:08','2026-02-06 16:36:08'),
('2026-02-07',3.363,3.355,3.355,3.363,'2026-02-06','2026-02-07 09:36:12','2026-02-07 09:36:12'),
('2026-02-09',3.363,3.355,3.355,3.363,'2026-02-06','2026-02-09 09:03:48','2026-02-09 09:03:48'),
('2026-02-10',3.363,3.351,3.351,3.363,'2026-02-09','2026-02-10 12:04:23','2026-02-10 12:04:23'),
('2026-02-11',3.362,3.353,3.353,3.362,'2026-02-10','2026-02-11 08:08:11','2026-02-11 08:08:11'),
('2026-02-12',3.363,3.352,3.352,3.363,'2026-02-11','2026-02-12 11:49:19','2026-02-12 11:49:19'),
('2026-02-13',3.358,3.351,3.351,3.358,'2026-02-12','2026-02-13 07:58:05','2026-02-13 07:58:05'),
('2026-02-14',3.358,3.348,3.348,3.358,'2026-02-13','2026-02-14 07:51:37','2026-02-14 07:51:37'),
('2026-02-16',3.358,3.348,3.348,3.358,'2026-02-13','2026-02-16 09:11:14','2026-02-16 09:11:14'),
('2026-02-17',3.356,3.344,3.344,3.356,'2026-02-16','2026-02-17 10:22:00','2026-02-17 10:22:00'),
('2026-02-18',3.348,3.344,3.344,3.348,'2026-02-17','2026-02-18 14:05:41','2026-02-18 14:05:41'),
('2026-02-23',3.360,3.353,3.353,3.360,'2026-02-20','2026-02-23 14:22:44','2026-02-23 14:22:44'),
('2026-02-24',3.362,3.352,3.352,3.362,'2026-02-23','2026-02-24 15:26:55','2026-02-24 15:26:55'),
('2026-02-26',3.363,3.353,3.353,3.363,'2026-02-25','2026-02-26 20:40:07','2026-02-26 20:40:07'),
('2026-02-27',3.360,3.353,3.353,3.360,'2026-02-26','2026-02-27 09:20:31','2026-02-27 09:20:31'),
('2026-02-28',3.361,3.350,3.350,3.361,'2026-02-27','2026-02-28 09:25:18','2026-02-28 09:25:18'),
('2026-03-03',3.368,3.359,3.359,3.368,'2026-03-02','2026-03-03 12:18:19','2026-03-03 12:18:19'),
('2026-03-04',3.408,3.403,3.403,3.408,'2026-03-03','2026-03-04 17:20:10','2026-03-04 17:20:10'),
('2026-03-09',3.479,3.467,3.467,3.479,'2026-03-06','2026-03-09 11:13:47','2026-03-09 11:13:47'),
('2026-03-10',3.493,3.482,3.482,3.493,'2026-03-09','2026-03-10 17:28:37','2026-03-10 17:28:37'),
('2026-03-11',3.451,3.434,3.434,3.451,'2026-03-10','2026-03-11 02:16:24','2026-03-11 02:16:24'),
('2026-03-12',3.427,3.419,3.419,3.427,'2026-03-11','2026-03-12 18:18:19','2026-03-12 18:18:19'),
('2026-03-13',3.449,3.440,3.440,3.449,'2026-03-12','2026-03-13 16:52:44','2026-03-13 16:52:44'),
('2026-03-17',3.439,3.425,3.425,3.439,'2026-03-16','2026-03-17 17:56:52','2026-03-17 17:56:52'),
('2026-03-18',3.417,3.408,3.408,3.417,'2026-03-17','2026-03-18 14:29:17','2026-03-18 14:29:17'),
('2026-03-24',3.468,3.448,3.448,3.468,'2026-03-23','2026-03-24 21:04:08','2026-03-24 21:04:08'),
('2026-04-07',3.449,3.426,3.426,3.449,'2026-04-06','2026-04-07 13:03:22','2026-04-07 13:03:22'),
('2026-04-18',3.442,3.435,3.435,3.442,'2026-04-17','2026-04-18 15:28:17','2026-04-18 15:28:17'),
('2026-04-19',3.442,3.435,3.435,3.442,'2026-04-17','2026-04-19 12:55:43','2026-04-19 12:55:43'),
('2026-04-20',3.442,3.435,3.435,3.442,'2026-04-17','2026-04-20 14:54:17','2026-04-20 14:54:17'),
('2026-04-25',3.478,3.467,3.467,3.478,'2026-04-24','2026-04-25 15:06:56','2026-04-25 15:06:56'),
('2026-04-29',3.519,3.513,3.513,3.519,'2026-04-28','2026-04-29 10:32:43','2026-04-29 10:32:43'),
('2026-05-02',3.521,3.512,3.512,3.521,'2026-04-30','2026-05-02 14:34:01','2026-05-02 14:34:01'),
('2026-05-06',3.498,3.491,3.491,3.498,'2026-05-05','2026-05-06 15:57:14','2026-05-06 15:57:14'),
('2026-05-08',3.461,3.456,3.456,3.461,'2026-05-07','2026-05-08 20:12:34','2026-05-08 20:12:34'),
('2026-05-12',3.440,3.428,3.428,3.440,'2026-05-11','2026-05-12 18:20:22','2026-05-12 18:20:22'),
('2026-05-13',3.434,3.428,3.428,3.434,'2026-05-12','2026-05-13 11:22:22','2026-05-13 11:22:22'),
('2026-05-19',3.439,3.429,3.429,3.439,'2026-05-18','2026-05-19 14:52:37','2026-05-19 14:52:37'),
('2026-05-20',3.431,3.424,3.424,3.431,'2026-05-19','2026-05-20 00:38:55','2026-05-20 00:38:55'),
('2026-05-21',3.414,3.408,3.408,3.414,'2026-05-20','2026-05-21 07:57:35','2026-05-21 07:57:35'),
('2026-05-22',3.418,3.411,3.411,3.418,'2026-05-21','2026-05-22 14:27:28','2026-05-22 14:27:28'),
('2026-05-25',3.421,3.413,3.413,3.421,'2026-05-22','2026-05-25 11:33:25','2026-05-25 11:33:25'),
('2026-05-31',3.417,3.412,3.412,3.417,'2026-05-29','2026-05-31 14:27:04','2026-05-31 14:27:04'),
('2026-06-03',3.414,3.407,3.407,3.414,'2026-06-02','2026-06-03 17:51:31','2026-06-03 17:51:31'),
('2026-06-05',3.418,3.412,3.412,3.418,'2026-06-04','2026-06-05 14:32:28','2026-06-05 14:32:28'),
('2026-06-08',3.443,3.442,3.442,3.443,'2026-06-05','2026-06-08 16:28:27','2026-06-08 16:28:27'),
('2026-06-10',3.375,3.372,3.372,3.375,'2026-06-09','2026-06-10 10:21:34','2026-06-10 10:21:34'),
('2026-06-11',3.402,3.400,3.400,3.402,'2026-06-10','2026-06-11 08:49:01','2026-06-11 08:49:01'),
('2026-06-13',3.389,3.383,3.383,3.389,'2026-06-12','2026-06-13 12:37:18','2026-06-13 12:37:18'),
('2026-06-18',3.384,3.378,3.378,3.384,'2026-06-17','2026-06-18 20:34:22','2026-06-18 20:34:22'),
('2026-06-19',3.388,3.381,3.381,3.388,'2026-06-18','2026-06-19 18:06:04','2026-06-19 18:06:04'),
('2026-06-20',3.386,3.377,3.377,3.386,'2026-06-19','2026-06-20 14:34:41','2026-06-20 14:34:41'),
('2026-06-21',3.386,3.377,3.377,3.386,'2026-06-19','2026-06-21 18:43:57','2026-06-21 18:43:57'),
('2026-06-24',3.410,3.401,3.401,3.410,'2026-06-23','2026-06-24 11:26:57','2026-06-24 11:26:57');
COMMIT;

--
-- Table structure for table `expense_items`
--

CREATE TABLE `expense_items` (
  `id` int(10) unsigned NOT NULL AUTO_INCREMENT,
  `expense_id` int(10) unsigned NOT NULL,
  `description` varchar(255) NOT NULL,
  `total` decimal(12,2) NOT NULL,
  PRIMARY KEY (`id`),
  KEY `expense_items_expense_id_foreign` (`expense_id`),
  CONSTRAINT `expense_items_expense_id_foreign` FOREIGN KEY (`expense_id`) REFERENCES `expenses` (`id`) ON DELETE CASCADE
) ENGINE=InnoDB DEFAULT CHARSET=utf8mb4 COLLATE=utf8mb4_unicode_ci;

--
-- Dumping data for table `expense_items`
--

COMMIT;

--
-- Table structure for table `expense_method_types`
--

CREATE TABLE `expense_method_types` (
  `id` int(10) unsigned NOT NULL AUTO_INCREMENT,
  `description` varchar(255) NOT NULL,
  `has_card` tinyint(1) NOT NULL DEFAULT 0,
  PRIMARY KEY (`id`)
) ENGINE=InnoDB AUTO_INCREMENT=4 DEFAULT CHARSET=utf8mb4 COLLATE=utf8mb4_unicode_ci;

--
-- Dumping data for table `expense_method_types`
--

INSERT INTO `expense_method_types` VALUES
(1,'CAJA GENERAL',0),
(2,'Tarjeta de crédito',1),
(3,'Tarjeta de débito',1);
COMMIT;

--
-- Table structure for table `expense_payments`
--

CREATE TABLE `expense_payments` (
  `id` int(10) unsigned NOT NULL AUTO_INCREMENT,
  `expense_id` int(10) unsigned NOT NULL,
  `date_of_payment` date NOT NULL,
  `expense_method_type_id` int(10) unsigned NOT NULL,
  `has_card` tinyint(1) NOT NULL DEFAULT 0,
  `card_brand_id` char(2) DEFAULT NULL,
  `reference` varchar(255) DEFAULT NULL,
  `payment` decimal(12,2) NOT NULL,
  PRIMARY KEY (`id`),
  KEY `expense_payments_expense_id_foreign` (`expense_id`),
  KEY `expense_payments_card_brand_id_foreign` (`card_brand_id`),
  KEY `expense_payments_expense_method_type_id_foreign` (`expense_method_type_id`),
  KEY `expense_payments_date_of_payment_index` (`date_of_payment`),
  CONSTRAINT `expense_payments_card_brand_id_foreign` FOREIGN KEY (`card_brand_id`) REFERENCES `card_brands` (`id`),
  CONSTRAINT `expense_payments_expense_id_foreign` FOREIGN KEY (`expense_id`) REFERENCES `expenses` (`id`) ON DELETE CASCADE,
  CONSTRAINT `expense_payments_expense_method_type_id_foreign` FOREIGN KEY (`expense_method_type_id`) REFERENCES `expense_method_types` (`id`)
) ENGINE=InnoDB DEFAULT CHARSET=utf8mb4 COLLATE=utf8mb4_unicode_ci;

--
-- Dumping data for table `expense_payments`
--

COMMIT;

--
-- Table structure for table `expense_reasons`
--

CREATE TABLE `expense_reasons` (
  `id` int(10) unsigned NOT NULL AUTO_INCREMENT,
  `description` varchar(255) NOT NULL,
  PRIMARY KEY (`id`)
) ENGINE=InnoDB AUTO_INCREMENT=4 DEFAULT CHARSET=utf8mb4 COLLATE=utf8mb4_unicode_ci;

--
-- Dumping data for table `expense_reasons`
--

INSERT INTO `expense_reasons` VALUES
(1,'Varios'),
(2,'Representación de la organización'),
(3,'Trabajo de campo');
COMMIT;

--
-- Table structure for table `expense_types`
--

CREATE TABLE `expense_types` (
  `id` int(10) unsigned NOT NULL AUTO_INCREMENT,
  `description` varchar(255) NOT NULL,
  `created_at` timestamp NULL DEFAULT NULL,
  `updated_at` timestamp NULL DEFAULT NULL,
  PRIMARY KEY (`id`)
) ENGINE=InnoDB AUTO_INCREMENT=5 DEFAULT CHARSET=utf8mb4 COLLATE=utf8mb4_unicode_ci;

--
-- Dumping data for table `expense_types`
--

INSERT INTO `expense_types` VALUES
(1,'PLANILLA','2025-12-27 23:33:36','2025-12-27 23:33:36'),
(2,'RECIBO POR HONORARIO','2025-12-27 23:33:36','2025-12-27 23:33:36'),
(3,'SERVICIO PÚBLICO','2025-12-27 23:33:36','2025-12-27 23:33:36'),
(4,'OTROS','2025-12-27 23:33:36','2025-12-27 23:33:36');
COMMIT;

--
-- Table structure for table `expenses`
--

CREATE TABLE `expenses` (
  `id` int(10) unsigned NOT NULL AUTO_INCREMENT,
  `user_id` int(10) unsigned NOT NULL,
  `soap_type_id` char(2) DEFAULT NULL,
  `expense_type_id` int(10) unsigned NOT NULL,
  `establishment_id` int(10) unsigned NOT NULL,
  `supplier_id` int(10) unsigned NOT NULL,
  `expense_reason_id` int(10) unsigned NOT NULL DEFAULT 1,
  `currency_type_id` varchar(255) NOT NULL,
  `external_id` char(36) NOT NULL,
  `state_type_id` char(255) DEFAULT NULL,
  `number` varchar(255) DEFAULT NULL,
  `date_of_issue` date NOT NULL,
  `time_of_issue` time NOT NULL,
  `supplier` longtext CHARACTER SET utf8mb4 COLLATE utf8mb4_bin NOT NULL,
  `exchange_rate_sale` decimal(13,3) NOT NULL,
  `total` decimal(12,2) NOT NULL,
  `filename` varchar(255) DEFAULT NULL,
  `created_at` timestamp NULL DEFAULT NULL,
  `updated_at` timestamp NULL DEFAULT NULL,
  PRIMARY KEY (`id`),
  UNIQUE KEY `expenses_filename_unique` (`filename`),
  KEY `expenses_user_id_foreign` (`user_id`),
  KEY `expenses_establishment_id_foreign` (`establishment_id`),
  KEY `expenses_supplier_id_foreign` (`supplier_id`),
  KEY `expenses_expense_type_id_foreign` (`expense_type_id`),
  KEY `expenses_currency_type_id_foreign` (`currency_type_id`),
  KEY `expenses_expense_reason_id_foreign` (`expense_reason_id`),
  KEY `expenses_soap_type_id_foreign` (`soap_type_id`),
  KEY `expenses_state_type_id_foreign` (`state_type_id`),
  CONSTRAINT `expenses_currency_type_id_foreign` FOREIGN KEY (`currency_type_id`) REFERENCES `cat_currency_types` (`id`),
  CONSTRAINT `expenses_establishment_id_foreign` FOREIGN KEY (`establishment_id`) REFERENCES `establishments` (`id`),
  CONSTRAINT `expenses_expense_reason_id_foreign` FOREIGN KEY (`expense_reason_id`) REFERENCES `expense_reasons` (`id`),
  CONSTRAINT `expenses_expense_type_id_foreign` FOREIGN KEY (`expense_type_id`) REFERENCES `expense_types` (`id`),
  CONSTRAINT `expenses_soap_type_id_foreign` FOREIGN KEY (`soap_type_id`) REFERENCES `soap_types` (`id`),
  CONSTRAINT `expenses_state_type_id_foreign` FOREIGN KEY (`state_type_id`) REFERENCES `state_types` (`id`),
  CONSTRAINT `expenses_supplier_id_foreign` FOREIGN KEY (`supplier_id`) REFERENCES `persons` (`id`),
  CONSTRAINT `expenses_user_id_foreign` FOREIGN KEY (`user_id`) REFERENCES `users` (`id`)
) ENGINE=InnoDB DEFAULT CHARSET=utf8mb4 COLLATE=utf8mb4_unicode_ci;

--
-- Dumping data for table `expenses`
--

COMMIT;

--
-- Table structure for table `expiration_date_settings`
--

CREATE TABLE `expiration_date_settings` (
  `id` int(10) unsigned NOT NULL AUTO_INCREMENT,
  `type` varchar(255) NOT NULL,
  `days` smallint(6) NOT NULL,
  `color` varchar(255) NOT NULL,
  `created_at` timestamp NULL DEFAULT NULL,
  `updated_at` timestamp NULL DEFAULT NULL,
  PRIMARY KEY (`id`)
) ENGINE=InnoDB AUTO_INCREMENT=4 DEFAULT CHARSET=utf8mb4 COLLATE=utf8mb4_unicode_ci;

--
-- Dumping data for table `expiration_date_settings`
--

INSERT INTO `expiration_date_settings` VALUES
(1,'EMPTY',5,'#ED000C',NULL,NULL),
(2,'ALMOST EMPTY',10,'#FFC000',NULL,NULL),
(3,'ENOUGH',15,'#05752F',NULL,NULL);
COMMIT;

--
-- Table structure for table `fixed_asset_items`
--

CREATE TABLE `fixed_asset_items` (
  `id` int(10) unsigned NOT NULL AUTO_INCREMENT,
  `name` varchar(255) NOT NULL,
  `description` varchar(255) DEFAULT NULL,
  `item_type_id` char(2) NOT NULL,
  `internal_id` varchar(255) DEFAULT NULL,
  `unit_type_id` varchar(255) NOT NULL,
  `currency_type_id` varchar(255) NOT NULL,
  `purchase_unit_price` decimal(16,6) NOT NULL,
  `purchase_affectation_igv_type_id` varchar(255) NOT NULL,
  `created_at` timestamp NULL DEFAULT NULL,
  `updated_at` timestamp NULL DEFAULT NULL,
  PRIMARY KEY (`id`),
  KEY `fixed_asset_items_item_type_id_foreign` (`item_type_id`),
  KEY `fixed_asset_items_unit_type_id_foreign` (`unit_type_id`),
  KEY `fixed_asset_items_currency_type_id_foreign` (`currency_type_id`),
  KEY `fixed_asset_items_purchase_affectation_igv_type_id_foreign` (`purchase_affectation_igv_type_id`),
  CONSTRAINT `fixed_asset_items_currency_type_id_foreign` FOREIGN KEY (`currency_type_id`) REFERENCES `cat_currency_types` (`id`),
  CONSTRAINT `fixed_asset_items_item_type_id_foreign` FOREIGN KEY (`item_type_id`) REFERENCES `item_types` (`id`),
  CONSTRAINT `fixed_asset_items_purchase_affectation_igv_type_id_foreign` FOREIGN KEY (`purchase_affectation_igv_type_id`) REFERENCES `cat_affectation_igv_types` (`id`),
  CONSTRAINT `fixed_asset_items_unit_type_id_foreign` FOREIGN KEY (`unit_type_id`) REFERENCES `cat_unit_types` (`id`)
) ENGINE=InnoDB DEFAULT CHARSET=utf8mb4 COLLATE=utf8mb4_unicode_ci;

--
-- Dumping data for table `fixed_asset_items`
--

COMMIT;

--
-- Table structure for table `fixed_asset_purchase_items`
--

CREATE TABLE `fixed_asset_purchase_items` (
  `id` int(10) unsigned NOT NULL AUTO_INCREMENT,
  `fixed_asset_purchase_id` int(10) unsigned NOT NULL,
  `fixed_asset_item_id` int(10) unsigned NOT NULL,
  `item` longtext CHARACTER SET utf8mb4 COLLATE utf8mb4_bin NOT NULL,
  `quantity` decimal(12,4) NOT NULL,
  `unit_value` decimal(16,6) NOT NULL,
  `affectation_igv_type_id` varchar(255) NOT NULL,
  `total_base_igv` decimal(12,2) NOT NULL,
  `percentage_igv` decimal(12,2) NOT NULL,
  `total_igv` decimal(12,2) NOT NULL,
  `system_isc_type_id` varchar(255) DEFAULT NULL,
  `total_base_isc` decimal(12,2) NOT NULL DEFAULT 0.00,
  `percentage_isc` decimal(12,2) NOT NULL DEFAULT 0.00,
  `total_isc` decimal(12,2) NOT NULL DEFAULT 0.00,
  `total_base_other_taxes` decimal(12,2) NOT NULL DEFAULT 0.00,
  `percentage_other_taxes` decimal(12,2) NOT NULL DEFAULT 0.00,
  `total_other_taxes` decimal(12,2) NOT NULL DEFAULT 0.00,
  `total_taxes` decimal(12,2) NOT NULL,
  `price_type_id` varchar(255) NOT NULL,
  `unit_price` decimal(16,6) NOT NULL,
  `total_value` decimal(12,2) NOT NULL,
  `total_charge` decimal(12,2) NOT NULL DEFAULT 0.00,
  `total_discount` decimal(12,2) NOT NULL DEFAULT 0.00,
  `total` decimal(12,2) NOT NULL,
  `attributes` longtext CHARACTER SET utf8mb4 COLLATE utf8mb4_bin DEFAULT NULL,
  `discounts` longtext CHARACTER SET utf8mb4 COLLATE utf8mb4_bin DEFAULT NULL,
  `charges` longtext CHARACTER SET utf8mb4 COLLATE utf8mb4_bin DEFAULT NULL,
  PRIMARY KEY (`id`),
  KEY `fixed_asset_purchase_items_fixed_asset_purchase_id_foreign` (`fixed_asset_purchase_id`),
  KEY `fixed_asset_purchase_items_fixed_asset_item_id_foreign` (`fixed_asset_item_id`),
  KEY `fixed_asset_purchase_items_affectation_igv_type_id_foreign` (`affectation_igv_type_id`),
  KEY `fixed_asset_purchase_items_system_isc_type_id_foreign` (`system_isc_type_id`),
  KEY `fixed_asset_purchase_items_price_type_id_foreign` (`price_type_id`),
  CONSTRAINT `fixed_asset_purchase_items_affectation_igv_type_id_foreign` FOREIGN KEY (`affectation_igv_type_id`) REFERENCES `cat_affectation_igv_types` (`id`),
  CONSTRAINT `fixed_asset_purchase_items_fixed_asset_item_id_foreign` FOREIGN KEY (`fixed_asset_item_id`) REFERENCES `fixed_asset_items` (`id`),
  CONSTRAINT `fixed_asset_purchase_items_fixed_asset_purchase_id_foreign` FOREIGN KEY (`fixed_asset_purchase_id`) REFERENCES `fixed_asset_purchases` (`id`) ON DELETE CASCADE,
  CONSTRAINT `fixed_asset_purchase_items_price_type_id_foreign` FOREIGN KEY (`price_type_id`) REFERENCES `cat_price_types` (`id`),
  CONSTRAINT `fixed_asset_purchase_items_system_isc_type_id_foreign` FOREIGN KEY (`system_isc_type_id`) REFERENCES `cat_system_isc_types` (`id`)
) ENGINE=InnoDB DEFAULT CHARSET=utf8mb4 COLLATE=utf8mb4_unicode_ci;

--
-- Dumping data for table `fixed_asset_purchase_items`
--

COMMIT;

--
-- Table structure for table `fixed_asset_purchases`
--

CREATE TABLE `fixed_asset_purchases` (
  `id` int(10) unsigned NOT NULL AUTO_INCREMENT,
  `user_id` int(10) unsigned NOT NULL,
  `external_id` char(36) NOT NULL,
  `establishment_id` int(10) unsigned NOT NULL,
  `soap_type_id` char(2) NOT NULL,
  `state_type_id` char(2) NOT NULL,
  `group_id` char(2) NOT NULL,
  `document_type_id` varchar(255) NOT NULL,
  `series` char(4) NOT NULL,
  `number` int(11) NOT NULL,
  `date_of_issue` date NOT NULL,
  `date_of_due` date DEFAULT NULL,
  `time_of_issue` time NOT NULL,
  `supplier_id` int(10) unsigned NOT NULL,
  `supplier` longtext CHARACTER SET utf8mb4 COLLATE utf8mb4_bin NOT NULL,
  `currency_type_id` varchar(255) NOT NULL,
  `exchange_rate_sale` decimal(13,3) NOT NULL,
  `total_prepayment` decimal(12,2) NOT NULL DEFAULT 0.00,
  `total_charge` decimal(12,2) NOT NULL DEFAULT 0.00,
  `total_discount` decimal(12,2) NOT NULL DEFAULT 0.00,
  `total_exportation` decimal(12,2) NOT NULL DEFAULT 0.00,
  `total_free` decimal(12,2) NOT NULL DEFAULT 0.00,
  `total_taxed` decimal(12,2) NOT NULL DEFAULT 0.00,
  `total_unaffected` decimal(12,2) NOT NULL DEFAULT 0.00,
  `total_exonerated` decimal(12,2) NOT NULL DEFAULT 0.00,
  `total_igv` decimal(12,2) NOT NULL DEFAULT 0.00,
  `total_base_isc` decimal(12,2) NOT NULL DEFAULT 0.00,
  `total_isc` decimal(12,2) NOT NULL DEFAULT 0.00,
  `total_base_other_taxes` decimal(12,2) NOT NULL DEFAULT 0.00,
  `total_other_taxes` decimal(12,2) NOT NULL DEFAULT 0.00,
  `total_taxes` decimal(12,2) NOT NULL DEFAULT 0.00,
  `total_value` decimal(12,2) NOT NULL DEFAULT 0.00,
  `total` decimal(12,2) NOT NULL,
  `customer_id` int(10) unsigned DEFAULT NULL,
  `perception_date` date DEFAULT NULL,
  `perception_number` int(11) DEFAULT NULL,
  `total_perception` decimal(12,2) DEFAULT NULL,
  `charges` longtext CHARACTER SET utf8mb4 COLLATE utf8mb4_bin DEFAULT NULL,
  `discounts` longtext CHARACTER SET utf8mb4 COLLATE utf8mb4_bin DEFAULT NULL,
  `prepayments` longtext CHARACTER SET utf8mb4 COLLATE utf8mb4_bin DEFAULT NULL,
  `guides` longtext CHARACTER SET utf8mb4 COLLATE utf8mb4_bin DEFAULT NULL,
  `related` longtext CHARACTER SET utf8mb4 COLLATE utf8mb4_bin DEFAULT NULL,
  `perception` longtext CHARACTER SET utf8mb4 COLLATE utf8mb4_bin DEFAULT NULL,
  `detraction` longtext CHARACTER SET utf8mb4 COLLATE utf8mb4_bin DEFAULT NULL,
  `legends` longtext CHARACTER SET utf8mb4 COLLATE utf8mb4_bin DEFAULT NULL,
  `created_at` timestamp NULL DEFAULT NULL,
  `updated_at` timestamp NULL DEFAULT NULL,
  PRIMARY KEY (`id`),
  KEY `fixed_asset_purchases_user_id_foreign` (`user_id`),
  KEY `fixed_asset_purchases_establishment_id_foreign` (`establishment_id`),
  KEY `fixed_asset_purchases_supplier_id_foreign` (`supplier_id`),
  KEY `fixed_asset_purchases_customer_id_foreign` (`customer_id`),
  KEY `fixed_asset_purchases_soap_type_id_foreign` (`soap_type_id`),
  KEY `fixed_asset_purchases_state_type_id_foreign` (`state_type_id`),
  KEY `fixed_asset_purchases_group_id_foreign` (`group_id`),
  KEY `fixed_asset_purchases_document_type_id_foreign` (`document_type_id`),
  KEY `fixed_asset_purchases_currency_type_id_foreign` (`currency_type_id`),
  CONSTRAINT `fixed_asset_purchases_currency_type_id_foreign` FOREIGN KEY (`currency_type_id`) REFERENCES `cat_currency_types` (`id`),
  CONSTRAINT `fixed_asset_purchases_customer_id_foreign` FOREIGN KEY (`customer_id`) REFERENCES `persons` (`id`),
  CONSTRAINT `fixed_asset_purchases_document_type_id_foreign` FOREIGN KEY (`document_type_id`) REFERENCES `cat_document_types` (`id`),
  CONSTRAINT `fixed_asset_purchases_establishment_id_foreign` FOREIGN KEY (`establishment_id`) REFERENCES `establishments` (`id`),
  CONSTRAINT `fixed_asset_purchases_group_id_foreign` FOREIGN KEY (`group_id`) REFERENCES `groups` (`id`),
  CONSTRAINT `fixed_asset_purchases_soap_type_id_foreign` FOREIGN KEY (`soap_type_id`) REFERENCES `soap_types` (`id`),
  CONSTRAINT `fixed_asset_purchases_state_type_id_foreign` FOREIGN KEY (`state_type_id`) REFERENCES `state_types` (`id`),
  CONSTRAINT `fixed_asset_purchases_supplier_id_foreign` FOREIGN KEY (`supplier_id`) REFERENCES `persons` (`id`),
  CONSTRAINT `fixed_asset_purchases_user_id_foreign` FOREIGN KEY (`user_id`) REFERENCES `users` (`id`)
) ENGINE=InnoDB DEFAULT CHARSET=utf8mb4 COLLATE=utf8mb4_unicode_ci;

--
-- Dumping data for table `fixed_asset_purchases`
--

COMMIT;

--
-- Table structure for table `format_templates`
--

CREATE TABLE `format_templates` (
  `id` int(10) unsigned NOT NULL AUTO_INCREMENT,
  `formats` varchar(255) NOT NULL,
  `created_at` timestamp NULL DEFAULT NULL,
  `updated_at` timestamp NULL DEFAULT NULL,
  `urls` longtext CHARACTER SET utf8mb4 COLLATE utf8mb4_bin DEFAULT NULL,
  `is_custom_ticket` tinyint(1) NOT NULL DEFAULT 0,
  PRIMARY KEY (`id`)
) ENGINE=InnoDB AUTO_INCREMENT=2 DEFAULT CHARSET=utf8mb4 COLLATE=utf8mb4_unicode_ci;

--
-- Dumping data for table `format_templates`
--

INSERT INTO `format_templates` VALUES
(1,'enter','2025-12-27 23:33:46','2025-12-27 23:33:46',NULL,0);
COMMIT;

--
-- Dumping data for table `full_suscription_server_data`
--

COMMIT;

--
-- Table structure for table `full_suscription_user_data`
--

CREATE TABLE `full_suscription_user_data` (
  `id` int(10) unsigned NOT NULL AUTO_INCREMENT,
  `person_id` int(10) unsigned DEFAULT 0,
  `discord_user` varchar(255) DEFAULT NULL,
  `slack_channel` varchar(255) DEFAULT NULL,
  `discord_channel` varchar(255) DEFAULT NULL,
  `gitlab_user` varchar(255) DEFAULT NULL,
  `created_at` timestamp NULL DEFAULT NULL,
  `updated_at` timestamp NULL DEFAULT NULL,
  PRIMARY KEY (`id`)
) ENGINE=InnoDB DEFAULT CHARSET=utf8mb4 COLLATE=utf8mb4_unicode_ci;

--
-- Dumping data for table `full_suscription_user_data`
--

COMMIT;

--
-- Table structure for table `general_payment_conditions`
--

CREATE TABLE `general_payment_conditions` (
  `id` varchar(255) NOT NULL,
  `name` varchar(255) NOT NULL,
  PRIMARY KEY (`id`)
) ENGINE=InnoDB DEFAULT CHARSET=utf8mb4 COLLATE=utf8mb4_unicode_ci;

--
-- Dumping data for table `general_payment_conditions`
--

INSERT INTO `general_payment_conditions` VALUES
('01','Contado'),
('02','Crédito'),
('03','Crédito con cuotas');
COMMIT;

--
-- Table structure for table `global_payments`
--

CREATE TABLE `global_payments` (
  `id` int(10) unsigned NOT NULL AUTO_INCREMENT,
  `soap_type_id` char(2) NOT NULL,
  `destination_id` int(11) DEFAULT NULL,
  `destination_type` varchar(255) NOT NULL,
  `payment_id` int(11) NOT NULL,
  `payment_type` varchar(255) NOT NULL,
  `user_id` int(10) unsigned DEFAULT NULL,
  `created_at` timestamp NULL DEFAULT NULL,
  `updated_at` timestamp NULL DEFAULT NULL,
  PRIMARY KEY (`id`),
  KEY `destination_index` (`destination_id`,`destination_type`),
  KEY `payment_index` (`payment_id`,`payment_type`),
  KEY `global_payments_soap_type_id_foreign` (`soap_type_id`),
  KEY `global_payments_user_id_foreign` (`user_id`),
  CONSTRAINT `global_payments_soap_type_id_foreign` FOREIGN KEY (`soap_type_id`) REFERENCES `soap_types` (`id`),
  CONSTRAINT `global_payments_user_id_foreign` FOREIGN KEY (`user_id`) REFERENCES `users` (`id`)
) ENGINE=InnoDB AUTO_INCREMENT=178 DEFAULT CHARSET=utf8mb4 COLLATE=utf8mb4_unicode_ci;

--
-- Dumping data for table `global_payments`
--

INSERT INTO `global_payments` VALUES
(1,'02',1,'App\\Models\\Tenant\\Cash',1,'Modules\\Pos\\Models\\CashTransaction',2,'2026-01-17 18:34:36','2026-01-17 18:34:36'),
(2,'02',1,'App\\Models\\Tenant\\Cash',1,'App\\Models\\Tenant\\SaleNotePayment',2,'2026-01-19 19:07:18','2026-01-19 19:07:18'),
(3,'02',1,'App\\Models\\Tenant\\Cash',1,'App\\Models\\Tenant\\DocumentPayment',2,'2026-01-19 19:09:39','2026-01-19 19:09:39'),
(4,'02',1,'App\\Models\\Tenant\\Cash',2,'App\\Models\\Tenant\\DocumentPayment',2,'2026-01-20 10:39:36','2026-01-20 10:39:36'),
(5,'02',1,'App\\Models\\Tenant\\Cash',3,'App\\Models\\Tenant\\DocumentPayment',2,'2026-01-20 10:42:02','2026-01-20 10:42:02'),
(6,'02',1,'App\\Models\\Tenant\\Cash',4,'App\\Models\\Tenant\\DocumentPayment',2,'2026-01-20 10:43:00','2026-01-20 10:43:00'),
(7,'02',1,'App\\Models\\Tenant\\Cash',2,'App\\Models\\Tenant\\SaleNotePayment',2,'2026-01-20 10:44:14','2026-01-20 10:44:14'),
(8,'02',1,'App\\Models\\Tenant\\Cash',3,'App\\Models\\Tenant\\SaleNotePayment',2,'2026-01-21 10:50:20','2026-01-21 10:50:20'),
(9,'02',1,'App\\Models\\Tenant\\Cash',4,'App\\Models\\Tenant\\SaleNotePayment',2,'2026-01-21 11:11:08','2026-01-21 11:11:08'),
(10,'02',1,'App\\Models\\Tenant\\Cash',5,'App\\Models\\Tenant\\SaleNotePayment',2,'2026-01-21 11:13:04','2026-01-21 11:13:04'),
(11,'02',1,'App\\Models\\Tenant\\Cash',6,'App\\Models\\Tenant\\SaleNotePayment',2,'2026-01-21 12:24:16','2026-01-21 12:24:16'),
(12,'02',1,'App\\Models\\Tenant\\Cash',7,'App\\Models\\Tenant\\SaleNotePayment',2,'2026-01-21 13:03:20','2026-01-21 13:03:20'),
(13,'02',1,'App\\Models\\Tenant\\Cash',8,'App\\Models\\Tenant\\SaleNotePayment',2,'2026-01-21 14:09:12','2026-01-21 14:09:12'),
(14,'02',1,'App\\Models\\Tenant\\Cash',9,'App\\Models\\Tenant\\SaleNotePayment',2,'2026-01-21 16:23:07','2026-01-21 16:23:07'),
(15,'02',1,'App\\Models\\Tenant\\Cash',10,'App\\Models\\Tenant\\SaleNotePayment',2,'2026-01-21 16:45:59','2026-01-21 16:45:59'),
(16,'02',1,'App\\Models\\Tenant\\Cash',11,'App\\Models\\Tenant\\SaleNotePayment',2,'2026-01-21 18:19:11','2026-01-21 18:19:11'),
(17,'02',1,'App\\Models\\Tenant\\Cash',12,'App\\Models\\Tenant\\SaleNotePayment',2,'2026-01-21 18:23:00','2026-01-21 18:23:00'),
(18,'02',1,'App\\Models\\Tenant\\Cash',13,'App\\Models\\Tenant\\SaleNotePayment',2,'2026-01-21 19:34:26','2026-01-21 19:34:26'),
(19,'02',1,'App\\Models\\Tenant\\Cash',14,'App\\Models\\Tenant\\SaleNotePayment',2,'2026-01-21 19:36:24','2026-01-21 19:36:24'),
(20,'02',1,'App\\Models\\Tenant\\Cash',15,'App\\Models\\Tenant\\SaleNotePayment',2,'2026-01-21 19:46:02','2026-01-21 19:46:02'),
(21,'02',1,'App\\Models\\Tenant\\Cash',16,'App\\Models\\Tenant\\SaleNotePayment',2,'2026-01-22 08:44:46','2026-01-22 08:44:46'),
(22,'02',1,'App\\Models\\Tenant\\Cash',17,'App\\Models\\Tenant\\SaleNotePayment',2,'2026-01-22 09:13:03','2026-01-22 09:13:03'),
(23,'02',1,'App\\Models\\Tenant\\Cash',18,'App\\Models\\Tenant\\SaleNotePayment',2,'2026-01-22 10:05:52','2026-01-22 10:05:52'),
(24,'02',1,'App\\Models\\Tenant\\Cash',19,'App\\Models\\Tenant\\SaleNotePayment',2,'2026-01-22 10:51:35','2026-01-22 10:51:35'),
(25,'02',1,'App\\Models\\Tenant\\Cash',20,'App\\Models\\Tenant\\SaleNotePayment',2,'2026-01-22 11:16:50','2026-01-22 11:16:50'),
(26,'02',1,'App\\Models\\Tenant\\Cash',21,'App\\Models\\Tenant\\SaleNotePayment',2,'2026-01-22 12:57:23','2026-01-22 12:57:23'),
(27,'02',1,'App\\Models\\Tenant\\Cash',22,'App\\Models\\Tenant\\SaleNotePayment',2,'2026-01-22 13:24:59','2026-01-22 13:24:59'),
(28,'02',1,'App\\Models\\Tenant\\Cash',23,'App\\Models\\Tenant\\SaleNotePayment',2,'2026-01-22 14:38:04','2026-01-22 14:38:04'),
(30,'02',1,'App\\Models\\Tenant\\Cash',6,'App\\Models\\Tenant\\DocumentPayment',2,'2026-01-22 15:28:35','2026-01-22 15:28:35'),
(31,'02',1,'App\\Models\\Tenant\\Cash',24,'App\\Models\\Tenant\\SaleNotePayment',2,'2026-01-22 16:23:05','2026-01-22 16:23:05'),
(32,'02',1,'App\\Models\\Tenant\\Cash',25,'App\\Models\\Tenant\\SaleNotePayment',2,'2026-01-22 16:24:49','2026-01-22 16:24:49'),
(33,'02',1,'App\\Models\\Tenant\\Cash',26,'App\\Models\\Tenant\\SaleNotePayment',2,'2026-01-22 17:21:41','2026-01-22 17:21:41'),
(34,'02',1,'App\\Models\\Tenant\\Cash',27,'App\\Models\\Tenant\\SaleNotePayment',2,'2026-01-22 17:59:35','2026-01-22 17:59:35'),
(35,'02',1,'App\\Models\\Tenant\\Cash',28,'App\\Models\\Tenant\\SaleNotePayment',2,'2026-01-22 18:29:10','2026-01-22 18:29:10'),
(36,'02',1,'App\\Models\\Tenant\\Cash',29,'App\\Models\\Tenant\\SaleNotePayment',2,'2026-01-22 18:33:02','2026-01-22 18:33:02'),
(37,'02',1,'App\\Models\\Tenant\\Cash',30,'App\\Models\\Tenant\\SaleNotePayment',2,'2026-01-22 19:46:50','2026-01-22 19:46:50'),
(38,'02',1,'App\\Models\\Tenant\\Cash',31,'App\\Models\\Tenant\\SaleNotePayment',2,'2026-01-22 20:20:26','2026-01-22 20:20:26'),
(39,'02',1,'App\\Models\\Tenant\\Cash',32,'App\\Models\\Tenant\\SaleNotePayment',2,'2026-01-22 20:29:59','2026-01-22 20:29:59'),
(40,'02',1,'App\\Models\\Tenant\\Cash',33,'App\\Models\\Tenant\\SaleNotePayment',2,'2026-01-22 21:17:41','2026-01-22 21:17:41'),
(41,'02',1,'App\\Models\\Tenant\\Cash',34,'App\\Models\\Tenant\\SaleNotePayment',2,'2026-01-23 09:14:52','2026-01-23 09:14:52'),
(42,'02',1,'App\\Models\\Tenant\\Cash',35,'App\\Models\\Tenant\\SaleNotePayment',2,'2026-01-23 09:31:58','2026-01-23 09:31:58'),
(43,'02',1,'App\\Models\\Tenant\\Cash',36,'App\\Models\\Tenant\\SaleNotePayment',2,'2026-01-23 09:59:05','2026-01-23 09:59:05'),
(44,'02',1,'App\\Models\\Tenant\\Cash',37,'App\\Models\\Tenant\\SaleNotePayment',2,'2026-01-23 10:42:23','2026-01-23 10:42:23'),
(45,'02',1,'App\\Models\\Tenant\\Cash',38,'App\\Models\\Tenant\\SaleNotePayment',2,'2026-01-23 10:52:03','2026-01-23 10:52:03'),
(46,'02',1,'App\\Models\\Tenant\\Cash',39,'App\\Models\\Tenant\\SaleNotePayment',2,'2026-01-23 11:20:20','2026-01-23 11:20:20'),
(47,'02',1,'App\\Models\\Tenant\\Cash',40,'App\\Models\\Tenant\\SaleNotePayment',2,'2026-01-23 11:24:02','2026-01-23 11:24:02'),
(48,'02',1,'App\\Models\\Tenant\\Cash',41,'App\\Models\\Tenant\\SaleNotePayment',2,'2026-01-23 13:25:15','2026-01-23 13:25:15'),
(49,'02',1,'App\\Models\\Tenant\\Cash',42,'App\\Models\\Tenant\\SaleNotePayment',2,'2026-01-23 13:27:40','2026-01-23 13:27:40'),
(50,'02',1,'App\\Models\\Tenant\\Cash',43,'App\\Models\\Tenant\\SaleNotePayment',2,'2026-01-23 17:54:14','2026-01-23 17:54:14'),
(51,'02',1,'App\\Models\\Tenant\\Cash',44,'App\\Models\\Tenant\\SaleNotePayment',2,'2026-01-23 18:20:56','2026-01-23 18:20:56'),
(52,'02',1,'App\\Models\\Tenant\\Cash',45,'App\\Models\\Tenant\\SaleNotePayment',2,'2026-01-23 20:51:26','2026-01-23 20:51:26'),
(53,'02',1,'App\\Models\\Tenant\\Cash',46,'App\\Models\\Tenant\\SaleNotePayment',2,'2026-01-23 21:02:05','2026-01-23 21:02:05'),
(54,'02',1,'App\\Models\\Tenant\\Cash',47,'App\\Models\\Tenant\\SaleNotePayment',2,'2026-01-23 21:07:47','2026-01-23 21:07:47'),
(55,'02',1,'App\\Models\\Tenant\\Cash',48,'App\\Models\\Tenant\\SaleNotePayment',2,'2026-01-24 10:03:40','2026-01-24 10:03:40'),
(56,'02',1,'App\\Models\\Tenant\\Cash',49,'App\\Models\\Tenant\\SaleNotePayment',2,'2026-01-24 13:07:33','2026-01-24 13:07:33'),
(57,'02',1,'App\\Models\\Tenant\\Cash',50,'App\\Models\\Tenant\\SaleNotePayment',2,'2026-01-24 13:09:45','2026-01-24 13:09:45'),
(58,'02',1,'App\\Models\\Tenant\\Cash',51,'App\\Models\\Tenant\\SaleNotePayment',2,'2026-01-24 13:37:22','2026-01-24 13:37:22'),
(59,'02',1,'App\\Models\\Tenant\\Cash',52,'App\\Models\\Tenant\\SaleNotePayment',2,'2026-01-24 14:29:03','2026-01-24 14:29:03'),
(60,'02',1,'App\\Models\\Tenant\\Cash',53,'App\\Models\\Tenant\\SaleNotePayment',2,'2026-01-24 16:01:39','2026-01-24 16:01:39'),
(61,'02',1,'App\\Models\\Tenant\\Cash',54,'App\\Models\\Tenant\\SaleNotePayment',2,'2026-01-24 16:44:26','2026-01-24 16:44:26'),
(62,'02',1,'App\\Models\\Tenant\\Cash',55,'App\\Models\\Tenant\\SaleNotePayment',2,'2026-01-24 16:51:04','2026-01-24 16:51:04'),
(63,'02',1,'App\\Models\\Tenant\\Cash',56,'App\\Models\\Tenant\\SaleNotePayment',2,'2026-01-24 17:43:02','2026-01-24 17:43:02'),
(64,'02',1,'App\\Models\\Tenant\\Cash',57,'App\\Models\\Tenant\\SaleNotePayment',2,'2026-01-24 19:00:08','2026-01-24 19:00:08'),
(65,'02',1,'App\\Models\\Tenant\\Cash',58,'App\\Models\\Tenant\\SaleNotePayment',2,'2026-01-24 19:44:20','2026-01-24 19:44:20'),
(66,'02',1,'App\\Models\\Tenant\\Cash',59,'App\\Models\\Tenant\\SaleNotePayment',2,'2026-01-24 20:52:52','2026-01-24 20:52:52'),
(67,'02',1,'App\\Models\\Tenant\\Cash',60,'App\\Models\\Tenant\\SaleNotePayment',2,'2026-01-24 21:22:01','2026-01-24 21:22:01'),
(68,'02',1,'App\\Models\\Tenant\\Cash',61,'App\\Models\\Tenant\\SaleNotePayment',2,'2026-01-24 21:37:52','2026-01-24 21:37:52'),
(69,'02',1,'App\\Models\\Tenant\\Cash',62,'App\\Models\\Tenant\\SaleNotePayment',2,'2026-01-24 21:40:33','2026-01-24 21:40:33'),
(70,'02',1,'App\\Models\\Tenant\\Cash',63,'App\\Models\\Tenant\\SaleNotePayment',2,'2026-01-24 21:57:46','2026-01-24 21:57:46'),
(71,'02',1,'App\\Models\\Tenant\\Cash',64,'App\\Models\\Tenant\\SaleNotePayment',2,'2026-01-25 11:11:20','2026-01-25 11:11:20'),
(72,'02',1,'App\\Models\\Tenant\\Cash',65,'App\\Models\\Tenant\\SaleNotePayment',2,'2026-01-25 13:33:53','2026-01-25 13:33:53'),
(73,'02',1,'App\\Models\\Tenant\\Cash',66,'App\\Models\\Tenant\\SaleNotePayment',2,'2026-01-25 13:43:39','2026-01-25 13:43:39'),
(74,'02',1,'App\\Models\\Tenant\\Cash',67,'App\\Models\\Tenant\\SaleNotePayment',2,'2026-01-25 14:25:16','2026-01-25 14:25:16'),
(75,'02',1,'App\\Models\\Tenant\\Cash',7,'App\\Models\\Tenant\\DocumentPayment',2,'2026-01-25 14:48:20','2026-01-25 14:48:20'),
(76,'02',1,'App\\Models\\Tenant\\Cash',68,'App\\Models\\Tenant\\SaleNotePayment',2,'2026-01-25 14:50:38','2026-01-25 14:50:38'),
(77,'02',1,'App\\Models\\Tenant\\Cash',69,'App\\Models\\Tenant\\SaleNotePayment',2,'2026-01-26 18:58:01','2026-01-26 18:58:01'),
(78,'02',1,'App\\Models\\Tenant\\Cash',70,'App\\Models\\Tenant\\SaleNotePayment',2,'2026-02-01 10:59:30','2026-02-01 10:59:30'),
(79,'02',1,'App\\Models\\Tenant\\Cash',71,'App\\Models\\Tenant\\SaleNotePayment',2,'2026-02-05 17:30:10','2026-02-05 17:30:10'),
(80,'02',1,'App\\Models\\Tenant\\Cash',72,'App\\Models\\Tenant\\SaleNotePayment',2,'2026-02-05 17:59:35','2026-02-05 17:59:35'),
(81,'02',1,'App\\Models\\Tenant\\Cash',73,'App\\Models\\Tenant\\SaleNotePayment',2,'2026-02-05 18:04:11','2026-02-05 18:04:11'),
(82,'02',1,'App\\Models\\Tenant\\Cash',74,'App\\Models\\Tenant\\SaleNotePayment',2,'2026-02-05 18:05:48','2026-02-05 18:05:48'),
(83,'02',1,'App\\Models\\Tenant\\Cash',75,'App\\Models\\Tenant\\SaleNotePayment',2,'2026-02-05 18:07:15','2026-02-05 18:07:15'),
(84,'02',1,'App\\Models\\Tenant\\Cash',76,'App\\Models\\Tenant\\SaleNotePayment',2,'2026-02-05 19:29:42','2026-02-05 19:29:42'),
(85,'02',1,'App\\Models\\Tenant\\Cash',77,'App\\Models\\Tenant\\SaleNotePayment',2,'2026-02-06 16:37:31','2026-02-06 16:37:31'),
(86,'02',1,'App\\Models\\Tenant\\Cash',78,'App\\Models\\Tenant\\SaleNotePayment',2,'2026-02-06 17:36:06','2026-02-06 17:36:06'),
(87,'02',1,'App\\Models\\Tenant\\Cash',8,'App\\Models\\Tenant\\DocumentPayment',2,'2026-02-07 09:37:53','2026-02-07 09:37:53'),
(88,'02',1,'App\\Models\\Tenant\\Cash',79,'App\\Models\\Tenant\\SaleNotePayment',2,'2026-02-07 09:48:56','2026-02-07 09:48:56'),
(89,'02',1,'App\\Models\\Tenant\\Cash',80,'App\\Models\\Tenant\\SaleNotePayment',2,'2026-02-07 09:50:11','2026-02-07 09:50:11'),
(90,'02',1,'App\\Models\\Tenant\\Cash',81,'App\\Models\\Tenant\\SaleNotePayment',2,'2026-02-07 10:20:18','2026-02-07 10:20:18'),
(91,'02',1,'App\\Models\\Tenant\\Cash',82,'App\\Models\\Tenant\\SaleNotePayment',2,'2026-02-07 10:31:02','2026-02-07 10:31:02'),
(92,'02',1,'App\\Models\\Tenant\\Cash',83,'App\\Models\\Tenant\\SaleNotePayment',2,'2026-02-07 10:47:59','2026-02-07 10:47:59'),
(93,'02',1,'App\\Models\\Tenant\\Cash',84,'App\\Models\\Tenant\\SaleNotePayment',2,'2026-02-07 14:11:28','2026-02-07 14:11:28'),
(94,'02',1,'App\\Models\\Tenant\\Cash',85,'App\\Models\\Tenant\\SaleNotePayment',2,'2026-02-07 14:22:57','2026-02-07 14:22:57'),
(95,'02',1,'App\\Models\\Tenant\\Cash',86,'App\\Models\\Tenant\\SaleNotePayment',2,'2026-02-07 15:11:21','2026-02-07 15:11:21'),
(96,'02',1,'App\\Models\\Tenant\\Cash',87,'App\\Models\\Tenant\\SaleNotePayment',2,'2026-02-07 17:57:33','2026-02-07 17:57:33'),
(97,'02',1,'App\\Models\\Tenant\\Cash',88,'App\\Models\\Tenant\\SaleNotePayment',2,'2026-02-07 19:59:44','2026-02-07 19:59:44'),
(98,'02',1,'App\\Models\\Tenant\\Cash',89,'App\\Models\\Tenant\\SaleNotePayment',2,'2026-02-09 09:04:45','2026-02-09 09:04:45'),
(99,'02',1,'App\\Models\\Tenant\\Cash',90,'App\\Models\\Tenant\\SaleNotePayment',2,'2026-02-09 13:08:35','2026-02-09 13:08:35'),
(100,'02',1,'App\\Models\\Tenant\\Cash',91,'App\\Models\\Tenant\\SaleNotePayment',2,'2026-02-09 17:54:49','2026-02-09 17:54:49'),
(101,'02',1,'App\\Models\\Tenant\\Cash',92,'App\\Models\\Tenant\\SaleNotePayment',2,'2026-02-09 18:26:17','2026-02-09 18:26:17'),
(102,'02',1,'App\\Models\\Tenant\\Cash',93,'App\\Models\\Tenant\\SaleNotePayment',2,'2026-02-09 19:40:56','2026-02-09 19:40:56'),
(103,'02',1,'App\\Models\\Tenant\\Cash',94,'App\\Models\\Tenant\\SaleNotePayment',2,'2026-02-09 21:20:48','2026-02-09 21:20:48'),
(104,'02',1,'App\\Models\\Tenant\\Cash',95,'App\\Models\\Tenant\\SaleNotePayment',2,'2026-02-10 12:17:38','2026-02-10 12:17:38'),
(105,'02',1,'App\\Models\\Tenant\\Cash',9,'App\\Models\\Tenant\\DocumentPayment',2,'2026-02-10 12:29:24','2026-02-10 12:29:24'),
(106,'02',1,'App\\Models\\Tenant\\Cash',10,'App\\Models\\Tenant\\DocumentPayment',2,'2026-02-10 14:07:02','2026-02-10 14:07:02'),
(107,'02',1,'App\\Models\\Tenant\\Cash',96,'App\\Models\\Tenant\\SaleNotePayment',2,'2026-02-10 14:38:47','2026-02-10 14:38:47'),
(108,'02',1,'App\\Models\\Tenant\\Cash',97,'App\\Models\\Tenant\\SaleNotePayment',2,'2026-02-10 14:48:18','2026-02-10 14:48:18'),
(109,'02',1,'App\\Models\\Tenant\\Cash',98,'App\\Models\\Tenant\\SaleNotePayment',2,'2026-02-10 16:26:49','2026-02-10 16:26:49'),
(110,'02',1,'App\\Models\\Tenant\\Cash',99,'App\\Models\\Tenant\\SaleNotePayment',2,'2026-02-10 17:35:59','2026-02-10 17:35:59'),
(111,'02',1,'App\\Models\\Tenant\\Cash',100,'App\\Models\\Tenant\\SaleNotePayment',2,'2026-02-10 18:40:32','2026-02-10 18:40:32'),
(112,'02',1,'App\\Models\\Tenant\\Cash',101,'App\\Models\\Tenant\\SaleNotePayment',2,'2026-02-10 20:32:19','2026-02-10 20:32:19'),
(113,'02',1,'App\\Models\\Tenant\\Cash',102,'App\\Models\\Tenant\\SaleNotePayment',2,'2026-02-10 21:17:28','2026-02-10 21:17:28'),
(114,'02',1,'App\\Models\\Tenant\\Cash',11,'App\\Models\\Tenant\\DocumentPayment',2,'2026-02-11 08:27:34','2026-02-11 08:27:34'),
(115,'02',1,'App\\Models\\Tenant\\Cash',103,'App\\Models\\Tenant\\SaleNotePayment',2,'2026-02-11 10:43:56','2026-02-11 10:43:56'),
(116,'02',1,'App\\Models\\Tenant\\Cash',104,'App\\Models\\Tenant\\SaleNotePayment',2,'2026-02-11 10:44:56','2026-02-11 10:44:56'),
(117,'02',1,'App\\Models\\Tenant\\Cash',105,'App\\Models\\Tenant\\SaleNotePayment',2,'2026-02-11 14:53:59','2026-02-11 14:53:59'),
(118,'02',1,'App\\Models\\Tenant\\Cash',106,'App\\Models\\Tenant\\SaleNotePayment',2,'2026-02-11 17:26:28','2026-02-11 17:26:28'),
(119,'02',1,'App\\Models\\Tenant\\Cash',107,'App\\Models\\Tenant\\SaleNotePayment',2,'2026-02-12 14:11:34','2026-02-12 14:11:34'),
(120,'02',1,'App\\Models\\Tenant\\Cash',12,'App\\Models\\Tenant\\DocumentPayment',2,'2026-02-12 14:26:58','2026-02-12 14:26:58'),
(121,'02',1,'App\\Models\\Tenant\\Cash',108,'App\\Models\\Tenant\\SaleNotePayment',2,'2026-02-12 15:58:37','2026-02-12 15:58:37'),
(122,'02',1,'App\\Models\\Tenant\\Cash',109,'App\\Models\\Tenant\\SaleNotePayment',2,'2026-02-12 17:35:39','2026-02-12 17:35:39'),
(123,'02',1,'App\\Models\\Tenant\\Cash',13,'App\\Models\\Tenant\\DocumentPayment',2,'2026-02-12 18:14:43','2026-02-12 18:14:43'),
(124,'02',1,'App\\Models\\Tenant\\Cash',110,'App\\Models\\Tenant\\SaleNotePayment',2,'2026-02-12 18:53:08','2026-02-12 18:53:08'),
(125,'02',1,'App\\Models\\Tenant\\Cash',111,'App\\Models\\Tenant\\SaleNotePayment',2,'2026-02-12 19:33:55','2026-02-12 19:33:55'),
(126,'02',1,'App\\Models\\Tenant\\Cash',112,'App\\Models\\Tenant\\SaleNotePayment',2,'2026-02-13 07:59:48','2026-02-13 07:59:48'),
(127,'02',1,'App\\Models\\Tenant\\Cash',113,'App\\Models\\Tenant\\SaleNotePayment',2,'2026-02-13 16:04:26','2026-02-13 16:04:26'),
(128,'02',1,'App\\Models\\Tenant\\Cash',114,'App\\Models\\Tenant\\SaleNotePayment',2,'2026-02-13 16:29:13','2026-02-13 16:29:13'),
(129,'02',1,'App\\Models\\Tenant\\Cash',115,'App\\Models\\Tenant\\SaleNotePayment',2,'2026-02-13 16:33:18','2026-02-13 16:33:18'),
(130,'02',1,'App\\Models\\Tenant\\Cash',116,'App\\Models\\Tenant\\SaleNotePayment',2,'2026-02-13 17:50:10','2026-02-13 17:50:10'),
(131,'02',1,'App\\Models\\Tenant\\Cash',117,'App\\Models\\Tenant\\SaleNotePayment',2,'2026-02-13 17:50:58','2026-02-13 17:50:58'),
(132,'02',1,'App\\Models\\Tenant\\Cash',118,'App\\Models\\Tenant\\SaleNotePayment',2,'2026-02-13 17:59:49','2026-02-13 17:59:49'),
(133,'02',1,'App\\Models\\Tenant\\Cash',119,'App\\Models\\Tenant\\SaleNotePayment',2,'2026-02-16 09:11:49','2026-02-16 09:11:49'),
(134,'02',1,'App\\Models\\Tenant\\Cash',120,'App\\Models\\Tenant\\SaleNotePayment',2,'2026-02-16 09:24:47','2026-02-16 09:24:47'),
(135,'02',1,'App\\Models\\Tenant\\Cash',14,'App\\Models\\Tenant\\DocumentPayment',2,'2026-02-16 09:37:58','2026-02-16 09:37:58'),
(136,'02',1,'App\\Models\\Tenant\\Cash',15,'App\\Models\\Tenant\\DocumentPayment',2,'2026-02-17 11:04:34','2026-02-17 11:04:34'),
(137,'02',1,'App\\Models\\Tenant\\Cash',16,'App\\Models\\Tenant\\DocumentPayment',2,'2026-02-17 14:13:09','2026-02-17 14:13:09'),
(138,'02',1,'App\\Models\\Tenant\\Cash',17,'App\\Models\\Tenant\\DocumentPayment',2,'2026-02-23 14:34:53','2026-02-23 14:34:53'),
(139,'02',1,'App\\Models\\Tenant\\Cash',18,'App\\Models\\Tenant\\DocumentPayment',2,'2026-02-24 15:37:10','2026-02-24 15:37:10'),
(140,'02',1,'App\\Models\\Tenant\\Cash',121,'App\\Models\\Tenant\\SaleNotePayment',2,'2026-02-24 19:06:26','2026-02-24 19:06:26'),
(141,'02',1,'App\\Models\\Tenant\\Cash',19,'App\\Models\\Tenant\\DocumentPayment',2,'2026-02-26 20:40:35','2026-02-26 20:40:35'),
(142,'02',1,'App\\Models\\Tenant\\Cash',20,'App\\Models\\Tenant\\DocumentPayment',2,'2026-02-26 20:41:35','2026-02-26 20:41:35'),
(143,'02',1,'App\\Models\\Tenant\\Cash',21,'App\\Models\\Tenant\\DocumentPayment',2,'2026-03-10 17:29:08','2026-03-10 17:29:08'),
(144,'02',1,'App\\Models\\Tenant\\Cash',22,'App\\Models\\Tenant\\DocumentPayment',2,'2026-03-18 14:37:05','2026-03-18 14:37:05'),
(145,'02',1,'App\\Models\\Tenant\\Cash',23,'App\\Models\\Tenant\\DocumentPayment',2,'2026-03-18 14:41:03','2026-03-18 14:41:03'),
(146,'02',1,'App\\Models\\Tenant\\Cash',24,'App\\Models\\Tenant\\DocumentPayment',2,'2026-03-24 21:09:03','2026-03-24 21:09:03'),
(147,'02',1,'App\\Models\\Tenant\\Cash',25,'App\\Models\\Tenant\\DocumentPayment',2,'2026-04-07 14:47:22','2026-04-07 14:47:22'),
(148,'02',1,'App\\Models\\Tenant\\Cash',26,'App\\Models\\Tenant\\DocumentPayment',2,'2026-04-19 18:51:11','2026-04-19 18:51:11'),
(149,'02',1,'App\\Models\\Tenant\\Cash',27,'App\\Models\\Tenant\\DocumentPayment',2,'2026-04-20 14:55:40','2026-04-20 14:55:40'),
(150,'02',1,'App\\Models\\Tenant\\Cash',28,'App\\Models\\Tenant\\DocumentPayment',2,'2026-04-29 10:32:39','2026-04-29 10:32:39'),
(151,'02',1,'App\\Models\\Tenant\\Cash',29,'App\\Models\\Tenant\\DocumentPayment',2,'2026-05-02 14:41:19','2026-05-02 14:41:19'),
(152,'02',1,'App\\Models\\Tenant\\Cash',30,'App\\Models\\Tenant\\DocumentPayment',2,'2026-05-08 20:19:26','2026-05-08 20:19:26'),
(153,'02',2,'App\\Models\\Tenant\\Cash',2,'Modules\\Pos\\Models\\CashTransaction',1,'2026-05-12 18:25:16','2026-05-12 18:25:16'),
(154,'02',2,'App\\Models\\Tenant\\Cash',31,'App\\Models\\Tenant\\DocumentPayment',1,'2026-05-12 18:28:37','2026-05-12 18:28:37'),
(155,'02',1,'App\\Models\\Tenant\\Cash',32,'App\\Models\\Tenant\\DocumentPayment',2,'2026-05-13 11:27:14','2026-05-13 11:27:14'),
(156,'02',1,'App\\Models\\Tenant\\Cash',122,'App\\Models\\Tenant\\SaleNotePayment',2,'2026-05-13 11:32:09','2026-05-13 11:32:09'),
(157,'02',1,'App\\Models\\Tenant\\Cash',123,'App\\Models\\Tenant\\SaleNotePayment',2,'2026-05-13 11:33:22','2026-05-13 11:33:22'),
(158,'02',1,'App\\Models\\Tenant\\Cash',33,'App\\Models\\Tenant\\DocumentPayment',2,'2026-05-13 11:34:10','2026-05-13 11:34:10'),
(159,'02',1,'App\\Models\\Tenant\\Cash',34,'App\\Models\\Tenant\\DocumentPayment',2,'2026-05-13 14:58:02','2026-05-13 14:58:02'),
(160,'02',1,'App\\Models\\Tenant\\Cash',35,'App\\Models\\Tenant\\DocumentPayment',2,'2026-05-19 14:56:38','2026-05-19 14:56:38'),
(161,'02',1,'App\\Models\\Tenant\\Cash',36,'App\\Models\\Tenant\\DocumentPayment',2,'2026-05-19 15:00:31','2026-05-19 15:00:31'),
(162,'02',1,'App\\Models\\Tenant\\Cash',124,'App\\Models\\Tenant\\SaleNotePayment',2,'2026-05-20 15:21:35','2026-05-20 15:21:35'),
(163,'02',1,'App\\Models\\Tenant\\Cash',125,'App\\Models\\Tenant\\SaleNotePayment',2,'2026-05-21 07:58:44','2026-05-21 07:58:44'),
(164,'02',1,'App\\Models\\Tenant\\Cash',37,'App\\Models\\Tenant\\DocumentPayment',2,'2026-05-22 14:34:58','2026-05-22 14:34:58'),
(165,'02',1,'App\\Models\\Tenant\\Cash',38,'App\\Models\\Tenant\\DocumentPayment',2,'2026-05-25 11:39:54','2026-05-25 11:39:54'),
(166,'02',1,'App\\Models\\Tenant\\Cash',39,'App\\Models\\Tenant\\DocumentPayment',2,'2026-05-31 14:32:43','2026-05-31 14:32:43'),
(167,'02',1,'App\\Models\\Tenant\\Cash',40,'App\\Models\\Tenant\\DocumentPayment',2,'2026-05-31 14:32:43','2026-05-31 14:32:43'),
(168,'02',1,'App\\Models\\Tenant\\Cash',41,'App\\Models\\Tenant\\DocumentPayment',2,'2026-06-03 17:52:43','2026-06-03 17:52:43'),
(169,'02',1,'App\\Models\\Tenant\\Cash',42,'App\\Models\\Tenant\\DocumentPayment',2,'2026-06-05 14:36:09','2026-06-05 14:36:09'),
(170,'02',1,'App\\Models\\Tenant\\Cash',43,'App\\Models\\Tenant\\DocumentPayment',2,'2026-06-05 14:47:45','2026-06-05 14:47:45'),
(171,'02',1,'App\\Models\\Tenant\\Cash',44,'App\\Models\\Tenant\\DocumentPayment',2,'2026-06-10 11:08:48','2026-06-10 11:08:48'),
(172,'02',1,'App\\Models\\Tenant\\Cash',45,'App\\Models\\Tenant\\DocumentPayment',2,'2026-06-11 08:55:26','2026-06-11 08:55:26'),
(173,'02',1,'App\\Models\\Tenant\\Cash',46,'App\\Models\\Tenant\\DocumentPayment',2,'2026-06-18 20:47:03','2026-06-18 20:47:03'),
(174,'02',1,'App\\Models\\Tenant\\Cash',47,'App\\Models\\Tenant\\DocumentPayment',2,'2026-06-18 20:52:57','2026-06-18 20:52:57'),
(175,'02',1,'App\\Models\\Tenant\\Cash',48,'App\\Models\\Tenant\\DocumentPayment',2,'2026-06-19 18:30:57','2026-06-19 18:30:57'),
(176,'02',1,'App\\Models\\Tenant\\Cash',49,'App\\Models\\Tenant\\DocumentPayment',2,'2026-06-20 15:03:36','2026-06-20 15:03:36'),
(177,'02',1,'App\\Models\\Tenant\\Cash',50,'App\\Models\\Tenant\\DocumentPayment',2,'2026-06-24 11:28:00','2026-06-24 11:28:00');
COMMIT;

--
-- Table structure for table `groups`
--

CREATE TABLE `groups` (
  `id` char(2) NOT NULL,
  `description` varchar(255) NOT NULL,
  KEY `groups_id_index` (`id`)
) ENGINE=InnoDB DEFAULT CHARSET=utf8mb4 COLLATE=utf8mb4_unicode_ci;

--
-- Dumping data for table `groups`
--

INSERT INTO `groups` VALUES
('01','Facturas'),
('02','Boletas');
COMMIT;

--
-- Table structure for table `guide_files`
--

CREATE TABLE `guide_files` (
  `id` int(10) unsigned NOT NULL AUTO_INCREMENT,
  `filename` text DEFAULT NULL COMMENT 'Nombre de archivo',
  `purchase_id` int(10) unsigned DEFAULT 0 COMMENT 'Relacion con purchases',
  `document_id` int(10) unsigned DEFAULT 0 COMMENT 'Relacion con documents',
  `order_note_id` int(10) unsigned DEFAULT 0 COMMENT 'Relacion con order_notes',
  `quotation_id` int(10) unsigned DEFAULT 0 COMMENT 'Relacion con quotations',
  `sale_note_id` int(10) unsigned DEFAULT 0 COMMENT 'Relacion con sale_notes',
  `created_at` timestamp NULL DEFAULT NULL,
  `updated_at` timestamp NULL DEFAULT NULL,
  PRIMARY KEY (`id`)
) ENGINE=InnoDB DEFAULT CHARSET=utf8mb4 COLLATE=utf8mb4_unicode_ci;

--
-- Dumping data for table `guide_files`
--

COMMIT;

--
-- Table structure for table `guide_items`
--

CREATE TABLE `guide_items` (
  `id` int(10) unsigned NOT NULL AUTO_INCREMENT,
  `guide_id` int(10) unsigned NOT NULL,
  `item_id` int(10) unsigned NOT NULL,
  `item_name` varchar(255) NOT NULL,
  `quantity` decimal(20,8) NOT NULL,
  `unit_cost` decimal(20,8) NOT NULL,
  `total` decimal(12,2) NOT NULL,
  PRIMARY KEY (`id`),
  KEY `guide_items_guide_id_foreign` (`guide_id`),
  KEY `guide_items_item_id_foreign` (`item_id`),
  CONSTRAINT `guide_items_guide_id_foreign` FOREIGN KEY (`guide_id`) REFERENCES `guides` (`id`) ON DELETE CASCADE,
  CONSTRAINT `guide_items_item_id_foreign` FOREIGN KEY (`item_id`) REFERENCES `items` (`id`)
) ENGINE=InnoDB AUTO_INCREMENT=11 DEFAULT CHARSET=utf8mb4 COLLATE=utf8mb4_unicode_ci;

--
-- Dumping data for table `guide_items`
--

INSERT INTO `guide_items` VALUES
(1,1,2027,'VOLTAREN  EMULGEN',1.00000000,0.00000000,0.00),
(2,2,1883,'NAPROXENO  SODICO 550MG(FARMINDUSTRIA)',55.00000000,0.00000000,0.00),
(3,3,1883,'NAPROXENO  SODICO 550MG(FARMINDUSTRIA)',15.00000000,0.00000000,0.00),
(4,4,1883,'NAPROXENO  SODICO 550MG(FARMINDUSTRIA)',102.00000000,0.00000000,0.00),
(5,5,1811,'NAPROXENO SODICO 500MG(PORTUGAL)',11.00000000,0.00000000,0.00),
(6,6,2336,'VICLORAX',100.00000000,0.00000000,0.00),
(7,7,1995,'FOSADOXFORTE',29.00000000,0.00000000,0.00),
(8,8,2279,'MUCOBROL 600MG',18.00000000,0.00000000,0.00),
(9,9,2300,'ENZO',23.00000000,0.00000000,0.00),
(10,10,1807,'PANTOPRAZOL 40MG(PORTUGAL)',63.00000000,0.00000000,0.00);
COMMIT;

--
-- Table structure for table `guides`
--

CREATE TABLE `guides` (
  `id` int(10) unsigned NOT NULL AUTO_INCREMENT,
  `external_id` char(36) NOT NULL,
  `user_id` int(10) unsigned NOT NULL,
  `warehouse_id` int(10) unsigned NOT NULL,
  `soap_type_id` char(2) NOT NULL,
  `document_type_id` char(2) NOT NULL,
  `series` varchar(255) NOT NULL,
  `number` int(11) NOT NULL,
  `date_of_issue` date NOT NULL,
  `time_of_issue` time NOT NULL,
  `inventory_transaction_id` char(255) NOT NULL,
  `guideable_id` int(10) unsigned DEFAULT NULL,
  `guideable_type` varchar(255) DEFAULT NULL,
  `observations` longtext DEFAULT NULL,
  `filename` varchar(255) DEFAULT NULL,
  `created_at` timestamp NULL DEFAULT NULL,
  `updated_at` timestamp NULL DEFAULT NULL,
  PRIMARY KEY (`id`),
  UNIQUE KEY `guides_series_number_unique` (`soap_type_id`,`document_type_id`,`series`,`number`),
  KEY `guides_user_id_foreign` (`user_id`),
  KEY `guides_warehouse_id_foreign` (`warehouse_id`),
  KEY `guides_document_type_id_foreign` (`document_type_id`),
  KEY `guides_inventory_transaction_id_foreign` (`inventory_transaction_id`),
  CONSTRAINT `guides_document_type_id_foreign` FOREIGN KEY (`document_type_id`) REFERENCES `cat_document_types` (`id`),
  CONSTRAINT `guides_inventory_transaction_id_foreign` FOREIGN KEY (`inventory_transaction_id`) REFERENCES `inventory_transactions` (`id`),
  CONSTRAINT `guides_soap_type_id_foreign` FOREIGN KEY (`soap_type_id`) REFERENCES `soap_types` (`id`),
  CONSTRAINT `guides_user_id_foreign` FOREIGN KEY (`user_id`) REFERENCES `users` (`id`),
  CONSTRAINT `guides_warehouse_id_foreign` FOREIGN KEY (`warehouse_id`) REFERENCES `warehouses` (`id`)
) ENGINE=InnoDB AUTO_INCREMENT=11 DEFAULT CHARSET=utf8mb4 COLLATE=utf8mb4_unicode_ci;

--
-- Dumping data for table `guides`
--

INSERT INTO `guides` VALUES
(1,'9eb6ddd5-2196-44e7-aa82-f11faa589bbe',2,1,'02','U2','NIA1',1,'2026-01-24','19:31:00','19',NULL,NULL,NULL,'10448331101-U2-NIA1-1','2026-01-24 19:31:00','2026-01-24 19:31:00'),
(2,'97f7d3f7-8bd7-434a-a2d9-a63fde7b9226',2,1,'02','U2','NIA1',2,'2026-01-24','19:59:28','03',NULL,NULL,NULL,'10448331101-U2-NIA1-2','2026-01-24 19:59:28','2026-01-24 19:59:28'),
(3,'65ad376d-45b2-4971-ba96-4ae61ec60d42',2,1,'02','U2','NIA1',3,'2026-01-24','19:59:52','03',NULL,NULL,NULL,'10448331101-U2-NIA1-3','2026-01-24 19:59:52','2026-01-24 19:59:52'),
(4,'6575531c-505a-4589-8be0-4bd93becbac3',2,1,'02','U2','NIA1',4,'2026-01-24','20:07:04','03',NULL,NULL,NULL,'10448331101-U2-NIA1-4','2026-01-24 20:07:04','2026-01-24 20:07:04'),
(5,'c0eadc5b-1569-4711-b446-1e4007394ca5',2,1,'02','U3','NSA1',1,'2026-01-24','20:09:41','01',NULL,NULL,NULL,'10448331101-U3-NSA1-1','2026-01-24 20:09:41','2026-01-24 20:09:41'),
(6,'5753f1bb-14a7-434c-8dde-d91f2af30be4',2,1,'02','U2','NIA1',5,'2026-02-05','19:28:23','19',NULL,NULL,NULL,'10448331101-U2-NIA1-5','2026-02-05 19:28:23','2026-02-05 19:28:23'),
(7,'33542894-f72f-4878-8dd1-2ce31131d277',2,1,'02','U2','NIA1',6,'2026-02-07','20:43:14','02',NULL,NULL,NULL,'10448331101-U2-NIA1-6','2026-02-07 20:43:14','2026-02-07 20:43:14'),
(8,'64caceff-4025-4841-a6aa-390c87dd494e',2,1,'02','U2','NIA1',7,'2026-02-09','12:49:35','16',NULL,NULL,NULL,'10448331101-U2-NIA1-7','2026-02-09 12:49:35','2026-02-09 12:49:35'),
(9,'50fe2ddd-a799-4caf-94ae-9677a68b4046',2,1,'02','U2','NIA1',8,'2026-02-09','13:12:15','16',NULL,NULL,NULL,'10448331101-U2-NIA1-8','2026-02-09 13:12:15','2026-02-09 13:12:15'),
(10,'22e8ae73-2764-43ea-b42e-3902323644cb',2,1,'02','U2','NIA1',9,'2026-02-09','15:56:04','16',NULL,NULL,NULL,'10448331101-U2-NIA1-9','2026-02-09 15:56:04','2026-02-09 15:56:04');
COMMIT;

--
-- Table structure for table `hotel_categories`
--

CREATE TABLE `hotel_categories` (
  `id` int(10) unsigned NOT NULL AUTO_INCREMENT,
  `description` varchar(50) NOT NULL,
  `image` varchar(150) DEFAULT NULL,
  `active` tinyint(1) NOT NULL DEFAULT 1,
  `created_at` timestamp NULL DEFAULT NULL,
  `updated_at` timestamp NULL DEFAULT NULL,
  PRIMARY KEY (`id`)
) ENGINE=InnoDB DEFAULT CHARSET=utf8mb4 COLLATE=utf8mb4_unicode_ci;

--
-- Dumping data for table `hotel_categories`
--

COMMIT;

--
-- Table structure for table `hotel_floors`
--

CREATE TABLE `hotel_floors` (
  `id` int(10) unsigned NOT NULL AUTO_INCREMENT,
  `description` varchar(25) NOT NULL,
  `active` tinyint(1) NOT NULL DEFAULT 1,
  `created_at` timestamp NULL DEFAULT NULL,
  `updated_at` timestamp NULL DEFAULT NULL,
  PRIMARY KEY (`id`)
) ENGINE=InnoDB DEFAULT CHARSET=utf8mb4 COLLATE=utf8mb4_unicode_ci;

--
-- Dumping data for table `hotel_floors`
--

COMMIT;

--
-- Table structure for table `hotel_rates`
--

CREATE TABLE `hotel_rates` (
  `id` int(10) unsigned NOT NULL AUTO_INCREMENT,
  `description` varchar(50) NOT NULL,
  `active` tinyint(1) NOT NULL DEFAULT 1,
  `created_at` timestamp NULL DEFAULT NULL,
  `updated_at` timestamp NULL DEFAULT NULL,
  PRIMARY KEY (`id`)
) ENGINE=InnoDB DEFAULT CHARSET=utf8mb4 COLLATE=utf8mb4_unicode_ci;

--
-- Dumping data for table `hotel_rates`
--

COMMIT;

--
-- Table structure for table `hotel_rent_item_payments`
--

CREATE TABLE `hotel_rent_item_payments` (
  `id` int(10) unsigned NOT NULL AUTO_INCREMENT,
  `hotel_rent_item_id` int(10) unsigned NOT NULL,
  `date_of_payment` date NOT NULL,
  `payment_method_type_id` char(2) NOT NULL,
  `reference` varchar(255) DEFAULT NULL,
  `change` decimal(12,2) DEFAULT NULL,
  `payment` decimal(12,2) NOT NULL,
  PRIMARY KEY (`id`),
  KEY `hotel_rent_item_payments_hotel_rent_item_id_foreign` (`hotel_rent_item_id`),
  KEY `hotel_rent_item_payments_payment_method_type_id_foreign` (`payment_method_type_id`),
  KEY `hotel_rent_item_payments_date_of_payment_index` (`date_of_payment`),
  CONSTRAINT `hotel_rent_item_payments_hotel_rent_item_id_foreign` FOREIGN KEY (`hotel_rent_item_id`) REFERENCES `hotel_rent_items` (`id`) ON DELETE CASCADE,
  CONSTRAINT `hotel_rent_item_payments_payment_method_type_id_foreign` FOREIGN KEY (`payment_method_type_id`) REFERENCES `payment_method_types` (`id`)
) ENGINE=InnoDB DEFAULT CHARSET=utf8mb4 COLLATE=utf8mb4_unicode_ci;

--
-- Dumping data for table `hotel_rent_item_payments`
--

COMMIT;

--
-- Table structure for table `hotel_rent_items`
--

CREATE TABLE `hotel_rent_items` (
  `id` int(10) unsigned NOT NULL AUTO_INCREMENT,
  `type` varchar(3) NOT NULL,
  `hotel_rent_id` int(10) unsigned NOT NULL,
  `item_id` int(10) unsigned NOT NULL,
  `item` text DEFAULT NULL,
  `payment_status` varchar(255) NOT NULL,
  `created_at` timestamp NULL DEFAULT NULL,
  `updated_at` timestamp NULL DEFAULT NULL,
  PRIMARY KEY (`id`),
  KEY `hotel_rent_items_hotel_rent_id_foreign` (`hotel_rent_id`),
  KEY `hotel_rent_items_item_id_foreign` (`item_id`),
  CONSTRAINT `hotel_rent_items_hotel_rent_id_foreign` FOREIGN KEY (`hotel_rent_id`) REFERENCES `hotel_rents` (`id`) ON DELETE CASCADE,
  CONSTRAINT `hotel_rent_items_item_id_foreign` FOREIGN KEY (`item_id`) REFERENCES `items` (`id`) ON DELETE CASCADE
) ENGINE=InnoDB DEFAULT CHARSET=utf8mb4 COLLATE=utf8mb4_unicode_ci;

--
-- Dumping data for table `hotel_rent_items`
--

COMMIT;

--
-- Table structure for table `hotel_rents`
--

CREATE TABLE `hotel_rents` (
  `id` int(10) unsigned NOT NULL AUTO_INCREMENT,
  `customer_id` int(10) unsigned NOT NULL,
  `customer` text NOT NULL,
  `notes` varchar(250) DEFAULT NULL,
  `towels` int(11) NOT NULL DEFAULT 1,
  `hotel_room_id` int(10) unsigned NOT NULL,
  `hotel_rate_id` int(10) unsigned DEFAULT NULL,
  `duration` int(11) NOT NULL DEFAULT 1,
  `quantity_persons` int(11) NOT NULL DEFAULT 1,
  `input_date` date DEFAULT NULL,
  `input_time` varchar(8) DEFAULT NULL,
  `payment_status` varchar(10) NOT NULL,
  `output_date` date NOT NULL,
  `output_time` varchar(8) NOT NULL,
  `arrears` int(11) NOT NULL DEFAULT 0,
  `status` varchar(10) NOT NULL DEFAULT 'INICIADO',
  `created_at` timestamp NULL DEFAULT NULL,
  `updated_at` timestamp NULL DEFAULT NULL,
  PRIMARY KEY (`id`),
  KEY `hotel_rents_hotel_rate_id_foreign` (`hotel_rate_id`),
  CONSTRAINT `hotel_rents_hotel_rate_id_foreign` FOREIGN KEY (`hotel_rate_id`) REFERENCES `hotel_rates` (`id`)
) ENGINE=InnoDB DEFAULT CHARSET=utf8mb4 COLLATE=utf8mb4_unicode_ci;

--
-- Dumping data for table `hotel_rents`
--

COMMIT;

--
-- Table structure for table `hotel_room_rates`
--

CREATE TABLE `hotel_room_rates` (
  `id` int(10) unsigned NOT NULL AUTO_INCREMENT,
  `hotel_room_id` int(10) unsigned NOT NULL,
  `hotel_rate_id` int(10) unsigned NOT NULL,
  `price` double NOT NULL DEFAULT 0,
  `created_at` timestamp NULL DEFAULT NULL,
  `updated_at` timestamp NULL DEFAULT NULL,
  PRIMARY KEY (`id`),
  KEY `hotel_room_rates_hotel_room_id_foreign` (`hotel_room_id`),
  KEY `hotel_room_rates_hotel_rate_id_foreign` (`hotel_rate_id`),
  CONSTRAINT `hotel_room_rates_hotel_rate_id_foreign` FOREIGN KEY (`hotel_rate_id`) REFERENCES `hotel_rates` (`id`) ON DELETE CASCADE,
  CONSTRAINT `hotel_room_rates_hotel_room_id_foreign` FOREIGN KEY (`hotel_room_id`) REFERENCES `hotel_rooms` (`id`) ON DELETE CASCADE
) ENGINE=InnoDB DEFAULT CHARSET=utf8mb4 COLLATE=utf8mb4_unicode_ci;

--
-- Dumping data for table `hotel_room_rates`
--

COMMIT;

--
-- Table structure for table `hotel_rooms`
--

CREATE TABLE `hotel_rooms` (
  `id` int(10) unsigned NOT NULL AUTO_INCREMENT,
  `item_id` int(10) unsigned DEFAULT NULL,
  `hotel_category_id` int(10) unsigned NOT NULL,
  `hotel_floor_id` int(10) unsigned NOT NULL,
  `name` varchar(25) NOT NULL,
  `description` varchar(250) DEFAULT NULL,
  `status` varchar(255) NOT NULL DEFAULT 'DISPONIBLE',
  `active` tinyint(1) NOT NULL DEFAULT 1,
  `created_at` timestamp NULL DEFAULT NULL,
  `updated_at` timestamp NULL DEFAULT NULL,
  PRIMARY KEY (`id`),
  KEY `hotel_rooms_hotel_category_id_foreign` (`hotel_category_id`),
  KEY `hotel_rooms_hotel_floor_id_foreign` (`hotel_floor_id`),
  KEY `hotel_rooms_item_id_foreign` (`item_id`),
  CONSTRAINT `hotel_rooms_hotel_category_id_foreign` FOREIGN KEY (`hotel_category_id`) REFERENCES `hotel_categories` (`id`) ON DELETE CASCADE,
  CONSTRAINT `hotel_rooms_hotel_floor_id_foreign` FOREIGN KEY (`hotel_floor_id`) REFERENCES `hotel_floors` (`id`) ON DELETE CASCADE,
  CONSTRAINT `hotel_rooms_item_id_foreign` FOREIGN KEY (`item_id`) REFERENCES `items` (`id`) ON DELETE CASCADE
) ENGINE=InnoDB DEFAULT CHARSET=utf8mb4 COLLATE=utf8mb4_unicode_ci;

--
-- Dumping data for table `hotel_rooms`
--

COMMIT;

--
-- Table structure for table `income`
--

CREATE TABLE `income` (
  `id` int(10) unsigned NOT NULL AUTO_INCREMENT,
  `user_id` int(10) unsigned NOT NULL,
  `income_type_id` int(10) unsigned NOT NULL,
  `income_reason_id` int(10) unsigned NOT NULL,
  `soap_type_id` char(2) NOT NULL,
  `state_type_id` char(2) NOT NULL,
  `establishment_id` int(10) unsigned NOT NULL,
  `customer` varchar(255) NOT NULL,
  `currency_type_id` varchar(255) NOT NULL,
  `external_id` char(36) NOT NULL,
  `number` int(11) NOT NULL,
  `date_of_issue` date NOT NULL,
  `time_of_issue` time NOT NULL,
  `exchange_rate_sale` decimal(13,3) NOT NULL,
  `total` decimal(12,2) NOT NULL,
  `filename` varchar(255) DEFAULT NULL,
  `created_at` timestamp NULL DEFAULT NULL,
  `updated_at` timestamp NULL DEFAULT NULL,
  PRIMARY KEY (`id`),
  UNIQUE KEY `income_filename_unique` (`filename`),
  KEY `income_user_id_foreign` (`user_id`),
  KEY `income_establishment_id_foreign` (`establishment_id`),
  KEY `income_income_type_id_foreign` (`income_type_id`),
  KEY `income_income_reason_id_foreign` (`income_reason_id`),
  KEY `income_state_type_id_foreign` (`state_type_id`),
  KEY `income_soap_type_id_foreign` (`soap_type_id`),
  KEY `income_currency_type_id_foreign` (`currency_type_id`),
  KEY `income_number_index` (`number`),
  KEY `income_date_of_issue_index` (`date_of_issue`),
  KEY `income_external_id_index` (`external_id`),
  CONSTRAINT `income_currency_type_id_foreign` FOREIGN KEY (`currency_type_id`) REFERENCES `cat_currency_types` (`id`),
  CONSTRAINT `income_establishment_id_foreign` FOREIGN KEY (`establishment_id`) REFERENCES `establishments` (`id`),
  CONSTRAINT `income_income_reason_id_foreign` FOREIGN KEY (`income_reason_id`) REFERENCES `income_reasons` (`id`),
  CONSTRAINT `income_income_type_id_foreign` FOREIGN KEY (`income_type_id`) REFERENCES `income_types` (`id`),
  CONSTRAINT `income_soap_type_id_foreign` FOREIGN KEY (`soap_type_id`) REFERENCES `soap_types` (`id`),
  CONSTRAINT `income_state_type_id_foreign` FOREIGN KEY (`state_type_id`) REFERENCES `state_types` (`id`),
  CONSTRAINT `income_user_id_foreign` FOREIGN KEY (`user_id`) REFERENCES `users` (`id`)
) ENGINE=InnoDB DEFAULT CHARSET=utf8mb4 COLLATE=utf8mb4_unicode_ci;

--
-- Dumping data for table `income`
--

COMMIT;

--
-- Table structure for table `income_items`
--

CREATE TABLE `income_items` (
  `id` int(10) unsigned NOT NULL AUTO_INCREMENT,
  `income_id` int(10) unsigned NOT NULL,
  `description` varchar(255) NOT NULL,
  `total` decimal(12,2) NOT NULL,
  PRIMARY KEY (`id`),
  KEY `income_items_income_id_foreign` (`income_id`),
  CONSTRAINT `income_items_income_id_foreign` FOREIGN KEY (`income_id`) REFERENCES `income` (`id`) ON DELETE CASCADE
) ENGINE=InnoDB DEFAULT CHARSET=utf8mb4 COLLATE=utf8mb4_unicode_ci;

--
-- Dumping data for table `income_items`
--

COMMIT;

--
-- Table structure for table `income_payments`
--

CREATE TABLE `income_payments` (
  `id` int(10) unsigned NOT NULL AUTO_INCREMENT,
  `income_id` int(10) unsigned NOT NULL,
  `date_of_payment` date NOT NULL,
  `payment_method_type_id` char(2) NOT NULL,
  `has_card` tinyint(1) NOT NULL DEFAULT 0,
  `card_brand_id` char(2) DEFAULT NULL,
  `reference` varchar(255) DEFAULT NULL,
  `change` decimal(12,2) DEFAULT NULL,
  `payment` decimal(12,2) NOT NULL,
  PRIMARY KEY (`id`),
  KEY `income_payments_income_id_foreign` (`income_id`),
  KEY `income_payments_card_brand_id_foreign` (`card_brand_id`),
  KEY `income_payments_payment_method_type_id_foreign` (`payment_method_type_id`),
  CONSTRAINT `income_payments_card_brand_id_foreign` FOREIGN KEY (`card_brand_id`) REFERENCES `card_brands` (`id`),
  CONSTRAINT `income_payments_income_id_foreign` FOREIGN KEY (`income_id`) REFERENCES `income` (`id`) ON DELETE CASCADE,
  CONSTRAINT `income_payments_payment_method_type_id_foreign` FOREIGN KEY (`payment_method_type_id`) REFERENCES `payment_method_types` (`id`)
) ENGINE=InnoDB DEFAULT CHARSET=utf8mb4 COLLATE=utf8mb4_unicode_ci;

--
-- Dumping data for table `income_payments`
--

COMMIT;

--
-- Table structure for table `income_reasons`
--

CREATE TABLE `income_reasons` (
  `id` int(10) unsigned NOT NULL AUTO_INCREMENT,
  `description` varchar(255) NOT NULL,
  PRIMARY KEY (`id`)
) ENGINE=InnoDB AUTO_INCREMENT=2 DEFAULT CHARSET=utf8mb4 COLLATE=utf8mb4_unicode_ci;

--
-- Dumping data for table `income_reasons`
--

INSERT INTO `income_reasons` VALUES
(1,'Varios');
COMMIT;

--
-- Table structure for table `income_types`
--

CREATE TABLE `income_types` (
  `id` int(10) unsigned NOT NULL AUTO_INCREMENT,
  `description` varchar(255) NOT NULL,
  `created_at` timestamp NULL DEFAULT NULL,
  `updated_at` timestamp NULL DEFAULT NULL,
  PRIMARY KEY (`id`)
) ENGINE=InnoDB AUTO_INCREMENT=4 DEFAULT CHARSET=utf8mb4 COLLATE=utf8mb4_unicode_ci;

--
-- Dumping data for table `income_types`
--

INSERT INTO `income_types` VALUES
(1,'INGRESOS FINANCIEROS','2025-12-27 23:33:42','2025-12-27 23:33:42'),
(2,'PRESTAMOS','2025-12-27 23:33:42','2025-12-27 23:33:42'),
(3,'OTROS','2025-12-27 23:33:42','2025-12-27 23:33:42');
COMMIT;

--
-- Table structure for table `inventories`
--

CREATE TABLE `inventories` (
  `id` int(10) unsigned NOT NULL AUTO_INCREMENT,
  `type` enum('1','2','3') DEFAULT NULL,
  `description` varchar(255) NOT NULL,
  `detail` varchar(255) DEFAULT NULL,
  `item_id` int(10) unsigned NOT NULL,
  `presentation_unit_type_id` int(10) unsigned DEFAULT NULL,
  `warehouse_id` int(10) unsigned NOT NULL,
  `warehouse_destination_id` int(10) unsigned DEFAULT NULL,
  `user_id` int(10) unsigned DEFAULT NULL,
  `inventory_transaction_id` varchar(255) DEFAULT NULL,
  `quantity` decimal(12,4) NOT NULL,
  `lot_code` varchar(255) DEFAULT NULL,
  `inventories_transfer_id` int(10) unsigned DEFAULT NULL,
  `comments` varchar(255) DEFAULT NULL,
  `date_of_issue` date DEFAULT NULL,
  `guide_id` int(10) unsigned DEFAULT NULL,
  `devolution_id` int(10) unsigned DEFAULT NULL,
  `system_stock` decimal(12,4) DEFAULT NULL,
  `real_stock` decimal(12,4) DEFAULT NULL,
  `created_at` timestamp NULL DEFAULT NULL,
  `updated_at` timestamp NULL DEFAULT NULL,
  PRIMARY KEY (`id`),
  KEY `inventories_item_id_foreign` (`item_id`),
  KEY `inventories_warehouse_id_foreign` (`warehouse_id`),
  KEY `inventories_inventory_transaction_id_foreign` (`inventory_transaction_id`),
  KEY `inventories_inventories_transfer_id_foreign` (`inventories_transfer_id`),
  KEY `inv_presentation_idx` (`presentation_unit_type_id`),
  KEY `inventories_user_id_foreign` (`user_id`),
  CONSTRAINT `inventories_inventories_transfer_id_foreign` FOREIGN KEY (`inventories_transfer_id`) REFERENCES `inventories_transfer` (`id`),
  CONSTRAINT `inventories_inventory_transaction_id_foreign` FOREIGN KEY (`inventory_transaction_id`) REFERENCES `inventory_transactions` (`id`),
  CONSTRAINT `inventories_item_id_foreign` FOREIGN KEY (`item_id`) REFERENCES `items` (`id`) ON DELETE CASCADE,
  CONSTRAINT `inventories_user_id_foreign` FOREIGN KEY (`user_id`) REFERENCES `users` (`id`) ON DELETE SET NULL,
  CONSTRAINT `inventories_warehouse_id_foreign` FOREIGN KEY (`warehouse_id`) REFERENCES `warehouses` (`id`) ON DELETE CASCADE
) ENGINE=InnoDB AUTO_INCREMENT=2851 DEFAULT CHARSET=utf8mb4 COLLATE=utf8mb4_unicode_ci;

--
-- Dumping data for table `inventories`
--

INSERT INTO `inventories` VALUES
(2,'1','Stock inicial',NULL,2,NULL,1,NULL,1,NULL,1.0000,NULL,NULL,NULL,NULL,NULL,NULL,NULL,NULL,'2025-12-27 23:40:10','2025-12-27 23:40:10'),
(1645,'1','Stock inicial',NULL,1645,NULL,1,NULL,1,NULL,0.0000,NULL,NULL,NULL,NULL,NULL,NULL,NULL,NULL,'2026-01-19 19:05:16','2026-01-19 19:05:16'),
(1646,'1','Stock inicial',NULL,1646,NULL,1,NULL,1,NULL,1.0000,NULL,NULL,NULL,NULL,NULL,NULL,NULL,NULL,'2026-01-20 10:24:23','2026-01-20 10:24:23'),
(1647,'1','Stock inicial',NULL,1647,NULL,1,NULL,1,NULL,5.0000,NULL,NULL,NULL,NULL,NULL,NULL,NULL,NULL,'2026-01-20 10:37:56','2026-01-20 10:37:56'),
(1648,'1','Stock inicial',NULL,1648,NULL,1,NULL,1,NULL,1.0000,NULL,NULL,NULL,NULL,NULL,NULL,NULL,NULL,'2026-01-20 10:49:44','2026-01-20 10:49:44'),
(1649,'1','Stock inicial',NULL,1649,NULL,1,NULL,1,NULL,1.0000,NULL,NULL,NULL,NULL,NULL,NULL,NULL,NULL,'2026-01-20 11:23:40','2026-01-20 11:23:40'),
(1650,'1','Stock inicial',NULL,1650,NULL,1,NULL,1,NULL,1.0000,NULL,NULL,NULL,NULL,NULL,NULL,NULL,NULL,'2026-01-20 11:25:06','2026-01-20 11:25:06'),
(1651,'1','Stock inicial',NULL,1651,NULL,1,NULL,1,NULL,3.0000,NULL,NULL,NULL,NULL,NULL,NULL,NULL,NULL,'2026-01-20 11:27:50','2026-01-20 11:27:50'),
(1652,'1','Stock inicial',NULL,1652,NULL,1,NULL,1,NULL,2.0000,NULL,NULL,NULL,NULL,NULL,NULL,NULL,NULL,'2026-01-20 11:39:44','2026-01-20 11:39:44'),
(1653,'1','Stock inicial',NULL,1653,NULL,1,NULL,1,NULL,1.0000,NULL,NULL,NULL,NULL,NULL,NULL,NULL,NULL,'2026-01-20 11:40:59','2026-01-20 11:40:59'),
(1654,'1','Stock inicial',NULL,1654,NULL,1,NULL,1,NULL,3.0000,NULL,NULL,NULL,NULL,NULL,NULL,NULL,NULL,'2026-01-20 11:42:21','2026-01-20 11:42:21'),
(1655,'1','Stock inicial',NULL,1655,NULL,1,NULL,1,NULL,2.0000,NULL,NULL,NULL,NULL,NULL,NULL,NULL,NULL,'2026-01-20 11:47:15','2026-01-20 11:47:15'),
(1656,'1','Stock inicial',NULL,1656,NULL,1,NULL,1,NULL,3.0000,NULL,NULL,NULL,NULL,NULL,NULL,NULL,NULL,'2026-01-20 11:48:40','2026-01-20 11:48:40'),
(1657,'1','Stock inicial',NULL,1657,NULL,1,NULL,1,NULL,1.0000,NULL,NULL,NULL,NULL,NULL,NULL,NULL,NULL,'2026-01-20 11:50:38','2026-01-20 11:50:38'),
(1658,'1','Stock inicial',NULL,1658,NULL,1,NULL,1,NULL,2.0000,NULL,NULL,NULL,NULL,NULL,NULL,NULL,NULL,'2026-01-20 11:52:11','2026-01-20 11:52:11'),
(1659,'1','Stock inicial',NULL,1659,NULL,1,NULL,1,NULL,1.0000,NULL,NULL,NULL,NULL,NULL,NULL,NULL,NULL,'2026-01-20 11:54:15','2026-01-20 11:54:15'),
(1660,'1','Stock inicial',NULL,1660,NULL,1,NULL,1,NULL,1.0000,NULL,NULL,NULL,NULL,NULL,NULL,NULL,NULL,'2026-01-20 11:56:38','2026-01-20 11:56:38'),
(1661,'1','Stock inicial',NULL,1661,NULL,1,NULL,1,NULL,1.0000,NULL,NULL,NULL,NULL,NULL,NULL,NULL,NULL,'2026-01-20 11:58:39','2026-01-20 11:58:39'),
(1662,'1','Stock inicial',NULL,1662,NULL,1,NULL,1,NULL,1.0000,NULL,NULL,NULL,NULL,NULL,NULL,NULL,NULL,'2026-01-20 11:59:48','2026-01-20 11:59:48'),
(1663,'1','Stock inicial',NULL,1663,NULL,1,NULL,1,NULL,1.0000,NULL,NULL,NULL,NULL,NULL,NULL,NULL,NULL,'2026-01-20 12:01:13','2026-01-20 12:01:13'),
(1664,'1','Stock inicial',NULL,1664,NULL,1,NULL,1,NULL,1.0000,NULL,NULL,NULL,NULL,NULL,NULL,NULL,NULL,'2026-01-20 12:02:11','2026-01-20 12:02:11'),
(1665,'1','Stock inicial',NULL,1665,NULL,1,NULL,1,NULL,2.0000,NULL,NULL,NULL,NULL,NULL,NULL,NULL,NULL,'2026-01-20 12:03:22','2026-01-20 12:03:22'),
(1666,'1','Stock inicial',NULL,1666,NULL,1,NULL,1,NULL,1.0000,NULL,NULL,NULL,NULL,NULL,NULL,NULL,NULL,'2026-01-20 12:06:51','2026-01-20 12:06:51'),
(1667,'1','Stock inicial',NULL,1667,NULL,1,NULL,1,NULL,2.0000,NULL,NULL,NULL,NULL,NULL,NULL,NULL,NULL,'2026-01-20 12:08:33','2026-01-20 12:08:33'),
(1668,'1','Stock inicial',NULL,1668,NULL,1,NULL,1,NULL,3.0000,NULL,NULL,NULL,NULL,NULL,NULL,NULL,NULL,'2026-01-20 12:10:11','2026-01-20 12:10:11'),
(1669,'1','Stock inicial',NULL,1669,NULL,1,NULL,1,NULL,1.0000,NULL,NULL,NULL,NULL,NULL,NULL,NULL,NULL,'2026-01-20 12:13:30','2026-01-20 12:13:30'),
(1670,'1','Stock inicial',NULL,1670,NULL,1,NULL,1,NULL,1.0000,NULL,NULL,NULL,NULL,NULL,NULL,NULL,NULL,'2026-01-20 12:15:19','2026-01-20 12:15:19'),
(1671,'1','Stock inicial',NULL,1671,NULL,1,NULL,1,NULL,2.0000,NULL,NULL,NULL,NULL,NULL,NULL,NULL,NULL,'2026-01-20 12:17:19','2026-01-20 12:17:19'),
(1672,'1','Stock inicial',NULL,1672,NULL,1,NULL,1,NULL,2.0000,NULL,NULL,NULL,NULL,NULL,NULL,NULL,NULL,'2026-01-20 12:19:30','2026-01-20 12:19:30'),
(1673,'1','Stock inicial',NULL,1673,NULL,1,NULL,1,NULL,1.0000,NULL,NULL,NULL,NULL,NULL,NULL,NULL,NULL,'2026-01-20 12:21:41','2026-01-20 12:21:41'),
(1675,'1','Stock inicial',NULL,1675,NULL,1,NULL,1,NULL,3.0000,NULL,NULL,NULL,NULL,NULL,NULL,NULL,NULL,'2026-01-20 13:27:34','2026-01-20 13:27:34'),
(1676,'1','Stock inicial',NULL,1676,NULL,1,NULL,1,NULL,4.0000,NULL,NULL,NULL,NULL,NULL,NULL,NULL,NULL,'2026-01-20 13:28:52','2026-01-20 13:28:52'),
(1677,'1','Stock inicial',NULL,1677,NULL,1,NULL,1,NULL,1.0000,NULL,NULL,NULL,NULL,NULL,NULL,NULL,NULL,'2026-01-20 13:30:23','2026-01-20 13:30:23'),
(1678,'1','Stock inicial',NULL,1678,NULL,1,NULL,1,NULL,1.0000,NULL,NULL,NULL,NULL,NULL,NULL,NULL,NULL,'2026-01-20 13:33:46','2026-01-20 13:33:46'),
(1679,'1','Stock inicial',NULL,1679,NULL,1,NULL,1,NULL,5.0000,NULL,NULL,NULL,NULL,NULL,NULL,NULL,NULL,'2026-01-20 13:35:36','2026-01-20 13:35:36'),
(1680,'1','Stock inicial',NULL,1680,NULL,1,NULL,1,NULL,3.0000,NULL,NULL,NULL,NULL,NULL,NULL,NULL,NULL,'2026-01-20 13:36:51','2026-01-20 13:36:51'),
(1681,'1','Stock inicial',NULL,1681,NULL,1,NULL,1,NULL,3.0000,NULL,NULL,NULL,NULL,NULL,NULL,NULL,NULL,'2026-01-20 13:38:22','2026-01-20 13:38:22'),
(1682,'1','Stock inicial',NULL,1682,NULL,1,NULL,1,NULL,2.0000,NULL,NULL,NULL,NULL,NULL,NULL,NULL,NULL,'2026-01-20 13:39:44','2026-01-20 13:39:44'),
(1684,'1','Stock inicial',NULL,1684,NULL,1,NULL,1,NULL,3.0000,NULL,NULL,NULL,NULL,NULL,NULL,NULL,NULL,'2026-01-20 13:44:06','2026-01-20 13:44:06'),
(1685,'1','Stock inicial',NULL,1685,NULL,1,NULL,1,NULL,1.0000,NULL,NULL,NULL,NULL,NULL,NULL,NULL,NULL,'2026-01-20 13:45:05','2026-01-20 13:45:05'),
(1686,'1','Stock inicial',NULL,1686,NULL,1,NULL,1,NULL,1.0000,NULL,NULL,NULL,NULL,NULL,NULL,NULL,NULL,'2026-01-20 13:45:51','2026-01-20 13:45:51'),
(1687,'1','Stock inicial',NULL,1687,NULL,1,NULL,1,NULL,3.0000,NULL,NULL,NULL,NULL,NULL,NULL,NULL,NULL,'2026-01-20 13:46:39','2026-01-20 13:46:39'),
(1688,'1','Stock inicial',NULL,1688,NULL,1,NULL,1,NULL,1.0000,NULL,NULL,NULL,NULL,NULL,NULL,NULL,NULL,'2026-01-20 13:48:41','2026-01-20 13:48:41'),
(1689,'1','Stock inicial',NULL,1689,NULL,1,NULL,1,NULL,1.0000,NULL,NULL,NULL,NULL,NULL,NULL,NULL,NULL,'2026-01-20 13:49:24','2026-01-20 13:49:24'),
(1690,'1','Stock inicial',NULL,1690,NULL,1,NULL,1,NULL,1.0000,NULL,NULL,NULL,NULL,NULL,NULL,NULL,NULL,'2026-01-20 13:50:19','2026-01-20 13:50:19'),
(1691,'1','Stock inicial',NULL,1691,NULL,1,NULL,1,NULL,1.0000,NULL,NULL,NULL,NULL,NULL,NULL,NULL,NULL,'2026-01-20 13:51:15','2026-01-20 13:51:15'),
(1692,'1','Stock inicial',NULL,1692,NULL,1,NULL,1,NULL,1.0000,NULL,NULL,NULL,NULL,NULL,NULL,NULL,NULL,'2026-01-20 13:52:45','2026-01-20 13:52:45'),
(1693,'1','Stock inicial',NULL,1693,NULL,1,NULL,1,NULL,0.0000,NULL,NULL,NULL,NULL,NULL,NULL,NULL,NULL,'2026-01-20 13:54:26','2026-01-20 13:54:26'),
(1694,'1','Stock inicial',NULL,1694,NULL,1,NULL,1,NULL,7.0000,NULL,NULL,NULL,NULL,NULL,NULL,NULL,NULL,'2026-01-20 13:55:21','2026-01-20 13:55:21'),
(1695,'1','Stock inicial',NULL,1695,NULL,1,NULL,1,NULL,3.0000,NULL,NULL,NULL,NULL,NULL,NULL,NULL,NULL,'2026-01-20 13:58:49','2026-01-20 13:58:49'),
(1696,'1','Stock inicial',NULL,1696,NULL,1,NULL,1,NULL,1.0000,NULL,NULL,NULL,NULL,NULL,NULL,NULL,NULL,'2026-01-20 14:02:21','2026-01-20 14:02:21'),
(1697,'1','Stock inicial',NULL,1697,NULL,1,NULL,1,NULL,3.0000,NULL,NULL,NULL,NULL,NULL,NULL,NULL,NULL,'2026-01-20 14:06:16','2026-01-20 14:06:16'),
(1698,'1','Stock inicial',NULL,1698,NULL,1,NULL,1,NULL,3.0000,NULL,NULL,NULL,NULL,NULL,NULL,NULL,NULL,'2026-01-20 14:08:26','2026-01-20 14:08:26'),
(1699,'1','Stock inicial',NULL,1699,NULL,1,NULL,1,NULL,3.0000,NULL,NULL,NULL,NULL,NULL,NULL,NULL,NULL,'2026-01-20 14:10:16','2026-01-20 14:10:16'),
(1701,'1','Stock inicial',NULL,1701,NULL,1,NULL,1,NULL,1.0000,NULL,NULL,NULL,NULL,NULL,NULL,NULL,NULL,'2026-01-20 14:13:11','2026-01-20 14:13:11'),
(1702,'1','Stock inicial',NULL,1702,NULL,1,NULL,1,NULL,2.0000,NULL,NULL,NULL,NULL,NULL,NULL,NULL,NULL,'2026-01-20 14:15:17','2026-01-20 14:15:17'),
(1703,'1','Stock inicial',NULL,1703,NULL,1,NULL,1,NULL,5.0000,NULL,NULL,NULL,NULL,NULL,NULL,NULL,NULL,'2026-01-20 14:16:48','2026-01-20 14:16:48'),
(1704,'1','Stock inicial',NULL,1704,NULL,1,NULL,1,NULL,5.0000,NULL,NULL,NULL,NULL,NULL,NULL,NULL,NULL,'2026-01-20 14:17:55','2026-01-20 14:17:55'),
(1705,'1','Stock inicial',NULL,1705,NULL,1,NULL,1,NULL,3.0000,NULL,NULL,NULL,NULL,NULL,NULL,NULL,NULL,'2026-01-20 14:18:43','2026-01-20 14:18:43'),
(1706,'1','Stock inicial',NULL,1706,NULL,1,NULL,1,NULL,5.0000,NULL,NULL,NULL,NULL,NULL,NULL,NULL,NULL,'2026-01-20 14:21:03','2026-01-20 14:21:03'),
(1707,'1','Stock inicial',NULL,1707,NULL,1,NULL,1,NULL,2.0000,NULL,NULL,NULL,NULL,NULL,NULL,NULL,NULL,'2026-01-20 14:21:40','2026-01-20 14:21:40'),
(1708,'1','Stock inicial',NULL,1708,NULL,1,NULL,1,NULL,3.0000,NULL,NULL,NULL,NULL,NULL,NULL,NULL,NULL,'2026-01-20 14:22:24','2026-01-20 14:22:24'),
(1709,'1','Stock inicial',NULL,1709,NULL,1,NULL,1,NULL,4.0000,NULL,NULL,NULL,NULL,NULL,NULL,NULL,NULL,'2026-01-20 14:24:02','2026-01-20 14:24:02'),
(1710,'1','Stock inicial',NULL,1710,NULL,1,NULL,1,NULL,3.0000,NULL,NULL,NULL,NULL,NULL,NULL,NULL,NULL,'2026-01-20 14:25:24','2026-01-20 14:25:24'),
(1711,'1','Stock inicial',NULL,1711,NULL,1,NULL,1,NULL,3.0000,NULL,NULL,NULL,NULL,NULL,NULL,NULL,NULL,'2026-01-20 14:26:45','2026-01-20 14:26:45'),
(1712,'1','Stock inicial',NULL,1712,NULL,1,NULL,1,NULL,2.0000,NULL,NULL,NULL,NULL,NULL,NULL,NULL,NULL,'2026-01-20 14:27:44','2026-01-20 14:27:44'),
(1713,'1','Stock inicial',NULL,1713,NULL,1,NULL,1,NULL,10.0000,NULL,NULL,NULL,NULL,NULL,NULL,NULL,NULL,'2026-01-20 14:28:31','2026-01-20 14:28:31'),
(1714,'1','Stock inicial',NULL,1714,NULL,1,NULL,1,NULL,6.0000,NULL,NULL,NULL,NULL,NULL,NULL,NULL,NULL,'2026-01-20 14:31:40','2026-01-20 14:31:40'),
(1715,'1','Stock inicial',NULL,1715,NULL,1,NULL,1,NULL,2.0000,NULL,NULL,NULL,NULL,NULL,NULL,NULL,NULL,'2026-01-20 14:34:10','2026-01-20 14:34:10'),
(1716,'1','Stock inicial',NULL,1716,NULL,1,NULL,1,NULL,5.0000,NULL,NULL,NULL,NULL,NULL,NULL,NULL,NULL,'2026-01-20 14:35:07','2026-01-20 14:35:07'),
(1717,'1','Stock inicial',NULL,1717,NULL,1,NULL,1,NULL,6.0000,NULL,NULL,NULL,NULL,NULL,NULL,NULL,NULL,'2026-01-20 14:37:30','2026-01-20 14:37:30'),
(1718,'1','Stock inicial',NULL,1718,NULL,1,NULL,1,NULL,5.0000,NULL,NULL,NULL,NULL,NULL,NULL,NULL,NULL,'2026-01-20 14:38:47','2026-01-20 14:38:47'),
(1719,'1','Stock inicial',NULL,1719,NULL,1,NULL,1,NULL,3.0000,NULL,NULL,NULL,NULL,NULL,NULL,NULL,NULL,'2026-01-20 14:39:44','2026-01-20 14:39:44'),
(1720,'1','Stock inicial',NULL,1720,NULL,1,NULL,1,NULL,5.0000,NULL,NULL,NULL,NULL,NULL,NULL,NULL,NULL,'2026-01-20 14:40:35','2026-01-20 14:40:35'),
(1721,'1','Stock inicial',NULL,1721,NULL,1,NULL,1,NULL,2.0000,NULL,NULL,NULL,NULL,NULL,NULL,NULL,NULL,'2026-01-20 14:41:28','2026-01-20 14:41:28'),
(1722,'1','Stock inicial',NULL,1722,NULL,1,NULL,1,NULL,8.0000,NULL,NULL,NULL,NULL,NULL,NULL,NULL,NULL,'2026-01-20 14:42:16','2026-01-20 14:42:16'),
(1723,'1','Stock inicial',NULL,1723,NULL,1,NULL,1,NULL,5.0000,NULL,NULL,NULL,NULL,NULL,NULL,NULL,NULL,'2026-01-20 14:43:25','2026-01-20 14:43:25'),
(1724,'1','Stock inicial',NULL,1724,NULL,1,NULL,1,NULL,14.0000,NULL,NULL,NULL,NULL,NULL,NULL,NULL,NULL,'2026-01-20 14:44:48','2026-01-20 14:44:48'),
(1726,'1','Stock inicial',NULL,1726,NULL,1,NULL,1,NULL,28.0000,NULL,NULL,NULL,NULL,NULL,NULL,NULL,NULL,'2026-01-20 14:46:43','2026-01-20 14:46:43'),
(1727,'1','Stock inicial',NULL,1727,NULL,1,NULL,1,NULL,10.0000,NULL,NULL,NULL,NULL,NULL,NULL,NULL,NULL,'2026-01-20 14:47:56','2026-01-20 14:47:56'),
(1728,'1','Stock inicial',NULL,1728,NULL,1,NULL,1,NULL,17.0000,NULL,NULL,NULL,NULL,NULL,NULL,NULL,NULL,'2026-01-20 14:49:06','2026-01-20 14:49:06'),
(1729,'1','Stock inicial',NULL,1729,NULL,1,NULL,1,NULL,24.0000,NULL,NULL,NULL,NULL,NULL,NULL,NULL,NULL,'2026-01-20 14:50:35','2026-01-20 14:50:35'),
(1731,'1','Stock inicial',NULL,1731,NULL,1,NULL,1,NULL,37.0000,NULL,NULL,NULL,NULL,NULL,NULL,NULL,NULL,'2026-01-20 14:54:00','2026-01-20 14:54:00'),
(1732,'1','Stock inicial',NULL,1732,NULL,1,NULL,1,NULL,5.0000,NULL,NULL,NULL,NULL,NULL,NULL,NULL,NULL,'2026-01-20 15:00:16','2026-01-20 15:00:16'),
(1733,'1','Stock inicial',NULL,1733,NULL,1,NULL,1,NULL,4.0000,NULL,NULL,NULL,NULL,NULL,NULL,NULL,NULL,'2026-01-20 15:02:09','2026-01-20 15:02:09'),
(1734,'1','Stock inicial',NULL,1734,NULL,1,NULL,1,NULL,6.0000,NULL,NULL,NULL,NULL,NULL,NULL,NULL,NULL,'2026-01-20 15:05:54','2026-01-20 15:05:54'),
(1735,'1','Stock inicial',NULL,1735,NULL,1,NULL,1,NULL,3.0000,NULL,NULL,NULL,NULL,NULL,NULL,NULL,NULL,'2026-01-20 15:07:18','2026-01-20 15:07:18'),
(1736,'1','Stock inicial',NULL,1736,NULL,1,NULL,1,NULL,6.0000,NULL,NULL,NULL,NULL,NULL,NULL,NULL,NULL,'2026-01-20 15:09:31','2026-01-20 15:09:31'),
(1737,'1','Stock inicial',NULL,1737,NULL,1,NULL,1,NULL,34.0000,NULL,NULL,NULL,NULL,NULL,NULL,NULL,NULL,'2026-01-20 15:12:58','2026-01-20 15:12:58'),
(1738,'1','Stock inicial',NULL,1738,NULL,1,NULL,1,NULL,8.0000,NULL,NULL,NULL,NULL,NULL,NULL,NULL,NULL,'2026-01-20 15:24:44','2026-01-20 15:24:44'),
(1739,'1','Stock inicial',NULL,1739,NULL,1,NULL,1,NULL,17.0000,NULL,NULL,NULL,NULL,NULL,NULL,NULL,NULL,'2026-01-20 15:26:51','2026-01-20 15:26:51'),
(1740,'1','Stock inicial',NULL,1740,NULL,1,NULL,1,NULL,1.0000,NULL,NULL,NULL,NULL,NULL,NULL,NULL,NULL,'2026-01-20 15:47:33','2026-01-20 15:47:33'),
(1741,'1','Stock inicial',NULL,1741,NULL,1,NULL,1,NULL,3.0000,NULL,NULL,NULL,NULL,NULL,NULL,NULL,NULL,'2026-01-20 15:50:38','2026-01-20 15:50:38'),
(1742,'1','Stock inicial',NULL,1742,NULL,1,NULL,1,NULL,1.0000,NULL,NULL,NULL,NULL,NULL,NULL,NULL,NULL,'2026-01-20 15:53:29','2026-01-20 15:53:29'),
(1743,'1','Stock inicial',NULL,1743,NULL,1,NULL,1,NULL,12.0000,NULL,NULL,NULL,NULL,NULL,NULL,NULL,NULL,'2026-01-20 15:54:50','2026-01-20 15:54:50'),
(1744,'1','Stock inicial',NULL,1744,NULL,1,NULL,1,NULL,4.0000,NULL,NULL,NULL,NULL,NULL,NULL,NULL,NULL,'2026-01-20 15:56:52','2026-01-20 15:56:52'),
(1746,'1','Stock inicial',NULL,1746,NULL,1,NULL,1,NULL,7.0000,NULL,NULL,NULL,NULL,NULL,NULL,NULL,NULL,'2026-01-20 15:59:53','2026-01-20 15:59:53'),
(1747,'1','Stock inicial',NULL,1747,NULL,1,NULL,1,NULL,5.0000,NULL,NULL,NULL,NULL,NULL,NULL,NULL,NULL,'2026-01-20 16:00:49','2026-01-20 16:00:49'),
(1748,'1','Stock inicial',NULL,1748,NULL,1,NULL,1,NULL,4.0000,NULL,NULL,NULL,NULL,NULL,NULL,NULL,NULL,'2026-01-20 16:01:34','2026-01-20 16:01:34'),
(1749,'1','Stock inicial',NULL,1749,NULL,1,NULL,1,NULL,9.0000,NULL,NULL,NULL,NULL,NULL,NULL,NULL,NULL,'2026-01-20 16:03:53','2026-01-20 16:03:53'),
(1750,'1','Stock inicial',NULL,1750,NULL,1,NULL,1,NULL,24.0000,NULL,NULL,NULL,NULL,NULL,NULL,NULL,NULL,'2026-01-20 16:11:25','2026-01-20 16:11:25'),
(1751,'1','Stock inicial',NULL,1751,NULL,1,NULL,1,NULL,3.0000,NULL,NULL,NULL,NULL,NULL,NULL,NULL,NULL,'2026-01-20 16:12:35','2026-01-20 16:12:35'),
(1752,'1','Stock inicial',NULL,1752,NULL,1,NULL,1,NULL,8.0000,NULL,NULL,NULL,NULL,NULL,NULL,NULL,NULL,'2026-01-20 16:14:14','2026-01-20 16:14:14'),
(1753,'1','Stock inicial',NULL,1753,NULL,1,NULL,1,NULL,10.0000,NULL,NULL,NULL,NULL,NULL,NULL,NULL,NULL,'2026-01-20 16:15:14','2026-01-20 16:15:14'),
(1754,'1','Stock inicial',NULL,1754,NULL,1,NULL,1,NULL,2.0000,NULL,NULL,NULL,NULL,NULL,NULL,NULL,NULL,'2026-01-20 16:17:29','2026-01-20 16:17:29'),
(1756,'1','Stock inicial',NULL,1756,NULL,1,NULL,1,NULL,4.0000,NULL,NULL,NULL,NULL,NULL,NULL,NULL,NULL,'2026-01-20 16:20:52','2026-01-20 16:20:52'),
(1757,'1','Stock inicial',NULL,1757,NULL,1,NULL,1,NULL,8.0000,NULL,NULL,NULL,NULL,NULL,NULL,NULL,NULL,'2026-01-20 16:23:31','2026-01-20 16:23:31'),
(1758,'1','Stock inicial',NULL,1758,NULL,1,NULL,1,NULL,6.0000,NULL,NULL,NULL,NULL,NULL,NULL,NULL,NULL,'2026-01-20 16:24:40','2026-01-20 16:24:40'),
(1759,'1','Stock inicial',NULL,1759,NULL,1,NULL,1,NULL,4.0000,NULL,NULL,NULL,NULL,NULL,NULL,NULL,NULL,'2026-01-20 16:26:03','2026-01-20 16:26:03'),
(1760,'1','Stock inicial',NULL,1760,NULL,1,NULL,1,NULL,4.0000,NULL,NULL,NULL,NULL,NULL,NULL,NULL,NULL,'2026-01-20 16:27:33','2026-01-20 16:27:33'),
(1761,'1','Stock inicial',NULL,1761,NULL,1,NULL,1,NULL,29.0000,NULL,NULL,NULL,NULL,NULL,NULL,NULL,NULL,'2026-01-20 16:29:19','2026-01-20 16:29:19'),
(1762,'1','Stock inicial',NULL,1762,NULL,1,NULL,1,NULL,44.0000,NULL,NULL,NULL,NULL,NULL,NULL,NULL,NULL,'2026-01-20 16:31:09','2026-01-20 16:31:09'),
(1763,'1','Stock inicial',NULL,1763,NULL,1,NULL,1,NULL,53.0000,NULL,NULL,NULL,NULL,NULL,NULL,NULL,NULL,'2026-01-20 16:34:21','2026-01-20 16:34:21'),
(1764,'1','Stock inicial',NULL,1764,NULL,1,NULL,1,NULL,24.0000,NULL,NULL,NULL,NULL,NULL,NULL,NULL,NULL,'2026-01-20 16:35:52','2026-01-20 16:35:52'),
(1765,'1','Stock inicial',NULL,1765,NULL,1,NULL,1,NULL,20.0000,NULL,NULL,NULL,NULL,NULL,NULL,NULL,NULL,'2026-01-20 16:37:16','2026-01-20 16:37:16'),
(1766,'1','Stock inicial',NULL,1766,NULL,1,NULL,1,NULL,17.0000,NULL,NULL,NULL,NULL,NULL,NULL,NULL,NULL,'2026-01-20 16:38:39','2026-01-20 16:38:39'),
(1767,'1','Stock inicial',NULL,1767,NULL,1,NULL,1,NULL,1.0000,NULL,NULL,NULL,NULL,NULL,NULL,NULL,NULL,'2026-01-20 16:42:26','2026-01-20 16:42:26'),
(1768,'1','Stock inicial',NULL,1768,NULL,1,NULL,1,NULL,2.0000,NULL,NULL,NULL,NULL,NULL,NULL,NULL,NULL,'2026-01-20 16:43:35','2026-01-20 16:43:35'),
(1769,'1','Stock inicial',NULL,1769,NULL,1,NULL,1,NULL,162.0000,NULL,NULL,NULL,NULL,NULL,NULL,NULL,NULL,'2026-01-20 16:49:11','2026-01-20 16:49:11'),
(1770,'1','Stock inicial',NULL,1770,NULL,1,NULL,1,NULL,100.0000,NULL,NULL,NULL,NULL,NULL,NULL,NULL,NULL,'2026-01-20 17:06:48','2026-01-20 17:06:48'),
(1771,'1','Stock inicial',NULL,1771,NULL,1,NULL,1,NULL,192.0000,NULL,NULL,NULL,NULL,NULL,NULL,NULL,NULL,'2026-01-20 17:13:55','2026-01-20 17:13:55'),
(1772,'1','Stock inicial',NULL,1772,NULL,1,NULL,1,NULL,251.0000,NULL,NULL,NULL,NULL,NULL,NULL,NULL,NULL,'2026-01-20 17:17:04','2026-01-20 17:17:04'),
(1773,'1','Stock inicial',NULL,1773,NULL,1,NULL,1,NULL,63.0000,NULL,NULL,NULL,NULL,NULL,NULL,NULL,NULL,'2026-01-20 17:19:36','2026-01-20 17:19:36'),
(1774,'1','Stock inicial',NULL,1774,NULL,1,NULL,1,NULL,70.0000,NULL,NULL,NULL,NULL,NULL,NULL,NULL,NULL,'2026-01-20 17:20:34','2026-01-20 17:20:34'),
(1776,'1','Stock inicial',NULL,1776,NULL,1,NULL,1,NULL,399.0000,NULL,NULL,NULL,NULL,NULL,NULL,NULL,NULL,'2026-01-20 17:26:00','2026-01-20 17:26:00'),
(1777,'1','Stock inicial',NULL,1777,NULL,1,NULL,1,NULL,300.0000,NULL,NULL,NULL,NULL,NULL,NULL,NULL,NULL,'2026-01-20 17:27:48','2026-01-20 17:27:48'),
(1778,'1','Stock inicial',NULL,1778,NULL,1,NULL,1,NULL,541.0000,NULL,NULL,NULL,NULL,NULL,NULL,NULL,NULL,'2026-01-20 17:30:19','2026-01-20 17:30:19'),
(1779,'1','Stock inicial',NULL,1779,NULL,1,NULL,1,NULL,95.0000,NULL,NULL,NULL,NULL,NULL,NULL,NULL,NULL,'2026-01-20 17:32:25','2026-01-20 17:32:25'),
(1780,'1','Stock inicial',NULL,1780,NULL,1,NULL,1,NULL,170.0000,NULL,NULL,NULL,NULL,NULL,NULL,NULL,NULL,'2026-01-20 17:33:44','2026-01-20 17:33:44'),
(1781,'1','Stock inicial',NULL,1781,NULL,1,NULL,1,NULL,158.0000,NULL,NULL,NULL,NULL,NULL,NULL,NULL,NULL,'2026-01-20 17:34:45','2026-01-20 17:34:45'),
(1782,'1','Stock inicial',NULL,1782,NULL,1,NULL,1,NULL,96.0000,NULL,NULL,NULL,NULL,NULL,NULL,NULL,NULL,'2026-01-20 17:35:40','2026-01-20 17:35:40'),
(1783,'1','Stock inicial',NULL,1783,NULL,1,NULL,1,NULL,100.0000,NULL,NULL,NULL,NULL,NULL,NULL,NULL,NULL,'2026-01-20 17:36:43','2026-01-20 17:36:43'),
(1784,'1','Stock inicial',NULL,1784,NULL,1,NULL,1,NULL,12.0000,NULL,NULL,NULL,NULL,NULL,NULL,NULL,NULL,'2026-01-20 17:38:36','2026-01-20 17:38:36'),
(1785,'1','Stock inicial',NULL,1785,NULL,1,NULL,1,NULL,80.0000,NULL,NULL,NULL,NULL,NULL,NULL,NULL,NULL,'2026-01-20 17:39:30','2026-01-20 17:39:30'),
(1786,'1','Stock inicial',NULL,1786,NULL,1,NULL,1,NULL,106.0000,NULL,NULL,NULL,NULL,NULL,NULL,NULL,NULL,'2026-01-20 17:41:38','2026-01-20 17:41:38'),
(1787,'1','Stock inicial',NULL,1787,NULL,1,NULL,1,NULL,89.0000,NULL,NULL,NULL,NULL,NULL,NULL,NULL,NULL,'2026-01-20 17:42:57','2026-01-20 17:42:57'),
(1788,'1','Stock inicial',NULL,1788,NULL,1,NULL,1,NULL,417.0000,NULL,NULL,NULL,NULL,NULL,NULL,NULL,NULL,'2026-01-20 17:51:35','2026-01-20 17:51:35'),
(1789,'1','Stock inicial',NULL,1789,NULL,1,NULL,1,NULL,445.0000,NULL,NULL,NULL,NULL,NULL,NULL,NULL,NULL,'2026-01-20 17:56:09','2026-01-20 17:56:09'),
(1790,'1','Stock inicial',NULL,1790,NULL,1,NULL,1,NULL,131.0000,NULL,NULL,NULL,NULL,NULL,NULL,NULL,NULL,'2026-01-20 17:58:32','2026-01-20 17:58:32'),
(1791,'1','Stock inicial',NULL,1791,NULL,1,NULL,1,NULL,88.0000,NULL,NULL,NULL,NULL,NULL,NULL,NULL,NULL,'2026-01-20 17:59:26','2026-01-20 17:59:26'),
(1792,'1','Stock inicial',NULL,1792,NULL,1,NULL,1,NULL,100.0000,NULL,NULL,NULL,NULL,NULL,NULL,NULL,NULL,'2026-01-20 18:01:46','2026-01-20 18:01:46'),
(1793,'1','Stock inicial',NULL,1793,NULL,1,NULL,1,NULL,100.0000,NULL,NULL,NULL,NULL,NULL,NULL,NULL,NULL,'2026-01-20 18:06:45','2026-01-20 18:06:45'),
(1794,'1','Stock inicial',NULL,1794,NULL,1,NULL,1,NULL,3.0000,NULL,NULL,NULL,NULL,NULL,NULL,NULL,NULL,'2026-01-20 18:07:59','2026-01-20 18:07:59'),
(1795,'1','Stock inicial',NULL,1795,NULL,1,NULL,1,NULL,112.0000,NULL,NULL,NULL,NULL,NULL,NULL,NULL,NULL,'2026-01-20 18:10:57','2026-01-20 18:10:57'),
(1796,'1','Stock inicial',NULL,1796,NULL,1,NULL,1,NULL,32.0000,NULL,NULL,NULL,NULL,NULL,NULL,NULL,NULL,'2026-01-20 18:12:25','2026-01-20 18:12:25'),
(1797,'1','Stock inicial',NULL,1797,NULL,1,NULL,1,NULL,139.0000,NULL,NULL,NULL,NULL,NULL,NULL,NULL,NULL,'2026-01-20 18:16:48','2026-01-20 18:16:48'),
(1798,'1','Stock inicial',NULL,1798,NULL,1,NULL,1,NULL,64.0000,NULL,NULL,NULL,NULL,NULL,NULL,NULL,NULL,'2026-01-20 18:19:34','2026-01-20 18:19:34'),
(1799,'1','Stock inicial',NULL,1799,NULL,1,NULL,1,NULL,8.0000,NULL,NULL,NULL,NULL,NULL,NULL,NULL,NULL,'2026-01-20 18:20:27','2026-01-20 18:20:27'),
(1800,'1','Stock inicial',NULL,1800,NULL,1,NULL,1,NULL,94.0000,NULL,NULL,NULL,NULL,NULL,NULL,NULL,NULL,'2026-01-20 18:21:49','2026-01-20 18:21:49'),
(1801,'1','Stock inicial',NULL,1801,NULL,1,NULL,1,NULL,375.0000,NULL,NULL,NULL,NULL,NULL,NULL,NULL,NULL,'2026-01-20 18:23:32','2026-01-20 18:23:32'),
(1802,'1','Stock inicial',NULL,1802,NULL,1,NULL,1,NULL,97.0000,NULL,NULL,NULL,NULL,NULL,NULL,NULL,NULL,'2026-01-20 18:25:23','2026-01-20 18:25:23'),
(1803,'1','Stock inicial',NULL,1803,NULL,1,NULL,1,NULL,100.0000,NULL,NULL,NULL,NULL,NULL,NULL,NULL,NULL,'2026-01-20 18:27:13','2026-01-20 18:27:13'),
(1804,'1','Stock inicial',NULL,1804,NULL,1,NULL,1,NULL,94.0000,NULL,NULL,NULL,NULL,NULL,NULL,NULL,NULL,'2026-01-20 18:29:19','2026-01-20 18:29:19'),
(1805,'1','Stock inicial',NULL,1805,NULL,1,NULL,1,NULL,79.0000,NULL,NULL,NULL,NULL,NULL,NULL,NULL,NULL,'2026-01-20 18:30:38','2026-01-20 18:30:38'),
(1806,'1','Stock inicial',NULL,1806,NULL,1,NULL,1,NULL,230.0000,NULL,NULL,NULL,NULL,NULL,NULL,NULL,NULL,'2026-01-20 18:31:36','2026-01-20 18:31:36'),
(1807,'1','Stock inicial',NULL,1807,NULL,1,NULL,1,NULL,87.0000,NULL,NULL,NULL,NULL,NULL,NULL,NULL,NULL,'2026-01-20 18:32:29','2026-01-20 18:32:29'),
(1808,'1','Stock inicial',NULL,1808,NULL,1,NULL,1,NULL,586.0000,NULL,NULL,NULL,NULL,NULL,NULL,NULL,NULL,'2026-01-20 18:33:16','2026-01-20 18:33:16'),
(1809,'1','Stock inicial',NULL,1809,NULL,1,NULL,1,NULL,180.0000,NULL,NULL,NULL,NULL,NULL,NULL,NULL,NULL,'2026-01-20 18:35:08','2026-01-20 18:35:08'),
(1810,'1','Stock inicial',NULL,1810,NULL,1,NULL,1,NULL,196.0000,NULL,NULL,NULL,NULL,NULL,NULL,NULL,NULL,'2026-01-20 18:36:10','2026-01-20 18:36:10'),
(1811,'1','Stock inicial',NULL,1811,NULL,1,NULL,1,NULL,128.0000,NULL,NULL,NULL,NULL,NULL,NULL,NULL,NULL,'2026-01-20 18:37:57','2026-01-20 18:37:57'),
(1812,'1','Stock inicial',NULL,1812,NULL,1,NULL,1,NULL,200.0000,NULL,NULL,NULL,NULL,NULL,NULL,NULL,NULL,'2026-01-20 18:38:34','2026-01-20 18:38:34'),
(1813,'1','Stock inicial',NULL,1813,NULL,1,NULL,1,NULL,29.0000,NULL,NULL,NULL,NULL,NULL,NULL,NULL,NULL,'2026-01-20 18:39:30','2026-01-20 18:39:30'),
(1814,'1','Stock inicial',NULL,1814,NULL,1,NULL,1,NULL,189.0000,NULL,NULL,NULL,NULL,NULL,NULL,NULL,NULL,'2026-01-20 18:40:06','2026-01-20 18:40:06'),
(1815,'1','Stock inicial',NULL,1815,NULL,1,NULL,1,NULL,126.0000,NULL,NULL,NULL,NULL,NULL,NULL,NULL,NULL,'2026-01-20 18:41:01','2026-01-20 18:41:01'),
(1816,'1','Stock inicial',NULL,1816,NULL,1,NULL,1,NULL,50.0000,NULL,NULL,NULL,NULL,NULL,NULL,NULL,NULL,'2026-01-20 18:41:53','2026-01-20 18:41:53'),
(1817,'1','Stock inicial',NULL,1817,NULL,1,NULL,1,NULL,90.0000,NULL,NULL,NULL,NULL,NULL,NULL,NULL,NULL,'2026-01-20 18:42:36','2026-01-20 18:42:36'),
(1818,'1','Stock inicial',NULL,1818,NULL,1,NULL,1,NULL,67.0000,NULL,NULL,NULL,NULL,NULL,NULL,NULL,NULL,'2026-01-20 18:44:01','2026-01-20 18:44:01'),
(1819,'1','Stock inicial',NULL,1819,NULL,1,NULL,1,NULL,562.0000,NULL,NULL,NULL,NULL,NULL,NULL,NULL,NULL,'2026-01-20 18:44:42','2026-01-20 18:44:42'),
(1820,'1','Stock inicial',NULL,1820,NULL,1,NULL,1,NULL,196.0000,NULL,NULL,NULL,NULL,NULL,NULL,NULL,NULL,'2026-01-20 18:45:17','2026-01-20 18:45:17'),
(1821,'1','Stock inicial',NULL,1821,NULL,1,NULL,1,NULL,185.0000,NULL,NULL,NULL,NULL,NULL,NULL,NULL,NULL,'2026-01-20 18:45:53','2026-01-20 18:45:53'),
(1822,'1','Stock inicial',NULL,1822,NULL,1,NULL,1,NULL,19.0000,NULL,NULL,NULL,NULL,NULL,NULL,NULL,NULL,'2026-01-20 18:46:41','2026-01-20 18:46:41'),
(1823,'1','Stock inicial',NULL,1823,NULL,1,NULL,1,NULL,3.0000,NULL,NULL,NULL,NULL,NULL,NULL,NULL,NULL,'2026-01-20 18:47:31','2026-01-20 18:47:31'),
(1824,'1','Stock inicial',NULL,1824,NULL,1,NULL,1,NULL,7.0000,NULL,NULL,NULL,NULL,NULL,NULL,NULL,NULL,'2026-01-20 18:49:09','2026-01-20 18:49:09'),
(1825,'1','Stock inicial',NULL,1825,NULL,1,NULL,1,NULL,167.0000,NULL,NULL,NULL,NULL,NULL,NULL,NULL,NULL,'2026-01-20 18:49:45','2026-01-20 18:49:45'),
(1826,'1','Stock inicial',NULL,1826,NULL,1,NULL,1,NULL,225.0000,NULL,NULL,NULL,NULL,NULL,NULL,NULL,NULL,'2026-01-20 18:51:41','2026-01-20 18:51:41'),
(1827,'1','Stock inicial',NULL,1827,NULL,1,NULL,1,NULL,44.0000,NULL,NULL,NULL,NULL,NULL,NULL,NULL,NULL,'2026-01-20 18:52:35','2026-01-20 18:52:35'),
(1828,'1','Stock inicial',NULL,1828,NULL,1,NULL,1,NULL,24.0000,NULL,NULL,NULL,NULL,NULL,NULL,NULL,NULL,'2026-01-20 18:53:13','2026-01-20 18:53:13'),
(1829,'1','Stock inicial',NULL,1829,NULL,1,NULL,1,NULL,100.0000,NULL,NULL,NULL,NULL,NULL,NULL,NULL,NULL,'2026-01-20 18:53:56','2026-01-20 18:53:56'),
(1830,'1','Stock inicial',NULL,1830,NULL,1,NULL,1,NULL,142.0000,NULL,NULL,NULL,NULL,NULL,NULL,NULL,NULL,'2026-01-20 18:54:40','2026-01-20 18:54:40'),
(1831,'1','Stock inicial',NULL,1831,NULL,1,NULL,1,NULL,125.0000,NULL,NULL,NULL,NULL,NULL,NULL,NULL,NULL,'2026-01-20 18:55:25','2026-01-20 18:55:25'),
(1833,'1','Stock inicial',NULL,1833,NULL,1,NULL,1,NULL,5.0000,NULL,NULL,NULL,NULL,NULL,NULL,NULL,NULL,'2026-01-20 19:00:51','2026-01-20 19:00:51'),
(1834,'1','Stock inicial',NULL,1834,NULL,1,NULL,1,NULL,7.0000,NULL,NULL,NULL,NULL,NULL,NULL,NULL,NULL,'2026-01-20 19:15:04','2026-01-20 19:15:04'),
(1835,'1','Stock inicial',NULL,1835,NULL,1,NULL,1,NULL,130.0000,NULL,NULL,NULL,NULL,NULL,NULL,NULL,NULL,'2026-01-20 19:19:42','2026-01-20 19:19:42'),
(1836,'1','Stock inicial',NULL,1836,NULL,1,NULL,1,NULL,176.0000,NULL,NULL,NULL,NULL,NULL,NULL,NULL,NULL,'2026-01-20 19:20:52','2026-01-20 19:20:52'),
(1837,'1','Stock inicial',NULL,1837,NULL,1,NULL,1,NULL,25.0000,NULL,NULL,NULL,NULL,NULL,NULL,NULL,NULL,'2026-01-20 19:23:26','2026-01-20 19:23:26'),
(1838,'1','Stock inicial',NULL,1838,NULL,1,NULL,1,NULL,14.0000,NULL,NULL,NULL,NULL,NULL,NULL,NULL,NULL,'2026-01-20 19:25:10','2026-01-20 19:25:10'),
(1839,'1','Stock inicial',NULL,1839,NULL,1,NULL,1,NULL,20.0000,NULL,NULL,NULL,NULL,NULL,NULL,NULL,NULL,'2026-01-20 19:25:58','2026-01-20 19:25:58'),
(1840,'1','Stock inicial',NULL,1840,NULL,1,NULL,1,NULL,45.0000,NULL,NULL,NULL,NULL,NULL,NULL,NULL,NULL,'2026-01-20 19:27:02','2026-01-20 19:27:02'),
(1841,'1','Stock inicial',NULL,1841,NULL,1,NULL,1,NULL,90.0000,NULL,NULL,NULL,NULL,NULL,NULL,NULL,NULL,'2026-01-20 19:28:01','2026-01-20 19:28:01'),
(1842,'1','Stock inicial',NULL,1842,NULL,1,NULL,1,NULL,170.0000,NULL,NULL,NULL,NULL,NULL,NULL,NULL,NULL,'2026-01-20 19:28:55','2026-01-20 19:28:55'),
(1843,'1','Stock inicial',NULL,1843,NULL,1,NULL,1,NULL,44.0000,NULL,NULL,NULL,NULL,NULL,NULL,NULL,NULL,'2026-01-20 19:30:36','2026-01-20 19:30:36'),
(1844,'1','Stock inicial',NULL,1844,NULL,1,NULL,1,NULL,23.0000,NULL,NULL,NULL,NULL,NULL,NULL,NULL,NULL,'2026-01-20 19:33:53','2026-01-20 19:33:53'),
(1845,'1','Stock inicial',NULL,1845,NULL,1,NULL,1,NULL,16.0000,NULL,NULL,NULL,NULL,NULL,NULL,NULL,NULL,'2026-01-20 19:34:44','2026-01-20 19:34:44'),
(1846,'1','Stock inicial',NULL,1846,NULL,1,NULL,1,NULL,154.0000,NULL,NULL,NULL,NULL,NULL,NULL,NULL,NULL,'2026-01-20 19:35:41','2026-01-20 19:35:41'),
(1847,'1','Stock inicial',NULL,1847,NULL,1,NULL,1,NULL,38.0000,NULL,NULL,NULL,NULL,NULL,NULL,NULL,NULL,'2026-01-20 19:36:30','2026-01-20 19:36:30'),
(1848,'1','Stock inicial',NULL,1848,NULL,1,NULL,1,NULL,100.0000,NULL,NULL,NULL,NULL,NULL,NULL,NULL,NULL,'2026-01-20 19:37:29','2026-01-20 19:37:29'),
(1849,'1','Stock inicial',NULL,1849,NULL,1,NULL,1,NULL,20.0000,NULL,NULL,NULL,NULL,NULL,NULL,NULL,NULL,'2026-01-20 19:38:15','2026-01-20 19:38:15'),
(1850,'1','Stock inicial',NULL,1850,NULL,1,NULL,1,NULL,150.0000,NULL,NULL,NULL,NULL,NULL,NULL,NULL,NULL,'2026-01-20 19:38:48','2026-01-20 19:38:48'),
(1851,'1','Stock inicial',NULL,1851,NULL,1,NULL,1,NULL,42.0000,NULL,NULL,NULL,NULL,NULL,NULL,NULL,NULL,'2026-01-20 19:39:27','2026-01-20 19:39:27'),
(1852,'1','Stock inicial',NULL,1852,NULL,1,NULL,1,NULL,55.0000,NULL,NULL,NULL,NULL,NULL,NULL,NULL,NULL,'2026-01-20 19:40:17','2026-01-20 19:40:17'),
(1853,'1','Stock inicial',NULL,1853,NULL,1,NULL,1,NULL,60.0000,NULL,NULL,NULL,NULL,NULL,NULL,NULL,NULL,'2026-01-20 19:41:10','2026-01-20 19:41:10'),
(1854,'1','Stock inicial',NULL,1854,NULL,1,NULL,1,NULL,79.0000,NULL,NULL,NULL,NULL,NULL,NULL,NULL,NULL,'2026-01-20 19:42:18','2026-01-20 19:42:18'),
(1855,'1','Stock inicial',NULL,1855,NULL,1,NULL,1,NULL,60.0000,NULL,NULL,NULL,NULL,NULL,NULL,NULL,NULL,'2026-01-20 19:45:34','2026-01-20 19:45:34'),
(1856,'1','Stock inicial',NULL,1856,NULL,1,NULL,1,NULL,41.0000,NULL,NULL,NULL,NULL,NULL,NULL,NULL,NULL,'2026-01-20 19:47:03','2026-01-20 19:47:03'),
(1857,'1','Stock inicial',NULL,1857,NULL,1,NULL,1,NULL,17.0000,NULL,NULL,NULL,NULL,NULL,NULL,NULL,NULL,'2026-01-20 19:47:48','2026-01-20 19:47:48'),
(1858,'1','Stock inicial',NULL,1858,NULL,1,NULL,1,NULL,50.0000,NULL,NULL,NULL,NULL,NULL,NULL,NULL,NULL,'2026-01-20 19:48:38','2026-01-20 19:48:38'),
(1859,'1','Stock inicial',NULL,1859,NULL,1,NULL,1,NULL,30.0000,NULL,NULL,NULL,NULL,NULL,NULL,NULL,NULL,'2026-01-20 19:49:45','2026-01-20 19:49:45'),
(1860,'1','Stock inicial',NULL,1860,NULL,1,NULL,1,NULL,87.0000,NULL,NULL,NULL,NULL,NULL,NULL,NULL,NULL,'2026-01-20 19:51:10','2026-01-20 19:51:10'),
(1861,'1','Stock inicial',NULL,1861,NULL,1,NULL,1,NULL,294.0000,NULL,NULL,NULL,NULL,NULL,NULL,NULL,NULL,'2026-01-20 19:52:00','2026-01-20 19:52:00'),
(1862,'1','Stock inicial',NULL,1862,NULL,1,NULL,1,NULL,130.0000,NULL,NULL,NULL,NULL,NULL,NULL,NULL,NULL,'2026-01-20 19:53:20','2026-01-20 19:53:20'),
(1863,'1','Stock inicial',NULL,1863,NULL,1,NULL,1,NULL,20.0000,NULL,NULL,NULL,NULL,NULL,NULL,NULL,NULL,'2026-01-20 19:55:32','2026-01-20 19:55:32'),
(1864,'1','Stock inicial',NULL,1864,NULL,1,NULL,1,NULL,200.0000,NULL,NULL,NULL,NULL,NULL,NULL,NULL,NULL,'2026-01-20 19:56:40','2026-01-20 19:56:40'),
(1865,'1','Stock inicial',NULL,1865,NULL,1,NULL,1,NULL,94.0000,NULL,NULL,NULL,NULL,NULL,NULL,NULL,NULL,'2026-01-20 19:58:01','2026-01-20 19:58:01'),
(1866,'1','Stock inicial',NULL,1866,NULL,1,NULL,1,NULL,57.0000,NULL,NULL,NULL,NULL,NULL,NULL,NULL,NULL,'2026-01-20 19:58:42','2026-01-20 19:58:42'),
(1867,'1','Stock inicial',NULL,1867,NULL,1,NULL,1,NULL,20.0000,NULL,NULL,NULL,NULL,NULL,NULL,NULL,NULL,'2026-01-20 19:59:37','2026-01-20 19:59:37'),
(1868,'1','Stock inicial',NULL,1868,NULL,1,NULL,1,NULL,97.0000,NULL,NULL,NULL,NULL,NULL,NULL,NULL,NULL,'2026-01-20 20:01:50','2026-01-20 20:01:50'),
(1869,'1','Stock inicial',NULL,1869,NULL,1,NULL,1,NULL,55.0000,NULL,NULL,NULL,NULL,NULL,NULL,NULL,NULL,'2026-01-20 20:03:45','2026-01-20 20:03:45'),
(1870,'1','Stock inicial',NULL,1870,NULL,1,NULL,1,NULL,181.0000,NULL,NULL,NULL,NULL,NULL,NULL,NULL,NULL,'2026-01-20 20:04:31','2026-01-20 20:04:31'),
(1871,'1','Stock inicial',NULL,1871,NULL,1,NULL,1,NULL,2.0000,NULL,NULL,NULL,NULL,NULL,NULL,NULL,NULL,'2026-01-20 20:05:13','2026-01-20 20:05:13'),
(1872,'1','Stock inicial',NULL,1872,NULL,1,NULL,1,NULL,79.0000,NULL,NULL,NULL,NULL,NULL,NULL,NULL,NULL,'2026-01-20 20:06:06','2026-01-20 20:06:06'),
(1873,'1','Stock inicial',NULL,1873,NULL,1,NULL,1,NULL,442.0000,NULL,NULL,NULL,NULL,NULL,NULL,NULL,NULL,'2026-01-20 20:07:00','2026-01-20 20:07:00'),
(1874,'1','Stock inicial',NULL,1874,NULL,1,NULL,1,NULL,289.0000,NULL,NULL,NULL,NULL,NULL,NULL,NULL,NULL,'2026-01-20 20:09:16','2026-01-20 20:09:16'),
(1875,'1','Stock inicial',NULL,1875,NULL,1,NULL,1,NULL,475.0000,NULL,NULL,NULL,NULL,NULL,NULL,NULL,NULL,'2026-01-20 20:11:27','2026-01-20 20:11:27'),
(1876,'1','Stock inicial',NULL,1876,NULL,1,NULL,1,NULL,218.0000,NULL,NULL,NULL,NULL,NULL,NULL,NULL,NULL,'2026-01-20 20:19:30','2026-01-20 20:19:30'),
(1877,'1','Stock inicial',NULL,1877,NULL,1,NULL,1,NULL,115.0000,NULL,NULL,NULL,NULL,NULL,NULL,NULL,NULL,'2026-01-20 20:20:49','2026-01-20 20:20:49'),
(1878,'1','Stock inicial',NULL,1878,NULL,1,NULL,1,NULL,77.0000,NULL,NULL,NULL,NULL,NULL,NULL,NULL,NULL,'2026-01-20 20:21:58','2026-01-20 20:21:58'),
(1879,'1','Stock inicial',NULL,1879,NULL,1,NULL,1,NULL,63.0000,NULL,NULL,NULL,NULL,NULL,NULL,NULL,NULL,'2026-01-20 20:23:55','2026-01-20 20:23:55'),
(1880,'1','Stock inicial',NULL,1880,NULL,1,NULL,1,NULL,206.0000,NULL,NULL,NULL,NULL,NULL,NULL,NULL,NULL,'2026-01-20 20:24:50','2026-01-20 20:24:50'),
(1881,'1','Stock inicial',NULL,1881,NULL,1,NULL,1,NULL,20.0000,NULL,NULL,NULL,NULL,NULL,NULL,NULL,NULL,'2026-01-20 20:25:39','2026-01-20 20:25:39'),
(1882,'1','Stock inicial',NULL,1882,NULL,1,NULL,1,NULL,30.0000,NULL,NULL,NULL,NULL,NULL,NULL,NULL,NULL,'2026-01-20 20:26:17','2026-01-20 20:26:17'),
(1883,'1','Stock inicial',NULL,1883,NULL,1,NULL,1,NULL,105.0000,NULL,NULL,NULL,NULL,NULL,NULL,NULL,NULL,'2026-01-20 20:27:25','2026-01-20 20:27:25'),
(1884,'1','Stock inicial',NULL,1884,NULL,1,NULL,1,NULL,100.0000,NULL,NULL,NULL,NULL,NULL,NULL,NULL,NULL,'2026-01-20 20:28:10','2026-01-20 20:28:10'),
(1885,'1','Stock inicial',NULL,1885,NULL,1,NULL,1,NULL,86.0000,NULL,NULL,NULL,NULL,NULL,NULL,NULL,NULL,'2026-01-20 20:29:18','2026-01-20 20:29:18'),
(1886,'1','Stock inicial',NULL,1886,NULL,1,NULL,1,NULL,60.0000,NULL,NULL,NULL,NULL,NULL,NULL,NULL,NULL,'2026-01-20 20:30:18','2026-01-20 20:30:18'),
(1887,'1','Stock inicial',NULL,1887,NULL,1,NULL,1,NULL,30.0000,NULL,NULL,NULL,NULL,NULL,NULL,NULL,NULL,'2026-01-20 20:31:57','2026-01-20 20:31:57'),
(1888,'1','Stock inicial',NULL,1888,NULL,1,NULL,1,NULL,34.0000,NULL,NULL,NULL,NULL,NULL,NULL,NULL,NULL,'2026-01-20 20:33:27','2026-01-20 20:33:27'),
(1889,'1','Stock inicial',NULL,1889,NULL,1,NULL,1,NULL,70.0000,NULL,NULL,NULL,NULL,NULL,NULL,NULL,NULL,'2026-01-20 20:35:06','2026-01-20 20:35:06'),
(1890,'1','Stock inicial',NULL,1890,NULL,1,NULL,1,NULL,100.0000,NULL,NULL,NULL,NULL,NULL,NULL,NULL,NULL,'2026-01-20 20:35:43','2026-01-20 20:35:43'),
(1891,'1','Stock inicial',NULL,1891,NULL,1,NULL,1,NULL,155.0000,NULL,NULL,NULL,NULL,NULL,NULL,NULL,NULL,'2026-01-20 20:37:02','2026-01-20 20:37:02'),
(1892,'1','Stock inicial',NULL,1892,NULL,1,NULL,1,NULL,28.0000,NULL,NULL,NULL,NULL,NULL,NULL,NULL,NULL,'2026-01-20 20:43:17','2026-01-20 20:43:17'),
(1893,'1','Stock inicial',NULL,1893,NULL,1,NULL,1,NULL,28.0000,NULL,NULL,NULL,NULL,NULL,NULL,NULL,NULL,'2026-01-20 20:44:30','2026-01-20 20:44:30'),
(1894,'1','Stock inicial',NULL,1894,NULL,1,NULL,1,NULL,31.0000,NULL,NULL,NULL,NULL,NULL,NULL,NULL,NULL,'2026-01-20 20:45:44','2026-01-20 20:45:44'),
(1895,'1','Stock inicial',NULL,1895,NULL,1,NULL,1,NULL,48.0000,NULL,NULL,NULL,NULL,NULL,NULL,NULL,NULL,'2026-01-20 20:47:23','2026-01-20 20:47:23'),
(1896,'1','Stock inicial',NULL,1896,NULL,1,NULL,1,NULL,96.0000,NULL,NULL,NULL,NULL,NULL,NULL,NULL,NULL,'2026-01-20 20:48:24','2026-01-20 20:48:24'),
(1897,'1','Stock inicial',NULL,1897,NULL,1,NULL,1,NULL,10.0000,NULL,NULL,NULL,NULL,NULL,NULL,NULL,NULL,'2026-01-20 20:49:56','2026-01-20 20:49:56'),
(1898,'1','Stock inicial',NULL,1898,NULL,1,NULL,1,NULL,17.0000,NULL,NULL,NULL,NULL,NULL,NULL,NULL,NULL,'2026-01-20 20:54:33','2026-01-20 20:54:33'),
(1899,'1','Stock inicial',NULL,1899,NULL,1,NULL,1,NULL,18.0000,NULL,NULL,NULL,NULL,NULL,NULL,NULL,NULL,'2026-01-20 20:56:15','2026-01-20 20:56:15'),
(1903,'1','Stock inicial',NULL,1903,NULL,1,NULL,1,NULL,8.0000,NULL,NULL,NULL,NULL,NULL,NULL,NULL,NULL,'2026-01-20 21:02:43','2026-01-20 21:02:43'),
(1904,'1','Stock inicial',NULL,1904,NULL,1,NULL,1,NULL,2.0000,NULL,NULL,NULL,NULL,NULL,NULL,NULL,NULL,'2026-01-20 21:04:40','2026-01-20 21:04:40'),
(1906,'1','Stock inicial',NULL,1906,NULL,1,NULL,1,NULL,77.0000,NULL,NULL,NULL,NULL,NULL,NULL,NULL,NULL,'2026-01-20 21:08:52','2026-01-20 21:08:52'),
(1909,'1','Stock inicial',NULL,1909,NULL,1,NULL,1,NULL,112.0000,NULL,NULL,NULL,NULL,NULL,NULL,NULL,NULL,'2026-01-20 21:13:00','2026-01-20 21:13:00'),
(1910,'1','Stock inicial',NULL,1910,NULL,1,NULL,1,NULL,194.0000,NULL,NULL,NULL,NULL,NULL,NULL,NULL,NULL,'2026-01-20 21:16:23','2026-01-20 21:16:23'),
(1911,'1','Stock inicial',NULL,1911,NULL,1,NULL,1,NULL,11.0000,NULL,NULL,NULL,NULL,NULL,NULL,NULL,NULL,'2026-01-20 21:17:34','2026-01-20 21:17:34'),
(1912,'1','Stock inicial',NULL,1912,NULL,1,NULL,1,NULL,34.0000,NULL,NULL,NULL,NULL,NULL,NULL,NULL,NULL,'2026-01-20 21:20:20','2026-01-20 21:20:20'),
(1914,'1','Stock inicial',NULL,1914,NULL,1,NULL,1,NULL,16.0000,NULL,NULL,NULL,NULL,NULL,NULL,NULL,NULL,'2026-01-20 21:23:02','2026-01-20 21:23:02'),
(1915,'1','Stock inicial',NULL,1915,NULL,1,NULL,1,NULL,94.0000,NULL,NULL,NULL,NULL,NULL,NULL,NULL,NULL,'2026-01-20 21:25:27','2026-01-20 21:25:27'),
(1916,'1','Stock inicial',NULL,1916,NULL,1,NULL,1,NULL,8.0000,NULL,NULL,NULL,NULL,NULL,NULL,NULL,NULL,'2026-01-20 21:27:12','2026-01-20 21:27:12'),
(1917,'1','Stock inicial',NULL,1917,NULL,1,NULL,1,NULL,42.0000,NULL,NULL,NULL,NULL,NULL,NULL,NULL,NULL,'2026-01-20 21:28:16','2026-01-20 21:28:16'),
(1920,'1','Stock inicial',NULL,1920,NULL,1,NULL,1,NULL,79.0000,NULL,NULL,NULL,NULL,NULL,NULL,NULL,NULL,'2026-01-20 21:31:20','2026-01-20 21:31:20'),
(1922,'1','Stock inicial',NULL,1922,NULL,1,NULL,1,NULL,139.0000,NULL,NULL,NULL,NULL,NULL,NULL,NULL,NULL,'2026-01-20 21:33:32','2026-01-20 21:33:32'),
(1925,'1','Stock inicial',NULL,1925,NULL,1,NULL,1,NULL,287.0000,NULL,NULL,NULL,NULL,NULL,NULL,NULL,NULL,'2026-01-20 21:38:36','2026-01-20 21:38:36'),
(1926,'1','Stock inicial',NULL,1926,NULL,1,NULL,1,NULL,6.0000,NULL,NULL,NULL,NULL,NULL,NULL,NULL,NULL,'2026-01-20 21:39:40','2026-01-20 21:39:40'),
(1927,'1','Stock inicial',NULL,1927,NULL,1,NULL,1,NULL,198.0000,NULL,NULL,NULL,NULL,NULL,NULL,NULL,NULL,'2026-01-20 21:40:49','2026-01-20 21:40:49'),
(1928,'1','Stock inicial',NULL,1928,NULL,1,NULL,1,NULL,34.0000,NULL,NULL,NULL,NULL,NULL,NULL,NULL,NULL,'2026-01-20 21:41:57','2026-01-20 21:41:57'),
(1930,'1','Stock inicial',NULL,1930,NULL,1,NULL,1,NULL,274.0000,NULL,NULL,NULL,NULL,NULL,NULL,NULL,NULL,'2026-01-21 09:31:29','2026-01-21 09:31:29'),
(1932,'1','Stock inicial',NULL,1932,NULL,1,NULL,1,NULL,30.0000,NULL,NULL,NULL,NULL,NULL,NULL,NULL,NULL,'2026-01-21 10:39:21','2026-01-21 10:39:21'),
(1934,'1','Stock inicial',NULL,1934,NULL,1,NULL,1,NULL,381.0000,NULL,NULL,NULL,NULL,NULL,NULL,NULL,NULL,'2026-01-21 10:55:30','2026-01-21 10:55:30'),
(1935,'1','Stock inicial',NULL,1935,NULL,1,NULL,1,NULL,376.0000,NULL,NULL,NULL,NULL,NULL,NULL,NULL,NULL,'2026-01-21 10:59:29','2026-01-21 10:59:29'),
(1936,'1','Stock inicial',NULL,1936,NULL,1,NULL,1,NULL,46.0000,NULL,NULL,NULL,NULL,NULL,NULL,NULL,NULL,'2026-01-21 11:02:32','2026-01-21 11:02:32'),
(1937,'1','Stock inicial',NULL,1937,NULL,1,NULL,1,NULL,133.0000,NULL,NULL,NULL,NULL,NULL,NULL,NULL,NULL,'2026-01-21 11:04:29','2026-01-21 11:04:29'),
(1938,'1','Stock inicial',NULL,1938,NULL,1,NULL,1,NULL,106.0000,NULL,NULL,NULL,NULL,NULL,NULL,NULL,NULL,'2026-01-21 11:07:58','2026-01-21 11:07:58'),
(1939,'1','Stock inicial',NULL,1939,NULL,1,NULL,1,NULL,90.0000,NULL,NULL,NULL,NULL,NULL,NULL,NULL,NULL,'2026-01-21 11:16:49','2026-01-21 11:16:49'),
(1940,'1','Stock inicial',NULL,1940,NULL,1,NULL,1,NULL,157.0000,NULL,NULL,NULL,NULL,NULL,NULL,NULL,NULL,'2026-01-21 11:20:07','2026-01-21 11:20:07'),
(1941,'1','Stock inicial',NULL,1941,NULL,1,NULL,1,NULL,49.0000,NULL,NULL,NULL,NULL,NULL,NULL,NULL,NULL,'2026-01-21 11:22:28','2026-01-21 11:22:28'),
(1942,'1','Stock inicial',NULL,1942,NULL,1,NULL,1,NULL,34.0000,NULL,NULL,NULL,NULL,NULL,NULL,NULL,NULL,'2026-01-21 11:26:06','2026-01-21 11:26:06'),
(1943,'1','Stock inicial',NULL,1943,NULL,1,NULL,1,NULL,44.0000,NULL,NULL,NULL,NULL,NULL,NULL,NULL,NULL,'2026-01-21 11:27:36','2026-01-21 11:27:36'),
(1944,'1','Stock inicial',NULL,1944,NULL,1,NULL,1,NULL,105.0000,NULL,NULL,NULL,NULL,NULL,NULL,NULL,NULL,'2026-01-21 11:36:41','2026-01-21 11:36:41'),
(1945,'1','Stock inicial',NULL,1945,NULL,1,NULL,1,NULL,100.0000,NULL,NULL,NULL,NULL,NULL,NULL,NULL,NULL,'2026-01-21 11:40:17','2026-01-21 11:40:17'),
(1946,'1','Stock inicial',NULL,1946,NULL,1,NULL,1,NULL,92.0000,NULL,NULL,NULL,NULL,NULL,NULL,NULL,NULL,'2026-01-21 11:43:48','2026-01-21 11:43:48'),
(1947,'1','Stock inicial',NULL,1947,NULL,1,NULL,1,NULL,27.0000,NULL,NULL,NULL,NULL,NULL,NULL,NULL,NULL,'2026-01-21 11:46:09','2026-01-21 11:46:09'),
(1948,'1','Stock inicial',NULL,1948,NULL,1,NULL,1,NULL,1.0000,NULL,NULL,NULL,NULL,NULL,NULL,NULL,NULL,'2026-01-21 11:48:23','2026-01-21 11:48:23'),
(1949,'1','Stock inicial',NULL,1949,NULL,1,NULL,1,NULL,1.0000,NULL,NULL,NULL,NULL,NULL,NULL,NULL,NULL,'2026-01-21 11:49:32','2026-01-21 11:49:32'),
(1950,'1','Stock inicial',NULL,1950,NULL,1,NULL,1,NULL,138.0000,NULL,NULL,NULL,NULL,NULL,NULL,NULL,NULL,'2026-01-21 11:51:05','2026-01-21 11:51:05'),
(1951,'1','Stock inicial',NULL,1951,NULL,1,NULL,1,NULL,187.0000,NULL,NULL,NULL,NULL,NULL,NULL,NULL,NULL,'2026-01-21 11:52:57','2026-01-21 11:52:57'),
(1952,'1','Stock inicial',NULL,1952,NULL,1,NULL,1,NULL,39.0000,NULL,NULL,NULL,NULL,NULL,NULL,NULL,NULL,'2026-01-21 11:54:24','2026-01-21 11:54:24'),
(1953,'1','Stock inicial',NULL,1953,NULL,1,NULL,1,NULL,96.0000,NULL,NULL,NULL,NULL,NULL,NULL,NULL,NULL,'2026-01-21 11:56:05','2026-01-21 11:56:05'),
(1954,'1','Stock inicial',NULL,1954,NULL,1,NULL,1,NULL,33.0000,NULL,NULL,NULL,NULL,NULL,NULL,NULL,NULL,'2026-01-21 11:57:11','2026-01-21 11:57:11'),
(1955,'1','Stock inicial',NULL,1955,NULL,1,NULL,1,NULL,45.0000,NULL,NULL,NULL,NULL,NULL,NULL,NULL,NULL,'2026-01-21 11:59:07','2026-01-21 11:59:07'),
(1956,'1','Stock inicial',NULL,1956,NULL,1,NULL,1,NULL,251.0000,NULL,NULL,NULL,NULL,NULL,NULL,NULL,NULL,'2026-01-21 12:01:02','2026-01-21 12:01:02'),
(1957,'1','Stock inicial',NULL,1957,NULL,1,NULL,1,NULL,90.0000,NULL,NULL,NULL,NULL,NULL,NULL,NULL,NULL,'2026-01-21 12:02:37','2026-01-21 12:02:37'),
(1958,'1','Stock inicial',NULL,1958,NULL,1,NULL,1,NULL,68.0000,NULL,NULL,NULL,NULL,NULL,NULL,NULL,NULL,'2026-01-21 12:09:00','2026-01-21 12:09:00'),
(1959,'1','Stock inicial',NULL,1959,NULL,1,NULL,1,NULL,1.0000,NULL,NULL,NULL,NULL,NULL,NULL,NULL,NULL,'2026-01-21 12:11:08','2026-01-21 12:11:08'),
(1960,'1','Stock inicial',NULL,1960,NULL,1,NULL,1,NULL,60.0000,NULL,NULL,NULL,NULL,NULL,NULL,NULL,NULL,'2026-01-21 12:11:45','2026-01-21 12:11:45'),
(1962,'1','Stock inicial',NULL,1962,NULL,1,NULL,1,NULL,27.0000,NULL,NULL,NULL,NULL,NULL,NULL,NULL,NULL,'2026-01-21 12:14:51','2026-01-21 12:14:51'),
(1963,'1','Stock inicial',NULL,1963,NULL,1,NULL,1,NULL,60.0000,NULL,NULL,NULL,NULL,NULL,NULL,NULL,NULL,'2026-01-21 12:16:25','2026-01-21 12:16:25'),
(1964,'1','Stock inicial',NULL,1964,NULL,1,NULL,1,NULL,41.0000,NULL,NULL,NULL,NULL,NULL,NULL,NULL,NULL,'2026-01-21 12:18:22','2026-01-21 12:18:22'),
(1965,'1','Stock inicial',NULL,1965,NULL,1,NULL,1,NULL,5.0000,NULL,NULL,NULL,NULL,NULL,NULL,NULL,NULL,'2026-01-21 12:19:18','2026-01-21 12:19:18'),
(1966,'1','Stock inicial',NULL,1966,NULL,1,NULL,1,NULL,14.0000,NULL,NULL,NULL,NULL,NULL,NULL,NULL,NULL,'2026-01-21 12:21:18','2026-01-21 12:21:18'),
(1967,'1','Stock inicial',NULL,1967,NULL,1,NULL,1,NULL,94.0000,NULL,NULL,NULL,NULL,NULL,NULL,NULL,NULL,'2026-01-21 12:26:48','2026-01-21 12:26:48'),
(1968,'1','Stock inicial',NULL,1968,NULL,1,NULL,1,NULL,87.0000,NULL,NULL,NULL,NULL,NULL,NULL,NULL,NULL,'2026-01-21 12:27:39','2026-01-21 12:27:39'),
(1969,'1','Stock inicial',NULL,1969,NULL,1,NULL,1,NULL,88.0000,NULL,NULL,NULL,NULL,NULL,NULL,NULL,NULL,'2026-01-21 12:28:44','2026-01-21 12:28:44'),
(1970,'1','Stock inicial',NULL,1970,NULL,1,NULL,1,NULL,3.0000,NULL,NULL,NULL,NULL,NULL,NULL,NULL,NULL,'2026-01-21 12:30:00','2026-01-21 12:30:00'),
(1971,'1','Stock inicial',NULL,1971,NULL,1,NULL,1,NULL,100.0000,NULL,NULL,NULL,NULL,NULL,NULL,NULL,NULL,'2026-01-21 12:32:10','2026-01-21 12:32:10'),
(1972,'1','Stock inicial',NULL,1972,NULL,1,NULL,1,NULL,100.0000,NULL,NULL,NULL,NULL,NULL,NULL,NULL,NULL,'2026-01-21 12:35:17','2026-01-21 12:35:17'),
(1973,'1','Stock inicial',NULL,1973,NULL,1,NULL,1,NULL,30.0000,NULL,NULL,NULL,NULL,NULL,NULL,NULL,NULL,'2026-01-21 12:36:04','2026-01-21 12:36:04'),
(1974,'1','Stock inicial',NULL,1974,NULL,1,NULL,1,NULL,119.0000,NULL,NULL,NULL,NULL,NULL,NULL,NULL,NULL,'2026-01-21 12:37:23','2026-01-21 12:37:23'),
(1975,'1','Stock inicial',NULL,1975,NULL,1,NULL,1,NULL,70.0000,NULL,NULL,NULL,NULL,NULL,NULL,NULL,NULL,'2026-01-21 12:38:34','2026-01-21 12:38:34'),
(1976,'1','Stock inicial',NULL,1976,NULL,1,NULL,1,NULL,5.0000,NULL,NULL,NULL,NULL,NULL,NULL,NULL,NULL,'2026-01-21 12:39:28','2026-01-21 12:39:28'),
(1978,'1','Stock inicial',NULL,1978,NULL,1,NULL,1,NULL,13.0000,NULL,NULL,NULL,NULL,NULL,NULL,NULL,NULL,'2026-01-21 12:44:01','2026-01-21 12:44:01'),
(1979,'1','Stock inicial',NULL,1979,NULL,1,NULL,1,NULL,3.0000,NULL,NULL,NULL,NULL,NULL,NULL,NULL,NULL,'2026-01-21 12:50:08','2026-01-21 12:50:08'),
(1980,'1','Stock inicial',NULL,1980,NULL,1,NULL,1,NULL,2.0000,NULL,NULL,NULL,NULL,NULL,NULL,NULL,NULL,'2026-01-21 12:50:51','2026-01-21 12:50:51'),
(1981,'1','Stock inicial',NULL,1981,NULL,1,NULL,1,NULL,2.0000,NULL,NULL,NULL,NULL,NULL,NULL,NULL,NULL,'2026-01-21 12:52:16','2026-01-21 12:52:16'),
(1982,'1','Stock inicial',NULL,1982,NULL,1,NULL,1,NULL,1.0000,NULL,NULL,NULL,NULL,NULL,NULL,NULL,NULL,'2026-01-21 12:57:54','2026-01-21 12:57:54'),
(1983,'1','Stock inicial',NULL,1983,NULL,1,NULL,1,NULL,87.0000,NULL,NULL,NULL,NULL,NULL,NULL,NULL,NULL,'2026-01-21 13:00:24','2026-01-21 13:00:24'),
(1984,'1','Stock inicial',NULL,1984,NULL,1,NULL,1,NULL,1.0000,NULL,NULL,NULL,NULL,NULL,NULL,NULL,NULL,'2026-01-21 13:05:07','2026-01-21 13:05:07'),
(1985,'1','Stock inicial',NULL,1985,NULL,1,NULL,1,NULL,2.0000,NULL,NULL,NULL,NULL,NULL,NULL,NULL,NULL,'2026-01-21 13:06:30','2026-01-21 13:06:30'),
(1986,'1','Stock inicial',NULL,1986,NULL,1,NULL,1,NULL,74.0000,NULL,NULL,NULL,NULL,NULL,NULL,NULL,NULL,'2026-01-21 14:23:44','2026-01-21 14:23:44'),
(1987,'1','Stock inicial',NULL,1987,NULL,1,NULL,1,NULL,2.0000,NULL,NULL,NULL,NULL,NULL,NULL,NULL,NULL,'2026-01-21 14:29:35','2026-01-21 14:29:35'),
(1988,'1','Stock inicial',NULL,1988,NULL,1,NULL,1,NULL,30.0000,NULL,NULL,NULL,NULL,NULL,NULL,NULL,NULL,'2026-01-21 14:35:17','2026-01-21 14:35:17'),
(1989,'1','Stock inicial',NULL,1989,NULL,1,NULL,1,NULL,55.0000,NULL,NULL,NULL,NULL,NULL,NULL,NULL,NULL,'2026-01-21 14:36:30','2026-01-21 14:36:30'),
(1990,'1','Stock inicial',NULL,1990,NULL,1,NULL,1,NULL,120.0000,NULL,NULL,NULL,NULL,NULL,NULL,NULL,NULL,'2026-01-21 14:37:48','2026-01-21 14:37:48'),
(1991,'1','Stock inicial',NULL,1991,NULL,1,NULL,1,NULL,117.0000,NULL,NULL,NULL,NULL,NULL,NULL,NULL,NULL,'2026-01-21 14:41:42','2026-01-21 14:41:42'),
(1992,'1','Stock inicial',NULL,1992,NULL,1,NULL,1,NULL,89.0000,NULL,NULL,NULL,NULL,NULL,NULL,NULL,NULL,'2026-01-21 14:53:15','2026-01-21 14:53:15'),
(1993,'1','Stock inicial',NULL,1993,NULL,1,NULL,1,NULL,48.0000,NULL,NULL,NULL,NULL,NULL,NULL,NULL,NULL,'2026-01-21 14:54:45','2026-01-21 14:54:45'),
(1994,'1','Stock inicial',NULL,1994,NULL,1,NULL,1,NULL,4.0000,NULL,NULL,NULL,NULL,NULL,NULL,NULL,NULL,'2026-01-21 14:55:37','2026-01-21 14:55:37'),
(1995,'1','Stock inicial',NULL,1995,NULL,1,NULL,1,NULL,1.0000,NULL,NULL,NULL,NULL,NULL,NULL,NULL,NULL,'2026-01-21 14:56:10','2026-01-21 14:56:10'),
(1996,'1','Stock inicial',NULL,1996,NULL,1,NULL,1,NULL,3.0000,NULL,NULL,NULL,NULL,NULL,NULL,NULL,NULL,'2026-01-21 14:57:30','2026-01-21 14:57:30'),
(1997,'1','Stock inicial',NULL,1997,NULL,1,NULL,1,NULL,62.0000,NULL,NULL,NULL,NULL,NULL,NULL,NULL,NULL,'2026-01-21 14:58:17','2026-01-21 14:58:17'),
(1998,'1','Stock inicial',NULL,1998,NULL,1,NULL,1,NULL,46.0000,NULL,NULL,NULL,NULL,NULL,NULL,NULL,NULL,'2026-01-21 14:59:09','2026-01-21 14:59:09'),
(1999,'1','Stock inicial',NULL,1999,NULL,1,NULL,1,NULL,28.0000,NULL,NULL,NULL,NULL,NULL,NULL,NULL,NULL,'2026-01-21 15:00:07','2026-01-21 15:00:07'),
(2000,'1','Stock inicial',NULL,2000,NULL,1,NULL,1,NULL,89.0000,NULL,NULL,NULL,NULL,NULL,NULL,NULL,NULL,'2026-01-21 15:01:05','2026-01-21 15:01:05'),
(2001,'1','Stock inicial',NULL,2001,NULL,1,NULL,1,NULL,6.0000,NULL,NULL,NULL,NULL,NULL,NULL,NULL,NULL,'2026-01-21 15:03:21','2026-01-21 15:03:21'),
(2002,'1','Stock inicial',NULL,2002,NULL,1,NULL,1,NULL,2.0000,NULL,NULL,NULL,NULL,NULL,NULL,NULL,NULL,'2026-01-21 15:04:07','2026-01-21 15:04:07'),
(2003,'1','Stock inicial',NULL,2003,NULL,1,NULL,1,NULL,2.0000,NULL,NULL,NULL,NULL,NULL,NULL,NULL,NULL,'2026-01-21 15:04:44','2026-01-21 15:04:44'),
(2004,'1','Stock inicial',NULL,2004,NULL,1,NULL,1,NULL,1.0000,NULL,NULL,NULL,NULL,NULL,NULL,NULL,NULL,'2026-01-21 15:05:49','2026-01-21 15:05:49'),
(2005,'1','Stock inicial',NULL,2005,NULL,1,NULL,1,NULL,2.0000,NULL,NULL,NULL,NULL,NULL,NULL,NULL,NULL,'2026-01-21 15:06:38','2026-01-21 15:06:38'),
(2006,'1','Stock inicial',NULL,2006,NULL,1,NULL,1,NULL,2.0000,NULL,NULL,NULL,NULL,NULL,NULL,NULL,NULL,'2026-01-21 15:07:25','2026-01-21 15:07:25'),
(2007,'1','Stock inicial',NULL,2007,NULL,1,NULL,1,NULL,1.0000,NULL,NULL,NULL,NULL,NULL,NULL,NULL,NULL,'2026-01-21 15:08:01','2026-01-21 15:08:01'),
(2008,'1','Stock inicial',NULL,2008,NULL,1,NULL,1,NULL,2.0000,NULL,NULL,NULL,NULL,NULL,NULL,NULL,NULL,'2026-01-21 15:08:30','2026-01-21 15:08:30'),
(2010,'1','Stock inicial',NULL,2010,NULL,1,NULL,1,NULL,2.0000,NULL,NULL,NULL,NULL,NULL,NULL,NULL,NULL,'2026-01-21 15:09:24','2026-01-21 15:09:24'),
(2011,'1','Stock inicial',NULL,2011,NULL,1,NULL,1,NULL,2.0000,NULL,NULL,NULL,NULL,NULL,NULL,NULL,NULL,'2026-01-21 15:09:57','2026-01-21 15:09:57'),
(2012,'1','Stock inicial',NULL,2012,NULL,1,NULL,1,NULL,1.0000,NULL,NULL,NULL,NULL,NULL,NULL,NULL,NULL,'2026-01-21 15:10:22','2026-01-21 15:10:22'),
(2013,'1','Stock inicial',NULL,2013,NULL,1,NULL,1,NULL,3.0000,NULL,NULL,NULL,NULL,NULL,NULL,NULL,NULL,'2026-01-21 15:11:01','2026-01-21 15:11:01'),
(2014,'1','Stock inicial',NULL,2014,NULL,1,NULL,1,NULL,3.0000,NULL,NULL,NULL,NULL,NULL,NULL,NULL,NULL,'2026-01-21 15:11:34','2026-01-21 15:11:34'),
(2015,'1','Stock inicial',NULL,2015,NULL,1,NULL,1,NULL,3.0000,NULL,NULL,NULL,NULL,NULL,NULL,NULL,NULL,'2026-01-21 15:12:03','2026-01-21 15:12:03'),
(2016,'1','Stock inicial',NULL,2016,NULL,1,NULL,1,NULL,3.0000,NULL,NULL,NULL,NULL,NULL,NULL,NULL,NULL,'2026-01-21 15:12:34','2026-01-21 15:12:34'),
(2017,'1','Stock inicial',NULL,2017,NULL,1,NULL,1,NULL,4.0000,NULL,NULL,NULL,NULL,NULL,NULL,NULL,NULL,'2026-01-21 15:12:58','2026-01-21 15:12:58'),
(2018,'1','Stock inicial',NULL,2018,NULL,1,NULL,1,NULL,2.0000,NULL,NULL,NULL,NULL,NULL,NULL,NULL,NULL,'2026-01-21 15:13:31','2026-01-21 15:13:31'),
(2019,'1','Stock inicial',NULL,2019,NULL,1,NULL,1,NULL,2.0000,NULL,NULL,NULL,NULL,NULL,NULL,NULL,NULL,'2026-01-21 15:13:56','2026-01-21 15:13:56'),
(2020,'1','Stock inicial',NULL,2020,NULL,1,NULL,1,NULL,1.0000,NULL,NULL,NULL,NULL,NULL,NULL,NULL,NULL,'2026-01-21 15:14:21','2026-01-21 15:14:21'),
(2021,'1','Stock inicial',NULL,2021,NULL,1,NULL,1,NULL,1.0000,NULL,NULL,NULL,NULL,NULL,NULL,NULL,NULL,'2026-01-21 15:14:49','2026-01-21 15:14:49'),
(2022,'1','Stock inicial',NULL,2022,NULL,1,NULL,1,NULL,1.0000,NULL,NULL,NULL,NULL,NULL,NULL,NULL,NULL,'2026-01-21 15:15:15','2026-01-21 15:15:15'),
(2023,'1','Stock inicial',NULL,2023,NULL,1,NULL,1,NULL,3.0000,NULL,NULL,NULL,NULL,NULL,NULL,NULL,NULL,'2026-01-21 15:15:57','2026-01-21 15:15:57'),
(2024,'1','Stock inicial',NULL,2024,NULL,1,NULL,1,NULL,2.0000,NULL,NULL,NULL,NULL,NULL,NULL,NULL,NULL,'2026-01-21 15:16:34','2026-01-21 15:16:34'),
(2025,'1','Stock inicial',NULL,2025,NULL,1,NULL,1,NULL,3.0000,NULL,NULL,NULL,NULL,NULL,NULL,NULL,NULL,'2026-01-21 15:17:21','2026-01-21 15:17:21'),
(2026,'1','Stock inicial',NULL,2026,NULL,1,NULL,1,NULL,2.0000,NULL,NULL,NULL,NULL,NULL,NULL,NULL,NULL,'2026-01-21 15:18:06','2026-01-21 15:18:06'),
(2027,'1','Stock inicial',NULL,2027,NULL,1,NULL,1,NULL,1.0000,NULL,NULL,NULL,NULL,NULL,NULL,NULL,NULL,'2026-01-21 15:18:43','2026-01-21 15:18:43'),
(2028,'1','Stock inicial',NULL,2028,NULL,1,NULL,1,NULL,3.0000,NULL,NULL,NULL,NULL,NULL,NULL,NULL,NULL,'2026-01-21 15:19:07','2026-01-21 15:19:07'),
(2029,'1','Stock inicial',NULL,2029,NULL,1,NULL,1,NULL,2.0000,NULL,NULL,NULL,NULL,NULL,NULL,NULL,NULL,'2026-01-21 15:19:32','2026-01-21 15:19:32'),
(2030,'1','Stock inicial',NULL,2030,NULL,1,NULL,1,NULL,1.0000,NULL,NULL,NULL,NULL,NULL,NULL,NULL,NULL,'2026-01-21 15:19:57','2026-01-21 15:19:57'),
(2031,'1','Stock inicial',NULL,2031,NULL,1,NULL,1,NULL,1.0000,NULL,NULL,NULL,NULL,NULL,NULL,NULL,NULL,'2026-01-21 15:20:21','2026-01-21 15:20:21'),
(2032,'1','Stock inicial',NULL,2032,NULL,1,NULL,1,NULL,4.0000,NULL,NULL,NULL,NULL,NULL,NULL,NULL,NULL,'2026-01-21 15:20:47','2026-01-21 15:20:47'),
(2033,'1','Stock inicial',NULL,2033,NULL,1,NULL,1,NULL,4.0000,NULL,NULL,NULL,NULL,NULL,NULL,NULL,NULL,'2026-01-21 15:21:09','2026-01-21 15:21:09'),
(2034,'1','Stock inicial',NULL,2034,NULL,1,NULL,1,NULL,2.0000,NULL,NULL,NULL,NULL,NULL,NULL,NULL,NULL,'2026-01-21 15:21:33','2026-01-21 15:21:33'),
(2035,'1','Stock inicial',NULL,2035,NULL,1,NULL,1,NULL,4.0000,NULL,NULL,NULL,NULL,NULL,NULL,NULL,NULL,'2026-01-21 15:21:48','2026-01-21 15:21:48'),
(2036,'1','Stock inicial',NULL,2036,NULL,1,NULL,1,NULL,1.0000,NULL,NULL,NULL,NULL,NULL,NULL,NULL,NULL,'2026-01-21 15:22:11','2026-01-21 15:22:11'),
(2037,'1','Stock inicial',NULL,2037,NULL,1,NULL,1,NULL,1.0000,NULL,NULL,NULL,NULL,NULL,NULL,NULL,NULL,'2026-01-21 15:22:35','2026-01-21 15:22:35'),
(2038,'1','Stock inicial',NULL,2038,NULL,1,NULL,1,NULL,1.0000,NULL,NULL,NULL,NULL,NULL,NULL,NULL,NULL,'2026-01-21 15:23:04','2026-01-21 15:23:04'),
(2039,'1','Stock inicial',NULL,2039,NULL,1,NULL,1,NULL,3.0000,NULL,NULL,NULL,NULL,NULL,NULL,NULL,NULL,'2026-01-21 15:23:31','2026-01-21 15:23:31'),
(2040,'1','Stock inicial',NULL,2040,NULL,1,NULL,1,NULL,3.0000,NULL,NULL,NULL,NULL,NULL,NULL,NULL,NULL,'2026-01-21 15:24:20','2026-01-21 15:24:20'),
(2041,'1','Stock inicial',NULL,2041,NULL,1,NULL,1,NULL,5.0000,NULL,NULL,NULL,NULL,NULL,NULL,NULL,NULL,'2026-01-21 15:24:48','2026-01-21 15:24:48'),
(2042,'1','Stock inicial',NULL,2042,NULL,1,NULL,1,NULL,6.0000,NULL,NULL,NULL,NULL,NULL,NULL,NULL,NULL,'2026-01-21 15:25:27','2026-01-21 15:25:27'),
(2043,'1','Stock inicial',NULL,2043,NULL,1,NULL,1,NULL,6.0000,NULL,NULL,NULL,NULL,NULL,NULL,NULL,NULL,'2026-01-21 15:25:53','2026-01-21 15:25:53'),
(2044,'1','Stock inicial',NULL,2044,NULL,1,NULL,1,NULL,5.0000,NULL,NULL,NULL,NULL,NULL,NULL,NULL,NULL,'2026-01-21 15:26:38','2026-01-21 15:26:38'),
(2045,'1','Stock inicial',NULL,2045,NULL,1,NULL,1,NULL,31.0000,NULL,NULL,NULL,NULL,NULL,NULL,NULL,NULL,'2026-01-21 15:27:27','2026-01-21 15:27:27'),
(2046,'1','Stock inicial',NULL,2046,NULL,1,NULL,1,NULL,134.0000,NULL,NULL,NULL,NULL,NULL,NULL,NULL,NULL,'2026-01-21 15:27:57','2026-01-21 15:27:57'),
(2047,'1','Stock inicial',NULL,2047,NULL,1,NULL,1,NULL,25.0000,NULL,NULL,NULL,NULL,NULL,NULL,NULL,NULL,'2026-01-21 15:28:22','2026-01-21 15:28:22'),
(2048,'1','Stock inicial',NULL,2048,NULL,1,NULL,1,NULL,71.0000,NULL,NULL,NULL,NULL,NULL,NULL,NULL,NULL,'2026-01-21 15:29:06','2026-01-21 15:29:06'),
(2049,'1','Stock inicial',NULL,2049,NULL,1,NULL,1,NULL,2.0000,NULL,NULL,NULL,NULL,NULL,NULL,NULL,NULL,'2026-01-21 15:29:36','2026-01-21 15:29:36'),
(2050,'1','Stock inicial',NULL,2050,NULL,1,NULL,1,NULL,162.0000,NULL,NULL,NULL,NULL,NULL,NULL,NULL,NULL,'2026-01-21 15:30:28','2026-01-21 15:30:28'),
(2051,'1','Stock inicial',NULL,2051,NULL,1,NULL,1,NULL,61.0000,NULL,NULL,NULL,NULL,NULL,NULL,NULL,NULL,'2026-01-21 15:31:38','2026-01-21 15:31:38'),
(2052,'1','Stock inicial',NULL,2052,NULL,1,NULL,1,NULL,21.0000,NULL,NULL,NULL,NULL,NULL,NULL,NULL,NULL,'2026-01-21 15:32:28','2026-01-21 15:32:28'),
(2053,'1','Stock inicial',NULL,2053,NULL,1,NULL,1,NULL,13.0000,NULL,NULL,NULL,NULL,NULL,NULL,NULL,NULL,'2026-01-21 15:33:07','2026-01-21 15:33:07'),
(2054,'1','Stock inicial',NULL,2054,NULL,1,NULL,1,NULL,78.0000,NULL,NULL,NULL,NULL,NULL,NULL,NULL,NULL,'2026-01-21 15:33:27','2026-01-21 15:33:27'),
(2055,'1','Stock inicial',NULL,2055,NULL,1,NULL,1,NULL,18.0000,NULL,NULL,NULL,NULL,NULL,NULL,NULL,NULL,'2026-01-21 15:33:45','2026-01-21 15:33:45'),
(2056,'1','Stock inicial',NULL,2056,NULL,1,NULL,1,NULL,2.0000,NULL,NULL,NULL,NULL,NULL,NULL,NULL,NULL,'2026-01-21 15:43:13','2026-01-21 15:43:13'),
(2057,'1','Stock inicial',NULL,2057,NULL,1,NULL,1,NULL,1.0000,NULL,NULL,NULL,NULL,NULL,NULL,NULL,NULL,'2026-01-21 15:44:33','2026-01-21 15:44:33'),
(2058,'1','Stock inicial',NULL,2058,NULL,1,NULL,1,NULL,2.0000,NULL,NULL,NULL,NULL,NULL,NULL,NULL,NULL,'2026-01-21 15:45:28','2026-01-21 15:45:28'),
(2059,'1','Stock inicial',NULL,2059,NULL,1,NULL,1,NULL,2.0000,NULL,NULL,NULL,NULL,NULL,NULL,NULL,NULL,'2026-01-21 15:46:27','2026-01-21 15:46:27'),
(2060,'1','Stock inicial',NULL,2060,NULL,1,NULL,1,NULL,1.0000,NULL,NULL,NULL,NULL,NULL,NULL,NULL,NULL,'2026-01-21 15:47:41','2026-01-21 15:47:41'),
(2061,'1','Stock inicial',NULL,2061,NULL,1,NULL,1,NULL,3.0000,NULL,NULL,NULL,NULL,NULL,NULL,NULL,NULL,'2026-01-21 15:48:50','2026-01-21 15:48:50'),
(2062,'1','Stock inicial',NULL,2062,NULL,1,NULL,1,NULL,1.0000,NULL,NULL,NULL,NULL,NULL,NULL,NULL,NULL,'2026-01-21 15:50:24','2026-01-21 15:50:24'),
(2063,'1','Stock inicial',NULL,2063,NULL,1,NULL,1,NULL,2.0000,NULL,NULL,NULL,NULL,NULL,NULL,NULL,NULL,'2026-01-21 15:51:17','2026-01-21 15:51:17'),
(2065,'1','Stock inicial',NULL,2065,NULL,1,NULL,1,NULL,12.0000,NULL,NULL,NULL,NULL,NULL,NULL,NULL,NULL,'2026-01-21 15:54:49','2026-01-21 15:54:49'),
(2066,'1','Stock inicial',NULL,2066,NULL,1,NULL,1,NULL,1.0000,NULL,NULL,NULL,NULL,NULL,NULL,NULL,NULL,'2026-01-21 15:55:28','2026-01-21 15:55:28'),
(2067,'1','Stock inicial',NULL,2067,NULL,1,NULL,1,NULL,1.0000,NULL,NULL,NULL,NULL,NULL,NULL,NULL,NULL,'2026-01-21 15:56:16','2026-01-21 15:56:16'),
(2068,'1','Stock inicial',NULL,2068,NULL,1,NULL,1,NULL,3.0000,NULL,NULL,NULL,NULL,NULL,NULL,NULL,NULL,'2026-01-21 15:57:12','2026-01-21 15:57:12'),
(2069,'1','Stock inicial',NULL,2069,NULL,1,NULL,1,NULL,3.0000,NULL,NULL,NULL,NULL,NULL,NULL,NULL,NULL,'2026-01-21 15:57:58','2026-01-21 15:57:58'),
(2070,'1','Stock inicial',NULL,2070,NULL,1,NULL,1,NULL,3.0000,NULL,NULL,NULL,NULL,NULL,NULL,NULL,NULL,'2026-01-21 15:58:43','2026-01-21 15:58:43'),
(2071,'1','Stock inicial',NULL,2071,NULL,1,NULL,1,NULL,2.0000,NULL,NULL,NULL,NULL,NULL,NULL,NULL,NULL,'2026-01-21 15:59:30','2026-01-21 15:59:30'),
(2072,'1','Stock inicial',NULL,2072,NULL,1,NULL,1,NULL,4.0000,NULL,NULL,NULL,NULL,NULL,NULL,NULL,NULL,'2026-01-21 16:00:17','2026-01-21 16:00:17'),
(2073,'1','Stock inicial',NULL,2073,NULL,1,NULL,1,NULL,3.0000,NULL,NULL,NULL,NULL,NULL,NULL,NULL,NULL,'2026-01-21 16:01:25','2026-01-21 16:01:25'),
(2074,'1','Stock inicial',NULL,2074,NULL,1,NULL,1,NULL,4.0000,NULL,NULL,NULL,NULL,NULL,NULL,NULL,NULL,'2026-01-21 16:02:35','2026-01-21 16:02:35'),
(2075,'1','Stock inicial',NULL,2075,NULL,1,NULL,1,NULL,8.0000,NULL,NULL,NULL,NULL,NULL,NULL,NULL,NULL,'2026-01-21 16:04:28','2026-01-21 16:04:28'),
(2076,'1','Stock inicial',NULL,2076,NULL,1,NULL,1,NULL,2.0000,NULL,NULL,NULL,NULL,NULL,NULL,NULL,NULL,'2026-01-21 16:05:36','2026-01-21 16:05:36'),
(2077,'1','Stock inicial',NULL,2077,NULL,1,NULL,1,NULL,5.0000,NULL,NULL,NULL,NULL,NULL,NULL,NULL,NULL,'2026-01-21 16:07:54','2026-01-21 16:07:54'),
(2078,'1','Stock inicial',NULL,2078,NULL,1,NULL,1,NULL,6.0000,NULL,NULL,NULL,NULL,NULL,NULL,NULL,NULL,'2026-01-21 16:08:58','2026-01-21 16:08:58'),
(2079,'1','Stock inicial',NULL,2079,NULL,1,NULL,1,NULL,5.0000,NULL,NULL,NULL,NULL,NULL,NULL,NULL,NULL,'2026-01-21 16:09:40','2026-01-21 16:09:40'),
(2080,'1','Stock inicial',NULL,2080,NULL,1,NULL,1,NULL,5.0000,NULL,NULL,NULL,NULL,NULL,NULL,NULL,NULL,'2026-01-21 16:10:54','2026-01-21 16:10:54'),
(2081,'1','Stock inicial',NULL,2081,NULL,1,NULL,1,NULL,4.0000,NULL,NULL,NULL,NULL,NULL,NULL,NULL,NULL,'2026-01-21 16:12:05','2026-01-21 16:12:05'),
(2082,'1','Stock inicial',NULL,2082,NULL,1,NULL,1,NULL,4.0000,NULL,NULL,NULL,NULL,NULL,NULL,NULL,NULL,'2026-01-21 16:13:33','2026-01-21 16:13:33'),
(2083,'1','Stock inicial',NULL,2083,NULL,1,NULL,1,NULL,2.0000,NULL,NULL,NULL,NULL,NULL,NULL,NULL,NULL,'2026-01-21 16:16:44','2026-01-21 16:16:44'),
(2084,'1','Stock inicial',NULL,2084,NULL,1,NULL,1,NULL,0.0000,NULL,NULL,NULL,NULL,NULL,NULL,NULL,NULL,'2026-01-21 16:17:11','2026-01-21 16:17:11'),
(2085,'1','Stock inicial',NULL,2085,NULL,1,NULL,1,NULL,1.0000,NULL,NULL,NULL,NULL,NULL,NULL,NULL,NULL,'2026-01-21 16:18:23','2026-01-21 16:18:23'),
(2086,'1','Stock inicial',NULL,2086,NULL,1,NULL,1,NULL,1.0000,NULL,NULL,NULL,NULL,NULL,NULL,NULL,NULL,'2026-01-21 16:19:22','2026-01-21 16:19:22'),
(2087,'1','Stock inicial',NULL,2087,NULL,1,NULL,1,NULL,1.0000,NULL,NULL,NULL,NULL,NULL,NULL,NULL,NULL,'2026-01-21 16:20:34','2026-01-21 16:20:34'),
(2088,'1','Stock inicial',NULL,2088,NULL,1,NULL,1,NULL,9.0000,NULL,NULL,NULL,NULL,NULL,NULL,NULL,NULL,'2026-01-21 16:21:55','2026-01-21 16:21:55'),
(2089,'1','Stock inicial',NULL,2089,NULL,1,NULL,1,NULL,12.0000,NULL,NULL,NULL,NULL,NULL,NULL,NULL,NULL,'2026-01-21 16:24:33','2026-01-21 16:24:33'),
(2090,'1','Stock inicial',NULL,2090,NULL,1,NULL,1,NULL,4.0000,NULL,NULL,NULL,NULL,NULL,NULL,NULL,NULL,'2026-01-21 16:26:28','2026-01-21 16:26:28'),
(2091,'1','Stock inicial',NULL,2091,NULL,1,NULL,1,NULL,2.0000,NULL,NULL,NULL,NULL,NULL,NULL,NULL,NULL,'2026-01-21 16:28:21','2026-01-21 16:28:21'),
(2092,'1','Stock inicial',NULL,2092,NULL,1,NULL,1,NULL,5.0000,NULL,NULL,NULL,NULL,NULL,NULL,NULL,NULL,'2026-01-21 16:30:10','2026-01-21 16:30:10'),
(2093,'1','Stock inicial',NULL,2093,NULL,1,NULL,1,NULL,19.0000,NULL,NULL,NULL,NULL,NULL,NULL,NULL,NULL,'2026-01-21 16:32:16','2026-01-21 16:32:16'),
(2094,'1','Stock inicial',NULL,2094,NULL,1,NULL,1,NULL,6.0000,NULL,NULL,NULL,NULL,NULL,NULL,NULL,NULL,'2026-01-21 16:33:35','2026-01-21 16:33:35'),
(2095,'1','Stock inicial',NULL,2095,NULL,1,NULL,1,NULL,24.0000,NULL,NULL,NULL,NULL,NULL,NULL,NULL,NULL,'2026-01-21 16:34:27','2026-01-21 16:34:27'),
(2096,'1','Stock inicial',NULL,2096,NULL,1,NULL,1,NULL,8.0000,NULL,NULL,NULL,NULL,NULL,NULL,NULL,NULL,'2026-01-21 16:35:36','2026-01-21 16:35:36'),
(2097,'1','Stock inicial',NULL,2097,NULL,1,NULL,1,NULL,12.0000,NULL,NULL,NULL,NULL,NULL,NULL,NULL,NULL,'2026-01-21 16:36:42','2026-01-21 16:36:42'),
(2098,'1','Stock inicial',NULL,2098,NULL,1,NULL,1,NULL,2.0000,NULL,NULL,NULL,NULL,NULL,NULL,NULL,NULL,'2026-01-21 16:38:10','2026-01-21 16:38:10'),
(2099,'1','Stock inicial',NULL,2099,NULL,1,NULL,1,NULL,2.0000,NULL,NULL,NULL,NULL,NULL,NULL,NULL,NULL,'2026-01-21 16:38:59','2026-01-21 16:38:59'),
(2100,'1','Stock inicial',NULL,2100,NULL,1,NULL,1,NULL,2.0000,NULL,NULL,NULL,NULL,NULL,NULL,NULL,NULL,'2026-01-21 16:40:01','2026-01-21 16:40:01'),
(2101,'1','Stock inicial',NULL,2101,NULL,1,NULL,1,NULL,6.0000,NULL,NULL,NULL,NULL,NULL,NULL,NULL,NULL,'2026-01-21 16:42:14','2026-01-21 16:42:14'),
(2102,'1','Stock inicial',NULL,2102,NULL,1,NULL,1,NULL,16.0000,NULL,NULL,NULL,NULL,NULL,NULL,NULL,NULL,'2026-01-21 16:43:07','2026-01-21 16:43:07'),
(2103,'1','Stock inicial',NULL,2103,NULL,1,NULL,1,NULL,5.0000,NULL,NULL,NULL,NULL,NULL,NULL,NULL,NULL,'2026-01-21 16:43:53','2026-01-21 16:43:53'),
(2104,'1','Stock inicial',NULL,2104,NULL,1,NULL,1,NULL,8.0000,NULL,NULL,NULL,NULL,NULL,NULL,NULL,NULL,'2026-01-21 16:44:31','2026-01-21 16:44:31'),
(2105,'1','Stock inicial',NULL,2105,NULL,1,NULL,1,NULL,4.0000,NULL,NULL,NULL,NULL,NULL,NULL,NULL,NULL,'2026-01-21 16:45:04','2026-01-21 16:45:04'),
(2106,'1','Stock inicial',NULL,2106,NULL,1,NULL,1,NULL,5.0000,NULL,NULL,NULL,NULL,NULL,NULL,NULL,NULL,'2026-01-21 16:46:53','2026-01-21 16:46:53'),
(2107,'1','Stock inicial',NULL,2107,NULL,1,NULL,1,NULL,7.0000,NULL,NULL,NULL,NULL,NULL,NULL,NULL,NULL,'2026-01-21 16:47:39','2026-01-21 16:47:39'),
(2108,'1','Stock inicial',NULL,2108,NULL,1,NULL,1,NULL,3.0000,NULL,NULL,NULL,NULL,NULL,NULL,NULL,NULL,'2026-01-21 16:48:32','2026-01-21 16:48:32'),
(2109,'1','Stock inicial',NULL,2109,NULL,1,NULL,1,NULL,3.0000,NULL,NULL,NULL,NULL,NULL,NULL,NULL,NULL,'2026-01-21 16:49:02','2026-01-21 16:49:02'),
(2110,'1','Stock inicial',NULL,2110,NULL,1,NULL,1,NULL,3.0000,NULL,NULL,NULL,NULL,NULL,NULL,NULL,NULL,'2026-01-21 16:49:35','2026-01-21 16:49:35'),
(2111,'1','Stock inicial',NULL,2111,NULL,1,NULL,1,NULL,3.0000,NULL,NULL,NULL,NULL,NULL,NULL,NULL,NULL,'2026-01-21 16:50:15','2026-01-21 16:50:15'),
(2112,'1','Stock inicial',NULL,2112,NULL,1,NULL,1,NULL,1.0000,NULL,NULL,NULL,NULL,NULL,NULL,NULL,NULL,'2026-01-21 16:51:30','2026-01-21 16:51:30'),
(2113,'1','Stock inicial',NULL,2113,NULL,1,NULL,1,NULL,2.0000,NULL,NULL,NULL,NULL,NULL,NULL,NULL,NULL,'2026-01-21 16:51:51','2026-01-21 16:51:51'),
(2114,'1','Stock inicial',NULL,2114,NULL,1,NULL,1,NULL,1.0000,NULL,NULL,NULL,NULL,NULL,NULL,NULL,NULL,'2026-01-21 16:52:51','2026-01-21 16:52:51'),
(2115,'1','Stock inicial',NULL,2115,NULL,1,NULL,1,NULL,10.0000,NULL,NULL,NULL,NULL,NULL,NULL,NULL,NULL,'2026-01-21 16:53:56','2026-01-21 16:53:56'),
(2116,'1','Stock inicial',NULL,2116,NULL,1,NULL,1,NULL,59.0000,NULL,NULL,NULL,NULL,NULL,NULL,NULL,NULL,'2026-01-21 16:54:26','2026-01-21 16:54:26'),
(2117,'1','Stock inicial',NULL,2117,NULL,1,NULL,1,NULL,78.0000,NULL,NULL,NULL,NULL,NULL,NULL,NULL,NULL,'2026-01-21 16:55:11','2026-01-21 16:55:11'),
(2119,'1','Stock inicial',NULL,2119,NULL,1,NULL,1,NULL,169.0000,NULL,NULL,NULL,NULL,NULL,NULL,NULL,NULL,'2026-01-21 16:58:39','2026-01-21 16:58:39'),
(2120,'1','Stock inicial',NULL,2120,NULL,1,NULL,1,NULL,335.0000,NULL,NULL,NULL,NULL,NULL,NULL,NULL,NULL,'2026-01-21 17:02:20','2026-01-21 17:02:20'),
(2121,'1','Stock inicial',NULL,2121,NULL,1,NULL,1,NULL,17.0000,NULL,NULL,NULL,NULL,NULL,NULL,NULL,NULL,'2026-01-21 17:04:31','2026-01-21 17:04:31'),
(2122,'1','Stock inicial',NULL,2122,NULL,1,NULL,1,NULL,104.0000,NULL,NULL,NULL,NULL,NULL,NULL,NULL,NULL,'2026-01-21 17:08:24','2026-01-21 17:08:24'),
(2123,'1','Stock inicial',NULL,2123,NULL,1,NULL,1,NULL,61.0000,NULL,NULL,NULL,NULL,NULL,NULL,NULL,NULL,'2026-01-21 17:09:02','2026-01-21 17:09:02'),
(2124,'1','Stock inicial',NULL,2124,NULL,1,NULL,1,NULL,46.0000,NULL,NULL,NULL,NULL,NULL,NULL,NULL,NULL,'2026-01-21 17:09:27','2026-01-21 17:09:27'),
(2125,'1','Stock inicial',NULL,2125,NULL,1,NULL,1,NULL,50.0000,NULL,NULL,NULL,NULL,NULL,NULL,NULL,NULL,'2026-01-21 17:09:51','2026-01-21 17:09:51'),
(2126,'1','Stock inicial',NULL,2126,NULL,1,NULL,1,NULL,139.0000,NULL,NULL,NULL,NULL,NULL,NULL,NULL,NULL,'2026-01-21 17:10:34','2026-01-21 17:10:34'),
(2127,'1','Stock inicial',NULL,2127,NULL,1,NULL,1,NULL,88.0000,NULL,NULL,NULL,NULL,NULL,NULL,NULL,NULL,'2026-01-21 17:13:26','2026-01-21 17:13:26'),
(2128,'1','Stock inicial',NULL,2128,NULL,1,NULL,1,NULL,35.0000,NULL,NULL,NULL,NULL,NULL,NULL,NULL,NULL,'2026-01-21 17:14:20','2026-01-21 17:14:20'),
(2129,'1','Stock inicial',NULL,2129,NULL,1,NULL,1,NULL,80.0000,NULL,NULL,NULL,NULL,NULL,NULL,NULL,NULL,'2026-01-21 17:15:36','2026-01-21 17:15:36'),
(2130,'1','Stock inicial',NULL,2130,NULL,1,NULL,1,NULL,41.0000,NULL,NULL,NULL,NULL,NULL,NULL,NULL,NULL,'2026-01-21 17:16:29','2026-01-21 17:16:29'),
(2131,'1','Stock inicial',NULL,2131,NULL,1,NULL,1,NULL,99.0000,NULL,NULL,NULL,NULL,NULL,NULL,NULL,NULL,'2026-01-21 17:17:18','2026-01-21 17:17:18'),
(2132,'1','Stock inicial',NULL,2132,NULL,1,NULL,1,NULL,95.0000,NULL,NULL,NULL,NULL,NULL,NULL,NULL,NULL,'2026-01-21 17:18:00','2026-01-21 17:18:00'),
(2133,'1','Stock inicial',NULL,2133,NULL,1,NULL,1,NULL,62.0000,NULL,NULL,NULL,NULL,NULL,NULL,NULL,NULL,'2026-01-21 17:19:00','2026-01-21 17:19:00'),
(2134,'1','Stock inicial',NULL,2134,NULL,1,NULL,1,NULL,86.0000,NULL,NULL,NULL,NULL,NULL,NULL,NULL,NULL,'2026-01-21 17:19:40','2026-01-21 17:19:40'),
(2135,'1','Stock inicial',NULL,2135,NULL,1,NULL,1,NULL,11.0000,NULL,NULL,NULL,NULL,NULL,NULL,NULL,NULL,'2026-01-21 17:20:15','2026-01-21 17:20:15'),
(2136,'1','Stock inicial',NULL,2136,NULL,1,NULL,1,NULL,1.0000,NULL,NULL,NULL,NULL,NULL,NULL,NULL,NULL,'2026-01-21 17:21:38','2026-01-21 17:21:38'),
(2137,'1','Stock inicial',NULL,2137,NULL,1,NULL,1,NULL,35.0000,NULL,NULL,NULL,NULL,NULL,NULL,NULL,NULL,'2026-01-21 17:24:01','2026-01-21 17:24:01'),
(2138,'1','Stock inicial',NULL,2138,NULL,1,NULL,1,NULL,4.0000,NULL,NULL,NULL,NULL,NULL,NULL,NULL,NULL,'2026-01-21 17:24:47','2026-01-21 17:24:47'),
(2139,'1','Stock inicial',NULL,2139,NULL,1,NULL,1,NULL,36.0000,NULL,NULL,NULL,NULL,NULL,NULL,NULL,NULL,'2026-01-21 17:25:40','2026-01-21 17:25:40'),
(2140,'1','Stock inicial',NULL,2140,NULL,1,NULL,1,NULL,15.0000,NULL,NULL,NULL,NULL,NULL,NULL,NULL,NULL,'2026-01-21 17:26:33','2026-01-21 17:26:33'),
(2141,'1','Stock inicial',NULL,2141,NULL,1,NULL,1,NULL,16.0000,NULL,NULL,NULL,NULL,NULL,NULL,NULL,NULL,'2026-01-21 17:27:16','2026-01-21 17:27:16'),
(2142,'1','Stock inicial',NULL,2142,NULL,1,NULL,1,NULL,30.0000,NULL,NULL,NULL,NULL,NULL,NULL,NULL,NULL,'2026-01-21 17:28:34','2026-01-21 17:28:34'),
(2143,'1','Stock inicial',NULL,2143,NULL,1,NULL,1,NULL,9.0000,NULL,NULL,NULL,NULL,NULL,NULL,NULL,NULL,'2026-01-21 17:29:30','2026-01-21 17:29:30'),
(2144,'1','Stock inicial',NULL,2144,NULL,1,NULL,1,NULL,2.0000,NULL,NULL,NULL,NULL,NULL,NULL,NULL,NULL,'2026-01-21 17:31:17','2026-01-21 17:31:17'),
(2145,'1','Stock inicial',NULL,2145,NULL,1,NULL,1,NULL,6.0000,NULL,NULL,NULL,NULL,NULL,NULL,NULL,NULL,'2026-01-21 17:31:55','2026-01-21 17:31:55'),
(2146,'1','Stock inicial',NULL,2146,NULL,1,NULL,1,NULL,19.0000,NULL,NULL,NULL,NULL,NULL,NULL,NULL,NULL,'2026-01-21 17:37:09','2026-01-21 17:37:09'),
(2147,'1','Stock inicial',NULL,2147,NULL,1,NULL,1,NULL,10.0000,NULL,NULL,NULL,NULL,NULL,NULL,NULL,NULL,'2026-01-21 17:38:26','2026-01-21 17:38:26'),
(2148,'1','Stock inicial',NULL,2148,NULL,1,NULL,1,NULL,8.0000,NULL,NULL,NULL,NULL,NULL,NULL,NULL,NULL,'2026-01-21 17:39:23','2026-01-21 17:39:23'),
(2149,'1','Stock inicial',NULL,2149,NULL,1,NULL,1,NULL,50.0000,NULL,NULL,NULL,NULL,NULL,NULL,NULL,NULL,'2026-01-21 17:40:35','2026-01-21 17:40:35'),
(2150,'1','Stock inicial',NULL,2150,NULL,1,NULL,1,NULL,8.0000,NULL,NULL,NULL,NULL,NULL,NULL,NULL,NULL,'2026-01-21 17:41:07','2026-01-21 17:41:07'),
(2151,'1','Stock inicial',NULL,2151,NULL,1,NULL,1,NULL,86.0000,NULL,NULL,NULL,NULL,NULL,NULL,NULL,NULL,'2026-01-21 17:41:58','2026-01-21 17:41:58'),
(2152,'1','Stock inicial',NULL,2152,NULL,1,NULL,1,NULL,136.0000,NULL,NULL,NULL,NULL,NULL,NULL,NULL,NULL,'2026-01-21 17:42:40','2026-01-21 17:42:40'),
(2153,'1','Stock inicial',NULL,2153,NULL,1,NULL,1,NULL,147.0000,NULL,NULL,NULL,NULL,NULL,NULL,NULL,NULL,'2026-01-21 17:43:12','2026-01-21 17:43:12'),
(2154,'1','Stock inicial',NULL,2154,NULL,1,NULL,1,NULL,12.0000,NULL,NULL,NULL,NULL,NULL,NULL,NULL,NULL,'2026-01-21 17:43:37','2026-01-21 17:43:37'),
(2155,'1','Stock inicial',NULL,2155,NULL,1,NULL,1,NULL,10.0000,NULL,NULL,NULL,NULL,NULL,NULL,NULL,NULL,'2026-01-21 17:44:09','2026-01-21 17:44:09'),
(2156,'1','Stock inicial',NULL,2156,NULL,1,NULL,1,NULL,45.0000,NULL,NULL,NULL,NULL,NULL,NULL,NULL,NULL,'2026-01-21 17:44:32','2026-01-21 17:44:32'),
(2157,'1','Stock inicial',NULL,2157,NULL,1,NULL,1,NULL,50.0000,NULL,NULL,NULL,NULL,NULL,NULL,NULL,NULL,'2026-01-21 17:45:12','2026-01-21 17:45:12'),
(2158,'1','Stock inicial',NULL,2158,NULL,1,NULL,1,NULL,21.0000,NULL,NULL,NULL,NULL,NULL,NULL,NULL,NULL,'2026-01-21 17:45:44','2026-01-21 17:45:44'),
(2159,'1','Stock inicial',NULL,2159,NULL,1,NULL,1,NULL,186.0000,NULL,NULL,NULL,NULL,NULL,NULL,NULL,NULL,'2026-01-21 17:48:08','2026-01-21 17:48:08'),
(2160,'1','Stock inicial',NULL,2160,NULL,1,NULL,1,NULL,88.0000,NULL,NULL,NULL,NULL,NULL,NULL,NULL,NULL,'2026-01-21 17:48:41','2026-01-21 17:48:41'),
(2161,'1','Stock inicial',NULL,2161,NULL,1,NULL,1,NULL,86.0000,NULL,NULL,NULL,NULL,NULL,NULL,NULL,NULL,'2026-01-21 17:49:55','2026-01-21 17:49:55'),
(2162,'1','Stock inicial',NULL,2162,NULL,1,NULL,1,NULL,88.0000,NULL,NULL,NULL,NULL,NULL,NULL,NULL,NULL,'2026-01-21 17:51:52','2026-01-21 17:51:52'),
(2163,'1','Stock inicial',NULL,2163,NULL,1,NULL,1,NULL,27.0000,NULL,NULL,NULL,NULL,NULL,NULL,NULL,NULL,'2026-01-21 17:56:00','2026-01-21 17:56:00'),
(2167,'1','Stock inicial',NULL,2167,NULL,1,NULL,1,NULL,126.0000,NULL,NULL,NULL,NULL,NULL,NULL,NULL,NULL,'2026-01-21 18:02:30','2026-01-21 18:02:30'),
(2168,'1','Stock inicial',NULL,2168,NULL,1,NULL,1,NULL,50.0000,NULL,NULL,NULL,NULL,NULL,NULL,NULL,NULL,'2026-01-21 18:03:50','2026-01-21 18:03:50'),
(2169,'1','Stock inicial',NULL,2169,NULL,1,NULL,1,NULL,63.0000,NULL,NULL,NULL,NULL,NULL,NULL,NULL,NULL,'2026-01-21 18:04:27','2026-01-21 18:04:27'),
(2170,'1','Stock inicial',NULL,2170,NULL,1,NULL,1,NULL,8.0000,NULL,NULL,NULL,NULL,NULL,NULL,NULL,NULL,'2026-01-21 18:06:36','2026-01-21 18:06:36'),
(2171,'1','Stock inicial',NULL,2171,NULL,1,NULL,1,NULL,51.0000,NULL,NULL,NULL,NULL,NULL,NULL,NULL,NULL,'2026-01-21 18:07:52','2026-01-21 18:07:52'),
(2172,'1','Stock inicial',NULL,2172,NULL,1,NULL,1,NULL,39.0000,NULL,NULL,NULL,NULL,NULL,NULL,NULL,NULL,'2026-01-21 18:09:16','2026-01-21 18:09:16'),
(2173,'1','Stock inicial',NULL,2173,NULL,1,NULL,1,NULL,35.0000,NULL,NULL,NULL,NULL,NULL,NULL,NULL,NULL,'2026-01-21 18:10:17','2026-01-21 18:10:17'),
(2174,'1','Stock inicial',NULL,2174,NULL,1,NULL,1,NULL,318.0000,NULL,NULL,NULL,NULL,NULL,NULL,NULL,NULL,'2026-01-21 18:13:49','2026-01-21 18:13:49'),
(2175,'1','Stock inicial',NULL,2175,NULL,1,NULL,1,NULL,24.0000,NULL,NULL,NULL,NULL,NULL,NULL,NULL,NULL,'2026-01-21 18:14:49','2026-01-21 18:14:49'),
(2176,'1','Stock inicial',NULL,2176,NULL,1,NULL,1,NULL,129.0000,NULL,NULL,NULL,NULL,NULL,NULL,NULL,NULL,'2026-01-21 18:16:35','2026-01-21 18:16:35'),
(2177,'1','Stock inicial',NULL,2177,NULL,1,NULL,1,NULL,266.0000,NULL,NULL,NULL,NULL,NULL,NULL,NULL,NULL,'2026-01-21 18:18:51','2026-01-21 18:18:51'),
(2178,'1','Stock inicial',NULL,2178,NULL,1,NULL,1,NULL,73.0000,NULL,NULL,NULL,NULL,NULL,NULL,NULL,NULL,'2026-01-21 18:22:25','2026-01-21 18:22:25'),
(2179,'1','Stock inicial',NULL,2179,NULL,1,NULL,1,NULL,100.0000,NULL,NULL,NULL,NULL,NULL,NULL,NULL,NULL,'2026-01-21 18:27:59','2026-01-21 18:27:59'),
(2180,'1','Stock inicial',NULL,2180,NULL,1,NULL,1,NULL,84.0000,NULL,NULL,NULL,NULL,NULL,NULL,NULL,NULL,'2026-01-21 18:28:54','2026-01-21 18:28:54'),
(2181,'1','Stock inicial',NULL,2181,NULL,1,NULL,1,NULL,22.0000,NULL,NULL,NULL,NULL,NULL,NULL,NULL,NULL,'2026-01-21 18:29:46','2026-01-21 18:29:46'),
(2182,'1','Stock inicial',NULL,2182,NULL,1,NULL,1,NULL,44.0000,NULL,NULL,NULL,NULL,NULL,NULL,NULL,NULL,'2026-01-21 18:30:36','2026-01-21 18:30:36'),
(2183,'1','Stock inicial',NULL,2183,NULL,1,NULL,1,NULL,47.0000,NULL,NULL,NULL,NULL,NULL,NULL,NULL,NULL,'2026-01-21 18:32:04','2026-01-21 18:32:04'),
(2184,'1','Stock inicial',NULL,2184,NULL,1,NULL,1,NULL,109.0000,NULL,NULL,NULL,NULL,NULL,NULL,NULL,NULL,'2026-01-21 18:33:06','2026-01-21 18:33:06'),
(2185,'1','Stock inicial',NULL,2185,NULL,1,NULL,1,NULL,45.0000,NULL,NULL,NULL,NULL,NULL,NULL,NULL,NULL,'2026-01-21 18:34:08','2026-01-21 18:34:08'),
(2186,'1','Stock inicial',NULL,2186,NULL,1,NULL,1,NULL,19.0000,NULL,NULL,NULL,NULL,NULL,NULL,NULL,NULL,'2026-01-21 18:35:28','2026-01-21 18:35:28'),
(2187,'1','Stock inicial',NULL,2187,NULL,1,NULL,1,NULL,40.0000,NULL,NULL,NULL,NULL,NULL,NULL,NULL,NULL,'2026-01-21 18:36:46','2026-01-21 18:36:46'),
(2188,'1','Stock inicial',NULL,2188,NULL,1,NULL,1,NULL,5.0000,NULL,NULL,NULL,NULL,NULL,NULL,NULL,NULL,'2026-01-21 18:38:45','2026-01-21 18:38:45'),
(2189,'1','Stock inicial',NULL,2189,NULL,1,NULL,1,NULL,97.0000,NULL,NULL,NULL,NULL,NULL,NULL,NULL,NULL,'2026-01-21 18:39:40','2026-01-21 18:39:40'),
(2190,'1','Stock inicial',NULL,2190,NULL,1,NULL,1,NULL,11.0000,NULL,NULL,NULL,NULL,NULL,NULL,NULL,NULL,'2026-01-21 18:40:45','2026-01-21 18:40:45'),
(2191,'1','Stock inicial',NULL,2191,NULL,1,NULL,1,NULL,100.0000,NULL,NULL,NULL,NULL,NULL,NULL,NULL,NULL,'2026-01-21 18:41:26','2026-01-21 18:41:26'),
(2192,'1','Stock inicial',NULL,2192,NULL,1,NULL,1,NULL,10.0000,NULL,NULL,NULL,NULL,NULL,NULL,NULL,NULL,'2026-01-21 18:44:19','2026-01-21 18:44:19'),
(2193,'1','Stock inicial',NULL,2193,NULL,1,NULL,1,NULL,20.0000,NULL,NULL,NULL,NULL,NULL,NULL,NULL,NULL,'2026-01-21 18:45:19','2026-01-21 18:45:19'),
(2194,'1','Stock inicial',NULL,2194,NULL,1,NULL,1,NULL,40.0000,NULL,NULL,NULL,NULL,NULL,NULL,NULL,NULL,'2026-01-21 18:47:14','2026-01-21 18:47:14'),
(2195,'1','Stock inicial',NULL,2195,NULL,1,NULL,1,NULL,9.0000,NULL,NULL,NULL,NULL,NULL,NULL,NULL,NULL,'2026-01-21 18:51:03','2026-01-21 18:51:03'),
(2196,'1','Stock inicial',NULL,2196,NULL,1,NULL,1,NULL,15.0000,NULL,NULL,NULL,NULL,NULL,NULL,NULL,NULL,'2026-01-21 18:52:22','2026-01-21 18:52:22'),
(2197,'1','Stock inicial',NULL,2197,NULL,1,NULL,1,NULL,22.0000,NULL,NULL,NULL,NULL,NULL,NULL,NULL,NULL,'2026-01-21 18:54:19','2026-01-21 18:54:19'),
(2198,'1','Stock inicial',NULL,2198,NULL,1,NULL,1,NULL,1.0000,NULL,NULL,NULL,NULL,NULL,NULL,NULL,NULL,'2026-01-21 18:55:43','2026-01-21 18:55:43'),
(2199,'1','Stock inicial',NULL,2199,NULL,1,NULL,1,NULL,3.0000,NULL,NULL,NULL,NULL,NULL,NULL,NULL,NULL,'2026-01-21 18:56:33','2026-01-21 18:56:33'),
(2200,'1','Stock inicial',NULL,2200,NULL,1,NULL,1,NULL,33.0000,NULL,NULL,NULL,NULL,NULL,NULL,NULL,NULL,'2026-01-21 18:57:32','2026-01-21 18:57:32'),
(2201,'1','Stock inicial',NULL,2201,NULL,1,NULL,1,NULL,6.0000,NULL,NULL,NULL,NULL,NULL,NULL,NULL,NULL,'2026-01-21 18:59:23','2026-01-21 18:59:23'),
(2202,'1','Stock inicial',NULL,2202,NULL,1,NULL,1,NULL,3.0000,NULL,NULL,NULL,NULL,NULL,NULL,NULL,NULL,'2026-01-21 19:00:07','2026-01-21 19:00:07'),
(2203,'1','Stock inicial',NULL,2203,NULL,1,NULL,1,NULL,2.0000,NULL,NULL,NULL,NULL,NULL,NULL,NULL,NULL,'2026-01-21 19:01:21','2026-01-21 19:01:21'),
(2204,'1','Stock inicial',NULL,2204,NULL,1,NULL,1,NULL,1.0000,NULL,NULL,NULL,NULL,NULL,NULL,NULL,NULL,'2026-01-21 19:02:42','2026-01-21 19:02:42'),
(2205,'1','Stock inicial',NULL,2205,NULL,1,NULL,1,NULL,1.0000,NULL,NULL,NULL,NULL,NULL,NULL,NULL,NULL,'2026-01-21 19:05:46','2026-01-21 19:05:46'),
(2206,'1','Stock inicial',NULL,2206,NULL,1,NULL,1,NULL,3.0000,NULL,NULL,NULL,NULL,NULL,NULL,NULL,NULL,'2026-01-21 19:09:47','2026-01-21 19:09:47'),
(2207,'1','Stock inicial',NULL,2207,NULL,1,NULL,1,NULL,52.0000,NULL,NULL,NULL,NULL,NULL,NULL,NULL,NULL,'2026-01-21 19:17:55','2026-01-21 19:17:55'),
(2208,'1','Stock inicial',NULL,2208,NULL,1,NULL,1,NULL,82.0000,NULL,NULL,NULL,NULL,NULL,NULL,NULL,NULL,'2026-01-21 19:50:25','2026-01-21 19:50:25'),
(2209,'1','Stock inicial',NULL,2209,NULL,1,NULL,1,NULL,76.0000,NULL,NULL,NULL,NULL,NULL,NULL,NULL,NULL,'2026-01-21 19:56:38','2026-01-21 19:56:38'),
(2210,'1','Stock inicial',NULL,2210,NULL,1,NULL,1,NULL,1.0000,NULL,NULL,NULL,NULL,NULL,NULL,NULL,NULL,'2026-01-21 19:59:16','2026-01-21 19:59:16'),
(2211,'1','Stock inicial',NULL,2211,NULL,1,NULL,1,NULL,4.0000,NULL,NULL,NULL,NULL,NULL,NULL,NULL,NULL,'2026-01-21 20:01:02','2026-01-21 20:01:02'),
(2212,'1','Stock inicial',NULL,2212,NULL,1,NULL,1,NULL,1.0000,NULL,NULL,NULL,NULL,NULL,NULL,NULL,NULL,'2026-01-21 20:02:08','2026-01-21 20:02:08'),
(2213,'1','Stock inicial',NULL,2213,NULL,1,NULL,1,NULL,101.0000,NULL,NULL,NULL,NULL,NULL,NULL,NULL,NULL,'2026-01-21 20:03:47','2026-01-21 20:03:47'),
(2214,'1','Stock inicial',NULL,2214,NULL,1,NULL,1,NULL,60.0000,NULL,NULL,NULL,NULL,NULL,NULL,NULL,NULL,'2026-01-21 20:05:51','2026-01-21 20:05:51'),
(2215,'1','Stock inicial',NULL,2215,NULL,1,NULL,1,NULL,30.0000,NULL,NULL,NULL,NULL,NULL,NULL,NULL,NULL,'2026-01-21 20:07:01','2026-01-21 20:07:01'),
(2216,'1','Stock inicial',NULL,2216,NULL,1,NULL,1,NULL,80.0000,NULL,NULL,NULL,NULL,NULL,NULL,NULL,NULL,'2026-01-21 20:08:29','2026-01-21 20:08:29'),
(2217,'1','Stock inicial',NULL,2217,NULL,1,NULL,1,NULL,7.0000,NULL,NULL,NULL,NULL,NULL,NULL,NULL,NULL,'2026-01-21 20:09:32','2026-01-21 20:09:32'),
(2218,'1','Stock inicial',NULL,2218,NULL,1,NULL,1,NULL,35.0000,NULL,NULL,NULL,NULL,NULL,NULL,NULL,NULL,'2026-01-21 20:10:58','2026-01-21 20:10:58'),
(2219,'1','Stock inicial',NULL,2219,NULL,1,NULL,1,NULL,4.0000,NULL,NULL,NULL,NULL,NULL,NULL,NULL,NULL,'2026-01-21 20:11:54','2026-01-21 20:11:54'),
(2220,'1','Stock inicial',NULL,2220,NULL,1,NULL,1,NULL,29.0000,NULL,NULL,NULL,NULL,NULL,NULL,NULL,NULL,'2026-01-21 20:15:22','2026-01-21 20:15:22'),
(2221,'1','Stock inicial',NULL,2221,NULL,1,NULL,1,NULL,17.0000,NULL,NULL,NULL,NULL,NULL,NULL,NULL,NULL,'2026-01-21 20:17:29','2026-01-21 20:17:29'),
(2222,'1','Stock inicial',NULL,2222,NULL,1,NULL,1,NULL,7.0000,NULL,NULL,NULL,NULL,NULL,NULL,NULL,NULL,'2026-01-21 20:22:42','2026-01-21 20:22:42'),
(2223,'1','Stock inicial',NULL,2223,NULL,1,NULL,1,NULL,16.0000,NULL,NULL,NULL,NULL,NULL,NULL,NULL,NULL,'2026-01-21 20:24:13','2026-01-21 20:24:13'),
(2224,'1','Stock inicial',NULL,2224,NULL,1,NULL,1,NULL,100.0000,NULL,NULL,NULL,NULL,NULL,NULL,NULL,NULL,'2026-01-21 20:26:30','2026-01-21 20:26:30'),
(2225,'1','Stock inicial',NULL,2225,NULL,1,NULL,1,NULL,23.0000,NULL,NULL,NULL,NULL,NULL,NULL,NULL,NULL,'2026-01-21 20:29:53','2026-01-21 20:29:53'),
(2226,'1','Stock inicial',NULL,2226,NULL,1,NULL,1,NULL,27.0000,NULL,NULL,NULL,NULL,NULL,NULL,NULL,NULL,'2026-01-21 20:30:55','2026-01-21 20:30:55'),
(2227,'1','Stock inicial',NULL,2227,NULL,1,NULL,1,NULL,24.0000,NULL,NULL,NULL,NULL,NULL,NULL,NULL,NULL,'2026-01-22 10:37:26','2026-01-22 10:37:26'),
(2228,'1','Stock inicial',NULL,2228,NULL,1,NULL,1,NULL,50.0000,NULL,NULL,NULL,NULL,NULL,NULL,NULL,NULL,'2026-01-22 10:39:05','2026-01-22 10:39:05'),
(2229,'1','Stock inicial',NULL,2229,NULL,1,NULL,1,NULL,9.0000,NULL,NULL,NULL,NULL,NULL,NULL,NULL,NULL,'2026-01-22 10:40:16','2026-01-22 10:40:16'),
(2230,'1','Stock inicial',NULL,2230,NULL,1,NULL,1,NULL,20.0000,NULL,NULL,NULL,NULL,NULL,NULL,NULL,NULL,'2026-01-22 10:42:25','2026-01-22 10:42:25'),
(2231,'1','Stock inicial',NULL,2231,NULL,1,NULL,1,NULL,100.0000,NULL,NULL,NULL,NULL,NULL,NULL,NULL,NULL,'2026-01-22 10:43:12','2026-01-22 10:43:12'),
(2232,'1','Stock inicial',NULL,2232,NULL,1,NULL,1,NULL,100.0000,NULL,NULL,NULL,NULL,NULL,NULL,NULL,NULL,'2026-01-22 10:44:15','2026-01-22 10:44:15'),
(2233,'1','Stock inicial',NULL,2233,NULL,1,NULL,1,NULL,95.0000,NULL,NULL,NULL,NULL,NULL,NULL,NULL,NULL,'2026-01-22 10:48:40','2026-01-22 10:48:40'),
(2234,'1','Stock inicial',NULL,2234,NULL,1,NULL,1,NULL,60.0000,NULL,NULL,NULL,NULL,NULL,NULL,NULL,NULL,'2026-01-22 10:49:30','2026-01-22 10:49:30'),
(2235,'1','Stock inicial',NULL,2235,NULL,1,NULL,1,NULL,1.0000,NULL,NULL,NULL,NULL,NULL,NULL,NULL,NULL,'2026-01-22 10:50:21','2026-01-22 10:50:21'),
(2236,'1','Stock inicial',NULL,2236,NULL,1,NULL,1,NULL,15.0000,NULL,NULL,NULL,NULL,NULL,NULL,NULL,NULL,'2026-01-22 11:05:27','2026-01-22 11:05:27'),
(2237,'1','Stock inicial',NULL,2237,NULL,1,NULL,1,NULL,24.0000,NULL,NULL,NULL,NULL,NULL,NULL,NULL,NULL,'2026-01-22 11:07:00','2026-01-22 11:07:00'),
(2238,'1','Stock inicial',NULL,2238,NULL,1,NULL,1,NULL,5.0000,NULL,NULL,NULL,NULL,NULL,NULL,NULL,NULL,'2026-01-22 11:18:29','2026-01-22 11:18:29'),
(2239,'1','Stock inicial',NULL,2239,NULL,1,NULL,1,NULL,3.0000,NULL,NULL,NULL,NULL,NULL,NULL,NULL,NULL,'2026-01-22 11:19:04','2026-01-22 11:19:04'),
(2240,'1','Stock inicial',NULL,2240,NULL,1,NULL,1,NULL,1.0000,NULL,NULL,NULL,NULL,NULL,NULL,NULL,NULL,'2026-01-22 11:19:37','2026-01-22 11:19:37'),
(2241,'1','Stock inicial',NULL,2241,NULL,1,NULL,1,NULL,2.0000,NULL,NULL,NULL,NULL,NULL,NULL,NULL,NULL,'2026-01-22 11:20:11','2026-01-22 11:20:11'),
(2242,'1','Stock inicial',NULL,2242,NULL,1,NULL,1,NULL,3.0000,NULL,NULL,NULL,NULL,NULL,NULL,NULL,NULL,'2026-01-22 11:20:46','2026-01-22 11:20:46'),
(2243,'1','Stock inicial',NULL,2243,NULL,1,NULL,1,NULL,2.0000,NULL,NULL,NULL,NULL,NULL,NULL,NULL,NULL,'2026-01-22 11:21:13','2026-01-22 11:21:13'),
(2244,'1','Stock inicial',NULL,2244,NULL,1,NULL,1,NULL,1.0000,NULL,NULL,NULL,NULL,NULL,NULL,NULL,NULL,'2026-01-22 11:21:45','2026-01-22 11:21:45'),
(2245,'1','Stock inicial',NULL,2245,NULL,1,NULL,1,NULL,1.0000,NULL,NULL,NULL,NULL,NULL,NULL,NULL,NULL,'2026-01-22 11:22:20','2026-01-22 11:22:20'),
(2246,'1','Stock inicial',NULL,2246,NULL,1,NULL,1,NULL,3.0000,NULL,NULL,NULL,NULL,NULL,NULL,NULL,NULL,'2026-01-22 11:22:50','2026-01-22 11:22:50'),
(2247,'1','Stock inicial',NULL,2247,NULL,1,NULL,1,NULL,4.0000,NULL,NULL,NULL,NULL,NULL,NULL,NULL,NULL,'2026-01-22 11:23:37','2026-01-22 11:23:37'),
(2248,'1','Stock inicial',NULL,2248,NULL,1,NULL,1,NULL,2.0000,NULL,NULL,NULL,NULL,NULL,NULL,NULL,NULL,'2026-01-22 11:24:03','2026-01-22 11:24:03'),
(2249,'1','Stock inicial',NULL,2249,NULL,1,NULL,1,NULL,2.0000,NULL,NULL,NULL,NULL,NULL,NULL,NULL,NULL,'2026-01-22 11:24:35','2026-01-22 11:24:35'),
(2250,'1','Stock inicial',NULL,2250,NULL,1,NULL,1,NULL,1.0000,NULL,NULL,NULL,NULL,NULL,NULL,NULL,NULL,'2026-01-22 11:25:00','2026-01-22 11:25:00'),
(2251,'1','Stock inicial',NULL,2251,NULL,1,NULL,1,NULL,21.0000,NULL,NULL,NULL,NULL,NULL,NULL,NULL,NULL,'2026-01-22 11:26:00','2026-01-22 11:26:00'),
(2252,'1','Stock inicial',NULL,2252,NULL,1,NULL,1,NULL,10.0000,NULL,NULL,NULL,NULL,NULL,NULL,NULL,NULL,'2026-01-22 11:27:22','2026-01-22 11:27:22'),
(2253,'1','Stock inicial',NULL,2253,NULL,1,NULL,1,NULL,47.0000,NULL,NULL,NULL,NULL,NULL,NULL,NULL,NULL,'2026-01-22 11:29:12','2026-01-22 11:29:12'),
(2254,'1','Stock inicial',NULL,2254,NULL,1,NULL,1,NULL,51.0000,NULL,NULL,NULL,NULL,NULL,NULL,NULL,NULL,'2026-01-22 11:30:38','2026-01-22 11:30:38'),
(2255,'1','Stock inicial',NULL,2255,NULL,1,NULL,1,NULL,25.0000,NULL,NULL,NULL,NULL,NULL,NULL,NULL,NULL,'2026-01-22 11:41:47','2026-01-22 11:41:47'),
(2256,'1','Stock inicial',NULL,2256,NULL,1,NULL,1,NULL,40.0000,NULL,NULL,NULL,NULL,NULL,NULL,NULL,NULL,'2026-01-22 11:46:59','2026-01-22 11:46:59'),
(2257,'1','Stock inicial',NULL,2257,NULL,1,NULL,1,NULL,31.0000,NULL,NULL,NULL,NULL,NULL,NULL,NULL,NULL,'2026-01-22 11:50:11','2026-01-22 11:50:11'),
(2259,'1','Stock inicial',NULL,2259,NULL,1,NULL,1,NULL,17.0000,NULL,NULL,NULL,NULL,NULL,NULL,NULL,NULL,'2026-01-22 11:58:41','2026-01-22 11:58:41'),
(2260,'1','Stock inicial',NULL,2260,NULL,1,NULL,1,NULL,14.0000,NULL,NULL,NULL,NULL,NULL,NULL,NULL,NULL,'2026-01-22 12:02:04','2026-01-22 12:02:04'),
(2261,'1','Stock inicial',NULL,2261,NULL,1,NULL,1,NULL,10.0000,NULL,NULL,NULL,NULL,NULL,NULL,NULL,NULL,'2026-01-22 12:04:17','2026-01-22 12:04:17'),
(2262,'1','Stock inicial',NULL,2262,NULL,1,NULL,1,NULL,46.0000,NULL,NULL,NULL,NULL,NULL,NULL,NULL,NULL,'2026-01-22 12:05:31','2026-01-22 12:05:31'),
(2263,'1','Stock inicial',NULL,2263,NULL,1,NULL,1,NULL,200.0000,NULL,NULL,NULL,NULL,NULL,NULL,NULL,NULL,'2026-01-22 12:15:19','2026-01-22 12:15:19'),
(2264,'1','Stock inicial',NULL,2264,NULL,1,NULL,1,NULL,50.0000,NULL,NULL,NULL,NULL,NULL,NULL,NULL,NULL,'2026-01-22 12:33:25','2026-01-22 12:33:25'),
(2265,'1','Stock inicial',NULL,2265,NULL,1,NULL,1,NULL,30.0000,NULL,NULL,NULL,NULL,NULL,NULL,NULL,NULL,'2026-01-22 12:38:15','2026-01-22 12:38:15'),
(2266,'1','Stock inicial',NULL,2266,NULL,1,NULL,1,NULL,36.0000,NULL,NULL,NULL,NULL,NULL,NULL,NULL,NULL,'2026-01-22 12:49:57','2026-01-22 12:49:57'),
(2267,'1','Stock inicial',NULL,2267,NULL,1,NULL,1,NULL,2.0000,NULL,NULL,NULL,NULL,NULL,NULL,NULL,NULL,'2026-01-22 12:51:55','2026-01-22 12:51:55'),
(2268,'1','Stock inicial',NULL,2268,NULL,1,NULL,1,NULL,4.0000,NULL,NULL,NULL,NULL,NULL,NULL,NULL,NULL,'2026-01-22 12:57:00','2026-01-22 12:57:00'),
(2270,'1','Stock inicial',NULL,2270,NULL,1,NULL,1,NULL,60.0000,NULL,NULL,NULL,NULL,NULL,NULL,NULL,NULL,'2026-01-22 13:24:14','2026-01-22 13:24:14'),
(2271,'1','Stock inicial',NULL,2271,NULL,1,NULL,1,NULL,50.0000,NULL,NULL,NULL,NULL,NULL,NULL,NULL,NULL,'2026-01-22 13:39:01','2026-01-22 13:39:01'),
(2272,'1','Stock inicial',NULL,2272,NULL,1,NULL,1,NULL,82.0000,NULL,NULL,NULL,NULL,NULL,NULL,NULL,NULL,'2026-01-22 13:40:11','2026-01-22 13:40:11'),
(2273,'1','Stock inicial',NULL,2273,NULL,1,NULL,1,NULL,78.0000,NULL,NULL,NULL,NULL,NULL,NULL,NULL,NULL,'2026-01-22 13:42:39','2026-01-22 13:42:39'),
(2274,'1','Stock inicial',NULL,2274,NULL,1,NULL,1,NULL,11.0000,NULL,NULL,NULL,NULL,NULL,NULL,NULL,NULL,'2026-01-22 13:43:49','2026-01-22 13:43:49'),
(2275,'1','Stock inicial',NULL,2275,NULL,1,NULL,1,NULL,14.0000,NULL,NULL,NULL,NULL,NULL,NULL,NULL,NULL,'2026-01-22 13:48:59','2026-01-22 13:48:59'),
(2276,'1','Stock inicial',NULL,2276,NULL,1,NULL,1,NULL,38.0000,NULL,NULL,NULL,NULL,NULL,NULL,NULL,NULL,'2026-01-22 13:51:08','2026-01-22 13:51:08'),
(2277,'1','Stock inicial',NULL,2277,NULL,1,NULL,1,NULL,4.0000,NULL,NULL,NULL,NULL,NULL,NULL,NULL,NULL,'2026-01-22 13:53:22','2026-01-22 13:53:22'),
(2278,'1','Stock inicial',NULL,2278,NULL,1,NULL,1,NULL,92.0000,NULL,NULL,NULL,NULL,NULL,NULL,NULL,NULL,'2026-01-22 13:54:59','2026-01-22 13:54:59'),
(2279,'1','Stock inicial',NULL,2279,NULL,1,NULL,1,NULL,0.0000,NULL,NULL,NULL,NULL,NULL,NULL,NULL,NULL,'2026-01-22 14:01:45','2026-01-22 14:01:45'),
(2280,'1','Stock inicial',NULL,2280,NULL,1,NULL,1,NULL,80.0000,NULL,NULL,NULL,NULL,NULL,NULL,NULL,NULL,'2026-01-22 14:33:21','2026-01-22 14:33:21'),
(2286,'1','Stock inicial',NULL,2286,NULL,1,NULL,1,NULL,86.0000,NULL,NULL,NULL,NULL,NULL,NULL,NULL,NULL,'2026-01-22 16:12:28','2026-01-22 16:12:28'),
(2287,'1','Stock inicial',NULL,2287,NULL,1,NULL,1,NULL,200.0000,NULL,NULL,NULL,NULL,NULL,NULL,NULL,NULL,'2026-01-22 16:13:01','2026-01-22 16:13:01'),
(2288,'1','Stock inicial',NULL,2288,NULL,1,NULL,1,NULL,10.0000,NULL,NULL,NULL,NULL,NULL,NULL,NULL,NULL,'2026-01-22 16:16:37','2026-01-22 16:16:37'),
(2289,'1','Stock inicial',NULL,2289,NULL,1,NULL,1,NULL,180.0000,NULL,NULL,NULL,NULL,NULL,NULL,NULL,NULL,'2026-01-22 16:17:05','2026-01-22 16:17:05'),
(2290,'1','Stock inicial',NULL,2290,NULL,1,NULL,1,NULL,60.0000,NULL,NULL,NULL,NULL,NULL,NULL,NULL,NULL,'2026-01-22 16:18:29','2026-01-22 16:18:29'),
(2291,'1','Stock inicial',NULL,2291,NULL,1,NULL,1,NULL,50.0000,NULL,NULL,NULL,NULL,NULL,NULL,NULL,NULL,'2026-01-22 16:22:26','2026-01-22 16:22:26'),
(2292,'1','Stock inicial',NULL,2292,NULL,1,NULL,1,NULL,300.0000,NULL,NULL,NULL,NULL,NULL,NULL,NULL,NULL,'2026-01-22 16:26:52','2026-01-22 16:26:52'),
(2294,'1','Stock inicial',NULL,2294,NULL,1,NULL,1,NULL,188.0000,NULL,NULL,NULL,NULL,NULL,NULL,NULL,NULL,'2026-01-22 16:29:27','2026-01-22 16:29:27'),
(2295,'1','Stock inicial',NULL,2295,NULL,1,NULL,1,NULL,30.0000,NULL,NULL,NULL,NULL,NULL,NULL,NULL,NULL,'2026-01-22 16:33:21','2026-01-22 16:33:21'),
(2296,'1','Stock inicial',NULL,2296,NULL,1,NULL,1,NULL,12.0000,NULL,NULL,NULL,NULL,NULL,NULL,NULL,NULL,'2026-01-22 16:35:10','2026-01-22 16:35:10'),
(2297,'1','Stock inicial',NULL,2297,NULL,1,NULL,1,NULL,14.0000,NULL,NULL,NULL,NULL,NULL,NULL,NULL,NULL,'2026-01-22 16:36:13','2026-01-22 16:36:13'),
(2298,'1','Stock inicial',NULL,2298,NULL,1,NULL,1,NULL,3.0000,NULL,NULL,NULL,NULL,NULL,NULL,NULL,NULL,'2026-01-22 16:38:45','2026-01-22 16:38:45'),
(2299,'1','Stock inicial',NULL,2299,NULL,1,NULL,1,NULL,10.0000,NULL,NULL,NULL,NULL,NULL,NULL,NULL,NULL,'2026-01-22 16:39:58','2026-01-22 16:39:58'),
(2300,'1','Stock inicial',NULL,2300,NULL,1,NULL,1,NULL,40.0000,NULL,NULL,NULL,NULL,NULL,NULL,NULL,NULL,'2026-01-22 16:41:31','2026-01-22 16:41:31'),
(2301,'1','Stock inicial',NULL,2301,NULL,1,NULL,1,NULL,20.0000,NULL,NULL,NULL,NULL,NULL,NULL,NULL,NULL,'2026-01-22 16:42:08','2026-01-22 16:42:08'),
(2302,'1','Stock inicial',NULL,2302,NULL,1,NULL,1,NULL,40.0000,NULL,NULL,NULL,NULL,NULL,NULL,NULL,NULL,'2026-01-22 16:43:13','2026-01-22 16:43:13'),
(2303,'1','Stock inicial',NULL,2303,NULL,1,NULL,1,NULL,10.0000,NULL,NULL,NULL,NULL,NULL,NULL,NULL,NULL,'2026-01-22 16:44:12','2026-01-22 16:44:12'),
(2304,'1','Stock inicial',NULL,2304,NULL,1,NULL,1,NULL,3.0000,NULL,NULL,NULL,NULL,NULL,NULL,NULL,NULL,'2026-01-22 16:44:56','2026-01-22 16:44:56'),
(2305,'1','Stock inicial',NULL,2305,NULL,1,NULL,1,NULL,1.0000,NULL,NULL,NULL,NULL,NULL,NULL,NULL,NULL,'2026-01-22 16:46:31','2026-01-22 16:46:31'),
(2306,'1','Stock inicial',NULL,2306,NULL,1,NULL,1,NULL,200.0000,NULL,NULL,NULL,NULL,NULL,NULL,NULL,NULL,'2026-01-22 16:47:39','2026-01-22 16:47:39'),
(2307,'1','Stock inicial',NULL,2307,NULL,1,NULL,1,NULL,10.0000,NULL,NULL,NULL,NULL,NULL,NULL,NULL,NULL,'2026-01-22 16:51:22','2026-01-22 16:51:22'),
(2308,'1','Stock inicial',NULL,2308,NULL,1,NULL,1,NULL,1.0000,NULL,NULL,NULL,NULL,NULL,NULL,NULL,NULL,'2026-01-22 16:52:43','2026-01-22 16:52:43'),
(2309,'1','Stock inicial',NULL,2309,NULL,1,NULL,1,NULL,140.0000,NULL,NULL,NULL,NULL,NULL,NULL,NULL,NULL,'2026-01-22 16:53:42','2026-01-22 16:53:42'),
(2310,'1','Stock inicial',NULL,2310,NULL,1,NULL,1,NULL,105.0000,NULL,NULL,NULL,NULL,NULL,NULL,NULL,NULL,'2026-01-22 16:55:08','2026-01-22 16:55:08'),
(2311,'1','Stock inicial',NULL,2311,NULL,1,NULL,1,NULL,140.0000,NULL,NULL,NULL,NULL,NULL,NULL,NULL,NULL,'2026-01-22 16:56:27','2026-01-22 16:56:27'),
(2312,'1','Stock inicial',NULL,2312,NULL,1,NULL,1,NULL,4.0000,NULL,NULL,NULL,NULL,NULL,NULL,NULL,NULL,'2026-01-22 16:57:12','2026-01-22 16:57:12'),
(2313,'1','Stock inicial',NULL,2313,NULL,1,NULL,1,NULL,8.0000,NULL,NULL,NULL,NULL,NULL,NULL,NULL,NULL,'2026-01-22 16:58:32','2026-01-22 16:58:32'),
(2314,'1','Stock inicial',NULL,2314,NULL,1,NULL,1,NULL,6.0000,NULL,NULL,NULL,NULL,NULL,NULL,NULL,NULL,'2026-01-22 16:59:21','2026-01-22 16:59:21'),
(2315,'1','Stock inicial',NULL,2315,NULL,1,NULL,1,NULL,100.0000,NULL,NULL,NULL,NULL,NULL,NULL,NULL,NULL,'2026-01-22 17:01:16','2026-01-22 17:01:16'),
(2316,'1','Stock inicial',NULL,2316,NULL,1,NULL,1,NULL,35.0000,NULL,NULL,NULL,NULL,NULL,NULL,NULL,NULL,'2026-01-22 17:02:27','2026-01-22 17:02:27'),
(2317,'1','Stock inicial',NULL,2317,NULL,1,NULL,1,NULL,66.0000,NULL,NULL,NULL,NULL,NULL,NULL,NULL,NULL,'2026-01-22 17:06:00','2026-01-22 17:06:00'),
(2318,'1','Stock inicial',NULL,2318,NULL,1,NULL,1,NULL,99.0000,NULL,NULL,NULL,NULL,NULL,NULL,NULL,NULL,'2026-01-22 17:11:49','2026-01-22 17:11:49'),
(2319,'1','Stock inicial',NULL,2319,NULL,1,NULL,1,NULL,180.0000,NULL,NULL,NULL,NULL,NULL,NULL,NULL,NULL,'2026-01-22 17:14:38','2026-01-22 17:14:38'),
(2320,'1','Stock inicial',NULL,2320,NULL,1,NULL,1,NULL,2.0000,NULL,NULL,NULL,NULL,NULL,NULL,NULL,NULL,'2026-01-22 17:16:47','2026-01-22 17:16:47'),
(2321,'1','Stock inicial',NULL,2321,NULL,1,NULL,1,NULL,1.0000,NULL,NULL,NULL,NULL,NULL,NULL,NULL,NULL,'2026-01-22 17:24:17','2026-01-22 17:24:17'),
(2322,'1','Stock inicial',NULL,2322,NULL,1,NULL,1,NULL,16.0000,NULL,NULL,NULL,NULL,NULL,NULL,NULL,NULL,'2026-01-22 17:29:43','2026-01-22 17:29:43'),
(2323,'1','Stock inicial',NULL,2323,NULL,1,NULL,1,NULL,33.0000,NULL,NULL,NULL,NULL,NULL,NULL,NULL,NULL,'2026-01-22 17:31:23','2026-01-22 17:31:23'),
(2324,'1','Stock inicial',NULL,2324,NULL,1,NULL,1,NULL,9.0000,NULL,NULL,NULL,NULL,NULL,NULL,NULL,NULL,'2026-01-22 17:33:03','2026-01-22 17:33:03'),
(2325,'1','Stock inicial',NULL,2325,NULL,1,NULL,1,NULL,3.0000,NULL,NULL,NULL,NULL,NULL,NULL,NULL,NULL,'2026-01-22 17:33:42','2026-01-22 17:33:42'),
(2326,'1','Stock inicial',NULL,2326,NULL,1,NULL,1,NULL,4.0000,NULL,NULL,NULL,NULL,NULL,NULL,NULL,NULL,'2026-01-22 17:34:34','2026-01-22 17:34:34'),
(2327,'1','Stock inicial',NULL,2327,NULL,1,NULL,1,NULL,118.0000,NULL,NULL,NULL,NULL,NULL,NULL,NULL,NULL,'2026-01-22 17:35:45','2026-01-22 17:35:45'),
(2329,'1','Stock inicial',NULL,2329,NULL,1,NULL,1,NULL,116.0000,NULL,NULL,NULL,NULL,NULL,NULL,NULL,NULL,'2026-01-22 17:48:54','2026-01-22 17:48:54'),
(2330,'1','Stock inicial',NULL,2330,NULL,1,NULL,1,NULL,65.0000,NULL,NULL,NULL,NULL,NULL,NULL,NULL,NULL,'2026-01-22 17:50:04','2026-01-22 17:50:04'),
(2331,'1','Stock inicial',NULL,2331,NULL,1,NULL,1,NULL,60.0000,NULL,NULL,NULL,NULL,NULL,NULL,NULL,NULL,'2026-01-22 17:51:21','2026-01-22 17:51:21'),
(2332,'1','Stock inicial',NULL,2332,NULL,1,NULL,1,NULL,7.0000,NULL,NULL,NULL,NULL,NULL,NULL,NULL,NULL,'2026-01-22 17:52:41','2026-01-22 17:52:41'),
(2334,'1','Stock inicial',NULL,2334,NULL,1,NULL,1,NULL,7.0000,NULL,NULL,NULL,NULL,NULL,NULL,NULL,NULL,'2026-01-22 17:54:15','2026-01-22 17:54:15'),
(2335,'1','Stock inicial',NULL,2335,NULL,1,NULL,1,NULL,14.0000,NULL,NULL,NULL,NULL,NULL,NULL,NULL,NULL,'2026-01-22 17:55:50','2026-01-22 17:55:50'),
(2336,'1','Stock inicial',NULL,2336,NULL,1,NULL,1,NULL,12.0000,NULL,NULL,NULL,NULL,NULL,NULL,NULL,NULL,'2026-01-22 17:57:03','2026-01-22 17:57:03'),
(2337,'1','Stock inicial',NULL,2337,NULL,1,NULL,1,NULL,1.0000,NULL,NULL,NULL,NULL,NULL,NULL,NULL,NULL,'2026-01-22 20:08:58','2026-01-22 20:08:58'),
(2338,'1','Stock inicial',NULL,2338,NULL,1,NULL,1,NULL,4.0000,NULL,NULL,NULL,NULL,NULL,NULL,NULL,NULL,'2026-01-22 20:11:12','2026-01-22 20:11:12'),
(2339,'1','Stock inicial',NULL,2339,NULL,1,NULL,1,NULL,3.0000,NULL,NULL,NULL,NULL,NULL,NULL,NULL,NULL,'2026-01-22 20:13:59','2026-01-22 20:13:59'),
(2340,'1','Stock inicial',NULL,2340,NULL,1,NULL,1,NULL,2.0000,NULL,NULL,NULL,NULL,NULL,NULL,NULL,NULL,'2026-01-22 20:17:00','2026-01-22 20:17:00'),
(2341,'1','Stock inicial',NULL,2341,NULL,1,NULL,1,NULL,2.0000,NULL,NULL,NULL,NULL,NULL,NULL,NULL,NULL,'2026-01-22 20:19:00','2026-01-22 20:19:00'),
(2342,'1','Stock inicial',NULL,2342,NULL,1,NULL,1,NULL,1.0000,NULL,NULL,NULL,NULL,NULL,NULL,NULL,NULL,'2026-01-22 20:25:25','2026-01-22 20:25:25'),
(2343,'1','Stock inicial',NULL,2343,NULL,1,NULL,1,NULL,1.0000,NULL,NULL,NULL,NULL,NULL,NULL,NULL,NULL,'2026-01-22 20:28:05','2026-01-22 20:28:05'),
(2344,'1','Stock inicial',NULL,2344,NULL,1,NULL,1,NULL,1.0000,NULL,NULL,NULL,NULL,NULL,NULL,NULL,NULL,'2026-01-22 20:32:12','2026-01-22 20:32:12'),
(2345,'1','Stock inicial',NULL,2345,NULL,1,NULL,1,NULL,2.0000,NULL,NULL,NULL,NULL,NULL,NULL,NULL,NULL,'2026-01-22 20:34:01','2026-01-22 20:34:01'),
(2346,'1','Stock inicial',NULL,2346,NULL,1,NULL,1,NULL,2.0000,NULL,NULL,NULL,NULL,NULL,NULL,NULL,NULL,'2026-01-22 20:38:10','2026-01-22 20:38:10'),
(2347,'1','Stock inicial',NULL,2347,NULL,1,NULL,1,NULL,4.0000,NULL,NULL,NULL,NULL,NULL,NULL,NULL,NULL,'2026-01-22 20:41:12','2026-01-22 20:41:12'),
(2348,'1','Stock inicial',NULL,2348,NULL,1,NULL,1,NULL,1.0000,NULL,NULL,NULL,NULL,NULL,NULL,NULL,NULL,'2026-01-22 20:45:43','2026-01-22 20:45:43'),
(2349,'1','Stock inicial',NULL,2349,NULL,1,NULL,1,NULL,3.0000,NULL,NULL,NULL,NULL,NULL,NULL,NULL,NULL,'2026-01-22 20:47:22','2026-01-22 20:47:22'),
(2350,'1','Stock inicial',NULL,2350,NULL,1,NULL,1,NULL,3.0000,NULL,NULL,NULL,NULL,NULL,NULL,NULL,NULL,'2026-01-22 20:50:01','2026-01-22 20:50:01'),
(2351,'1','Stock inicial',NULL,2351,NULL,1,NULL,1,NULL,73.0000,NULL,NULL,NULL,NULL,NULL,NULL,NULL,NULL,'2026-01-22 20:56:19','2026-01-22 20:56:19'),
(2352,'1','Stock inicial',NULL,2352,NULL,1,NULL,1,NULL,45.0000,NULL,NULL,NULL,NULL,NULL,NULL,NULL,NULL,'2026-01-22 21:02:50','2026-01-22 21:02:50'),
(2353,'1','Stock inicial',NULL,2353,NULL,1,NULL,1,NULL,4.0000,NULL,NULL,NULL,NULL,NULL,NULL,NULL,NULL,'2026-01-22 21:06:14','2026-01-22 21:06:14'),
(2354,'1','Stock inicial',NULL,2354,NULL,1,NULL,1,NULL,1.0000,NULL,NULL,NULL,NULL,NULL,NULL,NULL,NULL,'2026-01-23 09:54:56','2026-01-23 09:54:56'),
(2355,'1','Stock inicial',NULL,2355,NULL,1,NULL,1,NULL,1.0000,NULL,NULL,NULL,NULL,NULL,NULL,NULL,NULL,'2026-01-23 09:56:32','2026-01-23 09:56:32'),
(2356,'1','Stock inicial',NULL,2356,NULL,1,NULL,1,NULL,3.0000,NULL,NULL,NULL,NULL,NULL,NULL,NULL,NULL,'2026-01-23 10:01:15','2026-01-23 10:01:15'),
(2357,'1','Stock inicial',NULL,2357,NULL,1,NULL,1,NULL,1.0000,NULL,NULL,NULL,NULL,NULL,NULL,NULL,NULL,'2026-01-23 10:06:38','2026-01-23 10:06:38'),
(2358,'1','Stock inicial',NULL,2358,NULL,1,NULL,1,NULL,2.0000,NULL,NULL,NULL,NULL,NULL,NULL,NULL,NULL,'2026-01-23 10:09:20','2026-01-23 10:09:20'),
(2359,'1','Stock inicial',NULL,2359,NULL,1,NULL,1,NULL,2.0000,NULL,NULL,NULL,NULL,NULL,NULL,NULL,NULL,'2026-01-23 10:12:34','2026-01-23 10:12:34'),
(2360,'1','Stock inicial',NULL,2360,NULL,1,NULL,1,NULL,3.0000,NULL,NULL,NULL,NULL,NULL,NULL,NULL,NULL,'2026-01-23 10:13:52','2026-01-23 10:13:52'),
(2361,'1','Stock inicial',NULL,2361,NULL,1,NULL,1,NULL,2.0000,NULL,NULL,NULL,NULL,NULL,NULL,NULL,NULL,'2026-01-23 10:14:50','2026-01-23 10:14:50'),
(2362,'1','Stock inicial',NULL,2362,NULL,1,NULL,1,NULL,4.0000,NULL,NULL,NULL,NULL,NULL,NULL,NULL,NULL,'2026-01-23 10:16:03','2026-01-23 10:16:03'),
(2363,'1','Stock inicial',NULL,2363,NULL,1,NULL,1,NULL,3.0000,NULL,NULL,NULL,NULL,NULL,NULL,NULL,NULL,'2026-01-23 10:18:59','2026-01-23 10:18:59'),
(2364,'1','Stock inicial',NULL,2364,NULL,1,NULL,1,NULL,4.0000,NULL,NULL,NULL,NULL,NULL,NULL,NULL,NULL,'2026-01-23 10:23:52','2026-01-23 10:23:52'),
(2365,'1','Stock inicial',NULL,2365,NULL,1,NULL,1,NULL,10.0000,NULL,NULL,NULL,NULL,NULL,NULL,NULL,NULL,'2026-01-23 10:33:19','2026-01-23 10:33:19'),
(2366,'1','Stock inicial',NULL,2366,NULL,1,NULL,1,NULL,4.0000,NULL,NULL,NULL,NULL,NULL,NULL,NULL,NULL,'2026-01-23 10:35:31','2026-01-23 10:35:31'),
(2367,'1','Stock inicial',NULL,2367,NULL,1,NULL,1,NULL,1.0000,NULL,NULL,NULL,NULL,NULL,NULL,NULL,NULL,'2026-01-23 10:39:48','2026-01-23 10:39:48'),
(2368,'1','Stock inicial',NULL,2368,NULL,1,NULL,1,NULL,10.0000,NULL,NULL,NULL,NULL,NULL,NULL,NULL,NULL,'2026-01-23 10:45:43','2026-01-23 10:45:43'),
(2369,'1','Stock inicial',NULL,2369,NULL,1,NULL,1,NULL,7.0000,NULL,NULL,NULL,NULL,NULL,NULL,NULL,NULL,'2026-01-23 10:48:54','2026-01-23 10:48:54'),
(2370,'1','Stock inicial',NULL,2370,NULL,1,NULL,1,NULL,1.0000,NULL,NULL,NULL,NULL,NULL,NULL,NULL,NULL,'2026-01-23 11:16:34','2026-01-23 11:16:34'),
(2371,'1','Stock inicial',NULL,2371,NULL,1,NULL,1,NULL,12.0000,NULL,NULL,NULL,NULL,NULL,NULL,NULL,NULL,'2026-01-23 14:53:30','2026-01-23 14:53:30'),
(2372,'1','Stock inicial',NULL,2372,NULL,1,NULL,1,NULL,2.0000,NULL,NULL,NULL,NULL,NULL,NULL,NULL,NULL,'2026-01-23 14:55:07','2026-01-23 14:55:07'),
(2373,'1','Stock inicial',NULL,2373,NULL,1,NULL,1,NULL,1.0000,NULL,NULL,NULL,NULL,NULL,NULL,NULL,NULL,'2026-01-23 14:57:20','2026-01-23 14:57:20'),
(2374,'1','Stock inicial',NULL,2374,NULL,1,NULL,1,NULL,5.0000,NULL,NULL,NULL,NULL,NULL,NULL,NULL,NULL,'2026-01-23 14:58:31','2026-01-23 14:58:31'),
(2375,'1','Stock inicial',NULL,2375,NULL,1,NULL,1,NULL,18.0000,NULL,NULL,NULL,NULL,NULL,NULL,NULL,NULL,'2026-01-23 15:00:05','2026-01-23 15:00:05'),
(2376,'1','Stock inicial',NULL,2376,NULL,1,NULL,1,NULL,8.0000,NULL,NULL,NULL,NULL,NULL,NULL,NULL,NULL,'2026-01-23 15:01:03','2026-01-23 15:01:03'),
(2377,'1','Stock inicial',NULL,2377,NULL,1,NULL,1,NULL,9.0000,NULL,NULL,NULL,NULL,NULL,NULL,NULL,NULL,'2026-01-23 15:02:01','2026-01-23 15:02:01'),
(2378,'1','Stock inicial',NULL,2378,NULL,1,NULL,1,NULL,2.0000,NULL,NULL,NULL,NULL,NULL,NULL,NULL,NULL,'2026-01-23 15:03:39','2026-01-23 15:03:39'),
(2379,'1','Stock inicial',NULL,2379,NULL,1,NULL,1,NULL,3.0000,NULL,NULL,NULL,NULL,NULL,NULL,NULL,NULL,'2026-01-23 15:04:20','2026-01-23 15:04:20'),
(2380,'1','Stock inicial',NULL,2380,NULL,1,NULL,1,NULL,25.0000,NULL,NULL,NULL,NULL,NULL,NULL,NULL,NULL,'2026-01-23 15:05:04','2026-01-23 15:05:04'),
(2381,'1','Stock inicial',NULL,2381,NULL,1,NULL,1,NULL,48.0000,NULL,NULL,NULL,NULL,NULL,NULL,NULL,NULL,'2026-01-23 15:06:45','2026-01-23 15:06:45'),
(2382,'1','Stock inicial',NULL,2382,NULL,1,NULL,1,NULL,40.0000,NULL,NULL,NULL,NULL,NULL,NULL,NULL,NULL,'2026-01-23 15:08:19','2026-01-23 15:08:19'),
(2383,'1','Stock inicial',NULL,2383,NULL,1,NULL,1,NULL,11.0000,NULL,NULL,NULL,NULL,NULL,NULL,NULL,NULL,'2026-01-23 15:09:56','2026-01-23 15:09:56'),
(2384,'1','Stock inicial',NULL,2384,NULL,1,NULL,1,NULL,51.0000,NULL,NULL,NULL,NULL,NULL,NULL,NULL,NULL,'2026-01-23 15:10:58','2026-01-23 15:10:58'),
(2385,'1','Stock inicial',NULL,2385,NULL,1,NULL,1,NULL,1.0000,NULL,NULL,NULL,NULL,NULL,NULL,NULL,NULL,'2026-01-23 15:11:48','2026-01-23 15:11:48'),
(2386,'1','Stock inicial',NULL,2386,NULL,1,NULL,1,NULL,1.0000,NULL,NULL,NULL,NULL,NULL,NULL,NULL,NULL,'2026-01-23 15:12:23','2026-01-23 15:12:23'),
(2387,'1','Stock inicial',NULL,2387,NULL,1,NULL,1,NULL,9.0000,NULL,NULL,NULL,NULL,NULL,NULL,NULL,NULL,'2026-01-23 15:13:43','2026-01-23 15:13:43'),
(2388,'1','Stock inicial',NULL,2388,NULL,1,NULL,1,NULL,10.0000,NULL,NULL,NULL,NULL,NULL,NULL,NULL,NULL,'2026-01-23 15:16:16','2026-01-23 15:16:16'),
(2389,'1','Stock inicial',NULL,2389,NULL,1,NULL,1,NULL,5.0000,NULL,NULL,NULL,NULL,NULL,NULL,NULL,NULL,'2026-01-23 15:16:54','2026-01-23 15:16:54'),
(2390,'1','Stock inicial',NULL,2390,NULL,1,NULL,1,NULL,8.0000,NULL,NULL,NULL,NULL,NULL,NULL,NULL,NULL,'2026-01-23 15:17:51','2026-01-23 15:17:51'),
(2391,'1','Stock inicial',NULL,2391,NULL,1,NULL,1,NULL,1.0000,NULL,NULL,NULL,NULL,NULL,NULL,NULL,NULL,'2026-01-23 15:18:27','2026-01-23 15:18:27'),
(2392,'1','Stock inicial',NULL,2392,NULL,1,NULL,1,NULL,18.0000,NULL,NULL,NULL,NULL,NULL,NULL,NULL,NULL,'2026-01-23 15:21:04','2026-01-23 15:21:04'),
(2393,'1','Stock inicial',NULL,2393,NULL,1,NULL,1,NULL,9.0000,NULL,NULL,NULL,NULL,NULL,NULL,NULL,NULL,'2026-01-23 15:21:45','2026-01-23 15:21:45'),
(2394,'1','Stock inicial',NULL,2394,NULL,1,NULL,1,NULL,14.0000,NULL,NULL,NULL,NULL,NULL,NULL,NULL,NULL,'2026-01-23 15:23:27','2026-01-23 15:23:27'),
(2395,'1','Stock inicial',NULL,2395,NULL,1,NULL,1,NULL,18.0000,NULL,NULL,NULL,NULL,NULL,NULL,NULL,NULL,'2026-01-23 15:27:02','2026-01-23 15:27:02'),
(2396,'1','Stock inicial',NULL,2396,NULL,1,NULL,1,NULL,7.0000,NULL,NULL,NULL,NULL,NULL,NULL,NULL,NULL,'2026-01-23 15:27:51','2026-01-23 15:27:51'),
(2397,'1','Stock inicial',NULL,2397,NULL,1,NULL,1,NULL,11.0000,NULL,NULL,NULL,NULL,NULL,NULL,NULL,NULL,'2026-01-23 15:28:19','2026-01-23 15:28:19'),
(2398,'1','Stock inicial',NULL,2398,NULL,1,NULL,1,NULL,11.0000,NULL,NULL,NULL,NULL,NULL,NULL,NULL,NULL,'2026-01-23 15:29:03','2026-01-23 15:29:03'),
(2399,'1','Stock inicial',NULL,2399,NULL,1,NULL,1,NULL,35.0000,NULL,NULL,NULL,NULL,NULL,NULL,NULL,NULL,'2026-01-23 15:29:32','2026-01-23 15:29:32'),
(2400,'1','Stock inicial',NULL,2400,NULL,1,NULL,1,NULL,14.0000,NULL,NULL,NULL,NULL,NULL,NULL,NULL,NULL,'2026-01-23 15:30:12','2026-01-23 15:30:12'),
(2401,'1','Stock inicial',NULL,2401,NULL,1,NULL,1,NULL,8.0000,NULL,NULL,NULL,NULL,NULL,NULL,NULL,NULL,'2026-01-23 15:30:48','2026-01-23 15:30:48'),
(2402,'1','Stock inicial',NULL,2402,NULL,1,NULL,1,NULL,9.0000,NULL,NULL,NULL,NULL,NULL,NULL,NULL,NULL,'2026-01-23 15:31:12','2026-01-23 15:31:12'),
(2403,'1','Stock inicial',NULL,2403,NULL,1,NULL,1,NULL,3.0000,NULL,NULL,NULL,NULL,NULL,NULL,NULL,NULL,'2026-01-23 15:32:24','2026-01-23 15:32:24'),
(2404,'1','Stock inicial',NULL,2404,NULL,1,NULL,1,NULL,1.0000,NULL,NULL,NULL,NULL,NULL,NULL,NULL,NULL,'2026-01-23 15:32:54','2026-01-23 15:32:54'),
(2405,'1','Stock inicial',NULL,2405,NULL,1,NULL,1,NULL,4.0000,NULL,NULL,NULL,NULL,NULL,NULL,NULL,NULL,'2026-01-23 15:34:01','2026-01-23 15:34:01'),
(2406,'1','Stock inicial',NULL,2406,NULL,1,NULL,1,NULL,3.0000,NULL,NULL,NULL,NULL,NULL,NULL,NULL,NULL,'2026-01-23 15:34:54','2026-01-23 15:34:54'),
(2407,'1','Stock inicial',NULL,2407,NULL,1,NULL,1,NULL,3.0000,NULL,NULL,NULL,NULL,NULL,NULL,NULL,NULL,'2026-01-23 15:37:45','2026-01-23 15:37:45'),
(2408,'1','Stock inicial',NULL,2408,NULL,1,NULL,1,NULL,5.0000,NULL,NULL,NULL,NULL,NULL,NULL,NULL,NULL,'2026-01-23 15:38:31','2026-01-23 15:38:31'),
(2409,'1','Stock inicial',NULL,2409,NULL,1,NULL,1,NULL,3.0000,NULL,NULL,NULL,NULL,NULL,NULL,NULL,NULL,'2026-01-23 15:39:04','2026-01-23 15:39:04'),
(2410,'1','Stock inicial',NULL,2410,NULL,1,NULL,1,NULL,4.0000,NULL,NULL,NULL,NULL,NULL,NULL,NULL,NULL,'2026-01-23 15:39:49','2026-01-23 15:39:49'),
(2411,'1','Stock inicial',NULL,2411,NULL,1,NULL,1,NULL,5.0000,NULL,NULL,NULL,NULL,NULL,NULL,NULL,NULL,'2026-01-23 15:40:28','2026-01-23 15:40:28'),
(2413,'1','Stock inicial',NULL,2413,NULL,1,NULL,1,NULL,48.0000,NULL,NULL,NULL,NULL,NULL,NULL,NULL,NULL,'2026-01-23 15:47:40','2026-01-23 15:47:40'),
(2414,'1','Stock inicial',NULL,2414,NULL,1,NULL,1,NULL,12.0000,NULL,NULL,NULL,NULL,NULL,NULL,NULL,NULL,'2026-01-23 15:48:52','2026-01-23 15:48:52'),
(2415,'1','Stock inicial',NULL,2415,NULL,1,NULL,1,NULL,17.0000,NULL,NULL,NULL,NULL,NULL,NULL,NULL,NULL,'2026-01-23 15:49:44','2026-01-23 15:49:44'),
(2416,'1','Stock inicial',NULL,2416,NULL,1,NULL,1,NULL,28.0000,NULL,NULL,NULL,NULL,NULL,NULL,NULL,NULL,'2026-01-23 15:50:23','2026-01-23 15:50:23'),
(2417,'1','Stock inicial',NULL,2417,NULL,1,NULL,1,NULL,2.0000,NULL,NULL,NULL,NULL,NULL,NULL,NULL,NULL,'2026-01-23 15:51:00','2026-01-23 15:51:00'),
(2418,'1','Stock inicial',NULL,2418,NULL,1,NULL,1,NULL,1.0000,NULL,NULL,NULL,NULL,NULL,NULL,NULL,NULL,'2026-01-23 15:51:39','2026-01-23 15:51:39'),
(2419,'1','Stock inicial',NULL,2419,NULL,1,NULL,1,NULL,5.0000,NULL,NULL,NULL,NULL,NULL,NULL,NULL,NULL,'2026-01-23 15:52:22','2026-01-23 15:52:22'),
(2421,'1','Stock inicial',NULL,2421,NULL,1,NULL,1,NULL,3.0000,NULL,NULL,NULL,NULL,NULL,NULL,NULL,NULL,'2026-01-23 15:54:06','2026-01-23 15:54:06'),
(2422,'1','Stock inicial',NULL,2422,NULL,1,NULL,1,NULL,19.0000,NULL,NULL,NULL,NULL,NULL,NULL,NULL,NULL,'2026-01-23 15:54:50','2026-01-23 15:54:50'),
(2423,'1','Stock inicial',NULL,2423,NULL,1,NULL,1,NULL,10.0000,NULL,NULL,NULL,NULL,NULL,NULL,NULL,NULL,'2026-01-23 15:55:33','2026-01-23 15:55:33'),
(2424,'1','Stock inicial',NULL,2424,NULL,1,NULL,1,NULL,1.0000,NULL,NULL,NULL,NULL,NULL,NULL,NULL,NULL,'2026-01-23 15:57:09','2026-01-23 15:57:09'),
(2425,'1','Stock inicial',NULL,2425,NULL,1,NULL,1,NULL,2.0000,NULL,NULL,NULL,NULL,NULL,NULL,NULL,NULL,'2026-01-23 15:57:27','2026-01-23 15:57:27'),
(2426,'1','Stock inicial',NULL,2426,NULL,1,NULL,1,NULL,4.0000,NULL,NULL,NULL,NULL,NULL,NULL,NULL,NULL,'2026-01-23 15:57:45','2026-01-23 15:57:45'),
(2427,'1','Stock inicial',NULL,2427,NULL,1,NULL,1,NULL,2.0000,NULL,NULL,NULL,NULL,NULL,NULL,NULL,NULL,'2026-01-23 16:00:36','2026-01-23 16:00:36'),
(2428,'1','Stock inicial',NULL,2428,NULL,1,NULL,1,NULL,1.0000,NULL,NULL,NULL,NULL,NULL,NULL,NULL,NULL,'2026-01-23 16:01:02','2026-01-23 16:01:02'),
(2429,'1','Stock inicial',NULL,2429,NULL,1,NULL,1,NULL,6.0000,NULL,NULL,NULL,NULL,NULL,NULL,NULL,NULL,'2026-01-23 16:02:18','2026-01-23 16:02:18'),
(2430,'1','Stock inicial',NULL,2430,NULL,1,NULL,1,NULL,17.0000,NULL,NULL,NULL,NULL,NULL,NULL,NULL,NULL,'2026-01-23 16:03:11','2026-01-23 16:03:11'),
(2431,'1','Stock inicial',NULL,2431,NULL,1,NULL,1,NULL,17.0000,NULL,NULL,NULL,NULL,NULL,NULL,NULL,NULL,'2026-01-23 16:04:06','2026-01-23 16:04:06'),
(2432,'1','Stock inicial',NULL,2432,NULL,1,NULL,1,NULL,40.0000,NULL,NULL,NULL,NULL,NULL,NULL,NULL,NULL,'2026-01-23 16:04:59','2026-01-23 16:04:59'),
(2433,'1','Stock inicial',NULL,2433,NULL,1,NULL,1,NULL,92.0000,NULL,NULL,NULL,NULL,NULL,NULL,NULL,NULL,'2026-01-23 16:05:53','2026-01-23 16:05:53'),
(2434,'1','Stock inicial',NULL,2434,NULL,1,NULL,1,NULL,25.0000,NULL,NULL,NULL,NULL,NULL,NULL,NULL,NULL,'2026-01-23 16:06:42','2026-01-23 16:06:42'),
(2435,'1','Stock inicial',NULL,2435,NULL,1,NULL,1,NULL,17.0000,NULL,NULL,NULL,NULL,NULL,NULL,NULL,NULL,'2026-01-23 16:07:31','2026-01-23 16:07:31'),
(2436,'1','Stock inicial',NULL,2436,NULL,1,NULL,1,NULL,25.0000,NULL,NULL,NULL,NULL,NULL,NULL,NULL,NULL,'2026-01-23 16:08:05','2026-01-23 16:08:05'),
(2437,'1','Stock inicial',NULL,2437,NULL,1,NULL,1,NULL,10.0000,NULL,NULL,NULL,NULL,NULL,NULL,NULL,NULL,'2026-01-23 16:08:48','2026-01-23 16:08:48'),
(2438,'1','Stock inicial',NULL,2438,NULL,1,NULL,1,NULL,18.0000,NULL,NULL,NULL,NULL,NULL,NULL,NULL,NULL,'2026-01-23 16:09:47','2026-01-23 16:09:47'),
(2439,'1','Stock inicial',NULL,2439,NULL,1,NULL,1,NULL,82.0000,NULL,NULL,NULL,NULL,NULL,NULL,NULL,NULL,'2026-01-23 16:10:55','2026-01-23 16:10:55'),
(2440,'1','Stock inicial',NULL,2440,NULL,1,NULL,1,NULL,2.0000,NULL,NULL,NULL,NULL,NULL,NULL,NULL,NULL,'2026-01-23 16:11:23','2026-01-23 16:11:23'),
(2441,'1','Stock inicial',NULL,2441,NULL,1,NULL,1,NULL,2.0000,NULL,NULL,NULL,NULL,NULL,NULL,NULL,NULL,'2026-01-23 16:11:45','2026-01-23 16:11:45'),
(2442,'1','Stock inicial',NULL,2442,NULL,1,NULL,1,NULL,4.0000,NULL,NULL,NULL,NULL,NULL,NULL,NULL,NULL,'2026-01-23 16:12:21','2026-01-23 16:12:21'),
(2443,'1','Stock inicial',NULL,2443,NULL,1,NULL,1,NULL,4.0000,NULL,NULL,NULL,NULL,NULL,NULL,NULL,NULL,'2026-01-23 16:12:59','2026-01-23 16:12:59'),
(2444,'1','Stock inicial',NULL,2444,NULL,1,NULL,1,NULL,7.0000,NULL,NULL,NULL,NULL,NULL,NULL,NULL,NULL,'2026-01-23 16:13:44','2026-01-23 16:13:44'),
(2445,'1','Stock inicial',NULL,2445,NULL,1,NULL,1,NULL,29.0000,NULL,NULL,NULL,NULL,NULL,NULL,NULL,NULL,'2026-01-23 16:15:48','2026-01-23 16:15:48'),
(2446,'1','Stock inicial',NULL,2446,NULL,1,NULL,1,NULL,5.0000,NULL,NULL,NULL,NULL,NULL,NULL,NULL,NULL,'2026-01-23 16:16:22','2026-01-23 16:16:22'),
(2447,'1','Stock inicial',NULL,2447,NULL,1,NULL,1,NULL,36.0000,NULL,NULL,NULL,NULL,NULL,NULL,NULL,NULL,'2026-01-23 16:17:01','2026-01-23 16:17:01'),
(2448,'1','Stock inicial',NULL,2448,NULL,1,NULL,1,NULL,38.0000,NULL,NULL,NULL,NULL,NULL,NULL,NULL,NULL,'2026-01-23 16:18:54','2026-01-23 16:18:54'),
(2450,'1','Stock inicial',NULL,2450,NULL,1,NULL,1,NULL,13.0000,NULL,NULL,NULL,NULL,NULL,NULL,NULL,NULL,'2026-01-23 16:20:29','2026-01-23 16:20:29'),
(2451,'1','Stock inicial',NULL,2451,NULL,1,NULL,1,NULL,25.0000,NULL,NULL,NULL,NULL,NULL,NULL,NULL,NULL,'2026-01-23 16:21:19','2026-01-23 16:21:19'),
(2452,'1','Stock inicial',NULL,2452,NULL,1,NULL,1,NULL,87.0000,NULL,NULL,NULL,NULL,NULL,NULL,NULL,NULL,'2026-01-23 16:22:17','2026-01-23 16:22:17'),
(2453,'1','Stock inicial',NULL,2453,NULL,1,NULL,1,NULL,21.0000,NULL,NULL,NULL,NULL,NULL,NULL,NULL,NULL,'2026-01-23 16:23:37','2026-01-23 16:23:37'),
(2454,'1','Stock inicial',NULL,2454,NULL,1,NULL,1,NULL,15.0000,NULL,NULL,NULL,NULL,NULL,NULL,NULL,NULL,'2026-01-23 16:24:25','2026-01-23 16:24:25'),
(2455,'1','Stock inicial',NULL,2455,NULL,1,NULL,1,NULL,25.0000,NULL,NULL,NULL,NULL,NULL,NULL,NULL,NULL,'2026-01-23 16:25:06','2026-01-23 16:25:06'),
(2456,'1','Stock inicial',NULL,2456,NULL,1,NULL,1,NULL,25.0000,NULL,NULL,NULL,NULL,NULL,NULL,NULL,NULL,'2026-01-23 16:25:56','2026-01-23 16:25:56'),
(2457,'1','Stock inicial',NULL,2457,NULL,1,NULL,1,NULL,24.0000,NULL,NULL,NULL,NULL,NULL,NULL,NULL,NULL,'2026-01-23 16:26:31','2026-01-23 16:26:31'),
(2458,'1','Stock inicial',NULL,2458,NULL,1,NULL,1,NULL,7.0000,NULL,NULL,NULL,NULL,NULL,NULL,NULL,NULL,'2026-01-23 16:27:15','2026-01-23 16:27:15'),
(2459,'1','Stock inicial',NULL,2459,NULL,1,NULL,1,NULL,8.0000,NULL,NULL,NULL,NULL,NULL,NULL,NULL,NULL,'2026-01-23 16:28:21','2026-01-23 16:28:21'),
(2460,'1','Stock inicial',NULL,2460,NULL,1,NULL,1,NULL,1.0000,NULL,NULL,NULL,NULL,NULL,NULL,NULL,NULL,'2026-01-23 16:28:54','2026-01-23 16:28:54'),
(2461,'1','Stock inicial',NULL,2461,NULL,1,NULL,1,NULL,4.0000,NULL,NULL,NULL,NULL,NULL,NULL,NULL,NULL,'2026-01-23 16:29:50','2026-01-23 16:29:50'),
(2462,'1','Stock inicial',NULL,2462,NULL,1,NULL,1,NULL,3.0000,NULL,NULL,NULL,NULL,NULL,NULL,NULL,NULL,'2026-01-23 16:31:23','2026-01-23 16:31:23'),
(2463,'1','Stock inicial',NULL,2463,NULL,1,NULL,1,NULL,16.0000,NULL,NULL,NULL,NULL,NULL,NULL,NULL,NULL,'2026-01-23 16:32:57','2026-01-23 16:32:57'),
(2465,'1','Stock inicial',NULL,2465,NULL,1,NULL,1,NULL,4.0000,NULL,NULL,NULL,NULL,NULL,NULL,NULL,NULL,'2026-01-23 16:35:04','2026-01-23 16:35:04'),
(2466,'1','Stock inicial',NULL,2466,NULL,1,NULL,1,NULL,30.0000,NULL,NULL,NULL,NULL,NULL,NULL,NULL,NULL,'2026-01-23 16:35:32','2026-01-23 16:35:32'),
(2467,'1','Stock inicial',NULL,2467,NULL,1,NULL,1,NULL,752.0000,NULL,NULL,NULL,NULL,NULL,NULL,NULL,NULL,'2026-01-23 16:36:14','2026-01-23 16:36:14'),
(2468,'1','Stock inicial',NULL,2468,NULL,1,NULL,1,NULL,14.0000,NULL,NULL,NULL,NULL,NULL,NULL,NULL,NULL,'2026-01-23 16:37:10','2026-01-23 16:37:10'),
(2469,'1','Stock inicial',NULL,2469,NULL,1,NULL,1,NULL,16.0000,NULL,NULL,NULL,NULL,NULL,NULL,NULL,NULL,'2026-01-23 16:37:54','2026-01-23 16:37:54'),
(2470,'1','Stock inicial',NULL,2470,NULL,1,NULL,1,NULL,15.0000,NULL,NULL,NULL,NULL,NULL,NULL,NULL,NULL,'2026-01-23 16:38:18','2026-01-23 16:38:18'),
(2471,'1','Stock inicial',NULL,2471,NULL,1,NULL,1,NULL,2.0000,NULL,NULL,NULL,NULL,NULL,NULL,NULL,NULL,'2026-01-23 16:38:50','2026-01-23 16:38:50'),
(2472,'1','Stock inicial',NULL,2472,NULL,1,NULL,1,NULL,1.0000,NULL,NULL,NULL,NULL,NULL,NULL,NULL,NULL,'2026-01-23 16:39:16','2026-01-23 16:39:16'),
(2473,'1','Stock inicial',NULL,2473,NULL,1,NULL,1,NULL,1.0000,NULL,NULL,NULL,NULL,NULL,NULL,NULL,NULL,'2026-01-23 16:39:47','2026-01-23 16:39:47'),
(2474,'1','Stock inicial',NULL,2474,NULL,1,NULL,1,NULL,38.0000,NULL,NULL,NULL,NULL,NULL,NULL,NULL,NULL,'2026-01-23 16:40:25','2026-01-23 16:40:25'),
(2475,'1','Stock inicial',NULL,2475,NULL,1,NULL,1,NULL,3.0000,NULL,NULL,NULL,NULL,NULL,NULL,NULL,NULL,'2026-01-23 16:41:30','2026-01-23 16:41:30'),
(2476,'1','Stock inicial',NULL,2476,NULL,1,NULL,1,NULL,3.0000,NULL,NULL,NULL,NULL,NULL,NULL,NULL,NULL,'2026-01-23 16:42:25','2026-01-23 16:42:25'),
(2477,'1','Stock inicial',NULL,2477,NULL,1,NULL,1,NULL,1.0000,NULL,NULL,NULL,NULL,NULL,NULL,NULL,NULL,'2026-01-23 16:43:08','2026-01-23 16:43:08'),
(2478,'1','Stock inicial',NULL,2478,NULL,1,NULL,1,NULL,8.0000,NULL,NULL,NULL,NULL,NULL,NULL,NULL,NULL,'2026-01-23 16:44:07','2026-01-23 16:44:07'),
(2479,'1','Stock inicial',NULL,2479,NULL,1,NULL,1,NULL,4.0000,NULL,NULL,NULL,NULL,NULL,NULL,NULL,NULL,'2026-01-23 16:44:43','2026-01-23 16:44:43'),
(2480,'1','Stock inicial',NULL,2480,NULL,1,NULL,1,NULL,1.0000,NULL,NULL,NULL,NULL,NULL,NULL,NULL,NULL,'2026-01-23 16:45:05','2026-01-23 16:45:05'),
(2481,'1','Stock inicial',NULL,2481,NULL,1,NULL,1,NULL,11.0000,NULL,NULL,NULL,NULL,NULL,NULL,NULL,NULL,'2026-01-23 16:45:31','2026-01-23 16:45:31'),
(2482,'1','Stock inicial',NULL,2482,NULL,1,NULL,1,NULL,47.0000,NULL,NULL,NULL,NULL,NULL,NULL,NULL,NULL,'2026-01-23 16:46:09','2026-01-23 16:46:09'),
(2483,'1','Stock inicial',NULL,2483,NULL,1,NULL,1,NULL,14.0000,NULL,NULL,NULL,NULL,NULL,NULL,NULL,NULL,'2026-01-23 16:46:33','2026-01-23 16:46:33'),
(2484,'1','Stock inicial',NULL,2484,NULL,1,NULL,1,NULL,12.0000,NULL,NULL,NULL,NULL,NULL,NULL,NULL,NULL,'2026-01-23 16:47:29','2026-01-23 16:47:29'),
(2485,'1','Stock inicial',NULL,2485,NULL,1,NULL,1,NULL,8.0000,NULL,NULL,NULL,NULL,NULL,NULL,NULL,NULL,'2026-01-23 16:47:55','2026-01-23 16:47:55'),
(2486,'1','Stock inicial',NULL,2486,NULL,1,NULL,1,NULL,34.0000,NULL,NULL,NULL,NULL,NULL,NULL,NULL,NULL,'2026-01-23 16:48:31','2026-01-23 16:48:31'),
(2487,'1','Stock inicial',NULL,2487,NULL,1,NULL,1,NULL,6.0000,NULL,NULL,NULL,NULL,NULL,NULL,NULL,NULL,'2026-01-23 16:49:18','2026-01-23 16:49:18'),
(2488,'1','Stock inicial',NULL,2488,NULL,1,NULL,1,NULL,1.0000,NULL,NULL,NULL,NULL,NULL,NULL,NULL,NULL,'2026-01-23 16:49:59','2026-01-23 16:49:59'),
(2489,'1','Stock inicial',NULL,2489,NULL,1,NULL,1,NULL,20.0000,NULL,NULL,NULL,NULL,NULL,NULL,NULL,NULL,'2026-01-23 16:50:41','2026-01-23 16:50:41'),
(2490,'1','Stock inicial',NULL,2490,NULL,1,NULL,1,NULL,13.0000,NULL,NULL,NULL,NULL,NULL,NULL,NULL,NULL,'2026-01-23 16:53:12','2026-01-23 16:53:12'),
(2491,'1','Stock inicial',NULL,2491,NULL,1,NULL,1,NULL,10.0000,NULL,NULL,NULL,NULL,NULL,NULL,NULL,NULL,'2026-01-23 16:53:45','2026-01-23 16:53:45'),
(2492,'1','Stock inicial',NULL,2492,NULL,1,NULL,1,NULL,2.0000,NULL,NULL,NULL,NULL,NULL,NULL,NULL,NULL,'2026-01-23 16:55:15','2026-01-23 16:55:15'),
(2493,'1','Stock inicial',NULL,2493,NULL,1,NULL,1,NULL,2.0000,NULL,NULL,NULL,NULL,NULL,NULL,NULL,NULL,'2026-01-23 16:55:42','2026-01-23 16:55:42'),
(2494,'1','Stock inicial',NULL,2494,NULL,1,NULL,1,NULL,6.0000,NULL,NULL,NULL,NULL,NULL,NULL,NULL,NULL,'2026-01-23 16:56:48','2026-01-23 16:56:48'),
(2495,'1','Stock inicial',NULL,2495,NULL,1,NULL,1,NULL,24.0000,NULL,NULL,NULL,NULL,NULL,NULL,NULL,NULL,'2026-01-23 16:57:23','2026-01-23 16:57:23'),
(2496,'1','Stock inicial',NULL,2496,NULL,1,NULL,1,NULL,32.0000,NULL,NULL,NULL,NULL,NULL,NULL,NULL,NULL,'2026-01-23 16:58:13','2026-01-23 16:58:13'),
(2497,'1','Stock inicial',NULL,2497,NULL,1,NULL,1,NULL,8.0000,NULL,NULL,NULL,NULL,NULL,NULL,NULL,NULL,'2026-01-23 16:58:35','2026-01-23 16:58:35'),
(2498,'1','Stock inicial',NULL,2498,NULL,1,NULL,1,NULL,9.0000,NULL,NULL,NULL,NULL,NULL,NULL,NULL,NULL,'2026-01-23 16:59:20','2026-01-23 16:59:20'),
(2499,'1','Stock inicial',NULL,2499,NULL,1,NULL,1,NULL,11.0000,NULL,NULL,NULL,NULL,NULL,NULL,NULL,NULL,'2026-01-23 16:59:40','2026-01-23 16:59:40'),
(2500,'1','Stock inicial',NULL,2500,NULL,1,NULL,1,NULL,20.0000,NULL,NULL,NULL,NULL,NULL,NULL,NULL,NULL,'2026-01-23 17:00:10','2026-01-23 17:00:10'),
(2501,'1','Stock inicial',NULL,2501,NULL,1,NULL,1,NULL,17.0000,NULL,NULL,NULL,NULL,NULL,NULL,NULL,NULL,'2026-01-23 17:00:36','2026-01-23 17:00:36'),
(2502,'1','Stock inicial',NULL,2502,NULL,1,NULL,1,NULL,24.0000,NULL,NULL,NULL,NULL,NULL,NULL,NULL,NULL,'2026-01-23 17:01:01','2026-01-23 17:01:01'),
(2503,'1','Stock inicial',NULL,2503,NULL,1,NULL,1,NULL,23.0000,NULL,NULL,NULL,NULL,NULL,NULL,NULL,NULL,'2026-01-23 17:01:21','2026-01-23 17:01:21'),
(2504,'1','Stock inicial',NULL,2504,NULL,1,NULL,1,NULL,18.0000,NULL,NULL,NULL,NULL,NULL,NULL,NULL,NULL,'2026-01-23 17:02:54','2026-01-23 17:02:54'),
(2505,'1','Stock inicial',NULL,2505,NULL,1,NULL,1,NULL,10.0000,NULL,NULL,NULL,NULL,NULL,NULL,NULL,NULL,'2026-01-23 17:09:12','2026-01-23 17:09:12'),
(2506,'1','Stock inicial',NULL,2506,NULL,1,NULL,1,NULL,18.0000,NULL,NULL,NULL,NULL,NULL,NULL,NULL,NULL,'2026-01-23 17:09:43','2026-01-23 17:09:43'),
(2507,'1','Stock inicial',NULL,2507,NULL,1,NULL,1,NULL,103.0000,NULL,NULL,NULL,NULL,NULL,NULL,NULL,NULL,'2026-01-23 17:10:24','2026-01-23 17:10:24'),
(2508,'1','Stock inicial',NULL,2508,NULL,1,NULL,1,NULL,2.0000,NULL,NULL,NULL,NULL,NULL,NULL,NULL,NULL,'2026-01-23 17:11:00','2026-01-23 17:11:00'),
(2509,'1','Stock inicial',NULL,2509,NULL,1,NULL,1,NULL,4.0000,NULL,NULL,NULL,NULL,NULL,NULL,NULL,NULL,'2026-01-23 17:11:29','2026-01-23 17:11:29'),
(2510,'1','Stock inicial',NULL,2510,NULL,1,NULL,1,NULL,8.0000,NULL,NULL,NULL,NULL,NULL,NULL,NULL,NULL,'2026-01-23 17:11:58','2026-01-23 17:11:58'),
(2511,'1','Stock inicial',NULL,2511,NULL,1,NULL,1,NULL,2.0000,NULL,NULL,NULL,NULL,NULL,NULL,NULL,NULL,'2026-01-23 17:13:35','2026-01-23 17:13:35'),
(2512,'1','Stock inicial',NULL,2512,NULL,1,NULL,1,NULL,2.0000,NULL,NULL,NULL,NULL,NULL,NULL,NULL,NULL,'2026-01-23 17:14:25','2026-01-23 17:14:25'),
(2513,'1','Stock inicial',NULL,2513,NULL,1,NULL,1,NULL,2.0000,NULL,NULL,NULL,NULL,NULL,NULL,NULL,NULL,'2026-01-23 17:14:58','2026-01-23 17:14:58'),
(2514,'1','Stock inicial',NULL,2514,NULL,1,NULL,1,NULL,22.0000,NULL,NULL,NULL,NULL,NULL,NULL,NULL,NULL,'2026-01-23 17:15:40','2026-01-23 17:15:40'),
(2515,'1','Stock inicial',NULL,2515,NULL,1,NULL,1,NULL,28.0000,NULL,NULL,NULL,NULL,NULL,NULL,NULL,NULL,'2026-01-23 17:16:56','2026-01-23 17:16:56'),
(2516,'1','Stock inicial',NULL,2516,NULL,1,NULL,1,NULL,4.0000,NULL,NULL,NULL,NULL,NULL,NULL,NULL,NULL,'2026-01-23 17:19:14','2026-01-23 17:19:14'),
(2517,'1','Stock inicial',NULL,2517,NULL,1,NULL,1,NULL,1.0000,NULL,NULL,NULL,NULL,NULL,NULL,NULL,NULL,'2026-01-23 17:20:20','2026-01-23 17:20:20'),
(2518,'1','Stock inicial',NULL,2518,NULL,1,NULL,1,NULL,3.0000,NULL,NULL,NULL,NULL,NULL,NULL,NULL,NULL,'2026-01-23 17:22:15','2026-01-23 17:22:15'),
(2519,'1','Stock inicial',NULL,2519,NULL,1,NULL,1,NULL,3.0000,NULL,NULL,NULL,NULL,NULL,NULL,NULL,NULL,'2026-01-23 17:23:43','2026-01-23 17:23:43'),
(2520,'1','Stock inicial',NULL,2520,NULL,1,NULL,1,NULL,3.0000,NULL,NULL,NULL,NULL,NULL,NULL,NULL,NULL,'2026-01-23 17:25:33','2026-01-23 17:25:33'),
(2521,'1','Stock inicial',NULL,2521,NULL,1,NULL,1,NULL,8.0000,NULL,NULL,NULL,NULL,NULL,NULL,NULL,NULL,'2026-01-23 17:26:05','2026-01-23 17:26:05'),
(2522,'1','Stock inicial',NULL,2522,NULL,1,NULL,1,NULL,10.0000,NULL,NULL,NULL,NULL,NULL,NULL,NULL,NULL,'2026-01-23 17:26:44','2026-01-23 17:26:44'),
(2523,'1','Stock inicial',NULL,2523,NULL,1,NULL,1,NULL,10.0000,NULL,NULL,NULL,NULL,NULL,NULL,NULL,NULL,'2026-01-23 17:27:06','2026-01-23 17:27:06'),
(2524,'1','Stock inicial',NULL,2524,NULL,1,NULL,1,NULL,7.0000,NULL,NULL,NULL,NULL,NULL,NULL,NULL,NULL,'2026-01-23 17:27:47','2026-01-23 17:27:47'),
(2525,'1','Stock inicial',NULL,2525,NULL,1,NULL,1,NULL,3.0000,NULL,NULL,NULL,NULL,NULL,NULL,NULL,NULL,'2026-01-23 17:39:03','2026-01-23 17:39:03'),
(2526,'1','Stock inicial',NULL,2526,NULL,1,NULL,1,NULL,3.0000,NULL,NULL,NULL,NULL,NULL,NULL,NULL,NULL,'2026-01-23 17:55:28','2026-01-23 17:55:28'),
(2527,'1','Stock inicial',NULL,2527,NULL,1,NULL,1,NULL,0.0000,NULL,NULL,NULL,NULL,NULL,NULL,NULL,NULL,'2026-01-23 17:56:24','2026-01-23 17:56:24'),
(2528,'1','Stock inicial',NULL,2528,NULL,1,NULL,1,NULL,5.0000,NULL,NULL,NULL,NULL,NULL,NULL,NULL,NULL,'2026-01-23 18:05:05','2026-01-23 18:05:05'),
(2529,'1','Stock inicial',NULL,2529,NULL,1,NULL,1,NULL,4.0000,NULL,NULL,NULL,NULL,NULL,NULL,NULL,NULL,'2026-01-23 18:06:24','2026-01-23 18:06:24'),
(2530,'1','Stock inicial',NULL,2530,NULL,1,NULL,1,NULL,1.0000,NULL,NULL,NULL,NULL,NULL,NULL,NULL,NULL,'2026-01-23 18:07:42','2026-01-23 18:07:42'),
(2531,'1','Stock inicial',NULL,2531,NULL,1,NULL,1,NULL,3.0000,NULL,NULL,NULL,NULL,NULL,NULL,NULL,NULL,'2026-01-23 18:09:53','2026-01-23 18:09:53'),
(2532,'1','Stock inicial',NULL,2532,NULL,1,NULL,1,NULL,1.0000,NULL,NULL,NULL,NULL,NULL,NULL,NULL,NULL,'2026-01-23 18:12:33','2026-01-23 18:12:33'),
(2533,'1','Stock inicial',NULL,2533,NULL,1,NULL,1,NULL,1.0000,NULL,NULL,NULL,NULL,NULL,NULL,NULL,NULL,'2026-01-23 18:14:09','2026-01-23 18:14:09'),
(2534,'1','Stock inicial',NULL,2534,NULL,1,NULL,1,NULL,6.0000,NULL,NULL,NULL,NULL,NULL,NULL,NULL,NULL,'2026-01-23 18:16:49','2026-01-23 18:16:49'),
(2535,'1','Stock inicial',NULL,2535,NULL,1,NULL,1,NULL,2.0000,NULL,NULL,NULL,NULL,NULL,NULL,NULL,NULL,'2026-01-23 18:18:50','2026-01-23 18:18:50'),
(2536,'1','Stock inicial',NULL,2536,NULL,1,NULL,1,NULL,9.0000,NULL,NULL,NULL,NULL,NULL,NULL,NULL,NULL,'2026-01-23 18:20:21','2026-01-23 18:20:21'),
(2537,'1','Stock inicial',NULL,2537,NULL,1,NULL,1,NULL,1.0000,NULL,NULL,NULL,NULL,NULL,NULL,NULL,NULL,'2026-01-23 18:22:19','2026-01-23 18:22:19'),
(2538,'1','Stock inicial',NULL,2538,NULL,1,NULL,1,NULL,4.0000,NULL,NULL,NULL,NULL,NULL,NULL,NULL,NULL,'2026-01-23 18:23:26','2026-01-23 18:23:26'),
(2539,'1','Stock inicial',NULL,2539,NULL,1,NULL,1,NULL,1.0000,NULL,NULL,NULL,NULL,NULL,NULL,NULL,NULL,'2026-01-23 18:25:12','2026-01-23 18:25:12'),
(2540,'1','Stock inicial',NULL,2540,NULL,1,NULL,1,NULL,1.0000,NULL,NULL,NULL,NULL,NULL,NULL,NULL,NULL,'2026-01-23 18:26:39','2026-01-23 18:26:39'),
(2541,'1','Stock inicial',NULL,2541,NULL,1,NULL,1,NULL,3.0000,NULL,NULL,NULL,NULL,NULL,NULL,NULL,NULL,'2026-01-23 18:27:36','2026-01-23 18:27:36'),
(2542,'1','Stock inicial',NULL,2542,NULL,1,NULL,1,NULL,1.0000,NULL,NULL,NULL,NULL,NULL,NULL,NULL,NULL,'2026-01-23 18:29:16','2026-01-23 18:29:16'),
(2543,'1','Stock inicial',NULL,2543,NULL,1,NULL,1,NULL,1.0000,NULL,NULL,NULL,NULL,NULL,NULL,NULL,NULL,'2026-01-23 18:30:41','2026-01-23 18:30:41'),
(2544,'1','Stock inicial',NULL,2544,NULL,1,NULL,1,NULL,2.0000,NULL,NULL,NULL,NULL,NULL,NULL,NULL,NULL,'2026-01-23 18:31:51','2026-01-23 18:31:51'),
(2545,'1','Stock inicial',NULL,2545,NULL,1,NULL,1,NULL,1.0000,NULL,NULL,NULL,NULL,NULL,NULL,NULL,NULL,'2026-01-23 18:34:38','2026-01-23 18:34:38'),
(2546,'1','Stock inicial',NULL,2546,NULL,1,NULL,1,NULL,2.0000,NULL,NULL,NULL,NULL,NULL,NULL,NULL,NULL,'2026-01-23 18:37:37','2026-01-23 18:37:37'),
(2547,'1','Stock inicial',NULL,2547,NULL,1,NULL,1,NULL,2.0000,NULL,NULL,NULL,NULL,NULL,NULL,NULL,NULL,'2026-01-23 19:33:52','2026-01-23 19:33:52'),
(2549,'1','Stock inicial',NULL,2549,NULL,1,NULL,1,NULL,1.0000,NULL,NULL,NULL,NULL,NULL,NULL,NULL,NULL,'2026-01-23 19:37:46','2026-01-23 19:37:46'),
(2550,'1','Stock inicial',NULL,2550,NULL,1,NULL,1,NULL,38.0000,NULL,NULL,NULL,NULL,NULL,NULL,NULL,NULL,'2026-01-23 19:38:49','2026-01-23 19:38:49'),
(2551,'1','Stock inicial',NULL,2551,NULL,1,NULL,1,NULL,2.0000,NULL,NULL,NULL,NULL,NULL,NULL,NULL,NULL,'2026-01-23 20:05:41','2026-01-23 20:05:41'),
(2552,'1','Stock inicial',NULL,2552,NULL,1,NULL,1,NULL,1.0000,NULL,NULL,NULL,NULL,NULL,NULL,NULL,NULL,'2026-01-23 20:07:00','2026-01-23 20:07:00'),
(2553,'1','Stock inicial',NULL,2553,NULL,1,NULL,1,NULL,2.0000,NULL,NULL,NULL,NULL,NULL,NULL,NULL,NULL,'2026-01-23 20:08:29','2026-01-23 20:08:29'),
(2554,'1','Stock inicial',NULL,2554,NULL,1,NULL,1,NULL,2.0000,NULL,NULL,NULL,NULL,NULL,NULL,NULL,NULL,'2026-01-23 20:17:06','2026-01-23 20:17:06'),
(2555,'1','Stock inicial',NULL,2555,NULL,1,NULL,1,NULL,1.0000,NULL,NULL,NULL,NULL,NULL,NULL,NULL,NULL,'2026-01-23 20:19:07','2026-01-23 20:19:07'),
(2556,'1','Stock inicial',NULL,2556,NULL,1,NULL,1,NULL,8.0000,NULL,NULL,NULL,NULL,NULL,NULL,NULL,NULL,'2026-01-23 20:21:28','2026-01-23 20:21:28'),
(2557,'1','Stock inicial',NULL,2557,NULL,1,NULL,1,NULL,126.0000,NULL,NULL,NULL,NULL,NULL,NULL,NULL,NULL,'2026-01-23 20:29:46','2026-01-23 20:29:46'),
(2558,'1','Stock inicial',NULL,2558,NULL,1,NULL,1,NULL,120.0000,NULL,NULL,NULL,NULL,NULL,NULL,NULL,NULL,'2026-01-23 20:32:36','2026-01-23 20:32:36'),
(2559,'1','Stock inicial',NULL,2559,NULL,1,NULL,1,NULL,204.0000,NULL,NULL,NULL,NULL,NULL,NULL,NULL,NULL,'2026-01-23 20:34:43','2026-01-23 20:34:43'),
(2560,'1','Stock inicial',NULL,2560,NULL,1,NULL,1,NULL,225.0000,NULL,NULL,NULL,NULL,NULL,NULL,NULL,NULL,'2026-01-23 20:36:21','2026-01-23 20:36:21'),
(2561,'1','Stock inicial',NULL,2561,NULL,1,NULL,1,NULL,5.0000,NULL,NULL,NULL,NULL,NULL,NULL,NULL,NULL,'2026-01-23 20:58:38','2026-01-23 20:58:38'),
(2562,'1','Stock inicial',NULL,2562,NULL,1,NULL,1,NULL,10.0000,NULL,NULL,NULL,NULL,NULL,NULL,NULL,NULL,'2026-01-24 11:53:05','2026-01-24 11:53:05'),
(2563,'1','Stock inicial',NULL,2563,NULL,1,NULL,1,NULL,3.0000,NULL,NULL,NULL,NULL,NULL,NULL,NULL,NULL,'2026-01-24 11:56:18','2026-01-24 11:56:18'),
(2564,'1','Stock inicial',NULL,2564,NULL,1,NULL,1,NULL,1.0000,NULL,NULL,NULL,NULL,NULL,NULL,NULL,NULL,'2026-01-24 11:58:36','2026-01-24 11:58:36'),
(2565,'1','Stock inicial',NULL,2565,NULL,1,NULL,1,NULL,1.0000,NULL,NULL,NULL,NULL,NULL,NULL,NULL,NULL,'2026-01-24 12:00:52','2026-01-24 12:00:52'),
(2566,'1','Stock inicial',NULL,2566,NULL,1,NULL,1,NULL,1.0000,NULL,NULL,NULL,NULL,NULL,NULL,NULL,NULL,'2026-01-24 12:02:31','2026-01-24 12:02:31'),
(2567,'1','Stock inicial',NULL,2567,NULL,1,NULL,1,NULL,1.0000,NULL,NULL,NULL,NULL,NULL,NULL,NULL,NULL,'2026-01-24 12:08:18','2026-01-24 12:08:18'),
(2568,'1','Stock inicial',NULL,2568,NULL,1,NULL,1,NULL,1.0000,NULL,NULL,NULL,NULL,NULL,NULL,NULL,NULL,'2026-01-24 12:10:54','2026-01-24 12:10:54'),
(2569,'1','Stock inicial',NULL,2569,NULL,1,NULL,1,NULL,2.0000,NULL,NULL,NULL,NULL,NULL,NULL,NULL,NULL,'2026-01-24 12:15:12','2026-01-24 12:15:12'),
(2570,'1','Stock inicial',NULL,2570,NULL,1,NULL,1,NULL,1.0000,NULL,NULL,NULL,NULL,NULL,NULL,NULL,NULL,'2026-01-24 12:16:51','2026-01-24 12:16:51'),
(2571,'1','Stock inicial',NULL,2571,NULL,1,NULL,1,NULL,1.0000,NULL,NULL,NULL,NULL,NULL,NULL,NULL,NULL,'2026-01-24 12:20:03','2026-01-24 12:20:03'),
(2572,'1','Stock inicial',NULL,2572,NULL,1,NULL,1,NULL,2.0000,NULL,NULL,NULL,NULL,NULL,NULL,NULL,NULL,'2026-01-24 12:23:40','2026-01-24 12:23:40'),
(2573,'1','Stock inicial',NULL,2573,NULL,1,NULL,1,NULL,1.0000,NULL,NULL,NULL,NULL,NULL,NULL,NULL,NULL,'2026-01-24 12:26:30','2026-01-24 12:26:30'),
(2574,'1','Stock inicial',NULL,2574,NULL,1,NULL,1,NULL,1.0000,NULL,NULL,NULL,NULL,NULL,NULL,NULL,NULL,'2026-01-24 12:29:35','2026-01-24 12:29:35'),
(2576,'1','Stock inicial',NULL,2576,NULL,1,NULL,1,NULL,1.0000,NULL,NULL,NULL,NULL,NULL,NULL,NULL,NULL,'2026-01-24 12:34:50','2026-01-24 12:34:50'),
(2578,'1','Stock inicial',NULL,2578,NULL,1,NULL,1,NULL,4.0000,NULL,NULL,NULL,NULL,NULL,NULL,NULL,NULL,'2026-01-24 12:41:15','2026-01-24 12:41:15'),
(2579,'1','Stock inicial',NULL,2579,NULL,1,NULL,1,NULL,1.0000,NULL,NULL,NULL,NULL,NULL,NULL,NULL,NULL,'2026-01-24 12:46:22','2026-01-24 12:46:22'),
(2580,'1','Stock inicial',NULL,2580,NULL,1,NULL,1,NULL,1.0000,NULL,NULL,NULL,NULL,NULL,NULL,NULL,NULL,'2026-01-24 12:50:15','2026-01-24 12:50:15'),
(2581,'1','Stock inicial',NULL,2581,NULL,1,NULL,1,NULL,2.0000,NULL,NULL,NULL,NULL,NULL,NULL,NULL,NULL,'2026-01-24 12:51:54','2026-01-24 12:51:54'),
(2582,'1','Stock inicial',NULL,2582,NULL,1,NULL,1,NULL,2.0000,NULL,NULL,NULL,NULL,NULL,NULL,NULL,NULL,'2026-01-24 12:52:40','2026-01-24 12:52:40'),
(2583,'1','Stock inicial',NULL,2583,NULL,1,NULL,1,NULL,3.0000,NULL,NULL,NULL,NULL,NULL,NULL,NULL,NULL,'2026-01-24 13:54:03','2026-01-24 13:54:03'),
(2584,'1','Stock inicial',NULL,2584,NULL,1,NULL,1,NULL,3.0000,NULL,NULL,NULL,NULL,NULL,NULL,NULL,NULL,'2026-01-24 14:20:35','2026-01-24 14:20:35'),
(2585,'1','Stock inicial',NULL,2585,NULL,1,NULL,1,NULL,3.0000,NULL,NULL,NULL,NULL,NULL,NULL,NULL,NULL,'2026-01-24 14:25:52','2026-01-24 14:25:52'),
(2586,'1','Stock inicial',NULL,2586,NULL,1,NULL,1,NULL,2.0000,NULL,NULL,NULL,NULL,NULL,NULL,NULL,NULL,'2026-01-24 14:38:16','2026-01-24 14:38:16'),
(2587,'1','Stock inicial',NULL,2587,NULL,1,NULL,1,NULL,2.0000,NULL,NULL,NULL,NULL,NULL,NULL,NULL,NULL,'2026-01-24 14:45:41','2026-01-24 14:45:41'),
(2588,'1','Stock inicial',NULL,2588,NULL,1,NULL,1,NULL,2.0000,NULL,NULL,NULL,NULL,NULL,NULL,NULL,NULL,'2026-01-24 14:49:47','2026-01-24 14:49:47'),
(2589,'1','Stock inicial',NULL,2589,NULL,1,NULL,1,NULL,1.0000,NULL,NULL,NULL,NULL,NULL,NULL,NULL,NULL,'2026-01-24 14:51:34','2026-01-24 14:51:34'),
(2590,'1','Stock inicial',NULL,2590,NULL,1,NULL,1,NULL,1.0000,NULL,NULL,NULL,NULL,NULL,NULL,NULL,NULL,'2026-01-24 14:55:02','2026-01-24 14:55:02'),
(2591,'1','Stock inicial',NULL,2591,NULL,1,NULL,1,NULL,1.0000,NULL,NULL,NULL,NULL,NULL,NULL,NULL,NULL,'2026-01-24 14:57:56','2026-01-24 14:57:56'),
(2592,'1','Stock inicial',NULL,2592,NULL,1,NULL,1,NULL,3.0000,NULL,NULL,NULL,NULL,NULL,NULL,NULL,NULL,'2026-01-24 14:59:54','2026-01-24 14:59:54'),
(2593,'1','Stock inicial',NULL,2593,NULL,1,NULL,1,NULL,3.0000,NULL,NULL,NULL,NULL,NULL,NULL,NULL,NULL,'2026-01-24 15:01:55','2026-01-24 15:01:55'),
(2594,'1','Stock inicial',NULL,2594,NULL,1,NULL,1,NULL,2.0000,NULL,NULL,NULL,NULL,NULL,NULL,NULL,NULL,'2026-01-24 15:03:25','2026-01-24 15:03:25'),
(2595,'1','Stock inicial',NULL,2595,NULL,1,NULL,1,NULL,5.0000,NULL,NULL,NULL,NULL,NULL,NULL,NULL,NULL,'2026-01-24 15:06:07','2026-01-24 15:06:07'),
(2596,'1','Stock inicial',NULL,2596,NULL,1,NULL,1,NULL,4.0000,NULL,NULL,NULL,NULL,NULL,NULL,NULL,NULL,'2026-01-24 15:09:28','2026-01-24 15:09:28'),
(2597,'1','Stock inicial',NULL,2597,NULL,1,NULL,1,NULL,1.0000,NULL,NULL,NULL,NULL,NULL,NULL,NULL,NULL,'2026-01-24 15:22:57','2026-01-24 15:22:57'),
(2598,'1','Stock inicial',NULL,2598,NULL,1,NULL,1,NULL,2.0000,NULL,NULL,NULL,NULL,NULL,NULL,NULL,NULL,'2026-01-24 15:24:20','2026-01-24 15:24:20'),
(2599,'1','Stock inicial',NULL,2599,NULL,1,NULL,1,NULL,3.0000,NULL,NULL,NULL,NULL,NULL,NULL,NULL,NULL,'2026-01-24 15:30:26','2026-01-24 15:30:26'),
(2600,'1','Stock inicial',NULL,2600,NULL,1,NULL,1,NULL,2.0000,NULL,NULL,NULL,NULL,NULL,NULL,NULL,NULL,'2026-01-24 15:31:59','2026-01-24 15:31:59'),
(2601,'1','Stock inicial',NULL,2601,NULL,1,NULL,1,NULL,1.0000,NULL,NULL,NULL,NULL,NULL,NULL,NULL,NULL,'2026-01-24 15:32:39','2026-01-24 15:32:39'),
(2602,'1','Stock inicial',NULL,2602,NULL,1,NULL,1,NULL,2.0000,NULL,NULL,NULL,NULL,NULL,NULL,NULL,NULL,'2026-01-24 15:36:18','2026-01-24 15:36:18'),
(2603,'1','Stock inicial',NULL,2603,NULL,1,NULL,1,NULL,2.0000,NULL,NULL,NULL,NULL,NULL,NULL,NULL,NULL,'2026-01-24 15:38:09','2026-01-24 15:38:09'),
(2604,'1','Stock inicial',NULL,2604,NULL,1,NULL,1,NULL,1.0000,NULL,NULL,NULL,NULL,NULL,NULL,NULL,NULL,'2026-01-24 15:39:39','2026-01-24 15:39:39'),
(2605,'1','Stock inicial',NULL,2605,NULL,1,NULL,1,NULL,5.0000,NULL,NULL,NULL,NULL,NULL,NULL,NULL,NULL,'2026-01-24 15:41:52','2026-01-24 15:41:52'),
(2606,'1','Stock inicial',NULL,2606,NULL,1,NULL,1,NULL,1.0000,NULL,NULL,NULL,NULL,NULL,NULL,NULL,NULL,'2026-01-24 15:47:31','2026-01-24 15:47:31'),
(2607,'1','Stock inicial',NULL,2607,NULL,1,NULL,1,NULL,7.0000,NULL,NULL,NULL,NULL,NULL,NULL,NULL,NULL,'2026-01-24 15:49:23','2026-01-24 15:49:23'),
(2608,'1','Stock inicial',NULL,2608,NULL,1,NULL,1,NULL,1.0000,NULL,NULL,NULL,NULL,NULL,NULL,NULL,NULL,'2026-01-24 15:50:35','2026-01-24 15:50:35'),
(2609,'1','Stock inicial',NULL,2609,NULL,1,NULL,1,NULL,2.0000,NULL,NULL,NULL,NULL,NULL,NULL,NULL,NULL,'2026-01-24 15:51:59','2026-01-24 15:51:59'),
(2610,'1','Stock inicial',NULL,2610,NULL,1,NULL,1,NULL,2.0000,NULL,NULL,NULL,NULL,NULL,NULL,NULL,NULL,'2026-01-24 15:53:23','2026-01-24 15:53:23'),
(2611,'1','Stock inicial',NULL,2611,NULL,1,NULL,1,NULL,10.0000,NULL,NULL,NULL,NULL,NULL,NULL,NULL,NULL,'2026-01-24 15:56:33','2026-01-24 15:56:33'),
(2612,'1','Stock inicial',NULL,2612,NULL,1,NULL,1,NULL,5.0000,NULL,NULL,NULL,NULL,NULL,NULL,NULL,NULL,'2026-01-24 16:00:41','2026-01-24 16:00:41'),
(2613,'1','Stock inicial',NULL,2613,NULL,1,NULL,1,NULL,3.0000,NULL,NULL,NULL,NULL,NULL,NULL,NULL,NULL,'2026-01-24 16:06:05','2026-01-24 16:06:05'),
(2614,'1','Stock inicial',NULL,2614,NULL,1,NULL,1,NULL,2.0000,NULL,NULL,NULL,NULL,NULL,NULL,NULL,NULL,'2026-01-24 16:07:40','2026-01-24 16:07:40'),
(2615,'1','Stock inicial',NULL,2615,NULL,1,NULL,1,NULL,2.0000,NULL,NULL,NULL,NULL,NULL,NULL,NULL,NULL,'2026-01-24 16:09:00','2026-01-24 16:09:00'),
(2616,'1','Stock inicial',NULL,2616,NULL,1,NULL,1,NULL,2.0000,NULL,NULL,NULL,NULL,NULL,NULL,NULL,NULL,'2026-01-24 16:11:23','2026-01-24 16:11:23'),
(2617,'1','Stock inicial',NULL,2617,NULL,1,NULL,1,NULL,2.0000,NULL,NULL,NULL,NULL,NULL,NULL,NULL,NULL,'2026-01-24 16:13:34','2026-01-24 16:13:34'),
(2618,'1','Stock inicial',NULL,2618,NULL,1,NULL,1,NULL,3.0000,NULL,NULL,NULL,NULL,NULL,NULL,NULL,NULL,'2026-01-24 16:19:33','2026-01-24 16:19:33'),
(2619,'1','Stock inicial',NULL,2619,NULL,1,NULL,1,NULL,5.0000,NULL,NULL,NULL,NULL,NULL,NULL,NULL,NULL,'2026-01-24 16:20:26','2026-01-24 16:20:26'),
(2620,'1','Stock inicial',NULL,2620,NULL,1,NULL,1,NULL,1.0000,NULL,NULL,NULL,NULL,NULL,NULL,NULL,NULL,'2026-01-24 16:22:31','2026-01-24 16:22:31'),
(2621,'1','Stock inicial',NULL,2621,NULL,1,NULL,1,NULL,5.0000,NULL,NULL,NULL,NULL,NULL,NULL,NULL,NULL,'2026-01-24 16:25:52','2026-01-24 16:25:52'),
(2622,'1','Stock inicial',NULL,2622,NULL,1,NULL,1,NULL,2.0000,NULL,NULL,NULL,NULL,NULL,NULL,NULL,NULL,'2026-01-24 16:27:39','2026-01-24 16:27:39'),
(2623,'1','Stock inicial',NULL,2623,NULL,1,NULL,1,NULL,1.0000,NULL,NULL,NULL,NULL,NULL,NULL,NULL,NULL,'2026-01-24 16:30:39','2026-01-24 16:30:39'),
(2624,'1','Stock inicial',NULL,2624,NULL,1,NULL,1,NULL,123.0000,NULL,NULL,NULL,NULL,NULL,NULL,NULL,NULL,'2026-01-24 16:32:27','2026-01-24 16:32:27'),
(2625,'1','Stock inicial',NULL,2625,NULL,1,NULL,1,NULL,1.0000,NULL,NULL,NULL,NULL,NULL,NULL,NULL,NULL,'2026-01-24 16:34:28','2026-01-24 16:34:28'),
(2626,'1','Stock inicial',NULL,2626,NULL,1,NULL,1,NULL,2.0000,NULL,NULL,NULL,NULL,NULL,NULL,NULL,NULL,'2026-01-24 16:35:31','2026-01-24 16:35:31'),
(2627,'1','Stock inicial',NULL,2627,NULL,1,NULL,1,NULL,3.0000,NULL,NULL,NULL,NULL,NULL,NULL,NULL,NULL,'2026-01-24 16:37:04','2026-01-24 16:37:04'),
(2628,'1','Stock inicial',NULL,2628,NULL,1,NULL,1,NULL,2.0000,NULL,NULL,NULL,NULL,NULL,NULL,NULL,NULL,'2026-01-24 16:48:01','2026-01-24 16:48:01'),
(2630,'1','Stock inicial',NULL,2630,NULL,1,NULL,1,NULL,3.0000,NULL,NULL,NULL,NULL,NULL,NULL,NULL,NULL,'2026-01-24 16:55:28','2026-01-24 16:55:28'),
(2631,'1','Stock inicial',NULL,2631,NULL,1,NULL,1,NULL,6.0000,NULL,NULL,NULL,NULL,NULL,NULL,NULL,NULL,'2026-01-24 16:56:26','2026-01-24 16:56:26'),
(2632,'1','Stock inicial',NULL,2632,NULL,1,NULL,1,NULL,5.0000,NULL,NULL,NULL,NULL,NULL,NULL,NULL,NULL,'2026-01-24 17:03:10','2026-01-24 17:03:10'),
(2633,'1','Stock inicial',NULL,2633,NULL,1,NULL,1,NULL,3.0000,NULL,NULL,NULL,NULL,NULL,NULL,NULL,NULL,'2026-01-24 17:04:34','2026-01-24 17:04:34'),
(2634,'1','Stock inicial',NULL,2634,NULL,1,NULL,1,NULL,3.0000,NULL,NULL,NULL,NULL,NULL,NULL,NULL,NULL,'2026-01-24 17:07:17','2026-01-24 17:07:17'),
(2635,'1','Stock inicial',NULL,2635,NULL,1,NULL,1,NULL,16.0000,NULL,NULL,NULL,NULL,NULL,NULL,NULL,NULL,'2026-01-24 17:14:15','2026-01-24 17:14:15'),
(2636,'1','Stock inicial',NULL,2636,NULL,1,NULL,1,NULL,8.0000,NULL,NULL,NULL,NULL,NULL,NULL,NULL,NULL,'2026-01-24 17:16:56','2026-01-24 17:16:56'),
(2637,'1','Stock inicial',NULL,2637,NULL,1,NULL,1,NULL,17.0000,NULL,NULL,NULL,NULL,NULL,NULL,NULL,NULL,'2026-01-24 17:21:29','2026-01-24 17:21:29'),
(2638,'1','Stock inicial',NULL,2638,NULL,1,NULL,1,NULL,5.0000,NULL,NULL,NULL,NULL,NULL,NULL,NULL,NULL,'2026-01-24 17:24:57','2026-01-24 17:24:57'),
(2639,'1','Stock inicial',NULL,2639,NULL,1,NULL,1,NULL,1.0000,NULL,NULL,NULL,NULL,NULL,NULL,NULL,NULL,'2026-01-24 17:26:13','2026-01-24 17:26:13'),
(2640,'1','Stock inicial',NULL,2640,NULL,1,NULL,1,NULL,2.0000,NULL,NULL,NULL,NULL,NULL,NULL,NULL,NULL,'2026-01-24 17:28:10','2026-01-24 17:28:10'),
(2641,'1','Stock inicial',NULL,2641,NULL,1,NULL,1,NULL,2.0000,NULL,NULL,NULL,NULL,NULL,NULL,NULL,NULL,'2026-01-24 17:33:12','2026-01-24 17:33:12'),
(2642,'1','Stock inicial',NULL,2642,NULL,1,NULL,1,NULL,2.0000,NULL,NULL,NULL,NULL,NULL,NULL,NULL,NULL,'2026-01-24 17:36:23','2026-01-24 17:36:23'),
(2643,'1','Stock inicial',NULL,2643,NULL,1,NULL,1,NULL,8.0000,NULL,NULL,NULL,NULL,NULL,NULL,NULL,NULL,'2026-01-24 17:37:37','2026-01-24 17:37:37'),
(2644,'1','Stock inicial',NULL,2644,NULL,1,NULL,1,NULL,9.0000,NULL,NULL,NULL,NULL,NULL,NULL,NULL,NULL,'2026-01-24 17:40:58','2026-01-24 17:40:58'),
(2645,'1','Stock inicial',NULL,2645,NULL,1,NULL,1,NULL,11.0000,NULL,NULL,NULL,NULL,NULL,NULL,NULL,NULL,'2026-01-24 17:42:13','2026-01-24 17:42:13'),
(2646,'1','Stock inicial',NULL,2646,NULL,1,NULL,1,NULL,1.0000,NULL,NULL,NULL,NULL,NULL,NULL,NULL,NULL,'2026-01-24 17:47:20','2026-01-24 17:47:20'),
(2647,'1','Stock inicial',NULL,2647,NULL,1,NULL,1,NULL,3.0000,NULL,NULL,NULL,NULL,NULL,NULL,NULL,NULL,'2026-01-24 17:48:54','2026-01-24 17:48:54'),
(2648,'1','Stock inicial',NULL,2648,NULL,1,NULL,1,NULL,4.0000,NULL,NULL,NULL,NULL,NULL,NULL,NULL,NULL,'2026-01-24 17:50:07','2026-01-24 17:50:07'),
(2649,'1','Stock inicial',NULL,2649,NULL,1,NULL,1,NULL,5.0000,NULL,NULL,NULL,NULL,NULL,NULL,NULL,NULL,'2026-01-24 17:50:59','2026-01-24 17:50:59'),
(2650,'1','Stock inicial',NULL,2650,NULL,1,NULL,1,NULL,7.0000,NULL,NULL,NULL,NULL,NULL,NULL,NULL,NULL,'2026-01-24 17:51:59','2026-01-24 17:51:59'),
(2651,'1','Stock inicial',NULL,2651,NULL,1,NULL,1,NULL,8.0000,NULL,NULL,NULL,NULL,NULL,NULL,NULL,NULL,'2026-01-24 17:55:03','2026-01-24 17:55:03'),
(2652,'1','Stock inicial',NULL,2652,NULL,1,NULL,1,NULL,7.0000,NULL,NULL,NULL,NULL,NULL,NULL,NULL,NULL,'2026-01-24 17:56:55','2026-01-24 17:56:55'),
(2653,'1','Stock inicial',NULL,2653,NULL,1,NULL,1,NULL,8.0000,NULL,NULL,NULL,NULL,NULL,NULL,NULL,NULL,'2026-01-24 17:59:37','2026-01-24 17:59:37'),
(2654,'1','Stock inicial',NULL,2654,NULL,1,NULL,1,NULL,2.0000,NULL,NULL,NULL,NULL,NULL,NULL,NULL,NULL,'2026-01-24 18:05:19','2026-01-24 18:05:19'),
(2655,'1','Stock inicial',NULL,2655,NULL,1,NULL,1,NULL,2.0000,NULL,NULL,NULL,NULL,NULL,NULL,NULL,NULL,'2026-01-24 18:11:09','2026-01-24 18:11:09'),
(2656,'1','Stock inicial',NULL,2656,NULL,1,NULL,1,NULL,3.0000,NULL,NULL,NULL,NULL,NULL,NULL,NULL,NULL,'2026-01-24 18:13:18','2026-01-24 18:13:18'),
(2657,'1','Stock inicial',NULL,2657,NULL,1,NULL,1,NULL,1.0000,NULL,NULL,NULL,NULL,NULL,NULL,NULL,NULL,'2026-01-24 18:16:48','2026-01-24 18:16:48'),
(2658,'1','Stock inicial',NULL,2658,NULL,1,NULL,1,NULL,2.0000,NULL,NULL,NULL,NULL,NULL,NULL,NULL,NULL,'2026-01-24 18:18:03','2026-01-24 18:18:03'),
(2659,'1','Stock inicial',NULL,2659,NULL,1,NULL,1,NULL,2.0000,NULL,NULL,NULL,NULL,NULL,NULL,NULL,NULL,'2026-01-24 18:18:57','2026-01-24 18:18:57'),
(2660,'1','Stock inicial',NULL,2660,NULL,1,NULL,1,NULL,1.0000,NULL,NULL,NULL,NULL,NULL,NULL,NULL,NULL,'2026-01-24 18:19:55','2026-01-24 18:19:55'),
(2661,'1','Stock inicial',NULL,2661,NULL,1,NULL,1,NULL,3.0000,NULL,NULL,NULL,NULL,NULL,NULL,NULL,NULL,'2026-01-24 18:21:14','2026-01-24 18:21:14'),
(2662,'1','Stock inicial',NULL,2662,NULL,1,NULL,1,NULL,3.0000,NULL,NULL,NULL,NULL,NULL,NULL,NULL,NULL,'2026-01-24 18:25:05','2026-01-24 18:25:05'),
(2663,'1','Stock inicial',NULL,2663,NULL,1,NULL,1,NULL,1.0000,NULL,NULL,NULL,NULL,NULL,NULL,NULL,NULL,'2026-01-24 18:26:27','2026-01-24 18:26:27'),
(2664,'1','Stock inicial',NULL,2664,NULL,1,NULL,1,NULL,1.0000,NULL,NULL,NULL,NULL,NULL,NULL,NULL,NULL,'2026-01-24 18:27:26','2026-01-24 18:27:26'),
(2665,'1','Stock inicial',NULL,2665,NULL,1,NULL,1,NULL,3.0000,NULL,NULL,NULL,NULL,NULL,NULL,NULL,NULL,'2026-01-24 18:29:19','2026-01-24 18:29:19'),
(2666,'1','Stock inicial',NULL,2666,NULL,1,NULL,1,NULL,3.0000,NULL,NULL,NULL,NULL,NULL,NULL,NULL,NULL,'2026-01-24 18:32:04','2026-01-24 18:32:04'),
(2667,'1','Stock inicial',NULL,2667,NULL,1,NULL,1,NULL,3.0000,NULL,NULL,NULL,NULL,NULL,NULL,NULL,NULL,'2026-01-24 18:47:55','2026-01-24 18:47:55'),
(2668,'1','Stock inicial',NULL,2668,NULL,1,NULL,1,NULL,8.0000,NULL,NULL,NULL,NULL,NULL,NULL,NULL,NULL,'2026-01-24 18:49:39','2026-01-24 18:49:39'),
(2669,'1','Stock inicial',NULL,2669,NULL,1,NULL,1,NULL,6.0000,NULL,NULL,NULL,NULL,NULL,NULL,NULL,NULL,'2026-01-24 18:53:00','2026-01-24 18:53:00'),
(2670,'1','Stock inicial',NULL,2670,NULL,1,NULL,1,NULL,2.0000,NULL,NULL,NULL,NULL,NULL,NULL,NULL,NULL,'2026-01-24 18:54:19','2026-01-24 18:54:19'),
(2671,'1','Stock inicial',NULL,2671,NULL,1,NULL,1,NULL,2.0000,NULL,NULL,NULL,NULL,NULL,NULL,NULL,NULL,'2026-01-24 18:55:46','2026-01-24 18:55:46'),
(2672,NULL,'Ingreso de producción',NULL,2027,NULL,1,NULL,2,'19',1.0000,NULL,NULL,NULL,'2026-01-24',1,NULL,NULL,NULL,'2026-01-24 19:31:00','2026-01-24 19:31:00'),
(2673,'1','Stock inicial',NULL,2672,NULL,1,NULL,1,NULL,3.0000,NULL,NULL,NULL,NULL,NULL,NULL,NULL,NULL,'2026-01-24 19:46:37','2026-01-24 19:46:37'),
(2674,'1','Stock inicial',NULL,2673,NULL,1,NULL,1,NULL,2.0000,NULL,NULL,NULL,NULL,NULL,NULL,NULL,NULL,'2026-01-24 19:47:35','2026-01-24 19:47:35'),
(2675,'1','Stock inicial',NULL,2674,NULL,1,NULL,1,NULL,3.0000,NULL,NULL,NULL,NULL,NULL,NULL,NULL,NULL,'2026-01-24 19:51:06','2026-01-24 19:51:06'),
(2676,'1','Stock inicial',NULL,2675,NULL,1,NULL,1,NULL,26.0000,NULL,NULL,NULL,NULL,NULL,NULL,NULL,NULL,'2026-01-24 19:55:54','2026-01-24 19:55:54'),
(2677,NULL,'Consignación recibida',NULL,1883,NULL,1,NULL,2,'03',55.0000,NULL,NULL,NULL,NULL,2,NULL,NULL,NULL,'2026-01-24 19:59:28','2026-01-24 19:59:28'),
(2678,NULL,'Consignación recibida',NULL,1883,NULL,1,NULL,2,'03',15.0000,NULL,NULL,NULL,NULL,3,NULL,NULL,NULL,'2026-01-24 19:59:52','2026-01-24 19:59:52'),
(2679,NULL,'Consignación recibida',NULL,1883,NULL,1,NULL,2,'03',102.0000,NULL,NULL,NULL,NULL,4,NULL,NULL,NULL,'2026-01-24 20:07:04','2026-01-24 20:07:04'),
(2680,NULL,'Venta nacional',NULL,1811,NULL,1,NULL,2,'01',11.0000,NULL,NULL,NULL,NULL,5,NULL,NULL,NULL,'2026-01-24 20:09:41','2026-01-24 20:09:41'),
(2681,'1','Stock inicial',NULL,2676,NULL,1,NULL,1,NULL,1.0000,NULL,NULL,NULL,NULL,NULL,NULL,NULL,NULL,'2026-01-24 21:42:46','2026-01-24 21:42:46'),
(2682,'1','Stock inicial',NULL,2677,NULL,1,NULL,1,NULL,3.0000,NULL,NULL,NULL,NULL,NULL,NULL,NULL,NULL,'2026-01-24 21:44:07','2026-01-24 21:44:07'),
(2683,'1','Stock inicial',NULL,2678,NULL,1,NULL,1,NULL,1.0000,NULL,NULL,NULL,NULL,NULL,NULL,NULL,NULL,'2026-01-25 11:34:30','2026-01-25 11:34:30'),
(2684,'1','Stock inicial',NULL,2679,NULL,1,NULL,1,NULL,0.0000,NULL,NULL,NULL,NULL,NULL,NULL,NULL,NULL,'2026-01-25 11:37:06','2026-01-25 11:37:06'),
(2685,'1','Stock inicial',NULL,2680,NULL,1,NULL,1,NULL,52.0000,NULL,NULL,NULL,NULL,NULL,NULL,NULL,NULL,'2026-01-25 11:39:26','2026-01-25 11:39:26'),
(2686,'1','Stock inicial',NULL,2681,NULL,1,NULL,1,NULL,72.0000,NULL,NULL,NULL,NULL,NULL,NULL,NULL,NULL,'2026-01-25 11:42:02','2026-01-25 11:42:02'),
(2687,'1','Stock inicial',NULL,2682,NULL,1,NULL,1,NULL,100.0000,NULL,NULL,NULL,NULL,NULL,NULL,NULL,NULL,'2026-01-25 11:44:49','2026-01-25 11:44:49'),
(2688,'1','Stock inicial',NULL,2683,NULL,1,NULL,1,NULL,2.0000,NULL,NULL,NULL,NULL,NULL,NULL,NULL,NULL,'2026-01-25 12:10:44','2026-01-25 12:10:44'),
(2689,'1','Stock inicial',NULL,2684,NULL,1,NULL,1,NULL,2.0000,NULL,NULL,NULL,NULL,NULL,NULL,NULL,NULL,'2026-01-25 12:14:35','2026-01-25 12:14:35'),
(2690,'1','Stock inicial',NULL,2685,NULL,1,NULL,1,NULL,1.0000,NULL,NULL,NULL,NULL,NULL,NULL,NULL,NULL,'2026-01-25 12:17:32','2026-01-25 12:17:32'),
(2691,'1','Stock inicial',NULL,2686,NULL,1,NULL,1,NULL,1.0000,NULL,NULL,NULL,NULL,NULL,NULL,NULL,NULL,'2026-01-25 12:52:50','2026-01-25 12:52:50'),
(2692,'1','Stock inicial',NULL,2687,NULL,1,NULL,1,NULL,1.0000,NULL,NULL,NULL,NULL,NULL,NULL,NULL,NULL,'2026-01-25 12:59:04','2026-01-25 12:59:04'),
(2693,'1','Stock inicial',NULL,2688,NULL,1,NULL,1,NULL,6.0000,NULL,NULL,NULL,NULL,NULL,NULL,NULL,NULL,'2026-01-25 13:01:42','2026-01-25 13:01:42'),
(2694,'1','Stock inicial',NULL,2689,NULL,1,NULL,1,NULL,1.0000,NULL,NULL,NULL,NULL,NULL,NULL,NULL,NULL,'2026-01-25 13:05:16','2026-01-25 13:05:16'),
(2695,'1','Stock inicial',NULL,2690,NULL,1,NULL,1,NULL,1.0000,NULL,NULL,NULL,NULL,NULL,NULL,NULL,NULL,'2026-01-25 13:06:51','2026-01-25 13:06:51'),
(2696,'1','Stock inicial',NULL,2691,NULL,1,NULL,1,NULL,3.0000,NULL,NULL,NULL,NULL,NULL,NULL,NULL,NULL,'2026-01-25 13:10:16','2026-01-25 13:10:16'),
(2697,'1','Stock inicial',NULL,2692,NULL,1,NULL,1,NULL,1.0000,NULL,NULL,NULL,NULL,NULL,NULL,NULL,NULL,'2026-01-25 13:14:44','2026-01-25 13:14:44'),
(2698,'1','Stock inicial',NULL,2693,NULL,1,NULL,1,NULL,15.0000,NULL,NULL,NULL,NULL,NULL,NULL,NULL,NULL,'2026-01-25 13:18:37','2026-01-25 13:18:37'),
(2699,'1','Stock inicial',NULL,2694,NULL,1,NULL,1,NULL,5.0000,NULL,NULL,NULL,NULL,NULL,NULL,NULL,NULL,'2026-01-25 13:23:13','2026-01-25 13:23:13'),
(2700,'1','Stock inicial',NULL,2695,NULL,1,NULL,1,NULL,10.0000,NULL,NULL,NULL,NULL,NULL,NULL,NULL,NULL,'2026-01-25 13:25:25','2026-01-25 13:25:25'),
(2701,'1','Stock inicial',NULL,2696,NULL,1,NULL,1,NULL,0.0000,NULL,NULL,NULL,NULL,NULL,NULL,NULL,NULL,'2026-01-25 13:27:24','2026-01-25 13:27:24'),
(2702,'1','Stock inicial',NULL,2697,NULL,1,NULL,1,NULL,7.0000,NULL,NULL,NULL,NULL,NULL,NULL,NULL,NULL,'2026-01-25 13:28:12','2026-01-25 13:28:12'),
(2703,'1','Stock inicial',NULL,2698,NULL,1,NULL,1,NULL,1.0000,NULL,NULL,NULL,NULL,NULL,NULL,NULL,NULL,'2026-01-25 13:29:24','2026-01-25 13:29:24'),
(2704,'1','Stock inicial',NULL,2699,NULL,1,NULL,1,NULL,3.0000,NULL,NULL,NULL,NULL,NULL,NULL,NULL,NULL,'2026-01-25 13:31:54','2026-01-25 13:31:54'),
(2705,'1','Stock inicial',NULL,2700,NULL,1,NULL,1,NULL,3.0000,NULL,NULL,NULL,NULL,NULL,NULL,NULL,NULL,'2026-01-25 13:37:59','2026-01-25 13:37:59'),
(2706,'1','Stock inicial',NULL,2701,NULL,1,NULL,1,NULL,2.0000,NULL,NULL,NULL,NULL,NULL,NULL,NULL,NULL,'2026-01-25 13:42:32','2026-01-25 13:42:32'),
(2707,'1','Stock inicial',NULL,2702,NULL,1,NULL,1,NULL,2.0000,NULL,NULL,NULL,NULL,NULL,NULL,NULL,NULL,'2026-01-25 14:11:42','2026-01-25 14:11:42'),
(2708,'1','Stock inicial',NULL,2703,NULL,1,NULL,1,NULL,2.0000,NULL,NULL,NULL,NULL,NULL,NULL,NULL,NULL,'2026-01-25 14:15:35','2026-01-25 14:15:35'),
(2709,'1','Stock inicial',NULL,2704,NULL,1,NULL,1,NULL,1.0000,NULL,NULL,NULL,NULL,NULL,NULL,NULL,NULL,'2026-01-25 14:20:33','2026-01-25 14:20:33'),
(2710,'1','Stock inicial',NULL,2705,NULL,1,NULL,1,NULL,1.0000,NULL,NULL,NULL,NULL,NULL,NULL,NULL,NULL,'2026-01-25 14:21:21','2026-01-25 14:21:21'),
(2711,'1','Stock inicial',NULL,2706,NULL,1,NULL,1,NULL,1.0000,NULL,NULL,NULL,NULL,NULL,NULL,NULL,NULL,'2026-01-25 14:24:28','2026-01-25 14:24:28'),
(2712,'1','Stock inicial',NULL,2707,NULL,1,NULL,1,NULL,1.0000,NULL,NULL,NULL,NULL,NULL,NULL,NULL,NULL,'2026-01-25 14:29:20','2026-01-25 14:29:20'),
(2713,'1','Stock inicial',NULL,2708,NULL,1,NULL,1,NULL,1.0000,NULL,NULL,NULL,NULL,NULL,NULL,NULL,NULL,'2026-01-25 14:34:30','2026-01-25 14:34:30'),
(2714,'1','Stock inicial',NULL,2709,NULL,1,NULL,1,NULL,18.0000,NULL,NULL,NULL,NULL,NULL,NULL,NULL,NULL,'2026-01-25 14:41:39','2026-01-25 14:41:39'),
(2715,'1','Stock inicial',NULL,2710,NULL,1,NULL,1,NULL,4.0000,NULL,NULL,NULL,NULL,NULL,NULL,NULL,NULL,'2026-01-25 14:49:55','2026-01-25 14:49:55'),
(2716,'1','Stock inicial',NULL,2711,NULL,1,NULL,1,NULL,7.0000,NULL,NULL,NULL,NULL,NULL,NULL,NULL,NULL,'2026-01-25 14:51:50','2026-01-25 14:51:50'),
(2717,'1','Stock inicial',NULL,2712,NULL,1,NULL,1,NULL,5.0000,NULL,NULL,NULL,NULL,NULL,NULL,NULL,NULL,'2026-01-25 14:52:43','2026-01-25 14:52:43'),
(2718,'1','Stock inicial',NULL,2713,NULL,1,NULL,1,NULL,2.0000,NULL,NULL,NULL,NULL,NULL,NULL,NULL,NULL,'2026-01-25 14:53:34','2026-01-25 14:53:34'),
(2719,'1','Stock inicial',NULL,2714,NULL,1,NULL,1,NULL,36.0000,NULL,NULL,NULL,NULL,NULL,NULL,NULL,NULL,'2026-01-25 14:59:09','2026-01-25 14:59:09'),
(2720,'1','Stock inicial',NULL,2715,NULL,1,NULL,1,NULL,1.0000,NULL,NULL,NULL,NULL,NULL,NULL,NULL,NULL,'2026-01-26 10:35:17','2026-01-26 10:35:17'),
(2729,'1','Stock inicial',NULL,2724,NULL,1,NULL,1,NULL,6.0000,NULL,NULL,NULL,NULL,NULL,NULL,NULL,NULL,'2026-01-26 19:13:23','2026-01-26 19:13:23'),
(2730,'1','Stock inicial',NULL,2725,NULL,1,NULL,1,NULL,13.0000,NULL,NULL,NULL,NULL,NULL,NULL,NULL,NULL,'2026-01-26 19:14:12','2026-01-26 19:14:12'),
(2731,'1','Stock inicial',NULL,2726,NULL,1,NULL,1,NULL,4.0000,NULL,NULL,NULL,NULL,NULL,NULL,NULL,NULL,'2026-01-26 19:15:38','2026-01-26 19:15:38'),
(2732,'1','Stock inicial',NULL,2727,NULL,1,NULL,1,NULL,8.0000,NULL,NULL,NULL,NULL,NULL,NULL,NULL,NULL,'2026-01-26 19:16:59','2026-01-26 19:16:59'),
(2733,'1','Stock inicial',NULL,2728,NULL,1,NULL,1,NULL,1.0000,NULL,NULL,NULL,NULL,NULL,NULL,NULL,NULL,'2026-01-26 19:18:45','2026-01-26 19:18:45'),
(2734,'1','Stock inicial',NULL,2729,NULL,1,NULL,1,NULL,7.0000,NULL,NULL,NULL,NULL,NULL,NULL,NULL,NULL,'2026-01-26 19:22:22','2026-01-26 19:22:22'),
(2735,'1','Stock inicial',NULL,2730,NULL,1,NULL,1,NULL,1.0000,NULL,NULL,NULL,NULL,NULL,NULL,NULL,NULL,'2026-01-26 19:24:12','2026-01-26 19:24:12'),
(2736,'1','Stock inicial',NULL,2731,NULL,1,NULL,1,NULL,2.0000,NULL,NULL,NULL,NULL,NULL,NULL,NULL,NULL,'2026-01-26 19:28:04','2026-01-26 19:28:04'),
(2737,'1','Stock inicial',NULL,2732,NULL,1,NULL,1,NULL,1.0000,NULL,NULL,NULL,NULL,NULL,NULL,NULL,NULL,'2026-01-26 19:29:28','2026-01-26 19:29:28'),
(2738,'1','Stock inicial',NULL,2733,NULL,1,NULL,1,NULL,1.0000,NULL,NULL,NULL,NULL,NULL,NULL,NULL,NULL,'2026-01-26 19:32:49','2026-01-26 19:32:49'),
(2739,'1','Stock inicial',NULL,2734,NULL,1,NULL,1,NULL,2.0000,NULL,NULL,NULL,NULL,NULL,NULL,NULL,NULL,'2026-01-26 19:36:46','2026-01-26 19:36:46'),
(2740,'1','Stock inicial',NULL,2735,NULL,1,NULL,1,NULL,1.0000,NULL,NULL,NULL,NULL,NULL,NULL,NULL,NULL,'2026-01-26 19:37:44','2026-01-26 19:37:44'),
(2741,'1','Stock inicial',NULL,2736,NULL,1,NULL,1,NULL,1.0000,NULL,NULL,NULL,NULL,NULL,NULL,NULL,NULL,'2026-01-26 19:39:32','2026-01-26 19:39:32'),
(2742,'1','Stock inicial',NULL,2737,NULL,1,NULL,1,NULL,1.0000,NULL,NULL,NULL,NULL,NULL,NULL,NULL,NULL,'2026-01-26 19:40:50','2026-01-26 19:40:50'),
(2743,'1','Stock inicial',NULL,2738,NULL,1,NULL,1,NULL,3.0000,NULL,NULL,NULL,NULL,NULL,NULL,NULL,NULL,'2026-01-26 19:44:02','2026-01-26 19:44:02'),
(2744,'1','Stock inicial',NULL,2739,NULL,1,NULL,1,NULL,3.0000,NULL,NULL,NULL,NULL,NULL,NULL,NULL,NULL,'2026-01-26 19:45:14','2026-01-26 19:45:14'),
(2745,'1','Stock inicial',NULL,2740,NULL,1,NULL,1,NULL,1.0000,NULL,NULL,NULL,NULL,NULL,NULL,NULL,NULL,'2026-01-26 19:45:58','2026-01-26 19:45:58'),
(2746,'1','Stock inicial',NULL,2741,NULL,1,NULL,1,NULL,2.0000,NULL,NULL,NULL,NULL,NULL,NULL,NULL,NULL,'2026-01-26 19:47:32','2026-01-26 19:47:32'),
(2747,'1','Stock inicial',NULL,2742,NULL,1,NULL,1,NULL,15.0000,NULL,NULL,NULL,NULL,NULL,NULL,NULL,NULL,'2026-01-26 19:51:04','2026-01-26 19:51:04'),
(2748,'1','Stock inicial',NULL,2743,NULL,1,NULL,1,NULL,16.0000,NULL,NULL,NULL,NULL,NULL,NULL,NULL,NULL,'2026-01-26 19:51:51','2026-01-26 19:51:51'),
(2749,'1','Stock inicial',NULL,2744,NULL,1,NULL,1,NULL,5.0000,NULL,NULL,NULL,NULL,NULL,NULL,NULL,NULL,'2026-01-26 19:53:22','2026-01-26 19:53:22'),
(2750,'1','Stock inicial',NULL,2745,NULL,1,NULL,1,NULL,12.0000,NULL,NULL,NULL,NULL,NULL,NULL,NULL,NULL,'2026-01-26 19:54:01','2026-01-26 19:54:01'),
(2751,'1','Stock inicial',NULL,2746,NULL,1,NULL,1,NULL,5.0000,NULL,NULL,NULL,NULL,NULL,NULL,NULL,NULL,'2026-01-26 19:55:10','2026-01-26 19:55:10'),
(2752,'1','Stock inicial',NULL,2747,NULL,1,NULL,1,NULL,1.0000,NULL,NULL,NULL,NULL,NULL,NULL,NULL,NULL,'2026-01-26 19:56:34','2026-01-26 19:56:34'),
(2753,'1','Stock inicial',NULL,2748,NULL,1,NULL,1,NULL,1.0000,NULL,NULL,NULL,NULL,NULL,NULL,NULL,NULL,'2026-01-26 19:57:35','2026-01-26 19:57:35'),
(2754,'1','Stock inicial',NULL,2749,NULL,1,NULL,1,NULL,3.0000,NULL,NULL,NULL,NULL,NULL,NULL,NULL,NULL,'2026-01-26 19:59:00','2026-01-26 19:59:00'),
(2755,'1','Stock inicial',NULL,2750,NULL,1,NULL,1,NULL,1.0000,NULL,NULL,NULL,NULL,NULL,NULL,NULL,NULL,'2026-01-26 20:00:06','2026-01-26 20:00:06'),
(2756,'1','Stock inicial',NULL,2751,NULL,1,NULL,1,NULL,2.0000,NULL,NULL,NULL,NULL,NULL,NULL,NULL,NULL,'2026-01-26 20:02:07','2026-01-26 20:02:07'),
(2757,'1','Stock inicial',NULL,2752,NULL,1,NULL,1,NULL,2.0000,NULL,NULL,NULL,NULL,NULL,NULL,NULL,NULL,'2026-01-26 20:05:12','2026-01-26 20:05:12'),
(2758,'1','Stock inicial',NULL,2753,NULL,1,NULL,1,NULL,1.0000,NULL,NULL,NULL,NULL,NULL,NULL,NULL,NULL,'2026-01-26 20:06:16','2026-01-26 20:06:16'),
(2759,'1','Stock inicial',NULL,2754,NULL,1,NULL,1,NULL,1.0000,NULL,NULL,NULL,NULL,NULL,NULL,NULL,NULL,'2026-01-26 20:07:02','2026-01-26 20:07:02'),
(2760,'1','Stock inicial',NULL,2755,NULL,1,NULL,1,NULL,2.0000,NULL,NULL,NULL,NULL,NULL,NULL,NULL,NULL,'2026-01-26 20:08:14','2026-01-26 20:08:14'),
(2761,'1','Stock inicial',NULL,2756,NULL,1,NULL,1,NULL,6.0000,NULL,NULL,NULL,NULL,NULL,NULL,NULL,NULL,'2026-01-26 20:13:25','2026-01-26 20:13:25'),
(2762,'1','Stock inicial',NULL,2757,NULL,1,NULL,1,NULL,2.0000,NULL,NULL,NULL,NULL,NULL,NULL,NULL,NULL,'2026-01-26 20:14:29','2026-01-26 20:14:29'),
(2763,'1','Stock inicial',NULL,2758,NULL,1,NULL,1,NULL,4.0000,NULL,NULL,NULL,NULL,NULL,NULL,NULL,NULL,'2026-01-26 20:16:18','2026-01-26 20:16:18'),
(2764,'1','Stock inicial',NULL,2759,NULL,1,NULL,1,NULL,4.0000,NULL,NULL,NULL,NULL,NULL,NULL,NULL,NULL,'2026-01-26 20:17:26','2026-01-26 20:17:26'),
(2765,'1','Stock inicial',NULL,2760,NULL,1,NULL,1,NULL,1.0000,NULL,NULL,NULL,NULL,NULL,NULL,NULL,NULL,'2026-01-26 20:18:03','2026-01-26 20:18:03'),
(2766,'1','Stock inicial',NULL,2761,NULL,1,NULL,1,NULL,2.0000,NULL,NULL,NULL,NULL,NULL,NULL,NULL,NULL,'2026-01-26 20:19:25','2026-01-26 20:19:25'),
(2767,'1','Stock inicial',NULL,2762,NULL,1,NULL,1,NULL,3.0000,NULL,NULL,NULL,NULL,NULL,NULL,NULL,NULL,'2026-01-26 20:20:22','2026-01-26 20:20:22'),
(2768,'1','Stock inicial',NULL,2763,NULL,1,NULL,1,NULL,3.0000,NULL,NULL,NULL,NULL,NULL,NULL,NULL,NULL,'2026-01-26 20:22:04','2026-01-26 20:22:04'),
(2769,'1','Stock inicial',NULL,2764,NULL,1,NULL,1,NULL,2.0000,NULL,NULL,NULL,NULL,NULL,NULL,NULL,NULL,'2026-01-26 20:22:59','2026-01-26 20:22:59'),
(2770,'1','Stock inicial',NULL,2765,NULL,1,NULL,1,NULL,2.0000,NULL,NULL,NULL,NULL,NULL,NULL,NULL,NULL,'2026-01-26 20:23:44','2026-01-26 20:23:44'),
(2771,'1','Stock inicial',NULL,2766,NULL,1,NULL,1,NULL,5.0000,NULL,NULL,NULL,NULL,NULL,NULL,NULL,NULL,'2026-01-26 20:24:34','2026-01-26 20:24:34'),
(2772,'1','Stock inicial',NULL,2767,NULL,1,NULL,1,NULL,1.0000,NULL,NULL,NULL,NULL,NULL,NULL,NULL,NULL,'2026-01-26 20:25:08','2026-01-26 20:25:08'),
(2773,'1','Stock inicial',NULL,2768,NULL,1,NULL,1,NULL,13.0000,NULL,NULL,NULL,NULL,NULL,NULL,NULL,NULL,'2026-01-26 20:28:40','2026-01-26 20:28:40'),
(2774,'1','Stock inicial',NULL,2769,NULL,1,NULL,1,NULL,3.0000,NULL,NULL,NULL,NULL,NULL,NULL,NULL,NULL,'2026-01-26 20:29:16','2026-01-26 20:29:16'),
(2775,'1','Stock inicial',NULL,2770,NULL,1,NULL,1,NULL,7.0000,NULL,NULL,NULL,NULL,NULL,NULL,NULL,NULL,'2026-01-26 20:30:04','2026-01-26 20:30:04'),
(2776,'1','Stock inicial',NULL,2771,NULL,1,NULL,1,NULL,14.0000,NULL,NULL,NULL,NULL,NULL,NULL,NULL,NULL,'2026-01-26 20:32:34','2026-01-26 20:32:34'),
(2777,'1','Stock inicial',NULL,2772,NULL,1,NULL,1,NULL,3.0000,NULL,NULL,NULL,NULL,NULL,NULL,NULL,NULL,'2026-01-26 20:37:13','2026-01-26 20:37:13'),
(2778,'1','Stock inicial',NULL,2773,NULL,1,NULL,1,NULL,1.0000,NULL,NULL,NULL,NULL,NULL,NULL,NULL,NULL,'2026-01-26 20:37:48','2026-01-26 20:37:48'),
(2779,'1','Stock inicial',NULL,2774,NULL,1,NULL,1,NULL,1.0000,NULL,NULL,NULL,NULL,NULL,NULL,NULL,NULL,'2026-01-26 20:38:19','2026-01-26 20:38:19'),
(2780,'1','Stock inicial',NULL,2775,NULL,1,NULL,1,NULL,1.0000,NULL,NULL,NULL,NULL,NULL,NULL,NULL,NULL,'2026-01-26 20:39:02','2026-01-26 20:39:02'),
(2781,'1','Stock inicial',NULL,2776,NULL,1,NULL,1,NULL,2.0000,NULL,NULL,NULL,NULL,NULL,NULL,NULL,NULL,'2026-01-26 20:39:31','2026-01-26 20:39:31'),
(2782,'1','Stock inicial',NULL,2777,NULL,1,NULL,1,NULL,1.0000,NULL,NULL,NULL,NULL,NULL,NULL,NULL,NULL,'2026-01-26 20:40:14','2026-01-26 20:40:14'),
(2783,'1','Stock inicial',NULL,2778,NULL,1,NULL,1,NULL,5.0000,NULL,NULL,NULL,NULL,NULL,NULL,NULL,NULL,'2026-01-26 20:41:53','2026-01-26 20:41:53'),
(2784,'1','Stock inicial',NULL,2779,NULL,1,NULL,1,NULL,2.0000,NULL,NULL,NULL,NULL,NULL,NULL,NULL,NULL,'2026-01-26 20:42:38','2026-01-26 20:42:38'),
(2785,'1','Stock inicial',NULL,2780,NULL,1,NULL,1,NULL,1.0000,NULL,NULL,NULL,NULL,NULL,NULL,NULL,NULL,'2026-01-26 20:43:21','2026-01-26 20:43:21'),
(2786,'1','Stock inicial',NULL,2781,NULL,1,NULL,1,NULL,1.0000,NULL,NULL,NULL,NULL,NULL,NULL,NULL,NULL,'2026-01-26 20:45:16','2026-01-26 20:45:16'),
(2787,'1','Stock inicial',NULL,2782,NULL,1,NULL,1,NULL,3.0000,NULL,NULL,NULL,NULL,NULL,NULL,NULL,NULL,'2026-01-26 20:46:11','2026-01-26 20:46:11'),
(2788,'1','Stock inicial',NULL,2783,NULL,1,NULL,1,NULL,1.0000,NULL,NULL,NULL,NULL,NULL,NULL,NULL,NULL,'2026-01-26 20:47:59','2026-01-26 20:47:59'),
(2789,'1','Stock inicial',NULL,2784,NULL,1,NULL,1,NULL,4.0000,NULL,NULL,NULL,NULL,NULL,NULL,NULL,NULL,'2026-01-26 20:49:07','2026-01-26 20:49:07'),
(2790,'1','Stock inicial',NULL,2785,NULL,1,NULL,1,NULL,26.0000,NULL,NULL,NULL,NULL,NULL,NULL,NULL,NULL,'2026-01-26 20:50:50','2026-01-26 20:50:50'),
(2791,'1','Stock inicial',NULL,2786,NULL,1,NULL,1,NULL,16.0000,NULL,NULL,NULL,NULL,NULL,NULL,NULL,NULL,'2026-01-26 20:51:25','2026-01-26 20:51:25'),
(2792,'1','Stock inicial',NULL,2787,NULL,1,NULL,1,NULL,3.0000,NULL,NULL,NULL,NULL,NULL,NULL,NULL,NULL,'2026-01-26 20:52:01','2026-01-26 20:52:01'),
(2793,'1','Stock inicial',NULL,2788,NULL,1,NULL,1,NULL,8.0000,NULL,NULL,NULL,NULL,NULL,NULL,NULL,NULL,'2026-01-26 20:52:33','2026-01-26 20:52:33'),
(2794,'1','Stock inicial',NULL,2789,NULL,1,NULL,1,NULL,4.0000,NULL,NULL,NULL,NULL,NULL,NULL,NULL,NULL,'2026-01-26 20:53:09','2026-01-26 20:53:09'),
(2795,'1','Stock inicial',NULL,2790,NULL,1,NULL,1,NULL,1.0000,NULL,NULL,NULL,NULL,NULL,NULL,NULL,NULL,'2026-01-26 20:53:51','2026-01-26 20:53:51'),
(2796,'1','Stock inicial',NULL,2791,NULL,1,NULL,1,NULL,1.0000,NULL,NULL,NULL,NULL,NULL,NULL,NULL,NULL,'2026-01-26 20:54:40','2026-01-26 20:54:40'),
(2797,'1','Stock inicial',NULL,2792,NULL,1,NULL,1,NULL,2.0000,NULL,NULL,NULL,NULL,NULL,NULL,NULL,NULL,'2026-01-26 20:55:13','2026-01-26 20:55:13'),
(2798,'1','Stock inicial',NULL,2793,NULL,1,NULL,1,NULL,7.0000,NULL,NULL,NULL,NULL,NULL,NULL,NULL,NULL,'2026-01-26 20:55:43','2026-01-26 20:55:43'),
(2799,'1','Stock inicial',NULL,2794,NULL,1,NULL,1,NULL,4.0000,NULL,NULL,NULL,NULL,NULL,NULL,NULL,NULL,'2026-01-26 20:56:13','2026-01-26 20:56:13'),
(2800,'1','Stock inicial',NULL,2795,NULL,1,NULL,1,NULL,1.0000,NULL,NULL,NULL,NULL,NULL,NULL,NULL,NULL,'2026-01-26 20:56:42','2026-01-26 20:56:42'),
(2801,'1','Stock inicial',NULL,2796,NULL,1,NULL,1,NULL,1.0000,NULL,NULL,NULL,NULL,NULL,NULL,NULL,NULL,'2026-01-26 20:57:13','2026-01-26 20:57:13'),
(2802,'1','Stock inicial',NULL,2797,NULL,1,NULL,1,NULL,1.0000,NULL,NULL,NULL,NULL,NULL,NULL,NULL,NULL,'2026-01-26 20:57:58','2026-01-26 20:57:58'),
(2803,'1','Stock inicial',NULL,2798,NULL,1,NULL,1,NULL,1.0000,NULL,NULL,NULL,NULL,NULL,NULL,NULL,NULL,'2026-01-26 20:58:41','2026-01-26 20:58:41'),
(2804,'1','Stock inicial',NULL,2799,NULL,1,NULL,1,NULL,1.0000,NULL,NULL,NULL,NULL,NULL,NULL,NULL,NULL,'2026-01-26 20:59:05','2026-01-26 20:59:05'),
(2805,'1','Stock inicial',NULL,2800,NULL,1,NULL,1,NULL,1.0000,NULL,NULL,NULL,NULL,NULL,NULL,NULL,NULL,'2026-01-26 21:00:04','2026-01-26 21:00:04'),
(2806,'1','Stock inicial',NULL,2801,NULL,1,NULL,1,NULL,1.0000,NULL,NULL,NULL,NULL,NULL,NULL,NULL,NULL,'2026-01-26 21:00:37','2026-01-26 21:00:37'),
(2807,'1','Stock inicial',NULL,2802,NULL,1,NULL,1,NULL,1.0000,NULL,NULL,NULL,NULL,NULL,NULL,NULL,NULL,'2026-01-26 21:01:07','2026-01-26 21:01:07'),
(2808,'1','Stock inicial',NULL,2803,NULL,1,NULL,1,NULL,1.0000,NULL,NULL,NULL,NULL,NULL,NULL,NULL,NULL,'2026-01-26 21:01:25','2026-01-26 21:01:25'),
(2809,'1','Stock inicial',NULL,2804,NULL,1,NULL,1,NULL,140.0000,NULL,NULL,NULL,NULL,NULL,NULL,NULL,NULL,'2026-01-26 21:04:43','2026-01-26 21:04:43'),
(2810,'1','Stock inicial',NULL,2805,NULL,1,NULL,1,NULL,12.0000,NULL,NULL,NULL,NULL,NULL,NULL,NULL,NULL,'2026-01-26 21:11:14','2026-01-26 21:11:14'),
(2811,'1','Stock inicial',NULL,2806,NULL,1,NULL,1,NULL,1.0000,NULL,NULL,NULL,NULL,NULL,NULL,NULL,NULL,'2026-01-26 21:24:23','2026-01-26 21:24:23'),
(2812,'1','Stock inicial',NULL,2807,NULL,1,NULL,1,NULL,0.0000,NULL,NULL,NULL,NULL,NULL,NULL,NULL,NULL,'2026-02-05 17:29:37','2026-02-05 17:29:37'),
(2813,NULL,'Ingreso de producción',NULL,2336,NULL,1,NULL,2,'19',100.0000,NULL,NULL,NULL,'2026-02-05',6,NULL,NULL,NULL,'2026-02-05 19:28:23','2026-02-05 19:28:23'),
(2814,NULL,'Compra nacional',NULL,1995,NULL,1,NULL,2,'02',29.0000,NULL,NULL,NULL,'2026-02-07',7,NULL,NULL,NULL,'2026-02-07 20:43:13','2026-02-07 20:43:14'),
(2815,NULL,'Inventario inicial',NULL,2279,NULL,1,NULL,2,'16',18.0000,NULL,NULL,NULL,'2026-02-09',8,NULL,NULL,NULL,'2026-02-09 12:49:35','2026-02-09 12:49:36'),
(2816,NULL,'Inventario inicial',NULL,2300,NULL,1,NULL,2,'16',23.0000,NULL,NULL,NULL,'2026-02-09',9,NULL,NULL,NULL,'2026-02-09 13:12:15','2026-02-09 13:12:15'),
(2817,NULL,'Inventario inicial',NULL,1807,NULL,1,NULL,2,'16',63.0000,NULL,NULL,NULL,'2026-02-09',10,NULL,NULL,NULL,'2026-02-09 15:56:04','2026-02-09 15:56:04'),
(2818,'1','Stock inicial',NULL,2808,NULL,1,NULL,1,NULL,6.0000,NULL,NULL,NULL,NULL,NULL,NULL,NULL,NULL,'2026-02-11 08:20:42','2026-02-11 08:20:42'),
(2819,'1','Stock inicial',NULL,2809,NULL,1,NULL,1,NULL,1.0000,NULL,NULL,NULL,NULL,NULL,NULL,NULL,NULL,'2026-02-12 18:12:20','2026-02-12 18:12:20'),
(2820,'1','Stock inicial',NULL,2810,NULL,1,NULL,1,NULL,70.0000,NULL,NULL,NULL,NULL,NULL,NULL,NULL,NULL,'2026-02-16 09:20:14','2026-02-16 09:20:14'),
(2821,'1','Stock inicial',NULL,2811,NULL,1,NULL,1,NULL,300.0000,NULL,NULL,NULL,NULL,NULL,NULL,NULL,NULL,'2026-02-16 09:21:02','2026-02-16 09:21:02'),
(2822,'1','Stock inicial',NULL,2812,NULL,1,NULL,1,NULL,7.0000,NULL,NULL,NULL,NULL,NULL,NULL,NULL,NULL,'2026-02-16 09:22:00','2026-02-16 09:22:00'),
(2823,'1','Stock inicial',NULL,2813,NULL,1,NULL,1,NULL,8.0000,NULL,NULL,NULL,NULL,NULL,NULL,NULL,NULL,'2026-02-23 14:26:25','2026-02-23 14:26:25'),
(2824,'1','Stock inicial',NULL,2814,NULL,1,NULL,1,NULL,105.0000,NULL,NULL,NULL,NULL,NULL,NULL,NULL,NULL,'2026-02-23 14:28:34','2026-02-23 14:28:34'),
(2825,'1','Stock inicial',NULL,2815,NULL,1,NULL,1,NULL,6.0000,NULL,NULL,NULL,NULL,NULL,NULL,NULL,NULL,'2026-02-24 19:01:34','2026-02-24 19:01:34'),
(2826,'1','Stock inicial',NULL,2816,NULL,1,NULL,1,NULL,3.0000,NULL,NULL,NULL,NULL,NULL,NULL,NULL,NULL,'2026-04-19 18:46:08','2026-04-19 18:46:08'),
(2827,'1','Stock inicial',NULL,2817,NULL,1,NULL,1,NULL,0.0000,NULL,NULL,NULL,NULL,NULL,NULL,NULL,NULL,'2026-05-22 14:33:26','2026-05-22 14:33:26'),
(2828,'1','Stock inicial',NULL,2818,NULL,1,NULL,2,NULL,0.0000,NULL,NULL,NULL,NULL,NULL,NULL,NULL,NULL,'2026-05-25 11:35:58','2026-05-25 11:35:58'),
(2829,'1','Stock inicial',NULL,2819,NULL,1,NULL,2,NULL,0.0000,NULL,NULL,NULL,NULL,NULL,NULL,NULL,NULL,'2026-05-25 11:37:08','2026-05-25 11:37:08'),
(2830,'1','Stock inicial',NULL,2820,NULL,1,NULL,2,NULL,0.0000,NULL,NULL,NULL,NULL,NULL,NULL,NULL,NULL,'2026-05-25 11:39:05','2026-05-25 11:39:05'),
(2831,'1','Stock inicial',NULL,2821,NULL,1,NULL,2,NULL,0.0000,NULL,NULL,NULL,NULL,NULL,NULL,NULL,NULL,'2026-06-03 17:52:10','2026-06-03 17:52:10'),
(2832,'1','Stock inicial',NULL,2822,NULL,1,NULL,2,NULL,0.0000,NULL,NULL,NULL,NULL,NULL,NULL,NULL,NULL,'2026-06-05 14:35:18','2026-06-05 14:35:18'),
(2833,'1','Stock inicial',NULL,2823,NULL,1,NULL,2,NULL,0.0000,NULL,NULL,NULL,NULL,NULL,NULL,NULL,NULL,'2026-06-05 14:38:51','2026-06-05 14:38:51'),
(2834,'1','Stock inicial',NULL,2824,NULL,1,NULL,2,NULL,0.0000,NULL,NULL,NULL,NULL,NULL,NULL,NULL,NULL,'2026-06-05 14:41:12','2026-06-05 14:41:12'),
(2835,'1','Stock inicial',NULL,2825,NULL,1,NULL,2,NULL,0.0000,NULL,NULL,NULL,NULL,NULL,NULL,NULL,NULL,'2026-06-05 14:43:07','2026-06-05 14:43:07'),
(2836,'1','Stock inicial',NULL,2826,NULL,1,NULL,2,NULL,0.0000,NULL,NULL,NULL,NULL,NULL,NULL,NULL,NULL,'2026-06-05 14:46:53','2026-06-05 14:46:53'),
(2837,'1','Stock inicial',NULL,2827,NULL,1,NULL,2,NULL,0.0000,NULL,NULL,NULL,NULL,NULL,NULL,NULL,NULL,'2026-06-05 14:53:31','2026-06-05 14:53:31'),
(2838,'1','Stock inicial',NULL,2828,NULL,1,NULL,2,NULL,0.0000,NULL,NULL,NULL,NULL,NULL,NULL,NULL,NULL,'2026-06-05 14:54:27','2026-06-05 14:54:27'),
(2839,'1','Stock inicial',NULL,2829,NULL,1,NULL,2,NULL,0.0000,NULL,NULL,NULL,NULL,NULL,NULL,NULL,NULL,'2026-06-05 14:55:50','2026-06-05 14:55:50'),
(2840,'1','Stock inicial',NULL,2830,NULL,1,NULL,2,NULL,0.0000,NULL,NULL,NULL,NULL,NULL,NULL,NULL,NULL,'2026-06-05 14:56:39','2026-06-05 14:56:39'),
(2841,'1','Stock inicial',NULL,2831,NULL,1,NULL,2,NULL,0.0000,NULL,NULL,NULL,NULL,NULL,NULL,NULL,NULL,'2026-06-05 15:00:25','2026-06-05 15:00:25'),
(2842,'1','Stock inicial',NULL,2832,NULL,1,NULL,2,NULL,0.0000,NULL,NULL,NULL,NULL,NULL,NULL,NULL,NULL,'2026-06-05 15:01:41','2026-06-05 15:01:41'),
(2843,'1','Stock inicial',NULL,2833,NULL,1,NULL,2,NULL,0.0000,NULL,NULL,NULL,NULL,NULL,NULL,NULL,NULL,'2026-06-05 15:02:46','2026-06-05 15:02:46'),
(2844,'1','Stock inicial',NULL,2834,NULL,1,NULL,2,NULL,0.0000,NULL,NULL,NULL,NULL,NULL,NULL,NULL,NULL,'2026-06-10 10:32:39','2026-06-10 10:32:39'),
(2845,'1','Stock inicial',NULL,2835,NULL,1,NULL,2,NULL,0.0000,NULL,NULL,NULL,NULL,NULL,NULL,NULL,NULL,'2026-06-10 10:38:40','2026-06-10 10:38:40'),
(2846,'1','Stock inicial',NULL,2836,NULL,1,NULL,2,NULL,0.0000,NULL,NULL,NULL,NULL,NULL,NULL,NULL,NULL,'2026-06-10 10:43:45','2026-06-10 10:43:45'),
(2847,'1','Stock inicial',NULL,2837,NULL,1,NULL,2,NULL,0.0000,NULL,NULL,NULL,NULL,NULL,NULL,NULL,NULL,'2026-06-20 14:37:46','2026-06-20 14:37:46'),
(2848,'1','Stock inicial',NULL,2838,NULL,1,NULL,2,NULL,0.0000,NULL,NULL,NULL,NULL,NULL,NULL,NULL,NULL,'2026-06-20 14:39:33','2026-06-20 14:39:33'),
(2849,'1','Stock inicial',NULL,2839,NULL,1,NULL,2,NULL,0.0000,NULL,NULL,NULL,NULL,NULL,NULL,NULL,NULL,'2026-06-20 14:40:24','2026-06-20 14:40:24'),
(2850,'1','Stock inicial',NULL,2840,NULL,1,NULL,2,NULL,0.0000,NULL,NULL,NULL,NULL,NULL,NULL,NULL,NULL,'2026-06-24 11:27:37','2026-06-24 11:27:37');
COMMIT;

--
