-- Dumping data for table `expenses`
--

COMMIT;

--
-- Table structure for table `expiration_date_settings`
--

CREATE TABLE `expiration_date_settings` (
  `id` int(10) unsigned NOT NULL AUTO_INCREMENT,
  `type` varchar(255) NOT NULL,
  `days` smallint(6) NOT NULL,
  `color` varchar(255) NOT NULL,
  `created_at` timestamp NULL DEFAULT NULL,
  `updated_at` timestamp NULL DEFAULT NULL,
  PRIMARY KEY (`id`)
) ENGINE=InnoDB AUTO_INCREMENT=4 DEFAULT CHARSET=utf8mb4 COLLATE=utf8mb4_unicode_ci;

--
-- Dumping data for table `expiration_date_settings`
--

INSERT INTO `expiration_date_settings` VALUES
(1,'EMPTY',5,'#ED000C',NULL,NULL),
(2,'ALMOST EMPTY',10,'#FFC000',NULL,NULL),
(3,'ENOUGH',15,'#05752F',NULL,NULL);
COMMIT;

--
-- Table structure for table `fixed_asset_items`
--

CREATE TABLE `fixed_asset_items` (
  `id` int(10) unsigned NOT NULL AUTO_INCREMENT,
  `name` varchar(255) NOT NULL,
  `description` varchar(255) DEFAULT NULL,
  `item_type_id` char(2) NOT NULL,
  `internal_id` varchar(255) DEFAULT NULL,
  `unit_type_id` varchar(255) NOT NULL,
  `currency_type_id` varchar(255) NOT NULL,
  `purchase_unit_price` decimal(16,6) NOT NULL,
  `purchase_affectation_igv_type_id` varchar(255) NOT NULL,
  `created_at` timestamp NULL DEFAULT NULL,
  `updated_at` timestamp NULL DEFAULT NULL,
  PRIMARY KEY (`id`),
  KEY `fixed_asset_items_item_type_id_foreign` (`item_type_id`),
  KEY `fixed_asset_items_unit_type_id_foreign` (`unit_type_id`),
  KEY `fixed_asset_items_currency_type_id_foreign` (`currency_type_id`),
  KEY `fixed_asset_items_purchase_affectation_igv_type_id_foreign` (`purchase_affectation_igv_type_id`),
  CONSTRAINT `fixed_asset_items_currency_type_id_foreign` FOREIGN KEY (`currency_type_id`) REFERENCES `cat_currency_types` (`id`),
  CONSTRAINT `fixed_asset_items_item_type_id_foreign` FOREIGN KEY (`item_type_id`) REFERENCES `item_types` (`id`),
  CONSTRAINT `fixed_asset_items_purchase_affectation_igv_type_id_foreign` FOREIGN KEY (`purchase_affectation_igv_type_id`) REFERENCES `cat_affectation_igv_types` (`id`),
  CONSTRAINT `fixed_asset_items_unit_type_id_foreign` FOREIGN KEY (`unit_type_id`) REFERENCES `cat_unit_types` (`id`)
) ENGINE=InnoDB DEFAULT CHARSET=utf8mb4 COLLATE=utf8mb4_unicode_ci;

--
-- Dumping data for table `fixed_asset_items`
--

COMMIT;

--
-- Table structure for table `fixed_asset_purchase_items`
--

CREATE TABLE `fixed_asset_purchase_items` (
  `id` int(10) unsigned NOT NULL AUTO_INCREMENT,
  `fixed_asset_purchase_id` int(10) unsigned NOT NULL,
  `fixed_asset_item_id` int(10) unsigned NOT NULL,
  `item` longtext CHARACTER SET utf8mb4 COLLATE utf8mb4_bin NOT NULL,
  `quantity` decimal(12,4) NOT NULL,
  `unit_value` decimal(16,6) NOT NULL,
  `affectation_igv_type_id` varchar(255) NOT NULL,
  `total_base_igv` decimal(12,2) NOT NULL,
  `percentage_igv` decimal(12,2) NOT NULL,
  `total_igv` decimal(12,2) NOT NULL,
  `system_isc_type_id` varchar(255) DEFAULT NULL,
  `total_base_isc` decimal(12,2) NOT NULL DEFAULT 0.00,
  `percentage_isc` decimal(12,2) NOT NULL DEFAULT 0.00,
  `total_isc` decimal(12,2) NOT NULL DEFAULT 0.00,
  `total_base_other_taxes` decimal(12,2) NOT NULL DEFAULT 0.00,
  `percentage_other_taxes` decimal(12,2) NOT NULL DEFAULT 0.00,
  `total_other_taxes` decimal(12,2) NOT NULL DEFAULT 0.00,
  `total_taxes` decimal(12,2) NOT NULL,
  `price_type_id` varchar(255) NOT NULL,
  `unit_price` decimal(16,6) NOT NULL,
  `total_value` decimal(12,2) NOT NULL,
  `total_charge` decimal(12,2) NOT NULL DEFAULT 0.00,
  `total_discount` decimal(12,2) NOT NULL DEFAULT 0.00,
  `total` decimal(12,2) NOT NULL,
  `attributes` longtext CHARACTER SET utf8mb4 COLLATE utf8mb4_bin DEFAULT NULL,
  `discounts` longtext CHARACTER SET utf8mb4 COLLATE utf8mb4_bin DEFAULT NULL,
  `charges` longtext CHARACTER SET utf8mb4 COLLATE utf8mb4_bin DEFAULT NULL,
  PRIMARY KEY (`id`),
  KEY `fixed_asset_purchase_items_fixed_asset_purchase_id_foreign` (`fixed_asset_purchase_id`),
  KEY `fixed_asset_purchase_items_fixed_asset_item_id_foreign` (`fixed_asset_item_id`),
  KEY `fixed_asset_purchase_items_affectation_igv_type_id_foreign` (`affectation_igv_type_id`),
  KEY `fixed_asset_purchase_items_system_isc_type_id_foreign` (`system_isc_type_id`),
  KEY `fixed_asset_purchase_items_price_type_id_foreign` (`price_type_id`),
  CONSTRAINT `fixed_asset_purchase_items_affectation_igv_type_id_foreign` FOREIGN KEY (`affectation_igv_type_id`) REFERENCES `cat_affectation_igv_types` (`id`),
  CONSTRAINT `fixed_asset_purchase_items_fixed_asset_item_id_foreign` FOREIGN KEY (`fixed_asset_item_id`) REFERENCES `fixed_asset_items` (`id`),
  CONSTRAINT `fixed_asset_purchase_items_fixed_asset_purchase_id_foreign` FOREIGN KEY (`fixed_asset_purchase_id`) REFERENCES `fixed_asset_purchases` (`id`) ON DELETE CASCADE,
  CONSTRAINT `fixed_asset_purchase_items_price_type_id_foreign` FOREIGN KEY (`price_type_id`) REFERENCES `cat_price_types` (`id`),
  CONSTRAINT `fixed_asset_purchase_items_system_isc_type_id_foreign` FOREIGN KEY (`system_isc_type_id`) REFERENCES `cat_system_isc_types` (`id`)
) ENGINE=InnoDB DEFAULT CHARSET=utf8mb4 COLLATE=utf8mb4_unicode_ci;

--
-- Dumping data for table `fixed_asset_purchase_items`
--

COMMIT;

--
-- Table structure for table `fixed_asset_purchases`
--

CREATE TABLE `fixed_asset_purchases` (
  `id` int(10) unsigned NOT NULL AUTO_INCREMENT,
  `user_id` int(10) unsigned NOT NULL,
  `external_id` char(36) NOT NULL,
  `establishment_id` int(10) unsigned NOT NULL,
  `soap_type_id` char(2) NOT NULL,
  `state_type_id` char(2) NOT NULL,
  `group_id` char(2) NOT NULL,
  `document_type_id` varchar(255) NOT NULL,
  `series` char(4) NOT NULL,
  `number` int(11) NOT NULL,
  `date_of_issue` date NOT NULL,
  `date_of_due` date DEFAULT NULL,
  `time_of_issue` time NOT NULL,
  `supplier_id` int(10) unsigned NOT NULL,
  `supplier` longtext CHARACTER SET utf8mb4 COLLATE utf8mb4_bin NOT NULL,
  `currency_type_id` varchar(255) NOT NULL,
  `exchange_rate_sale` decimal(13,3) NOT NULL,
  `total_prepayment` decimal(12,2) NOT NULL DEFAULT 0.00,
  `total_charge` decimal(12,2) NOT NULL DEFAULT 0.00,
  `total_discount` decimal(12,2) NOT NULL DEFAULT 0.00,
  `total_exportation` decimal(12,2) NOT NULL DEFAULT 0.00,
  `total_free` decimal(12,2) NOT NULL DEFAULT 0.00,
  `total_taxed` decimal(12,2) NOT NULL DEFAULT 0.00,
  `total_unaffected` decimal(12,2) NOT NULL DEFAULT 0.00,
  `total_exonerated` decimal(12,2) NOT NULL DEFAULT 0.00,
  `total_igv` decimal(12,2) NOT NULL DEFAULT 0.00,
  `total_base_isc` decimal(12,2) NOT NULL DEFAULT 0.00,
  `total_isc` decimal(12,2) NOT NULL DEFAULT 0.00,
  `total_base_other_taxes` decimal(12,2) NOT NULL DEFAULT 0.00,
  `total_other_taxes` decimal(12,2) NOT NULL DEFAULT 0.00,
  `total_taxes` decimal(12,2) NOT NULL DEFAULT 0.00,
  `total_value` decimal(12,2) NOT NULL DEFAULT 0.00,
  `total` decimal(12,2) NOT NULL,
  `customer_id` int(10) unsigned DEFAULT NULL,
  `perception_date` date DEFAULT NULL,
  `perception_number` int(11) DEFAULT NULL,
  `total_perception` decimal(12,2) DEFAULT NULL,
  `charges` longtext CHARACTER SET utf8mb4 COLLATE utf8mb4_bin DEFAULT NULL,
  `discounts` longtext CHARACTER SET utf8mb4 COLLATE utf8mb4_bin DEFAULT NULL,
  `prepayments` longtext CHARACTER SET utf8mb4 COLLATE utf8mb4_bin DEFAULT NULL,
  `guides` longtext CHARACTER SET utf8mb4 COLLATE utf8mb4_bin DEFAULT NULL,
  `related` longtext CHARACTER SET utf8mb4 COLLATE utf8mb4_bin DEFAULT NULL,
  `perception` longtext CHARACTER SET utf8mb4 COLLATE utf8mb4_bin DEFAULT NULL,
  `detraction` longtext CHARACTER SET utf8mb4 COLLATE utf8mb4_bin DEFAULT NULL,
  `legends` longtext CHARACTER SET utf8mb4 COLLATE utf8mb4_bin DEFAULT NULL,
  `created_at` timestamp NULL DEFAULT NULL,
  `updated_at` timestamp NULL DEFAULT NULL,
  PRIMARY KEY (`id`),
  KEY `fixed_asset_purchases_user_id_foreign` (`user_id`),
  KEY `fixed_asset_purchases_establishment_id_foreign` (`establishment_id`),
  KEY `fixed_asset_purchases_supplier_id_foreign` (`supplier_id`),
  KEY `fixed_asset_purchases_customer_id_foreign` (`customer_id`),
  KEY `fixed_asset_purchases_soap_type_id_foreign` (`soap_type_id`),
  KEY `fixed_asset_purchases_state_type_id_foreign` (`state_type_id`),
  KEY `fixed_asset_purchases_group_id_foreign` (`group_id`),
  KEY `fixed_asset_purchases_document_type_id_foreign` (`document_type_id`),
  KEY `fixed_asset_purchases_currency_type_id_foreign` (`currency_type_id`),
  CONSTRAINT `fixed_asset_purchases_currency_type_id_foreign` FOREIGN KEY (`currency_type_id`) REFERENCES `cat_currency_types` (`id`),
  CONSTRAINT `fixed_asset_purchases_customer_id_foreign` FOREIGN KEY (`customer_id`) REFERENCES `persons` (`id`),
  CONSTRAINT `fixed_asset_purchases_document_type_id_foreign` FOREIGN KEY (`document_type_id`) REFERENCES `cat_document_types` (`id`),
  CONSTRAINT `fixed_asset_purchases_establishment_id_foreign` FOREIGN KEY (`establishment_id`) REFERENCES `establishments` (`id`),
  CONSTRAINT `fixed_asset_purchases_group_id_foreign` FOREIGN KEY (`group_id`) REFERENCES `groups` (`id`),
  CONSTRAINT `fixed_asset_purchases_soap_type_id_foreign` FOREIGN KEY (`soap_type_id`) REFERENCES `soap_types` (`id`),
  CONSTRAINT `fixed_asset_purchases_state_type_id_foreign` FOREIGN KEY (`state_type_id`) REFERENCES `state_types` (`id`),
  CONSTRAINT `fixed_asset_purchases_supplier_id_foreign` FOREIGN KEY (`supplier_id`) REFERENCES `persons` (`id`),
  CONSTRAINT `fixed_asset_purchases_user_id_foreign` FOREIGN KEY (`user_id`) REFERENCES `users` (`id`)
) ENGINE=InnoDB DEFAULT CHARSET=utf8mb4 COLLATE=utf8mb4_unicode_ci;

--
-- Dumping data for table `fixed_asset_purchases`
--

COMMIT;

--
-- Table structure for table `format_templates`
--

CREATE TABLE `format_templates` (
  `id` int(10) unsigned NOT NULL AUTO_INCREMENT,
  `formats` varchar(255) NOT NULL,
  `created_at` timestamp NULL DEFAULT NULL,
  `updated_at` timestamp NULL DEFAULT NULL,
  `urls` longtext CHARACTER SET utf8mb4 COLLATE utf8mb4_bin DEFAULT NULL,
  `is_custom_ticket` tinyint(1) NOT NULL DEFAULT 0,
  PRIMARY KEY (`id`)
) ENGINE=InnoDB AUTO_INCREMENT=2 DEFAULT CHARSET=utf8mb4 COLLATE=utf8mb4_unicode_ci;

--
-- Dumping data for table `format_templates`
--

INSERT INTO `format_templates` VALUES
(1,'enter','2025-12-27 11:51:10','2025-12-27 11:51:10',NULL,0);
COMMIT;

--
-- Dumping data for table `full_suscription_server_data`
--

COMMIT;

--
-- Table structure for table `full_suscription_user_data`
--

CREATE TABLE `full_suscription_user_data` (
  `id` int(10) unsigned NOT NULL AUTO_INCREMENT,
  `person_id` int(10) unsigned DEFAULT 0,
  `discord_user` varchar(255) DEFAULT NULL,
  `slack_channel` varchar(255) DEFAULT NULL,
  `discord_channel` varchar(255) DEFAULT NULL,
  `gitlab_user` varchar(255) DEFAULT NULL,
  `created_at` timestamp NULL DEFAULT NULL,
  `updated_at` timestamp NULL DEFAULT NULL,
  PRIMARY KEY (`id`)
) ENGINE=InnoDB DEFAULT CHARSET=utf8mb4 COLLATE=utf8mb4_unicode_ci;

--
-- Dumping data for table `full_suscription_user_data`
--

COMMIT;

--
-- Table structure for table `general_payment_conditions`
--

CREATE TABLE `general_payment_conditions` (
  `id` varchar(255) NOT NULL,
  `name` varchar(255) NOT NULL,
  PRIMARY KEY (`id`)
) ENGINE=InnoDB DEFAULT CHARSET=utf8mb4 COLLATE=utf8mb4_unicode_ci;

--
-- Dumping data for table `general_payment_conditions`
--

INSERT INTO `general_payment_conditions` VALUES
('01','Contado'),
('02','Crédito'),
('03','Crédito con cuotas');
COMMIT;

--
-- Table structure for table `global_payments`
--

CREATE TABLE `global_payments` (
  `id` int(10) unsigned NOT NULL AUTO_INCREMENT,
  `soap_type_id` char(2) NOT NULL,
  `destination_id` int(11) DEFAULT NULL,
  `destination_type` varchar(255) NOT NULL,
  `payment_id` int(11) NOT NULL,
  `payment_type` varchar(255) NOT NULL,
  `user_id` int(10) unsigned DEFAULT NULL,
  `created_at` timestamp NULL DEFAULT NULL,
  `updated_at` timestamp NULL DEFAULT NULL,
  PRIMARY KEY (`id`),
  KEY `destination_index` (`destination_id`,`destination_type`),
  KEY `payment_index` (`payment_id`,`payment_type`),
  KEY `global_payments_soap_type_id_foreign` (`soap_type_id`),
  KEY `global_payments_user_id_foreign` (`user_id`),
  CONSTRAINT `global_payments_soap_type_id_foreign` FOREIGN KEY (`soap_type_id`) REFERENCES `soap_types` (`id`),
  CONSTRAINT `global_payments_user_id_foreign` FOREIGN KEY (`user_id`) REFERENCES `users` (`id`)
) ENGINE=InnoDB AUTO_INCREMENT=58 DEFAULT CHARSET=utf8mb4 COLLATE=utf8mb4_unicode_ci;

--
-- Dumping data for table `global_payments`
--

INSERT INTO `global_payments` VALUES
(1,'01',1,'App\\Models\\Tenant\\Cash',1,'Modules\\Pos\\Models\\CashTransaction',1,'2025-12-27 11:53:15','2025-12-27 11:53:15'),
(2,'01',1,'App\\Models\\Tenant\\Cash',1,'App\\Models\\Tenant\\DocumentPayment',1,'2025-12-27 12:06:24','2025-12-27 12:06:24'),
(3,'01',1,'App\\Models\\Tenant\\Cash',2,'App\\Models\\Tenant\\DocumentPayment',1,'2026-04-01 09:11:37','2026-04-01 09:11:37'),
(4,'01',2,'App\\Models\\Tenant\\Cash',2,'Modules\\Pos\\Models\\CashTransaction',1,'2026-04-01 17:23:15','2026-04-01 17:23:15'),
(5,'01',3,'App\\Models\\Tenant\\Cash',3,'Modules\\Pos\\Models\\CashTransaction',1,'2026-04-01 17:30:55','2026-04-01 17:30:55'),
(6,'01',3,'App\\Models\\Tenant\\Cash',3,'App\\Models\\Tenant\\DocumentPayment',1,'2026-04-02 10:12:35','2026-04-02 10:12:35'),
(7,'01',3,'App\\Models\\Tenant\\Cash',4,'App\\Models\\Tenant\\DocumentPayment',1,'2026-04-02 10:17:41','2026-04-02 10:17:41'),
(8,'01',4,'App\\Models\\Tenant\\Cash',4,'Modules\\Pos\\Models\\CashTransaction',1,'2026-04-02 12:21:53','2026-04-02 12:21:53'),
(12,'01',4,'App\\Models\\Tenant\\Cash',8,'App\\Models\\Tenant\\DocumentPayment',1,'2026-04-02 12:23:47','2026-04-02 12:23:47'),
(13,'01',4,'App\\Models\\Tenant\\Cash',9,'App\\Models\\Tenant\\DocumentPayment',1,'2026-04-02 12:23:48','2026-04-02 12:23:48'),
(14,'01',4,'App\\Models\\Tenant\\Cash',10,'App\\Models\\Tenant\\DocumentPayment',1,'2026-04-02 12:23:49','2026-04-02 12:23:49'),
(15,'01',5,'App\\Models\\Tenant\\Cash',5,'Modules\\Pos\\Models\\CashTransaction',1,'2026-04-02 12:25:04','2026-04-02 12:25:04'),
(16,'01',5,'App\\Models\\Tenant\\Cash',11,'App\\Models\\Tenant\\DocumentPayment',1,'2026-04-02 12:25:06','2026-04-02 12:25:06'),
(17,'01',5,'App\\Models\\Tenant\\Cash',12,'App\\Models\\Tenant\\DocumentPayment',1,'2026-04-02 12:25:13','2026-04-02 12:25:13'),
(18,'01',5,'App\\Models\\Tenant\\Cash',13,'App\\Models\\Tenant\\DocumentPayment',1,'2026-04-02 12:25:15','2026-04-02 12:25:15'),
(19,'01',6,'App\\Models\\Tenant\\Cash',6,'Modules\\Pos\\Models\\CashTransaction',1,'2026-04-02 12:26:16','2026-04-02 12:26:16'),
(20,'01',6,'App\\Models\\Tenant\\Cash',14,'App\\Models\\Tenant\\DocumentPayment',1,'2026-04-02 12:26:16','2026-04-02 12:26:16'),
(21,'01',6,'App\\Models\\Tenant\\Cash',15,'App\\Models\\Tenant\\DocumentPayment',1,'2026-04-02 12:26:17','2026-04-02 12:26:17'),
(22,'01',7,'App\\Models\\Tenant\\Cash',7,'Modules\\Pos\\Models\\CashTransaction',1,'2026-04-02 12:26:47','2026-04-02 12:26:47'),
(23,'01',7,'App\\Models\\Tenant\\Cash',16,'App\\Models\\Tenant\\DocumentPayment',1,'2026-04-02 12:26:48','2026-04-02 12:26:48'),
(24,'01',8,'App\\Models\\Tenant\\Cash',8,'Modules\\Pos\\Models\\CashTransaction',1,'2026-04-12 22:57:12','2026-04-12 22:57:12'),
(25,'01',9,'App\\Models\\Tenant\\Cash',9,'Modules\\Pos\\Models\\CashTransaction',1,'2026-04-12 23:01:26','2026-04-12 23:01:26'),
(26,'01',10,'App\\Models\\Tenant\\Cash',10,'Modules\\Pos\\Models\\CashTransaction',1,'2026-04-12 23:33:42','2026-04-12 23:33:42'),
(27,'01',11,'App\\Models\\Tenant\\Cash',11,'Modules\\Pos\\Models\\CashTransaction',1,'2026-04-13 09:00:55','2026-04-13 09:00:55'),
(28,'01',12,'App\\Models\\Tenant\\Cash',12,'Modules\\Pos\\Models\\CashTransaction',1,'2026-04-13 17:43:59','2026-04-13 17:43:59'),
(29,'01',12,'App\\Models\\Tenant\\Cash',13,'Modules\\Pos\\Models\\CashTransaction',1,'2026-04-13 17:49:52','2026-04-13 17:49:52'),
(30,'01',12,'App\\Models\\Tenant\\Cash',9,'App\\Models\\Tenant\\SaleNotePayment',1,'2026-04-14 08:34:31','2026-04-14 08:34:31'),
(31,'01',12,'App\\Models\\Tenant\\Cash',10,'App\\Models\\Tenant\\SaleNotePayment',1,'2026-04-14 09:51:21','2026-04-14 09:51:21'),
(32,'01',12,'App\\Models\\Tenant\\Cash',11,'App\\Models\\Tenant\\SaleNotePayment',1,'2026-04-14 09:52:51','2026-04-14 09:52:51'),
(33,'01',14,'App\\Models\\Tenant\\Cash',14,'Modules\\Pos\\Models\\CashTransaction',1,'2026-04-14 13:12:08','2026-04-14 13:12:08'),
(34,'01',15,'App\\Models\\Tenant\\Cash',15,'Modules\\Pos\\Models\\CashTransaction',1,'2026-04-14 19:18:15','2026-04-14 19:18:15'),
(35,'01',15,'App\\Models\\Tenant\\Cash',1,'App\\Models\\Tenant\\PurchasePayment',1,'2026-04-15 02:57:24','2026-04-15 02:57:24'),
(36,'01',15,'App\\Models\\Tenant\\Cash',2,'App\\Models\\Tenant\\PurchasePayment',1,'2026-04-15 03:27:23','2026-04-15 03:27:23'),
(37,'01',15,'App\\Models\\Tenant\\Cash',3,'App\\Models\\Tenant\\PurchasePayment',1,'2026-04-15 03:27:41','2026-04-15 03:27:41'),
(38,'01',15,'App\\Models\\Tenant\\Cash',16,'Modules\\Pos\\Models\\CashTransaction',1,'2026-04-15 03:46:20','2026-04-15 03:46:20'),
(39,'01',16,'App\\Models\\Tenant\\Cash',48,'App\\Models\\Tenant\\DocumentPayment',1,'2026-05-11 17:46:03','2026-05-11 17:46:03'),
(40,'01',16,'App\\Models\\Tenant\\Cash',49,'App\\Models\\Tenant\\DocumentPayment',1,'2026-05-19 19:11:09','2026-05-19 19:11:09'),
(41,'01',16,'App\\Models\\Tenant\\Cash',50,'App\\Models\\Tenant\\DocumentPayment',1,'2026-05-19 19:11:25','2026-05-19 19:11:25'),
(42,'01',16,'App\\Models\\Tenant\\Cash',4,'App\\Models\\Tenant\\PurchasePayment',1,'2026-05-19 19:29:15','2026-05-19 19:29:15'),
(43,'01',16,'App\\Models\\Tenant\\Cash',51,'App\\Models\\Tenant\\DocumentPayment',1,'2026-06-04 19:31:28','2026-06-04 19:31:28'),
(44,'01',16,'App\\Models\\Tenant\\Cash',52,'App\\Models\\Tenant\\DocumentPayment',1,'2026-06-12 14:34:15','2026-06-12 14:34:15'),
(45,'01',16,'App\\Models\\Tenant\\Cash',53,'App\\Models\\Tenant\\DocumentPayment',1,'2026-06-12 16:24:54','2026-06-12 16:24:54'),
(46,'01',16,'App\\Models\\Tenant\\Cash',54,'App\\Models\\Tenant\\DocumentPayment',1,'2026-06-15 05:06:44','2026-06-15 05:06:44'),
(48,'01',16,'App\\Models\\Tenant\\Cash',55,'App\\Models\\Tenant\\DocumentPayment',1,'2026-06-19 04:31:33','2026-06-19 04:31:33'),
(50,'01',16,'App\\Models\\Tenant\\Cash',56,'App\\Models\\Tenant\\DocumentPayment',1,'2026-06-20 22:08:49','2026-06-20 22:08:49'),
(51,'01',16,'App\\Models\\Tenant\\Cash',57,'App\\Models\\Tenant\\DocumentPayment',1,'2026-06-20 22:47:20','2026-06-20 22:47:20'),
(52,'01',16,'App\\Models\\Tenant\\Cash',14,'App\\Models\\Tenant\\SaleNotePayment',1,'2026-06-20 23:39:40','2026-06-20 23:39:40'),
(53,'01',16,'App\\Models\\Tenant\\Cash',58,'App\\Models\\Tenant\\DocumentPayment',1,'2026-06-25 12:28:20','2026-06-25 12:28:20'),
(54,'01',16,'App\\Models\\Tenant\\Cash',59,'App\\Models\\Tenant\\DocumentPayment',1,'2026-06-25 12:35:10','2026-06-25 12:35:10'),
(55,'01',16,'App\\Models\\Tenant\\Cash',60,'App\\Models\\Tenant\\DocumentPayment',1,'2026-06-30 16:39:15','2026-06-30 16:39:15'),
(56,'01',16,'App\\Models\\Tenant\\Cash',61,'App\\Models\\Tenant\\DocumentPayment',1,'2026-06-30 16:40:36','2026-06-30 16:40:36'),
(57,'01',16,'App\\Models\\Tenant\\Cash',62,'App\\Models\\Tenant\\DocumentPayment',1,'2026-06-30 16:40:58','2026-06-30 16:40:58');
COMMIT;

--
-- Table structure for table `groups`
--

CREATE TABLE `groups` (
  `id` char(2) NOT NULL,
  `description` varchar(255) NOT NULL,
  KEY `groups_id_index` (`id`)
) ENGINE=InnoDB DEFAULT CHARSET=utf8mb4 COLLATE=utf8mb4_unicode_ci;

--
-- Dumping data for table `groups`
--

INSERT INTO `groups` VALUES
('01','Facturas'),
('02','Boletas');
COMMIT;

--
-- Table structure for table `guide_files`
--

CREATE TABLE `guide_files` (
  `id` int(10) unsigned NOT NULL AUTO_INCREMENT,
  `filename` text DEFAULT NULL COMMENT 'Nombre de archivo',
  `purchase_id` int(10) unsigned DEFAULT 0 COMMENT 'Relacion con purchases',
  `document_id` int(10) unsigned DEFAULT 0 COMMENT 'Relacion con documents',
  `order_note_id` int(10) unsigned DEFAULT 0 COMMENT 'Relacion con order_notes',
  `quotation_id` int(10) unsigned DEFAULT 0 COMMENT 'Relacion con quotations',
  `sale_note_id` int(10) unsigned DEFAULT 0 COMMENT 'Relacion con sale_notes',
  `created_at` timestamp NULL DEFAULT NULL,
  `updated_at` timestamp NULL DEFAULT NULL,
  PRIMARY KEY (`id`)
) ENGINE=InnoDB DEFAULT CHARSET=utf8mb4 COLLATE=utf8mb4_unicode_ci;

--
-- Dumping data for table `guide_files`
--

COMMIT;

--
-- Table structure for table `guide_items`
--

CREATE TABLE `guide_items` (
  `id` int(10) unsigned NOT NULL AUTO_INCREMENT,
  `guide_id` int(10) unsigned NOT NULL,
  `item_id` int(10) unsigned NOT NULL,
  `item_name` varchar(255) NOT NULL,
  `quantity` decimal(20,8) NOT NULL,
  `unit_cost` decimal(20,8) NOT NULL,
  `total` decimal(12,2) NOT NULL,
  PRIMARY KEY (`id`),
  KEY `guide_items_guide_id_foreign` (`guide_id`),
  KEY `guide_items_item_id_foreign` (`item_id`),
  CONSTRAINT `guide_items_guide_id_foreign` FOREIGN KEY (`guide_id`) REFERENCES `guides` (`id`) ON DELETE CASCADE,
  CONSTRAINT `guide_items_item_id_foreign` FOREIGN KEY (`item_id`) REFERENCES `items` (`id`)
) ENGINE=InnoDB AUTO_INCREMENT=4 DEFAULT CHARSET=utf8mb4 COLLATE=utf8mb4_unicode_ci;

--
-- Dumping data for table `guide_items`
--

INSERT INTO `guide_items` VALUES
(1,1,1,'PRODUCTO DE PRUEBA',2.00000000,0.00000000,0.00),
(2,2,2,'gff',5.00000000,0.00000000,0.00),
(3,3,18,'QA E2E Lot Item 55063773',50.00000000,0.00000000,0.00);
COMMIT;

--
-- Table structure for table `guides`
--

CREATE TABLE `guides` (
  `id` int(10) unsigned NOT NULL AUTO_INCREMENT,
  `external_id` char(36) NOT NULL,
  `user_id` int(10) unsigned NOT NULL,
  `warehouse_id` int(10) unsigned NOT NULL,
  `soap_type_id` char(2) NOT NULL,
  `document_type_id` char(2) NOT NULL,
  `series` varchar(255) NOT NULL,
  `number` int(11) NOT NULL,
  `date_of_issue` date NOT NULL,
  `time_of_issue` time NOT NULL,
  `inventory_transaction_id` char(255) NOT NULL,
  `guideable_id` int(10) unsigned DEFAULT NULL,
  `guideable_type` varchar(255) DEFAULT NULL,
  `observations` longtext DEFAULT NULL,
  `filename` varchar(255) DEFAULT NULL,
  `created_at` timestamp NULL DEFAULT NULL,
  `updated_at` timestamp NULL DEFAULT NULL,
  PRIMARY KEY (`id`),
  UNIQUE KEY `guides_series_number_unique` (`soap_type_id`,`document_type_id`,`series`,`number`),
  KEY `guides_user_id_foreign` (`user_id`),
  KEY `guides_warehouse_id_foreign` (`warehouse_id`),
  KEY `guides_document_type_id_foreign` (`document_type_id`),
  KEY `guides_inventory_transaction_id_foreign` (`inventory_transaction_id`),
  CONSTRAINT `guides_document_type_id_foreign` FOREIGN KEY (`document_type_id`) REFERENCES `cat_document_types` (`id`),
  CONSTRAINT `guides_inventory_transaction_id_foreign` FOREIGN KEY (`inventory_transaction_id`) REFERENCES `inventory_transactions` (`id`),
  CONSTRAINT `guides_soap_type_id_foreign` FOREIGN KEY (`soap_type_id`) REFERENCES `soap_types` (`id`),
  CONSTRAINT `guides_user_id_foreign` FOREIGN KEY (`user_id`) REFERENCES `users` (`id`),
  CONSTRAINT `guides_warehouse_id_foreign` FOREIGN KEY (`warehouse_id`) REFERENCES `warehouses` (`id`)
) ENGINE=InnoDB AUTO_INCREMENT=4 DEFAULT CHARSET=utf8mb4 COLLATE=utf8mb4_unicode_ci;

--
-- Dumping data for table `guides`
--

INSERT INTO `guides` VALUES
(1,'293f56d5-8de4-4042-8eb4-e906bdce568d',1,1,'01','U3','NSA1',1,'2026-05-19','19:25:39','12',NULL,NULL,'JJ','00000000000-U3-NSA1-1','2026-05-19 19:25:39','2026-05-19 19:25:39'),
(2,'d02d1e33-63c6-43e2-a58c-52a93b58acef',1,1,'01','U2','NIA1',1,'2026-06-13','10:02:11','02',NULL,NULL,NULL,'00000000000-U2-NIA1-1','2026-06-13 10:02:11','2026-06-13 10:02:11'),
(3,'594366e2-dfc9-4905-8500-d53a6edbc5df',1,1,'01','U2','NIA1',2,'2026-06-30','13:11:12','02',NULL,NULL,NULL,'00000000000-U2-NIA1-2','2026-06-30 13:11:12','2026-06-30 13:11:12');
COMMIT;

--
-- Table structure for table `hotel_categories`
--

CREATE TABLE `hotel_categories` (
  `id` int(10) unsigned NOT NULL AUTO_INCREMENT,
  `description` varchar(50) NOT NULL,
  `image` varchar(150) DEFAULT NULL,
  `active` tinyint(1) NOT NULL DEFAULT 1,
  `created_at` timestamp NULL DEFAULT NULL,
  `updated_at` timestamp NULL DEFAULT NULL,
  PRIMARY KEY (`id`)
) ENGINE=InnoDB DEFAULT CHARSET=utf8mb4 COLLATE=utf8mb4_unicode_ci;

--
-- Dumping data for table `hotel_categories`
--

COMMIT;

--
-- Table structure for table `hotel_floors`
--

CREATE TABLE `hotel_floors` (
  `id` int(10) unsigned NOT NULL AUTO_INCREMENT,
  `description` varchar(25) NOT NULL,
  `active` tinyint(1) NOT NULL DEFAULT 1,
  `created_at` timestamp NULL DEFAULT NULL,
  `updated_at` timestamp NULL DEFAULT NULL,
  PRIMARY KEY (`id`)
) ENGINE=InnoDB DEFAULT CHARSET=utf8mb4 COLLATE=utf8mb4_unicode_ci;

--
-- Dumping data for table `hotel_floors`
--

COMMIT;

--
-- Table structure for table `hotel_rates`
--

CREATE TABLE `hotel_rates` (
  `id` int(10) unsigned NOT NULL AUTO_INCREMENT,
  `description` varchar(50) NOT NULL,
  `active` tinyint(1) NOT NULL DEFAULT 1,
  `created_at` timestamp NULL DEFAULT NULL,
  `updated_at` timestamp NULL DEFAULT NULL,
  PRIMARY KEY (`id`)
) ENGINE=InnoDB DEFAULT CHARSET=utf8mb4 COLLATE=utf8mb4_unicode_ci;

--
-- Dumping data for table `hotel_rates`
--

COMMIT;

--
-- Table structure for table `hotel_rent_item_payments`
--

CREATE TABLE `hotel_rent_item_payments` (
  `id` int(10) unsigned NOT NULL AUTO_INCREMENT,
  `hotel_rent_item_id` int(10) unsigned NOT NULL,
  `date_of_payment` date NOT NULL,
  `payment_method_type_id` char(2) NOT NULL,
  `reference` varchar(255) DEFAULT NULL,
  `change` decimal(12,2) DEFAULT NULL,
  `payment` decimal(12,2) NOT NULL,
  PRIMARY KEY (`id`),
  KEY `hotel_rent_item_payments_hotel_rent_item_id_foreign` (`hotel_rent_item_id`),
  KEY `hotel_rent_item_payments_payment_method_type_id_foreign` (`payment_method_type_id`),
  KEY `hotel_rent_item_payments_date_of_payment_index` (`date_of_payment`),
  CONSTRAINT `hotel_rent_item_payments_hotel_rent_item_id_foreign` FOREIGN KEY (`hotel_rent_item_id`) REFERENCES `hotel_rent_items` (`id`) ON DELETE CASCADE,
  CONSTRAINT `hotel_rent_item_payments_payment_method_type_id_foreign` FOREIGN KEY (`payment_method_type_id`) REFERENCES `payment_method_types` (`id`)
) ENGINE=InnoDB DEFAULT CHARSET=utf8mb4 COLLATE=utf8mb4_unicode_ci;

--
-- Dumping data for table `hotel_rent_item_payments`
--

COMMIT;

--
-- Table structure for table `hotel_rent_items`
--

CREATE TABLE `hotel_rent_items` (
  `id` int(10) unsigned NOT NULL AUTO_INCREMENT,
  `type` varchar(3) NOT NULL,
  `hotel_rent_id` int(10) unsigned NOT NULL,
  `item_id` int(10) unsigned NOT NULL,
  `item` text DEFAULT NULL,
  `payment_status` varchar(255) NOT NULL,
  `created_at` timestamp NULL DEFAULT NULL,
  `updated_at` timestamp NULL DEFAULT NULL,
  PRIMARY KEY (`id`),
  KEY `hotel_rent_items_hotel_rent_id_foreign` (`hotel_rent_id`),
  KEY `hotel_rent_items_item_id_foreign` (`item_id`),
  CONSTRAINT `hotel_rent_items_hotel_rent_id_foreign` FOREIGN KEY (`hotel_rent_id`) REFERENCES `hotel_rents` (`id`) ON DELETE CASCADE,
  CONSTRAINT `hotel_rent_items_item_id_foreign` FOREIGN KEY (`item_id`) REFERENCES `items` (`id`) ON DELETE CASCADE
) ENGINE=InnoDB DEFAULT CHARSET=utf8mb4 COLLATE=utf8mb4_unicode_ci;

--
-- Dumping data for table `hotel_rent_items`
--

COMMIT;

--
-- Table structure for table `hotel_rents`
--

CREATE TABLE `hotel_rents` (
  `id` int(10) unsigned NOT NULL AUTO_INCREMENT,
  `customer_id` int(10) unsigned NOT NULL,
  `customer` text NOT NULL,
  `notes` varchar(250) DEFAULT NULL,
  `towels` int(11) NOT NULL DEFAULT 1,
  `hotel_room_id` int(10) unsigned NOT NULL,
  `hotel_rate_id` int(10) unsigned DEFAULT NULL,
  `duration` int(11) NOT NULL DEFAULT 1,
  `quantity_persons` int(11) NOT NULL DEFAULT 1,
  `input_date` date DEFAULT NULL,
  `input_time` varchar(8) DEFAULT NULL,
  `payment_status` varchar(10) NOT NULL,
  `output_date` date NOT NULL,
  `output_time` varchar(8) NOT NULL,
  `arrears` int(11) NOT NULL DEFAULT 0,
  `status` varchar(10) NOT NULL DEFAULT 'INICIADO',
  `created_at` timestamp NULL DEFAULT NULL,
  `updated_at` timestamp NULL DEFAULT NULL,
  PRIMARY KEY (`id`),
  KEY `hotel_rents_hotel_rate_id_foreign` (`hotel_rate_id`),
  CONSTRAINT `hotel_rents_hotel_rate_id_foreign` FOREIGN KEY (`hotel_rate_id`) REFERENCES `hotel_rates` (`id`)
) ENGINE=InnoDB DEFAULT CHARSET=utf8mb4 COLLATE=utf8mb4_unicode_ci;

--
-- Dumping data for table `hotel_rents`
--

COMMIT;

--
-- Table structure for table `hotel_room_rates`
--

CREATE TABLE `hotel_room_rates` (
  `id` int(10) unsigned NOT NULL AUTO_INCREMENT,
  `hotel_room_id` int(10) unsigned NOT NULL,
  `hotel_rate_id` int(10) unsigned NOT NULL,
  `price` double NOT NULL DEFAULT 0,
  `created_at` timestamp NULL DEFAULT NULL,
  `updated_at` timestamp NULL DEFAULT NULL,
  PRIMARY KEY (`id`),
  KEY `hotel_room_rates_hotel_room_id_foreign` (`hotel_room_id`),
  KEY `hotel_room_rates_hotel_rate_id_foreign` (`hotel_rate_id`),
  CONSTRAINT `hotel_room_rates_hotel_rate_id_foreign` FOREIGN KEY (`hotel_rate_id`) REFERENCES `hotel_rates` (`id`) ON DELETE CASCADE,
  CONSTRAINT `hotel_room_rates_hotel_room_id_foreign` FOREIGN KEY (`hotel_room_id`) REFERENCES `hotel_rooms` (`id`) ON DELETE CASCADE
) ENGINE=InnoDB DEFAULT CHARSET=utf8mb4 COLLATE=utf8mb4_unicode_ci;

--
-- Dumping data for table `hotel_room_rates`
--

COMMIT;

--
-- Table structure for table `hotel_rooms`
--

CREATE TABLE `hotel_rooms` (
  `id` int(10) unsigned NOT NULL AUTO_INCREMENT,
  `item_id` int(10) unsigned DEFAULT NULL,
  `hotel_category_id` int(10) unsigned NOT NULL,
  `hotel_floor_id` int(10) unsigned NOT NULL,
  `name` varchar(25) NOT NULL,
  `description` varchar(250) DEFAULT NULL,
  `status` varchar(255) NOT NULL DEFAULT 'DISPONIBLE',
  `active` tinyint(1) NOT NULL DEFAULT 1,
  `created_at` timestamp NULL DEFAULT NULL,
  `updated_at` timestamp NULL DEFAULT NULL,
  PRIMARY KEY (`id`),
  KEY `hotel_rooms_hotel_category_id_foreign` (`hotel_category_id`),
  KEY `hotel_rooms_hotel_floor_id_foreign` (`hotel_floor_id`),
  KEY `hotel_rooms_item_id_foreign` (`item_id`),
  CONSTRAINT `hotel_rooms_hotel_category_id_foreign` FOREIGN KEY (`hotel_category_id`) REFERENCES `hotel_categories` (`id`) ON DELETE CASCADE,
  CONSTRAINT `hotel_rooms_hotel_floor_id_foreign` FOREIGN KEY (`hotel_floor_id`) REFERENCES `hotel_floors` (`id`) ON DELETE CASCADE,
  CONSTRAINT `hotel_rooms_item_id_foreign` FOREIGN KEY (`item_id`) REFERENCES `items` (`id`) ON DELETE CASCADE
) ENGINE=InnoDB DEFAULT CHARSET=utf8mb4 COLLATE=utf8mb4_unicode_ci;

--
-- Dumping data for table `hotel_rooms`
--

COMMIT;

--
-- Table structure for table `income`
--

CREATE TABLE `income` (
  `id` int(10) unsigned NOT NULL AUTO_INCREMENT,
  `user_id` int(10) unsigned NOT NULL,
  `income_type_id` int(10) unsigned NOT NULL,
  `income_reason_id` int(10) unsigned NOT NULL,
  `soap_type_id` char(2) NOT NULL,
  `state_type_id` char(2) NOT NULL,
  `establishment_id` int(10) unsigned NOT NULL,
  `customer` varchar(255) NOT NULL,
  `currency_type_id` varchar(255) NOT NULL,
  `external_id` char(36) NOT NULL,
  `number` int(11) NOT NULL,
  `date_of_issue` date NOT NULL,
  `time_of_issue` time NOT NULL,
  `exchange_rate_sale` decimal(13,3) NOT NULL,
  `total` decimal(12,2) NOT NULL,
  `filename` varchar(255) DEFAULT NULL,
  `created_at` timestamp NULL DEFAULT NULL,
  `updated_at` timestamp NULL DEFAULT NULL,
  PRIMARY KEY (`id`),
  UNIQUE KEY `income_filename_unique` (`filename`),
  KEY `income_user_id_foreign` (`user_id`),
  KEY `income_establishment_id_foreign` (`establishment_id`),
  KEY `income_income_type_id_foreign` (`income_type_id`),
  KEY `income_income_reason_id_foreign` (`income_reason_id`),
  KEY `income_state_type_id_foreign` (`state_type_id`),
  KEY `income_soap_type_id_foreign` (`soap_type_id`),
  KEY `income_currency_type_id_foreign` (`currency_type_id`),
  KEY `income_number_index` (`number`),
  KEY `income_date_of_issue_index` (`date_of_issue`),
  KEY `income_external_id_index` (`external_id`),
  CONSTRAINT `income_currency_type_id_foreign` FOREIGN KEY (`currency_type_id`) REFERENCES `cat_currency_types` (`id`),
  CONSTRAINT `income_establishment_id_foreign` FOREIGN KEY (`establishment_id`) REFERENCES `establishments` (`id`),
  CONSTRAINT `income_income_reason_id_foreign` FOREIGN KEY (`income_reason_id`) REFERENCES `income_reasons` (`id`),
  CONSTRAINT `income_income_type_id_foreign` FOREIGN KEY (`income_type_id`) REFERENCES `income_types` (`id`),
  CONSTRAINT `income_soap_type_id_foreign` FOREIGN KEY (`soap_type_id`) REFERENCES `soap_types` (`id`),
  CONSTRAINT `income_state_type_id_foreign` FOREIGN KEY (`state_type_id`) REFERENCES `state_types` (`id`),
  CONSTRAINT `income_user_id_foreign` FOREIGN KEY (`user_id`) REFERENCES `users` (`id`)
) ENGINE=InnoDB DEFAULT CHARSET=utf8mb4 COLLATE=utf8mb4_unicode_ci;

--
-- Dumping data for table `income`
--

COMMIT;

--
-- Table structure for table `income_items`
--

CREATE TABLE `income_items` (
  `id` int(10) unsigned NOT NULL AUTO_INCREMENT,
  `income_id` int(10) unsigned NOT NULL,
  `description` varchar(255) NOT NULL,
  `total` decimal(12,2) NOT NULL,
  PRIMARY KEY (`id`),
  KEY `income_items_income_id_foreign` (`income_id`),
  CONSTRAINT `income_items_income_id_foreign` FOREIGN KEY (`income_id`) REFERENCES `income` (`id`) ON DELETE CASCADE
) ENGINE=InnoDB DEFAULT CHARSET=utf8mb4 COLLATE=utf8mb4_unicode_ci;

--
-- Dumping data for table `income_items`
--

COMMIT;

--
-- Table structure for table `income_payments`
--

CREATE TABLE `income_payments` (
  `id` int(10) unsigned NOT NULL AUTO_INCREMENT,
  `income_id` int(10) unsigned NOT NULL,
  `date_of_payment` date NOT NULL,
  `payment_method_type_id` char(2) NOT NULL,
  `has_card` tinyint(1) NOT NULL DEFAULT 0,
  `card_brand_id` char(2) DEFAULT NULL,
  `reference` varchar(255) DEFAULT NULL,
  `change` decimal(12,2) DEFAULT NULL,
  `payment` decimal(12,2) NOT NULL,
  PRIMARY KEY (`id`),
  KEY `income_payments_income_id_foreign` (`income_id`),
  KEY `income_payments_card_brand_id_foreign` (`card_brand_id`),
  KEY `income_payments_payment_method_type_id_foreign` (`payment_method_type_id`),
  CONSTRAINT `income_payments_card_brand_id_foreign` FOREIGN KEY (`card_brand_id`) REFERENCES `card_brands` (`id`),
  CONSTRAINT `income_payments_income_id_foreign` FOREIGN KEY (`income_id`) REFERENCES `income` (`id`) ON DELETE CASCADE,
  CONSTRAINT `income_payments_payment_method_type_id_foreign` FOREIGN KEY (`payment_method_type_id`) REFERENCES `payment_method_types` (`id`)
) ENGINE=InnoDB DEFAULT CHARSET=utf8mb4 COLLATE=utf8mb4_unicode_ci;

--
-- Dumping data for table `income_payments`
--

COMMIT;

--
-- Table structure for table `income_reasons`
--

CREATE TABLE `income_reasons` (
  `id` int(10) unsigned NOT NULL AUTO_INCREMENT,
  `description` varchar(255) NOT NULL,
  PRIMARY KEY (`id`)
) ENGINE=InnoDB AUTO_INCREMENT=2 DEFAULT CHARSET=utf8mb4 COLLATE=utf8mb4_unicode_ci;

--
-- Dumping data for table `income_reasons`
--

INSERT INTO `income_reasons` VALUES
(1,'Varios');
COMMIT;

--
-- Table structure for table `income_types`
--

CREATE TABLE `income_types` (
  `id` int(10) unsigned NOT NULL AUTO_INCREMENT,
  `description` varchar(255) NOT NULL,
  `created_at` timestamp NULL DEFAULT NULL,
  `updated_at` timestamp NULL DEFAULT NULL,
  PRIMARY KEY (`id`)
) ENGINE=InnoDB AUTO_INCREMENT=4 DEFAULT CHARSET=utf8mb4 COLLATE=utf8mb4_unicode_ci;

--
-- Dumping data for table `income_types`
--

INSERT INTO `income_types` VALUES
(1,'INGRESOS FINANCIEROS','2025-12-27 11:51:05','2025-12-27 11:51:05'),
(2,'PRESTAMOS','2025-12-27 11:51:05','2025-12-27 11:51:05'),
(3,'OTROS','2025-12-27 11:51:05','2025-12-27 11:51:05');
COMMIT;

--
-- Table structure for table `inventories`
--

CREATE TABLE `inventories` (
  `id` int(10) unsigned NOT NULL AUTO_INCREMENT,
  `type` enum('1','2','3') DEFAULT NULL,
  `description` varchar(255) NOT NULL,
  `detail` varchar(255) DEFAULT NULL,
  `item_id` int(10) unsigned NOT NULL,
  `presentation_unit_type_id` int(10) unsigned DEFAULT NULL,
  `warehouse_id` int(10) unsigned NOT NULL,
  `warehouse_destination_id` int(10) unsigned DEFAULT NULL,
  `user_id` int(10) unsigned DEFAULT NULL,
  `inventory_transaction_id` varchar(255) DEFAULT NULL,
  `quantity` decimal(12,4) NOT NULL,
  `lot_code` varchar(255) DEFAULT NULL,
  `inventories_transfer_id` int(10) unsigned DEFAULT NULL,
  `comments` varchar(255) DEFAULT NULL,
  `date_of_issue` date DEFAULT NULL,
  `guide_id` int(10) unsigned DEFAULT NULL,
  `devolution_id` int(10) unsigned DEFAULT NULL,
  `system_stock` decimal(12,4) DEFAULT NULL,
  `real_stock` decimal(12,4) DEFAULT NULL,
  `created_at` timestamp NULL DEFAULT NULL,
  `updated_at` timestamp NULL DEFAULT NULL,
  PRIMARY KEY (`id`),
  KEY `inventories_item_id_foreign` (`item_id`),
  KEY `inventories_warehouse_id_foreign` (`warehouse_id`),
  KEY `inventories_inventory_transaction_id_foreign` (`inventory_transaction_id`),
  KEY `inventories_inventories_transfer_id_foreign` (`inventories_transfer_id`),
  KEY `inv_presentation_idx` (`presentation_unit_type_id`),
  KEY `inventories_user_id_foreign` (`user_id`),
  CONSTRAINT `inventories_inventories_transfer_id_foreign` FOREIGN KEY (`inventories_transfer_id`) REFERENCES `inventories_transfer` (`id`),
  CONSTRAINT `inventories_inventory_transaction_id_foreign` FOREIGN KEY (`inventory_transaction_id`) REFERENCES `inventory_transactions` (`id`),
  CONSTRAINT `inventories_item_id_foreign` FOREIGN KEY (`item_id`) REFERENCES `items` (`id`) ON DELETE CASCADE,
  CONSTRAINT `inventories_user_id_foreign` FOREIGN KEY (`user_id`) REFERENCES `users` (`id`) ON DELETE SET NULL,
  CONSTRAINT `inventories_warehouse_id_foreign` FOREIGN KEY (`warehouse_id`) REFERENCES `warehouses` (`id`) ON DELETE CASCADE
) ENGINE=InnoDB AUTO_INCREMENT=43 DEFAULT CHARSET=utf8mb4 COLLATE=utf8mb4_unicode_ci;

--
-- Dumping data for table `inventories`
--

INSERT INTO `inventories` VALUES
(1,'1','Stock inicial',NULL,1,NULL,1,NULL,1,NULL,0.0000,NULL,NULL,NULL,NULL,NULL,NULL,NULL,NULL,'2025-12-27 11:52:59','2025-12-27 11:52:59'),
(2,'1','Stock inicial',NULL,2,NULL,1,NULL,1,NULL,0.0000,NULL,NULL,NULL,NULL,NULL,NULL,NULL,NULL,'2026-04-10 23:47:32','2026-04-10 23:47:32'),
(3,'1','Stock inicial',NULL,3,NULL,1,NULL,1,NULL,0.0000,NULL,NULL,NULL,NULL,NULL,NULL,NULL,NULL,'2026-04-10 23:47:46','2026-04-10 23:47:46'),
(4,'1','Stock inicial',NULL,4,NULL,1,NULL,1,NULL,8.0000,NULL,NULL,NULL,NULL,NULL,NULL,NULL,NULL,'2026-04-10 23:48:33','2026-04-10 23:48:33'),
(5,'1','Stock inicial',NULL,5,NULL,1,NULL,1,NULL,0.0000,NULL,NULL,NULL,NULL,NULL,NULL,NULL,NULL,'2026-04-10 23:48:47','2026-04-10 23:48:47'),
(6,'1','Stock inicial',NULL,6,NULL,1,NULL,1,NULL,0.0000,NULL,NULL,NULL,NULL,NULL,NULL,NULL,NULL,'2026-04-10 23:49:01','2026-04-10 23:49:01'),
(7,'1','Stock inicial',NULL,7,NULL,1,NULL,1,NULL,0.0000,NULL,NULL,NULL,NULL,NULL,NULL,NULL,NULL,'2026-04-10 23:52:53','2026-04-10 23:52:53'),
(8,'1','Stock inicial',NULL,8,NULL,1,NULL,1,NULL,0.0000,NULL,NULL,NULL,NULL,NULL,NULL,NULL,NULL,'2026-04-10 23:53:54','2026-04-10 23:53:54'),
(9,'1','Stock inicial',NULL,9,NULL,1,NULL,1,NULL,0.0000,NULL,NULL,NULL,NULL,NULL,NULL,NULL,NULL,'2026-04-10 23:57:39','2026-04-10 23:57:39'),
(10,'1','Stock inicial',NULL,10,NULL,1,NULL,1,NULL,0.0000,NULL,NULL,NULL,NULL,NULL,NULL,NULL,NULL,'2026-04-11 00:13:16','2026-04-11 00:13:16'),
(11,'1','Stock inicial',NULL,11,NULL,1,NULL,1,NULL,0.0000,NULL,NULL,NULL,NULL,NULL,NULL,NULL,NULL,'2026-04-11 02:04:12','2026-04-11 02:04:12'),
(13,'1','Stock inicial',NULL,13,NULL,1,NULL,1,NULL,25.0000,NULL,NULL,NULL,NULL,NULL,NULL,NULL,NULL,'2026-04-12 22:56:26','2026-04-12 22:56:26'),
(14,'1','Stock inicial',NULL,14,NULL,1,NULL,1,NULL,25.0000,NULL,NULL,NULL,NULL,NULL,NULL,NULL,NULL,'2026-04-12 23:01:02','2026-04-12 23:01:02'),
(15,'1','Stock inicial',NULL,15,NULL,1,NULL,1,NULL,10.0000,NULL,NULL,NULL,NULL,NULL,NULL,NULL,NULL,'2026-04-12 23:01:44','2026-04-12 23:01:44'),
(16,'1','Stock inicial',NULL,16,NULL,1,NULL,1,NULL,100.0000,NULL,NULL,NULL,NULL,NULL,NULL,NULL,NULL,'2026-04-12 23:02:26','2026-04-12 23:02:26'),
(17,'1','Stock inicial',NULL,17,NULL,1,NULL,1,NULL,25.0000,NULL,NULL,NULL,NULL,NULL,NULL,NULL,NULL,'2026-04-12 23:39:05','2026-04-12 23:39:05'),
(18,'1','Stock inicial',NULL,18,NULL,1,NULL,1,NULL,10.0000,NULL,NULL,NULL,NULL,NULL,NULL,NULL,NULL,'2026-04-12 23:39:30','2026-04-12 23:39:30'),
(19,'1','Stock inicial',NULL,19,NULL,1,NULL,1,NULL,100.0000,NULL,NULL,NULL,NULL,NULL,NULL,NULL,NULL,'2026-04-12 23:43:24','2026-04-12 23:43:24'),
(20,'1','Stock inicial',NULL,20,NULL,1,NULL,1,NULL,25.0000,NULL,NULL,NULL,NULL,NULL,NULL,NULL,NULL,'2026-04-13 09:05:43','2026-04-13 09:05:43'),
(21,'1','Stock inicial',NULL,21,NULL,1,NULL,1,NULL,10.0000,NULL,NULL,NULL,NULL,NULL,NULL,NULL,NULL,'2026-04-13 09:06:06','2026-04-13 09:06:06'),
(22,'1','Stock inicial',NULL,22,NULL,1,NULL,1,NULL,100.0000,NULL,NULL,NULL,NULL,NULL,NULL,NULL,NULL,'2026-04-13 09:09:58','2026-04-13 09:09:58'),
(25,NULL,'Compra nacional',NULL,1,NULL,1,NULL,1,'02',2.0000,NULL,NULL,NULL,NULL,NULL,NULL,NULL,NULL,'2026-04-13 21:40:30','2026-04-13 21:40:30'),
(26,NULL,'Compra nacional',NULL,1,NULL,1,NULL,1,'02',5.0000,NULL,NULL,NULL,NULL,NULL,NULL,NULL,NULL,'2026-04-13 21:44:01','2026-04-13 21:44:01'),
(27,NULL,'Compra nacional',NULL,1,NULL,1,NULL,1,'02',5.0000,NULL,NULL,NULL,NULL,NULL,NULL,NULL,NULL,'2026-04-13 21:48:57','2026-04-13 21:48:57'),
(28,NULL,'Compra nacional',NULL,6,NULL,1,NULL,1,'02',25.0000,NULL,NULL,NULL,NULL,NULL,NULL,NULL,NULL,'2026-04-14 08:36:36','2026-04-14 08:36:36'),
(29,'1','Stock inicial',NULL,23,NULL,1,NULL,1,NULL,0.0000,NULL,NULL,NULL,NULL,NULL,NULL,NULL,NULL,'2026-05-09 23:19:54','2026-05-09 23:19:54'),
(30,'1','Stock inicial',NULL,24,NULL,1,NULL,1,NULL,0.0000,NULL,NULL,NULL,NULL,NULL,NULL,NULL,NULL,'2026-05-09 23:19:54','2026-05-09 23:19:54'),
(31,'1','Stock inicial',NULL,25,NULL,1,NULL,1,NULL,0.0000,NULL,NULL,NULL,NULL,NULL,NULL,NULL,NULL,'2026-05-09 23:19:54','2026-05-09 23:19:54'),
(32,'1','Stock inicial',NULL,26,NULL,1,NULL,1,NULL,0.0000,NULL,NULL,NULL,NULL,NULL,NULL,NULL,NULL,'2026-05-09 23:19:54','2026-05-09 23:19:54'),
(33,'1','Stock inicial',NULL,27,NULL,1,NULL,1,NULL,0.0000,NULL,NULL,NULL,NULL,NULL,NULL,NULL,NULL,'2026-05-09 23:19:54','2026-05-09 23:19:54'),
(34,'1','Stock inicial',NULL,28,NULL,1,NULL,1,NULL,0.0000,NULL,NULL,NULL,NULL,NULL,NULL,NULL,NULL,'2026-05-09 23:19:54','2026-05-09 23:19:54'),
(35,NULL,'Retiro',NULL,1,NULL,1,NULL,1,'12',2.0000,NULL,NULL,'JJ','2026-05-19',1,NULL,NULL,NULL,'2026-05-19 19:25:39','2026-05-19 19:25:39'),
(36,'1','Stock inicial',NULL,30,NULL,1,NULL,1,NULL,100.0000,NULL,NULL,NULL,NULL,NULL,NULL,NULL,NULL,'2026-05-20 15:57:14','2026-05-20 15:57:14'),
(37,'1','Stock inicial',NULL,31,NULL,1,NULL,1,NULL,0.0000,NULL,NULL,NULL,NULL,NULL,NULL,NULL,NULL,'2026-06-04 19:01:47','2026-06-04 19:01:47'),
(38,NULL,'Compra nacional',NULL,2,NULL,1,NULL,1,'02',5.0000,'l02',NULL,NULL,NULL,2,NULL,NULL,NULL,'2026-06-13 10:02:11','2026-06-13 10:02:11'),
(39,'1','Stock inicial',NULL,32,NULL,1,NULL,1,NULL,0.0000,NULL,NULL,NULL,NULL,NULL,NULL,NULL,NULL,'2026-06-16 21:16:39','2026-06-16 21:16:39'),
(40,'2','Traslado',NULL,1,NULL,1,2,1,NULL,5.0000,NULL,1,NULL,NULL,NULL,NULL,NULL,NULL,'2026-06-30 13:10:26','2026-06-30 13:10:26'),
(41,NULL,'Compra nacional',NULL,18,NULL,1,NULL,1,'02',50.0000,'LOT-55063773',NULL,NULL,NULL,3,NULL,NULL,NULL,'2026-06-30 13:11:12','2026-06-30 13:11:12'),
(42,'1','Stock inicial',NULL,33,NULL,1,NULL,1,NULL,20.0000,NULL,NULL,NULL,NULL,NULL,NULL,NULL,NULL,'2026-06-30 16:42:09','2026-06-30 16:42:09');
COMMIT;

--
-- Table structure for table `inventories_transfer`
--

CREATE TABLE `inventories_transfer` (
  `id` int(10) unsigned NOT NULL AUTO_INCREMENT,
  `external_id` char(36) DEFAULT NULL,
  `soap_type_id` char(2) DEFAULT NULL,
  `document_type_id` char(2) DEFAULT NULL,
  `series` varchar(255) DEFAULT NULL,
  `number` int(11) DEFAULT NULL,
  `filename` varchar(255) DEFAULT NULL,
  `description` varchar(255) DEFAULT NULL,
  `warehouse_id` int(10) unsigned NOT NULL,
  `warehouse_destination_id` int(10) unsigned NOT NULL,
  `quantity` decimal(12,4) NOT NULL,
  `created_at` timestamp NULL DEFAULT NULL,
  `updated_at` timestamp NULL DEFAULT NULL,
  `user_id` int(10) unsigned DEFAULT 0 COMMENT 'usuario que crea el registro',
  PRIMARY KEY (`id`),
  KEY `inventories_transfer_warehouse_id_foreign` (`warehouse_id`),
  KEY `inventories_transfer_warehouse_destination_id_foreign` (`warehouse_destination_id`),
  KEY `inventories_transfer_soap_type_id_foreign` (`soap_type_id`),
  KEY `inventories_transfer_document_type_id_foreign` (`document_type_id`),
  CONSTRAINT `inventories_transfer_document_type_id_foreign` FOREIGN KEY (`document_type_id`) REFERENCES `cat_document_types` (`id`),
  CONSTRAINT `inventories_transfer_soap_type_id_foreign` FOREIGN KEY (`soap_type_id`) REFERENCES `soap_types` (`id`),
  CONSTRAINT `inventories_transfer_warehouse_destination_id_foreign` FOREIGN KEY (`warehouse_destination_id`) REFERENCES `warehouses` (`id`),
  CONSTRAINT `inventories_transfer_warehouse_id_foreign` FOREIGN KEY (`warehouse_id`) REFERENCES `warehouses` (`id`)
) ENGINE=InnoDB AUTO_INCREMENT=2 DEFAULT CHARSET=utf8mb4 COLLATE=utf8mb4_unicode_ci;

--
-- Dumping data for table `inventories_transfer`
--

INSERT INTO `inventories_transfer` VALUES
(1,'33f6d014-2575-4e74-a81c-99a5a5e6e058','01','U4','NTA1',1,'00000000000-U4-NTA1-1',NULL,1,2,1.0000,'2026-06-30 13:10:26','2026-06-30 13:10:26',1);
COMMIT;

--
-- Table structure for table `inventory_configurations`
--

CREATE TABLE `inventory_configurations` (
  `id` int(10) unsigned NOT NULL AUTO_INCREMENT,
  `stock_control` tinyint(1) NOT NULL DEFAULT 0,
  `validate_stock_add_item` tinyint(1) NOT NULL DEFAULT 0,
  `inventory_review` tinyint(1) NOT NULL DEFAULT 0,
  `created_at` timestamp NULL DEFAULT NULL,
  `updated_at` timestamp NULL DEFAULT NULL,
  `generate_internal_id` tinyint(1) NOT NULL DEFAULT 0,
  PRIMARY KEY (`id`)
) ENGINE=InnoDB AUTO_INCREMENT=2 DEFAULT CHARSET=utf8mb4 COLLATE=utf8mb4_unicode_ci;

--
-- Dumping data for table `inventory_configurations`
--

INSERT INTO `inventory_configurations` VALUES
(1,1,0,0,NULL,'2026-04-02 11:03:45',0);
COMMIT;

--
-- Table structure for table `inventory_kardex`
--

CREATE TABLE `inventory_kardex` (
  `id` int(10) unsigned NOT NULL AUTO_INCREMENT,
  `date_of_issue` date NOT NULL,
  `item_id` int(10) unsigned NOT NULL,
  `presentation_unit_type_id` int(10) unsigned DEFAULT NULL,
  `inventory_kardexable_id` int(10) unsigned NOT NULL,
  `inventory_kardexable_type` varchar(255) NOT NULL,
  `warehouse_id` int(10) unsigned NOT NULL,
  `quantity` decimal(12,4) NOT NULL,
  `created_at` timestamp NULL DEFAULT NULL,
  `updated_at` timestamp NULL DEFAULT NULL,
  PRIMARY KEY (`id`),
  KEY `inventory_kardex_item_id_foreign` (`item_id`),
  KEY `inventory_kardex_warehouse_id_foreign` (`warehouse_id`),
  KEY `idx_kardex_item_date` (`item_id`,`date_of_issue`),
  KEY `inv_kardex_item_pres_idx` (`item_id`,`presentation_unit_type_id`),
  CONSTRAINT `inventory_kardex_item_id_foreign` FOREIGN KEY (`item_id`) REFERENCES `items` (`id`) ON DELETE CASCADE,
  CONSTRAINT `inventory_kardex_warehouse_id_foreign` FOREIGN KEY (`warehouse_id`) REFERENCES `warehouses` (`id`) ON DELETE CASCADE
) ENGINE=InnoDB DEFAULT CHARSET=utf8mb4 COLLATE=utf8mb4_unicode_ci;

--
-- Dumping data for table `inventory_kardex`
--

COMMIT;

--
-- Table structure for table `inventory_reconciliation_reviews`
--

CREATE TABLE `inventory_reconciliation_reviews` (
  `id` int(10) unsigned NOT NULL AUTO_INCREMENT,
  `item_id` int(10) unsigned NOT NULL,
  `warehouse_scope` varchar(30) NOT NULL DEFAULT 'all',
  `status` varchar(40) NOT NULL DEFAULT 'pending',
  `observation` text DEFAULT NULL,
  `reviewed_by` int(10) unsigned DEFAULT NULL,
  `reviewed_at` timestamp NULL DEFAULT NULL,
  `created_at` timestamp NULL DEFAULT NULL,
  `updated_at` timestamp NULL DEFAULT NULL,
  PRIMARY KEY (`id`),
  UNIQUE KEY `inventory_reconciliation_reviews_item_scope_unique` (`item_id`,`warehouse_scope`),
  KEY `inventory_reconciliation_reviews_reviewed_by_foreign` (`reviewed_by`),
  CONSTRAINT `inventory_reconciliation_reviews_item_id_foreign` FOREIGN KEY (`item_id`) REFERENCES `items` (`id`),
  CONSTRAINT `inventory_reconciliation_reviews_reviewed_by_foreign` FOREIGN KEY (`reviewed_by`) REFERENCES `users` (`id`)
) ENGINE=InnoDB DEFAULT CHARSET=utf8mb4 COLLATE=utf8mb4_unicode_ci;

--
-- Dumping data for table `inventory_reconciliation_reviews`
--

COMMIT;

--
-- Table structure for table `inventory_transactions`
--

CREATE TABLE `inventory_transactions` (
  `id` varchar(255) NOT NULL,
  `name` varchar(255) NOT NULL,
  `type` enum('input','output') NOT NULL,
  KEY `inventory_transactions_id_index` (`id`)
) ENGINE=InnoDB DEFAULT CHARSET=utf8mb4 COLLATE=utf8mb4_unicode_ci;

--
-- Dumping data for table `inventory_transactions`
--

INSERT INTO `inventory_transactions` VALUES
('02','Compra nacional','input'),
('03','Consignación recibida','input'),
('05','Devolución recibida','input'),
('16','Inventario inicial','input'),
('18','Entrada de importación','input'),
('19','Ingreso de producción','input'),
('20','Entrada por devolución de producción','input'),
('21','Entrada por transferencia entre almacenes','input'),
('22','Entrada por identificación erronea','input'),
('24','Entrada por devolución del cliente','input'),
('26','Entrada para servicio de producción','input'),
('29','Entrada de bienes en prestamo','input'),
('31','Entrada de bienes en custodia','input'),
('50','Ingreso temporal','input'),
('52','Ingreso por transformación','input'),
('54','Ingreso de producción','input'),
('55','Entrada de importación','input'),
('57','Entrada por conversión de medida','input'),
('91','Ingreso por transformación','input'),
('93','Ingreso temporal','input'),
('96','Entrada por conversión de medida','input'),
('99','Otros','input'),
('01','Venta nacional','output'),
('04','Consignación entregada','output'),
('06','Devolución entregada','output'),
('07','Bonificación','output'),
('08','Premio','output'),
('09','Donación','output'),
('10','Salida a producción','output'),
('11','Salida por transferencia entre almacenes','output'),
('12','Retiro','output'),
('13','Mermas','output'),
('14','Desmedros','output'),
('15','Destrucción','output'),
('17','Exportación','output'),
('23','Salida por identificación erronea','output'),
('25','Salida por devolución al proveedor','output'),
('27','Salida por servicio de producción','output'),
('28','Ajuste por diferencia de inventario','output'),
('30','Salida de bienes en prestamo','output'),
('32','Salida de bienes en custodia','output'),
('33','Muestras médicas','output'),
('34','Publicidad','output'),
('35','Gastos de representación','output'),
('36','Retiro para entrega a trabajadores','output'),
('37','Retiro por convenio colectivo','output'),
('38','Retiro por sustitución de bien siniestrado','output'),
('51','Salida temporal','output'),
('53','Salida para servicios terceros','output'),
('56','Salida por conversión de medida','output'),
('100','Ingreso insumos por molino','input'),
('101','Salida por insumo','output'),
('102','Entrada por importacion masiva (xlsx)','input');
COMMIT;

--
-- Table structure for table `inventory_transfer_items`
--

CREATE TABLE `inventory_transfer_items` (
  `id` int(10) unsigned NOT NULL AUTO_INCREMENT,
  `inventory_transfer_id` int(10) unsigned NOT NULL,
  `item_lots_group_id` int(10) unsigned DEFAULT NULL,
  `item_lot_id` int(10) unsigned DEFAULT NULL,
  `presentation_unit_type_id` int(10) unsigned DEFAULT NULL,
  `quantity` decimal(12,4) DEFAULT NULL,
  `created_at` timestamp NULL DEFAULT NULL,
  `updated_at` timestamp NULL DEFAULT NULL,
  PRIMARY KEY (`id`),
  KEY `inventory_transfer_items_inventory_transfer_id_foreign` (`inventory_transfer_id`),
  KEY `inventory_transfer_items_item_lots_group_id_foreign` (`item_lots_group_id`),
  KEY `inventory_transfer_items_item_lot_id_foreign` (`item_lot_id`),
  KEY `inv_transfer_item_pres_idx` (`presentation_unit_type_id`),
  CONSTRAINT `inventory_transfer_items_inventory_transfer_id_foreign` FOREIGN KEY (`inventory_transfer_id`) REFERENCES `inventories_transfer` (`id`),
  CONSTRAINT `inventory_transfer_items_item_lot_id_foreign` FOREIGN KEY (`item_lot_id`) REFERENCES `item_lots` (`id`),
  CONSTRAINT `inventory_transfer_items_item_lots_group_id_foreign` FOREIGN KEY (`item_lots_group_id`) REFERENCES `item_lots_group` (`id`)
) ENGINE=InnoDB DEFAULT CHARSET=utf8mb4 COLLATE=utf8mb4_unicode_ci;

--
-- Dumping data for table `inventory_transfer_items`
--

COMMIT;

--
-- Table structure for table `invoices`
--

CREATE TABLE `invoices` (
  `id` int(10) unsigned NOT NULL AUTO_INCREMENT,
  `document_id` int(10) unsigned NOT NULL,
  `operation_type_id` varchar(255) NOT NULL,
  `date_of_due` date NOT NULL,
  PRIMARY KEY (`id`),
  KEY `invoices_document_id_foreign` (`document_id`),
  KEY `invoices_operation_type_id_foreign` (`operation_type_id`),
  CONSTRAINT `invoices_document_id_foreign` FOREIGN KEY (`document_id`) REFERENCES `documents` (`id`) ON DELETE CASCADE,
  CONSTRAINT `invoices_operation_type_id_foreign` FOREIGN KEY (`operation_type_id`) REFERENCES `cat_operation_types` (`id`)
) ENGINE=InnoDB AUTO_INCREMENT=60 DEFAULT CHARSET=utf8mb4 COLLATE=utf8mb4_unicode_ci;

--
-- Dumping data for table `invoices`
--

INSERT INTO `invoices` VALUES
(1,1,'0101','2025-12-27'),
(2,2,'0101','2026-04-01'),
(3,3,'0101','2026-04-01'),
(4,4,'0101','2026-04-02'),
(5,5,'0101','2026-04-02'),
(6,9,'0101','2026-04-02'),
(7,10,'0101','2026-04-02'),
(8,11,'0101','2026-04-02'),
(9,12,'0101','2026-04-02'),
(10,13,'0101','2026-04-02'),
(11,14,'0101','2026-04-02'),
(12,15,'0101','2026-04-02'),
(13,16,'0101','2026-04-02'),
(14,17,'0101','2026-04-02'),
(15,18,'0101','2026-04-12'),
(16,19,'0101','2026-04-13'),
(17,20,'0101','2026-04-13'),
(18,21,'0101','2026-04-13'),
(19,22,'0101','2026-04-13'),
(20,23,'0101','2026-04-13'),
(21,24,'0101','2026-04-13'),
(22,25,'0101','2026-04-13'),
(23,26,'0101','2026-04-13'),
(24,27,'0101','2026-04-13'),
(25,28,'0101','2026-04-13'),
(26,34,'0101','2026-04-15'),
(27,35,'0101','2026-04-15'),
(28,36,'0101','2026-04-29'),
(29,38,'0101','2026-05-06'),
(30,39,'0101','2026-05-06'),
(31,40,'0101','2026-05-06'),
(32,41,'0101','2026-05-06'),
(33,42,'0101','2026-05-06'),
(34,43,'0101','2026-05-06'),
(35,44,'0101','2026-05-06'),
(36,45,'0101','2026-05-06'),
(37,46,'0101','2026-05-06'),
(38,47,'0101','2026-05-06'),
(39,48,'0101','2026-05-06'),
(40,49,'0101','2026-05-06'),
(41,50,'0101','2026-05-06'),
(42,51,'0101','2026-05-06'),
(43,52,'0101','2026-05-06'),
(44,53,'0101','2026-05-06'),
(45,1,'0101','2026-05-11'),
(46,1,'0101','2026-05-19'),
(47,2,'0101','2026-05-19'),
(48,1,'0101','2026-06-04'),
(49,1,'0101','2026-06-12'),
(50,2,'0101','2026-06-12'),
(51,1,'0101','2026-06-15'),
(52,1,'0101','2026-06-19'),
(53,1,'0101','2026-06-20'),
(54,2,'0101','2026-06-20'),
(55,1,'0101','2026-06-25'),
(56,2,'0101','2026-06-25'),
(57,1,'0101','2026-06-30'),
(58,2,'0101','2026-06-30'),
(59,3,'0101','2026-06-30');
COMMIT;

--
-- Table structure for table `item_color`
--

CREATE TABLE `item_color` (
  `id` int(10) unsigned NOT NULL AUTO_INCREMENT,
  `item_id` int(10) unsigned NOT NULL,
  `cat_colors_item_id` int(10) unsigned NOT NULL,
  `active` tinyint(4) DEFAULT 1 COMMENT 'Define si se encuentra activo',
  `created_at` timestamp NULL DEFAULT NULL,
  `updated_at` timestamp NULL DEFAULT NULL,
  PRIMARY KEY (`id`)
) ENGINE=InnoDB DEFAULT CHARSET=utf8mb4 COLLATE=utf8mb4_unicode_ci;

--
-- Dumping data for table `item_color`
--

COMMIT;

--
-- Table structure for table `item_images`
--

CREATE TABLE `item_images` (
  `id` int(10) unsigned NOT NULL AUTO_INCREMENT,
  `item_id` int(10) unsigned NOT NULL,
  `image` varchar(255) NOT NULL,
  `created_at` timestamp NULL DEFAULT NULL,
  `updated_at` timestamp NULL DEFAULT NULL,
  PRIMARY KEY (`id`),
  KEY `item_images_item_id_foreign` (`item_id`),
  CONSTRAINT `item_images_item_id_foreign` FOREIGN KEY (`item_id`) REFERENCES `items` (`id`)
) ENGINE=InnoDB DEFAULT CHARSET=utf8mb4 COLLATE=utf8mb4_unicode_ci;

--
-- Dumping data for table `item_images`
--

COMMIT;

--
-- Table structure for table `item_lot_movements`
--

CREATE TABLE `item_lot_movements` (
  `id` bigint(20) unsigned NOT NULL AUTO_INCREMENT,
  `item_id` bigint(20) unsigned NOT NULL,
  `item_lot_group_id` bigint(20) unsigned DEFAULT NULL,
  `lot_code_snapshot` varchar(120) DEFAULT NULL,
  `warehouse_id` bigint(20) unsigned DEFAULT NULL,
  `direction` varchar(20) NOT NULL,
  `movement_type` varchar(60) NOT NULL,
  `quantity` decimal(18,4) NOT NULL DEFAULT 0.0000,
  `unit_cost` decimal(18,6) DEFAULT NULL,
  `source_type` varchar(191) DEFAULT NULL,
  `source_id` bigint(20) unsigned DEFAULT NULL,
  `source_item_type` varchar(191) DEFAULT NULL,
  `source_item_id` bigint(20) unsigned DEFAULT NULL,
  `date_of_issue` date DEFAULT NULL,
  `person_id` bigint(20) unsigned DEFAULT NULL,
  `trace_confidence` varchar(20) NOT NULL DEFAULT 'exact',
  `movement_key` varchar(191) DEFAULT NULL,
  `meta` longtext CHARACTER SET utf8mb4 COLLATE utf8mb4_bin DEFAULT NULL CHECK (json_valid(`meta`)),
  `created_at` timestamp NULL DEFAULT NULL,
  `updated_at` timestamp NULL DEFAULT NULL,
  PRIMARY KEY (`id`),
  UNIQUE KEY `item_lot_movements_movement_key_unique` (`movement_key`),
  KEY `item_lot_movements_item_id_date_of_issue_index` (`item_id`,`date_of_issue`),
  KEY `item_lot_movements_item_lot_group_id_date_of_issue_index` (`item_lot_group_id`,`date_of_issue`),
  KEY `item_lot_movements_warehouse_id_date_of_issue_index` (`warehouse_id`,`date_of_issue`),
  KEY `item_lot_movements_source_type_source_id_index` (`source_type`,`source_id`),
  KEY `item_lot_movements_trace_confidence_index` (`trace_confidence`)
) ENGINE=InnoDB AUTO_INCREMENT=3 DEFAULT CHARSET=utf8mb4 COLLATE=utf8mb4_unicode_ci;

--
-- Dumping data for table `item_lot_movements`
--

INSERT INTO `item_lot_movements` VALUES
(1,2,21,'l02',1,'in','inventory_adjustment',5.0000,0.000000,'Modules\\Inventory\\Models\\Inventory',38,'Modules\\Inventory\\Models\\Inventory',38,'2026-06-13',NULL,'exact','inventory:38:in:0:21','{\"description\":\"Compra nacional\",\"comments\":null,\"inventory_transaction_id\":\"02\"}','2026-06-13 10:02:11','2026-06-13 10:02:11'),
(2,18,3,'LOT-55063773',1,'in','inventory_adjustment',50.0000,12.000000,'Modules\\Inventory\\Models\\Inventory',41,'Modules\\Inventory\\Models\\Inventory',41,'2026-06-30',NULL,'exact','inventory:41:in:0:3','{\"description\":\"Compra nacional\",\"comments\":null,\"inventory_transaction_id\":\"02\"}','2026-06-30 13:11:12','2026-06-30 13:11:12');
COMMIT;

--
-- Table structure for table `item_lots`
--

CREATE TABLE `item_lots` (
  `id` int(10) unsigned NOT NULL AUTO_INCREMENT,
  `series` varchar(255) NOT NULL,
  `date` date NOT NULL,
  `item_id` int(10) unsigned NOT NULL,
  `warehouse_id` int(10) unsigned DEFAULT NULL,
  `item_loteable_type` varchar(255) NOT NULL,
  `item_loteable_id` int(10) unsigned NOT NULL,
  `has_sale` tinyint(1) NOT NULL DEFAULT 0,
  `state` varchar(20) DEFAULT NULL,
  `created_at` timestamp NULL DEFAULT NULL,
  `updated_at` timestamp NULL DEFAULT NULL,
  PRIMARY KEY (`id`),
  KEY `item_lots_item_id_foreign` (`item_id`),
  KEY `item_lots_warehouse_id_foreign` (`warehouse_id`),
  KEY `item_lots_series_index` (`series`),
  KEY `item_lots_date_index` (`date`),
  KEY `item_lots_has_sale_index` (`has_sale`),
  KEY `item_lots_item_loteable_type_index` (`item_loteable_type`),
  KEY `item_lots_item_loteable_id_index` (`item_loteable_id`),
  CONSTRAINT `item_lots_item_id_foreign` FOREIGN KEY (`item_id`) REFERENCES `items` (`id`),
  CONSTRAINT `item_lots_warehouse_id_foreign` FOREIGN KEY (`warehouse_id`) REFERENCES `warehouses` (`id`)
) ENGINE=InnoDB DEFAULT CHARSET=utf8mb4 COLLATE=utf8mb4_unicode_ci;

--
-- Dumping data for table `item_lots`
--

COMMIT;

--
-- Table structure for table `item_lots_group`
--

CREATE TABLE `item_lots_group` (
  `id` int(10) unsigned NOT NULL AUTO_INCREMENT,
  `code` varchar(255) NOT NULL,
  `quantity` decimal(12,4) NOT NULL,
  `old_quantity` decimal(12,4) NOT NULL DEFAULT 0.0000,
  `date_of_due` date NOT NULL,
  `item_id` int(10) unsigned NOT NULL,
  `created_at` timestamp NULL DEFAULT NULL,
  `updated_at` timestamp NULL DEFAULT NULL,
  PRIMARY KEY (`id`),
  KEY `item_lots_group_item_id_foreign` (`item_id`),
  KEY `idx_lots_group` (`item_id`,`date_of_due`,`quantity`),
  CONSTRAINT `item_lots_group_item_id_foreign` FOREIGN KEY (`item_id`) REFERENCES `items` (`id`)
) ENGINE=InnoDB AUTO_INCREMENT=22 DEFAULT CHARSET=utf8mb4 COLLATE=utf8mb4_unicode_ci;

--
-- Dumping data for table `item_lots_group`
--

INSERT INTO `item_lots_group` VALUES
(1,'6',5.0000,0.0000,'2026-04-15',4,'2026-04-10 23:48:33','2026-04-15 12:01:15'),
(2,'LOT-52797296',9.0000,0.0000,'2027-06-30',15,'2026-04-12 23:01:44','2026-04-29 16:12:33'),
(3,'LOT-55063773',59.0000,0.0000,'2027-06-30',18,'2026-04-12 23:39:30','2026-06-30 13:11:12'),
(4,'LOT-89059255',10.0000,0.0000,'2027-06-30',21,'2026-04-13 09:06:06','2026-04-13 09:06:06'),
(5,'hhh',0.0000,0.0000,'2027-04-30',5,'2026-04-15 03:27:09','2026-04-29 16:12:33'),
(6,'HR-A1',118.0000,0.0000,'2027-03-10',23,'2026-05-10 01:32:23','2026-06-20 23:39:40'),
(7,'HR-A2',80.0000,0.0000,'2027-07-10',23,'2026-05-10 01:32:23','2026-05-10 01:32:23'),
(8,'ND-B1',5.0000,0.0000,'2026-06-24',24,'2026-05-10 01:32:23','2026-06-30 16:40:58'),
(9,'ND-B2',40.0000,0.0000,'2026-12-10',24,'2026-05-10 01:32:23','2026-05-10 01:32:23'),
(10,'EX-C1',0.0000,0.0000,'2026-04-20',25,'2026-05-10 01:32:23','2026-05-10 01:32:23'),
(11,'EX-C2',19.0000,0.0000,'2026-10-10',25,'2026-05-10 01:32:23','2026-05-19 19:11:09'),
(12,'ID-D1',150.0000,0.0000,'2027-05-10',26,'2026-05-10 01:32:23','2026-05-10 01:32:23'),
(13,'ID-D2',90.0000,0.0000,'2027-09-10',26,'2026-05-10 01:32:23','2026-05-10 01:32:23'),
(14,'SO-E1',0.0000,0.0000,'2026-09-10',27,'2026-05-10 01:32:23','2026-06-20 22:08:49'),
(15,'SO-E2',5.0000,0.0000,'2026-11-10',27,'2026-05-10 01:32:23','2026-06-30 16:40:36'),
(16,'RX-F1',21.0000,0.0000,'2027-01-10',28,'2026-05-10 01:32:23','2026-05-11 17:46:03'),
(17,'RX-F2',18.0000,0.0000,'2027-04-10',28,'2026-05-10 01:32:24','2026-05-10 01:32:24'),
(18,'888',100.0000,0.0000,'2026-05-30',28,'2026-05-19 19:29:15','2026-05-19 19:29:15'),
(19,'regular',18.0000,0.0000,'2026-05-30',6,'2026-05-20 17:49:08','2026-06-25 12:28:20'),
(20,'7',19.0000,0.0000,'2026-04-18',6,'2026-05-20 17:49:12','2026-05-20 17:49:12'),
(21,'l02',5.0000,0.0000,'2026-06-30',2,'2026-06-13 10:02:11','2026-06-13 10:02:11');
COMMIT;

--
-- Table structure for table `item_lots_group_warehouse`
--

CREATE TABLE `item_lots_group_warehouse` (
  `id` bigint(20) unsigned NOT NULL AUTO_INCREMENT,
  `item_lot_group_id` int(10) unsigned NOT NULL,
  `warehouse_id` int(10) unsigned NOT NULL,
  `quantity` decimal(12,4) NOT NULL DEFAULT 0.0000,
  `old_quantity` decimal(12,4) DEFAULT NULL,
  `created_at` timestamp NULL DEFAULT NULL,
  `updated_at` timestamp NULL DEFAULT NULL,
  PRIMARY KEY (`id`),
  UNIQUE KEY `ilgw_unique` (`item_lot_group_id`,`warehouse_id`),
  KEY `ilgw_wh_idx` (`warehouse_id`,`item_lot_group_id`),
  CONSTRAINT `ilgw_lot_fk` FOREIGN KEY (`item_lot_group_id`) REFERENCES `item_lots_group` (`id`),
  CONSTRAINT `ilgw_wh_fk` FOREIGN KEY (`warehouse_id`) REFERENCES `warehouses` (`id`)
) ENGINE=InnoDB AUTO_INCREMENT=37 DEFAULT CHARSET=utf8mb4 COLLATE=utf8mb4_unicode_ci;

--
-- Dumping data for table `item_lots_group_warehouse`
--

INSERT INTO `item_lots_group_warehouse` VALUES
(1,1,1,5.0000,NULL,'2026-05-06 00:29:20','2026-05-06 00:29:20'),
(2,2,1,9.0000,NULL,'2026-05-06 00:29:20','2026-05-06 00:29:20'),
(3,3,1,59.0000,NULL,'2026-05-06 00:29:20','2026-06-30 18:11:12'),
(4,4,1,10.0000,NULL,'2026-05-06 00:29:20','2026-05-06 00:29:20'),
(5,6,1,119.0000,NULL,'2026-05-10 01:32:23','2026-06-21 03:47:20'),
(6,7,1,80.0000,NULL,'2026-05-10 01:32:23','2026-05-10 01:32:23'),
(7,8,1,18.0000,NULL,'2026-05-10 01:32:23','2026-06-30 21:40:58'),
(8,9,1,40.0000,NULL,'2026-05-10 01:32:23','2026-05-10 01:32:23'),
(9,10,1,0.0000,NULL,'2026-05-10 01:32:23','2026-05-10 01:32:23'),
(10,11,1,19.0000,NULL,'2026-05-10 01:32:23','2026-05-20 00:11:09'),
(11,12,1,150.0000,NULL,'2026-05-10 01:32:23','2026-05-10 01:32:23'),
(12,13,1,90.0000,NULL,'2026-05-10 01:32:23','2026-05-10 01:32:23'),
(13,14,1,1.0000,NULL,'2026-05-10 01:32:23','2026-06-21 03:08:49'),
(14,15,1,5.0000,NULL,'2026-05-10 01:32:23','2026-06-30 21:40:36'),
(15,16,1,21.0000,NULL,'2026-05-10 01:32:23','2026-05-11 22:46:03'),
(16,17,1,18.0000,NULL,'2026-05-10 01:32:24','2026-05-10 01:32:24'),
(22,18,1,100.0000,NULL,'2026-05-20 00:29:15','2026-05-20 00:29:15'),
(23,19,1,18.0000,NULL,'2026-05-20 22:49:08','2026-06-25 17:28:20'),
(27,21,1,5.0000,NULL,'2026-06-13 15:02:11','2026-06-13 15:02:11');
COMMIT;

--
-- Table structure for table `item_mold_cavities`
--

CREATE TABLE `item_mold_cavities` (
  `id` int(10) unsigned NOT NULL AUTO_INCREMENT,
  `item_id` int(10) unsigned NOT NULL,
  `cat_item_mold_cavities_id` int(10) unsigned NOT NULL,
  `active` tinyint(4) DEFAULT 1 COMMENT 'Define si se encuentra activo',
  `created_at` timestamp NULL DEFAULT NULL,
  `updated_at` timestamp NULL DEFAULT NULL,
  PRIMARY KEY (`id`)
) ENGINE=InnoDB DEFAULT CHARSET=utf8mb4 COLLATE=utf8mb4_unicode_ci;

--
-- Dumping data for table `item_mold_cavities`
--

COMMIT;

--
-- Table structure for table `item_mold_properties`
--

CREATE TABLE `item_mold_properties` (
  `id` int(10) unsigned NOT NULL AUTO_INCREMENT,
  `item_id` int(10) unsigned NOT NULL,
  `cat_item_mold_properties_id` int(10) unsigned NOT NULL,
  `active` tinyint(4) DEFAULT 1 COMMENT 'Define si se encuentra activo',
  `created_at` timestamp NULL DEFAULT NULL,
  `updated_at` timestamp NULL DEFAULT NULL,
  PRIMARY KEY (`id`)
) ENGINE=InnoDB DEFAULT CHARSET=utf8mb4 COLLATE=utf8mb4_unicode_ci;

--
-- Dumping data for table `item_mold_properties`
--

COMMIT;

--
-- Table structure for table `item_movement`
--

CREATE TABLE `item_movement` (
  `id` int(10) unsigned NOT NULL AUTO_INCREMENT,
  `item_id` int(10) unsigned DEFAULT 0 COMMENT 'Relacion con item',
  `quantity` decimal(12,4) DEFAULT 0.0000 COMMENT 'Cantidad de venta del item',
  `date_of_movement` timestamp NULL DEFAULT NULL,
  `countable` tinyint(3) unsigned DEFAULT 0 COMMENT 'Define si se toma en cuenta para el conteo de inventario',
  `establishment_id` int(10) unsigned DEFAULT 0 COMMENT 'Relacion con la tabla',
  `contract_item_id` int(10) unsigned DEFAULT 0 COMMENT 'Relacion con la tabla',
  `devolution_item_id` int(10) unsigned DEFAULT 0 COMMENT 'Relacion con la tabla',
  `dispatch_item_id` int(10) unsigned DEFAULT 0 COMMENT 'Relacion con la tabla',
  `document_item_id` int(10) unsigned DEFAULT 0 COMMENT 'Relacion con la tabla',
  `expense_item_id` int(10) unsigned DEFAULT 0 COMMENT 'Relacion con la tabla',
  `fixed_asset_item_id` int(10) unsigned DEFAULT 0 COMMENT 'Relacion con la tabla',
  `fixed_asset_purchase_item_id` int(10) unsigned DEFAULT 0 COMMENT 'Relacion con la tabla',
  `order_form_item_id` int(10) unsigned DEFAULT 0 COMMENT 'Relacion con la tabla',
  `order_note_item_id` int(10) unsigned DEFAULT 0 COMMENT 'Relacion con la tabla',
  `purchase_item_id` int(10) unsigned DEFAULT 0 COMMENT 'Relacion con la tabla',
  `purchase_order_item_id` int(10) unsigned DEFAULT 0 COMMENT 'Relacion con la tabla',
  `purchase_quotation_item_id` int(10) unsigned DEFAULT 0 COMMENT 'Relacion con la tabla',
  `quotation_item_id` int(10) unsigned DEFAULT 0 COMMENT 'Relacion con la tabla',
  `sale_note_item_id` int(10) unsigned DEFAULT 0 COMMENT 'Relacion con la tabla',
  `sale_opportunity_item_id` int(10) unsigned DEFAULT 0 COMMENT 'Relacion con la tabla',
  `technical_service_item_id` int(10) unsigned DEFAULT 0 COMMENT 'Relacion con la tabla',
  `created_at` timestamp NULL DEFAULT NULL,
  `updated_at` timestamp NULL DEFAULT NULL,
  PRIMARY KEY (`id`)
) ENGINE=InnoDB AUTO_INCREMENT=125 DEFAULT CHARSET=utf8mb4 COLLATE=utf8mb4_unicode_ci;

--
-- Dumping data for table `item_movement`
--

INSERT INTO `item_movement` VALUES
(1,1,-1.0000,'2025-12-27 12:06:24',1,1,0,0,0,1,0,0,0,0,0,0,0,0,0,0,0,0,'2025-12-27 12:06:24','2025-12-27 12:06:24'),
(2,1,-1.0000,'2026-04-01 09:11:37',1,1,0,0,0,2,0,0,0,0,0,0,0,0,0,0,0,0,'2026-04-01 09:11:37','2026-04-01 09:11:37'),
(3,1,-1.0000,'2026-04-01 09:12:00',1,1,0,0,0,3,0,0,0,0,0,0,0,0,0,0,0,0,'2026-04-01 09:12:00','2026-04-01 09:12:00'),
(4,1,-2.0000,'2026-04-02 10:12:35',1,1,0,0,0,4,0,0,0,0,0,0,0,0,0,0,0,0,'2026-04-02 10:12:35','2026-04-02 10:12:35'),
(5,1,-1.0000,'2026-04-02 10:17:41',1,1,0,0,0,5,0,0,0,0,0,0,0,0,0,0,0,0,'2026-04-02 10:17:41','2026-04-02 10:17:41'),
(6,1,-1.0000,'2026-04-02 12:23:47',1,1,0,0,0,9,0,0,0,0,0,0,0,0,0,0,0,0,'2026-04-02 12:23:47','2026-04-02 12:23:47'),
(7,1,-2.0000,'2026-04-02 12:23:48',1,1,0,0,0,10,0,0,0,0,0,0,0,0,0,0,0,0,'2026-04-02 12:23:48','2026-04-02 12:23:48'),
(8,1,-3.0000,'2026-04-02 12:23:49',1,1,0,0,0,11,0,0,0,0,0,0,0,0,0,0,0,0,'2026-04-02 12:23:49','2026-04-02 12:23:49'),
(9,1,-1.0000,'2026-04-02 12:25:06',1,1,0,0,0,12,0,0,0,0,0,0,0,0,0,0,0,0,'2026-04-02 12:25:06','2026-04-02 12:25:06'),
(10,1,-2.0000,'2026-04-02 12:25:13',1,1,0,0,0,13,0,0,0,0,0,0,0,0,0,0,0,0,'2026-04-02 12:25:13','2026-04-02 12:25:13'),
(11,1,-3.0000,'2026-04-02 12:25:15',1,1,0,0,0,14,0,0,0,0,0,0,0,0,0,0,0,0,'2026-04-02 12:25:15','2026-04-02 12:25:15'),
(12,1,-2.0000,'2026-04-02 12:26:16',1,1,0,0,0,15,0,0,0,0,0,0,0,0,0,0,0,0,'2026-04-02 12:26:16','2026-04-02 12:26:16'),
(13,1,-3.0000,'2026-04-02 12:26:17',1,1,0,0,0,16,0,0,0,0,0,0,0,0,0,0,0,0,'2026-04-02 12:26:17','2026-04-02 12:26:17'),
(14,1,-1.0000,'2026-04-02 12:26:48',1,1,0,0,0,17,0,0,0,0,0,0,0,0,0,0,0,0,'2026-04-02 12:26:48','2026-04-02 12:26:48'),
(15,4,-2.0000,'2026-04-12 13:48:30',1,1,0,0,0,18,0,0,0,0,0,0,0,0,0,0,0,0,'2026-04-12 13:48:31','2026-04-12 13:48:31'),
(16,1,-1.0000,'2026-04-12 13:48:30',1,1,0,0,0,19,0,0,0,0,0,0,0,0,0,0,0,0,'2026-04-12 13:48:31','2026-04-12 13:48:31'),
(17,13,-1.0000,'2026-04-12 23:00:06',1,1,0,0,0,20,0,0,0,0,0,0,0,0,0,0,0,0,'2026-04-12 23:00:06','2026-04-12 23:00:06'),
(18,13,-1.0000,'2026-04-12 23:00:23',1,1,0,0,0,21,0,0,0,0,0,0,0,0,0,0,0,0,'2026-04-12 23:00:23','2026-04-12 23:00:23'),
(19,13,-1.0000,'2026-04-12 23:06:35',1,1,0,0,0,22,0,0,0,0,0,0,0,0,0,0,0,0,'2026-04-12 23:06:35','2026-04-12 23:06:35'),
(20,13,-1.0000,'2026-04-12 23:35:29',1,1,0,0,0,23,0,0,0,0,0,0,0,0,0,0,0,0,'2026-04-12 23:35:29','2026-04-12 23:35:29'),
(21,13,-1.0000,'2026-04-12 23:36:51',1,1,0,0,0,24,0,0,0,0,0,0,0,0,0,0,0,0,'2026-04-12 23:36:51','2026-04-12 23:36:51'),
(22,13,-1.0000,'2026-04-13 00:12:03',1,1,0,0,0,25,0,0,0,0,0,0,0,0,0,0,0,0,'2026-04-13 00:12:03','2026-04-13 00:12:03'),
(23,13,-1.0000,'2026-04-13 09:02:33',1,1,0,0,0,26,0,0,0,0,0,0,0,0,0,0,0,0,'2026-04-13 09:02:33','2026-04-13 09:02:33'),
(24,13,-1.0000,'2026-04-13 09:03:44',1,1,0,0,0,27,0,0,0,0,0,0,0,0,0,0,0,0,'2026-04-13 09:03:44','2026-04-13 09:03:44'),
(25,13,-1.0000,'2026-04-13 09:37:52',1,1,0,0,0,28,0,0,0,0,0,0,0,0,0,0,0,0,'2026-04-13 09:37:52','2026-04-13 09:37:52'),
(26,4,-1.0000,'2026-04-13 10:20:05',1,1,0,0,0,29,0,0,0,0,0,0,0,0,0,0,0,0,'2026-04-13 10:20:05','2026-04-13 10:20:05'),
(27,4,-1.0000,'2026-04-13 10:47:35',1,1,0,0,0,0,0,0,0,0,0,0,0,0,0,1,0,0,'2026-04-13 10:47:35','2026-04-13 10:47:35'),
(28,4,-1.0000,'2026-04-13 10:47:35',1,1,0,0,0,0,0,0,0,0,0,0,0,0,0,1,0,0,'2026-04-13 10:47:35','2026-04-13 10:47:35'),
(29,4,-1.0000,'2026-04-13 10:49:06',1,1,0,0,0,0,0,0,0,0,0,0,0,0,0,2,0,0,'2026-04-13 10:49:07','2026-04-13 10:49:07'),
(30,4,-1.0000,'2026-04-13 10:49:06',1,1,0,0,0,0,0,0,0,0,0,0,0,0,0,2,0,0,'2026-04-13 10:49:07','2026-04-13 10:49:07'),
(31,4,-1.0000,'2026-04-13 11:05:23',1,1,0,0,0,0,0,0,0,0,0,0,0,0,0,3,0,0,'2026-04-13 11:05:23','2026-04-13 11:05:23'),
(32,4,-1.0000,'2026-04-13 11:05:23',1,1,0,0,0,0,0,0,0,0,0,0,0,0,0,3,0,0,'2026-04-13 11:05:23','2026-04-13 11:05:23'),
(33,4,-1.0000,'2026-04-13 11:14:28',1,1,0,0,0,0,0,0,0,0,0,0,0,0,0,4,0,0,'2026-04-13 11:14:29','2026-04-13 11:14:29'),
(34,4,-1.0000,'2026-04-13 11:14:28',1,1,0,0,0,0,0,0,0,0,0,0,0,0,0,4,0,0,'2026-04-13 11:14:29','2026-04-13 11:14:29'),
(35,4,-1.0000,'2026-04-13 11:15:40',1,1,0,0,0,0,0,0,0,0,0,0,0,0,0,5,0,0,'2026-04-13 11:15:40','2026-04-13 11:15:40'),
(36,4,-1.0000,'2026-04-13 11:15:40',1,1,0,0,0,0,0,0,0,0,0,0,0,0,0,5,0,0,'2026-04-13 11:15:40','2026-04-13 11:15:40'),
(37,1,-1.0000,'2026-04-13 11:28:14',1,1,0,0,0,0,0,0,0,0,0,0,0,0,0,6,0,0,'2026-04-13 11:28:14','2026-04-13 11:28:14'),
(38,1,-1.0000,'2026-04-13 11:28:14',1,1,0,0,0,0,0,0,0,0,0,0,0,0,0,6,0,0,'2026-04-13 11:28:14','2026-04-13 11:28:14'),
(39,1,-1.0000,'2026-04-13 11:42:00',1,1,0,0,0,0,0,0,0,0,0,0,0,0,0,7,0,0,'2026-04-13 11:42:00','2026-04-13 11:42:00'),
(40,1,-1.0000,'2026-04-13 11:42:00',1,1,0,0,0,0,0,0,0,0,0,0,0,0,0,7,0,0,'2026-04-13 11:42:00','2026-04-13 11:42:00'),
(41,1,-1.0000,'2026-04-13 17:31:44',1,1,0,0,0,0,0,0,0,0,0,0,0,0,0,8,0,0,'2026-04-13 17:31:44','2026-04-13 17:31:44'),
(42,1,-1.0000,'2026-04-13 17:31:44',1,1,0,0,0,0,0,0,0,0,0,0,0,0,0,8,0,0,'2026-04-13 17:31:44','2026-04-13 17:31:44'),
(43,13,-1.0000,'2026-04-13 17:31:44',1,1,0,0,0,0,0,0,0,0,0,0,0,0,0,9,0,0,'2026-04-13 17:31:44','2026-04-13 17:31:44'),
(44,13,-1.0000,'2026-04-13 17:31:44',1,1,0,0,0,0,0,0,0,0,0,0,0,0,0,9,0,0,'2026-04-13 17:31:44','2026-04-13 17:31:44'),
(47,10,1.0000,'2026-04-14 00:04:22',1,1,0,0,0,0,0,0,0,0,0,3,0,0,0,0,0,0,'2026-04-14 00:04:22','2026-04-14 00:04:22'),
(48,10,1.0000,'2026-04-14 00:05:18',1,1,0,0,0,0,0,0,0,0,0,4,0,0,0,0,0,0,'2026-04-14 00:05:18','2026-04-14 00:05:18'),
(49,10,-1.0000,'2026-04-14 08:34:31',1,1,0,0,0,0,0,0,0,0,0,0,0,0,0,10,0,0,'2026-04-14 08:34:31','2026-04-14 08:34:31'),
(50,10,-1.0000,'2026-04-14 08:34:31',1,1,0,0,0,0,0,0,0,0,0,0,0,0,0,10,0,0,'2026-04-14 08:34:31','2026-04-14 08:34:31'),
(51,10,-1.0000,'2026-04-14 09:51:21',1,1,0,0,0,0,0,0,0,0,0,0,0,0,0,11,0,0,'2026-04-14 09:51:21','2026-04-14 09:51:21'),
(52,10,-1.0000,'2026-04-14 09:51:21',1,1,0,0,0,0,0,0,0,0,0,0,0,0,0,11,0,0,'2026-04-14 09:51:21','2026-04-14 09:51:21'),
(53,6,-2.0000,'2026-04-14 09:52:51',1,1,0,0,0,0,0,0,0,0,0,0,0,0,0,12,0,0,'2026-04-14 09:52:51','2026-04-14 09:52:51'),
(54,6,-2.0000,'2026-04-14 09:52:51',1,1,0,0,0,0,0,0,0,0,0,0,0,0,0,12,0,0,'2026-04-14 09:52:51','2026-04-14 09:52:51'),
(55,1,-1.0000,'2026-04-14 12:52:30',1,1,0,0,0,30,0,0,0,0,0,0,0,0,0,0,0,0,'2026-04-14 12:52:30','2026-04-14 12:52:30'),
(56,13,-1.0000,'2026-04-15 03:02:45',1,1,0,0,0,31,0,0,0,0,0,0,0,0,0,0,0,0,'2026-04-15 03:02:45','2026-04-15 03:02:45'),
(57,4,-1.0000,'2026-04-15 03:03:06',1,1,0,0,0,32,0,0,0,0,0,0,0,0,0,0,0,0,'2026-04-15 03:03:06','2026-04-15 03:03:06'),
(58,1,-1.0000,'2026-04-15 03:11:26',1,1,0,0,0,33,0,0,0,0,0,0,0,0,0,0,0,0,'2026-04-15 03:11:26','2026-04-15 03:11:26'),
(59,5,1.0000,'2026-04-15 03:27:09',1,1,0,0,0,0,0,0,0,0,0,5,0,0,0,0,0,0,'2026-04-15 03:27:09','2026-04-15 03:27:09'),
(60,1,-2.0000,'2026-04-15 03:46:34',1,1,0,0,0,34,0,0,0,0,0,0,0,0,0,0,0,0,'2026-04-15 03:46:34','2026-04-15 03:46:34'),
(61,4,-1.0000,'2026-04-15 12:01:15',1,1,0,0,0,35,0,0,0,0,0,0,0,0,0,0,0,0,'2026-04-15 12:01:15','2026-04-15 12:01:15'),
(62,6,-1.0000,'2026-04-15 12:01:43',1,1,0,0,0,36,0,0,0,0,0,0,0,0,0,0,0,0,'2026-04-15 12:01:43','2026-04-15 12:01:43'),
(63,5,-1.0000,'2026-04-29 16:12:32',1,1,0,0,0,37,0,0,0,0,0,0,0,0,0,0,0,0,'2026-04-29 16:12:33','2026-04-29 16:12:33'),
(64,14,-1.0000,'2026-04-29 16:12:32',1,1,0,0,0,38,0,0,0,0,0,0,0,0,0,0,0,0,'2026-04-29 16:12:33','2026-04-29 16:12:33'),
(65,13,-1.0000,'2026-04-29 16:12:32',1,1,0,0,0,39,0,0,0,0,0,0,0,0,0,0,0,0,'2026-04-29 16:12:33','2026-04-29 16:12:33'),
(66,1,-1.0000,'2026-04-29 16:12:32',1,1,0,0,0,40,0,0,0,0,0,0,0,0,0,0,0,0,'2026-04-29 16:12:33','2026-04-29 16:12:33'),
(67,18,-1.0000,'2026-04-29 16:12:32',1,1,0,0,0,41,0,0,0,0,0,0,0,0,0,0,0,0,'2026-04-29 16:12:33','2026-04-29 16:12:33'),
(68,15,-1.0000,'2026-04-29 16:12:32',1,1,0,0,0,42,0,0,0,0,0,0,0,0,0,0,0,0,'2026-04-29 16:12:33','2026-04-29 16:12:33'),
(69,6,-1.0000,'2026-05-06 17:37:34',1,1,0,0,0,44,0,0,0,0,0,0,0,0,0,0,0,0,'2026-05-06 17:37:34','2026-05-06 17:37:34'),
(70,13,-1.0000,'2026-05-06 17:37:34',1,1,0,0,0,45,0,0,0,0,0,0,0,0,0,0,0,0,'2026-05-06 17:37:34','2026-05-06 17:37:34'),
(71,6,-1.0000,'2026-05-06 17:57:04',1,1,0,0,0,46,0,0,0,0,0,0,0,0,0,0,0,0,'2026-05-06 17:57:04','2026-05-06 17:57:04'),
(72,1,-1.0000,'2026-05-06 17:59:01',1,1,0,0,0,47,0,0,0,0,0,0,0,0,0,0,0,0,'2026-05-06 17:59:01','2026-05-06 17:59:01'),
(73,6,-1.0000,'2026-05-06 17:59:01',1,1,0,0,0,48,0,0,0,0,0,0,0,0,0,0,0,0,'2026-05-06 17:59:01','2026-05-06 17:59:01'),
(74,17,-1.0000,'2026-05-06 18:32:32',1,1,0,0,0,49,0,0,0,0,0,0,0,0,0,0,0,0,'2026-05-06 18:32:32','2026-05-06 18:32:32'),
(75,20,-1.0000,'2026-05-06 18:32:32',1,1,0,0,0,50,0,0,0,0,0,0,0,0,0,0,0,0,'2026-05-06 18:32:32','2026-05-06 18:32:32'),
(76,1,-1.0000,'2026-05-06 18:34:23',1,1,0,0,0,51,0,0,0,0,0,0,0,0,0,0,0,0,'2026-05-06 18:34:23','2026-05-06 18:34:23'),
(77,13,-1.0000,'2026-05-06 18:42:52',1,1,0,0,0,52,0,0,0,0,0,0,0,0,0,0,0,0,'2026-05-06 18:42:52','2026-05-06 18:42:52'),
(78,1,-1.0000,'2026-05-06 18:47:01',1,1,0,0,0,53,0,0,0,0,0,0,0,0,0,0,0,0,'2026-05-06 18:47:01','2026-05-06 18:47:01'),
(79,13,-1.0000,'2026-05-06 18:47:01',1,1,0,0,0,54,0,0,0,0,0,0,0,0,0,0,0,0,'2026-05-06 18:47:01','2026-05-06 18:47:01'),
(80,1,-1.0000,'2026-05-06 18:53:15',1,1,0,0,0,55,0,0,0,0,0,0,0,0,0,0,0,0,'2026-05-06 18:53:15','2026-05-06 18:53:15'),
(81,13,-1.0000,'2026-05-06 18:58:10',1,1,0,0,0,56,0,0,0,0,0,0,0,0,0,0,0,0,'2026-05-06 18:58:10','2026-05-06 18:58:10'),
(82,13,-1.0000,'2026-05-06 19:02:30',1,1,0,0,0,57,0,0,0,0,0,0,0,0,0,0,0,0,'2026-05-06 19:02:30','2026-05-06 19:02:30'),
(83,13,-1.0000,'2026-05-06 19:06:13',1,1,0,0,0,58,0,0,0,0,0,0,0,0,0,0,0,0,'2026-05-06 19:06:13','2026-05-06 19:06:13'),
(84,1,-1.0000,'2026-05-06 19:07:03',1,1,0,0,0,59,0,0,0,0,0,0,0,0,0,0,0,0,'2026-05-06 19:07:03','2026-05-06 19:07:03'),
(85,1,-1.0000,'2026-05-06 19:08:21',1,1,0,0,0,60,0,0,0,0,0,0,0,0,0,0,0,0,'2026-05-06 19:08:21','2026-05-06 19:08:21'),
(86,17,-1.0000,'2026-05-06 19:16:01',1,1,0,0,0,61,0,0,0,0,0,0,0,0,0,0,0,0,'2026-05-06 19:16:01','2026-05-06 19:16:01'),
(87,1,-1.0000,'2026-05-06 19:19:03',1,1,0,0,0,62,0,0,0,0,0,0,0,0,0,0,0,0,'2026-05-06 19:19:03','2026-05-06 19:19:03'),
(88,13,-1.0000,'2026-05-06 19:21:58',1,1,0,0,0,63,0,0,0,0,0,0,0,0,0,0,0,0,'2026-05-06 19:21:58','2026-05-06 19:21:58'),
(89,28,-4.0000,'2026-05-11 17:46:03',1,1,0,0,0,1,0,0,0,0,0,0,0,0,0,0,0,0,'2026-05-11 17:46:03','2026-05-11 17:46:03'),
(90,24,-4.0000,'2026-05-11 17:46:03',1,1,0,0,0,2,0,0,0,0,0,0,0,0,0,0,0,0,'2026-05-11 17:46:03','2026-05-11 17:46:03'),
(91,25,-1.0000,'2026-05-19 19:11:09',1,1,0,0,0,1,0,0,0,0,0,0,0,0,0,0,0,0,'2026-05-19 19:11:09','2026-05-19 19:11:09'),
(92,27,-1.0000,'2026-05-19 19:11:09',1,1,0,0,0,2,0,0,0,0,0,0,0,0,0,0,0,0,'2026-05-19 19:11:09','2026-05-19 19:11:09'),
(93,24,-1.0000,'2026-05-19 19:11:25',1,1,0,0,0,3,0,0,0,0,0,0,0,0,0,0,0,0,'2026-05-19 19:11:25','2026-05-19 19:11:25'),
(94,28,1.0000,'2026-05-19 19:29:15',1,1,0,0,0,0,0,0,0,0,0,1,0,0,0,0,0,0,'2026-05-19 19:29:15','2026-05-19 19:29:15'),
(97,30,-1.0000,'2026-06-04 19:31:28',1,1,0,0,0,1,0,0,0,0,0,0,0,0,0,0,0,0,'2026-06-04 19:31:28','2026-06-04 19:31:28'),
(98,27,-4.0000,'2026-06-12 14:34:15',1,1,0,0,0,1,0,0,0,0,0,0,0,0,0,0,0,0,'2026-06-12 14:34:15','2026-06-12 14:34:15'),
(99,24,-3.0000,'2026-06-12 14:34:15',1,1,0,0,0,2,0,0,0,0,0,0,0,0,0,0,0,0,'2026-06-12 14:34:15','2026-06-12 14:34:15'),
(100,27,-1.0000,'2026-06-12 16:24:54',1,1,0,0,0,3,0,0,0,0,0,0,0,0,0,0,0,0,'2026-06-12 16:24:54','2026-06-12 16:24:54'),
(101,14,-1.0000,'2026-06-15 05:06:44',1,1,0,0,0,1,0,0,0,0,0,0,0,0,0,0,0,0,'2026-06-15 05:06:44','2026-06-15 05:06:44'),
(102,27,-1.0000,'2026-06-16 21:17:21',1,1,0,0,0,0,0,0,0,0,0,0,0,0,0,1,0,0,'2026-06-16 21:17:21','2026-06-16 21:17:21'),
(103,27,-1.0000,'2026-06-16 21:17:21',1,1,0,0,0,0,0,0,0,0,0,0,0,0,0,1,0,0,'2026-06-16 21:17:21','2026-06-16 21:17:21'),
(104,27,-1.0000,'2026-06-16 21:17:21',1,1,0,0,0,0,0,0,0,0,0,0,0,0,0,1,0,0,'2026-06-16 21:17:21','2026-06-16 21:17:21'),
(105,24,-2.0000,'2026-06-19 04:31:33',1,1,0,0,0,1,0,0,0,0,0,0,0,0,0,0,0,0,'2026-06-19 04:31:33','2026-06-19 04:31:33'),
(106,24,-2.0000,'2026-06-19 09:04:09',1,1,0,0,0,0,0,0,0,0,0,0,0,0,0,1,0,0,'2026-06-19 09:04:09','2026-06-19 09:04:09'),
(107,24,-2.0000,'2026-06-19 09:04:09',1,1,0,0,0,0,0,0,0,0,0,0,0,0,0,1,0,0,'2026-06-19 09:04:09','2026-06-19 09:04:09'),
(108,24,-2.0000,'2026-06-19 09:04:09',1,1,0,0,0,0,0,0,0,0,0,0,0,0,0,1,0,0,'2026-06-19 09:04:09','2026-06-19 09:04:09'),
(109,27,-1.0000,'2026-06-20 22:08:49',1,1,0,0,0,1,0,0,0,0,0,0,0,0,0,0,0,0,'2026-06-20 22:08:49','2026-06-20 22:08:49'),
(110,23,-1.0000,'2026-06-20 22:47:20',1,1,0,0,0,2,0,0,0,0,0,0,0,0,0,0,0,0,'2026-06-20 22:47:20','2026-06-20 22:47:20'),
(111,24,-1.0000,'2026-06-20 23:39:40',1,1,0,0,0,0,0,0,0,0,0,0,0,0,0,1,0,0,'2026-06-20 23:39:40','2026-06-20 23:39:40'),
(112,24,-1.0000,'2026-06-20 23:39:40',1,1,0,0,0,0,0,0,0,0,0,0,0,0,0,1,0,0,'2026-06-20 23:39:40','2026-06-20 23:39:40'),
(113,24,-1.0000,'2026-06-20 23:39:40',1,1,0,0,0,0,0,0,0,0,0,0,0,0,0,1,0,0,'2026-06-20 23:39:40','2026-06-20 23:39:40'),
(114,24,-1.0000,'2026-06-20 23:39:40',1,1,0,0,0,0,0,0,0,0,0,0,0,0,0,2,0,0,'2026-06-20 23:39:40','2026-06-20 23:39:40'),
(115,24,-1.0000,'2026-06-20 23:39:40',1,1,0,0,0,0,0,0,0,0,0,0,0,0,0,2,0,0,'2026-06-20 23:39:40','2026-06-20 23:39:40'),
(116,24,-1.0000,'2026-06-20 23:39:40',1,1,0,0,0,0,0,0,0,0,0,0,0,0,0,2,0,0,'2026-06-20 23:39:40','2026-06-20 23:39:40'),
(117,23,-1.0000,'2026-06-20 23:39:40',1,1,0,0,0,0,0,0,0,0,0,0,0,0,0,3,0,0,'2026-06-20 23:39:40','2026-06-20 23:39:40'),
(118,23,-1.0000,'2026-06-20 23:39:40',1,1,0,0,0,0,0,0,0,0,0,0,0,0,0,3,0,0,'2026-06-20 23:39:40','2026-06-20 23:39:40'),
(119,23,-1.0000,'2026-06-20 23:39:40',1,1,0,0,0,0,0,0,0,0,0,0,0,0,0,3,0,0,'2026-06-20 23:39:40','2026-06-20 23:39:40'),
(120,6,-1.0000,'2026-06-25 12:28:20',1,1,0,0,0,1,0,0,0,0,0,0,0,0,0,0,0,0,'2026-06-25 12:28:20','2026-06-25 12:28:20'),
(121,24,-1.0000,'2026-06-25 12:35:10',1,1,0,0,0,2,0,0,0,0,0,0,0,0,0,0,0,0,'2026-06-25 12:35:11','2026-06-25 12:35:11'),
(122,24,-5.0000,'2026-06-30 16:39:15',1,1,0,0,0,1,0,0,0,0,0,0,0,0,0,0,0,0,'2026-06-30 16:39:15','2026-06-30 16:39:15'),
(123,27,-1.0000,'2026-06-30 16:40:36',1,1,0,0,0,2,0,0,0,0,0,0,0,0,0,0,0,0,'2026-06-30 16:40:36','2026-06-30 16:40:36'),
(124,24,-1.0000,'2026-06-30 16:40:58',1,1,0,0,0,3,0,0,0,0,0,0,0,0,0,0,0,0,'2026-06-30 16:40:58','2026-06-30 16:40:58');
COMMIT;

--
-- Table structure for table `item_movement_rel_extra`
--

CREATE TABLE `item_movement_rel_extra` (
  `id` int(10) unsigned NOT NULL AUTO_INCREMENT,
  `item_id` int(10) unsigned DEFAULT 0,
  `item_movement_id` int(10) unsigned DEFAULT 0,
  `item_color_id` int(10) unsigned DEFAULT 0,
  `item_status_id` int(10) unsigned DEFAULT 0,
  `item_unit_business_id` int(10) unsigned DEFAULT 0,
  `item_mold_cavities_id` int(10) unsigned DEFAULT 0,
  `item_package_measurements_id` int(10) unsigned DEFAULT 0,
  `item_units_per_package_id` int(10) unsigned DEFAULT 0,
  `item_mold_properties_id` int(10) unsigned DEFAULT 0,
  `item_product_family_id` int(10) unsigned DEFAULT 0,
  `item_size_id` int(10) unsigned DEFAULT 0,
  `created_at` timestamp NULL DEFAULT NULL,
  `updated_at` timestamp NULL DEFAULT NULL,
  PRIMARY KEY (`id`),
  KEY `item_movement_rel_extra_item_movement_id_foreign` (`item_movement_id`),
  KEY `index_item_status_id` (`item_status_id`),
  KEY `index_item_unit_business_id` (`item_unit_business_id`),
  KEY `index_item_mold_cavities_id` (`item_mold_cavities_id`),
  KEY `index_item_package_measurements_id` (`item_package_measurements_id`),
  KEY `index_item_units_per_package_id` (`item_units_per_package_id`),
  KEY `index_item_mold_properties_id` (`item_mold_properties_id`),
  KEY `index_item_product_family_id` (`item_product_family_id`),
  KEY `index_item_size_id` (`item_size_id`),
  CONSTRAINT `item_movement_rel_extra_item_movement_id_foreign` FOREIGN KEY (`item_movement_id`) REFERENCES `item_movement` (`id`)
) ENGINE=InnoDB AUTO_INCREMENT=8 DEFAULT CHARSET=utf8mb4 COLLATE=utf8mb4_unicode_ci;

--
-- Dumping data for table `item_movement_rel_extra`
--

INSERT INTO `item_movement_rel_extra` VALUES
(1,1,1,0,0,0,0,0,0,0,0,0,'2025-12-27 12:06:24','2025-12-27 12:06:24'),
(2,1,55,0,0,0,0,0,0,0,0,0,'2026-04-14 12:52:30','2026-04-14 12:52:30'),
(3,28,94,0,0,0,0,0,0,0,0,0,'2026-05-19 19:29:15','2026-05-19 19:29:15'),
(6,14,101,0,0,0,0,0,0,0,0,0,'2026-06-15 05:06:44','2026-06-15 05:06:44'),
(7,6,120,0,0,0,0,0,0,0,0,0,'2026-06-25 12:28:20','2026-06-25 12:28:20');
COMMIT;

--
-- Table structure for table `item_package_measurements`
--

CREATE TABLE `item_package_measurements` (
  `id` int(10) unsigned NOT NULL AUTO_INCREMENT,
  `item_id` int(10) unsigned NOT NULL,
  `cat_item_package_measurements_id` int(10) unsigned NOT NULL,
  `active` tinyint(4) DEFAULT 1 COMMENT 'Define si se encuentra activo',
  `created_at` timestamp NULL DEFAULT NULL,
  `updated_at` timestamp NULL DEFAULT NULL,
  PRIMARY KEY (`id`)
) ENGINE=InnoDB DEFAULT CHARSET=utf8mb4 COLLATE=utf8mb4_unicode_ci;

--
-- Dumping data for table `item_package_measurements`
--

COMMIT;

--
-- Table structure for table `item_product_family`
--

CREATE TABLE `item_product_family` (
  `id` int(10) unsigned NOT NULL AUTO_INCREMENT,
  `item_id` int(10) unsigned NOT NULL,
  `cat_item_product_family_id` int(10) unsigned NOT NULL,
  `active` tinyint(4) DEFAULT 1 COMMENT 'Define si se encuentra activo',
  `created_at` timestamp NULL DEFAULT NULL,
  `updated_at` timestamp NULL DEFAULT NULL,
  PRIMARY KEY (`id`)
) ENGINE=InnoDB DEFAULT CHARSET=utf8mb4 COLLATE=utf8mb4_unicode_ci;

--
-- Dumping data for table `item_product_family`
--

COMMIT;

--
-- Table structure for table `item_rel_suscription_plans`
--

CREATE TABLE `item_rel_suscription_plans` (
  `id` int(10) unsigned NOT NULL AUTO_INCREMENT,
  `item_id` int(10) unsigned DEFAULT 0 COMMENT 'Relacion con items',
  `item` longtext CHARACTER SET utf8mb4 COLLATE utf8mb4_bin DEFAULT NULL,
  `suscription_plan_id` int(10) unsigned DEFAULT 0 COMMENT 'Relacion con planes de suscripcion',
  `quantity` decimal(12,2) DEFAULT 0.00,
  `unit_value` decimal(16,2) DEFAULT 0.00,
  `affectation_igv_type_id` char(255) DEFAULT NULL,
  `total_base_igv` decimal(12,2) DEFAULT 0.00,
  `percentage_igv` decimal(12,2) DEFAULT 0.00,
  `total_igv` decimal(12,2) DEFAULT 0.00,
  `system_isc_type_id` char(255) DEFAULT NULL,
  `total_base_isc` decimal(12,2) DEFAULT 0.00,
  `percentage_isc` decimal(12,2) DEFAULT 0.00,
  `total_isc` decimal(12,2) DEFAULT 0.00,
  `total_base_other_taxes` decimal(12,2) DEFAULT 0.00,
  `percentage_other_taxes` decimal(12,2) DEFAULT 0.00,
  `total_other_taxes` decimal(12,2) DEFAULT 0.00,
  `total_taxes` decimal(12,2) DEFAULT 0.00,
  `price_type_id` char(255) DEFAULT NULL,
  `unit_price` decimal(16,6) DEFAULT 0.000000,
  `total_value` decimal(12,2) DEFAULT 0.00,
  `total_charge` decimal(12,2) DEFAULT 0.00,
  `total_discount` decimal(12,2) DEFAULT 0.00,
  `total` decimal(12,2) DEFAULT 0.00,
  `attributes` longtext CHARACTER SET utf8mb4 COLLATE utf8mb4_bin DEFAULT NULL,
  `discounts` longtext CHARACTER SET utf8mb4 COLLATE utf8mb4_bin DEFAULT NULL,
  `charges` longtext CHARACTER SET utf8mb4 COLLATE utf8mb4_bin DEFAULT NULL,
  `additional_information` text DEFAULT NULL,
  `warehouse_id` int(10) unsigned DEFAULT 0,
  `name_product_pdf` longtext DEFAULT NULL,
  `created_at` timestamp NULL DEFAULT NULL,
  `updated_at` timestamp NULL DEFAULT NULL,
  PRIMARY KEY (`id`)
) ENGINE=InnoDB DEFAULT CHARSET=utf8mb4 COLLATE=utf8mb4_unicode_ci;

--
-- Dumping data for table `item_rel_suscription_plans`
--

COMMIT;

--
-- Table structure for table `item_sets`
--

CREATE TABLE `item_sets` (
  `id` int(10) unsigned NOT NULL AUTO_INCREMENT,
  `item_id` int(10) unsigned NOT NULL,
  `individual_item_id` int(10) unsigned NOT NULL,
  `quantity` decimal(12,4) NOT NULL DEFAULT 1.0000,
  `created_at` timestamp NULL DEFAULT NULL,
  `updated_at` timestamp NULL DEFAULT NULL,
  PRIMARY KEY (`id`),
  KEY `item_sets_item_id_foreign` (`item_id`),
  KEY `item_sets_individual_item_id_foreign` (`individual_item_id`),
  CONSTRAINT `item_sets_individual_item_id_foreign` FOREIGN KEY (`individual_item_id`) REFERENCES `items` (`id`),
  CONSTRAINT `item_sets_item_id_foreign` FOREIGN KEY (`item_id`) REFERENCES `items` (`id`) ON DELETE CASCADE
) ENGINE=InnoDB DEFAULT CHARSET=utf8mb4 COLLATE=utf8mb4_unicode_ci;

--
-- Dumping data for table `item_sets`
--

COMMIT;

--
-- Table structure for table `item_size`
--

CREATE TABLE `item_size` (
  `id` int(10) unsigned NOT NULL AUTO_INCREMENT,
  `item_id` int(10) unsigned NOT NULL,
  `cat_item_size_id` int(10) unsigned NOT NULL,
  `active` tinyint(4) DEFAULT 1 COMMENT 'Define si se encuentra activo',
  `created_at` timestamp NULL DEFAULT NULL,
  `updated_at` timestamp NULL DEFAULT NULL,
  PRIMARY KEY (`id`)
) ENGINE=InnoDB DEFAULT CHARSET=utf8mb4 COLLATE=utf8mb4_unicode_ci;

--
-- Dumping data for table `item_size`
--

COMMIT;

--
-- Table structure for table `item_status`
--

CREATE TABLE `item_status` (
  `id` int(10) unsigned NOT NULL AUTO_INCREMENT,
  `item_id` int(10) unsigned NOT NULL,
  `cat_item_status_id` int(10) unsigned NOT NULL,
  `active` tinyint(4) DEFAULT 1 COMMENT 'Define si se encuentra activo',
  `created_at` timestamp NULL DEFAULT NULL,
  `updated_at` timestamp NULL DEFAULT NULL,
  PRIMARY KEY (`id`)
) ENGINE=InnoDB DEFAULT CHARSET=utf8mb4 COLLATE=utf8mb4_unicode_ci;

--
-- Dumping data for table `item_status`
--

COMMIT;

--
-- Table structure for table `item_supplies`
--

CREATE TABLE `item_supplies` (
  `id` int(10) unsigned NOT NULL AUTO_INCREMENT,
  `item_id` int(10) unsigned NOT NULL,
  `individual_item_id` int(10) unsigned NOT NULL,
  `quantity` decimal(13,3) DEFAULT 0.000,
  `unit_price` decimal(12,2) DEFAULT 0.00,
  `created_at` timestamp NULL DEFAULT NULL,
  `updated_at` timestamp NULL DEFAULT NULL,
  PRIMARY KEY (`id`),
  KEY `item_supplies_item_id_foreign` (`item_id`),
  KEY `item_supplies_individual_item_id_foreign` (`individual_item_id`),
  CONSTRAINT `item_supplies_individual_item_id_foreign` FOREIGN KEY (`individual_item_id`) REFERENCES `items` (`id`),
  CONSTRAINT `item_supplies_item_id_foreign` FOREIGN KEY (`item_id`) REFERENCES `items` (`id`) ON DELETE CASCADE
) ENGINE=InnoDB DEFAULT CHARSET=utf8mb4 COLLATE=utf8mb4_unicode_ci;

--
-- Dumping data for table `item_supplies`
--

COMMIT;

--
-- Table structure for table `item_tags`
--

CREATE TABLE `item_tags` (
  `id` int(10) unsigned NOT NULL AUTO_INCREMENT,
  `item_id` int(10) unsigned NOT NULL,
  `tag_id` int(10) unsigned NOT NULL,
  `created_at` timestamp NULL DEFAULT NULL,
  `updated_at` timestamp NULL DEFAULT NULL,
  PRIMARY KEY (`id`),
  KEY `item_tags_item_id_foreign` (`item_id`),
  KEY `item_tags_tag_id_foreign` (`tag_id`),
  CONSTRAINT `item_tags_item_id_foreign` FOREIGN KEY (`item_id`) REFERENCES `items` (`id`) ON DELETE CASCADE,
  CONSTRAINT `item_tags_tag_id_foreign` FOREIGN KEY (`tag_id`) REFERENCES `tags` (`id`) ON DELETE CASCADE
) ENGINE=InnoDB DEFAULT CHARSET=utf8mb4 COLLATE=utf8mb4_unicode_ci;

--
-- Dumping data for table `item_tags`
--

COMMIT;

--
-- Table structure for table `item_types`
--

CREATE TABLE `item_types` (
  `id` char(2) NOT NULL,
  `description` varchar(255) NOT NULL,
  KEY `item_types_id_index` (`id`)
) ENGINE=InnoDB DEFAULT CHARSET=utf8mb4 COLLATE=utf8mb4_unicode_ci;

--
-- Dumping data for table `item_types`
--

INSERT INTO `item_types` VALUES
('01','Producto'),
('02','Servicio');
COMMIT;

--
-- Table structure for table `item_unit_business`
--

CREATE TABLE `item_unit_business` (
  `id` int(10) unsigned NOT NULL AUTO_INCREMENT,
  `item_id` int(10) unsigned NOT NULL,
  `cat_item_unit_business_id` int(10) unsigned NOT NULL,
  `active` tinyint(4) DEFAULT 1 COMMENT 'Define si se encuentra activo',
  `created_at` timestamp NULL DEFAULT NULL,
  `updated_at` timestamp NULL DEFAULT NULL,
  PRIMARY KEY (`id`)
) ENGINE=InnoDB DEFAULT CHARSET=utf8mb4 COLLATE=utf8mb4_unicode_ci;

--
-- Dumping data for table `item_unit_business`
--

COMMIT;

--
-- Table structure for table `item_unit_type_changes`
--

CREATE TABLE `item_unit_type_changes` (
  `id` bigint(20) unsigned NOT NULL AUTO_INCREMENT,
  `item_id` int(10) unsigned NOT NULL,
  `item_unit_type_id` int(10) unsigned NOT NULL,
  `warehouse_id` int(10) unsigned DEFAULT NULL,
  `field` varchar(32) NOT NULL,
  `old_value` decimal(12,4) DEFAULT NULL,
  `new_value` decimal(12,4) DEFAULT NULL,
  `user_id` int(10) unsigned DEFAULT NULL,
  `reason` varchar(255) DEFAULT NULL,
  `created_at` timestamp NOT NULL DEFAULT current_timestamp(),
  PRIMARY KEY (`id`),
  KEY `item_unit_type_changes_item_unit_type_id_field_index` (`item_unit_type_id`,`field`),
  KEY `item_unit_type_changes_item_id_created_at_index` (`item_id`,`created_at`),
  KEY `iutc_wh_created_idx` (`warehouse_id`,`created_at`)
) ENGINE=InnoDB DEFAULT CHARSET=utf8mb4 COLLATE=utf8mb4_unicode_ci;

--
-- Dumping data for table `item_unit_type_changes`
--

COMMIT;

--
-- Table structure for table `item_unit_type_warehouse_price`
--

CREATE TABLE `item_unit_type_warehouse_price` (
  `id` bigint(20) unsigned NOT NULL AUTO_INCREMENT,
  `item_unit_type_id` int(10) unsigned NOT NULL,
  `warehouse_id` int(10) unsigned NOT NULL,
  `price1` decimal(12,2) DEFAULT NULL,
  `price2` decimal(12,2) DEFAULT NULL,
  `price3` decimal(12,2) DEFAULT NULL,
  `price_default` tinyint(3) unsigned DEFAULT NULL,
  `created_at` timestamp NULL DEFAULT NULL,
  `updated_at` timestamp NULL DEFAULT NULL,
  PRIMARY KEY (`id`),
  UNIQUE KEY `iutwp_unique` (`item_unit_type_id`,`warehouse_id`),
  KEY `iutwp_wh_idx` (`warehouse_id`,`item_unit_type_id`),
  CONSTRAINT `iutwp_iut_fk` FOREIGN KEY (`item_unit_type_id`) REFERENCES `item_unit_types` (`id`) ON DELETE CASCADE,
  CONSTRAINT `iutwp_wh_fk` FOREIGN KEY (`warehouse_id`) REFERENCES `warehouses` (`id`) ON DELETE CASCADE
) ENGINE=InnoDB DEFAULT CHARSET=utf8mb4 COLLATE=utf8mb4_unicode_ci;

--
-- Dumping data for table `item_unit_type_warehouse_price`
--

COMMIT;

--
-- Table structure for table `item_unit_types`
--

CREATE TABLE `item_unit_types` (
  `id` int(10) unsigned NOT NULL AUTO_INCREMENT,
  `description` varchar(255) NOT NULL,
  `item_id` int(10) unsigned NOT NULL,
  `unit_type_id` varchar(255) NOT NULL,
  `quantity_unit` decimal(12,4) NOT NULL,
  `price1` decimal(12,4) NOT NULL,
  `price2` decimal(12,4) NOT NULL,
  `price3` decimal(12,4) NOT NULL,
  `price_default` tinyint(1) NOT NULL DEFAULT 2,
  `barcode` varchar(150) DEFAULT NULL,
  `deleted_at` timestamp NULL DEFAULT NULL,
  PRIMARY KEY (`id`),
  UNIQUE KEY `item_unit_types_barcode_unique` (`barcode`),
  KEY `item_unit_types_unit_type_id_foreign` (`unit_type_id`),
  KEY `item_unit_types_item_id_foreign` (`item_id`),
  CONSTRAINT `item_unit_types_item_id_foreign` FOREIGN KEY (`item_id`) REFERENCES `items` (`id`),
  CONSTRAINT `item_unit_types_unit_type_id_foreign` FOREIGN KEY (`unit_type_id`) REFERENCES `cat_unit_types` (`id`)
) ENGINE=InnoDB AUTO_INCREMENT=48 DEFAULT CHARSET=utf8mb4 COLLATE=utf8mb4_unicode_ci;

--
-- Dumping data for table `item_unit_types`
--

INSERT INTO `item_unit_types` VALUES
(1,'Unidad',2,'NIU',1.0000,7.0000,0.0000,0.0000,1,'1NIU1',NULL),
(2,'Unidad',3,'NIU',1.0000,6.0000,0.0000,0.0000,1,'2NIU1',NULL),
(3,'Unidad',4,'NIU',1.0000,8.0000,0.0000,0.0000,1,'3NIU1',NULL),
(4,'Unidad',5,'NIU',1.0000,7.0000,0.0000,0.0000,1,'4NIU1',NULL),
(5,'Unidad',6,'NIU',1.0000,7.0000,0.0000,0.0000,1,'5NIU1',NULL),
(6,'Unidad',7,'NIU',1.0000,7.0000,0.0000,0.0000,1,'6NIU1',NULL),
(7,'Unidad',8,'NIU',1.0000,7.0000,0.0000,0.0000,1,'7NIU1',NULL),
(8,'Unidad',9,'NIU',1.0000,7.0000,0.0000,0.0000,1,'8NIU1',NULL),
(9,'Unidad',10,'NIU',1.0000,6.0000,0.0000,0.0000,1,'9NIU1',NULL),
(10,'Unidad',11,'NIU',1.0000,5.0000,0.0000,0.0000,1,'10NIU1',NULL),
(11,'Blíster',13,'BL',1.0000,15.0000,0.0000,0.0000,1,'11BL1',NULL),
(12,'Blíster',14,'BL',1.0000,15.0000,0.0000,0.0000,1,'12BL1',NULL),
(13,'Blíster',15,'BL',1.0000,22.5000,0.0000,0.0000,1,'13BL1',NULL),
(14,'Blíster',16,'BL',1.0000,10.0000,0.0000,0.0000,1,'14BL1',NULL),
(15,'Blíster',17,'BL',1.0000,15.0000,0.0000,0.0000,1,'15BL1',NULL),
(16,'Blíster',18,'BL',1.0000,22.5000,0.0000,0.0000,1,'16BL1',NULL),
(17,'Blíster',19,'BL',1.0000,10.0000,0.0000,0.0000,1,'17BL1',NULL),
(18,'Blíster',20,'BL',1.0000,15.0000,0.0000,0.0000,1,'18BL1',NULL),
(19,'Blíster',21,'BL',1.0000,22.5000,0.0000,0.0000,1,'19BL1',NULL),
(20,'Blíster',22,'BL',1.0000,10.0000,0.0000,0.0000,1,'20BL1',NULL),
(21,'Blíster',6,'BL',1.0000,15.0000,0.0000,0.0000,1,'21BL1',NULL),
(22,'Unidad',25,'NIU',1.0000,4.3000,4.0400,3.8700,1,'DEMO-PHARM-EXPIRED-NIU',NULL),
(23,'Bl?ster x10',25,'BL',10.0000,43.0000,40.4000,38.7000,0,'DEMO-PHARM-EXPIRED-BL10',NULL),
(24,'Caja x100',25,'BX',100.0000,430.0000,404.0000,387.0000,0,'DEMO-PHARM-EXPIRED-BX100',NULL),
(25,'Unidad',23,'NIU',1.0000,1.0000,0.9400,0.9000,1,'DEMO-PHARM-HIGH-NIU',NULL),
(26,'Bl?ster x10',23,'BL',10.0000,10.0000,9.4000,9.0000,0,'DEMO-PHARM-HIGH-BL10',NULL),
(27,'Caja x100',23,'BX',100.0000,100.0000,94.0000,90.0000,0,'DEMO-PHARM-HIGH-BX100',NULL),
(28,'Unidad',26,'NIU',1.0000,6.5000,6.1100,5.8500,1,'DEMO-PHARM-IDLE-NIU',NULL),
(29,'Bl?ster x10',26,'BL',10.0000,65.0000,61.1000,58.5000,0,'DEMO-PHARM-IDLE-BL10',NULL),
(30,'Caja x100',26,'BX',100.0000,650.0000,611.0000,585.0000,0,'DEMO-PHARM-IDLE-BX100',NULL),
(31,'Unidad',24,'NIU',1.0000,4.8000,4.5100,4.3200,1,'DEMO-PHARM-NEAR-NIU',NULL),
(32,'Bl?ster x10',24,'BL',10.0000,48.0000,45.1000,43.2000,0,'DEMO-PHARM-NEAR-BL10',NULL),
(33,'Caja x100',24,'BX',100.0000,480.0000,451.0000,432.0000,0,'DEMO-PHARM-NEAR-BX100',NULL),
(34,'Unidad',28,'NIU',1.0000,9.5000,8.9300,8.5500,1,'DEMO-PHARM-RX-NIU',NULL),
(35,'Bl?ster x10',28,'BL',10.0000,95.0000,89.3000,85.5000,0,'DEMO-PHARM-RX-BL10',NULL),
(36,'Caja x100',28,'BX',100.0000,950.0000,893.0000,855.0000,0,'DEMO-PHARM-RX-BX100',NULL),
(37,'Unidad',27,'NIU',1.0000,8.0000,7.5200,7.2000,1,'DEMO-PHARM-STOCKOUT-NIU',NULL),
(38,'Bl?ster x10',27,'BL',10.0000,80.0000,75.2000,72.0000,0,'DEMO-PHARM-STOCKOUT-BL10',NULL),
(39,'Caja x100',27,'BX',100.0000,800.0000,752.0000,720.0000,0,'DEMO-PHARM-STOCKOUT-BX100',NULL),
(40,'Unidad',29,'ZZ',1.0000,20.0000,0.0000,0.0000,1,'40ZZ1',NULL),
(41,'Unidad',30,'NIU',1.0000,12.0000,0.0000,0.0000,1,'41NIU1',NULL),
(42,'Unidad',31,'NIU',1.0000,34.0800,0.0000,0.0000,1,'42NIU1',NULL),
(43,'Caja',27,'BX',100.0000,0.0000,0.0000,0.0000,1,'43BX100',NULL),
(44,'Blíster',27,'BL',10.0000,0.0000,0.0000,0.0000,1,'44BL10',NULL),
(45,'Unidad',27,'NIU',1.0000,0.0000,0.0000,0.0000,1,'45NIU1',NULL),
(46,'Unidad',32,'NIU',1.0000,9.0000,0.0000,0.0000,1,'46NIU1',NULL),
(47,'Unidad',33,'NIU',1.0000,5.0000,0.0000,0.0000,1,'47NIU1',NULL);
COMMIT;

--
-- Table structure for table `item_units_per_package`
--

CREATE TABLE `item_units_per_package` (
  `id` int(10) unsigned NOT NULL AUTO_INCREMENT,
  `item_id` int(10) unsigned NOT NULL,
  `cat_item_units_per_package_id` int(10) unsigned NOT NULL,
  `active` tinyint(4) DEFAULT 1 COMMENT 'Define si se encuentra activo',
  `created_at` timestamp NULL DEFAULT NULL,
  `updated_at` timestamp NULL DEFAULT NULL,
  PRIMARY KEY (`id`)
) ENGINE=InnoDB DEFAULT CHARSET=utf8mb4 COLLATE=utf8mb4_unicode_ci;

--
-- Dumping data for table `item_units_per_package`
--

COMMIT;

--
-- Table structure for table `item_warehouse`
--

CREATE TABLE `item_warehouse` (
  `id` int(10) unsigned NOT NULL AUTO_INCREMENT,
  `item_id` int(10) unsigned NOT NULL,
  `warehouse_id` int(10) unsigned NOT NULL,
  `stock` decimal(12,4) NOT NULL,
  `created_at` timestamp NULL DEFAULT NULL,
  `updated_at` timestamp NULL DEFAULT NULL,
  PRIMARY KEY (`id`),
  UNIQUE KEY `idx_item_warehouse_unique` (`item_id`,`warehouse_id`),
  KEY `item_warehouse_item_id_foreign` (`item_id`),
  KEY `item_warehouse_warehouse_id_foreign` (`warehouse_id`),
  CONSTRAINT `item_warehouse_item_id_foreign` FOREIGN KEY (`item_id`) REFERENCES `items` (`id`) ON DELETE CASCADE,
  CONSTRAINT `item_warehouse_warehouse_id_foreign` FOREIGN KEY (`warehouse_id`) REFERENCES `warehouses` (`id`) ON DELETE CASCADE
) ENGINE=InnoDB AUTO_INCREMENT=34 DEFAULT CHARSET=utf8mb4 COLLATE=utf8mb4_unicode_ci;

--
-- Dumping data for table `item_warehouse`
--

INSERT INTO `item_warehouse` VALUES
(1,1,1,77.0000,'2025-12-27 11:52:59','2026-06-30 13:10:26'),
(2,2,1,5.0000,'2026-04-10 23:47:32','2026-06-13 10:02:11'),
(3,3,1,0.0000,'2026-04-10 23:47:46','2026-04-10 23:47:46'),
(4,4,1,0.0000,'2026-04-10 23:48:33','2026-04-15 12:01:15'),
(5,5,1,0.0000,'2026-04-10 23:48:47','2026-04-29 16:12:33'),
(6,6,1,18.0000,'2026-04-10 23:49:01','2026-06-25 12:28:20'),
(7,7,1,0.0000,'2026-04-10 23:52:53','2026-04-10 23:52:53'),
(8,8,1,0.0000,'2026-04-10 23:53:54','2026-04-10 23:53:54'),
(9,9,1,0.0000,'2026-04-10 23:57:39','2026-04-10 23:57:39'),
(10,10,1,-1.0000,'2026-04-11 00:13:16','2026-04-15 03:01:50'),
(11,11,1,0.0000,'2026-04-11 02:04:12','2026-04-11 02:04:12'),
(13,13,1,11.0000,'2026-04-12 22:56:26','2026-05-06 19:21:58'),
(14,14,1,23.0000,'2026-04-12 23:01:02','2026-06-15 05:06:44'),
(15,15,1,9.0000,'2026-04-12 23:01:44','2026-04-29 16:12:33'),
(16,16,1,100.0000,'2026-04-12 23:02:26','2026-04-12 23:02:26'),
(17,17,1,23.0000,'2026-04-12 23:39:05','2026-05-06 19:16:01'),
(18,18,1,59.0000,'2026-04-12 23:39:30','2026-06-30 13:11:12'),
(19,19,1,100.0000,'2026-04-12 23:43:24','2026-04-12 23:43:24'),
(20,20,1,24.0000,'2026-04-13 09:05:43','2026-05-06 18:32:32'),
(21,21,1,10.0000,'2026-04-13 09:06:06','2026-04-13 09:06:06'),
(22,22,1,100.0000,'2026-04-13 09:09:58','2026-04-13 09:09:58'),
(23,23,1,198.0000,'2026-05-09 23:19:54','2026-06-20 23:39:40'),
(24,24,1,45.0000,'2026-05-09 23:19:54','2026-06-30 16:40:58'),
(25,25,1,19.0000,'2026-05-09 23:19:54','2026-05-19 19:11:09'),
(26,26,1,240.0000,'2026-05-09 23:19:54','2026-05-10 01:32:23'),
(27,27,1,5.0000,'2026-05-09 23:19:54','2026-06-30 16:40:36'),
(28,28,1,139.0000,'2026-05-09 23:19:54','2026-05-19 19:29:15'),
(29,30,1,99.0000,'2026-05-20 15:57:14','2026-06-04 19:31:28'),
(30,31,1,0.0000,'2026-06-04 19:01:47','2026-06-04 19:01:47'),
(31,32,1,0.0000,'2026-06-16 21:16:39','2026-06-16 21:16:39'),
(32,1,2,5.0000,'2026-06-30 13:10:26','2026-06-30 13:10:26'),
(33,33,1,20.0000,'2026-06-30 16:42:09','2026-06-30 16:42:09');
COMMIT;

--
-- Table structure for table `item_warehouse_pricing_states`
--

CREATE TABLE `item_warehouse_pricing_states` (
  `id` bigint(20) unsigned NOT NULL AUTO_INCREMENT,
  `item_id` int(10) unsigned NOT NULL,
  `warehouse_id` int(10) unsigned NOT NULL,
  `initialized_at` timestamp NULL DEFAULT NULL,
  `initialized_source` varchar(32) DEFAULT NULL,
  `last_applied_at` timestamp NULL DEFAULT NULL,
  `last_applied_from_warehouse_id` int(10) unsigned DEFAULT NULL,
  `created_at` timestamp NULL DEFAULT NULL,
  `updated_at` timestamp NULL DEFAULT NULL,
  PRIMARY KEY (`id`),
  UNIQUE KEY `iwps_item_wh_unique` (`item_id`,`warehouse_id`),
  KEY `iwps_wh_initialized_idx` (`warehouse_id`,`initialized_at`),
  KEY `iwps_last_applied_wh_fk` (`last_applied_from_warehouse_id`),
  CONSTRAINT `iwps_item_fk` FOREIGN KEY (`item_id`) REFERENCES `items` (`id`) ON DELETE CASCADE,
  CONSTRAINT `iwps_last_applied_wh_fk` FOREIGN KEY (`last_applied_from_warehouse_id`) REFERENCES `warehouses` (`id`) ON DELETE SET NULL,
  CONSTRAINT `iwps_wh_fk` FOREIGN KEY (`warehouse_id`) REFERENCES `warehouses` (`id`) ON DELETE CASCADE
) ENGINE=InnoDB AUTO_INCREMENT=2 DEFAULT CHARSET=utf8mb4 COLLATE=utf8mb4_unicode_ci;

--
-- Dumping data for table `item_warehouse_pricing_states`
--

INSERT INTO `item_warehouse_pricing_states` VALUES
(1,1,2,'2026-06-30 13:10:26','auto_first_transfer','2026-06-30 13:10:26',1,'2026-06-30 13:10:26','2026-06-30 13:10:26');
COMMIT;

--
-- Table structure for table `items`
--

CREATE TABLE `items` (
  `id` int(10) unsigned NOT NULL AUTO_INCREMENT,
  `name` varchar(600) DEFAULT NULL,
  `active_principle` varchar(600) DEFAULT NULL,
  `description` varchar(600) DEFAULT NULL,
  `text_filter` longtext DEFAULT NULL,
  `model` varchar(100) DEFAULT NULL,
  `factory_code` varchar(255) DEFAULT NULL,
  `barcode` varchar(150) DEFAULT NULL,
  `technical_specifications` varchar(300) DEFAULT NULL,
  `item_type_id` char(2) NOT NULL,
  `internal_id` varchar(30) DEFAULT NULL,
  `item_code` varchar(255) DEFAULT NULL,
  `date_of_due` date DEFAULT NULL,
  `account_id` int(10) unsigned DEFAULT NULL,
  `item_code_gs1` varchar(255) DEFAULT NULL,
  `unit_type_id` varchar(255) NOT NULL,
  `currency_type_id` varchar(255) NOT NULL,
  `sale_unit_price` decimal(16,6) NOT NULL,
  `purchase_has_igv` tinyint(1) NOT NULL DEFAULT 1,
  `has_igv` tinyint(1) NOT NULL DEFAULT 1,
  `subject_to_detraction` tinyint(1) NOT NULL DEFAULT 0,
  `purchase_unit_price` decimal(16,6) NOT NULL DEFAULT 0.000000,
  `has_isc` tinyint(1) NOT NULL DEFAULT 0,
  `restrict_sale_cpe` tinyint(1) NOT NULL DEFAULT 0,
  `exchange_points` tinyint(1) NOT NULL DEFAULT 0 COMMENT 'sistema por puntos',
  `quantity_of_points` decimal(12,2) NOT NULL DEFAULT 0.00 COMMENT 'sistema por puntos',
  `commission_amount` decimal(8,2) DEFAULT NULL,
  `line` varchar(255) DEFAULT NULL,
  `commission_type` varchar(255) DEFAULT NULL,
  `amount_plastic_bag_taxes` decimal(6,2) NOT NULL DEFAULT 0.10,
  `system_isc_type_id` varchar(255) DEFAULT NULL,
  `percentage_isc` decimal(12,2) NOT NULL DEFAULT 0.00,
  `suggested_price` decimal(12,2) NOT NULL DEFAULT 0.00,
  `purchase_has_isc` tinyint(1) NOT NULL DEFAULT 0,
  `purchase_system_isc_type_id` varchar(255) DEFAULT NULL,
  `purchase_percentage_isc` decimal(12,2) NOT NULL DEFAULT 0.00,
  `sale_affectation_igv_type_id` varchar(255) NOT NULL,
  `purchase_affectation_igv_type_id` varchar(255) NOT NULL,
  `calculate_quantity` tinyint(1) NOT NULL DEFAULT 0,
  `sale_unit_price_set` decimal(16,6) DEFAULT NULL,
  `is_set` tinyint(1) NOT NULL DEFAULT 0,
  `favorite` tinyint(1) NOT NULL DEFAULT 0,
  `category_id` int(10) unsigned DEFAULT NULL,
  `brand_id` int(10) unsigned DEFAULT NULL,
  `image` varchar(255) NOT NULL DEFAULT 'imagen-no-disponible.jpg',
  `image_medium` varchar(255) NOT NULL DEFAULT 'imagen-no-disponible.jpg',
  `image_small` varchar(255) NOT NULL DEFAULT 'imagen-no-disponible.jpg',
  `stock` decimal(16,4) NOT NULL DEFAULT 0.0000,
  `stock_min` decimal(12,2) NOT NULL DEFAULT 0.00,
  `has_plastic_bag_taxes` tinyint(1) NOT NULL DEFAULT 0,
  `lot_code` varchar(255) DEFAULT NULL,
  `lots_enabled` tinyint(1) NOT NULL DEFAULT 0,
  `series_enabled` tinyint(1) NOT NULL DEFAULT 0,
  `percentage_of_profit` decimal(12,2) NOT NULL DEFAULT 0.00,
  `has_perception` tinyint(1) NOT NULL DEFAULT 0,
  `percentage_perception` decimal(12,2) DEFAULT NULL,
  `attributes` longtext CHARACTER SET utf8mb4 COLLATE utf8mb4_bin DEFAULT NULL,
  `active` tinyint(1) NOT NULL DEFAULT 1,
  `web_platform_id` int(10) unsigned DEFAULT NULL,
  `created_at` timestamp NULL DEFAULT NULL,
  `updated_at` timestamp NULL DEFAULT NULL,
  `warehouse_id` int(10) unsigned DEFAULT NULL,
  `owner_warehouse_id` int(10) unsigned DEFAULT NULL,
  `status` tinyint(4) NOT NULL DEFAULT 1,
  `apply_store` tinyint(1) NOT NULL DEFAULT 0,
  `apply_restaurant` tinyint(1) NOT NULL DEFAULT 0 COMMENT 'visible en menu restaurante',
  `code` int(11) DEFAULT NULL,
  `concentration` varchar(255) DEFAULT NULL,
  `formula` varchar(255) DEFAULT NULL,
  `drug_code` varchar(255) DEFAULT NULL,
  `points` double(8,2) DEFAULT NULL,
  `cod_digemid` text DEFAULT NULL COMMENT 'Codigo de producto DIGEMID',
  `sanitary` text DEFAULT NULL COMMENT 'Registro sanitario',
  `condition_storage` varchar(255) DEFAULT '< 25C°',
  `requires_prescription` tinyint(1) NOT NULL DEFAULT 0,
  `is_vaccine` tinyint(1) NOT NULL DEFAULT 0,
  `is_vet_service` tinyint(1) NOT NULL DEFAULT 0,
  `generic` tinyint(1) NOT NULL DEFAULT 0,
  `location_id` int(10) unsigned DEFAULT NULL,
  `is_for_production` tinyint(1) NOT NULL DEFAULT 0 COMMENT 'Define si es compuesto para produccion',
  `second_name` varchar(600) DEFAULT NULL,
  `is_clinic_service` tinyint(1) NOT NULL DEFAULT 0,
  PRIMARY KEY (`id`),
  KEY `items_item_type_id_foreign` (`item_type_id`),
  KEY `items_unit_type_id_foreign` (`unit_type_id`),
  KEY `items_currency_type_id_foreign` (`currency_type_id`),
  KEY `items_system_isc_type_id_foreign` (`system_isc_type_id`),
  KEY `items_sale_affectation_igv_type_id_foreign` (`sale_affectation_igv_type_id`),
  KEY `items_purchase_affectation_igv_type_id_foreign` (`purchase_affectation_igv_type_id`),
  KEY `items_warehouse_id_foreign` (`warehouse_id`),
  KEY `items_account_id_foreign` (`account_id`),
  KEY `items_brand_id_foreign` (`brand_id`),
  KEY `items_category_id_foreign` (`category_id`),
  KEY `items_name_index` (`name`),
  KEY `items_second_name_index` (`active_principle`),
  KEY `items_description_index` (`description`),
  KEY `items_internal_id_index` (`internal_id`),
  KEY `items_item_code_index` (`item_code`),
  KEY `items_web_platform_id_foreign` (`web_platform_id`),
  KEY `items_purchase_system_isc_type_id_foreign` (`purchase_system_isc_type_id`),
  KEY `items_favorite_index` (`favorite`),
  KEY `items_factory_code_index` (`factory_code`),
  KEY `idx_items_category` (`category_id`),
  KEY `idx_items_brand` (`brand_id`),
  KEY `items_owner_wh_active_idx` (`owner_warehouse_id`,`active`),
  KEY `items_is_vet_service_index` (`is_vet_service`),
  FULLTEXT KEY `items_text_filter_fulltext` (`text_filter`),
  CONSTRAINT `items_account_id_foreign` FOREIGN KEY (`account_id`) REFERENCES `accounts` (`id`),
  CONSTRAINT `items_brand_id_foreign` FOREIGN KEY (`brand_id`) REFERENCES `brands` (`id`),
  CONSTRAINT `items_category_id_foreign` FOREIGN KEY (`category_id`) REFERENCES `categories` (`id`),
  CONSTRAINT `items_currency_type_id_foreign` FOREIGN KEY (`currency_type_id`) REFERENCES `cat_currency_types` (`id`),
  CONSTRAINT `items_item_type_id_foreign` FOREIGN KEY (`item_type_id`) REFERENCES `item_types` (`id`),
  CONSTRAINT `items_owner_wh_fk` FOREIGN KEY (`owner_warehouse_id`) REFERENCES `warehouses` (`id`) ON DELETE SET NULL,
  CONSTRAINT `items_purchase_affectation_igv_type_id_foreign` FOREIGN KEY (`purchase_affectation_igv_type_id`) REFERENCES `cat_affectation_igv_types` (`id`),
  CONSTRAINT `items_purchase_system_isc_type_id_foreign` FOREIGN KEY (`purchase_system_isc_type_id`) REFERENCES `cat_system_isc_types` (`id`),
  CONSTRAINT `items_sale_affectation_igv_type_id_foreign` FOREIGN KEY (`sale_affectation_igv_type_id`) REFERENCES `cat_affectation_igv_types` (`id`),
  CONSTRAINT `items_system_isc_type_id_foreign` FOREIGN KEY (`system_isc_type_id`) REFERENCES `cat_system_isc_types` (`id`),
  CONSTRAINT `items_unit_type_id_foreign` FOREIGN KEY (`unit_type_id`) REFERENCES `cat_unit_types` (`id`),
  CONSTRAINT `items_warehouse_id_foreign` FOREIGN KEY (`warehouse_id`) REFERENCES `warehouses` (`id`),
  CONSTRAINT `items_web_platform_id_foreign` FOREIGN KEY (`web_platform_id`) REFERENCES `web_platforms` (`id`)
) ENGINE=InnoDB AUTO_INCREMENT=34 DEFAULT CHARSET=utf8mb4 COLLATE=utf8mb4_unicode_ci;

--
-- Dumping data for table `items`
--

INSERT INTO `items` VALUES
(1,NULL,NULL,'PRODUCTO DE PRUEBA',NULL,NULL,NULL,'000000000001',NULL,'01',NULL,NULL,NULL,NULL,NULL,'NIU','PEN',10.000000,1,1,0,0.000000,0,0,0,0.00,NULL,NULL,NULL,0.10,NULL,0.00,0.00,0,NULL,0.00,'10','10',0,NULL,0,0,NULL,NULL,'producto-de-prueba-20251229163243.jpg','producto-de-prueba-20251229163243_medium.jpg','producto-de-prueba-20251229163243_small.jpg',-38.0000,1.00,0,NULL,0,0,0.00,0,NULL,'[]',1,NULL,'2025-12-27 11:52:59','2026-05-19 19:25:39',NULL,1,1,0,0,NULL,NULL,NULL,NULL,NULL,NULL,NULL,'< 25C°',0,0,0,0,NULL,0,NULL,0),
(2,NULL,NULL,'gff',NULL,NULL,NULL,'000000000002',NULL,'01',NULL,NULL,'2026-04-30',NULL,NULL,'NIU','PEN',7.000000,1,1,0,0.000000,0,0,0,0.00,NULL,NULL,NULL,0.10,NULL,0.00,0.00,0,NULL,0.00,'10','10',0,NULL,0,0,NULL,NULL,'imagen-no-disponible.jpg','imagen-no-disponible.jpg','imagen-no-disponible.jpg',5.0000,1.00,0,'5656',1,0,0.00,0,NULL,'[]',1,NULL,'2026-04-10 23:47:32','2026-06-13 10:02:11',NULL,1,1,0,0,NULL,NULL,NULL,NULL,NULL,NULL,NULL,'< 25C°',0,0,0,0,NULL,0,NULL,0),
(3,NULL,NULL,'rtr',NULL,NULL,NULL,'000000000003',NULL,'01',NULL,NULL,'2026-04-29',NULL,NULL,'NIU','PEN',6.000000,1,1,0,0.000000,0,0,0,0.00,NULL,NULL,NULL,0.10,NULL,0.00,0.00,0,NULL,0.00,'10','10',0,NULL,0,0,NULL,NULL,'imagen-no-disponible.jpg','imagen-no-disponible.jpg','imagen-no-disponible.jpg',0.0000,1.00,0,'66',1,0,0.00,0,NULL,'[]',1,NULL,'2026-04-10 23:47:46','2026-04-10 23:47:46',NULL,1,1,0,0,NULL,NULL,NULL,NULL,NULL,NULL,NULL,'< 25C°',0,0,0,0,NULL,0,NULL,0),
(4,NULL,NULL,'dfd',NULL,NULL,NULL,'000000000004',NULL,'01',NULL,NULL,'2026-04-15',NULL,NULL,'NIU','PEN',8.000000,1,1,0,0.000000,0,0,0,0.00,NULL,NULL,NULL,0.10,NULL,0.00,0.00,0,NULL,0.00,'10','10',0,NULL,0,0,NULL,NULL,'imagen-no-disponible.jpg','imagen-no-disponible.jpg','imagen-no-disponible.jpg',0.0000,1.00,0,'6',1,0,0.00,0,NULL,'[]',1,NULL,'2026-04-10 23:48:33','2026-04-15 12:01:15',NULL,1,1,0,0,NULL,NULL,NULL,NULL,NULL,NULL,NULL,'< 25C°',0,0,0,0,NULL,0,NULL,0),
(5,NULL,NULL,'5656',NULL,NULL,NULL,'000000000005',NULL,'01',NULL,NULL,'2026-04-22',NULL,NULL,'NIU','PEN',7.000000,1,1,0,0.000000,0,0,0,0.00,NULL,NULL,NULL,0.10,NULL,0.00,0.00,0,NULL,0.00,'10','10',0,NULL,0,0,NULL,NULL,'imagen-no-disponible.jpg','imagen-no-disponible.jpg','imagen-no-disponible.jpg',0.0000,1.00,0,'5',1,0,0.00,0,NULL,'[]',1,NULL,'2026-04-10 23:48:47','2026-04-29 16:12:33',NULL,1,1,0,0,NULL,NULL,NULL,NULL,NULL,NULL,NULL,'< 25C°',0,0,0,0,NULL,0,NULL,0),
(6,NULL,NULL,'Agua',NULL,NULL,NULL,'7503023615990',NULL,'01',NULL,NULL,'2026-04-18',NULL,NULL,'NIU','PEN',7.000000,1,1,0,0.000000,0,0,0,0.00,NULL,NULL,NULL,0.10,NULL,0.00,0.00,0,NULL,0.00,'10','10',0,NULL,0,0,NULL,NULL,'imagen-no-disponible.jpg','imagen-no-disponible.jpg','imagen-no-disponible.jpg',18.0000,1.00,0,'7',1,0,0.00,0,NULL,'[]',1,NULL,'2026-04-10 23:49:01','2026-06-25 12:28:20',NULL,1,1,0,0,NULL,NULL,NULL,NULL,NULL,NULL,NULL,'< 25C°',0,0,0,0,NULL,0,NULL,0),
(7,NULL,NULL,'gf',NULL,NULL,NULL,'000000000007',NULL,'01',NULL,NULL,'2026-04-28',NULL,NULL,'NIU','PEN',7.000000,1,1,0,0.000000,0,0,0,0.00,NULL,NULL,NULL,0.10,NULL,0.00,0.00,0,NULL,0.00,'10','10',0,NULL,0,0,NULL,NULL,'imagen-no-disponible.jpg','imagen-no-disponible.jpg','imagen-no-disponible.jpg',0.0000,1.00,0,'77gf',1,0,0.00,0,NULL,'[]',1,NULL,'2026-04-10 23:52:53','2026-04-10 23:52:53',NULL,1,1,0,0,NULL,NULL,NULL,NULL,NULL,NULL,NULL,'< 25C°',0,0,0,0,NULL,0,NULL,0),
(8,NULL,NULL,'fgfg',NULL,NULL,NULL,'000000000008',NULL,'01',NULL,NULL,'2026-04-20',NULL,NULL,'NIU','PEN',7.000000,1,1,0,0.000000,0,0,0,0.00,NULL,NULL,NULL,0.10,NULL,0.00,0.00,0,NULL,0.00,'10','10',0,NULL,0,0,NULL,NULL,'imagen-no-disponible.jpg','imagen-no-disponible.jpg','imagen-no-disponible.jpg',0.0000,1.00,0,'5',1,0,0.00,0,NULL,'[]',1,NULL,'2026-04-10 23:53:54','2026-04-10 23:53:54',NULL,1,1,0,0,NULL,NULL,NULL,NULL,NULL,NULL,NULL,'< 25C°',0,0,0,0,NULL,0,NULL,0),
(9,NULL,NULL,'trtrtr',NULL,NULL,NULL,'000000000009',NULL,'01',NULL,NULL,'2026-04-28',NULL,NULL,'NIU','PEN',7.000000,1,1,0,0.000000,0,0,0,0.00,NULL,NULL,NULL,0.10,NULL,0.00,0.00,0,NULL,0.00,'10','10',0,NULL,0,0,NULL,NULL,'imagen-no-disponible.jpg','imagen-no-disponible.jpg','imagen-no-disponible.jpg',0.0000,1.00,0,'5',1,0,0.00,0,NULL,'[]',1,NULL,'2026-04-10 23:57:39','2026-04-10 23:57:39',NULL,1,1,0,0,NULL,NULL,NULL,NULL,NULL,NULL,NULL,'< 25C°',0,0,0,0,NULL,0,NULL,0),
(10,NULL,NULL,'demo demo',NULL,NULL,NULL,'7503023615990',NULL,'01',NULL,NULL,'2027-04-22',NULL,NULL,'NIU','PEN',6.000000,1,1,0,0.000000,0,0,0,0.00,NULL,NULL,NULL,0.10,NULL,0.00,0.00,0,NULL,0.00,'10','10',0,NULL,0,0,NULL,NULL,'imagen-no-disponible.jpg','imagen-no-disponible.jpg','imagen-no-disponible.jpg',0.0000,1.00,0,'565',1,0,0.00,0,NULL,'[]',1,NULL,'2026-04-11 00:13:16','2026-04-14 09:51:21',NULL,1,1,0,0,NULL,NULL,NULL,NULL,NULL,NULL,NULL,'< 25C°',0,0,0,0,NULL,0,NULL,0),
(11,NULL,NULL,'dfb bd',NULL,NULL,NULL,'000000000011',NULL,'01',NULL,NULL,'2026-04-21',NULL,NULL,'NIU','PEN',5.000000,1,1,0,0.000000,0,0,0,0.00,NULL,NULL,NULL,0.10,NULL,0.00,0.00,0,NULL,0.00,'10','10',0,NULL,0,0,NULL,NULL,'imagen-no-disponible.jpg','imagen-no-disponible.jpg','imagen-no-disponible.jpg',0.0000,1.00,0,'t',1,0,0.00,0,NULL,'[]',1,NULL,'2026-04-11 02:04:12','2026-04-11 02:04:12',NULL,1,1,0,0,NULL,NULL,NULL,NULL,NULL,NULL,NULL,'< 25C°',0,0,0,0,NULL,0,NULL,0),
(13,'QA E2E Item 52479458',NULL,'QA E2E Item 52479458',NULL,NULL,NULL,'QA-E2E-52479458',NULL,'01','QA-E2E-52479458',NULL,NULL,NULL,NULL,'BL','PEN',15.000000,1,1,0,8.000000,0,0,0,0.00,NULL,NULL,NULL,0.10,NULL,0.00,0.00,0,NULL,0.00,'10','10',0,NULL,0,0,NULL,NULL,'imagen-no-disponible.jpg','imagen-no-disponible.jpg','imagen-no-disponible.jpg',8.0000,0.00,0,NULL,0,0,0.00,0,NULL,NULL,1,NULL,'2026-04-12 22:56:26','2026-05-06 19:21:58',NULL,1,1,0,0,NULL,NULL,NULL,NULL,NULL,NULL,NULL,'< 25C°',0,0,0,0,NULL,0,NULL,0),
(14,'QA E2E Item 52753863',NULL,'QA E2E Item 52753863',NULL,NULL,NULL,'QA-E2E-52753863',NULL,'01','QA-E2E-52753863',NULL,NULL,NULL,NULL,'BL','PEN',15.000000,1,1,0,8.000000,0,0,0,0.00,NULL,NULL,NULL,0.10,NULL,0.00,0.00,0,NULL,0.00,'10','10',0,NULL,0,0,NULL,NULL,'imagen-no-disponible.jpg','imagen-no-disponible.jpg','imagen-no-disponible.jpg',23.0000,0.00,0,NULL,0,0,0.00,0,NULL,NULL,1,NULL,'2026-04-12 23:01:02','2026-06-15 05:06:44',NULL,1,1,0,0,NULL,NULL,NULL,NULL,NULL,NULL,NULL,'< 25C°',0,0,0,0,NULL,0,NULL,0),
(15,'QA E2E Lot Item 52797296',NULL,'QA E2E Lot Item 52797296',NULL,NULL,NULL,'QA-LOT-52797296',NULL,'01','QA-LOT-52797296',NULL,'2027-06-30',NULL,NULL,'BL','PEN',22.500000,1,1,0,12.000000,0,0,0,0.00,NULL,NULL,NULL,0.10,NULL,0.00,0.00,0,NULL,0.00,'10','10',0,NULL,0,0,NULL,NULL,'imagen-no-disponible.jpg','imagen-no-disponible.jpg','imagen-no-disponible.jpg',9.0000,2.00,0,'LOT-52797296',1,0,0.00,0,NULL,NULL,1,NULL,'2026-04-12 23:01:44','2026-04-29 16:12:33',NULL,1,1,0,0,NULL,NULL,NULL,NULL,NULL,NULL,NULL,'< 25C°',0,0,0,0,NULL,0,NULL,0),
(16,'QA Null Fields Item 52801155',NULL,'QA Null Fields Item 52801155',NULL,NULL,NULL,'QA-NUL-52801155',NULL,'01','QA-NUL-52801155',NULL,NULL,NULL,NULL,'BL','PEN',10.000000,1,1,0,5.000000,0,0,0,0.00,NULL,NULL,NULL,0.10,NULL,0.00,0.00,0,NULL,0.00,'10','10',0,NULL,0,0,NULL,NULL,'imagen-no-disponible.jpg','imagen-no-disponible.jpg','imagen-no-disponible.jpg',100.0000,1.00,0,NULL,0,0,0.00,0,NULL,'[]',1,NULL,'2026-04-12 23:02:26','2026-04-12 23:02:27',NULL,1,1,0,0,NULL,NULL,NULL,NULL,NULL,NULL,NULL,'< 25C°',0,0,0,0,NULL,0,NULL,0),
(17,'QA E2E Item 55038509',NULL,'QA E2E Item 55038509',NULL,NULL,NULL,'QA-E2E-55038509',NULL,'01','QA-E2E-55038509',NULL,NULL,NULL,NULL,'BL','PEN',15.000000,1,1,0,8.000000,0,0,0,0.00,NULL,NULL,NULL,0.10,NULL,0.00,0.00,0,NULL,0.00,'10','10',0,NULL,0,0,NULL,NULL,'imagen-no-disponible.jpg','imagen-no-disponible.jpg','imagen-no-disponible.jpg',23.0000,0.00,0,NULL,0,0,0.00,0,NULL,NULL,1,NULL,'2026-04-12 23:39:05','2026-05-06 19:16:01',NULL,1,1,0,0,NULL,NULL,NULL,NULL,NULL,NULL,NULL,'< 25C°',0,0,0,0,NULL,0,NULL,0),
(18,'QA E2E Lot Item 55063773',NULL,'QA E2E Lot Item 55063773',NULL,NULL,NULL,'QA-LOT-55063773',NULL,'01','QA-LOT-55063773',NULL,'2027-06-30',NULL,NULL,'BL','PEN',22.500000,1,1,0,12.000000,0,0,0,0.00,NULL,NULL,NULL,0.10,NULL,0.00,0.00,0,NULL,0.00,'10','10',0,NULL,0,0,NULL,NULL,'imagen-no-disponible.jpg','imagen-no-disponible.jpg','imagen-no-disponible.jpg',59.0000,2.00,0,'LOT-55063773',1,0,0.00,0,NULL,NULL,1,NULL,'2026-04-12 23:39:30','2026-06-30 13:11:12',NULL,1,1,0,0,NULL,NULL,NULL,NULL,NULL,NULL,NULL,'< 25C°',0,0,0,0,NULL,0,NULL,0),
(19,'QA Null Fields Item 55271874',NULL,'QA Null Fields Item 55271874',NULL,NULL,NULL,'QA-NUL-55271874',NULL,'01','QA-NUL-55271874',NULL,NULL,NULL,NULL,'BL','PEN',10.000000,1,1,0,5.000000,0,0,0,0.00,NULL,NULL,NULL,0.10,NULL,0.00,0.00,0,NULL,0.00,'10','10',0,NULL,0,0,NULL,NULL,'imagen-no-disponible.jpg','imagen-no-disponible.jpg','imagen-no-disponible.jpg',100.0000,1.00,0,NULL,0,0,0.00,0,NULL,'[]',1,NULL,'2026-04-12 23:43:24','2026-04-12 23:43:24',NULL,1,1,0,0,NULL,NULL,NULL,NULL,NULL,NULL,NULL,'< 25C°',0,0,0,0,NULL,0,NULL,0),
(20,'QA E2E Item 89036307',NULL,'QA E2E Item 89036307',NULL,NULL,NULL,'QA-E2E-89036307',NULL,'01','QA-E2E-89036307',NULL,NULL,NULL,NULL,'BL','PEN',15.000000,1,1,0,8.000000,0,0,0,0.00,NULL,NULL,NULL,0.10,NULL,0.00,0.00,0,NULL,0.00,'10','10',0,NULL,0,0,NULL,NULL,'imagen-no-disponible.jpg','imagen-no-disponible.jpg','imagen-no-disponible.jpg',24.0000,0.00,0,NULL,0,0,0.00,0,NULL,NULL,1,NULL,'2026-04-13 09:05:43','2026-05-06 18:32:32',NULL,1,1,0,0,NULL,NULL,NULL,NULL,NULL,NULL,NULL,'< 25C°',0,0,0,0,NULL,0,NULL,0),
(21,'QA E2E Lot Item 89059255',NULL,'QA E2E Lot Item 89059255',NULL,NULL,NULL,'QA-LOT-89059255',NULL,'01','QA-LOT-89059255',NULL,'2027-06-30',NULL,NULL,'BL','PEN',22.500000,1,1,0,12.000000,0,0,0,0.00,NULL,NULL,NULL,0.10,NULL,0.00,0.00,0,NULL,0.00,'10','10',0,NULL,0,0,NULL,NULL,'imagen-no-disponible.jpg','imagen-no-disponible.jpg','imagen-no-disponible.jpg',10.0000,2.00,0,'LOT-89059255',1,0,0.00,0,NULL,NULL,1,NULL,'2026-04-13 09:06:06','2026-04-13 09:06:06',NULL,1,1,0,0,NULL,NULL,NULL,NULL,NULL,NULL,NULL,'< 25C°',0,0,0,0,NULL,0,NULL,0),
(22,'QA Null Fields Item 89269795',NULL,'QA Null Fields Item 89269795',NULL,NULL,NULL,'QA-NUL-89269795',NULL,'01','QA-NUL-89269795',NULL,NULL,NULL,NULL,'BL','PEN',10.000000,1,1,0,5.000000,0,0,0,0.00,NULL,NULL,NULL,0.10,NULL,0.00,0.00,0,NULL,0.00,'10','10',0,NULL,0,0,NULL,NULL,'imagen-no-disponible.jpg','imagen-no-disponible.jpg','imagen-no-disponible.jpg',100.0000,1.00,0,NULL,0,0,0.00,0,NULL,'[]',1,NULL,'2026-04-13 09:09:58','2026-04-13 09:09:58',NULL,1,1,0,0,NULL,NULL,NULL,NULL,NULL,NULL,NULL,'< 25C°',0,0,0,0,NULL,0,NULL,0),
(23,NULL,NULL,'Paracetamol demo alta rotacion',NULL,NULL,NULL,'DEMO-PHARM-HIGH',NULL,'01','DEMO-PHARM-HIGH',NULL,NULL,NULL,NULL,'NIU','PEN',1.000000,1,1,0,0.400000,0,0,0,0.00,NULL,NULL,NULL,0.10,NULL,0.00,0.00,0,NULL,0.00,'10','10',0,NULL,0,0,1,1,'imagen-no-disponible.jpg','imagen-no-disponible.jpg','imagen-no-disponible.jpg',195.0000,2.00,0,NULL,1,0,0.00,0,NULL,NULL,1,NULL,'2026-05-09 23:19:54','2026-06-20 23:39:40',NULL,NULL,1,1,0,NULL,NULL,NULL,NULL,NULL,NULL,NULL,'< 25C°',0,0,0,0,NULL,0,NULL,0),
(24,'666666666666666',NULL,'Amoxicilina demo por vencer',NULL,NULL,NULL,'DEMO-PHARM-NEAR',NULL,'01','DEMO-PHARM-NEAR',NULL,NULL,NULL,NULL,'NIU','PEN',4.800000,1,1,0,2.100000,0,0,0,0.00,NULL,NULL,NULL,0.10,NULL,0.00,0.00,0,NULL,0.00,'10','10',0,NULL,0,0,1,1,'imagen-no-disponible.jpg','imagen-no-disponible.jpg','imagen-no-disponible.jpg',45.0000,2.00,0,NULL,1,0,0.00,0,NULL,'[]',1,NULL,'2026-05-09 23:19:54','2026-06-30 16:40:58',NULL,NULL,1,1,0,NULL,NULL,NULL,NULL,NULL,NULL,NULL,'< 25C°',0,0,0,0,NULL,0,NULL,0),
(25,NULL,NULL,'Ibuprofeno demo vencido',NULL,NULL,NULL,'DEMO-PHARM-EXPIRED',NULL,'01','DEMO-PHARM-EXPIRED',NULL,NULL,NULL,NULL,'NIU','PEN',4.300000,1,1,0,1.900000,0,0,0,0.00,NULL,NULL,NULL,0.10,NULL,0.00,0.00,0,NULL,0.00,'10','10',0,NULL,0,0,1,2,'imagen-no-disponible.jpg','imagen-no-disponible.jpg','imagen-no-disponible.jpg',19.0000,2.00,0,NULL,1,0,0.00,0,NULL,NULL,1,NULL,'2026-05-09 23:19:54','2026-05-19 19:11:09',NULL,NULL,1,1,0,NULL,NULL,NULL,NULL,NULL,NULL,NULL,'< 25C°',0,0,0,0,NULL,0,NULL,0),
(26,NULL,NULL,'Vitaminas demo inmovilizadas',NULL,NULL,NULL,'DEMO-PHARM-IDLE',NULL,'01','DEMO-PHARM-IDLE',NULL,NULL,NULL,NULL,'NIU','PEN',6.500000,1,1,0,3.200000,0,0,0,0.00,NULL,NULL,NULL,0.10,NULL,0.00,0.00,0,NULL,0.00,'10','10',0,NULL,0,0,1,2,'imagen-no-disponible.jpg','imagen-no-disponible.jpg','imagen-no-disponible.jpg',240.0000,2.00,0,NULL,1,0,0.00,0,NULL,NULL,1,NULL,'2026-05-09 23:19:54','2026-05-10 01:32:23',NULL,NULL,1,1,0,NULL,NULL,NULL,NULL,NULL,NULL,NULL,'< 25C°',0,0,0,0,NULL,0,NULL,0),
(27,'DEXAMETAN Tableta 4 mg','deporte','DEXAMETAN Tableta 4 mg',NULL,NULL,NULL,'46536',NULL,'01','46536',NULL,NULL,NULL,NULL,'NIU','PEN',8.000000,1,1,0,4.000000,0,0,0,0.00,NULL,NULL,NULL,0.10,NULL,0.00,0.00,0,NULL,0.00,'10','10',0,NULL,0,0,1,8,'imagen-no-disponible.jpg','imagen-no-disponible.jpg','imagen-no-disponible.jpg',5.0000,2.00,0,NULL,1,0,0.00,0,NULL,'[]',1,NULL,'2026-05-09 23:19:54','2026-06-30 16:40:36',NULL,NULL,1,1,0,46536,'4 mg','Tableta',NULL,NULL,'46536','EN05515','< 25C°',0,0,0,0,NULL,0,NULL,0),
(28,NULL,NULL,'Antibiotico demo con receta',NULL,NULL,NULL,'DEMO-PHARM-RX',NULL,'01','DEMO-PHARM-RX',NULL,NULL,NULL,NULL,'NIU','PEN',9.500000,1,1,0,5.000000,0,0,0,0.00,NULL,NULL,NULL,0.10,NULL,0.00,0.00,0,NULL,0.00,'10','10',0,NULL,0,0,1,1,'imagen-no-disponible.jpg','imagen-no-disponible.jpg','imagen-no-disponible.jpg',139.0000,2.00,0,NULL,1,0,0.00,0,NULL,NULL,1,NULL,'2026-05-09 23:19:54','2026-05-19 19:29:15',NULL,NULL,1,1,0,NULL,NULL,NULL,NULL,NULL,NULL,NULL,'< 25C°',1,0,0,0,NULL,0,NULL,0),
(29,NULL,NULL,'pruebe',NULL,NULL,NULL,'000000000029',NULL,'01',NULL,NULL,NULL,NULL,NULL,'ZZ','PEN',20.000000,1,1,0,0.000000,0,0,0,0.00,NULL,NULL,NULL,0.10,NULL,0.00,0.00,0,NULL,0.00,'20','10',0,NULL,0,0,NULL,NULL,'imagen-no-disponible.jpg','imagen-no-disponible.jpg','imagen-no-disponible.jpg',0.0000,1.00,0,NULL,0,0,0.00,0,NULL,'[]',1,NULL,'2026-05-17 01:09:08','2026-05-17 01:09:08',NULL,1,1,0,0,NULL,NULL,NULL,NULL,NULL,NULL,NULL,'< 25C°',0,0,0,0,NULL,0,NULL,0),
(30,'VITAPYRENA FORTE Granulos para Solución Oral null','FENILEFRINA CLORHIDRATO + PARACETAMOL','VITAPYRENA FORTE Granulos para Solución Oral null',NULL,NULL,NULL,'1',NULL,'01','39181',NULL,NULL,NULL,NULL,'NIU','PEN',12.000000,1,1,0,0.000000,0,0,0,0.00,NULL,NULL,NULL,0.10,NULL,0.00,0.00,0,NULL,0.00,'10','10',0,NULL,0,0,NULL,5,'imagen-no-disponible.jpg','imagen-no-disponible.jpg','imagen-no-disponible.jpg',99.0000,10.00,0,NULL,0,0,0.00,0,NULL,'[]',1,NULL,'2026-05-20 15:57:14','2026-06-04 19:31:28',1,1,1,0,0,39181,NULL,'Granulos para Solución Oral',NULL,NULL,'39181','EE00947','< 25C°',0,0,0,0,NULL,0,NULL,0),
(31,'VITAPYRENA FORTE Granulos para Solución Oral','FENILEFRINA CLORHIDRATO + PARACETAMOL','VITAPYRENA FORTE Granulos para Solución Oral',NULL,NULL,NULL,'6',NULL,'01','46974',NULL,NULL,NULL,NULL,'NIU','PEN',34.080000,1,1,0,0.000000,0,0,0,0.00,1.00,NULL,'percentage',0.10,NULL,0.00,0.00,0,NULL,0.00,'10','10',0,NULL,0,0,NULL,6,'imagen-no-disponible.jpg','imagen-no-disponible.jpg','imagen-no-disponible.jpg',0.0000,4.00,0,NULL,0,0,0.00,0,NULL,'[]',1,NULL,'2026-06-04 19:01:47','2026-06-04 19:39:44',1,1,1,0,0,46974,NULL,'Granulos para Solución Oral',NULL,NULL,'46974','EE00947','< 25C°',0,0,0,0,NULL,0,NULL,0),
(32,'LECHE DE MAGNESIA PHILLIPS Suspensión Oral 400 mg/ 5 mL','HIDROXIDO DE MAGNESIO','LECHE DE MAGNESIA PHILLIPS Suspensión Oral 400 mg/ 5 mL',NULL,NULL,NULL,'77777',NULL,'01','53061',NULL,NULL,NULL,NULL,'NIU','PEN',9.000000,1,1,0,0.000000,0,0,0,0.00,NULL,NULL,NULL,0.10,NULL,0.00,0.00,0,NULL,0.00,'10','10',0,NULL,0,0,NULL,9,'imagen-no-disponible.jpg','imagen-no-disponible.jpg','imagen-no-disponible.jpg',0.0000,1.00,0,NULL,0,0,0.00,0,NULL,'[]',1,NULL,'2026-06-16 21:16:39','2026-06-16 21:16:39',NULL,1,1,0,0,53061,'400 mg/ 5 mL','Suspensión Oral',NULL,NULL,'53061','EN02771','< 25C°',0,0,0,0,NULL,0,NULL,0),
(33,'BRONCO TRIFAMOX 125 125 mg + 4 mg/ 5 mL','AMOXICILINA TRIHIDRATO + BROMHEXINA CLORHIDRATO','BRONCO TRIFAMOX 125 125 mg + 4 mg/ 5 mL',NULL,NULL,NULL,'41270',NULL,'01','41270',NULL,NULL,NULL,NULL,'NIU','PEN',5.000000,1,1,0,0.000000,0,0,0,0.00,NULL,NULL,NULL,0.10,NULL,0.00,0.00,0,NULL,0.00,'10','10',0,NULL,0,0,NULL,9,'imagen-no-disponible.jpg','imagen-no-disponible.jpg','imagen-no-disponible.jpg',20.0000,1.00,0,NULL,0,0,0.00,0,NULL,'[]',1,NULL,'2026-06-30 16:42:09','2026-06-30 16:42:09',NULL,1,1,0,0,41270,'125 mg + 4 mg/ 5 mL','Polvo para Suspensión Oral',NULL,NULL,'41270','EN03232','< 25C°',0,0,0,0,NULL,0,NULL,0);
COMMIT;

--
-- Table structure for table `items_rating`
--

CREATE TABLE `items_rating` (
  `id` int(10) unsigned NOT NULL AUTO_INCREMENT,
  `user_id` int(10) unsigned NOT NULL,
  `item_id` int(10) unsigned NOT NULL,
  `value` tinyint(4) NOT NULL,
  `created_at` timestamp NULL DEFAULT NULL,
  `updated_at` timestamp NULL DEFAULT NULL,
  PRIMARY KEY (`id`),
  KEY `items_rating_user_id_foreign` (`user_id`),
  KEY `items_rating_item_id_foreign` (`item_id`),
  CONSTRAINT `items_rating_item_id_foreign` FOREIGN KEY (`item_id`) REFERENCES `items` (`id`),
  CONSTRAINT `items_rating_user_id_foreign` FOREIGN KEY (`user_id`) REFERENCES `users` (`id`)
) ENGINE=InnoDB DEFAULT CHARSET=utf8mb4 COLLATE=utf8mb4_unicode_ci;

--
-- Dumping data for table `items_rating`
--

COMMIT;

--
-- Table structure for table `kardex`
--

CREATE TABLE `kardex` (
  `id` int(10) unsigned NOT NULL AUTO_INCREMENT,
  `date_of_issue` date NOT NULL,
  `type` enum('sale','purchase') DEFAULT NULL,
  `item_id` int(10) unsigned NOT NULL,
  `document_id` int(10) unsigned DEFAULT NULL,
  `purchase_id` int(10) unsigned DEFAULT NULL,
  `purchase_settlement_id` int(10) unsigned DEFAULT NULL,
  `sale_note_id` int(10) unsigned DEFAULT NULL,
  `quantity` decimal(12,4) NOT NULL,
  `created_at` timestamp NULL DEFAULT NULL,
  `updated_at` timestamp NULL DEFAULT NULL,
  PRIMARY KEY (`id`),
  KEY `kardex_purchase_id_foreign` (`purchase_id`),
  KEY `kardex_document_id_foreign` (`document_id`),
  KEY `kardex_item_id_foreign` (`item_id`),
  KEY `kardex_sale_note_id_foreign` (`sale_note_id`),
  KEY `kardex_purchase_settlement_id_foreign` (`purchase_settlement_id`),
  CONSTRAINT `kardex_document_id_foreign` FOREIGN KEY (`document_id`) REFERENCES `documents` (`id`) ON DELETE CASCADE,
  CONSTRAINT `kardex_item_id_foreign` FOREIGN KEY (`item_id`) REFERENCES `items` (`id`),
  CONSTRAINT `kardex_purchase_id_foreign` FOREIGN KEY (`purchase_id`) REFERENCES `purchases` (`id`) ON DELETE CASCADE,
  CONSTRAINT `kardex_purchase_settlement_id_foreign` FOREIGN KEY (`purchase_settlement_id`) REFERENCES `purchase_settlements` (`id`) ON DELETE CASCADE,
  CONSTRAINT `kardex_sale_note_id_foreign` FOREIGN KEY (`sale_note_id`) REFERENCES `sale_notes` (`id`) ON DELETE CASCADE
) ENGINE=InnoDB AUTO_INCREMENT=138 DEFAULT CHARSET=utf8mb4 COLLATE=utf8mb4_unicode_ci;

--
-- Dumping data for table `kardex`
--

INSERT INTO `kardex` VALUES
(1,'2025-12-27',NULL,1,NULL,NULL,NULL,NULL,0.0000,'2025-12-27 11:52:59','2025-12-27 11:52:59'),
(2,'2025-12-27','sale',1,1,NULL,NULL,NULL,1.0000,'2025-12-27 12:06:24','2025-12-27 12:06:24'),
(3,'2026-04-01','sale',1,2,NULL,NULL,NULL,1.0000,'2026-04-01 09:11:37','2026-04-01 09:11:37'),
(4,'2026-04-01','sale',1,3,NULL,NULL,NULL,1.0000,'2026-04-01 09:12:00','2026-04-01 09:12:00'),
(5,'2026-04-02','sale',1,4,NULL,NULL,NULL,2.0000,'2026-04-02 10:12:35','2026-04-02 10:12:35'),
(6,'2026-04-02','sale',1,5,NULL,NULL,NULL,1.0000,'2026-04-02 10:17:41','2026-04-02 10:17:41'),
(10,'2026-04-02','sale',1,9,NULL,NULL,NULL,1.0000,'2026-04-02 12:23:47','2026-04-02 12:23:47'),
(11,'2026-04-02','sale',1,10,NULL,NULL,NULL,2.0000,'2026-04-02 12:23:48','2026-04-02 12:23:48'),
(12,'2026-04-02','sale',1,11,NULL,NULL,NULL,3.0000,'2026-04-02 12:23:49','2026-04-02 12:23:49'),
(13,'2026-04-02','sale',1,12,NULL,NULL,NULL,1.0000,'2026-04-02 12:25:06','2026-04-02 12:25:06'),
(14,'2026-04-02','sale',1,13,NULL,NULL,NULL,2.0000,'2026-04-02 12:25:13','2026-04-02 12:25:13'),
(15,'2026-04-02','sale',1,14,NULL,NULL,NULL,3.0000,'2026-04-02 12:25:15','2026-04-02 12:25:15'),
(16,'2026-04-02','sale',1,15,NULL,NULL,NULL,2.0000,'2026-04-02 12:26:16','2026-04-02 12:26:16'),
(17,'2026-04-02','sale',1,16,NULL,NULL,NULL,3.0000,'2026-04-02 12:26:17','2026-04-02 12:26:17'),
(18,'2026-04-02','sale',1,17,NULL,NULL,NULL,1.0000,'2026-04-02 12:26:48','2026-04-02 12:26:48'),
(20,'2026-04-10',NULL,3,NULL,NULL,NULL,NULL,0.0000,'2026-04-10 23:47:46','2026-04-10 23:47:46'),
(24,'2026-04-10',NULL,7,NULL,NULL,NULL,NULL,0.0000,'2026-04-10 23:52:53','2026-04-10 23:52:53'),
(25,'2026-04-10',NULL,8,NULL,NULL,NULL,NULL,0.0000,'2026-04-10 23:53:54','2026-04-10 23:53:54'),
(26,'2026-04-10',NULL,9,NULL,NULL,NULL,NULL,0.0000,'2026-04-10 23:57:39','2026-04-10 23:57:39'),
(27,'2026-04-11',NULL,10,NULL,NULL,NULL,NULL,0.0000,'2026-04-11 00:13:16','2026-04-11 00:13:16'),
(28,'2026-04-11',NULL,11,NULL,NULL,NULL,NULL,0.0000,'2026-04-11 02:04:12','2026-04-11 02:04:12'),
(29,'2026-04-12','sale',4,18,NULL,NULL,NULL,2.0000,'2026-04-12 13:48:31','2026-04-12 13:48:31'),
(30,'2026-04-12','sale',1,18,NULL,NULL,NULL,1.0000,'2026-04-12 13:48:31','2026-04-12 13:48:31'),
(32,'2026-04-12',NULL,13,NULL,NULL,NULL,NULL,25.0000,'2026-04-12 22:56:26','2026-04-12 22:56:26'),
(33,'2026-04-12','sale',13,19,NULL,NULL,NULL,1.0000,'2026-04-12 23:00:06','2026-04-12 23:00:06'),
(34,'2026-04-12','sale',13,20,NULL,NULL,NULL,1.0000,'2026-04-12 23:00:23','2026-04-12 23:00:23'),
(35,'2026-04-12',NULL,14,NULL,NULL,NULL,NULL,25.0000,'2026-04-12 23:01:02','2026-04-12 23:01:02'),
(36,'2026-04-12',NULL,15,NULL,NULL,NULL,NULL,10.0000,'2026-04-12 23:01:44','2026-04-12 23:01:44'),
(37,'2026-04-12',NULL,16,NULL,NULL,NULL,NULL,100.0000,'2026-04-12 23:02:26','2026-04-12 23:02:26'),
(38,'2026-04-12','sale',13,21,NULL,NULL,NULL,1.0000,'2026-04-12 23:06:35','2026-04-12 23:06:35'),
(39,'2026-04-12','sale',13,22,NULL,NULL,NULL,1.0000,'2026-04-12 23:35:29','2026-04-12 23:35:29'),
(40,'2026-04-12','sale',13,23,NULL,NULL,NULL,1.0000,'2026-04-12 23:36:51','2026-04-12 23:36:51'),
(41,'2026-04-12',NULL,17,NULL,NULL,NULL,NULL,25.0000,'2026-04-12 23:39:05','2026-04-12 23:39:05'),
(42,'2026-04-12',NULL,18,NULL,NULL,NULL,NULL,10.0000,'2026-04-12 23:39:30','2026-04-12 23:39:30'),
(43,'2026-04-12',NULL,19,NULL,NULL,NULL,NULL,100.0000,'2026-04-12 23:43:24','2026-04-12 23:43:24'),
(44,'2026-04-13','sale',13,24,NULL,NULL,NULL,1.0000,'2026-04-13 00:12:03','2026-04-13 00:12:03'),
(45,'2026-04-13','sale',13,25,NULL,NULL,NULL,1.0000,'2026-04-13 09:02:33','2026-04-13 09:02:33'),
(46,'2026-04-13','sale',13,26,NULL,NULL,NULL,1.0000,'2026-04-13 09:03:44','2026-04-13 09:03:44'),
(47,'2026-04-13',NULL,20,NULL,NULL,NULL,NULL,25.0000,'2026-04-13 09:05:43','2026-04-13 09:05:43'),
(48,'2026-04-13',NULL,21,NULL,NULL,NULL,NULL,10.0000,'2026-04-13 09:06:06','2026-04-13 09:06:06'),
(49,'2026-04-13',NULL,22,NULL,NULL,NULL,NULL,100.0000,'2026-04-13 09:09:58','2026-04-13 09:09:58'),
(50,'2026-04-13','sale',13,27,NULL,NULL,NULL,1.0000,'2026-04-13 09:37:52','2026-04-13 09:37:52'),
(51,'2026-04-13','sale',4,28,NULL,NULL,NULL,1.0000,'2026-04-13 10:20:05','2026-04-13 10:20:05'),
(53,'2026-04-13','sale',4,NULL,NULL,NULL,2,1.0000,'2026-04-13 10:49:06','2026-04-13 10:49:06'),
(54,'2026-04-13','sale',4,NULL,NULL,NULL,3,1.0000,'2026-04-13 11:05:23','2026-04-13 11:05:23'),
(55,'2026-04-13','sale',4,NULL,NULL,NULL,4,1.0000,'2026-04-13 11:14:28','2026-04-13 11:14:28'),
(56,'2026-04-13','sale',4,NULL,NULL,NULL,5,1.0000,'2026-04-13 11:15:40','2026-04-13 11:15:40'),
(57,'2026-04-13','sale',1,NULL,NULL,NULL,6,1.0000,'2026-04-13 11:28:14','2026-04-13 11:28:14'),
(58,'2026-04-13','sale',1,NULL,NULL,NULL,7,1.0000,'2026-04-13 11:42:00','2026-04-13 11:42:00'),
(59,'2026-04-13','sale',1,NULL,NULL,NULL,8,1.0000,'2026-04-13 17:31:44','2026-04-13 17:31:44'),
(60,'2026-04-13','sale',13,NULL,NULL,NULL,8,1.0000,'2026-04-13 17:31:44','2026-04-13 17:31:44'),
(63,'2026-04-14','purchase',10,NULL,15,NULL,NULL,1.0000,'2026-04-14 00:04:22','2026-04-14 00:04:22'),
(64,'2026-04-14','purchase',10,NULL,16,NULL,NULL,1.0000,'2026-04-14 00:05:18','2026-04-14 00:05:18'),
(65,'2026-04-14','sale',10,NULL,NULL,NULL,9,1.0000,'2026-04-14 08:34:31','2026-04-14 08:34:31'),
(66,'2026-04-14','sale',10,NULL,NULL,NULL,10,1.0000,'2026-04-14 09:51:21','2026-04-14 09:51:21'),
(67,'2026-04-14','sale',6,NULL,NULL,NULL,11,2.0000,'2026-04-14 09:52:51','2026-04-14 09:52:51'),
(68,'2026-04-14','sale',4,28,NULL,NULL,NULL,-1.0000,'2026-04-14 10:22:42','2026-04-14 10:22:42'),
(69,'2026-04-14','sale',13,27,NULL,NULL,NULL,-1.0000,'2026-04-14 10:36:39','2026-04-14 10:36:39'),
(70,'2026-04-15','purchase',5,NULL,17,NULL,NULL,1.0000,'2026-04-15 03:27:09','2026-04-15 03:27:09'),
(71,'2026-04-15','sale',4,34,NULL,NULL,NULL,1.0000,'2026-04-15 12:01:15','2026-04-15 12:01:15'),
(72,'2026-04-15','sale',6,35,NULL,NULL,NULL,1.0000,'2026-04-15 12:01:43','2026-04-15 12:01:43'),
(73,'2026-04-29','sale',5,36,NULL,NULL,NULL,1.0000,'2026-04-29 16:12:33','2026-04-29 16:12:33'),
(74,'2026-04-29','sale',14,36,NULL,NULL,NULL,1.0000,'2026-04-29 16:12:33','2026-04-29 16:12:33'),
(75,'2026-04-29','sale',13,36,NULL,NULL,NULL,1.0000,'2026-04-29 16:12:33','2026-04-29 16:12:33'),
(76,'2026-04-29','sale',1,36,NULL,NULL,NULL,1.0000,'2026-04-29 16:12:33','2026-04-29 16:12:33'),
(77,'2026-04-29','sale',18,36,NULL,NULL,NULL,1.0000,'2026-04-29 16:12:33','2026-04-29 16:12:33'),
(78,'2026-04-29','sale',15,36,NULL,NULL,NULL,1.0000,'2026-04-29 16:12:33','2026-04-29 16:12:33'),
(80,'2026-05-06','sale',6,38,NULL,NULL,NULL,1.0000,'2026-05-06 17:37:34','2026-05-06 17:37:34'),
(81,'2026-05-06','sale',13,38,NULL,NULL,NULL,1.0000,'2026-05-06 17:37:34','2026-05-06 17:37:34'),
(82,'2026-05-06','sale',6,39,NULL,NULL,NULL,1.0000,'2026-05-06 17:57:04','2026-05-06 17:57:04'),
(83,'2026-05-06','sale',1,40,NULL,NULL,NULL,1.0000,'2026-05-06 17:59:01','2026-05-06 17:59:01'),
(84,'2026-05-06','sale',6,40,NULL,NULL,NULL,1.0000,'2026-05-06 17:59:01','2026-05-06 17:59:01'),
(85,'2026-05-06','sale',17,41,NULL,NULL,NULL,1.0000,'2026-05-06 18:32:32','2026-05-06 18:32:32'),
(86,'2026-05-06','sale',20,41,NULL,NULL,NULL,1.0000,'2026-05-06 18:32:32','2026-05-06 18:32:32'),
(87,'2026-05-06','sale',1,42,NULL,NULL,NULL,1.0000,'2026-05-06 18:34:23','2026-05-06 18:34:23'),
(88,'2026-05-06','sale',13,43,NULL,NULL,NULL,1.0000,'2026-05-06 18:42:52','2026-05-06 18:42:52'),
(89,'2026-05-06','sale',1,44,NULL,NULL,NULL,1.0000,'2026-05-06 18:47:01','2026-05-06 18:47:01'),
(90,'2026-05-06','sale',13,44,NULL,NULL,NULL,1.0000,'2026-05-06 18:47:01','2026-05-06 18:47:01'),
(91,'2026-05-06','sale',1,45,NULL,NULL,NULL,1.0000,'2026-05-06 18:53:15','2026-05-06 18:53:15'),
(92,'2026-05-06','sale',13,46,NULL,NULL,NULL,1.0000,'2026-05-06 18:58:10','2026-05-06 18:58:10'),
(93,'2026-05-06','sale',13,47,NULL,NULL,NULL,1.0000,'2026-05-06 19:02:30','2026-05-06 19:02:30'),
(94,'2026-05-06','sale',13,48,NULL,NULL,NULL,1.0000,'2026-05-06 19:06:13','2026-05-06 19:06:13'),
(95,'2026-05-06','sale',1,49,NULL,NULL,NULL,1.0000,'2026-05-06 19:07:03','2026-05-06 19:07:03'),
(96,'2026-05-06','sale',1,50,NULL,NULL,NULL,1.0000,'2026-05-06 19:08:21','2026-05-06 19:08:21'),
(97,'2026-05-06','sale',17,51,NULL,NULL,NULL,1.0000,'2026-05-06 19:16:01','2026-05-06 19:16:01'),
(98,'2026-05-06','sale',1,52,NULL,NULL,NULL,1.0000,'2026-05-06 19:19:03','2026-05-06 19:19:03'),
(99,'2026-05-06','sale',13,53,NULL,NULL,NULL,1.0000,'2026-05-06 19:21:58','2026-05-06 19:21:58'),
(100,'2026-05-09',NULL,23,NULL,NULL,NULL,NULL,0.0000,'2026-05-09 23:19:54','2026-05-09 23:19:54'),
(101,'2026-05-09',NULL,24,NULL,NULL,NULL,NULL,0.0000,'2026-05-09 23:19:54','2026-05-09 23:19:54'),
(102,'2026-05-09',NULL,25,NULL,NULL,NULL,NULL,0.0000,'2026-05-09 23:19:54','2026-05-09 23:19:54'),
(103,'2026-05-09',NULL,26,NULL,NULL,NULL,NULL,0.0000,'2026-05-09 23:19:54','2026-05-09 23:19:54'),
(104,'2026-05-09',NULL,27,NULL,NULL,NULL,NULL,0.0000,'2026-05-09 23:19:54','2026-05-09 23:19:54'),
(105,'2026-05-09',NULL,28,NULL,NULL,NULL,NULL,0.0000,'2026-05-09 23:19:54','2026-05-09 23:19:54'),
(107,'2026-05-11','sale',28,1,NULL,NULL,NULL,4.0000,'2026-05-11 17:46:03','2026-05-11 17:46:03'),
(108,'2026-05-11','sale',24,1,NULL,NULL,NULL,4.0000,'2026-05-11 17:46:03','2026-05-11 17:46:03'),
(109,'2026-05-17',NULL,29,NULL,NULL,NULL,NULL,0.0000,'2026-05-17 01:09:08','2026-05-17 01:09:08'),
(110,'2026-05-19','sale',25,1,NULL,NULL,NULL,1.0000,'2026-05-19 19:11:09','2026-05-19 19:11:09'),
(111,'2026-05-19','sale',27,1,NULL,NULL,NULL,1.0000,'2026-05-19 19:11:09','2026-05-19 19:11:09'),
(112,'2026-05-19','sale',24,2,NULL,NULL,NULL,1.0000,'2026-05-19 19:11:25','2026-05-19 19:11:25'),
(113,'2026-05-19','purchase',28,NULL,1,NULL,NULL,100.0000,'2026-05-19 19:29:15','2026-05-19 19:29:15'),
(114,'2026-05-20',NULL,30,NULL,NULL,NULL,NULL,100.0000,'2026-05-20 15:57:14','2026-05-20 15:57:14'),
(115,'2026-06-04',NULL,31,NULL,NULL,NULL,NULL,0.0000,'2026-06-04 19:01:47','2026-06-04 19:01:47'),
(118,'2026-06-04','sale',30,1,NULL,NULL,NULL,1.0000,'2026-06-04 19:31:28','2026-06-04 19:31:28'),
(119,'2026-06-12','sale',27,1,NULL,NULL,NULL,4.0000,'2026-06-12 14:34:15','2026-06-12 14:34:15'),
(120,'2026-06-12','sale',24,1,NULL,NULL,NULL,3.0000,'2026-06-12 14:34:15','2026-06-12 14:34:15'),
(121,'2026-06-12','sale',27,2,NULL,NULL,NULL,1.0000,'2026-06-12 16:24:54','2026-06-12 16:24:54'),
(122,'2026-06-15','sale',14,1,NULL,NULL,NULL,1.0000,'2026-06-15 05:06:44','2026-06-15 05:06:44'),
(123,'2026-06-16',NULL,32,NULL,NULL,NULL,NULL,0.0000,'2026-06-16 21:16:39','2026-06-16 21:16:39'),
(124,'2026-06-16','sale',27,NULL,NULL,NULL,1,1.0000,'2026-06-16 21:17:21','2026-06-16 21:17:21'),
(125,'2026-06-19','sale',24,1,NULL,NULL,NULL,2.0000,'2026-06-19 04:31:33','2026-06-19 04:31:33'),
(126,'2026-06-19','sale',24,NULL,NULL,NULL,1,2.0000,'2026-06-19 09:04:09','2026-06-19 09:04:09'),
(127,'2026-06-20','sale',27,1,NULL,NULL,NULL,1.0000,'2026-06-20 22:08:49','2026-06-20 22:08:49'),
(128,'2026-06-20','sale',23,2,NULL,NULL,NULL,1.0000,'2026-06-20 22:47:20','2026-06-20 22:47:20'),
(129,'2026-06-20','sale',24,NULL,NULL,NULL,1,10.0000,'2026-06-20 23:39:40','2026-06-20 23:39:40'),
(130,'2026-06-20','sale',24,NULL,NULL,NULL,1,1.0000,'2026-06-20 23:39:40','2026-06-20 23:39:40'),
(131,'2026-06-20','sale',23,NULL,NULL,NULL,1,1.0000,'2026-06-20 23:39:40','2026-06-20 23:39:40'),
(132,'2026-06-25','sale',6,1,NULL,NULL,NULL,1.0000,'2026-06-25 12:28:20','2026-06-25 12:28:20'),
(133,'2026-06-25','sale',24,2,NULL,NULL,NULL,1.0000,'2026-06-25 12:35:11','2026-06-25 12:35:11'),
(134,'2026-06-30','sale',24,1,NULL,NULL,NULL,5.0000,'2026-06-30 16:39:15','2026-06-30 16:39:15'),
(135,'2026-06-30','sale',27,2,NULL,NULL,NULL,1.0000,'2026-06-30 16:40:36','2026-06-30 16:40:36'),
(136,'2026-06-30','sale',24,3,NULL,NULL,NULL,1.0000,'2026-06-30 16:40:58','2026-06-30 16:40:58'),
(137,'2026-06-30',NULL,33,NULL,NULL,NULL,NULL,20.0000,'2026-06-30 16:42:09','2026-06-30 16:42:09');
COMMIT;

--
-- Table structure for table `laboratory_results`
--

CREATE TABLE `laboratory_results` (
  `id` int(10) unsigned NOT NULL AUTO_INCREMENT,
  `medical_laboratory_item_id` int(10) unsigned DEFAULT NULL,
  `date_result` date DEFAULT NULL,
  `file_url` varchar(255) DEFAULT NULL,
  `observations` text DEFAULT NULL,
  `created_at` timestamp NULL DEFAULT NULL,
  `updated_at` timestamp NULL DEFAULT NULL,
  PRIMARY KEY (`id`)
) ENGINE=InnoDB DEFAULT CHARSET=utf8mb4 COLLATE=utf8mb4_unicode_ci;

--
-- Dumping data for table `laboratory_results`
--

COMMIT;

--
-- Table structure for table `locations`
--

CREATE TABLE `locations` (
  `id` int(10) unsigned NOT NULL AUTO_INCREMENT,
  `name` varchar(255) NOT NULL,
  `created_at` timestamp NULL DEFAULT NULL,
  `updated_at` timestamp NULL DEFAULT NULL,
  PRIMARY KEY (`id`)
) ENGINE=InnoDB DEFAULT CHARSET=utf8mb4 COLLATE=utf8mb4_unicode_ci;

--
-- Dumping data for table `locations`
--

COMMIT;

--
-- Table structure for table `machine_types`
--

CREATE TABLE `machine_types` (
  `id` int(10) unsigned NOT NULL AUTO_INCREMENT,
  `name` text NOT NULL,
  `description` text DEFAULT NULL,
  `active` tinyint(1) NOT NULL DEFAULT 0,
  `created_at` timestamp NULL DEFAULT NULL,
  `updated_at` timestamp NULL DEFAULT NULL,
  PRIMARY KEY (`id`)
) ENGINE=InnoDB DEFAULT CHARSET=utf8mb4 COLLATE=utf8mb4_unicode_ci;

--
-- Dumping data for table `machine_types`
--

COMMIT;

--
-- Table structure for table `machines`
--

CREATE TABLE `machines` (
  `id` int(10) unsigned NOT NULL AUTO_INCREMENT,
  `machine_type_id` int(10) unsigned NOT NULL,
  `name` text DEFAULT NULL,
  `brand` text DEFAULT NULL,
  `model` text DEFAULT NULL,
  `closing_force` text DEFAULT NULL,
  `created_at` timestamp NULL DEFAULT NULL,
  `updated_at` timestamp NULL DEFAULT NULL,
  PRIMARY KEY (`id`)
) ENGINE=InnoDB DEFAULT CHARSET=utf8mb4 COLLATE=utf8mb4_unicode_ci;

--
-- Dumping data for table `machines`
--

COMMIT;

--
-- Table structure for table `medical_consultation_diagnoses`
--

CREATE TABLE `medical_consultation_diagnoses` (
  `id` int(10) unsigned NOT NULL AUTO_INCREMENT,
  `medical_consultation_id` int(10) unsigned NOT NULL,
  `diagnosis_id` int(10) unsigned NOT NULL,
  `description` text DEFAULT NULL,
  `created_at` timestamp NULL DEFAULT NULL,
  `updated_at` timestamp NULL DEFAULT NULL,
  PRIMARY KEY (`id`),
  KEY `mcd_consultation_id` (`medical_consultation_id`)
) ENGINE=InnoDB DEFAULT CHARSET=utf8mb4 COLLATE=utf8mb4_unicode_ci;

--
-- Dumping data for table `medical_consultation_diagnoses`
--

COMMIT;

--
-- Table structure for table `medical_consultation_procedures`
--

CREATE TABLE `medical_consultation_procedures` (
  `id` int(10) unsigned NOT NULL AUTO_INCREMENT,
  `medical_consultation_id` int(10) unsigned NOT NULL,
  `procedure_id` int(10) unsigned NOT NULL,
  `description` text DEFAULT NULL,
  `days` int(11) DEFAULT NULL,
  `start_date` date DEFAULT NULL,
  `end_date` date DEFAULT NULL,
  `created_at` timestamp NULL DEFAULT NULL,
  `updated_at` timestamp NULL DEFAULT NULL,
  PRIMARY KEY (`id`),
  KEY `mcp_consultation_id` (`medical_consultation_id`)
) ENGINE=InnoDB DEFAULT CHARSET=utf8mb4 COLLATE=utf8mb4_unicode_ci;

--
-- Dumping data for table `medical_consultation_procedures`
--

COMMIT;

--
-- Table structure for table `medical_consultation_vouchers`
--

CREATE TABLE `medical_consultation_vouchers` (
  `id` int(10) unsigned NOT NULL AUTO_INCREMENT,
  `medical_consultation_id` int(10) unsigned NOT NULL,
  `prefix` varchar(255) DEFAULT NULL,
  `voucher_id` int(11) DEFAULT NULL,
  `created_at` timestamp NULL DEFAULT NULL,
  `updated_at` timestamp NULL DEFAULT NULL,
  PRIMARY KEY (`id`),
  KEY `mcv_consultation_id` (`medical_consultation_id`)
) ENGINE=InnoDB DEFAULT CHARSET=utf8mb4 COLLATE=utf8mb4_unicode_ci;

--
-- Dumping data for table `medical_consultation_vouchers`
--

COMMIT;

--
-- Table structure for table `medical_consultations`
--

CREATE TABLE `medical_consultations` (
  `id` int(10) unsigned NOT NULL AUTO_INCREMENT,
  `patient_id` int(10) unsigned DEFAULT NULL,
  `doctor_id` int(10) unsigned DEFAULT NULL,
  `appointment_id` int(10) unsigned DEFAULT NULL,
  `specialty_id` int(10) unsigned DEFAULT NULL,
  `treatment` text DEFAULT NULL,
  `work_plan` text DEFAULT NULL,
  `evaluation` text DEFAULT NULL,
  `patient_status` text DEFAULT NULL,
  `additional_observations` text DEFAULT NULL,
  `recital_date` date DEFAULT NULL,
  `vas_scale` int(11) DEFAULT NULL,
  `created_at` timestamp NULL DEFAULT NULL,
  `updated_at` timestamp NULL DEFAULT NULL,
  PRIMARY KEY (`id`),
  KEY `mc_patient_id` (`patient_id`),
  KEY `mc_appointment_id` (`appointment_id`)
) ENGINE=InnoDB DEFAULT CHARSET=utf8mb4 COLLATE=utf8mb4_unicode_ci;

--
-- Dumping data for table `medical_consultations`
--

COMMIT;

--
-- Table structure for table `medical_laboratories`
--

CREATE TABLE `medical_laboratories` (
  `id` int(10) unsigned NOT NULL AUTO_INCREMENT,
  `patient_id` int(10) unsigned DEFAULT NULL,
  `doctor_id` int(10) unsigned DEFAULT NULL,
  `appointment_id` int(10) unsigned DEFAULT NULL,
  `medical_consultation_id` int(10) unsigned DEFAULT NULL,
  `priority` char(2) DEFAULT NULL,
  `state` char(2) DEFAULT NULL,
  `notes` text DEFAULT NULL,
  `prefix` text DEFAULT NULL,
  `order` text DEFAULT NULL,
  `schedule_date` date DEFAULT NULL,
  `creation_date` date DEFAULT NULL,
  `created_at` timestamp NULL DEFAULT NULL,
  `updated_at` timestamp NULL DEFAULT NULL,
  PRIMARY KEY (`id`)
) ENGINE=InnoDB DEFAULT CHARSET=utf8mb4 COLLATE=utf8mb4_unicode_ci;

--
-- Dumping data for table `medical_laboratories`
--

COMMIT;

--
-- Table structure for table `medical_laboratory_items`
--

CREATE TABLE `medical_laboratory_items` (
  `id` int(10) unsigned NOT NULL AUTO_INCREMENT,
  `item_id` int(10) unsigned DEFAULT NULL,
  `medical_laboratory_id` int(10) unsigned DEFAULT NULL,
  `created_at` timestamp NULL DEFAULT NULL,
  `updated_at` timestamp NULL DEFAULT NULL,
  PRIMARY KEY (`id`)
) ENGINE=InnoDB DEFAULT CHARSET=utf8mb4 COLLATE=utf8mb4_unicode_ci;

--
-- Dumping data for table `medical_laboratory_items`
--

COMMIT;

--
-- Table structure for table `mi_tienda_pe`
--

CREATE TABLE `mi_tienda_pe` (
  `id` int(10) unsigned NOT NULL AUTO_INCREMENT,
  `order_number` text DEFAULT NULL COMMENT 'Numero de pedido',
  `transaction_code` text DEFAULT NULL COMMENT 'Codigo de pasareña',
  `order_note_id` int(10) unsigned DEFAULT 0,
  `document_id` int(10) unsigned DEFAULT 0,
  `created_at` timestamp NULL DEFAULT NULL,
  `updated_at` timestamp NULL DEFAULT NULL,
  PRIMARY KEY (`id`)
) ENGINE=InnoDB DEFAULT CHARSET=utf8mb4 COLLATE=utf8mb4_unicode_ci;

--
-- Dumping data for table `mi_tienda_pe`
--

COMMIT;

--
-- Dumping data for table `migration_configuration`
--

COMMIT;

--
-- Table structure for table `migrations`
--

CREATE TABLE `migrations` (
  `id` int(10) unsigned NOT NULL AUTO_INCREMENT,
  `migration` varchar(255) NOT NULL,
  `batch` int(11) NOT NULL,
  PRIMARY KEY (`id`)
) ENGINE=InnoDB AUTO_INCREMENT=1017 DEFAULT CHARSET=utf8mb4 COLLATE=utf8mb4_unicode_ci;

--
-- Dumping data for table `migrations`
--

INSERT INTO `migrations` VALUES
(1,'2018_00_00_000000_tenant_catalogs_table',1),
(2,'2018_01_00_000000_tenant_system_table',1),
(3,'2018_01_01_000000_tenant_users_table',1),
(4,'2018_01_01_000001_tenant_password_resets_table',1),
(5,'2018_01_01_000004_tenant_modules_table',1),
(6,'2018_01_01_000006_tenant_module_user_table',1),
(7,'2018_01_01_000013_tenant_location_table',1),
(8,'2018_05_16_000800_tenant_companies_table',1),
(9,'2018_05_16_000810_tenant_establishments_table',1),
(10,'2018_05_16_000900_tenant_configurations_table',1),
(11,'2018_05_17_000002_tenant_series_table',1),
(12,'2018_05_17_000101_tenant_persons_table',1),
(13,'2018_06_17_000001_tenant_items_table',1),
(14,'2018_06_17_000002_tenant_documents_table',1),
(15,'2018_06_17_000005_tenant_document_items_table',1),
(16,'2018_06_19_000020_tenant_invoices_table',1),
(17,'2018_06_19_000021_tenant_notes_table',1),
(18,'2018_06_21_000002_tenant_summaries_table',1),
(19,'2018_06_21_000003_tenant_summary_documents_table',1),
(20,'2018_06_21_000004_tenant_voided_table',1),
(21,'2018_06_21_000005_tenant_voided_documents_table',1),
(22,'2018_06_22_000022_tenant_retentions_table',1),
(23,'2018_06_22_000023_tenant_retention_documents_table',1),
(24,'2018_06_22_000024_tenant_perceptions_table',1),
(25,'2018_06_22_000026_tenant_perception_details_table',1),
(26,'2018_07_22_000024_tenant_dispatches_table',1),
(27,'2018_07_22_000030_tenant_dispatch_items_table',1),
(28,'2019_02_12_000002_tenant_purchases_table',1),
(29,'2019_02_12_000005_tenant_purchase_items_table',1),
(30,'2019_02_12_000007_tenant_kardex_table',1),
(31,'2019_02_13_150334_tenant_add_cront_to_configurations',1),
(32,'2019_02_13_175903_tenant_change_type_column_quantity_to_document_items',1),
(33,'2019_02_13_190940_tenant_add_information_to_documents',1),
(34,'2019_02_14_100645_tenant_add_establishment_id_to_users',1),
(35,'2019_02_19_150123_tenant_change_columns_to_exchange_rates',1),
(36,'2019_02_25_074400_tenant_add_data_json_to_documents',1),
(37,'2019_02_26_084922_tenant_change_columns_offline_to_documents',1),
(38,'2019_02_27_093803_tenant_add_send_online_to_documents',1),
(39,'2019_02_27_150015_create_tasks_table',1),
(40,'2019_02_28_100503_tenant_add_calculate_quantity_to_items',1),
(41,'2019_02_28_154355_tenant_delete_unique_class_to_tasks',1),
(42,'2019_02_28_215128_tenant_change_decimal_column_quantity_to_document_items',1),
(43,'2019_03_01_100028_tenant_change_decimal_column_stock_to_items',1),
(44,'2019_03_01_100550_tenant_change_type_column_quantity_to_purchase_items',1),
(45,'2019_03_01_100938_tenant_change_type_column_quantity_to_kardex',1),
(46,'2019_03_01_163938_tenant_add_locked_to_users',1),
(47,'2019_03_16_095539_tenant_quotations_table',1),
(48,'2019_03_16_095620_tenant_quotation_items_table',1),
(49,'2019_03_19_155345_tenant_sale_notes_table',1),
(50,'2019_03_19_155546_tenant_sale_note_items_table',1),
(51,'2019_03_20_152101_tenant_add_sale_note_id_to_kardex',1),
(52,'2019_03_22_095723_tenant_change_nullable_colum_type_to_kardex',1),
(53,'2019_03_23_114011_tenant_warehouses_table',1),
(54,'2019_03_23_134515_add_warehouse_id_to_items',1),
(55,'2019_03_23_154011_tenant_item_warehouse_table',1),
(56,'2019_03_25_120709_tenant_inventories_table',1),
(57,'2019_03_26_120709_tenant_inventory_kardex_table',1),
(58,'2019_03_27_104823_tenant_add_record_to_warehouses',1),
(59,'2019_03_28_102106_tenant_add_quotation_id_to_documents',1),
(60,'2019_03_28_112106_tenant_add_foreign_establishment_id_to_warehouses',1),
(61,'2019_03_29_100403_tenant_add_foreign_to_item_warehouse',1),
(62,'2019_03_29_100413_tenant_add_foreign_to_inventories',1),
(63,'2019_03_29_100433_tenant_add_foreign_to_inventory_kardex',1),
(64,'2019_03_29_100503_tenant_add_has_igv_to_items',1),
(65,'2019_04_24_151702_tenant_add_stock_to_configurations',1),
(66,'2019_04_26_105302_tenant_add_contingency_to_series',1),
(67,'2019_04_29_111659_tenant_inventory_configurations_table',1),
(68,'2019_04_29_164935_tenant_add_record_to_inventory_configurations',1),
(69,'2019_04_30_140509_tenant_add_type_to_users',1),
(70,'2019_05_06_174801_tenant_change_column_type_to_users',1),
(71,'2019_05_07_160954_tenant_item_unit_types_table',1),
(72,'2019_05_10_172128_tenant_add_price_default_to_item_unit_types',1),
(73,'2019_05_13_145524_tenant_fix_error_to_inventories',1),
(74,'2019_05_14_091046_tenant_description_to_item_unit_types',1),
(75,'2019_05_27_185903_tenant_change_type_column_qr_to_documents',1),
(76,'2019_05_28_172128_tenant_add_percentage_of_profit_to_items',1),
(77,'2019_06_12_000005_tenant_document_payments_table',1),
(78,'2019_06_12_000015_tenant_sale_note_payments_table',1),
(79,'2019_06_12_172128_tenant_add_total_canceled_to_sale_notes',1),
(80,'2019_06_13_100503_tenant_change_unit_price_to_items',1),
(81,'2019_06_14_100503_tenant_person_address_table',1),
(82,'2019_06_24_122116_tenant_add_changed_to_sale_notes',1),
(83,'2019_07_09_141248_tenant_expense_types_table',1),
(84,'2019_07_09_141408_tenant_expenses_table',1),
(85,'2019_07_09_141508_tenant_expense_items_table',1),
(86,'2019_07_09_172826_tenant_add_perception_agent_to_persons',1),
(87,'2019_07_10_092347_tenant_add_percentage_perception_to_items',1),
(88,'2019_07_10_103811_tenant_add_columns_perceptions_to_purchases',1),
(89,'2019_07_10_120610_tenant_add_columns_purchases_to_payment_method_types',1),
(90,'2019_07_10_123325_tenant_purchase_payments_table',1),
(91,'2019_07_10_140636_tenant_add_date_of_due_to_purchases',1),
(92,'2019_07_10_151332_tenant_add_warehouse_id_to_purchase_items',1),
(93,'2019_07_12_181618_tenant_add_columns_aditional_to_establishments',1),
(94,'2019_07_19_163617_tenant_add_columns_system_to_configurations',1),
(95,'2019_07_22_094601_tenant_cash_table',1),
(96,'2019_07_22_094658_tenant_cash_documents_table',1),
(97,'2019_07_22_094725_tenant_add_image_to_items',1),
(98,'2019_07_22_094803_tenant_modify_document_id_to_cash_documents',1),
(99,'2019_07_22_102243_tenant_accounts_table',1),
(100,'2019_07_22_103459_tenant_add_account_id_to_items',1),
(101,'2019_07_23_175808_tenant_modify_decimals_to_item_unit_types',1),
(102,'2019_07_24_162847_tenant_add_data_module_for_pos',1),
(103,'2019_07_25_144505_tenant_add_ose_to_companies',1),
(104,'2019_07_27_181623_tenant_add_name_name2_to_items',1),
(105,'2019_07_31_165537_tenant_add_subtotal_account_to_configurations',1),
(106,'2019_08_01_002801_tenant_add_status_to_item',1),
(107,'2019_08_01_005553_tenant_add_status_to_persons',1),
(108,'2019_08_01_011908_tenant_add_description_to_quotations',1),
(109,'2019_08_01_095140_tenant_add_status_to_bank_accounts',1),
(110,'2019_08_01_101234_tenant_add_active_to_banks',1),
(111,'2019_08_01_102419_tenant_add_active_to_card_brands',1),
(112,'2019_08_01_105836_tenant_delete_subtotal_account_to_configurations',1),
(113,'2019_08_01_110045_tenant_company_accounts_table',1),
(114,'2019_08_03_162431_tenant_add_data_modules_for_dashboard',1),
(115,'2019_08_05_130830_tenant_add_index_external_id_to_documents',1),
(116,'2019_08_12_125016_tenant_up_unit_price_to_items',1),
(117,'2019_08_13_082230_tenant_add_column_limit_user_to_configurations',1),
(118,'2019_08_16_153648_tenant_add_more_decimal_column_stock_to_items',1),
(119,'2019_08_16_161756_tenant_add_total_plastic_bag_taxes_to_documents',1),
(120,'2019_08_16_161824_tenant_add_total_plastic_bag_taxes_to_document_items',1),
(121,'2019_08_16_161854_tenant_add_amount_plastic_bag_taxes_to_items',1),
(122,'2019_08_19_112540_tenant_add_quotation_id_to_sale_notes',1),
(123,'2019_08_19_115344_tenant_add_sale_note_id_to_documents',1),
(124,'2019_08_19_124610_tenant_add_state_condition_to_persons',1),
(125,'2019_08_20_121326_tenant_add_indexes_to_documents',1),
(126,'2019_08_20_144511_tenant_add_indexes_to_summaries',1),
(127,'2019_08_20_151037_tenant_add_indexes_to_persons',1),
(128,'2019_08_21_145954_tenant_modify_name_name2_to_items',1),
(129,'2019_08_23_115358_tenant_add_data_accounnting_inventory_to_modules',1),
(130,'2019_08_23_160411_tenant_modify_description_to_items',1),
(131,'2019_09_03_153427_tenant_change_nullable_column_affected_document_id_to_notes',1),
(132,'2019_09_03_153656_tenant_add_data_affected_document_to_notes',1),
(133,'2019_09_09_153206_tenant_add_sale_note_id_to_cash_documents',1),
(134,'2019_09_09_174848_tenant_modify_columns_to_perceptions',1),
(135,'2019_09_09_174916_tenant_modify_columns_to_perception_details',1),
(136,'2019_09_10_102854_tenant_modify_series_id_to_perceptions',1),
(137,'2019_09_11_131559_tenant_add_apply_store_to_items',1),
(138,'2019_09_11_154949_tenant_expense_method_types',1),
(139,'2019_09_11_155535_tenant_expense_payments',1),
(140,'2019_09_11_174858_tenant_expense_reasons',1),
(141,'2019_09_11_174929_tenant_add_expense_reason_id_to_expenses',1),
(142,'2019_09_13_112026_tenant_add_column_image_medium_and_image_small_to_items',1),
(143,'2019_09_15_233528_tenant_create_table_tag',1),
(144,'2019_09_15_233537_tenant_create_table_item_tag',1),
(145,'2019_09_16_121938_tenant_add_date_of_due_to_items',1),
(146,'2019_09_16_133219_tenant_add_data_ecommerce_to_modules',1),
(147,'2019_09_16_160453_tenant_add_timestamps_to_tag',1),
(148,'2019_09_16_161726_tenant_add_status_to_tags',1),
(149,'2019_09_17_131050_tenant_add_type_client_to_users',1),
(150,'2019_09_17_202003_tenant_promotions_table',1),
(151,'2019_09_18_152416_tenant_add_percentage_perception_to_persons',1),
(152,'2019_09_18_160838_tenant_add_has_perception_to_items',1),
(153,'2019_09_30_151349_tenant_add_has_prepayment_to_documents',1),
(154,'2019_09_30_160541_tenant_inventory_transactions_table',1),
(155,'2019_09_30_160919_tenant_change_columns_to_inventories',1),
(156,'2019_10_04_092658_tenant_business_turns_table',1),
(157,'2019_10_04_094841_tenant_document_hotels_table',1),
(158,'2019_10_09_101229_tenant_add_locked_tenant_to_configurations',1),
(159,'2019_10_10_155554_tenant_add_quantity_documents_date_time_start_to_configurations',1),
(160,'2019_10_11_095050_tenant_billing_cycles_table',1),
(161,'2019_10_11_153948_tenant_add_locked_users_to_configurations',1),
(162,'2019_10_14_101501_tenant_add_column_set_to_items',1),
(163,'2019_10_14_102317_tenant_item_sets_table',1),
(164,'2019_10_14_235308_tenant_orders_table',1),
(165,'2019_10_15_122633_tenant_person_types_table',1),
(166,'2019_10_15_123201_tenant_add_person_types_to_persons',1),
(167,'2019_10_16_001052_tenant_add_identity_and_number_to_users',1),
(168,'2019_10_17_100307_tenant_add_data_to_document_types',1),
(169,'2019_10_18_150004_tenant_categories_table',1),
(170,'2019_10_18_150414_tenant_brands_table',1),
(171,'2019_10_18_150604_tenant_brand_category_to_items',1),
(172,'2019_10_18_194622_tenant_add_soft_delete_to_purchases',1),
(173,'2019_10_20_190039_tenant_add_plan_to_configurations',1),
(174,'2019_10_20_195730_tenant_add_cuenta_to_modules',1),
(175,'2019_10_20_200958_tenant_account_payments_table',1),
(176,'2019_10_22_173407_tenant_add_was_deducted_prepayment_to_documents',1),
(177,'2019_10_24_103947_tenant_add_sunat_alternate_server_to_configurations',1),
(178,'2019_10_24_183250_tenant_add_document_id_to_orders',1),
(179,'2019_10_24_210806_tenant_items_rating_table',1),
(180,'2019_10_26_213130_tenant_add_logo_store_to_companies',1),
(181,'2019_10_28_202116_tenant_add_reference_number_to_cash',1),
(182,'2019_11_05_113236_create_padrones_table',1),
(183,'2019_11_05_113320_create_charge_padrones_table',1),
(184,'2019_11_06_095251_tenant_add_success_shipping_status_to_documents',1),
(185,'2019_11_06_102422_tenant_add_success_sunat_shipping_status_to_documents',1),
(186,'2019_11_06_110606_tenant_add_success_query_status_to_documents',1),
(187,'2019_11_06_113035_tenant_offline_configurations_table',1),
(188,'2019_11_11_102124_tenant_series_configurations_table',1),
(189,'2019_11_12_223340_tenant_add_reference_document_id_to_dispatches',1),
(190,'2019_11_13_124821_tenant_add_document_type_id_to_series_configurations',1),
(191,'2019_11_18_154307_tenant_create_congiguration_ecommerce_table',1),
(192,'2019_11_19_113132_tenant_cat_detraction_types_table',1),
(193,'2019_11_20_175549_tenant_add_inventory_kardex_id_to_sale_note_items',1),
(194,'2019_11_20_221547_tenant_add_address_to_configuration_ecommerce',1),
(195,'2019_11_25_213648_tenant_add_social_to_configuration_ecommerce',1),
(196,'2019_11_29_093342_tenant_add_detraction_account_to_companies',1),
(197,'2019_12_02_105910_tenant_add_purchase_expense_to_cash_documents',1),
(198,'2019_12_02_111743_tenant_change_expense_reason_id_to_expenses',1),
(199,'2019_12_02_111837_tenant_add_soap_type_id_to_expenses',1),
(200,'2019_12_02_152128_tenant_add_date_of_due_to_quotations',1),
(201,'2019_12_02_161856_tenant_add_data_to_payment_method_types',1),
(202,'2019_12_02_163726_tenant_add_payment_method_type_id_to_quotations',1),
(203,'2019_12_05_104120_tenant_fixed_columns_to_cash_documents',1),
(204,'2019_12_06_114132_tenant_add_shipping_address_to_quotations',1),
(205,'2019_12_06_120917_tenant_add_commission_amount_to_items',1),
(206,'2019_12_11_111224_tenant_purchase_quotations_table',1),
(207,'2019_12_11_112209_tenant_purchase_quotation_items_table',1),
(208,'2019_12_11_122830_tenant_add_reference_quotation_id_to_dispatches',1),
(209,'2019_12_11_174726_tenant_purchase_orders_table',1),
(210,'2019_12_11_175353_tenant_purchase_order_items_table',1),
(211,'2019_12_16_103759_tenant_add_decimal_quantity_to_configurations',1),
(212,'2019_12_16_181022_tenant_add_prefix_to_purchase_orders',1),
(213,'2019_12_17_101130_tenant_add_purchase_order_id_to_purchases',1),
(214,'2019_12_19_102946_tenant_item_lots_table',1),
(215,'2019_12_19_105644_tenant_add_lot_code_to_items',1),
(216,'2019_12_19_141604_tenant_add_operation_amazonia_to_companies',1),
(217,'2019_12_20_123931_tenant_module_levels_table',1),
(218,'2019_12_20_123945_tenant_module_level_user_table',1),
(219,'2019_12_23_144236_tenant_add_apply_concurrency_to_sale_notes',1),
(220,'2019_12_23_171335_tenant_add_columns_periods_to_sale_notes',1),
(221,'2019_12_24_114350_tenant_add_columns_lots_to_item_lots',1),
(222,'2019_12_24_123601_tenant_add_lot_code_to_purchase_items',1),
(223,'2019_12_27_111848_tenant_add_lot_code_to_inventories',1),
(224,'2019_12_30_095201_tenant_add_lots_enabled_to_items',1),
(225,'2020_01_03_111747_tenant_add_amount_plastic_bag_taxes_to_configurations',1),
(226,'2020_01_08_102051_tenant_add_total_canceled_to_documents',1),
(227,'2020_01_09_094728_tenant_change_decimal_column_quantity_to_dispatch_items',1),
(228,'2020_01_09_102017_tenant_change_type_decimal_column_quantity_to_dispatch_items',1),
(229,'2020_01_09_153023_tenant_add_compact_sidebar_to_configurations',1),
(230,'2020_01_10_095143_tenant_add_cci_to_bank_accounts',1),
(231,'2020_01_10_121518_tenant_add_warehouse_id_to_document_items',1),
(232,'2020_01_15_095621_tenant_add_change_decimal_exchange_rate_sale_tables',1),
(233,'2020_01_15_100032_tenant_add_data_to_cat_document_types',1),
(234,'2020_01_15_144606_tenant_add_series_number_to_sale_notes',1),
(235,'2020_01_15_172447_tenant_add_paid_to_sale_notes',1),
(236,'2020_01_15_181229_tenant_add_plate_to_sale_notes',1),
(237,'2020_01_16_101424_tenant_add_detail_to_inventories',1),
(238,'2020_01_16_103741_tenant_change_decimals_unit_price_tables',1),
(239,'2020_01_16_121313_tenant_add_state_to_item_lots',1),
(240,'2020_01_17_095233_tenant_document_transports_table',1),
(241,'2020_01_17_115328_tenant_add_plate_number_to_documents',1),
(242,'2020_01_17_175217_tenant_add_state_type_to_expenses',1),
(243,'2020_01_21_153921_tenant_inventories_transfer_table',1),
(244,'2020_01_21_155245_tenant_add_inventories_transfer_id_to_inventories',1),
(245,'2020_01_23_120700_tenant_drop_compact_sidebar_to_configurations',1),
(246,'2020_01_23_120830_tenant_re_create_compact_sidebar_to_configurations',1),
(247,'2020_01_23_123235_tenant_add_columns_to_document_hotels',1),
(248,'2020_01_27_121553_tenant_add_commission_type_to_items',1),
(249,'2020_01_27_150915_tenant_change_column_number_to_sale_notes',1),
(250,'2020_01_28_135422_tenant_add_tag_to_configuration_ecommerce',1),
(251,'2020_01_31_122444_tenant_add_config_system_to_configurations',1),
(252,'2020_02_05_124542_tenant_add_guests_to_document_hotels',1),
(253,'2020_02_07_164026_tenant_create_person_addresses',1),
(254,'2020_02_10_111943_tenant_add_affectation_type_prepayment_to_documents',1),
(255,'2020_02_11_210535_tenant_add_active_to_items',1),
(256,'2020_02_12_203736_tenant_add_contact_to_users',1),
(257,'2020_02_17_115050_tenant_add_delivery_date_to_quotations',1),
(258,'2020_02_17_141658_tenant_create_format_templates_table',1),
(259,'2020_02_17_194731_tenant_add_formats_to_configurations',1),
(260,'2020_02_17_202910_tenant_item_images_table',1),
(261,'2020_02_19_102018_tenant_order_notes_table',1),
(262,'2020_02_19_121619_tenant_order_note_items_table',1),
(263,'2020_02_19_150814_tenant_add_order_note_id_to_documents',1),
(264,'2020_02_19_150828_tenant_add_order_note_id_to_sale_notes',1),
(265,'2020_02_19_160926_tenant_add_reference_order_note_id_to_dispatches',1),
(266,'2020_02_20_224501_tenant_add_colums_grid_items_to_configurations',1),
(267,'2020_02_21_172411_tenant_add_soap_shipping_response_to_documents',1),
(268,'2020_02_24_213558_tenant_date_of_due_column_to_purchase_items',1),
(269,'2020_02_25_103837_tenant_add_options_pos_to_configurations',1),
(270,'2020_02_25_154338_tenant_add_change_to_document_payments',1),
(271,'2020_02_26_201604_tenant_item_lots_group_table',1),
(272,'2020_02_26_203030_tenant_add_series_enabled_to_items',1),
(273,'2020_02_27_113111_tenant_add_change_to_sale_note_payments',1),
(274,'2020_03_03_172821_tenant_add_additional_information_to_document_items',1),
(275,'2020_03_06_101730_tenant_global_payments_table',1),
(276,'2020_03_10_165850_tenant_add_data_module_for_finance',1),
(277,'2020_03_11_151338_tenant_add_edit_name_product_purchase',1),
(278,'2020_03_13_110238_add_column_name_product_pdf',1),
(279,'2020_03_13_134951_add_column_name_product_pdf_update',1),
(280,'2020_03_13_134955_add_column_name_product_pdf_change',1),
(281,'2020_03_16_152939_tenant_add_indexes_to_payments_tables_for_finances',1),
(282,'2020_03_16_162652_tenant_add_enabled_to_persons',1),
(283,'2020_03_20_030559_add_columna_restrict_receipt_date',1),
(284,'2020_03_20_174637_tenant_add_affectation_igv_type_id_to_configurations',1),
(285,'2020_03_25_173128_tenant_sale_opportunities_table',1),
(286,'2020_03_25_173442_tenant_sale_opportunity_items_table',1),
(287,'2020_03_26_121642_tenant_add_sale_opportunity_id_to_quotations',1),
(288,'2020_03_26_170415_tenant_sale_opportunity_files_table',1),
(289,'2020_03_27_111133_tenant_quotation_payments_table',1),
(290,'2020_03_27_123343_tenant_add_changed_to_quotations',1),
(291,'2020_03_27_141008_tenant_add_column_visual_to_configurations',1),
(292,'2020_03_27_143825_tenant_add_account_number_to_quotations',1),
(293,'2020_03_27_150024_tenant_add_terms_condition_to_quotations',1),
(294,'2020_03_30_112859_tenant_payment_files_table',1),
(295,'2020_03_31_111522_tenant_add_customer_id_to_purchases',1),
(296,'2020_03_31_122445_tenant_fixed_asset_items_table',1),
(297,'2020_03_31_141008_tenant_add_column_show_ws_to_configurations',1),
(298,'2020_03_31_151057_tenant_fixed_asset_purchases_table',1),
(299,'2020_03_31_151323_tenant_fixed_asset_purchase_items_table',1),
(300,'2020_04_01_150413_tenant_add_terms_condition_to_configurations',1),
(301,'2020_04_02_124023_tenant_add_sale_opportunity_id_to_purchase_orders',1),
(302,'2020_04_02_151534_tenant_add_total_canceled_to_purchases',1),
(303,'2020_04_02_154134_tenant_contracts_table',1),
(304,'2020_04_02_154147_tenant_contract_items_table',1),
(305,'2020_04_02_154244_tenant_contract_payments_table',1),
(306,'2020_04_03_111019_tenant_income_types_table',1),
(307,'2020_04_03_111139_tenant_income_reasons_table',1),
(308,'2020_04_03_111209_tenant_income_table',1),
(309,'2020_04_03_111703_tenant_income_items_table',1),
(310,'2020_04_03_124629_tenant_income_payments_table',1),
(311,'2020_04_03_143703_tenant_insert_internal_to_soap_types',1),
(312,'2020_05_06_205001_create_status_orders_table',1),
(313,'2020_05_06_210451_tenant_add_status_orders_to_orders',1),
(314,'2020_05_07_123152_tenant_technical_services_table',1),
(315,'2020_05_07_164323_tenant_user_commissions_table',1),
(316,'2020_05_12_131218_add_product_to_configurations',1),
(317,'2020_05_12_204311_tenant_add_cotizaction_finance_configurations',1),
(318,'2020_05_19_162014_tenant_add_contact_to_persons',1),
(319,'2020_05_25_140825_tenant_add_column_plate_number_to_sales_note',1),
(320,'2020_05_30_132013_tenant_add_certificate_due_to_companies',1),
(321,'2020_06_05_111820_tenant_add_line_to_items',1),
(322,'2020_06_10_102549_tenant_add_columns_technical_specifications_items',1),
(323,'2020_06_11_093739_tenant_add_columns_header_image_legend_footer_to_configurations',1),
(324,'2020_06_11_152155_tenant_add_purchase_orders',1),
(325,'2020_06_23_122822_tenant_drivers_table',1),
(326,'2020_06_23_122938_tenant_dispatchers_table',1),
(327,'2020_06_23_123012_tenant_order_forms_table',1),
(328,'2020_06_23_123126_tenant_order_form_items_table',1),
(329,'2020_06_24_173951_tenant_add_reference_order_form_id_to_dispatches',1),
(330,'2020_07_03_124017_tenant_add_purchase_has_igv_to_items',1),
(331,'2020_07_08_163451_tenant_change_column_name_product_pdf_to_document_items',1),
(332,'2020_07_21_213555_tenant_add_columns_to_technical_services',1),
(333,'2020_07_23_153920_tenant_add_user_id_to_global_payments',1),
(334,'2020_07_23_215548_tenant_add_img_firm_to_companies',1),
(335,'2020_07_23_221614_tenant_add_qr_to_order_forms',1),
(336,'2020_07_27_184250_add_apiruc_to_configurations',1),
(337,'2020_07_30_101311_tenant_add_soap_shipping_response_to_summaries',1),
(338,'2020_07_30_105514_tenant_add_soap_shipping_response_to_voided',1),
(339,'2020_08_03_123426_tenant_add_secondary_license_plates_to_dispatches',1),
(340,'2020_08_04_104159_tenant_add_initial_balance_to_bank_accounts',1),
(341,'2020_08_04_123149_tenant_add_pending_amount_prepayment_to_documents',1),
(342,'2020_08_05_104849_tenant_add_payment_method_type_id_to_documents',1),
(343,'2020_08_05_125307_tenant_add_filename_to_purchases',1),
(344,'2020_08_06_101100_tenant_change_columns_delivery_date_date_of_due_to_quotations',1),
(345,'2020_08_06_120140_tenant_add_data_to_module_levels',1),
(346,'2020_08_20_151205_tenant_change_column_terms_condition_to_quotations',1),
(347,'2020_08_20_151856_tenant_change_column_terms_condition_to_configurations',1),
(348,'2020_08_20_172938_tenant_change_decimal_column_quantity_to_item_lots_group',1),
(349,'2020_08_26_142025_tenant_add_indexes_to_items',1),
(350,'2020_08_27_101335_tenant_add_indexes_to_item_lots',1),
(351,'2020_08_28_100623_tenant_change_type_column_terms_condition_to_contracts',1),
(352,'2020_09_01_160245_tenant_add_warehouse_id_to_sale_note_items',1),
(353,'2020_09_02_103127_tenant_add_warehouse_id_to_order_note_items',1),
(354,'2020_09_02_124906_tenant_add_customer_id_to_establishments',1),
(355,'2020_09_04_094513_tenant_add_quantity_to_item_sets',1),
(356,'2020_09_04_165849_tenant_active_data_to_cat_operation_types',1),
(357,'2020_09_07_110546_tenant_add_data_module_for_establishments_users',1),
(358,'2020_09_08_141513_tenant_add_regularize_shipping_to_documents',1),
(359,'2020_09_08_142658_tenant_add_response_regularize_shipping_to_documents',1),
(360,'2020_09_09_144419_tenant_modify_text_description_to_expense_method_types',1),
(361,'2020_09_09_151848_tenant_change_column_number_to_expenses',1),
(362,'2020_09_09_160249_tenant_contract_state_types_table',1),
(363,'2020_09_09_161329_tenant_change_state_type_id_to_contracts',1),
(364,'2020_09_11_105705_tenant_cash_transactions_table',1),
(365,'2020_09_14_123539_tenant_technical_service_payments_table',1),
(366,'2020_09_25_113553_tenant_add_data_rh_to_cat_document_types',1),
(367,'2020_09_29_110506_tenant_change_description_to_items',1),
(368,'2020_10_09_153402_tenant_add_default_document_type_03_to_configurations',1),
(369,'2020_10_13_095308_tenant_add_data_public_services_to_cat_document_types',1),
(370,'2020_10_13_111740_tenant_web_platforms_table',1),
(371,'2020_10_13_112548_tenant_add_destination_default_to_configurations',1),
(372,'2020_10_13_120454_tenant_add_web_platform_id_to_items',1),
(373,'2020_10_15_120313_tenant_active_transport_1004_to_cat_operation_types',1),
(374,'2020_10_15_173515_tenant_add_contact_phone_to_quotations',1),
(375,'2020_10_16_101845_teanant_add_data_to_module_levels',1),
(376,'2020_10_16_143042_tenant_add_columns_aditional_to_modules',1),
(377,'2020_10_26_151606_tenant_change_columns_nullable_to_dispatches',1),
(378,'2020_11_05_103808_tenant_add_seller_to_documents',1),
(379,'2020_11_05_120923_tenant_add_payment_method_type_id_to_sale_notes',1),
(380,'2020_11_06_104926_tenant_add_soap_shipping_response_to_retentions',1),
(381,'2020_11_10_101728_tenant_change_column_name_to_items',1),
(382,'2020_11_12_143726_tenant_add_observation_to_sale_notes',1),
(383,'2020_11_12_164451_tenant_add_reference_sale_note_id_to_dispatches',1),
(384,'2020_11_18_123948_tenant_add_soap_shipping_response_to_dispatches',1),
(385,'2020_11_19_115728_tenant_devolution_reasons_table',1),
(386,'2020_11_19_115848_tenant_devolutions_table',1),
(387,'2020_11_19_115944_tenant_devolution_items_table',1),
(388,'2020_11_25_115944_tenant_create_preprinted_format_templates_table',1),
(389,'2020_12_01_172908_tenant_add_reference_data_to_documents_sale_notes',1),
(390,'2020_12_03_141335_tenant_change_text_description_to_cat_document_types',1),
(391,'2020_12_31_103348_tenant_add_has_plastic_bag_taxes_to_items',1),
(392,'2021_01_05_145928_add_model_column_to_items_table',1),
(393,'2021_01_08_095018_add_barcode_column_to_items_table',1),
(394,'2021_01_08_103402_update_barcode_column_to_items_table',1),
(395,'2021_01_18_143008_change_lenght_to_items_table',1),
(396,'2021_01_19_111533_add_internal_code_column_to_persons_table',1),
(397,'2021_01_21_181843_add_terms_condition_sale_to_configurations_table',1),
(398,'2021_01_21_183856_add_terms_condition_column_to_documents_table',1),
(399,'2021_01_26_102448_create_hotel_rates_table',1),
(400,'2021_01_26_152649_create_hotel_categories_table',1),
(401,'2021_01_26_161851_create_hotel_floors_table',1),
(402,'2021_01_26_171515_create_hotel_rooms_table',1),
(403,'2021_01_27_155235_create_hotel_room_rates_table',1),
(404,'2021_01_28_205134_create_hotel_rents_table',1),
(405,'2021_01_31_163211_create_hotel_rent_items_table',1),
(406,'2021_02_01_102051_add_columns_to_hotel_rents_table',1),
(407,'2021_02_01_112617_add_column_item_id_to_hotel_rooms_table',1),
(408,'2021_02_02_180153_add_arrears_column_to_hotel_rents_table',1),
(409,'2021_02_04_215327_add_show_in_document_column_to_bank_accounts_table',1),
(410,'2021_02_08_111945_add_document_id_column_to_dispatches_table',1),
(411,'2021_02_10_153546_add_login_column_to_configurations_table',1),
(412,'2021_02_11_113008_change_destination_to_global_payments_table',1),
(413,'2021_02_15_101110_add_favicon_column_to_companies_table',1),
(414,'2021_02_15_175921_add_navbar_column_to_configurations_table',1),
(415,'2021_02_19_165318_add_finances_column_to_configurations_table',1),
(416,'2021_02_25_165224_create_documentary_offices_table',1),
(417,'2021_02_25_180958_create_documentary_processes_table',1),
(418,'2021_02_25_183124_create_documentary_documents_table',1),
(419,'2021_02_26_102851_create_documentary_actions_table',1),
(420,'2021_02_26_102900_create_documentary_files_table',1),
(421,'2021_03_01_120554_add_user_id_column_to_documentary_files_table',1),
(422,'2021_03_01_120931_create_documentary_file_offices_table',1),
(423,'2021_03_10_163436_add_extra_modules_to_modules_table',1),
(424,'2021_03_11_111743_add_logo_column_to_establishments_table',1),
(425,'2021_03_19_204148_add_items_to_modules_table',1),
(426,'2021_03_19_221614_add_referential_information_to_quotations_table',1),
(427,'2021_03_20_112202_change_order_items_to_modules_table',1),
(428,'2021_03_20_115648_add_seller_id_column_to_quotations_table',1),
(429,'2021_03_20_132104_add_seller_id_column_to_contracts_table',1),
(430,'2021_03_21_165318_add_quotation_allow_seller_generate_sale_column_to_configurations_table',1),
(431,'2021_03_24_111209_tenant_payment_conditions_table',1),
(432,'2021_03_24_111211_tenant_add_payment_condition_to_documents',1),
(433,'2021_03_24_141211_tenant_document_fee_table',1),
(434,'2021_03_25_162827_add_purchase_order_column_to_sale_notes_table',1),
(435,'2021_03_25_215438_add_codes_column_to_items_table',1),
(436,'2021_03_25_215438_add_column_digemid_code_to_companies_table',1),
(437,'2021_03_25_215438_change_column_second_name_on_items_table',1),
(438,'2021_03_31_212318_add_document_id_column_to_sale_notes_table',1),
(439,'2021_04_01_113520_add_levels_to_module_levels_table',1),
(440,'2021_04_05_115318_add_allow_edit_unit_price_to_seller_column_to_configurations_table',1),
(441,'2021_04_06_172009_create_item_warehouse_prices_table',1),
(442,'2021_04_08_000106_create_points_table',1),
(443,'2021_04_08_004409_create_configuration_points_table',1),
(444,'2021_04_08_005315_add_foreign_to_points_table',1),
(445,'2021_04_08_175347_change_electronico_at_cat_document_type',1),
(446,'2021_04_11_113741_add_column_points_to_items_table',1),
(447,'2021_04_17_163456_add_technical_service_id_to_cash_documents_table',1),
(448,'2021_04_19_141528_add_column_points_to_sale_notes_table',1),
(449,'2021_04_19_144103_add_column_points_to_documents_table',1),
(450,'2021_04_22_170915_add_template_pdf_to_establishments_table',1),
(451,'2021_04_23_143433_add_edit_flag_to_documents_table',1),
(452,'2021_04_27_105557_add_payment_type_to_payment_method',1),
(453,'2021_04_29_122333_add_visual_ticket_58_to_configurations_table',1),
(454,'2021_05_03_131833_add_mail_configuration',1),
(455,'2021_05_06_152551_add_due_date_to_sales_note',1),
(456,'2021_05_07_154207_add_soft_delete_to_document',1),
(457,'2021_05_07_154207_remove_soft_delete_to_document',1),
(458,'2021_05_12_163406_add_seller_can_create_porduct_to_configuration',1),
(459,'2021_05_13_120615_add_seller_can_view_balance_on_finance_to_configuration',1),
(460,'2021_05_27_124620_add_generate_option_to_sale_opportunities',1),
(461,'2021_06_03_122337_add_method_type_to_documents_fee',1),
(462,'2021_06_03_165209_add_serie_and_document_to_user',1),
(463,'2021_06_07_140759_change_format_number_to_expenses_table',1),
(464,'2021_06_09_124243_add_update_documents_by_dispaches_to_configurations',1),
(465,'2021_06_10_092525_add_pharmacy_to_items',1),
(466,'2021_06_15_094333_add_name_product_pdf_to_order_note_items',1),
(467,'2021_06_16_154233_add_send_auto_sunat_to_dispatches',1),
(468,'2021_06_18_141048_add_modules_digemid',1),
(469,'2021_06_22_112855_add_fields_to_client',1),
(470,'2021_06_23_130016_create_digemid_catalog',1),
(471,'2021_06_28_125907_add_fields_to_documentary_office',1),
(472,'2021_06_28_142358_tenant_add_active_warehouse_prices_to_configurations',1),
(473,'2021_06_29_173743_tenant_add_allowance_charge_to_configurations',1),
(474,'2021_06_29_184419_remove_key_from_documentary',1),
(475,'2021_06_30_174147_create_adjust_to_docymentary_offices',1),
(476,'2021_06_30_175311_tenant_add_purchase_to_cash_documents',1),
(477,'2021_07_01_171620_adjust_to_docymentary_procedure',1),
(478,'2021_07_02_133558_add_office_to_process',1),
(479,'2021_07_05_091229_change_data_to',1),
(480,'2021_07_05_094927_create_documentary_guides_number',1),
(481,'2021_07_05_125811_add_field_to_documentary_file',1),
(482,'2021_07_05_141048_add_modules_docymentary_requirements',1),
(483,'2021_07_05_213052_change_observation_from_file_offices',1),
(484,'2021_07_05_220241_add_requirements_to_documentary_file',1),
(485,'2021_07_06_114113_tenant_add_discount_stock_to_cat_transfer_reason_types',1),
(486,'2021_07_06_173358_tenant_add_dispatch_id_to_documents',1),
(487,'2021_07_06_174510_add_name_pdf_to_sale_note_item',1),
(488,'2021_07_14_103324_add_data_affected_document',1),
(489,'2021_07_16_204722_add_phone_to_configuration_ecommerce',1),
(490,'2021_07_19_132554_add_days_to_client',1),
(491,'2021_07_26_102802_add_banned_column_to_points_table',1),
(492,'2021_07_30_113708_create_expiration_date_settings_table',1),
(493,'2021_08_03_115743_add_field_to_send_sale_note_to_other_site',1),
(494,'2021_08_05_143043_add_quotation_to_order_note',1),
(495,'2021_08_05_144042_tenant_add_search_item_by_series_to_configurations',1),
(496,'2021_08_06_094151_tenant_add_change_free_affectation_igv_to_configurations',1),
(497,'2021_08_09_115837_add_currency_to_configuration',1),
(498,'2021_08_09_131738_tenant_add_select_available_price_list_to_configurations',1),
(499,'2021_08_16_111909_create_colors_for_items',1),
(500,'2021_08_17_091109_add_more_propertys_to_item',1),
(501,'2021_08_20_153033_add_extra_data_of_product_to_configuration',1),
(502,'2021_08_20_161555_add_extra_data_item_menu',1),
(503,'2021_08_23_105050_tenant_add_group_items_generate_document_to_configurations',1),
(504,'2021_08_23_172828_adjust_inventory_item_extra_data',1),
(505,'2021_08_24_153219_tenant_add_columns_unknown_error_to_summaries',1),
(506,'2021_08_25_155900_tenant_add_columns_integrated_query_to_companies',1),
(507,'2021_09_08_165136_add_optional_emails_to_person',1),
(508,'2021_09_10_120216_create_email_send_log',1),
(509,'2021_09_10_143648_tenant_add_subtotal_to_documents',1),
(510,'2021_09_13_171757_tenat_add_total_igv_free_to_documents',1),
(511,'2021_09_15_115746_add_global_igv_to_purchase',1),
(512,'2021_09_15_170619_tenant_change_length_description_to_quotations',1),
(513,'2021_09_16_144202_add_app_to_modules',1),
(514,'2021_09_17_120309_add_url_apk_to_configurations',1),
(515,'2021_09_17_150025_transfer_accounts_payment',1),
(516,'2021_09_20_183304_add_new_enter_template_to_format_templates',1),
(517,'2021_09_21_172056_add_file_to_format_templates',1),
(518,'2021_09_22_120834_add_fields_technical_services',1),
(519,'2021_09_22_120835_create_technical_service_items',1),
(520,'2021_09_24_114832_add_configuration_to_show_name_of_pdf',1),
(521,'2021_09_28_183535_add_name_pdf_to_quotation_items',1),
(522,'2021_09_29_123827_add_text_to_address_in_configuration',1),
(523,'2021_09_29_180607_tenant_add_set_address_by_establishment_to_configurations',1),
(524,'2021_09_30_135325_tenant_add_order_id_to_sale_notes',1),
(525,'2021_09_30_170149_tenant_add_permission_to_edit_cpe_to_configurations',1),
(526,'2021_09_30_171912_tenant_add_permission_edit_cpe_to_users',1),
(527,'2021_10_04_154837_tenant_change_nullable_packages_number_to_dispatches',1),
(528,'2021_10_05_171912_add_configuration_module_to_user',1),
(529,'2021_10_05_174410_tenant_add_total_igv_free_to_quotations',1),
(530,'2021_10_06_132920_tenant_add_total_igv_free_to_order_notes',1),
(531,'2021_10_07_144354_create_guide_file',1),
(532,'2021_10_11_110825_create_item_movement_table',1),
(533,'2021_10_12_111345_create_item_movement_rel_extra_table',1),
(534,'2021_10_13_113504_add_only_user_warehouse_item_to_config',1),
(535,'2021_10_18_110547_tenant_add_technical_service_id_to_documents',1),
(536,'2021_10_18_110700_change_default_show_items_only_user_stablishment',1),
(537,'2021_10_18_110700_change_value_show_items_only_user_stablishment',1),
(538,'2021_10_18_110907_tenant_add_technical_service_id_to_sale_notes',1),
(539,'2021_10_18_150100_tenant_add_document_type_04_to_cat_document_types',1),
(540,'2021_10_18_150136_tenant_add_data_operation_type_0501_to_cat_operation_types',1),
(541,'2021_10_18_150154_tenant_cat_address_types_table',1),
(542,'2021_10_18_150215_tenant_add_address_type_id_to_persons',1),
(543,'2021_10_18_150306_tenant_purchase_settlements_table',1),
(544,'2021_10_18_150324_tenant_purchase_settlement_items_table',1),
(545,'2021_10_18_153949_tenant_add_data_purchase_settlements_to_module_levels',1),
(546,'2021_10_18_174146_tenant_add_subtotal_to_purchase_settlements',1),
(547,'2021_10_19_150956_tenant_add_pending_amount_detraction_to_documents',1),
(548,'2021_10_20_160503_tenant_add_retention_to_documents',1),
(549,'2021_10_20_161035_tenant_add_data_retention_to_cat_charge_discount_types',1),
(550,'2021_10_20_174401_tenant_rename_pending_amount_detraction_to_documents',1),
(551,'2021_10_21_093921_tenant_add_igv_retention_percentage_to_configurations',1),
(552,'2021_10_22_130040_create_app_suscription',1),
(553,'2021_10_25_112316_tenant_add_subtotal_to_quotations',1),
(554,'2021_10_25_142908_create_suscription_plans_table',1),
(555,'2021_10_25_154009_tenant_add_option_13_to_cat_note_credit_types',1),
(556,'2021_10_27_105710_tenant_add_subtotal_to_sale_notes',1),
(557,'2021_10_27_133333_add_parent_id_field_to_persons',1),
(558,'2021_10_28_110438_alter_sale_notes_and_documents',1),
(559,'2021_10_28_173041_tenant_add_name_product_xml_to_document_items',1),
(560,'2021_10_29_110421_tenant_add_name_product_pdf_to_xml_to_configurations',1),
(561,'2021_10_29_114826_change_value_alternate_server_to_configurations',1),
(562,'2021_11_09_113608_tenant_add_default_document_type_80_to_configurations',1),
(563,'2021_11_09_143629_tenant_add_search_item_by_barcode_to_configurations',1),
(564,'2021_11_09_173326_add_grade_and_section_touser_rel_suscription_plan',1),
(565,'2021_11_11_113443_tenant_general_payment_conditions_table',1),
(566,'2021_11_11_114229_tenant_add_payment_condition_id_to_purchases',1),
(567,'2021_11_11_152521_tenant_purchase_fee_table',1),
(568,'2021_11_11_180653_tenant_add_recreate_documents_to_users',1),
(569,'2021_11_12_102347_add_grade_and_section_tables',1),
(570,'2021_11_15_152956_additem_description_default_pdf_name_configuration',1),
(571,'2021_11_16_150657_add_user_id_to_inventories_transfer',1),
(572,'2021_11_25_105300_create_accounting_ledger_table',1),
(573,'2021_11_25_154025_add_auto_print_to_configurations',1),
(574,'2021_12_01_113756_add_show_services_on_pos',1),
(575,'2021_12_02_141408_tenant_bank_loans_table',1),
(576,'2021_12_03_130138_add_column_generic_to_items_table',1),
(577,'2021_12_05_124642_add_column_location_to_items_table',1),
(578,'2021_12_08_211200_add_pos_history_and_cost_to_configuration',1),
(579,'2021_12_09_180033_change_column_localtion_to_items_table',1),
(580,'2021_12_09_180332_create_table_locations_table',1),
(581,'2021_12_09_182924_add_flag_to_production_for_item',1),
(582,'2021_12_10_122529_add_zone_id_to_person',1),
(583,'2021_12_10_130040_create_app_production',1),
(584,'2021_12_10_172959_add_name_to_mill',1),
(585,'2021_12_11_101624_add_data_to_inventory_transactions',1),
(586,'2021_12_11_114856_add_item_to_mill_item',1),
(587,'2021_12_11_170251_create_item_supplies',1),
(588,'2021_12_15_112106_create_columns_to_show_by_user',1),
(589,'2021_12_16_144057_add_show_totals_on_c_p_e_list',1),
(590,'2021_12_21_134408_add_simplify_to_documentary',1),
(591,'2021_12_22_150753_add_guide_to_documentary_archive',1),
(592,'2021_12_25_163345_add_colors_to_documentary',1),
(593,'2021_12_31_105910_change_documentary_process_characters',1),
(594,'2022_01_05_170742_create_machine_for_production',1),
(595,'2022_01_07_124919_add_complete_to_documentary_files',1),
(596,'2022_01_11_140319_tenant_add_columns_send_pse_to_documents',1),
(597,'2022_01_11_174033_tenant_add_columns_send_pse_to_companies',1),
(598,'2022_01_12_180810_tenant_add_detraction_amount_rounded_int_to_configurations',1),
(599,'2022_01_13_141051_tenant_add_sale_notes_relateds_to_documents',1),
(600,'2022_01_15_130321_add_old_quantity_to_item_lot_group',1),
(601,'2022_01_18_094821_tenant_add_data_to_inventory_transactions',1),
(602,'2022_01_18_120000_add_show_term_condition_pos_to_configurations',1),
(603,'2022_01_18_213317_tenant_create_cash_documents_credit',1),
(604,'2022_01_20_202655_tenant_add_unique_filename_to_documents',1),
(605,'2022_01_22_001715_add_date_end_to_documentary_files',1),
(606,'2022_01_25_150315_add_apply_restaurant_to_items',1),
(607,'2022_01_25_152940_create_app_restaurant',1),
(608,'2022_01_26_175429_create_mi_tienda_pe',1),
(609,'2022_01_28_110155_tenant_add_related_to_dispatches',1),
(610,'2022_01_29_141957_add_purchase_order_and_observation_to_purchase',1),
(611,'2022_01_29_191503_create_packaging_table',1),
(612,'2022_01_30_120653_create_configuration_to_mi_tienda_pe',1),
(613,'2022_02_02_203403_add_autogenerate_c_p_e_to_mi_tienda_pe',1),
(614,'2022_02_07_110836_add_ticket_template_pdf_to_establishments_table',1),
(615,'2022_02_07_121152_add_is_custom_ticket_to_format_templates',1),
(616,'2022_02_07_142617_add_format_tickets_to_configurations',1),
(617,'2022_02_07_161128_tenant_add_data_to_promotions_table',1),
(618,'2022_02_08_213251_tenant_add_restaurant_to_orders',1),
(619,'2022_02_11_162919_tenant_add_last_sale_price_to_configurations',1),
(620,'2022_02_14_222010_tenant_add_flasg_to_inventory_configurations',1),
(621,'2022_02_14_224820_tenant_add_barcode_to_item_unit_types',1),
(622,'2022_02_16_150615_tenant_add_show_logo_establishment_to_configuration',1),
(623,'2022_02_17_195824_add_colaborator_to_production_as_text',1),
(624,'2022_02_22_111659_tenant_add_columns_send_pse_to_voided',1),
(625,'2022_02_24_134926_tenant_add_columns_purchase_isc_to_items',1),
(626,'2022_02_24_201345_tenant_download_tray_table',1),
(627,'2022_02_25_172811_add_print_next_line_to_pdf_on_observation',1),
(628,'2022_02_27_120405_tenant_add_comments_to_inventories',1),
(629,'2022_03_03_110115_tenant_add_global_discount_type_id_to_configurations',1),
(630,'2022_03_04_003932_tenant_add_quotation_to_cash_documents',1),
(631,'2022_03_08_112351_tenant_add_columns_send_pse_to_dispatches',1),
(632,'2022_03_09_111107_tenant_add_restaurant_to_cash',1),
(633,'2022_03_10_003439_add_column_url_and_name_printer_to_establishments_table',1),
(634,'2022_03_10_094902_tenant_add_shipping_time_days_to_configurations',1),
(635,'2022_03_11_120508_add_trace_to_api_peru_service',1),
(636,'2022_03_14_221802_tenant_add_type_to_download_tray',1),
(637,'2022_03_18_140238_tenant_add_total_igv_free_to_sale_notes',1),
(638,'2022_03_21_110605_create_restaurant_configuration',1),
(639,'2022_03_21_161851_add_configuration_new_valdiator_pagination',1),
(640,'2022_03_25_134555_tenant_add_customer_filter_by_seller_to_configurations',1),
(641,'2022_03_25_143916_tenant_add_index_seller_id_to_persons',1),
(642,'2022_03_25_170158_tenant_add_validate_purchase_sale_unit_price_to_configurations',1),
(643,'2022_03_28_174245_add_barcode_column_to_persons_table',1),
(644,'2022_03_29_101534_add_quantity_to_restaurant_configuration',1),
(645,'2022_03_30_145732_tenant_add_nationality_to_persons',1),
(646,'2022_03_31_132849_create_app_pos_garage',1),
(647,'2022_04_04_151234_add_commands_to_restaurant_configurations',1),
(648,'2022_04_06_111531_create_restaurant_roles_table',1),
(649,'2022_04_06_112454_add_restaurant_role_to_users',1),
(650,'2022_04_06_170626_tenant_add_unique_filename_to_sale_notes',1),
(651,'2022_04_08_001444_create_pharmacy_configurations_table',1),
(652,'2022_04_11_143145_tenant_add_name_product_pdf_to_contract_items',1),
(653,'2022_04_11_152502_tenant_add_name_product_pdf_to_dispatch_items',1),
(654,'2022_04_12_111023_tenant_add_columns_igv_unit_price_purchases_to_configurations',1),
(655,'2022_04_12_121903_addindex_to_item_movement_rel_extra',1),
(656,'2022_04_12_162742_tenant_report_configurations_table',1),
(657,'2022_04_18_153331_tenant_add_payment_permissions_to_users',1),
(658,'2022_04_19_114422_tenant_add_set_global_purchase_currency_items_to_configurations',1),
(659,'2022_04_20_115118_tenant_add_subject_to_detraction_to_items',1),
(660,'2022_04_20_205612_add_column_cash_and_transfers_to_cash_table',1),
(661,'2022_04_22_101547_tenant_change_type_observation_to_sale_notes',1),
(662,'2022_04_22_133909_tenant_add_set_unit_price_dispatch_related_record_to_configurations',1),
(663,'2022_04_25_151827_tenant_add_index_barcode_to_item_unit_types',1),
(664,'2022_04_26_175613_tenant_add_columns_restrict_voided_to_configurations',1),
(665,'2022_04_28_175537_tenant_add_order_form_external_to_dispatches',1),
(666,'2022_04_29_140515_tenant_add_enabled_tips_pos_to_configurations',1),
(667,'2022_04_29_144947_tenant_tips_table',1),
(668,'2022_05_02_135252_tenant_add_fields_to_module_levels',1),
(669,'2022_05_02_152925_tenant_add_top_menu_to_configurations',1),
(670,'2022_05_02_170654_tenant_add_data_district_250307_to_districts',1),
(671,'2022_05_03_143911_tenant_create_skins_table',1),
(672,'2022_05_03_171845_tenant_add_purchase_settlement_id_to_kardex',1),
(673,'2022_05_04_143113_tenant_add_payment_method_type_id_to_purchase_settlements',1),
(674,'2022_05_04_150922_tenant_change_type_column_quantity_to_item_supplies',1),
(675,'2022_05_04_155103_tenant_workers_table',1),
(676,'2022_05_04_174017_tenant_add_unique_filename_to_summaries',1),
(677,'2022_05_05_110908_tenant_add_soap_type_id_to_production',1),
(678,'2022_05_05_115054_tenant_add_soap_type_id_to_mill',1),
(679,'2022_05_05_134703_tenant_add_soap_type_id_to_packaging',1),
(680,'2022_05_06_162034_add_fields_to_person',1),
(681,'2022_05_08_122934_tenant_add_route_path_to_module_levels',1),
(682,'2022_05_08_130040_create_app_full_suscription',1),
(683,'2022_05_08_130054_tenant_update_data_to_skins',1),
(684,'2022_05_09_105130_tenant_payment_configurations_table',1),
(685,'2022_05_09_122150_tenant_add_defaults_to_configurations',1),
(686,'2022_05_09_141114_tenant_payment_link_types_table',1),
(687,'2022_05_09_143633_tenant_payment_links_table',1),
(688,'2022_05_09_212753_tenant_register_app_generate_link_to_modules',1),
(689,'2022_05_10_113515_tenant_transaction_states_table',1),
(690,'2022_05_10_113608_tenant_transactions_table',1),
(691,'2022_05_10_113734_tenant_transaction_queries_table',1),
(692,'2022_05_10_113800_tenant_client_error_types_table',1),
(693,'2022_05_10_113813_tenant_client_errors_table',1),
(694,'2022_05_10_163722_tenant_config_default_to_configurations',1),
(695,'2022_05_11_104030_tenant_add_soap_type_id_to_transactions',1),
(696,'2022_05_11_115321_tenant_add_query_transaction_to_payment_links',1),
(697,'2022_05_11_161435_tenant_change_nullable_payment_to_payment_links',1),
(698,'2022_05_11_224556_create_enter_permissions_table',1),
(699,'2022_05_11_224631_create_enter_permissions_users_table',1),
(700,'2022_05_12_180154_tenant_add_legend_forest_to_xml_to_configurations',1),
(701,'2022_05_13_162912_tenant_add_index_regularize_shipping_to_documents',1),
(702,'2022_05_13_163802_tenant_purchase_settlement_payments_table',1),
(703,'2022_05_13_172504_tenant_add_change_currency_item_to_configurations',1),
(704,'2022_05_17_164646_tenant_add_enabled_advanced_records_search_to_configurations',1),
(705,'2022_05_23_133515_tenant_add_decimal_quantity_unit_price_pdf_to_configurations',1),
(706,'2022_06_01_114042_tenant_add_separate_cash_transactions_to_configurations',1),
(707,'2022_06_01_161857_add_column_hotel_rate_id_to_hotel_rents_table',1),
(708,'2022_06_01_164204_tenant_add_order_cash_income_to_configurations',1),
(709,'2022_06_02_160925_tenant_add_data_district_080915_to_districts',1),
(710,'2022_06_03_135513_tenant_add_generate_order_note_from_quotation_to_configurations',1),
(711,'2022_06_06_144610_tenant_add_list_items_by_warehouse_to_configurations',1),
(712,'2022_06_16_143605_tenant_app_configurations_table',1),
(713,'2022_06_17_143817_tenant_add_payment_received_to_document_payments',1),
(714,'2022_06_21_101957_tenant_add_columns_login_pse_to_companies',1),
(715,'2022_06_21_165810_tenant_add_user_pse_to_companies',1),
(716,'2022_06_23_141216_tenant_add_print_format_pdf_to_app_configurations',1),
(717,'2022_06_28_164504_tenant_add_date_of_issue_to_inventories',1),
(718,'2022_06_30_110007_tenant_add_columns_send_pse_to_summaries',1),
(719,'2022_06_30_172004_tenant_add_index_external_id_to_income',1),
(720,'2022_06_30_172247_tenant_add_filename_to_income',1),
(721,'2022_07_01_103451_tenant_add_filename_to_expenses',1),
(722,'2022_07_01_172113_tenant_add_hide_pdf_view_documents_to_configurations',1),
(723,'2022_07_04_152229_tenant_add_ticket_single_shipment_to_configurations',1),
(724,'2022_07_04_153343_tenant_add_ticket_single_shipment_to_documents',1),
(725,'2022_07_05_103856_tenant_add_purchase_permissions_to_users',1),
(726,'2022_07_06_113107_tenant_add_columns_theme_configuration_to_app_configurations',1),
(727,'2022_07_06_233507_tenant_add_columns_header_configuration_to_app_configurations',1),
(728,'2022_07_07_100534_tenant_add_module_app_2_generator_to_modules',1),
(729,'2022_07_07_131216_tenant_app_modules_table',1),
(730,'2022_07_07_143039_tenant_app_module_user_table',1),
(731,'2022_07_08_101718_tenant_add_data_configuration_to_app_modules',1),
(732,'2022_07_08_165430_tenant_add_indexes_columns_to_cash',1),
(733,'2022_07_11_180145_tenant_add_data_quotation_to_app_modules',1),
(734,'2022_07_14_095450_tenant_add_app_logo_to_companies',1),
(735,'2022_07_14_120321_tenant_add_affect_all_documents_to_configuration',1),
(736,'2022_07_14_143450_tenant_add_terms_condition_column_to_sale_notes_table',1),
(737,'2022_07_14_162144_tenant_add_terms_condition_column_to_dispatches_table',1),
(738,'2022_07_15_110508_tenant_add_text_filter_to_items',1),
(739,'2022_07_18_172843_tenant_add_app_mode_to_app_configurations',1),
(740,'2022_07_19_033009_tenant_add_dashboard_options_to_configurations',1),
(741,'2022_07_25_115003_tenant_add_quantity_sales_notes_to_configurations',1),
(742,'2022_07_30_133127_tenant_add_direct_print_to_app_configurations',1),
(743,'2022_08_05_110445_tenant_add_columns_whatsapp_to_companies',1),
(744,'2022_08_05_174505_tenant_add_favorite_to_items',1),
(745,'2022_08_07_122150_tenant_add_folio_to_documents',1),
(746,'2022_08_11_151009_tenant_add_data_district_080916_to_districts',1),
(747,'2022_08_11_151307_tenant_add_data_district_080917_to_districts',1),
(748,'2022_08_11_151330_tenant_add_data_district_080918_to_districts',1),
(749,'2022_08_11_151345_tenant_add_data_district_080919_to_districts',1),
(750,'2022_08_14_190940_tenant_add_additional_data_to_documents',1),
(751,'2022_08_15_101024_tenant_add_data_default_various_clients_to_persons',1),
(752,'2022_08_23_140943_tenant_add_personal_information_to_users',1),
(753,'2022_08_23_174028_tenant_user_default_document_types_table',1),
(754,'2022_08_24_155445_tenant_add_data_district_080914_to_districts',1),
(755,'2022_08_24_160940_tenant_add_additional_data_to_document_items',1),
(756,'2022_08_24_165942_tenant_add_restrict_series_selection_seller_to_configurations',1),
(757,'2022_08_25_113149_tenant_system_activity_logs_table',1),
(758,'2022_08_25_154533_create_dispatch_sale_notes_table',1),
(759,'2022_08_29_015753_tenant_add_igv_31556_to_establishments',1),
(760,'2022_08_30_104544_tenant_add_location_to_system_activity_logs',1),
(761,'2022_08_30_140345_tenant_rename_column_auth_transaction_type_to_system_activity_logs',1),
(762,'2022_08_30_175558_tenant_add_regex_password_user_to_configurations',1),
(763,'2022_08_31_105919_tenant_add_route_to_system_activity_logs',1),
(764,'2022_08_31_112916_tenant_system_activity_log_types_table',1),
(765,'2022_08_31_131222_tenant_add_foreign_transaction_type_to_system_activity_logs',1),
(766,'2022_08_31_142530_tenant_add_columns_remember_change_password_to_configurations',1),
(767,'2022_08_31_150743_tenant_add_last_password_update_to_users',1),
(768,'2022_09_01_173835_tenant_add_columns_point_system_to_configurations',1),
(769,'2022_09_02_100607_tenant_add_accumulated_points_to_persons',1),
(770,'2022_09_02_130726_tenant_add_point_system_to_documents',1),
(771,'2022_09_02_152858_tenant_add_columns_point_system_to_items',1),
(772,'2022_09_02_172003_tenant_add_show_complete_name_pos_to_configurations',1),
(773,'2022_09_03_190940_tenant_add_additional_data_to_documents_error',1),
(774,'2022_09_06_165424_tenant_add_round_points_of_sale_to_configurations',1),
(775,'2022_09_07_101240_tenant_add_columns_point_system_to_sale_notes',1),
(776,'2022_09_08_102133_tenant_add_enable_categories_products_view_to_configurations',1),
(777,'2022_09_08_113936_tenant_add_columns_restrict_seller_discount_to_configurations',1),
(778,'2022_09_08_151132_tenant_authorized_discount_users_table',1),
(779,'2022_09_09_110646_tenant_enabled_sales_agents_to_configurations',1),
(780,'2022_09_09_113545_tenant_agents_table',1),
(781,'2022_09_09_144216_tenant_add_agent_id_to_documents_sale_notes',1),
(782,'2022_09_10_114510_tenant_add_inventory_review_to_inventory_configurations',1),
(783,'2022_09_14_170825_tenant_add_change_affectation_exonerated_igv_to_configurations',1),
(784,'2022_09_18_162711_add_pos_discount_permission_to_enter_permissions_table',1),
(785,'2022_09_20_101814_tenant_add_data_login_lockout_to_system_activity_log_types',1),
(786,'2022_09_20_155523_tenant_add_request_email_to_system_activity_logs',1),
(787,'2022_09_27_104853_tenant_add_factory_code_to_items',1),
(788,'2022_09_27_115234_tenant_add_search_factory_code_items_to_configurations',1),
(789,'2022_09_28_101354_tenant_add_show_load_voucher_to_configurations',1),
(790,'2022_09_29_114005_tenant_add_force_send_by_summary_to_documents',1),
(791,'2022_09_29_115507_tenant_add_permission_force_send_by_summary_to_users',1),
(792,'2022_10_04_141907_tenant_change_description_value_to_module_levels',1),
(793,'2022_10_05_152438_tenant_add_environment_to_restaurant_configurations',1),
(794,'2022_10_05_162751_tenant_add_index_changed_to_sale_notes',1),
(795,'2022_10_12_141349_tenant_add_real_system_stock_to_inventories',1),
(796,'2022_10_14_172645_tenant_add_register_series_invoice_xml_to_configurations',1),
(797,'2022_10_16_101354_tenant_add_enable_discount_by_customer_to_configurations',1),
(798,'2022_10_16_110607_tenant_add_discount_to_persons',1),
(799,'2022_10_20_123539_tenant_add_image_default_to_items',1),
(800,'2022_10_21_190940_tenant_add_additional_data_to_dispatches',1),
(801,'2022_10_21_210941_tenant_add_additional_data_to_dispatch_items',1),
(802,'2022_10_21_213010_tenant_add_config_to_restaurant_configurations',1),
(803,'2022_10_22_113308_tenant_create_waiters_table',1),
(804,'2022_10_22_174921_tenant_add_quantity_mesas_and_and_env4_to_environment_restaurant',1),
(805,'2022_11_04_142103_tenant_add_enabled_dispatch_ticket_pdf_to_configurations',1),
(806,'2022_11_04_173318_tenant_add_dispatch_ticket_pdf_to_document_sale_notes',1),
(807,'2022_11_10_132533_tenant_add_item_lot_group_id_to_purchase_items',1),
(808,'2022_11_14_162628_tenant_add_validate_stock_add_item_to_inventory_configurations',1),
(809,'2022_11_16_000856_create_restaurant_table_envs_table',1),
(810,'2022_11_16_000857_add_data_restaurant_table_envs',1),
(811,'2022_11_16_235623_create_restaurant_tables_table',1),
(812,'2022_11_17_154241_tenant_add_direct_send_documents_whatsapp_to_app_configurations',1),
(813,'2022_11_27_235623_create_restaurant_notes_table',1),
(814,'2022_11_28_007706_tenant_guides_table',1),
(815,'2022_11_28_017707_tenant_guide_items_table',1),
(816,'2022_11_28_101718_tenant_add_guide_id_to_inventories',1),
(817,'2022_11_28_111428_tenant_add_series_and_number_to_inventories_transfer',1),
(818,'2022_11_29_113028_tenant_create_number_series_to_guides',1),
(819,'2022_11_30_103028_tenant_add_api_sunat_to_companies',1),
(820,'2022_12_01_013028_tenant_add_ticket_to_dispatches',1),
(821,'2022_12_01_112321_tenant_update_data_to_dispatches',1),
(822,'2022_12_02_023125_tenant_add_number_mtc_to_dispatchers',1),
(823,'2022_12_04_113118_tenant_add_sunat_to_companies',1),
(824,'2022_12_06_105443_tenant_add_name_product_pdf_to_purchase_items',1),
(825,'2022_12_07_112335_add_show_price_in_barcode_ticket_to_configurations',1),
(826,'2022_12_12_225021_tenant_update_roles_restaurant_mozo',1),
(827,'2022_12_13_131847_tenant_change_column_inventory_transaction_id_to_guides',1),
(828,'2022_12_13_153125_tenant_add_unit_type_to_cat_unit_types',1),
(829,'2022_12_16_153346_tenant_add_price_selected_add_product_to_configurations',1),
(830,'2022_12_20_160732_tenant_add_additional_data_to_order_notes',1),
(831,'2022_12_21_113016_tenant_edit_unit_type_to_cat_unit_types',1),
(832,'2022_12_22_101455_tenant_pdf_footer_images_to_configurations',1),
(833,'2022_12_23_132614_tenant_add_locked_create_establishments_to_configurations',1),
(834,'2022_12_23_173228_tenant_add_restrict_sales_limit_to_configurations',1),
(835,'2022_12_26_112720_add_data_district050511_to_districts',1),
(836,'2022_12_27_012101_tenant_transports_table',1),
(837,'2022_12_27_152518_tenant_add_restrict_sale_items_cpe_to_configurations',1),
(838,'2022_12_27_154226_tenant_add_restrict_sale_cpe_to_items',1),
(839,'2022_12_28_174959_tenant_add_show_convert_cpe_pos_to_configurations',1),
(840,'2022_12_28_270513_tenant_update_to_dispatches',1),
(841,'2022_12_29_120310_tenant_update_to_drivers',1),
(842,'2022_12_29_132101_tenant_origin_addresses_table',1),
(843,'2022_12_30_120731_tenant_add_index_is_credit_to_payment_method_types',1),
(844,'2022_12_31_100513_tenant_add_transport_data_to_dispatches',1),
(845,'2023_01_14_013028_tenant_change_length_ticket_to_dispatches',1),
(846,'2023_01_15_122101_tenant_dispatch_addresses_table',1),
(847,'2023_01_16_110612_tenant_add_receiver_to_dispatches',1),
(848,'2023_01_16_150612_tenant_change_customer_id_to_dispatches',1),
(849,'2023_02_09_144759_create_inventory_transfer_items',1),
(850,'2023_02_24_163815_tenant_add_order_note_advanced_to_configurations',1),
(851,'2023_03_08_113249_tenant_hotel_rent_item_payments_table',1),
(852,'2023_03_09_132241_tenant_add_subtotal_to_order_notes',1),
(853,'2023_03_15_151737_tenant_change_nullable_email_to_establishments',1),
(854,'2023_03_15_154740_tenant_remove_validation_email_establishments_to_configurations',1),
(855,'2023_07_18_214757_tenant_add_second_name_to_items',1),
(856,'2023_09_07_151856_tenant_add_sire_to_companies',1),
(857,'2023_11_10_204115_create_cie10_table',1),
(858,'2023_11_10_204153_create_prescription_doctors_table',1),
(859,'2023_11_10_204221_create_prescription_prescriptions_table',1),
(860,'2023_11_10_204419_add_requires_prescription_to_items_table',1),
(861,'2024_01_27_045748_guia_tenant_to_modules',1),
(862,'2024_02_19_220058_response_signature_nubefact_to_documents',1),
(863,'2024_02_19_220808_api_nubefact_to_companies',1),
(864,'2024_02_21_042258_send_to_nubefact_to_companies',1),
(865,'2024_02_21_085754_send_anulate_nubefact',1),
(866,'2024_02_22_184908_api_token_to_establishments',1),
(867,'2024_02_29_093306_total_plastic_bag_taxes_to_purchases',1),
(868,'2024_08_08_172459_add_formula_column_to_configurations_table',1),
(869,'2025_02_13_000001_add_is_visible_payment_method_types_table',1),
(884,'2024_09_13_105728_tenant_add_column_certificate_qz_tray_to_companies',2),
(885,'2024_11_22_192222_change_decimal_to_purchase_items',2),
(886,'2025_03_02_005639_add_column_hospital_type_to_establishments_table',2),
(887,'2025_03_25_100110_tenant_add_total_to_sale_notes',2),
(888,'2025_03_25_181211_tenant_sale_note_fee_table',2),
(889,'2025_03_25_195114_tenant_add_columns_to_sale_note_payments',2),
(890,'2025_04_22_114404_tenant_add_devolution_to_inventario',2),
(891,'2025_04_22_114404_tenant_add_pse_qpos_to_companies',2),
(892,'2025_08_12_114404_tenant_add_cash_box_to_configuracion',2),
(893,'2025_08_27_120000_tenant_add_fast_payment_config_to_configurations',2),
(894,'2025_08_27_120000_tenant_add_image_ads_config_to_configurations',2),
(895,'2025_09_01_120000_tenant_add_annular_sale_to_users',2),
(896,'2025_09_01_120000_tenant_add_prescriptions_salenote_invoice',2),
(897,'2025_09_01_120000_tenant_prescriptions_table_make_fields_nullable',2),
(898,'2025_10_10_025653_tenant_remove_qr_to_documents',2),
(899,'2025_12_02_103028_tenant_add_number_ticket_to_companies',2),
(900,'2026_02_28_170000_add_active_pos_to_payment_method_types_table',2),
(901,'2026_03_01_000001_tenant_add_blister_unit_type',2),
(902,'2026_03_01_000002_tenant_add_price_list_to_persons',2),
(903,'2026_03_01_120000_add_pos_bank_account_id_to_payment_method_types_table',2),
(904,'2026_03_01_180000_tenant_normalize_payment_method_types_for_pos',2),
(905,'2026_03_02_000001_add_performance_indexes',2),
(906,'2026_03_02_000002_add_item_warehouse_unique_index',2),
(907,'2026_03_08_000003_add_digemid_sublevels_to_tenant_module_levels',2),
(908,'2026_03_08_000004_rename_digemid_labels_to_farmacos',2),
(909,'2026_03_09_000000_tenant_prescriptions_add_text_fields',2),
(910,'2026_03_09_000010_create_pos_parked_sales_table',2),
(911,'2026_03_10_000001_create_coupons_table',2),
(912,'2026_03_10_000002_add_coupon_to_documents_and_sale_notes',2),
(913,'2026_03_10_000003_add_coupons_module_level_to_tenant',2),
(914,'2026_03_10_180100_tenant_create_purchase_xml_imports_table',2),
(915,'2026_03_10_180200_tenant_create_supplier_item_aliases_table',2),
(916,'2026_03_10_180300_tenant_add_xml_import_controls_to_purchases',2),
(917,'2026_03_12_000001_add_is_pharmacist_to_users',2),
(918,'2026_03_12_000002_add_pharmacist_restriction_to_configurations',2),
(919,'2026_03_14_000001_create_charge_discounts_table',2),
(920,'2026_03_16_000001_drop_clinic_module_tables',2),
(921,'2026_03_30_120000_merge_legacy_a30_dias_payment_method_into_factura_a30_dias',2),
(922,'2026_04_06_120000_add_use_profit_margin_formula_to_configurations',3),
(923,'2026_04_06_180000_create_inventory_reconciliation_reviews_table',4),
(924,'2026_04_14_000000_tenant_deactivate_non_pharmacy_units',5),
(925,'2026_04_15_000000_tenant_add_closing_denominations_to_cash',6),
(926,'2026_04_15_000001_tenant_add_purchase_fee_id_to_purchase_payments',7),
(927,'2026_04_15_100000_tenant_unique_barcode_item_unit_types',8),
(928,'2026_04_15_100100_tenant_item_unit_type_changes_table',8),
(929,'2026_04_15_100200_tenant_add_soft_delete_to_item_unit_types',8),
(930,'2026_04_15_110000_tenant_add_presentation_unit_type_to_inventory_kardex',8),
(931,'2026_04_15_110100_tenant_add_presentation_unit_type_to_prescriptions',8),
(932,'2026_04_15_120000_tenant_add_presentation_unit_type_to_inventory_transfer',8),
(933,'2026_04_15_130000_tenant_add_presentation_unit_type_to_discounts_promotions',8),
(934,'2026_04_15_150000_create_item_lot_movements_table',8),
(935,'2026_04_16_140000_tenant_add_quantity_to_inventory_transfer_items',8),
(936,'2026_04_16_180000_tenant_create_item_lots_group_warehouse_table',8),
(937,'2026_04_17_100000_tenant_create_item_unit_type_warehouse_price_table',8),
(938,'2026_04_17_100100_tenant_add_warehouse_id_to_item_unit_type_changes',8),
(939,'2026_04_17_100200_tenant_add_active_warehouse_prices_per_presentation',8),
(940,'2026_04_18_100000_tenant_drop_stock_thresholds_from_item_warehouse',8),
(941,'2026_04_18_110000_tenant_bridge_legacy_item_warehouse_prices',8),
(942,'2026_04_18_120000_tenant_drop_item_warehouse_prices_legacy',8),
(943,'2026_04_18_130000_tenant_add_master_warehouse_to_configurations',8),
(944,'2026_04_18_130100_tenant_create_item_warehouse_pricing_states_table',8),
(945,'2026_04_18_130200_tenant_backfill_item_warehouse_pricing_states',8),
(946,'2026_04_26_120000_tenant_add_owner_warehouse_to_items',8),
(947,'2026_04_26_120100_tenant_backfill_items_owner_warehouse',8),
(948,'2026_04_27_235000_tenant_backfill_item_points_to_exchange_fields',8),
(949,'2026_04_29_100000_tenant_add_foreign_keys_to_promotion_presentation_scope',8),
(950,'2026_05_06_000005_remove_pos_garage_module_level',9),
(951,'2026_05_06_120000_tenant_create_user_mobile_establishments_table',10),
(952,'2026_05_06_120100_tenant_create_mobile_idempotency_keys_table',10),
(953,'2026_05_06_120200_tenant_create_mobile_push_devices_table',10),
(954,'2026_05_11_120000_tenant_add_default_prefix_to_sale_notes',11),
(955,'2026_05_20_000001_create_mobile_physical_counts_table',12),
(956,'2026_05_20_000002_create_mobile_physical_count_lines_table',12),
(957,'2026_05_20_000003_create_mobile_physical_count_events_table',12),
(958,'2026_05_21_000001_add_inventory_id_to_mobile_physical_count_lines',13),
(959,'2026_05_21_000002_add_operational_index_to_mobile_physical_counts',13),
(960,'2026_05_22_000001_add_user_id_to_inventories_table',14),
(961,'2026_06_17_120000_tenant_add_seller_incentive_to_configurations',15),
(962,'2026_06_17_120100_tenant_add_shift_type_to_cash',15),
(963,'2026_06_17_120200_tenant_create_seller_point_ledger_table',15),
(964,'2026_06_18_000000_add_gre_fields_to_dispatches_table',15),
(965,'2026_06_18_000100_add_license_plate_m1l_to_dispatches_table',15),
(966,'2026_06_19_000000_add_condition_storage_to_items_table',15),
(967,'2026_06_19_120000_tenant_create_seller_reward_table',15),
(968,'2026_06_19_120100_tenant_create_seller_reward_redemption_table',15),
(969,'2026_06_20_120000_fix_items_nullable_and_defaults',16),
(970,'2026_06_22_000001_remove_orphan_clinic_module_rows',17),
(971,'2026_06_22_000002_remove_orphan_advanced_dispatches_level',18),
(972,'2026_06_22_130000_add_is_veterinary_to_configurations',19),
(973,'2026_06_22_130001_add_modules_veterinary',19),
(974,'2026_06_22_140000_create_vet_pets_table',19),
(975,'2026_06_22_150000_create_vet_vaccination_records_table',19),
(976,'2026_06_23_120000_add_is_vaccine_to_items_table',19),
(977,'2026_06_23_160000_create_vet_consultations_table',19),
(978,'2026_06_23_170000_create_vet_boardings_table',19),
(979,'2026_06_23_180000_create_vet_appointments_table',19),
(980,'2026_06_23_190000_add_type_to_vet_vaccination_records',19),
(981,'2026_06_23_200000_create_vet_memberships_table',19),
(982,'2026_06_23_210000_create_vet_catalogs_tables',19),
(983,'2026_06_23_220000_add_vet_appointment_duration_to_configurations',19),
(984,'2026_06_23_230000_add_vet_kennel_count_to_configurations',19),
(985,'2026_06_24_120000_add_is_vet_service_to_items_table',19),
(986,'2026_06_24_130000_add_vet_boarding_service_item_to_configurations',19),
(987,'2026_06_24_140000_create_vet_prescriptions_table',19),
(988,'2026_06_24_140001_create_vet_prescription_items_table',19),
(989,'2026_06_24_140002_make_applied_date_nullable_on_vet_vaccination_records',19),
(990,'2026_06_24_140003_create_vet_vaccine_protocols_table',19),
(991,'2026_06_24_150000_create_vet_notification_log_table',19),
(992,'2026_06_24_150001_add_vet_notify_fields_to_configurations',19),
(993,'2026_06_24_160000_add_clinical_fields_to_vet_consultations',19),
(994,'2026_06_24_160001_add_sterilized_to_vet_pets',19),
(995,'2026_06_24_170000_add_working_hours_to_vet_veterinarians',19),
(996,'2026_06_24_180000_add_species_fk_and_clinical_to_vet_pets',19),
(997,'2026_06_24_180000_add_vet_consultation_service_item_to_configurations',19),
(998,'2026_06_24_190000_add_type_to_vet_consultations',19),
(999,'2026_06_24_190001_create_vet_consultation_attachments_table',19),
(1000,'2026_06_24_200000_create_vet_quotes_table',19),
(1001,'2026_06_24_200001_create_vet_quote_items_table',19),
(1002,'2026_06_25_120000_add_vet_clinic_hours_to_configurations',19),
(1003,'2026_06_25_130001_add_veterinary_sublevels_to_tenant_module_levels',19),
(1004,'2026_06_25_130002_add_user_id_to_vet_veterinarians',19),
(1005,'2026_06_25_140000_backfill_veterinary_levels_by_module',19),
(1006,'2026_06_25_150000_create_vet_consultation_procedures',19),
(1007,'2026_06_28_160000_add_parent_id_to_categories',20),
(1008,'2026_06_28_170000_add_is_clinic_to_configurations',21),
(1009,'2026_06_28_170001_add_modules_clinica',21),
(1010,'2026_06_28_180000_create_clinica_tables',21),
(1011,'2026_06_28_190000_add_clinic_role_id_to_users',21),
(1012,'2026_06_28_200000_add_birthdate_gender_to_persons',21),
(1013,'2026_06_29_120000_add_clinic_appointment_item_to_configurations',21),
(1014,'2026_06_29_120100_add_is_clinic_service_to_items',21),
(1015,'2026_06_30_120000_create_clinic_appointment_items',21),
(1016,'2026_06_30_140000_add_charge_columns_to_clinic_appointments',21);
COMMIT;

--
-- Table structure for table `mill`
--

CREATE TABLE `mill` (
  `id` int(10) unsigned NOT NULL AUTO_INCREMENT,
  `date_start` date DEFAULT NULL,
  `time_start` time DEFAULT NULL,
  `date_end` date DEFAULT NULL,
  `time_end` time DEFAULT NULL,
  `user_id` int(10) unsigned DEFAULT 0,
  `soap_type_id` char(2) DEFAULT NULL,
  `created_at` timestamp NULL DEFAULT NULL,
  `updated_at` timestamp NULL DEFAULT NULL,
  `name` varchar(255) DEFAULT NULL,
  `comment` longtext DEFAULT NULL,
  `mill_name` varchar(255) DEFAULT NULL,
  `lot_code` varchar(255) DEFAULT NULL,
  PRIMARY KEY (`id`),
  KEY `mill_soap_type_id_foreign` (`soap_type_id`),
  CONSTRAINT `mill_soap_type_id_foreign` FOREIGN KEY (`soap_type_id`) REFERENCES `soap_types` (`id`)
) ENGINE=InnoDB DEFAULT CHARSET=utf8mb4 COLLATE=utf8mb4_unicode_ci;

--
-- Dumping data for table `mill`
--

COMMIT;

--
-- Table structure for table `mill_items`
--

CREATE TABLE `mill_items` (
  `id` int(10) unsigned NOT NULL AUTO_INCREMENT,
  `item_id` int(10) unsigned DEFAULT 0,
  `mill_id` int(10) unsigned DEFAULT 0,
  `height_to_mill` decimal(12,3) DEFAULT 0.000 COMMENT 'Peso de entrada',
  `total_height` decimal(12,3) DEFAULT 0.000 COMMENT 'Peso dle insumo ',
  `created_at` timestamp NULL DEFAULT NULL,
  `updated_at` timestamp NULL DEFAULT NULL,
  `item` longtext CHARACTER SET utf8mb4 COLLATE utf8mb4_bin NOT NULL,
  `quantity` decimal(12,3) DEFAULT 0.000 COMMENT 'Peso dle insumo ',
  `item_extra_data` longtext CHARACTER SET utf8mb4 COLLATE utf8mb4_bin DEFAULT NULL,
  PRIMARY KEY (`id`)
) ENGINE=InnoDB DEFAULT CHARSET=utf8mb4 COLLATE=utf8mb4_unicode_ci;

--
-- Dumping data for table `mill_items`
--

COMMIT;

--
-- Table structure for table `mobile_idempotency_keys`
--

CREATE TABLE `mobile_idempotency_keys` (
  `id` bigint(20) unsigned NOT NULL AUTO_INCREMENT,
  `user_id` int(10) unsigned NOT NULL,
  `establishment_id` int(10) unsigned NOT NULL,
  `idempotency_key` varchar(100) NOT NULL,
  `status` varchar(20) NOT NULL DEFAULT 'processing',
  `model` varchar(20) DEFAULT NULL,
  `record_id` int(10) unsigned DEFAULT NULL,
  `response_payload` longtext CHARACTER SET utf8mb4 COLLATE utf8mb4_bin DEFAULT NULL CHECK (json_valid(`response_payload`)),
  `error_message` text DEFAULT NULL,
  `created_at` timestamp NULL DEFAULT NULL,
  `updated_at` timestamp NULL DEFAULT NULL,
  PRIMARY KEY (`id`),
  UNIQUE KEY `mik_user_est_key_unique` (`user_id`,`establishment_id`,`idempotency_key`),
  KEY `mobile_idempotency_keys_status_index` (`status`),
  KEY `mobile_idempotency_keys_establishment_id_foreign` (`establishment_id`),
  CONSTRAINT `mobile_idempotency_keys_establishment_id_foreign` FOREIGN KEY (`establishment_id`) REFERENCES `establishments` (`id`) ON DELETE CASCADE,
  CONSTRAINT `mobile_idempotency_keys_user_id_foreign` FOREIGN KEY (`user_id`) REFERENCES `users` (`id`) ON DELETE CASCADE
) ENGINE=InnoDB AUTO_INCREMENT=19 DEFAULT CHARSET=utf8mb4 COLLATE=utf8mb4_unicode_ci;

--
-- Dumping data for table `mobile_idempotency_keys`
--

INSERT INTO `mobile_idempotency_keys` VALUES
(1,1,1,'mob-1778107052555222-555222','completed','document',38,'{\"record\":{\"id\":38,\"model\":\"document\",\"external_id\":\"20b8423a-f295-46ec-b1c4-52d99d08cfc6\",\"number_full\":\"B001-965837\",\"series\":\"B001\",\"number\":965837,\"document_type_id\":\"03\",\"document_type_description\":\"BOLETA DE VENTA ELECTR\\u00d3NICA\",\"state_type_id\":\"01\",\"state_type_description\":\"Registrado\",\"date_of_issue\":\"2026-05-06\",\"time_of_issue\":\"17:37:32\",\"currency_type_id\":\"PEN\",\"exchange_rate_sale\":1,\"payment_condition_id\":\"01\",\"payment_method_type_id\":\"01\",\"seller_id\":1,\"additional_information\":[\"\"],\"subtotal\":22,\"total_taxed\":18.64,\"total_exonerated\":0,\"total_unaffected\":0,\"total_value\":18.64,\"total_igv\":3.36,\"total_taxes\":3.36,\"total\":22,\"customer\":{\"id\":1,\"name\":\"Clientes - Varios\",\"number\":\"99999999\",\"identity_document_type_id\":\"0\",\"description\":\"99999999 - Clientes - Varios\"},\"items_count\":2,\"items\":[{\"id\":44,\"item_id\":6,\"description\":\"Agua\",\"internal_id\":null,\"unit_type_id\":\"NIU\",\"quantity\":1,\"unit_price\":7,\"total_value\":5.93,\"total_igv\":1.07,\"total\":7,\"affectation_igv_type_id\":\"10\"},{\"id\":45,\"item_id\":13,\"description\":\"QA E2E Item 52479458\",\"internal_id\":\"QA-E2E-52479458\",\"unit_type_id\":\"BL\",\"quantity\":1,\"unit_price\":15,\"total_value\":12.71,\"total_igv\":2.29,\"total\":15,\"affectation_igv_type_id\":\"10\"}],\"payments\":[{\"id\":32,\"payment_method_type_id\":\"01\",\"payment_destination_id\":null,\"reference\":null,\"payment\":22,\"date_of_payment\":\"2026-05-06T05:00:00.000000Z\"}],\"fees\":[],\"pdf_url\":\"https:\\/\\/demo.softlte.org.pe\\/print\\/document\\/20b8423a-f295-46ec-b1c4-52d99d08cfc6\\/a4\",\"ticket_url\":\"https:\\/\\/demo.softlte.org.pe\\/print\\/document\\/20b8423a-f295-46ec-b1c4-52d99d08cfc6\\/ticket\",\"print_payload_url\":\"https:\\/\\/demo.softlte.org.pe\\/api\\/mobile\\/v1\\/documents\\/38\\/print-payload?model=document\"},\"legacy\":{\"success\":true,\"data\":{\"number\":\"B001-965837\",\"filename\":\"00000000000-03-B001-965837\",\"external_id\":\"20b8423a-f295-46ec-b1c4-52d99d08cfc6\",\"state_type_id\":\"01\",\"state_type_description\":\"Registrado\",\"number_to_letter\":\"Veintidos  con 00\\/100 \",\"hash\":null,\"qr\":\"iVBORw0KGgoAAAANSUhEUgAAAJYAAACWCAIAAACzY+a1AAAACXBIWXMAAA7EAAAOxAGVKw4bAAAgAElEQVR4AQCbgGR\\/Af\\/\\/\\/w[BLOB]I[BLOB]g[BLOB]I[BLOB]g[BLOB]I[BLOB]g[BLOB]I[BLOB]g[BLOB]I[BLOB]QAAAAAAAAAAAAAAAAAAAAAAAAAAAAAAAAAAAAAAAAAAAAAAAAAAAAAAAAAAAAAAAAAAAAAAAAAAAAAAAAAAAAAAAAAAAAAAAP\\/\\/\\/wAAAAAAAAAAAAAAAAAAAAAAAAAAAAEBAQAAAAAAAP\\/\\/\\/wAAAAAAAAAAAAAAAAAAAAAAAAAAAAEBAQAAAAAAAAAAAAAAAAAAAAAAAP\\/\\/\\/wAAAAAAAAAAAAAAAAAAAAAAAAEBAQAAAAAAAAAAAP\\/\\/\\/wAAAAAAAAAAAAAAAAAAAAAAAAEBAQAAAAAAAAAAAAAAAAAAAAAAAP\\/\\/\\/wAAAAAAAAAAAAAAAAAAAAAAAAAAAAEBAQAAAAAAAAAAAAAAAAAAAAAAAP\\/\\/\\/wAAAAAAAAAAAAEBAQAAAAAAAAAAAAAAAAAAAAAAAAAAAAAAAAAAAAAAAAAAAAAAAAAAAAAAAAAAAAAAAAAAAAAAAAAAAAAAAAAAAAAAAAAAAAAAAP\\/\\/\\/wAAAAAAAAAAAAAAAAAAAAAAAAAAAAAAAAAAAAAAAAAAAAAAAAAAAAAAAAI[BLOB]P\\/\\/\\/wAAAAAAAAAAAJVv\\/sIAACAASURBVAAAAAAAAAAAAAAAAAAAAAAAAAAAAAAAAAAAAAAAAAAAAAAAAAAAAAAAAAAAAAEBAQAAAAAAAAAAAAAAAAAAAAAAAAEBAQAAAAAAAAAAAP\\/\\/\\/wAAAAAAAAAAAAAAAAAAAAAAAAEBAQAAAAAAAAAAAAAAAAAAAAAAAAAAAAAAAAAAAAAAAAEBAQAAAAAAAAAAAAAAAAAAAAAAAP\\/\\/\\/wAAAAAAAAAAAAEBAQAAAAAAAP\\/\\/\\/wAAAAAAAAAAAP\\/\\/\\/wAAAAAAAAAAAAEBAQAAAAAAAAAAAAAAAAAAAAAAAAEBAQAAAAAAAAAAAAAAAAAAAAAAAP\\/\\/\\/wAAAAAAAAAAAAAAAAAAAAAAAAAAAAAAAAAAAAAAAP\\/\\/\\/wAAAAAAAAAAAAAAAAAAAAAAAAAAAAAAAAAAAAAAAAAAAAAAAAAAAAAAAAAAAAAAAAAAAAAAAAEBAQAAAAAAAAAAAAAAAAAAAAAAAAAAAAAAAAAAAAAAAAAAAAAAAAAAAAAAAAAAAAAAAAAAAAI[BLOB]g[BLOB]QAAAAAAAAAAAAAAAAAAAAAAAAAAAAAAAAAAAAAAAAAAAAAAAAAAAAAAAAAAAAAAAAAAAAAAAAAAAAAAAAAAAAAAAABAQEAAAAAAAAAAAAAAAAAAAAAAAAAAAAAAAAAAAAAAAD\\/\\/\\/8AAAAAAAAAAAAAAAAAAAAAAAAAAAAAAAAAAAAAAAAAAAAAAAAAAAAAAAABAQEAAAAAAAAAAAAAAAAAAAAAAAAAAAAAAAAAAAAAAAAAAAAAAAAAAAAAAAAAAAAAAAAAAAD\\/\\/\\/8AAAAAAAAAAAAAAAAAAAAAAAABAQEAAAAAAAAAAAAAAAAAAAAAAAABAQEAAAAAAAAAAAD\\/\\/\\/8AAAAAAAAAAAAAAAAAAAAAAAAAAAAAAAAAAAAAAAD\\/\\/\\/8AAAAAAAAAAAABAQEAAAAAAAAAAAAAAAAAAAAAAAAAAAAAAAAAAAAAAAAAAAAAAAAAAAAAAAAAAAAAAAAAAAABAQEAAAAAAAAAAAAAAAAAAAAAAAAAAAAAAAAAAAAAAAD\\/\\/\\[BLOB]\\/\\/\\/\\/AAAAAAAAAAAAAQEBAAAAAAAAAAAAAAAAAAAAAAAAAAAAAAAAAAAAAAAA\\/\\/\\/\\/AAAAAAAAAQEBAAAAAAAAAAAAAQEBAAAAAAAAAAAAAAAAAAAAAAAA\\/\\/\\/\\/AAAAAAAAAAAAAAAAAAAAAAAAAAAAAAAAAAAAAAAAAAAAAAAAAAAAAAAA\\/\\/\\/\\/AAAAAAAAAAAAAAAAAAAAAAAAAAAAAAAAAAAAAAAA\\/\\/\\/\\/AAAAAAAAAQEBAAAAAAAAAAAA\\/\\/\\/\\/AAAAAAAAAAAAAAAAAAAAAAAAAAAAAAAAAAAAAAAAAAAAAAAAAAAAAAAAAAAAAAAAAAAAAAAAAAAAAAAAAAAAAAAAAAAAAAAAAAAAAAAAAAAAAAAAAAAAAAAAAAAAAAAAAAAAAAAAAAAAAAAAAAAAAAAAAAAAAAAAAAAAAAAAAAAAAg[BLOB]I[BLOB]QEBAAAAAAAAAAAA\\/\\/\\/\\/AAAAAAAAAAAAAAAAAAAAAAAAAAAAAAAAAAAAAAAAAAAAAAAAAAAAAAAAAAAAAAAAAAAAAAAAAAAAAAAAAAAA\\/\\/\\/\\/AAAAAAAAAQEBAAAAAAAAAAAA\\/\\/\\/\\/AAAAAAAAAAAAAAAAAAAAAAAAAAAAAAAAAAAAAAAAAQEBAAAAAAAAAAAAAAAAAAAAAAAA\\/\\/\\/\\/AAAAAAAAAAAAAQEBAAAAAAAA\\/\\/\\/\\/AAAAAAAAAAAAAAAAAAAAAAAAAAAAAAAAAAAAAAAAAAAAAAAAAAAAAAAAAAAAAAAAAAAAAAAAAAAAAAAAAAAAAAAAAAAAAAAAAAAAAAAAAAAAAAAAAAAAAAAAAAAAAAAAAAAAAAAAAAAAAAAAAAAAAAAAAAAAAAAAAAAAAAAAAAAAAAAAAAAAAAAAAAAAAg[BLOB]I[BLOB]P\\/\\/\\/wAAAAAAAAAAAAAAAAAAAAAAAAAAAAAAAAAAAAAAAAAAAAAAAAAAAAAAAAAAAAAAAAAAAAAAAAAAAAAAAAAAAAAAAAAAAAAAAAAAAAEBAQAAAAAAAP\\/\\/\\/wAAAAAAAAAAAAEBAQAAAAAAAAAAAP\\/\\/\\/wAAAAAAAAAAAAAAAAAAAAAAAAAAAAAAAAAAAAAAAAAAAAAAAAAAAP\\/\\/\\/wAAAAAAAAAAAAEBAQAAAAAAAAAAAAAAAAAAAAAAAAAAAAAAAAAAAAAAAP\\/\\/\\/wAAAAAAAAAAAAAAAAAAAAAAAAEBAQAAAAAAAAAAAP\\/\\/\\/wAAAAAAAAEBAQAAAAAAAAAAAP\\/\\/\\/wAAAAAAAAAAAAAAAAAAAAAAAAAAAAAAAAAAAAAAAP\\/\\/\\[BLOB]\\/\\/\\/8AAAAAAAABAQEAAAAAAAAAAAD\\/\\/\\/8AAAAAAAAAAAABAQEAAAAAAAD\\/\\/\\/8AAAAAAAAAAAABAQEAAAAAAAAAAAAAAAAAAAAAAAABAQEAAAAAAAAAAAD\\/\\/\\/8AAAAAAAABAQEAAAAAAAAAAAD\\/\\/\\/8AAAAAAAAAAAABAQEAAAAAAAD\\/\\/\\[BLOB]\\/\\/\\/8AAAAAAAAAAAAAAAAAAAAAAAAAAAAAAAAAAAAAAAAAAAAAAAAAAAAAAAAAAAAAAAAAAAAAAAAAAAAAAAAAAAAAAAAAAAAAAAAAAAAAAAAAAAAAAAAAAAAAAAAAAAAAAAABAQEAAAAAAAD\\/\\/\\/8AAAAAAAAAAAAAAAAAAAAAAAAAAAAAAAAAAAAAAAAAAAAAAAAAAAAAAAAAAAAAAAAAAAAAAAAAAAAAAAAAAAD\\/\\/\\/8AAAAAAAAAAAABAQEAAAAAAAD\\/\\/\\/8AAAAAAAAAAAAAAAAAAAAAAAAAAAAAAAAAAAAAAAABAQEAAAAAAAAAAAAAAAAAAAAAAAAAAAAAAAAAAAAAAAAAAAAAAAAAAAAAAAAAAAAAAAAAAAAAAAD\\/\\/\\[BLOB]\\/\\/\\/\\/AAAAAAAAAAAAAAAAAAAAAAAAAAAAAAAAAAAAAAAAAAAAAAAAAAAAAAAAAQEBAAAAAAAAAAAAAAAAAAAAAAAA\\/\\/\\/\\/AAAAAAAAAAAAAQEBAAAAAAAA\\/\\/\\/\\/AAAAAAAAAAAAAAAAAAAAAAAAAAAAAQEBAAAAAAAAAAAAAAAAAAAAAAAA\\/\\/\\/\\/AAAAAAAAAAAAAAAAAAAAAAAAAQEBAAAAAAAAAAAA\\/\\/\\/\\/AAAAAAAAAAAAAAAAAAAAAAAAAAAAAAAAAAAAAAAAAAAAAAAAAAAAAAAAAQEBAAAAAAAAAAAAAAAAAAAAAAAA\\/\\/\\/\\/AAAAAAAAAAAAAAAAAAAAAAAAAAAAAAAAAAAAAAAAAQEBAAAAAAAAAAAAAAAAAAAAAAAAAAAAAAAAAAAAAAAAAAAAAAAAAAAA\\/\\/\\/\\/AAAAAAAAAAAAAAAAAAAAAAAAAAAAAQEBAAAAAAAAAAAAAAAAAAAAAAAAAAAAAAAAAAAAAAAA\\/\\/\\/\\/AAAAAAAAAQEBAAAAAAAAAAAAAAAAAAAAAAAAAAAA\\/\\/\\/\\/AAAAAAAAAAAAAAAAAAAAAAAAAAAAAAAAAAAAAAAAAAAAAAAAAAAAAAAAAAAAAAAAAAAAAg[BLOB]I[BLOB]P\\/\\/\\/wAAAAAAAAAAAAEBAQAAAAAAAAAAAAAAAAAAAAAAAAAAAAAAAAAAAAAAAAAAAAAAAAAAAAAAAP\\/\\/\\/wAAAAAAAAAAAAAAAAAAAAAAAAEBAQAAAAAAAAAAAP\\/\\/\\/wAAAAAAAAAAAAAAAAAAAAAAAAEBAQAAAAAAAAAAAP\\/\\/\\/wAAAAAAAAAAAAAAAAAAAAAAAAEBAQAAAAAAAAAAAAAAAAAAAAAAAP\\/\\/\\/wAAAAAAAAAAAAAAAAAAAAAAAAEBAQAAAAAAAAAAAP\\/\\/\\/wAAAAAAAAAAAP\\/\\/\\/wAAAAAAAAEBAQAAAAAAAAAAAAAAAAAAAAAAAAAAAP\\/\\/\\/wAAAAAAAAAAAAAAAAAAAAAAAAEBAQAAAAAAAAAAAP\\/\\/\\/wAAAAAAAAAAAAAAAAAAAAAAAAAAAAAAAAAAAAAAAAEBAQAAAAAAAP\\/\\/\\/wAAAAAAAAAAAAAAAAAAAAAAAAAAAAEBAQAAAAAAAP\\/\\/\\/wAAAAAAAAAAAAAAAAAAAAAAAAAAAAAAAAAAAAAAAAAAAAAAAAAAAAAAAAI[BLOB]\\/\\/\\/wAAAAAAAAAAAAAAAAAAAAAAAAAAAAAAAAAAAAAAAAAAAAAAAAAAAAAAAAAAAAAAAAAAAAEBAQAAAAAAAAAAAP\\/\\/\\/wAAAAAAAAAAAAEBAQAAAAAAAP\\/\\/\\/wAAAAAAAAAAAAEBAQAAAAAAAAAAAAAAAAAAAAAAAP\\/\\/\\/wAAAAAAAAAAAAAAAAAAAAAAAAAAAAEBAQAAAAAAAAAAAAAAAAAAAAAAAP\\/\\/\\/wAAAAAAAAAAAAAAAAAAAAAAAAAAAAAAAAAAAAAAAAAAAAAAAAAAAAAAAAAAAAAAAAAAAAAAAAAAAAAAAAAAAAAAAAAAAAAAAAAAAAAAAAAAAAAAAAEBAQAAAAAAAAAAAAAAAAAAAAAAAAAAAAAAAAAAAAAAAP\\/\\/\\/wAAAAAAAAAAAAAAAAAAAAAAAAAAAAAAAAAAAAAAAAEBAQAAAAAAAAAAAAAAAAAAAAAAAP\\/\\/\\/wAAAAAAAAAAAAAAAAAAAAAAAAAAAAAAAAAAAAAAAAEBAQAAAAAAAAAAAAAAAAAAAAAAAAAAAAAAAAAAAAAAAP\\/\\/\\[BLOB]\\/\\/\\/8AAAAAAAAAAAAAAAAAAAAAAAAAAAAAAAAAAAAAAAAAAAAAAAAAAAAAAAAAAAAAAAAAAAAAAAAAAAAAAAAAAAAAAAAAAAAAAAAAAAABAQEAAAAAAAAAAAAAAAAAAAAAAAD\\/\\/\\/8AAAAAAAAAAAAAAAAAAAAAAAAAAAAAAAAAAAAAAAAAAAAAAAAAAAAAAAAAAAAAAAAAAAAAAAAAAAAAAAAAAAAAAAAAAAAAAAAAAAAAAAAAAAAAAAAAAAAAAAAAAAAAAAABAQEAAAAAAAAAAAAAAAAAAAAAAAAAAAAAAAAAAAAAAAD\\/\\/\\/8AAAAAAAAAAAAAAAAAAAAAAAABAQEAAAAAAAAAAAAAAAAAAAAAAAAAAAAAAAAAAAAAAAAAAAAAAAAAAAAAAAAAAAAAAAAAAAD\\/\\/\\/8AAAAAAAAAAAABAQEAAAAAAAAAAAD\\/\\/\\/8AAAAAAAAAAAAAAAAAAAAAAAABAQEAAAAAAAAAAAD\\/\\/\\/8AAAAAAAAAAAAAAAAAAAAAAAABAQEAAAAAAAAAAAAAAAAAAAAAAAD\\/\\/\\[BLOB]\\/\\/\\/\\/AAAAAAAAAAAAAAAAAAAAAAAAAAAAAAAAAAAAAAAAAAAAAAAAAAAAAAAAAQEBAAAAAAAA\\/\\/\\/\\/AAAAAAAAAAAAAQEBAAAAAAAAAAAA\\/\\/\\/\\/AAAAAAAAAQEBAAAAAAAAAAAA\\/\\/\\/\\/AAAAAAAAAAAAAQEBAAAAAAAAAAAAAAAAAAAAAAAA\\/\\/\\/\\/AAAAAAAAAAAAAAAAAAAAAAAAAAAAAAAAAAAAAAAAAAAAAAAAAAAAAAAAAQEBAAAAAAAA\\/\\/\\/\\/AAAAAAAAAAAAAAAAAAAAAAAAAAAAAQEBAAAAAAAA\\/\\/\\/\\/AAAAAAAAAAAAAQEBAAAAAAAAAAAAAAAAAAAAAAAA\\/\\/\\/\\/AAAAAAAAAAAAAAAAAAAAAAAAAQEBAAAAAAAAAAAAAAAAAAAAAAAAAAAA\\/\\/\\/\\/AAAAAAAAAAAAAAAAAAAAAAAAAAAAAAAAAAAAAAAAAQEBAAAAAAAAAAAAAAAAAAAAAAAA\\/\\/\\/\\/AAAAAAAAAAAAAQEBAAAAAAAA\\/\\/\\/\\/AAAAAAAAAAAAAAAAAAAAAAAAAAAAAQEBAAAAAAAA\\/\\/\\/\\/AAAAAAAAAAAAAAAAAAAAAAAAAAAAAAAAAAAAAAAAAAAAAAAAAAAAAAAAAg[BLOB]I[BLOB]QEBAAAAAAAAAAAA\\/\\/\\/\\/AAAAAAAAAAAAAQEBAAAAAAAA\\/\\/\\/\\/AAAAAAAAAAAAAQEBAAAAAAAAAAAA\\/\\/\\/\\/AAAAAAAAAQEBAAAAAAAAAAAAAAAAAAAAAAAAAAAAAAAAAAAAAAAAAQEBAAAAAAAAAAAAAAAAAAAAAAAAAAAAAAAAAAAAAAAAAAAAAAAAAAAAAAAAAAAAAAAAAAAAAAAA\\/\\/\\/\\/AAAAAAAAAAAAAAAAAAAAAAAAAAAAAAAAAAAAAAAAAAAAAAAAAAAAAQEBAAAAAAAAAAAA\\/\\/\\/\\/AAAAAAAAAAAAAAAAAAAAAAAA\\/\\/\\/\\/AAAAAAAAAAAAAAAAAAAAAAAAAAAAAAAAAAAAAAAAAQEBAAAAAAAAAAAAAAAAAAAAAAAA\\/\\/\\/\\/AAAAAAAAAAAAAQEBAAAAAAAAAAAAAAAAAAAAAAAAAAAAAAAAAAAAAAAAAQEBAAAAAAAAAAAAAAAAAAAAAAAAAAAAAAAAAAAAAAAAAAAAAAAAAAAAAAAAAAAAAAAAAAAAAAAAAAAAAAAAAAAAAg[BLOB]I[BLOB]P\\/\\/\\/wAAAAAAAAAAAAAAAAAAAAAAAAAAAAAAAAAAAAAAAAAAAAAAAAAAAAAAAAAAAAAAAAAAAAAAAAEBAQAAAAAAAP\\/\\/\\/wAAAAAAAAAAAAEBAQAAAAAAAAAAAP\\/\\/\\/wAAAAAAAAAAAAAAAAAAAAAAAP\\/\\/\\/wAAAAAAAAAAAAEBAQAAAAAAAAAAAAAAAAAAAAAAAAAAAAAAAAAAAAAAAAAAAAAAAAAAAAAAAAAAAAAAAAAAAAAAAAAAAAAAAAAAAAAAAAAAAAAAAP\\/\\/\\/wAAAAAAAAAAAAEBAQAAAAAAAAAAAAAAAAAAAAAAAAAAAAAAAAAAAAAAAAEBAQAAAAAAAAAAAAAAAAAAAAAAAP\\/\\/\\/wAAAAAAAAAAAAAAAAAAAAAAAAEBAQAAAAAAAAAAAP\\/\\/\\/wAAAAAAAAAAAAEBAQAAAAAAAAEBAQAAAAAAAAAAAP\\/\\/\\/wAAAAAAAAAAAAAAAAAAAAAAAAAAAAAAAAAAAAAAAAAAAAAAAAAAAAAAAAAAAAAAAAAAAAAAAAAAAAAAAAAAAAI[BLOB]g[BLOB]QAAAAAAAAAAAAAAAAAAAAAAAAAAAAAAAAAAAAAAAAAAAAAAAAAAAAAAAAAAAAAAAAAAAAAAAABAQEAAAAAAAAAAAD\\/\\/\\/8AAAAAAAAAAAAAAAAAAAAAAAABAQEAAAAAAAAAAAD\\/\\/\\/8AAAAAAAAAAAAAAAAAAAAAAAABAQEAAAAAAAAAAAD\\/\\/\\/8AAAAAAAAAAAAAAAAAAAAAAAAAAAAAAAAAAAAAAAAAAAAAAAAAAAAAAAAAAAAAAAAAAAABAQEAAAAAAAAAAAAAAAAAAAAAAAAAAAAAAAAAAAAAAAD\\/\\/\\/8AAAAAAAAAAAAAAAAAAAAAAAD\\/\\/\\/8AAAAAAAAAAAABAQEAAAAAAAAAAAAAAAAAAAAAAAAAAAAAAAAAAAAAAAAAAAAAAAAAAAAAAAAAAAAAAAAAAAD\\/\\/\\/8AAAAAAAAAAAABAQEAAAAAAAAAAAD\\/\\/\\/8AAAAAAAAAAAAAAAAAAAAAAAAAAAAAAAAAAAAAAAAAAAAAAAAAAAD\\/\\/\\/8AAAAAAAAAAAABAQEAAAAAAAAAAAD\\/\\/\\[BLOB]\\/Af\\/\\/\\/wAAAAAAAAAAAAAAAAAAAAAAAAAAAAAAAAAAAAAAAAAAAAAAAAAAAAAAAAEBAQAAAAAAAAAAAAAAAAAAAAAAAAAAAAAAAAAAAAAAAAAAAAAAAAAAAAAAAAAAAAAAAAAAAAAAAAAAAAAAAAAAAAAAAAAAAAAAAP\\/\\/\\/wAAAAAAAAAAAAEBAQAAAAAAAAAAAAAAAAAAAAAAAP\\/\\/\\/wAAAAAAAAAAAAEBAQAAAAAAAAAAAP\\/\\/\\/wAAAAAAAAEBAQAAAAAAAAAAAAAAAAAAAAAAAAAAAAAAAAAAAAAAAAAAAAAAAAAAAAAAAAAAAAAAAAAAAP\\/\\/\\/wAAAAAAAAAAAAAAAAAAAAAAAAAAAAEBAQAAAAAAAAAAAAAAAAAAAAAAAAAAAAAAAAAAAAAAAAAAAAAAAAAAAP\\/\\/\\/wAAAAAAAAAAAAEBAQAAAAAAAAAAAAAAAAAAAAAAAAAAAAAAAAAAAAAAAAAAAAAAAAAAAAAAAAAAAAAAAAAAAP\\/\\/\\/wAAAAAAAAAAAAEBAQAAAAAAAAAAAAAAAAAAAAAAAP\\/\\/\\/wAAAAAAAAAAAAAAAAAAAAAAAAAAAAAAAAAAAAAAAAAAAAAAAAAAAAAAAAI[BLOB]g[BLOB]H\\/\\/\\/8AAAAAAAAAAAAAAAAAAAAAAAAAAAAAAAAAAAAAAAAAAAAAAAAAAAAAAAABAQEAAAAAAAD\\/\\/\\/8AAAAAAAAAAAAAAAAAAAAAAAAAAAABAQEAAAAAAAD\\/\\/\\/8AAAAAAAAAAAAAAAAAAAAAAAAAAAAAAAAAAAAAAAAAAAAAAAAAAAAAAAAAAAAAAAAAAAAAAAAAAAAAAAAAAAABAQEAAAAAAAAAAAD\\/\\/\\/8AAAAAAAAAAAAAAAAAAAAAAAAAAAAAAAAAAAAAAAAAAAAAAAAAAAAAAAAAAAAAAAAAAAAAAAAAAAAAAAAAAAABAQEAAAAAAAAAAAAAAAAAAAAAAAD\\/\\/\\/8AAAAAAAAAAAABAQEAAAAAAAD\\/\\/\\/8AAAAAAAAAAAABAQEAAAAAAAAAAAAAAAAAAAAAAAD\\/\\/\\/8AAAAAAAAAAAAAAAAAAAAAAAAAAAAAAAAAAAAAAAABAQEAAAAAAAAAAAD\\/\\/\\[BLOB]\\/\\/\\/8AAAAAAAAAAAD\\/\\/\\/8AAAAAAAABAQEAAAAAAAAAAAD\\/\\/\\/8AAAAAAAAAAAABAQEAAAAAAAD\\/\\/\\/8AAAAAAAAAAAAAAAAAAAAAAAAAAAAAAAAAAAAAAAAAAAAAAAAAAAAAAAAAAAAAAAAAAAAAAAAAAAAAAAAAAAABAQEAAAAAAAAAAAD\\/\\/\\/8AAAAAAAAAAAAAAAAAAAAAAAAAAAAAAAAAAAAAAAD\\/\\/\\/8AAAAAAAAAAAAAAAAAAAAAAAAAAAAAAAAAAAAAAAAAAAAAAAAAAAAAAAAAAAAAAAAAAAD\\/\\/\\/8AAAAAAAAAAAAAAAAAAAAAAAAAAAAAAAAAAAAAAAAAAAAAAAAAAAAAAAABAQEAAAAAAAD\\/\\/\\/8AAAAAAAAAAAABAQEAAAAAAAAAAAD\\/\\/\\/8AAAAAAAABAQEAAAAAAAAAAAD\\/\\/\\/8AAAAAAAAAAAABAQEAAAAAAAD\\/\\/\\[BLOB]\\/\\/\\/\\/AAAAAAAAAAAAAAAAAAAAAAAAAAAAAAAAAAAAAAAAAAAAAAAAAAAAAAAAAAAAAAAAAAAAAQEBAAAAAAAAAAAA\\/\\/\\/\\/AAAAAAAAAAAAAAAAAAAAAAAAAAAAAAAAAAAAAAAAAQEBAAAAAAAAAAAA\\/\\/\\/\\/AAAAAAAAAQEBAAAAAAAAAAAA\\/\\/\\/\\/AAAAAAAAAAAAAQEBAAAAAAAAAAAAAAAAAAAAAAAAAAAAAAAAAAAAAAAA\\/\\/\\/\\/AAAAAAAAAQEBAAAAAAAAAAAA\\/\\/\\/\\/AAAAAAAAAAAAAQEBAAAAAAAAAAAAAAAAAAAAAAAAAAAAAAAAAAAA\\/\\/\\/\\/AAAAAAAAAAAAAQEBAAAAAAAAAAAAAAAAAAAAAAAAAAAAAAAAAAAAAAAAAAAAAAAAAAAAAAAAAAAAAAAAAAAAAAAAAAAAAAAAAAAA\\/\\/\\/\\/AAAAAAAAAAAAAAAAAAAAAAAAAQEBAAAAAAAAAAAAAAAAAAAAAAAAAAAAAAAAAAAAAAAA\\/\\/\\/\\/AAAAAAAAAAAAAAAAAAAAAAAAAAAAAAAAAAAAAAAAAAAAAAAAAAAAAAAAAAAAAAAAAAAAAAAAAAAAAAAAAAAAAAAAAAAAAAAAAAAAAg[BLOB]I[BLOB]P\\/\\/\\/wAAAAAAAAAAAAAAAAAAAAAAAAAAAAEBAQAAAAAAAP\\/\\/\\/wAAAAAAAAAAAAAAAAAAAAAAAAAAAAEBAQAAAAAAAAAAAAAAAAAAAAAAAAAAAAAAAAAAAAAAAAAAAAAAAAAAAAAAAAAAAAAAAAAAAAAAAAAAAAAAAAAAAAEBAQAAAAAAAP\\/\\/\\/wAAAAAAAAAAAAEBAQAAAAAAAAAAAAAAAAAAAAAAAP\\/\\/\\/wAAAAAAAAAAAAAAAAAAAAAAAAEBAQAAAAAAAAAAAP\\/\\/\\/wAAAAAAAAAAAAEBAQAAAAAAAAAAAAAAAAAAAAAAAAAAAAAAAAAAAAAAAAAAAAAAAAAAAP\\/\\/\\/wAAAAAAAAAAAAAAAAAAAAAAAAAAAAAAAAAAAAAAAAAAAAAAAAAAAAAAAP\\/\\/\\[BLOB]\\/\\/\\/wAAAAAAAAAAAAAAAAAAAAAAAAAAAAAAAAAAAAAAAAAAAAAAAAAAAAAAAP\\/\\/\\/wAAAAAAAAAAAAAAAAAAAAAAAAEBAQAAAAAAAAAAAP\\/\\/\\/wAAAAAAAAAAAAAAAAAAAAAAAAEBAQAAAAAAAAAAAAAAAAAAAAAAAAEBAQAAAAAAAAAAAP\\/\\/\\/wAAAAAAAAAAAAAAAAAAAAAAAAAAAAAAAAAAAAAAAAAAAAAAAAAAAAAAAAAAAAAAAAAAAAAAAAAAAAAAAAAAAP\\/\\/\\/wAAAAAAAAEBAQAAAAAAAAAAAAAAAAAAAAAAAAAAAP\\/\\/\\/wAAAAAAAAAAAAAAAAAAAAAAAAAAAAAAAAAAAAAAAAEBAQAAAAAAAAAAAAAAAAAAAAAAAAAAAAAAAAAAAAAAAAEBAQAAAAAAAP\\/\\/\\/wAAAAAAAAAAAAAAAAAAAAAAAAAAAAEBAQAAAAAAAP\\/\\/\\/wAAAAAAAAAAAAAAAAAAAAAAAAAAAAAAAAAAAAAAAAAAAAAAAAAAAAAAAAI[BLOB]g[BLOB]QAAAAAAAAAAAAAAAAAAAAAAAAAAAAAAAAAAAAAAAAAAAAAAAAAAAAAAAAAAAD\\/\\/\\/8AAAAAAAAAAAAAAAAAAAAAAAAAAAAAAAAAAAAAAAAAAAAAAAAAAAAAAAAAAAAAAAAAAAD\\/\\/\\/8AAAAAAAAAAAABAQEAAAAAAAD\\/\\/\\/8AAAAAAAAAAAAAAAAAAAAAAAAAAAAAAAAAAAAAAAABAQEAAAAAAAAAAAAAAAAAAAAAAAAAAAAAAAAAAAAAAAAAAAAAAAAAAAAAAAABAQEAAAAAAAAAAAD\\/\\/\\/8AAAAAAAABAQEAAAAAAAAAAAD\\/\\/\\/8AAAAAAAAAAAAAAAAAAAAAAAABAQEAAAAAAAAAAAAAAAAAAAAAAAAAAAAAAAAAAAAAAAD\\/\\/\\/8AAAAAAAAAAAAAAAAAAAAAAAABAQEAAAAAAAAAAAAAAAAAAAAAAAAAAAAAAAAAAAAAAAD\\/\\/\\/8AAAAAAAAAAAAAAAAAAAAAAAAAAAD\\/\\/\\[BLOB]\\/\\/\\/\\/AAAAAAAAAAAAAQEBAAAAAAAAAAAAAAAAAAAAAAAAAAAAAAAAAAAAAAAAAQEBAAAAAAAAAAAA\\/\\/\\/\\/AAAAAAAAAAAAAAAAAAAAAAAA\\/\\/\\/\\/AAAAAAAAAAAAAAAAAAAAAAAAAAAAAAAAAAAAAAAAAAAAAAAAAAAAAAAAAAAAAAAAAAAAAAAAAAAAAAAAAAAA\\/\\/\\/\\/AAAAAAAAAAAAAQEBAAAAAAAA\\/\\/\\/\\/AAAAAAAAAAAAAAAAAAAAAAAAAAAAAAAAAAAAAAAA\\/\\/\\/\\/AAAAAAAAAAAAAQEBAAAAAAAAAAAAAAAAAAAAAAAAAAAAAAAAAAAAAAAAAQEBAAAAAAAAAAAAAAAAAAAAAAAA\\/\\/\\/\\/AAAAAAAAAAAAAQEBAAAAAAAAAAAAAAAAAAAAAAAAAQEBAAAAAAAAAAAA\\/\\/\\/\\/AAAAAAAA\\/\\/\\/\\/AAAAAAAAAAAAAQEBAAAAAAAAAAAAAAAAAAAAAAAAAAAAAAAAAAAAAAAAAAAAAAAAAAAAAAAAAAAAAAAAAAAAAAAAAAAAAAAAAAAAAg[BLOB]I[BLOB]\\/\\/\\/\\/AAAAAAAAAAAAAAAAAAAAAAAAAAAAAAAAAAAAAAAAAAAAAAAAAAAAAAAAAAAAAAAAAAAAAQEBAAAAAAAAAAAA\\/\\/\\/\\/AAAAAAAAAAAAAAAAAAAAAAAAAQEBAAAAAAAAAAAA\\/\\/\\/\\/AAAAAAAAAAAAAQEBAAAAAAAA\\/\\/\\/\\/AAAAAAAAAAAAAQEBAAAAAAAAAAAAAAAAAAAAAAAA\\/\\/\\/\\/AAAAAAAAAAAAAQEBAAAAAAAAAAAA\\/\\/\\/\\/AAAAAAAAAAAAAAAAAAAAAAAAAQEBAAAAAAAAAAAAAAAAAAAAAAAA\\/\\/\\/\\/AAAAAAAAAAAAAQEBAAAAAAAAAAAAAAAAAAAAAAAA\\/\\/\\/\\/AAAAAAAAAAAAAAAAAAAAAAAAAQEBAAAAAAAAAAAAAAAAAAAAAAAAAAAA\\/\\/\\/\\/AAAAAAAAAQEBAAAAAAAAAAAAAAAAAAAAAAAAAAAAAAAAAAAAAAAAAAAAAAAAAAAAAAAAAAAAAAAAAAAAAAAAAAAAAAAAAAAA\\/\\/\\/\\/AAAAAAAAAAAAAAAAAAAAAAAAAAAAAQEBAAAAAAAA\\/\\/\\/\\/AAAAAAAAAAAAAAAAAAAAAAAAAAAAAAAAAAAAAAAAAAAAAAAAAAAAAAAAAg[BLOB]I[BLOB]P\\/\\/\\/wAAAAAAAAAAAAAAAAAAAAAAAAAAAAAAAAAAAAAAAP\\/\\/\\/wAAAAAAAAAAAAAAAAAAAAAAAAAAAP\\/\\/\\/wAAAAAAAAAAAAAAAAAAAAAAAAAAAAAAAAAAAAAAAP\\/\\/\\/wAAAAAAAAEBAQAAAAAAAAAAAAAAAAAAAAAAAAAAAAAAAAAAAAAAAAEBAQAAAAAAAAAAAAAAAAAAAAAAAAAAAP\\/\\/\\/wAAAAAAAAEBAQAAAAAAAAAAAP\\/\\/\\/wAAAAAAAAEBAQAAAAAAAAAAAAEBAQAAAAAAAAAAAP\\/\\/\\/wAAAAAAAAAAAAAAAAAAAAAAAP\\/\\/\\/wAAAAAAAAAAAAAAAAAAAAAAAAAAAAAAAAAAAAAAAP\\/\\/\\/wAAAAAAAAAAAAAAAAAAAAAAAAAAAAAAAAAAAAAAAAEBAQAAAAAAAAAAAAAAAAAAAAAAAAAAAAAAAAAAAAAAAAEBAQAAAAAAAAAAAAAAAAAAAAAAAAAAAAAAAAAAAAAAAAAAAAAAAAAAAAAAAAAAAAAAAAAAAAAAAAAAAAAAAAAAAAI[BLOB]ygtmDAAAgAElEQVQAAAAAAAAAAAAAAAAAAAAAAAAAAg[BLOB]QAAAAAAAAAAAAAAAAAAAAAAAAAAAAAAAAAAAAAAAAAAAAAAAAAAAAAAAAAAAABAQEAAAAAAAAAAAAAAAAAAAAAAAAAAAAAAAAAAAAAAAAAAAAAAAAAAAAAAAAAAAAAAAAAAAAAAAAAAAAAAAAAAAAAAAAAAAAAAAD\\/\\/\\/8AAAAAAAAAAAAAAAAAAAAAAAAAAAABAQEAAAAAAAD\\/\\/\\/8AAAAAAAAAAAABAQEAAAAAAAAAAAAAAAAAAAAAAAAAAAAAAAAAAAAAAAAAAAAAAAAAAAAAAAAAAAAAAAAAAAD\\/\\/\\/8AAAAAAAAAAAABAQEAAAAAAAAAAAAAAAAAAAAAAAD\\/\\/\\/8AAAAAAAAAAAAAAAAAAAAAAAAAAAAAAAAAAAAAAAABAQEAAAAAAAAAAAD\\/\\/\\/8AAAAAAAAAAAAAAAAAAAAAAAAAAAAAAAAAAAAAAAABAQEAAAAAAAD\\/\\/\\/8AAAAAAAAAAAAAAAAAAAAAAAAAAAAAAAAAAAAAAAABAQEAAAAAAAAAAAD\\/\\/\\[BLOB]\\/\\/\\/8AAAAAAAAAAAAAAAAAAAAAAAAAAAAAAAAAAAAAAAAAAAAAAAAAAAAAAAAAAAAAAAAAAAAAAAABAQEAAAAAAAAAAAAAAAAAAAAAAAD\\/\\/\\/8AAAAAAAAAAAAAAAAAAAAAAAAAAAAAAAAAAAAAAAAAAAAAAAAAAAAAAAAAAAAAAAAAAAD\\/\\/\\/8AAAAAAAAAAAAAAAAAAAAAAAAAAAABAQEAAAAAAAD\\/\\/\\/8AAAAAAAAAAAAAAAAAAAAAAAAAAAAAAAAAAAAAAAABAQEAAAAAAAAAAAD\\/\\/\\/8AAAAAAAAAAAAAAAAAAAAAAAD\\/\\/\\/8AAAAAAAAAAAABAQEAAAAAAAAAAAAAAAAAAAAAAAAAAAAAAAAAAAAAAAD\\/\\/\\/8AAAAAAAAAAAAAAAAAAAAAAAAAAAAAAAAAAAAAAAAAAAAAAAAAAAD\\/\\/\\[BLOB]\\/\\/\\/\\/AAAAAAAAAAAAAAAAAAAAAAAAAAAAAAAAAAAAAAAAAAAAAAAAAAAAAAAAAAAAAAAAAAAAAAAAAAAAAAAAAAAA\\/\\/\\/\\/AAAAAAAAAAAAAQEBAAAAAAAAAAAAAAAAAAAAAAAA\\/\\/\\/\\/AAAAAAAAAAAAAAAAAAAAAAAAAQEBAAAAAAAAAAAAAAAAAAAAAAAAAAAAAAAAAAAAAAAAAAAAAAAAAAAAAAAAAAAAAAAAAAAAAAAAAAAAAAAAAAAAAQEBAAAAAAAAAAAA\\/\\/\\/\\/AAAAAAAAAQEBAAAAAAAAAAAAAQEBAAAAAAAAAAAAAAAAAAAAAAAAAAAAAAAAAAAAAAAAAAAAAAAAAAAAAAAAAAAAAAAAAAAAAAAAAAAAAAAAAAAAAQEBAAAAAAAAAAAA\\/\\/\\/\\/AAAAAAAAAAAAAAAAAAAAAAAAAAAAAAAAAAAAAAAAAAAAAAAAAAAAAAAAAAAAAAAAAAAAAg[BLOB]I[BLOB]QAAAAAAAAAAAAAAAAAAAAAAAP\\/\\/\\/wAAAAAAAAAAAAAAAAAAAAAAAAAAAAAAAAAAAAAAAAAAAAAAAAAAAAAAAAEBAQAAAAAAAAAAAP\\/\\/\\/wAAAAAAAAAAAAAAAAAAAAAAAAEBAQAAAAAAAAAAAAAAAAAAAAAAAP\\/\\/\\/wAAAAAAAAAAAAEBAQAAAAAAAP\\/\\/\\/wAAAAAAAAAAAAEBAQAAAAAAAAAAAAEBAQAAAAAAAP\\/\\/\\/wAAAAAAAAAAAAAAAAAAAAAAAAAAAAEBAQAAAAAAAP\\/\\/\\/wAAAAAAAAAAAAEBAQAAAAAAAAAAAP\\/\\/\\/wAAAAAAAAAAAAAAAAAAAAAAAP\\/\\/\\/wAAAAAAAAAAAAAAAAAAAAAAAAAAAAAAAAAAAAAAAAAAAAAAAAAAAAAAAAAAAAAAAAAAAAAAAAAAAAAAAAAAAAI[BLOB]P\\/\\/\\/wAAAAAAAAAAAAEBAQAAAAAAAAEBAQAAAAAAAAAAAAAAAAAAAAAAAAAAAAAAAAAAAAAAAP\\/\\/\\/wAAAAAAAAAAAAEBAQAAAAAAAAAAAAAAAAAAAAAAAAAAAAAAAAAAAAAAAP\\/\\/\\/wAAAAAAAAEBAQAAAAAAAAAAAAAAAAAAAAAAAAAAAAAAAAAAAAAAAAAAAAAAAAAAAAAAAP\\/\\/\\/wAAAAAAAAAAAAAAAAAAAAAAAAAAAAAAAAAAAAAAAAEBAQAAAAAAAAAAAP\\/\\/\\/wAAAAAAAAEBAQAAAAAAAAAAAAAAAAAAAAAAAAAAAAAAAAAAAAAAAAEBAQAAAAAAAAAAAP\\/\\/\\/wAAAAAAAAAAAAEBAQAAAAAAAP\\/\\/\\/wAAAAAAAAAAAAAAAAAAAAAAAAAAAAAAAAAAAAAAAAAAAAAAAAAAAAAAAAI[BLOB]gAAAAAAAAAAAAAAAAAAAAAAAAAAAAAAAAAAAAAAAAAAAAAAAAAAAAAAAAAAAAAAAAAAAAAAAKvrasQAACAASURBV[BLOB]QAAAAAAAAAAAAAAAAAAAAAAAAAAAAAAAAAAAAAAAAAAAAAAAAAAAAAAAAAAAAAAAAAAAAAAAAAAAAAAAAAAAAAAAD\\/\\/\\/8AAAAAAAAAAAAAAAAAAAAAAAAAAAAAAAAAAAAAAAAAAAAAAAAAAAAAAAAAAAAAAAAAAAAAAAAAAAAAAAAAAAABAQEAAAAAAAAAAAD\\/\\/\\/8AAAAAAAABAQEAAAAAAAAAAAD\\/\\/\\/8AAAAAAAAAAAABAQEAAAAAAAAAAAAAAAAAAAAAAAAAAAAAAAAAAAAAAAABAQEAAAAAAAAAAAAAAAAAAAAAAAAAAAAAAAAAAAAAAAAAAAAAAAAAAAABAQEAAAAAAAAAAAD\\/\\/\\/8AAAAAAAABAQEAAAAAAAAAAAAAAAAAAAAAAAAAAAD\\/\\/\\/8AAAAAAAABAQEAAAAAAAAAAAAAAAAAAAAAAAAAAAABAQEAAAAAAAAAAAAAAAAAAAAAAAAAAAAAAAAAAAAAAAABAQEAAAAAAAD\\/\\/\\/8AAAAAAAAAAAAAAAAAAAAAAAAAAAD\\/\\/\\[BLOB]\\/\\/\\/\\/AAAAAAAAAAAAAAAAAAAAAAAAAAAAAAAAAAAAAAAAAAAAAAAAAAAAAAAAAQEBAAAAAAAAAAAAAAAAAAAAAAAAAAAAAAAAAAAAAAAAAAAAAAAAAAAAAAAAAAAAAAAAAAAAAAAAAAAAAAAAAAAAAAAAAAAAAAAA\\/\\/\\/\\/AAAAAAAAAAAAAQEBAAAAAAAAAAAAAAAAAAAAAAAAAAAAAAAAAAAAAAAA\\/\\/\\/\\/AAAAAAAAAAAAAAAAAAAAAAAAAAAAAAAAAAAAAAAAAAAAAAAAAAAAAAAAAQEBAAAAAAAA\\/\\/\\/\\/AAAAAAAAAAAAAAAAAAAAAAAAAQEBAAAAAAAAAAAA\\/\\/\\/\\/AAAAAAAAAAAAAQEBAAAAAAAAAAAAAAAAAAAAAAAAAAAAAAAAAAAAAAAAAAAAAAAAAAAAAAAAAAAAAAAAAAAA\\/\\/\\/\\/AAAAAAAAAAAAAAAAAAAAAAAAAAAAAAAAAAAAAAAAAQEBAAAAAAAAAAAA\\/\\/\\/\\/AAAAAAAAAAAAAAAAAAAAAAAAAQEBAAAAAAAAAAAA\\/\\/\\/\\/AAAAAAAAAAAAAAAAAAAAAAAAAAAAAAAAAAAAAAAAAAAAAAAAAAAAAAAAAAAAAAAAAAAAAg[BLOB]I[BLOB]\\/\\/\\/\\[BLOB]\\[BLOB]\",\"id\":38},\"links\":{\"xml\":\"https:\\/\\/demo.softlte.org.pe\\/downloads\\/document\\/xml\\/20b8423a-f295-46ec-b1c4-52d99d08cfc6\",\"pdf\":\"https:\\/\\/demo.softlte.org.pe\\/downloads\\/document\\/pdf\\/20b8423a-f295-46ec-b1c4-52d99d08cfc6\",\"cdr\":\"\"},\"response\":[]}}',NULL,'2026-05-06 17:37:34','2026-05-06 17:37:34'),
(2,1,1,'mob-1778108223215692-215692','completed','document',39,'{\"record\":{\"id\":39,\"model\":\"document\",\"external_id\":\"af768af5-2ccc-49a1-b83c-8a256ee19e8c\",\"number_full\":\"B001-965838\",\"series\":\"B001\",\"number\":965838,\"document_type_id\":\"03\",\"document_type_description\":\"BOLETA DE VENTA ELECTR\\u00d3NICA\",\"state_type_id\":\"01\",\"state_type_description\":\"Registrado\",\"date_of_issue\":\"2026-05-06\",\"time_of_issue\":\"17:57:03\",\"currency_type_id\":\"PEN\",\"exchange_rate_sale\":1,\"payment_condition_id\":\"01\",\"payment_method_type_id\":\"01\",\"seller_id\":1,\"additional_information\":[\"\"],\"subtotal\":15,\"total_taxed\":12.71,\"total_exonerated\":0,\"total_unaffected\":0,\"total_value\":12.71,\"total_igv\":2.29,\"total_taxes\":2.29,\"total\":15,\"customer\":{\"id\":1,\"name\":\"Clientes - Varios\",\"number\":\"99999999\",\"identity_document_type_id\":\"0\",\"description\":\"99999999 - Clientes - Varios\"},\"items_count\":1,\"items\":[{\"id\":46,\"item_id\":6,\"description\":\"Agua\",\"internal_id\":null,\"unit_type_id\":\"BL\",\"quantity\":1,\"unit_price\":15,\"total_value\":12.71,\"total_igv\":2.29,\"total\":15,\"affectation_igv_type_id\":\"10\"}],\"payments\":[{\"id\":33,\"payment_method_type_id\":\"01\",\"payment_destination_id\":null,\"reference\":null,\"payment\":15,\"date_of_payment\":\"2026-05-06T05:00:00.000000Z\"}],\"fees\":[],\"pdf_url\":\"https:\\/\\/demo.softlte.org.pe\\/print\\/document\\/af768af5-2ccc-49a1-b83c-8a256ee19e8c\\/a4\",\"ticket_url\":\"https:\\/\\/demo.softlte.org.pe\\/print\\/document\\/af768af5-2ccc-49a1-b83c-8a256ee19e8c\\/ticket\",\"print_payload_url\":\"https:\\/\\/demo.softlte.org.pe\\/api\\/mobile\\/v1\\/documents\\/39\\/print-payload?model=document\"},\"legacy\":{\"success\":true,\"data\":{\"number\":\"B001-965838\",\"filename\":\"00000000000-03-B001-965838\",\"external_id\":\"af768af5-2ccc-49a1-b83c-8a256ee19e8c\",\"state_type_id\":\"01\",\"state_type_description\":\"Registrado\",\"number_to_letter\":\"Quince  con 00\\/100 \",\"hash\":null,\"qr\":\"iVBORw0KGgoAAAANSUhEUgAAAJYAAACWCAIAAACzY+a1AAAACXBIWXMAAA7EAAAOxAGVKw4bAAAgAElEQVR4AQCbgGR\\/Af\\/\\/\\/w[BLOB]I[BLOB]g[BLOB]I[BLOB]g[BLOB]I[BLOB]g[BLOB]I[BLOB]g[BLOB]I[BLOB]QAAAAAAAAAAAAAAAAAAAAAAAAAAAAAAAAAAAAAAAAAAAAAAAAAAAAAAAAAAAAAAAAAAAAAAAAAAAAAAAAAAAAAAAAAAAAAAAP\\/\\/\\/wAAAAAAAAAAAAAAAAAAAAAAAAAAAAEBAQAAAAAAAP\\/\\/\\/wAAAAAAAAAAAAAAAAAAAAAAAAAAAAEBAQAAAAAAAAAAAAAAAAAAAAAAAP\\/\\/\\/wAAAAAAAAAAAAAAAAAAAAAAAAEBAQAAAAAAAAAAAP\\/\\/\\/wAAAAAAAAAAAAAAAAAAAAAAAAEBAQAAAAAAAAAAAAAAAAAAAAAAAP\\/\\/\\/wAAAAAAAAAAAAAAAAAAAAAAAAAAAAEBAQAAAAAAAAAAAAAAAAAAAAAAAP\\/\\/\\/wAAAAAAAAAAAAEBAQAAAAAAAAAAAAAAAAAAAAAAAAAAAAAAAAAAAAAAAAAAAAAAAAAAAAAAAAAAAAAAAAAAAAAAAAAAAAAAAAAAAAAAAAAAAAAAAP\\/\\/\\/wAAAAAAAAAAAAAAAAAAAAAAAAAAAAAAAAAAAAAAAAAAAAAAAAAAAAAAAAI[BLOB]P\\/\\/\\/wAAAAAAAAAAAJVv\\/sIAACAASURBVAAAAAAAAAAAAAAAAAAAAAAAAAAAAAAAAAAAAAAAAAAAAAAAAAAAAAAAAAAAAAEBAQAAAAAAAAAAAAAAAAAAAAAAAAEBAQAAAAAAAAAAAP\\/\\/\\/wAAAAAAAAAAAAAAAAAAAAAAAAEBAQAAAAAAAAAAAAAAAAAAAAAAAAAAAAAAAAAAAAAAAAEBAQAAAAAAAAAAAAAAAAAAAAAAAP\\/\\/\\/wAAAAAAAAAAAAEBAQAAAAAAAP\\/\\/\\/wAAAAAAAAAAAP\\/\\/\\/wAAAAAAAAAAAAEBAQAAAAAAAAAAAAAAAAAAAAAAAAEBAQAAAAAAAAAAAAAAAAAAAAAAAP\\/\\/\\/wAAAAAAAAAAAAAAAAAAAAAAAAAAAAAAAAAAAAAAAP\\/\\/\\/wAAAAAAAAAAAAAAAAAAAAAAAAAAAAAAAAAAAAAAAAAAAAAAAAAAAAAAAAAAAAAAAAAAAAAAAAEBAQAAAAAAAAAAAAAAAAAAAAAAAAAAAAAAAAAAAAAAAAAAAAAAAAAAAAAAAAAAAAAAAAAAAAI[BLOB]g[BLOB]QAAAAAAAAAAAAAAAAAAAAAAAAAAAAAAAAAAAAAAAAAAAAAAAAAAAAAAAAAAAAAAAAAAAAAAAAAAAAAAAAAAAAAAAABAQEAAAAAAAAAAAAAAAAAAAAAAAAAAAAAAAAAAAAAAAD\\/\\/\\/8AAAAAAAAAAAAAAAAAAAAAAAAAAAAAAAAAAAAAAAAAAAAAAAAAAAAAAAABAQEAAAAAAAAAAAAAAAAAAAAAAAAAAAAAAAAAAAAAAAAAAAAAAAAAAAAAAAAAAAAAAAAAAAD\\/\\/\\/8AAAAAAAAAAAAAAAAAAAAAAAABAQEAAAAAAAAAAAAAAAAAAAAAAAABAQEAAAAAAAAAAAD\\/\\/\\/8AAAAAAAAAAAAAAAAAAAAAAAAAAAAAAAAAAAAAAAAAAAAAAAAAAAAAAAAAAAAAAAAAAAAAAAAAAAAAAAAAAAAAAAAAAAAAAAAAAAAAAAAAAAAAAAAAAAAAAAAAAAAAAAABAQEAAAAAAAAAAAAAAAAAAAAAAAAAAAAAAAAAAAAAAAD\\/\\/\\[BLOB]\\/\\/\\/\\/AAAAAAAAAAAAAQEBAAAAAAAAAAAAAAAAAAAAAAAAAAAAAAAAAAAAAAAA\\/\\/\\/\\/AAAAAAAAAQEBAAAAAAAAAAAAAQEBAAAAAAAAAAAAAAAAAAAAAAAA\\/\\/\\/\\/AAAAAAAAAAAAAAAAAAAAAAAAAAAAAAAAAAAAAAAAAAAAAAAAAAAAAAAA\\/\\/\\/\\/AAAAAAAAAAAAAAAAAAAAAAAA\\/\\/\\/\\/AAAAAAAAAAAAAAAAAAAAAAAAAQEBAAAAAAAAAAAA\\/\\/\\/\\/AAAAAAAAAAAAAAAAAAAAAAAAAAAAAAAAAAAAAAAAAAAAAAAAAAAAAAAAAAAAAAAAAAAAAAAAAAAAAAAAAAAAAAAAAAAAAAAAAAAAAAAAAAAAAAAAAAAAAAAAAAAAAAAAAAAAAAAAAAAAAAAAAAAAAAAAAAAAAAAAAAAAAAAAAAAAAg[BLOB]I[BLOB]QEBAAAAAAAAAAAA\\/\\/\\/\\/AAAAAAAAAAAAAAAAAAAAAAAAAAAAAAAAAAAAAAAAAAAAAAAAAAAAAAAAAAAAAAAAAAAAAAAAAAAAAAAAAAAA\\/\\/\\/\\/AAAAAAAAAQEBAAAAAAAAAAAA\\/\\/\\/\\/AAAAAAAAAAAAAAAAAAAAAAAAAAAAAAAAAAAAAAAAAQEBAAAAAAAAAAAAAAAAAAAAAAAA\\/\\/\\/\\/AAAAAAAAAAAAAQEBAAAAAAAA\\/\\/\\/\\/AAAAAAAAAAAAAAAAAAAAAAAAAAAAAAAAAAAAAAAAAAAAAAAAAAAAAAAAAAAAAAAAAAAAAAAAAAAAAAAAAAAAAAAAAAAAAAAAAAAAAAAAAAAAAAAAAAAAAAAAAAAAAAAAAAAAAAAAAAAAAAAAAAAAAAAAAAAAAAAAAAAAAAAAAAAAAAAAAAAAAAAAAAAAAg[BLOB]I[BLOB]P\\/\\/\\/wAAAAAAAAAAAAAAAAAAAAAAAAAAAAAAAAAAAAAAAAAAAAAAAAAAAAAAAAAAAAAAAAAAAAAAAAAAAAAAAAAAAAAAAAAAAAAAAAAAAAEBAQAAAAAAAP\\/\\/\\/wAAAAAAAAAAAAEBAQAAAAAAAAAAAP\\/\\/\\/wAAAAAAAAAAAAAAAAAAAAAAAAAAAAAAAAAAAAAAAAAAAAAAAAAAAP\\/\\/\\/wAAAAAAAAAAAAEBAQAAAAAAAAAAAAAAAAAAAAAAAAAAAAAAAAAAAAAAAP\\/\\/\\/wAAAAAAAAAAAAAAAAAAAAAAAAEBAQAAAAAAAAAAAP\\/\\/\\/wAAAAAAAAAAAAAAAAAAAAAAAAAAAAAAAAAAAAAAAAAAAAAAAAAAAAAAAAAAAAAAAAAAAP\\/\\/\\[BLOB]\\/\\/\\/8AAAAAAAABAQEAAAAAAAAAAAD\\/\\/\\/8AAAAAAAAAAAABAQEAAAAAAAD\\/\\/\\/8AAAAAAAAAAAABAQEAAAAAAAAAAAAAAAAAAAAAAAABAQEAAAAAAAAAAAD\\/\\/\\/8AAAAAAAABAQEAAAAAAAAAAAD\\/\\/\\/8AAAAAAAAAAAABAQEAAAAAAAD\\/\\/\\/8AAAAAAAAAAAAAAAAAAAAAAAAAAAAAAAAAAAAAAAABAQEAAAAAAAAAAAD\\/\\/\\[BLOB]\\/\\/\\/8AAAAAAAAAAAAAAAAAAAAAAAAAAAAAAAAAAAAAAAAAAAAAAAAAAAAAAAAAAAAAAAAAAAAAAAAAAAAAAAAAAAAAAAAAAAAAAAAAAAAAAAAAAAAAAAAAAAAAAAAAAAAAAAABAQEAAAAAAAD\\/\\/\\/8AAAAAAAAAAAAAAAAAAAAAAAAAAAAAAAAAAAAAAAAAAAAAAAAAAAAAAAAAAAAAAAAAAAAAAAAAAAAAAAAAAAD\\/\\/\\/8AAAAAAAAAAAABAQEAAAAAAAD\\/\\/\\/8AAAAAAAAAAAAAAAAAAAAAAAAAAAAAAAAAAAAAAAABAQEAAAAAAAAAAAAAAAAAAAAAAAAAAAABAQEAAAAAAAD\\/\\/\\/8AAAAAAAAAAAAAAAAAAAAAAAAAAAD\\/\\/\\[BLOB]\\/\\/\\/\\/AAAAAAAAAAAAAAAAAAAAAAAAAAAAAAAAAAAAAAAAAAAAAAAAAAAAAAAAAQEBAAAAAAAAAAAAAAAAAAAAAAAA\\/\\/\\/\\/AAAAAAAAAAAAAQEBAAAAAAAA\\/\\/\\/\\/AAAAAAAAAAAAAAAAAAAAAAAAAAAAAQEBAAAAAAAAAAAAAAAAAAAAAAAA\\/\\/\\/\\/AAAAAAAAAAAAAAAAAAAAAAAAAQEBAAAAAAAAAAAA\\/\\/\\/\\/AAAAAAAAAAAAAAAAAAAAAAAAAAAAAAAAAAAAAAAAAAAAAAAAAAAAAAAAAQEBAAAAAAAAAAAAAAAAAAAAAAAA\\/\\/\\/\\/AAAAAAAAAAAAAAAAAAAAAAAAAAAAAAAAAAAAAAAAAQEBAAAAAAAAAAAAAAAAAAAAAAAAAAAAAAAAAAAAAAAA\\/\\/\\/\\/AAAAAAAAAAAAAAAAAAAAAAAAAAAAAAAAAAAAAAAAAQEBAAAAAAAAAAAAAAAAAAAAAAAAAAAAAAAAAAAAAAAA\\/\\/\\/\\/AAAAAAAAAQEBAAAAAAAAAAAAAAAAAAAAAAAAAAAA\\/\\/\\/\\/AAAAAAAAAAAAAAAAAAAAAAAAAAAAAAAAAAAAAAAAAAAAAAAAAAAAAAAAAAAAAAAAAAAAAg[BLOB]I[BLOB]QAAAAAAAAAAAAAAAAAAAAAAAAAAAAAAAAAAAAAAAAAAAAAAAAAAAAAAAP\\/\\/\\/wAAAAAAAAEBAQAAAAAAAAAAAAAAAAAAAAAAAAAAAAAAAAAAAAAAAAAAAAAAAAAAAAAAAAEBAQAAAAAAAAAAAP\\/\\/\\/wAAAAAAAAAAAAAAAAAAAAAAAAEBAQAAAAAAAAAAAAAAAAAAAAAAAP\\/\\/\\/wAAAAAAAAAAAAAAAAAAAAAAAAEBAQAAAAAAAAAAAP\\/\\/\\/wAAAAAAAAAAAP\\/\\/\\/wAAAAAAAAEBAQAAAAAAAAAAAAAAAAAAAAAAAAAAAAAAAAAAAAAAAAAAAAAAAAAAAAAAAAEBAQAAAAAAAAAAAP\\/\\/\\/wAAAAAAAAAAAAAAAAAAAAAAAAAAAAAAAAAAAAAAAAEBAQAAAAAAAP\\/\\/\\/wAAAAAAAAAAAAAAAAAAAAAAAAAAAAEBAQAAAAAAAP\\/\\/\\/wAAAAAAAAAAAAAAAAAAAAAAAAAAAAAAAAAAAAAAAAAAAAAAAAAAAAAAAAI[BLOB]\\/\\/\\/wAAAAAAAAAAAAAAAAAAAAAAAAAAAAAAAAAAAAAAAAAAAAAAAAAAAAAAAAEBAQAAAAAAAP\\/\\/\\/wAAAAAAAAAAAAAAAAAAAAAAAAAAAAEBAQAAAAAAAP\\/\\/\\/wAAAAAAAAAAAAEBAQAAAAAAAAAAAAAAAAAAAAAAAAAAAAAAAAAAAAAAAAAAAAAAAAAAAAAAAAAAAAAAAAAAAAAAAAAAAAAAAAAAAP\\/\\/\\/wAAAAAAAAAAAAAAAAAAAAAAAAAAAAAAAAAAAAAAAAAAAAAAAAAAAAAAAAAAAAAAAAAAAAAAAAAAAAAAAAAAAAAAAAAAAAAAAAAAAAAAAAAAAAAAAAEBAQAAAAAAAAAAAAAAAAAAAAAAAAAAAAAAAAAAAAAAAP\\/\\/\\/wAAAAAAAAAAAAAAAAAAAAAAAAAAAAAAAAAAAAAAAAEBAQAAAAAAAAAAAAAAAAAAAAAAAP\\/\\/\\/wAAAAAAAAAAAAAAAAAAAAAAAAAAAAAAAAAAAAAAAAEBAQAAAAAAAAAAAAAAAAAAAAAAAAAAAAAAAAAAAAAAAP\\/\\/\\/wAAAAAAAAAAAAAAAAAAAAAAAAAAAAAAAAAAAAAAAAAAAAAAAAAAAAAAAAI[BLOB]g[BLOB]iVwfdAAAgAElEQVQ[BLOB]QAAAAAAAAAAAAAAAAAAAAAAAAAAAAAAAAAAAAAAAAAAAAAAAAAAAAAAAAAAAAAAAAAAAAAAAABAQEAAAAAAAAAAAD\\/\\/\\/8AAAAAAAAAAAAAAAAAAAAAAAAAAAAAAAAAAAAAAAAAAAAAAAAAAAAAAAD\\/\\/\\/8AAAAAAAAAAAAAAAAAAAAAAAAAAAAAAAAAAAAAAAAAAAAAAAAAAAAAAAAAAAAAAAAAAAAAAAAAAAAAAAAAAAAAAAAAAAAAAAAAAAAAAAAAAAAAAAABAQEAAAAAAAAAAAAAAAAAAAAAAAAAAAAAAAAAAAAAAAD\\/\\/\\/8AAAAAAAAAAAAAAAAAAAAAAAAAAAAAAAAAAAAAAAAAAAAAAAAAAAAAAAAAAAAAAAAAAAAAAAAAAAAAAAAAAAABAQEAAAAAAAD\\/\\/\\/8AAAAAAAAAAAAAAAAAAAAAAAAAAAD\\/\\/\\/8AAAAAAAAAAAAAAAAAAAAAAAABAQEAAAAAAAAAAAD\\/\\/\\/8AAAAAAAD\\/\\/\\[BLOB]\\/\\/\\/\\/AAAAAAAAAAAAAAAAAAAAAAAAAAAAAAAAAAAAAAAAAAAAAAAAAAAAAAAAAAAAAAAAAAAAAAAAAAAAAAAAAAAAAAAAAAAAAAAAAAAAAAAAAAAAAAAAAAAAAAAAAAAAAAAAAQEBAAAAAAAAAAAAAAAAAAAAAAAA\\/\\/\\/\\/AAAAAAAAAAAAAAAAAAAAAAAAAAAAAAAAAAAAAAAAAAAAAAAAAAAAAAAAAAAAAAAAAAAAAAAAAQEBAAAAAAAA\\/\\/\\/\\/AAAAAAAAAAAAAAAAAAAAAAAAAAAAAQEBAAAAAAAA\\/\\/\\/\\/AAAAAAAAAAAAAQEBAAAAAAAAAAAAAAAAAAAAAAAA\\/\\/\\/\\/AAAAAAAAAAAAAAAAAAAAAAAAAQEBAAAAAAAAAAAAAAAAAAAAAAAAAAAA\\/\\/\\/\\/AAAAAAAAAAAAAAAAAAAAAAAAAAAAAAAAAAAAAAAAAQEBAAAAAAAAAAAAAAAAAAAAAAAA\\/\\/\\/\\/AAAAAAAAAAAAAQEBAAAAAAAA\\/\\/\\/\\/AAAAAAAAAAAAAAAAAAAAAAAAAAAAAQEBAAAAAAAA\\/\\/\\/\\/AAAAAAAAAAAAAAAAAAAAAAAAAAAAAAAAAAAAAAAAAAAAAAAAAAAAAAAAAg[BLOB]I[BLOB]QEBAAAAAAAAAAAA\\/\\/\\/\\/AAAAAAAAAAAAAAAAAAAAAAAAAAAAAAAAAAAAAAAAAAAAAAAAAAAAAAAAAQEBAAAAAAAAAAAAAAAAAAAAAAAAAAAAAAAAAAAAAAAAAAAAAAAAAAAAAAAAAAAAAAAAAAAAAAAAAAAAAAAAAAAA\\/\\/\\/\\/AAAAAAAAAAAAAAAAAAAAAAAAAAAAAAAAAAAAAAAAAAAAAAAAAAAAAQEBAAAAAAAAAAAA\\/\\/\\/\\/AAAAAAAA\\/\\/\\/\\/AAAAAAAAAAAAAAAAAAAAAAAAAAAAAAAAAAAAAAAAAAAAAAAAAAAAAAAAAQEBAAAAAAAAAAAAAAAAAAAAAAAA\\/\\/\\/\\/AAAAAAAAAAAAAQEBAAAAAAAAAAAAAAAAAAAAAAAAAAAAAAAAAAAAAAAAAQEBAAAAAAAAAAAAAAAAAAAAAAAAAAAAAAAAAAAAAAAAAAAAAAAAAAAAAAAAAAAAAAAAAAAAAAAAAAAAAAAAAAAAAg[BLOB]I[BLOB]QAAAAAAAAAAAP\\/\\/\\/wAAAAAAAAAAAAEBAQAAAAAAAAAAAAAAAAAAAAAAAAEBAQAAAAAAAAAAAAAAAAAAAAAAAAAAAAAAAAAAAAAAAAAAAAAAAAAAAAAAAAAAAAAAAAAAAP\\/\\/\\/wAAAAAAAAAAAAAAAAAAAAAAAAAAAAEBAQAAAAAAAAAAAAAAAAAAAAAAAAAAAAAAAAAAAAAAAAAAAAAAAAAAAAAAAAAAAAAAAAAAAAAAAAAAAAAAAAAAAAAAAAAAAAAAAP\\/\\/\\/wAAAAAAAAAAAAEBAQAAAAAAAP\\/\\/\\/wAAAAAAAAAAAAEBAQAAAAAAAAAAAAAAAAAAAAAAAAAAAAAAAAAAAAAAAP\\/\\/\\/wAAAAAAAAAAAAAAAAAAAAAAAAEBAQAAAAAAAAAAAP\\/\\/\\/wAAAAAAAAAAAAEBAQAAAAAAAAEBAQAAAAAAAAAAAP\\/\\/\\/wAAAAAAAAAAAAAAAAAAAAAAAAAAAAAAAAAAAAAAAAAAAAAAAAAAAAAAAAAAAAAAAAAAAAAAAAAAAAAAAAAAAAI[BLOB]g[BLOB]QAAAAAAAAAAAAAAAAAAAAAAAAAAAAAAAAAAAAAAAAAAAAAAAAAAAAAAAAAAAAAAAAAAAAAAAAAAAAAAAAAAAAAAAABAQEAAAAAAAAAAAD\\/\\/\\/8AAAAAAAAAAAAAAAAAAAAAAAABAQEAAAAAAAAAAAD\\/\\/\\/8AAAAAAAABAQEAAAAAAAAAAAD\\/\\/\\/8AAAAAAAAAAAAAAAAAAAAAAAABAQEAAAAAAAAAAAD\\/\\/\\/8AAAAAAAAAAAAAAAAAAAAAAAABAQEAAAAAAAAAAAAAAAAAAAAAAAAAAAAAAAAAAAAAAAD\\/\\/\\/8AAAAAAAAAAAAAAAAAAAAAAAD\\/\\/\\/8AAAAAAAAAAAABAQEAAAAAAAAAAAAAAAAAAAAAAAABAQEAAAAAAAAAAAAAAAAAAAAAAAAAAAAAAAAAAAAAAAD\\/\\/\\/8AAAAAAAAAAAABAQEAAAAAAAAAAAD\\/\\/\\/8AAAAAAAAAAAAAAAAAAAAAAAAAAAAAAAAAAAAAAAAAAAAAAAAAAAD\\/\\/\\/8AAAAAAAAAAAABAQEAAAAAAAAAAAD\\/\\/\\[BLOB]\\/Af\\/\\/\\/wAAAAAAAAAAAAAAAAAAAAAAAAAAAAAAAAAAAAAAAAAAAAAAAAAAAAAAAAEBAQAAAAAAAP\\/\\/\\/wAAAAAAAAAAAAAAAAAAAAAAAAAAAAAAAAAAAAAAAAEBAQAAAAAAAAAAAAAAAAAAAAAAAAAAAAAAAAAAAAAAAAAAAAAAAAAAAAAAAP\\/\\/\\/wAAAAAAAAAAAAAAAAAAAAAAAAAAAAAAAAAAAAAAAAEBAQAAAAAAAAAAAP\\/\\/\\/wAAAAAAAAEBAQAAAAAAAAAAAAAAAAAAAAAAAAAAAAAAAAAAAAAAAAAAAAAAAAAAAAAAAAAAAAAAAAAAAP\\/\\/\\/wAAAAAAAAAAAAAAAAAAAAAAAAAAAAEBAQAAAAAAAAAAAAAAAAAAAAAAAAAAAAAAAAAAAAAAAAAAAAAAAAAAAP\\/\\/\\/wAAAAAAAAAAAAEBAQAAAAAAAAAAAAAAAAAAAAAAAAAAAAAAAAAAAAAAAAAAAAAAAAAAAAAAAAAAAAAAAAAAAP\\/\\/\\/wAAAAAAAAAAAAEBAQAAAAAAAAAAAAAAAAAAAAAAAP\\/\\/\\/wAAAAAAAAAAAAAAAAAAAAAAAAAAAAAAAAAAAAAAAAAAAAAAAAAAAAAAAAI[BLOB]g[BLOB]H\\/\\/\\/8AAAAAAAAAAAAAAAAAAAAAAAAAAAAAAAAAAAAAAAAAAAAAAAAAAAAAAAAAAAAAAAAAAAAAAAAAAAAAAAAAAAAAAAAAAAAAAAAAAAAAAAAAAAAAAAAAAAAAAAAAAAAAAAABAQEAAAAAAAAAAAD\\/\\/\\/8AAAAAAAABAQEAAAAAAAAAAAAAAAAAAAAAAAAAAAD\\/\\/\\/8AAAAAAAAAAAAAAAAAAAAAAAAAAAAAAAAAAAAAAAAAAAAAAAAAAAAAAAAAAAAAAAAAAAAAAAAAAAAAAAAAAAAAAAAAAAAAAAAAAAAAAAAAAAAAAAABAQEAAAAAAAAAAAAAAAAAAAAAAAD\\/\\/\\/8AAAAAAAAAAAABAQEAAAAAAAD\\/\\/\\/8AAAAAAAAAAAABAQEAAAAAAAAAAAAAAAAAAAAAAAD\\/\\/\\/8AAAAAAAAAAAAAAAAAAAAAAAAAAAAAAAAAAAAAAAABAQEAAAAAAAAAAAD\\/\\/\\[BLOB]\\/\\/\\/8AAAAAAAAAAAAAAAAAAAAAAAABAQEAAAAAAAAAAAD\\/\\/\\/8AAAAAAAAAAAABAQEAAAAAAAAAAAAAAAAAAAAAAAAAAAAAAAAAAAAAAAAAAAAAAAAAAAABAQEAAAAAAAAAAAD\\/\\/\\/8AAAAAAAAAAAAAAAAAAAAAAAABAQEAAAAAAAAAAAD\\/\\/\\/8AAAAAAAAAAAAAAAAAAAAAAAAAAAAAAAAAAAAAAAD\\/\\/\\/8AAAAAAAAAAAAAAAAAAAAAAAAAAAAAAAAAAAAAAAAAAAAAAAAAAAAAAAAAAAAAAAAAAAD\\/\\/\\/8AAAAAAAAAAAAAAAAAAAAAAAAAAAAAAAAAAAAAAAAAAAAAAAAAAAAAAAABAQEAAAAAAAD\\/\\/\\/8AAAAAAAAAAAABAQEAAAAAAAAAAAD\\/\\/\\/8AAAAAAAABAQEAAAAAAAAAAAD\\/\\/\\/8AAAAAAAAAAAABAQEAAAAAAAD\\/\\/\\[BLOB]\\/\\/\\/\\/AAAAAAAAAAAAAAAAAAAAAAAAAAAAAAAAAAAAAAAAAAAAAAAAAAAAAAAAAAAAAAAAAAAAAAAAAAAAAAAAAAAAAQEBAAAAAAAAAAAA\\/\\/\\/\\/AAAAAAAAAAAAAAAAAAAAAAAAAQEBAAAAAAAAAAAA\\/\\/\\/\\/AAAAAAAAAAAAAAAAAAAAAAAAAQEBAAAAAAAAAAAAAAAAAAAAAAAAAAAAAAAAAAAAAAAAAAAAAAAAAAAAAAAA\\/\\/\\/\\/AAAAAAAAAQEBAAAAAAAAAAAA\\/\\/\\/\\/AAAAAAAAAAAAAQEBAAAAAAAAAAAAAAAAAAAAAAAAAAAAAAAAAAAA\\/\\/\\/\\/AAAAAAAAAAAAAQEBAAAAAAAAAAAAAAAAAAAAAAAAAAAAAAAAAAAAAAAAAAAAAAAAAAAAAAAAAAAAAAAAAAAAAAAAAAAAAAAAAAAA\\/\\/\\/\\/AAAAAAAAAAAAAAAAAAAAAAAAAQEBAAAAAAAAAAAAAAAAAAAAAAAAAAAAAAAAAAAAAAAA\\/\\/\\/\\/AAAAAAAAAAAAAAAAAAAAAAAAAAAAAAAAAAAAAAAAAAAAAAAAAAAAAAAAAAAAAAAAAAAAAAAAAAAAAAAAAAAAAAAAAAAAAAAAAAAAAg[BLOB]I[BLOB]\\/\\/\\/wAAAAAAAAAAAAAAAAAAAAAAAAAAAAAAAAAAAAAAAAAAAAAAAAAAAAAAAAEBAQAAAAAAAP\\/\\/\\/wAAAAAAAAAAAAEBAQAAAAAAAAAAAAAAAAAAAAAAAAAAAAAAAAAAAAAAAAAAAAAAAAAAAAAAAAAAAAAAAAAAAP\\/\\/\\/wAAAAAAAAAAAAAAAAAAAAAAAAAAAAEBAQAAAAAAAAAAAAAAAAAAAAAAAAAAAAAAAAAAAAAAAAAAAAAAAAAAAP\\/\\/\\/wAAAAAAAAAAAAEBAQAAAAAAAAAAAAAAAAAAAAAAAP\\/\\/\\/wAAAAAAAAAAAAAAAAAAAAAAAAEBAQAAAAAAAAAAAP\\/\\/\\/wAAAAAAAAAAAAEBAQAAAAAAAAAAAAAAAAAAAAAAAAAAAAAAAAAAAAAAAAAAAAAAAAAAAP\\/\\/\\/wAAAAAAAAAAAAAAAAAAAAAAAAAAAAAAAAAAAAAAAAEBAQAAAAAAAAAAAP\\/\\/\\/wAAAAAAAAAAAAAAAAAAAAAAAAAAAAAAAAAAAAAAAAAAAAAAAAAAAAAAAAAAAAAAAAAAAAAAAAAAAAAAAAAAAAAAAAAAAAAAAAAAAAAAAAAAAAAAAAAAAAAAAAAAAAAAAAI[BLOB]WMhNggAAIABJREFUAAAAAAAAAAAAAAAAAAAAAAAAAAAAAAAAAAAAAAAAAAAAAAAAAAAAAAAAAAAAAAAAAAAAAAAAAAAAAAAAAAAAAAAAAAAAAAAAAAAAAAAAAAAAAAAAAAAAAAAAAAAABAAAAAAAAAAAAAAAAAAAAAAAAAAAAAAAAAAAAAAAAAAAAAAAAAAAAAAAAAAAAAAAAAAAAAAAAAEBAQAAAAAAAAAAAAAAAAAAAAAAAAAAAAAAAAAAAAAAAP\\/\\/\\/wAAAAAAAAAAAAAAAAAAAAAAAAAAAAAAAAAAAAAAAAEBAQAAAAAAAAAAAAAAAAAAAAAAAAAAAP\\/\\/\\/wAAAAAAAAEBAQAAAAAAAAAAAAAAAAAAAAAAAAAAAAAAAAAAAAAAAAEBAQAAAAAAAAAAAP\\/\\/\\/wAAAAAAAAAAAAAAAAAAAAAAAAAAAAAAAAAAAAAAAAAAAAAAAAAAAAAAAAAAAAAAAAAAAAAAAAAAAAAAAAAAAP\\/\\/\\/wAAAAAAAAEBAQAAAAAAAAAAAAAAAAAAAAAAAAAAAP\\/\\/\\/wAAAAAAAAAAAAAAAAAAAAAAAAAAAAAAAAAAAAAAAAEBAQAAAAAAAAAAAAAAAAAAAAAAAAAAAAAAAAAAAAAAAAEBAQAAAAAAAP\\/\\/\\/wAAAAAAAAAAAAAAAAAAAAAAAAAAAAEBAQAAAAAAAP\\/\\/\\/wAAAAAAAAAAAAAAAAAAAAAAAAAAAAAAAAAAAAAAAAAAAAAAAAAAAAAAAAI[BLOB]g[BLOB]H\\/\\/\\/8AAAAAAAAAAAAAAAAAAAAAAAAAAAAAAAAAAAAAAAAAAAAAAAAAAAAAAAAAAAAAAAAAAAAAAAAAAAAAAAAAAAABAQEAAAAAAAAAAAAAAAAAAAAAAAD\\/\\/\\/8AAAAAAAAAAAABAQEAAAAAAAAAAAAAAAAAAAAAAAD\\/\\/\\/8AAAAAAAAAAAABAQEAAAAAAAAAAAAAAAAAAAAAAAD\\/\\/\\/8AAAAAAAAAAAABAQEAAAAAAAAAAAAAAAAAAAAAAAAAAAAAAAAAAAAAAAAAAAAAAAAAAAAAAAD\\/\\/\\/8AAAAAAAABAQEAAAAAAAAAAAD\\/\\/\\/8AAAAAAAABAQEAAAAAAAAAAAAAAAAAAAAAAAAAAAAAAAAAAAAAAAD\\/\\/\\/8AAAAAAAAAAAAAAAAAAAAAAAAAAAAAAAAAAAAAAAABAQEAAAAAAAAAAAAAAAAAAAAAAAAAAAAAAAAAAAAAAAD\\/\\/\\/8AAAAAAAAAAAAAAAAAAAAAAAAAAAAAAAAAAAAAAAABAQEAAAAAAAAAAAAAAAAAAAAAAAAAAAAAAAAAAAAAAAD\\/\\/\\[BLOB]\\/\\/\\/\\/AAAAAAAAAAAAAAAAAAAAAAAAAAAA\\/\\/\\/\\/AAAAAAAAAQEBAAAAAAAAAAAA\\/\\/\\/\\/AAAAAAAAAAAAAAAAAAAAAAAAAAAAAAAAAAAAAAAA\\/\\/\\/\\/AAAAAAAAAAAAAAAAAAAAAAAAAAAAAAAAAAAAAAAAAAAAAAAAAAAAAAAAAAAAAAAAAAAAAAAAAAAAAAAAAAAA\\/\\/\\/\\/AAAAAAAAAAAAAQEBAAAAAAAA\\/\\/\\/\\/AAAAAAAAAAAAAAAAAAAAAAAAAAAAAAAAAAAAAAAA\\/\\/\\/\\/AAAAAAAAAAAAAQEBAAAAAAAAAQEBAAAAAAAAAAAAAAAAAAAAAAAAAAAAAAAAAAAAAAAAAAAAAAAAAAAAAAAA\\/\\/\\/\\/AAAAAAAAAAAAAQEBAAAAAAAAAAAAAAAAAAAAAAAAAQEBAAAAAAAAAAAA\\/\\/\\/\\/AAAAAAAA\\/\\/\\/\\/AAAAAAAAAAAAAQEBAAAAAAAAAAAAAAAAAAAAAAAAAAAAAAAAAAAAAAAAAAAAAAAAAAAAAAAAAAAAAAAAAAAAAAAAAAAAAAAAAAAAAg[BLOB]I[BLOB]\\/\\/\\/\\/AAAAAAAAAAAAAAAAAAAAAAAAAAAAAAAAAAAAAAAAAAAAAAAAAAAAAAAAAAAAAAAAAAAAAQEBAAAAAAAAAAAAAAAAAAAAAAAAAAAAAAAAAAAAAAAAAAAAAAAAAAAAAAAAAAAAAAAAAAAAAAAAAAAAAAAAAAAAAAAAAAAAAAAAAAAA\\/\\/\\/\\/AAAAAAAAAAAAAQEBAAAAAAAAAAAAAAAAAAAAAAAAAAAAAAAAAAAAAAAA\\/\\/\\/\\/AAAAAAAAAAAAAAAAAAAAAAAAAQEBAAAAAAAAAAAAAAAAAAAAAAAA\\/\\/\\/\\/AAAAAAAAAAAAAQEBAAAAAAAAAAAAAAAAAAAAAAAA\\/\\/\\/\\/AAAAAAAAAAAAAAAAAAAAAAAAAQEBAAAAAAAAAAAAAAAAAAAAAAAAAAAA\\/\\/\\/\\/AAAAAAAAAQEBAAAAAAAAAAAAAAAAAAAAAAAAAAAAAAAAAAAAAAAAAAAAAAAAAAAAAAAAAAAAAAAAAAAAAAAAAAAAAAAAAAAA\\/\\/\\/\\/AAAAAAAAAAAAAAAAAAAAAAAAAAAAAQEBAAAAAAAA\\/\\/\\/\\/AAAAAAAAAAAAAAAAAAAAAAAAAAAAAAAAAAAAAAAAAAAAAAAAAAAAAAAAAg[BLOB]I[BLOB]P\\/\\/\\/wAAAAAAAAAAAAAAAAAAAAAAAAAAAAAAAAAAAAAAAAAAAAAAAAAAAAAAAAAAAAAAAAAAAAAAAAAAAAAAAAAAAAAAAAAAAAAAAAAAAAEBAQAAAAAAAAAAAP\\/\\/\\/wAAAAAAAAEBAQAAAAAAAAAAAAAAAAAAAAAAAAAAAAAAAAAAAAAAAAEBAQAAAAAAAAAAAAAAAAAAAAAAAAAAAP\\/\\/\\/wAAAAAAAAEBAQAAAAAAAAAAAP\\/\\/\\/wAAAAAAAAEBAQAAAAAAAAAAAAEBAQAAAAAAAAAAAP\\/\\/\\/wAAAAAAAAAAAAAAAAAAAAAAAP\\/\\/\\/wAAAAAAAAAAAAAAAAAAAAAAAAAAAAAAAAAAAAAAAP\\/\\/\\[BLOB]\\/\\/\\/8AAAAAAAAAAAAAAAAAAAAAAAAAAAABAQEAAAAAAAD\\/\\/\\/8AAAAAAAAAAAABAQEAAAAAAAAAAAAAAAAAAAAAAAAAAAAAAAAAAAAAAAAAAAAAAAAAAAAAAAAAAAAAAAAAAAD\\/\\/\\/8AAAAAAAAAAAABAQEAAAAAAAAAAAAAAAAAAAAAAAD\\/\\/\\/8AAAAAAAAAAAAAAAAAAAAAAAD\\/\\/\\/8AAAAAAAAAAAAAAAAAAAAAAAAAAAAAAAAAAAAAAAAAAAAAAAAAAAAAAAAAAAAAAAAAAAAAAAABAQEAAAAAAAD\\/\\/\\/8AAAAAAAAAAAAAAAAAAAAAAAAAAAAAAAAAAAAAAAABAQEAAAAAAAAAAAD\\/\\/\\[BLOB]\\/\\/\\/8AAAAAAAAAAAAAAAAAAAAAAAAAAAAAAAAAAAAAAAAAAAAAAAAAAAAAAAAAAAAAAAAAAAAAAAABAQEAAAAAAAAAAAAAAAAAAAAAAAD\\/\\/\\/8AAAAAAAAAAAAAAAAAAAAAAAAAAAAAAAAAAAAAAAAAAAAAAAAAAAAAAAAAAAAAAAAAAAD\\/\\/\\/8AAAAAAAAAAAAAAAAAAAAAAAAAAAABAQEAAAAAAAD\\/\\/\\/8AAAAAAAAAAAAAAAAAAAAAAAAAAAAAAAAAAAAAAAABAQEAAAAAAAAAAAD\\/\\/\\/8AAAAAAAABAQEAAAAAAAAAAAAAAAAAAAAAAAAAAAAAAAAAAAAAAAAAAAAAAAAAAAAAAAAAAAAAAAAAAAAAAAD\\/\\/\\/8AAAAAAAAAAAAAAAAAAAAAAAAAAAAAAAAAAAAAAAAAAAAAAAAAAAD\\/\\/\\[BLOB]\\/\\/\\/\\/AAAAAAAAAAAAAAAAAAAAAAAAAAAAAAAAAAAAAAAAAAAAAAAAAAAAAAAAAQEBAAAAAAAA\\/\\/\\/\\/AAAAAAAAAAAA\\/\\/\\/\\/AAAAAAAAAAAAAQEBAAAAAAAAAAAAAAAAAAAAAAAA\\/\\/\\/\\/AAAAAAAAAAAAAAAAAAAAAAAAAQEBAAAAAAAAAAAAAAAAAAAAAAAAAAAAAAAAAAAAAAAAAAAAAAAAAAAAAAAAAAAAAAAAAAAAAAAAAAAAAAAAAAAAAAAAAAAAAAAAAAAA\\/\\/\\/\\/AAAAAAAAAQEBAAAAAAAAAAAAAQEBAAAAAAAAAAAAAAAAAAAAAAAAAAAAAAAAAAAAAAAAAAAAAAAAAAAAAAAAAAAAAAAAAAAAAAAAAAAAAAAAAAAAAQEBAAAAAAAAAAAA\\/\\/\\/\\/AAAAAAAAAAAAAAAAAAAAAAAAAAAAAAAAAAAAAAAAAAAAAAAAAAAAAAAAAAAAAAAAAAAAAg[BLOB]I[BLOB]QAAAAAAAAAAAAAAAAAAAAAAAAEBAQAAAAAAAAAAAP\\/\\/\\/wAAAAAAAAAAAAAAAAAAAAAAAAAAAAAAAAAAAAAAAAEBAQAAAAAAAAAAAP\\/\\/\\/wAAAAAAAAAAAAAAAAAAAAAAAAEBAQAAAAAAAAAAAAAAAAAAAAAAAP\\/\\/\\/wAAAAAAAAAAAAEBAQAAAAAAAP\\/\\/\\/wAAAAAAAAAAAAEBAQAAAAAAAAAAAAEBAQAAAAAAAP\\/\\/\\/wAAAAAAAAAAAAAAAAAAAAAAAAAAAAEBAQAAAAAAAP\\/\\/\\/wAAAAAAAAAAAAEBAQAAAAAAAAAAAP\\/\\/\\/wAAAAAAAAAAAAAAAAAAAAAAAP\\/\\/\\/wAAAAAAAAAAAAAAAAAAAAAAAAAAAAAAAAAAAAAAAAAAAAAAAAAAAAAAAAAAAAAAAAAAAAAAAAAAAAAAAAAAAAI[BLOB]P\\/\\/\\/wAAAAAAAAAAAAEBAQAAAAAAAP\\/\\/\\/wAAAAAAAAAAAAEBAQAAAAAAAAAAAAAAAAAAAAAAAP\\/\\/\\/wAAAAAAAAAAAAEBAQAAAAAAAAAAAAAAAAAAAAAAAAAAAAAAAAAAAAAAAP\\/\\/\\/wAAAAAAAAEBAQAAAAAAAAAAAAAAAAAAAAAAAAAAAAAAAAAAAAAAAAAAAAAAAAAAAAAAAP\\/\\/\\/wAAAAAAAAAAAAAAAAAAAAAAAAAAAAAAAAAAAAAAAAEBAQAAAAAAAAAAAP\\/\\/\\/wAAAAAAAAEBAQAAAAAAAAAAAAAAAAAAAAAAAAAAAAAAAAAAAAAAAAEBAQAAAAAAAAAAAP\\/\\/\\/wAAAAAAAAAAAAEBAQAAAAAAAP\\/\\/\\[BLOB]\\/\\/\\/8AAAAAAAAAAAAAAAAAAAAAAAAAAAAAAAAAAAAAAAAAAAAAAAAAAAAAAAABAQEAAAAAAAD\\/\\/\\/8AAAAAAAAAAAAAAAAAAAAAAAAAAAAAAAAAAAAAAAAAAAAAAAAAAAAAAAAAAAAAAAAAAAAAAAABAQEAAAAAAAD\\/\\/\\/8AAAAAAAAAAAABAQEAAAAAAAAAAAAAAAAAAAAAAAAAAAAAAAAAAAAAAAD\\/\\/\\/8AAAAAAAAAAAABAQEAAAAAAAD\\/\\/\\/8AAAAAAAAAAAABAQEAAAAAAAAAAAAAAAAAAAAAAAAAAAAAAAAAAAAAAAAAAAAAAAAAAAAAAAAAAAAAAAAAAAAAAAAAAAAAAAAAAAD\\/\\/\\/8AAAAAAAABAQEAAAAAAAAAAAAAAAAAAAAAAAAAAAD\\/\\/\\/8AAAAAAAABAQEAAAAAAAAAAAAAAAAAAAAAAAAAAAAAAAAAAAAAAAAAAAAAAAAAAAAAAAAAAAAAAAAAAAAAAAAAAAAAAAAAAAD\\/\\/\\[BLOB]\\/\\/\\/\\/AAAAAAAAAQEBAAAAAAAAAAAAAAAAAAAAAAAAAAAA\\/\\/\\/\\/AAAAAAAAAAAAAAAAAAAAAAAA\\/\\/\\/\\/AAAAAAAAAAAAAQEBAAAAAAAA\\/\\/\\/\\/AAAAAAAAAAAAAAAAAAAAAAAAAQEBAAAAAAAAAAAA\\/\\/\\/\\/AAAAAAAAAAAAAQEBAAAAAAAAAAAAAAAAAAAAAAAAAAAAAAAAAAAAAAAAAQEBAAAAAAAAAAAAAAAAAAAAAAAA\\/\\/\\/\\/AAAAAAAAAAAAAAAAAAAAAAAAAAAAAAAAAAAAAAAAAQEBAAAAAAAAAAAA\\/\\/\\/\\/AAAAAAAAAAAAAAAAAAAAAAAAAQEBAAAAAAAAAAAA\\/\\/\\/\\/AAAAAAAAAAAAAAAAAAAAAAAAAAAAAAAAAAAAAAAAAAAAAAAAAAAAAAAAAAAAAAAAAAAAAg[BLOB]I[BLOB]\\/\\/\\/\\[BLOB]\\[BLOB]\",\"id\":39},\"links\":{\"xml\":\"https:\\/\\/demo.softlte.org.pe\\/downloads\\/document\\/xml\\/af768af5-2ccc-49a1-b83c-8a256ee19e8c\",\"pdf\":\"https:\\/\\/demo.softlte.org.pe\\/downloads\\/document\\/pdf\\/af768af5-2ccc-49a1-b83c-8a256ee19e8c\",\"cdr\":\"\"},\"response\":[]}}',NULL,'2026-05-06 17:57:04','2026-05-06 17:57:05'),
(3,1,1,'mob-1778108224916357-916357','processing',NULL,NULL,NULL,NULL,'2026-05-06 17:57:06','2026-05-06 17:57:06'),
(4,1,1,'mob-1778108340054264-054264','completed','document',40,'{\"record\":{\"id\":40,\"model\":\"document\",\"external_id\":\"198f36b1-8d50-46dc-b897-03020f477caa\",\"number_full\":\"B001-965839\",\"series\":\"B001\",\"number\":965839,\"document_type_id\":\"03\",\"document_type_description\":\"BOLETA DE VENTA ELECTR\\u00d3NICA\",\"state_type_id\":\"01\",\"state_type_description\":\"Registrado\",\"date_of_issue\":\"2026-05-06\",\"time_of_issue\":\"17:59:00\",\"currency_type_id\":\"PEN\",\"exchange_rate_sale\":1,\"payment_condition_id\":\"01\",\"payment_method_type_id\":\"01\",\"seller_id\":1,\"additional_information\":[\"\"],\"subtotal\":17,\"total_taxed\":14.4,\"total_exonerated\":0,\"total_unaffected\":0,\"total_value\":14.4,\"total_igv\":2.6,\"total_taxes\":2.6,\"total\":17,\"customer\":{\"id\":1,\"name\":\"Clientes - Varios\",\"number\":\"99999999\",\"identity_document_type_id\":\"0\",\"description\":\"99999999 - Clientes - Varios\"},\"items_count\":2,\"items\":[{\"id\":47,\"item_id\":1,\"description\":\"PRODUCTO DE PRUEBA\",\"internal_id\":null,\"unit_type_id\":\"NIU\",\"quantity\":1,\"unit_price\":10,\"total_value\":8.47,\"total_igv\":1.53,\"total\":10,\"affectation_igv_type_id\":\"10\"},{\"id\":48,\"item_id\":6,\"description\":\"Agua\",\"internal_id\":null,\"unit_type_id\":\"NIU\",\"quantity\":1,\"unit_price\":7,\"total_value\":5.93,\"total_igv\":1.07,\"total\":7,\"affectation_igv_type_id\":\"10\"}],\"payments\":[{\"id\":34,\"payment_method_type_id\":\"01\",\"payment_destination_id\":null,\"reference\":null,\"payment\":17,\"date_of_payment\":\"2026-05-06T05:00:00.000000Z\"}],\"fees\":[],\"pdf_url\":\"https:\\/\\/demo.softlte.org.pe\\/print\\/document\\/198f36b1-8d50-46dc-b897-03020f477caa\\/a4\",\"ticket_url\":\"https:\\/\\/demo.softlte.org.pe\\/print\\/document\\/198f36b1-8d50-46dc-b897-03020f477caa\\/ticket\",\"print_payload_url\":\"https:\\/\\/demo.softlte.org.pe\\/api\\/mobile\\/v1\\/documents\\/40\\/print-payload?model=document\"},\"legacy\":{\"success\":true,\"data\":{\"number\":\"B001-965839\",\"filename\":\"00000000000-03-B001-965839\",\"external_id\":\"198f36b1-8d50-46dc-b897-03020f477caa\",\"state_type_id\":\"01\",\"state_type_description\":\"Registrado\",\"number_to_letter\":\"Diecisiete  con 00\\/100 \",\"hash\":null,\"qr\":\"iVBORw0KGgoAAAANSUhEUgAAAJYAAACWCAIAAACzY+a1AAAACXBIWXMAAA7EAAAOxAGVKw4bAAAgAElEQVR4AQCbgGR\\/Af\\/\\/\\/w[BLOB]I[BLOB]g[BLOB]I[BLOB]g[BLOB]I[BLOB]g[BLOB]I[BLOB]g[BLOB]I[BLOB]QAAAAAAAAAAAAAAAAAAAAAAAAAAAAAAAAAAAAAAAAAAAAAAAAAAAAAAAAAAAAAAAAAAAAAAAAAAAAAAAAAAAAAAAAAAAAAAAP\\/\\/\\/wAAAAAAAAAAAAEBAQAAAAAAAAAAAP\\/\\/\\/wAAAAAAAAEBAQAAAAAAAAAAAP\\/\\/\\/wAAAAAAAAAAAAEBAQAAAAAAAAAAAAAAAAAAAAAAAAAAAAAAAAAAAAAAAAAAAAAAAAAAAP\\/\\/\\/wAAAAAAAAAAAAAAAAAAAAAAAAAAAAAAAAAAAAAAAAEBAQAAAAAAAAAAAP\\/\\/\\/wAAAAAAAAEBAQAAAAAAAAAAAAAAAAAAAAAAAAAAAAAAAAAAAAAAAAAAAAAAAAAAAAAAAP\\/\\/\\/wAAAAAAAAAAAAEBAQAAAAAAAAAAAAAAAAAAAAAAAAAAAAAAAAAAAAAAAAAAAAAAAAAAAAAAAAAAAAAAAAAAAAAAAAAAAAAAAAAAAAAAAAAAAAAAAP\\/\\/\\/wAAAAAAAAAAAAAAAAAAAAAAAAAAAAAAAAAAAAAAAAAAAAAAAAAAAAAAAAI[BLOB]P\\/\\/\\/wAAAAAAAAAAAM+8tJoAACAASURBVAAAAAAAAAAAAAAAAAAAAAAAAAAAAAAAAAAAAAAAAAAAAAAAAAAAAAAAAAAAAAEBAQAAAAAAAAAAAAAAAAAAAAAAAP\\/\\/\\/wAAAAAAAAAAAAEBAQAAAAAAAAAAAAAAAAAAAAAAAAEBAQAAAAAAAAAAAAAAAAAAAAAAAAAAAAAAAAAAAAAAAP\\/\\/\\/wAAAAAAAAAAAAAAAAAAAAAAAAEBAQAAAAAAAAAAAAAAAAAAAAAAAP\\/\\/\\/wAAAAAAAAAAAP\\/\\/\\/wAAAAAAAAAAAAAAAAAAAAAAAAAAAAAAAAAAAAAAAP\\/\\/\\/wAAAAAAAAAAAAEBAQAAAAAAAP\\/\\/\\/wAAAAAAAAAAAAAAAAAAAAAAAAAAAAAAAAAAAAAAAP\\/\\/\\/wAAAAAAAAAAAAAAAAAAAAAAAAAAAAAAAAAAAAAAAAAAAAAAAAAAAAAAAAAAAAAAAAAAAAAAAAEBAQAAAAAAAAAAAAAAAAAAAAAAAAAAAAAAAAAAAAAAAAAAAAAAAAAAAAAAAAAAAAAAAAAAAAI[BLOB]g[BLOB]QAAAAAAAAAAAAAAAAAAAAAAAAAAAAAAAAAAAAAAAAAAAAAAAAAAAAAAAAAAAAAAAAAAAAAAAAAAAAAAAAAAAAAAAABAQEAAAAAAAAAAAAAAAAAAAAAAAAAAAAAAAAAAAAAAAD\\/\\/\\/8AAAAAAAAAAAAAAAAAAAAAAAAAAAAAAAAAAAAAAAABAQEAAAAAAAAAAAAAAAAAAAAAAAAAAAAAAAAAAAAAAAD\\/\\/\\/8AAAAAAAAAAAAAAAAAAAAAAAAAAAAAAAAAAAAAAAAAAAAAAAAAAAAAAAAAAAAAAAAAAAAAAAAAAAAAAAAAAAD\\/\\/\\/8AAAAAAAAAAAAAAAAAAAAAAAABAQEAAAAAAAAAAAAAAAAAAAAAAAD\\/\\/\\/8AAAAAAAAAAAABAQEAAAAAAAAAAAD\\/\\/\\/8AAAAAAAABAQEAAAAAAAAAAAD\\/\\/\\/8AAAAAAAAAAAAAAAAAAAAAAAAAAAAAAAAAAAAAAAABAQEAAAAAAAAAAAAAAAAAAAAAAAAAAAAAAAAAAAAAAAD\\/\\/\\[BLOB]\\/\\/\\/\\/AAAAAAAAAAAAAQEBAAAAAAAAAAAAAAAAAAAAAAAA\\/\\/\\/\\/AAAAAAAAAAAAAQEBAAAAAAAAAAAAAAAAAAAAAAAAAAAAAAAAAAAAAAAA\\/\\/\\/\\/AAAAAAAAAAAAAAAAAAAAAAAA\\/\\/\\/\\/AAAAAAAAAAAAAQEBAAAAAAAA\\/\\/\\/\\/AAAAAAAAAAAAAAAAAAAAAAAAAAAAAAAAAAAAAAAAAAAAAAAAAAAAAAAAAAAAAAAAAAAAAAAAAAAAAAAAAAAAAAAAAAAAAAAAAAAAAAAAAAAAAAAAAAAAAAAAAAAAAAAAAAAAAAAAAAAAAAAAAAAAAAAAAAAAAAAAAAAAAAAAAAAAAAAAAAAAAAAAAAAAAg[BLOB]I[BLOB]\\/\\/\\/\\/AAAAAAAAAAAAAAAAAAAAAAAAAQEBAAAAAAAAAAAAAAAAAAAAAAAAAAAAAAAAAAAAAAAAAAAAAAAAAAAAAAAA\\/\\/\\/\\/AAAAAAAAAQEBAAAAAAAAAAAAAAAAAAAAAAAAAAAAAAAAAAAAAAAAAAAAAAAAAAAAAAAAAQEBAAAAAAAAAAAAAAAAAAAAAAAA\\/\\/\\/\\/AAAAAAAAAAAA\\/\\/\\/\\/AAAAAAAAAQEBAAAAAAAAAAAA\\/\\/\\/\\/AAAAAAAAAAAAAAAAAAAAAAAAAAAAAAAAAAAAAAAAAAAAAAAAAAAAAAAAAAAAAAAAAAAAAAAAAAAAAAAAAAAAAAAAAAAAAAAAAAAAAAAAAAAAAAAAAAAAAAAAAAAAAAAAAAAAAAAAAAAAAAAAAAAAAAAAAAAAAAAAAAAAAAAAAAAAAg[BLOB]I[BLOB]P\\/\\/\\/wAAAAAAAAAAAAAAAAAAAAAAAAAAAAAAAAAAAAAAAAAAAAAAAAAAAAAAAAAAAAAAAAAAAAAAAAAAAAAAAAAAAP\\/\\/\\/wAAAAAAAAAAAAAAAAAAAAAAAAEBAQAAAAAAAAAAAAAAAAAAAAAAAAAAAP\\/\\/\\/wAAAAAAAAEBAQAAAAAAAAAAAP\\/\\/\\/wAAAAAAAAAAAAEBAQAAAAAAAAAAAAAAAAAAAAAAAAAAAAAAAAAAAAAAAAAAAAAAAAAAAAAAAAAAAAAAAAAAAAAAAAAAAAAAAAAAAAAAAAAAAAAAAAAAAAAAAAAAAAAAAAAAAAAAAAAAAAAAAAAAAAAAAAAAAAAAAAAAAAAAAAAAAAAAAAAAAAAAAAAAAAAAAAAAAAAAAP\\/\\/\\[BLOB]\\/\\/\\/8AAAAAAAAAAAAAAAAAAAAAAAD\\/\\/\\/8AAAAAAAAAAAABAQEAAAAAAAD\\/\\/\\/8AAAAAAAAAAAABAQEAAAAAAAAAAAD\\/\\/\\/8AAAAAAAABAQEAAAAAAAAAAAD\\/\\/\\/8AAAAAAAABAQEAAAAAAAAAAAD\\/\\/\\/8AAAAAAAAAAAABAQEAAAAAAAD\\/\\/\\/8AAAAAAAAAAAABAQEAAAAAAAAAAAD\\/\\/\\[BLOB]\\/\\/\\/8AAAAAAAAAAAAAAAAAAAAAAAAAAAAAAAAAAAAAAAAAAAAAAAAAAAAAAAAAAAAAAAAAAAAAAAAAAAAAAAAAAAAAAAAAAAAAAAAAAAAAAAAAAAAAAAAAAAAAAAAAAAAAAAAAAAAAAAAAAAAAAAAAAAAAAAAAAAAAAAAAAAAAAAAAAAAAAAAAAAAAAAAAAAAAAAAAAAAAAAABAQEAAAAAAAAAAAD\\/\\/\\/8AAAAAAAAAAAABAQEAAAAAAAD\\/\\/\\/8AAAAAAAAAAAAAAAAAAAAAAAAAAAABAQEAAAAAAAAAAAAAAAAAAAAAAAAAAAAAAAAAAAD\\/\\/\\/8AAAAAAAAAAAAAAAAAAAAAAAAAAAAAAAAAAAAAAAAAAAAAAAAAAAAAAAAAAAAAAAAAAAAAAAABAQEAAAAAAAD\\/\\/\\[BLOB]\\/\\/\\/\\/AAAAAAAAAAAAAAAAAAAAAAAAAAAAAAAAAAAAAAAAAAAAAAAAAAAAAAAAAQEBAAAAAAAAAAAAAAAAAAAAAAAAAAAAAAAAAAAAAAAAAAAAAAAAAAAA\\/\\/\\/\\/AAAAAAAAAAAAAAAAAAAAAAAAAAAAAQEBAAAAAAAA\\/\\/\\/\\/AAAAAAAAAAAAAQEBAAAAAAAAAAAA\\/\\/\\/\\/AAAAAAAAAQEBAAAAAAAAAAAAAAAAAAAAAAAAAAAAAAAAAAAAAAAAAAAAAAAAAAAAAAAA\\/\\/\\/\\/AAAAAAAAAAAAAQEBAAAAAAAAAAAAAAAAAAAAAAAAAAAAAAAAAAAAAAAAAAAAAAAAAAAAAAAAAAAAAAAAAAAAAAAAAAAAAAAAAAAAAAAAAAAAAAAAAAAAAAAAAAAAAAAAAAAAAAAAAAAAAAAAAAAAAAAAAAAAAAAAAAAAAAAAAAAA\\/\\/\\/\\/AAAAAAAAAAAAAAAAAAAAAAAAAQEBAAAAAAAAAAAAAAAAAAAAAAAAAAAAAAAAAAAAAAAA\\/\\/\\/\\/AAAAAAAAAAAAAQEBAAAAAAAA\\/\\/\\/\\/AAAAAAAAAAAAAAAAAAAAAAAAAAAAAAAAAAAAAAAAAAAAAAAAAAAAAAAAAg[BLOB]I[BLOB]\\/\\/\\/wAAAAAAAAAAAAAAAAAAAAAAAAAAAAAAAAAAAAAAAAAAAAAAAAAAAAAAAAEBAQAAAAAAAAAAAAAAAAAAAAAAAP\\/\\/\\/wAAAAAAAAAAAAEBAQAAAAAAAP\\/\\/\\/wAAAAAAAAAAAAAAAAAAAAAAAAAAAAAAAAAAAAAAAAAAAAAAAAAAAAAAAAAAAAAAAAAAAAAAAAAAAAAAAAAAAAEBAQAAAAAAAAAAAP\\/\\/\\/wAAAAAAAAAAAAEBAQAAAAAAAAAAAAAAAAAAAAAAAAAAAAAAAAAAAAAAAAAAAAAAAAAAAP\\/\\/\\/wAAAAAAAAAAAAEBAQAAAAAAAP\\/\\/\\/wAAAAAAAAAAAAEBAQAAAAAAAAAAAP\\/\\/\\/wAAAAAAAAEBAQAAAAAAAAAAAAAAAAAAAAAAAAAAAAAAAAAAAAAAAAAAAAAAAAAAAAAAAP\\/\\/\\/wAAAAAAAAAAAAAAAAAAAAAAAAAAAAAAAAAAAAAAAAAAAAAAAAAAAAAAAAAAAAAAAAAAAAEBAQAAAAAAAAAAAAAAAAAAAAAAAAAAAAAAAAAAAAAAAP\\/\\/\\/wAAAAAAAAAAAAAAAAAAAAAAAAAAAAAAAAAAAAAAAAAAAAAAAAAAAAAAAAI[BLOB]\\/\\/\\/wAAAAAAAAAAAAAAAAAAAAAAAAAAAAAAAAAAAAAAAAAAAAAAAAAAAAAAAAAAAAAAAAAAAAAAAAAAAAAAAAAAAAAAAAAAAAAAAAAAAAAAAAAAAAAAAAAAAAAAAAAAAAAAAAAAAAAAAAAAAAAAAAEBAQAAAAAAAP\\/\\/\\/wAAAAAAAAAAAAAAAAAAAAAAAAAAAAEBAQAAAAAAAAAAAAAAAAAAAAAAAAAAAAAAAAAAAAAAAAAAAAAAAAAAAAAAAAAAAAAAAAAAAP\\/\\/\\/wAAAAAAAAAAAAAAAAAAAAAAAAAAAAAAAAAAAAAAAAEBAQAAAAAAAAAAAAAAAAAAAAAAAP\\/\\/\\/wAAAAAAAAAAAAEBAQAAAAAAAAAAAAAAAAAAAAAAAAAAAAAAAAAAAAAAAAAAAAAAAAAAAAAAAAAAAAAAAAAAAP\\/\\/\\/wAAAAAAAAAAAAEBAQAAAAAAAP\\/\\/\\/wAAAAAAAAAAAAAAAAAAAAAAAAAAAAEBAQAAAAAAAP\\/\\/\\/wAAAAAAAAAAAAAAAAAAAAAAAAAAAAEBAQAAAAAAAP\\/\\/\\[BLOB]\\/\\/\\/8AAAAAAAAAAAAAAAAAAAAAAAAAAAAAAAAAAAAAAAAAAAAAAAAAAAAAAAAAAAAAAAAAAAABAQEAAAAAAAAAAAD\\/\\/\\/8AAAAAAAAAAAABAQEAAAAAAAD\\/\\/\\/8AAAAAAAAAAAABAQEAAAAAAAAAAAD\\/\\/\\/8AAAAAAAABAQEAAAAAAAAAAAAAAAAAAAAAAAAAAAAAAAAAAAAAAAAAAAAAAAAAAAAAAAD\\/\\/\\/8AAAAAAAAAAAAAAAAAAAAAAAAAAAAAAAAAAAAAAAAAAAAAAAAAAAAAAAAAAAAAAAAAAAAAAAAAAAAAAAAAAAAAAAAAAAAAAAAAAAAAAAAAAAAAAAABAQEAAAAAAAAAAAD\\/\\/\\/8AAAAAAAAAAAAAAAAAAAAAAAABAQEAAAAAAAAAAAAAAAAAAAAAAAD\\/\\/\\/8AAAAAAAAAAAABAQEAAAAAAAAAAAAAAAAAAAAAAAAAAAAAAAAAAAAAAAD\\/\\/\\/8AAAAAAAAAAAAAAAAAAAAAAAAAAAAAAAAAAAAAAAABAQEAAAAAAAAAAAD\\/\\/\\[BLOB]\\/\\/\\/\\/AAAAAAAAAAAAAAAAAAAAAAAAAAAAAAAAAAAAAAAAAAAAAAAAAAAAAAAAAQEBAAAAAAAA\\/\\/\\/\\/AAAAAAAAAAAAAQEBAAAAAAAAAAAAAAAAAAAAAAAA\\/\\/\\/\\/AAAAAAAAAAAAAAAAAAAAAAAAAAAAAQEBAAAAAAAAAAAAAAAAAAAAAAAAAAAAAAAAAAAAAAAAAAAAAAAAAAAAAAAAAAAAAAAAAAAA\\/\\/\\/\\/AAAAAAAAAAAAAQEBAAAAAAAA\\/\\/\\/\\/AAAAAAAAAAAAAQEBAAAAAAAAAAAA\\/\\/\\/\\/AAAAAAAAAQEBAAAAAAAAAAAAAAAAAAAAAAAAAAAAAAAAAAAAAAAA\\/\\/\\/\\/AAAAAAAAAAAAAQEBAAAAAAAA\\/\\/\\/\\/AAAAAAAAAAAAAAAAAAAAAAAAAAAAAAAAAAAAAAAAAAAAAAAAAAAAAAAAAAAAAAAAAAAAAAAAAAAAAAAAAAAAAAAAAAAAAAAAAAAAAQEBAAAAAAAAAAAAAAAAAAAAAAAA\\/\\/\\/\\/AAAAAAAAAAAAAAAAAAAAAAAAAAAAAAAAAAAAAAAAAAAAAAAAAAAAAAAAAAAAAAAAAAAAAAAAAAAAAAAAAAAAAAAAAAAAAAAAAAAAAg[BLOB]I[BLOB]\\/\\/\\/\\/AAAAAAAAAQEBAAAAAAAAAAAA\\/\\/\\/\\/AAAAAAAAAAAAAQEBAAAAAAAAAAAAAAAAAAAAAAAAAAAAAAAAAAAAAAAA\\/\\/\\/\\/AAAAAAAAAAAAAAAAAAAAAAAAAQEBAAAAAAAAAAAAAAAAAAAAAAAA\\/\\/\\/\\/AAAAAAAAAAAAAQEBAAAAAAAAAAAAAAAAAAAAAAAAAAAAAAAAAAAAAAAAAAAAAAAAAAAAAAAAAQEBAAAAAAAAAAAAAAAAAAAAAAAAAAAAAAAAAAAAAAAAAAAAAAAAAAAAAQEBAAAAAAAAAAAAAAAAAAAAAAAAAAAAAAAAAAAAAAAAAQEBAAAAAAAAAAAA\\/\\/\\/\\/AAAAAAAAAAAAAAAAAAAAAAAAAQEBAAAAAAAAAAAA\\/\\/\\/\\/AAAAAAAAAQEBAAAAAAAAAAAA\\/\\/\\/\\/AAAAAAAAAAAAAQEBAAAAAAAAAAAAAAAAAAAAAAAAAQEBAAAAAAAAAAAA\\/\\/\\/\\/AAAAAAAAAAAAAAAAAAAAAAAAAAAAAAAAAAAAAAAAAAAAAAAAAAAAAAAAAAAAAAAAAAAAAg[BLOB]I[BLOB]QAAAAAAAAAAAAAAAAAAAAAAAAEBAQAAAAAAAAAAAAAAAAAAAAAAAAEBAQAAAAAAAAAAAAAAAAAAAAAAAAAAAAAAAAAAAAAAAAAAAAAAAAAAAAAAAP\\/\\/\\/wAAAAAAAAAAAAEBAQAAAAAAAAAAAAAAAAAAAAAAAAAAAAAAAAAAAAAAAP\\/\\/\\/wAAAAAAAAEBAQAAAAAAAAAAAP\\/\\/\\/wAAAAAAAAAAAAAAAAAAAAAAAAAAAAAAAAAAAAAAAAAAAAAAAAAAAAAAAAAAAAAAAAAAAAEBAQAAAAAAAAAAAAAAAAAAAAAAAAAAAAAAAAAAAAAAAAAAAAAAAAAAAAAAAAAAAAAAAAAAAAAAAAAAAAAAAAAAAAAAAAAAAAAAAAAAAAAAAAAAAAAAAAAAAAAAAAAAAAAAAAAAAAAAAAAAAAAAAP\\/\\/\\/wAAAAAAAAAAAAAAAAAAAAAAAAAAAAAAAAAAAAAAAAAAAAAAAAAAAAAAAAAAAAAAAAAAAAAAAAAAAAAAAAAAAAAAAAAAAAAAAAAAAAAAAAAAAAAAAAI[BLOB]g[BLOB]QAAAAAAAAAAAAAAAAAAAAAAAAAAAAAAAAAAAAAAAAAAAAAAAAAAAAAAAAAAAD\\/\\/\\/8AAAAAAAAAAAAAAAAAAAAAAAAAAAAAAAAAAAAAAAAAAAAAAAAAAAAAAAAAAAAAAAAAAAABAQEAAAAAAAAAAAD\\/\\/\\/8AAAAAAAAAAAAAAAAAAAAAAAABAQEAAAAAAAAAAAD\\/\\/\\/8AAAAAAAABAQEAAAAAAAAAAAAAAAAAAAAAAAAAAAAAAAAAAAAAAAD\\/\\/\\/8AAAAAAAAAAAABAQEAAAAAAAAAAAAAAAAAAAAAAAD\\/\\/\\/8AAAAAAAAAAAAAAAAAAAAAAAABAQEAAAAAAAAAAAD\\/\\/\\/8AAAAAAAAAAAABAQEAAAAAAAABAQEAAAAAAAAAAAD\\/\\/\\/8AAAAAAAAAAAAAAAAAAAAAAAABAQEAAAAAAAAAAAD\\/\\/\\/8AAAAAAAAAAAAAAAAAAAAAAAAAAAAAAAAAAAAAAAAAAAAAAAAAAAAAAAAAAAAAAAAAAAABAQEAAAAAAAAAAAD\\/\\/\\[BLOB]\\/BAAAAAAAAAAAAAAAAAAAAAAAAAAAAAAAAAAAAAAAAAAAAAAAAAAAAAAAAAAAAAAAAAAAAAAAAAAAAAAAAAAAAAAAAAAAAAAAAAAAAAAAAAAAAAAAAAAAAAEBAQAAAAAAAAAAAP\\/\\/\\/wAAAAAAAAAAAAEBAQAAAAAAAP\\/\\/\\/wAAAAAAAAAAAP\\/\\/\\/wAAAAAAAAAAAAEBAQAAAAAAAP\\/\\/\\/wAAAAAAAAAAAAAAAAAAAAAAAAAAAAEBAQAAAAAAAP\\/\\/\\/wAAAAAAAAAAAAAAAAAAAAAAAAAAAAAAAAAAAAAAAAEBAQAAAAAAAAAAAP\\/\\/\\/wAAAAAAAAAAAAAAAAAAAAAAAAEBAQAAAAAAAAAAAAAAAAAAAAAAAAAAAAAAAAAAAAAAAAEBAQAAAAAAAAAAAP\\/\\/\\/wAAAAAAAAAAAAAAAAAAAAAAAAAAAAAAAAAAAAAAAAEBAQAAAAAAAAAAAAAAAAAAAAAAAAEBAQAAAAAAAAAAAP\\/\\/\\/wAAAAAAAAAAAAAAAAAAAAAAAAAAAAAAAAAAAAAAAAEBAQAAAAAAAP\\/\\/\\/wAAAAAAAAAAAAAAAAAAAAAAAAAAAAAAAAAAAAAAAAAAAAAAAAAAAAAAAAI[BLOB]g[BLOB]QAAAAAAAAAAAAAAAAAAAAAAAAAAAAAAAAAAAAAAAAAAAAAAAAAAAAAAAAAAAAAAAAAAAAAAAAAAAAAAAAAAAAAAAAAAAAAAAAAAAAAAAAAAAAAAAAAAAD\\/\\/\\/8AAAAAAAAAAAABAQEAAAAAAAAAAAD\\/\\/\\/8AAAAAAAAAAAAAAAAAAAAAAAAAAAAAAAAAAAAAAAAAAAAAAAAAAAABAQEAAAAAAAAAAAD\\/\\/\\/8AAAAAAAAAAAD\\/\\/\\/8AAAAAAAAAAAAAAAAAAAAAAAAAAAAAAAAAAAAAAAAAAAAAAAAAAAAAAAAAAAAAAAAAAAABAQEAAAAAAAAAAAAAAAAAAAAAAAD\\/\\/\\/8AAAAAAAAAAAAAAAAAAAAAAAABAQEAAAAAAAAAAAD\\/\\/\\/8AAAAAAAAAAAABAQEAAAAAAAD\\/\\/\\/8AAAAAAAAAAAAAAAAAAAAAAAAAAAAAAAAAAAAAAAD\\/\\/\\/8AAAAAAAAAAAABAQEAAAAAAAAAAAAAAAAAAAAAAAD\\/\\/\\[BLOB]\\/\\/\\/8AAAAAAAAAAAAAAAAAAAAAAAAAAAAAAAAAAAAAAAAAAAAAAAAAAAAAAAABAQEAAAAAAAAAAAAAAAAAAAAAAAD\\/\\/\\/8AAAAAAAAAAAABAQEAAAAAAAD\\/\\/\\/8AAAAAAAAAAAAAAAAAAAAAAAAAAAABAQEAAAAAAAD\\/\\/\\/8AAAAAAAAAAAABAQEAAAAAAAAAAAD\\/\\/\\/8AAAAAAAABAQEAAAAAAAAAAAD\\/\\/\\/8AAAAAAAAAAAAAAAAAAAAAAAABAQEAAAAAAAAAAAAAAAAAAAAAAAAAAAAAAAAAAAAAAAAAAAAAAAAAAAAAAAD\\/\\/\\/8AAAAAAAAAAAAAAAAAAAAAAAAAAAAAAAAAAAAAAAAAAAAAAAAAAAABAQEAAAAAAAAAAAAAAAAAAAAAAAAAAAD\\/\\/\\/8AAAAAAAAAAAAAAAAAAAAAAAAAAAAAAAAAAAAAAAAAAAAAAAAAAAABAQEAAAAAAAAAAAD\\/\\/\\/8AAAAAAAAAAAAAAAAAAAAAAAABAQEAAAAAAAAAAAD\\/\\/\\[BLOB]\\/\\/\\/\\/AAAAAAAAAAAAAAAAAAAAAAAAAAAAAAAAAAAAAAAAAAAAAAAAAAAAAAAAAAAAAAAAAAAAAQEBAAAAAAAAAAAA\\/\\/\\/\\/AAAAAAAAAAAAAAAAAAAAAAAAAQEBAAAAAAAAAAAAAAAAAAAAAAAAAAAA\\/\\/\\/\\/AAAAAAAAAQEBAAAAAAAAAAAA\\/\\/\\/\\/AAAAAAAAAAAAAQEBAAAAAAAAAAAAAAAAAAAAAAAAAAAAAAAAAAAAAAAA\\/\\/\\/\\/AAAAAAAAAQEBAAAAAAAAAAAAAAAAAAAAAAAAAAAA\\/\\/\\/\\/AAAAAAAAAAAAAAAAAAAAAAAAAQEBAAAAAAAA\\/\\/\\/\\/AAAAAAAAAAAAAQEBAAAAAAAAAAAA\\/\\/\\/\\/AAAAAAAAAAAAAAAAAAAAAAAAAAAAAAAAAAAAAAAAAQEBAAAAAAAAAAAAAAAAAAAAAAAA\\/\\/\\/\\/AAAAAAAAAAAAAQEBAAAAAAAA\\/\\/\\/\\/AAAAAAAAAAAAAAAAAAAAAAAAAAAAAQEBAAAAAAAA\\/\\/\\/\\/AAAAAAAAAAAAAAAAAAAAAAAAAAAAAQEBAAAAAAAA\\/\\/\\/\\/AAAAAAAAAAAAAAAAAAAAAAAAAAAAAAAAAAAAAAAAAAAAAAAAAAAAAAAAAg[BLOB]I[BLOB]\\/\\/\\/wAAAAAAAAAAAAAAAAAAAAAAAAAAAAAAAAAAAAAAAAAAAAAAAAAAAAAAAAAAAAAAAAAAAAAAAAAAAAAAAAAAAAEBAQAAAAAAAAAAAP\\/\\/\\/wAAAAAAAAAAAAAAAAAAAAAAAAEBAQAAAAAAAAAAAAAAAAAAAAAAAAAAAAAAAAAAAAAAAAAAAAAAAAAAAAAAAP\\/\\/\\/wAAAAAAAAEBAQAAAAAAAAAAAP\\/\\/\\/wAAAAAAAAAAAAAAAAAAAAAAAAEBAQAAAAAAAAAAAAAAAAAAAAAAAAAAAAAAAAAAAAAAAP\\/\\/\\/wAAAAAAAAAAAAEBAQAAAAAAAP\\/\\/\\/wAAAAAAAAAAAAEBAQAAAAAAAAAAAAAAAAAAAAAAAAAAAAAAAAAAAAAAAAAAAAAAAAAAAAAAAP\\/\\/\\/wAAAAAAAAEBAQAAAAAAAAAAAAAAAAAAAAAAAAAAAP\\/\\/\\/wAAAAAAAAEBAQAAAAAAAAAAAP\\/\\/\\/wAAAAAAAAAAAAEBAQAAAAAAAAAAAAAAAAAAAAAAAAAAAAAAAAAAAAAAAP\\/\\/\\/wAAAAAAAAAAAAAAAAAAAAAAAAAAAAAAAAAAAAAAAAAAAAAAAAAAAAAAAAAAAAAAAAAAAAI[BLOB]SmCUiwAAIABJREFUAAAAAAAAAAAAAAAAAAAAAAAAAAAAAAAAAAAAAAAAAAAAAAAAAAAAAAAAAAAAAAAAAAAAAAAAAAAAAAAAAAAAAAAAAAAAAAAAAAAAAAAAAAAAAAAAAAAAAAAAAAAAAf\\/\\/\\/wAAAAAAAAAAAAAAAAAAAAAAAAAAAAAAAAAAAAAAAAAAAAAAAAAAAAAAAAAAAAAAAAAAAAAAAAAAAAAAAAAAAAAAAAAAAAAAAAAAAAEBAQAAAAAAAP\\/\\/\\/wAAAAAAAAAAAAEBAQAAAAAAAAAAAP\\/\\/\\/wAAAAAAAAAAAAAAAAAAAAAAAAEBAQAAAAAAAAAAAP\\/\\/\\/wAAAAAAAAAAAAAAAAAAAAAAAAAAAAAAAAAAAAAAAAAAAAAAAAAAAAAAAAAAAAAAAAAAAAAAAAAAAAAAAAAAAAAAAAAAAAAAAAAAAAAAAAAAAAAAAAEBAQAAAAAAAP\\/\\/\\/wAAAAAAAAAAAAEBAQAAAAAAAAAAAP\\/\\/\\/wAAAAAAAAEBAQAAAAAAAAAAAAAAAAAAAAAAAAAAAAAAAAAAAAAAAAAAAAAAAAAAAAAAAAAAAAAAAAAAAAAAAAAAAAAAAAAAAAAAAAAAAAAAAAAAAP\\/\\/\\/wAAAAAAAAAAAAAAAAAAAAAAAAEBAQAAAAAAAAAAAAAAAAAAAAAAAAAAAAAAAAAAAAAAAP\\/\\/\\/wAAAAAAAAAAAAAAAAAAAAAAAAAAAAAAAAAAAAAAAAAAAAAAAAAAAAAAAAI[BLOB]g[BLOB]QAAAAAAAAAAAAAAAAAAAAAAAAAAAAAAAAAAAAAAAAAAAAAAAAAAAAAAAAAAAABAQEAAAAAAAAAAAAAAAAAAAAAAAD\\/\\/\\/8AAAAAAAAAAAAAAAAAAAAAAAABAQEAAAAAAAAAAAAAAAAAAAAAAAAAAAABAQEAAAAAAAAAAAAAAAAAAAAAAAD\\/\\/\\/8AAAAAAAAAAAAAAAAAAAAAAAAAAAAAAAAAAAAAAAAAAAAAAAAAAAAAAAAAAAAAAAAAAAAAAAAAAAAAAAAAAAABAQEAAAAAAAAAAAD\\/\\/\\/8AAAAAAAABAQEAAAAAAAAAAAAAAAAAAAAAAAAAAAAAAAAAAAAAAAD\\/\\/\\/8AAAAAAAAAAAABAQEAAAAAAAD\\/\\/\\/8AAAAAAAAAAAAAAAAAAAAAAAAAAAABAQEAAAAAAAD\\/\\/\\/8AAAAAAAAAAAAAAAAAAAAAAAAAAAABAQEAAAAAAAD\\/\\/\\/8AAAAAAAAAAAAAAAAAAAAAAAAAAAABAQEAAAAAAAD\\/\\/\\[BLOB]\\/\\/\\/\\/AAAAAAAAAAAAAAAAAAAAAAAAAAAAAAAAAAAAAAAAAAAAAAAAAAAAAAAAAQEBAAAAAAAA\\/\\/\\/\\/AAAAAAAAAAAAAQEBAAAAAAAAAAAA\\/\\/\\/\\/AAAAAAAAAAAAAAAAAAAAAAAAAAAAAAAAAAAAAAAAAAAAAAAAAAAAAQEBAAAAAAAAAAAAAAAAAAAAAAAAAAAAAAAAAAAAAAAA\\/\\/\\/\\/AAAAAAAAAAAAAQEBAAAAAAAAAAAAAAAAAAAAAAAAAAAAAAAAAAAAAAAAAAAAAAAAAAAAAAAA\\/\\/\\/\\/AAAAAAAAAQEBAAAAAAAAAAAA\\/\\/\\/\\/AAAAAAAAAQEBAAAAAAAAAAAA\\/\\/\\/\\/AAAAAAAAAAAAAAAAAAAAAAAAAAAAAAAAAAAAAAAAAAAAAAAAAAAAAAAAAQEBAAAAAAAAAAAAAAAAAAAAAAAA\\/\\/\\/\\/AAAAAAAAAAAAAAAAAAAAAAAAAQEBAAAAAAAAAAAA\\/\\/\\/\\/AAAAAAAAAAAAAAAAAAAAAAAAAAAAAAAAAAAAAAAAAQEBAAAAAAAAAAAA\\/\\/\\/\\/AAAAAAAAAAAAAAAAAAAAAAAAAAAAAAAAAAAAAAAAAAAAAAAAAAAAAAAAAAAAAAAAAAAAAg[BLOB]I[BLOB]\\/\\/\\/\\/AAAAAAAAAAAAAAAAAAAAAAAAAAAAAAAAAAAAAAAAAAAAAAAAAAAAAAAAAAAAAAAAAAAAAQEBAAAAAAAAAAAAAAAAAAAAAAAAAAAA\\/\\/\\/\\/AAAAAAAAAQEBAAAAAAAAAAAA\\/\\/\\/\\/AAAAAAAAAAAAAQEBAAAAAAAA\\/\\/\\/\\/AAAAAAAAAAAAAQEBAAAAAAAAAAAAAAAAAAAAAAAA\\/\\/\\/\\/AAAAAAAAAAAAAQEBAAAAAAAAAAAA\\/\\/\\/\\/AAAAAAAAAAAAAAAAAAAAAAAAAAAAAAAAAAAAAAAAAAAAAAAAAAAAAQEBAAAAAAAAAAAAAAAAAAAAAAAAAAAAAAAAAAAAAAAA\\/\\/\\/\\/AAAAAAAAAAAAAQEBAAAAAAAA\\/\\/\\/\\/AAAAAAAAAAAAAAAAAAAAAAAAAAAAAAAAAAAAAAAAAQEBAAAAAAAAAAAAAAAAAAAAAAAAAAAAAAAAAAAAAAAAAAAAAAAAAAAAAAAAAAAAAAAAAAAAAAAAAAAAAAAAAAAA\\/\\/\\/\\/AAAAAAAAAAAAAAAAAAAAAAAAAAAAAAAAAAAAAAAAAAAAAAAAAAAAAAAAAAAAAAAAAAAAAAAAAAAAAAAAAAAAAAAAAAAAAAAAAAAAAg[BLOB]I[BLOB]P\\/\\/\\/wAAAAAAAAAAAAAAAAAAAAAAAAAAAAAAAAAAAAAAAP\\/\\/\\/wAAAAAAAAAAAAAAAAAAAAAAAAAAAP\\/\\/\\/wAAAAAAAAAAAAAAAAAAAAAAAAAAAAAAAAAAAAAAAAAAAAAAAAAAAAAAAAAAAAAAAAAAAAAAAAAAAAAAAAAAAAAAAAAAAAAAAAEBAQAAAAAAAAAAAP\\/\\/\\/wAAAAAAAAAAAAEBAQAAAAAAAP\\/\\/\\/wAAAAAAAAAAAAAAAAAAAAAAAAEBAQAAAAAAAAAAAAEBAQAAAAAAAAAAAAAAAAAAAAAAAAAAAAAAAAAAAAAAAAEBAQAAAAAAAAAAAP\\/\\/\\/wAAAAAAAAAAAAAAAAAAAAAAAP\\/\\/\\/wAAAAAAAAAAAAAAAAAAAAAAAAAAAAAAAAAAAAAAAAEBAQAAAAAAAAAAAAAAAAAAAAAAAAAAAAAAAAAAAAAAAAEBAQAAAAAAAAAAAP\\/\\/\\[BLOB]\\/\\/\\/8AAAAAAAAAAAD\\/\\/\\/8AAAAAAAAAAAAAAAAAAAAAAAABAQEAAAAAAAAAAAD\\/\\/\\/8AAAAAAAAAAAABAQEAAAAAAAD\\/\\/\\/8AAAAAAAAAAAABAQEAAAAAAAAAAAD\\/\\/\\/8AAAAAAAAAAAAAAAAAAAAAAAAAAAAAAAAAAAD\\/\\/\\/8AAAAAAAAAAAABAQEAAAAAAAAAAAD\\/\\/\\/8AAAAAAAABAQEAAAAAAAAAAAD\\/\\/\\/8AAAAAAAAAAAABAQEAAAAAAAAAAAAAAAAAAAAAAAAAAAAAAAAAAAAAAAABAQEAAAAAAAD\\/\\/\\/8AAAAAAAAAAAAAAAAAAAAAAAAAAAD\\/\\/\\[BLOB]\\/\\/\\/8AAAAAAAAAAAAAAAAAAAAAAAAAAAAAAAAAAAAAAAAAAAAAAAAAAAAAAAAAAAAAAAAAAAAAAAABAQEAAAAAAAAAAAAAAAAAAAAAAAAAAAAAAAAAAAAAAAAAAAAAAAAAAAAAAAAAAAAAAAAAAAAAAAAAAAAAAAAAAAAAAAAAAAAAAAABAQEAAAAAAAAAAAD\\/\\/\\/8AAAAAAAAAAAABAQEAAAAAAAD\\/\\/\\/8AAAAAAAAAAAAAAAAAAAAAAAAAAAAAAAAAAAAAAAD\\/\\/\\/8AAAAAAAAAAAAAAAAAAAAAAAAAAAAAAAAAAAAAAAABAQEAAAAAAAAAAAD\\/\\/\\/8AAAAAAAABAQEAAAAAAAAAAAAAAAAAAAAAAAAAAAD\\/\\/\\[BLOB]\\/\\/\\/\\/AAAAAAAAAAAAAAAAAAAAAAAAAAAAAAAAAAAAAAAAAAAAAAAAAAAAAAAAAAAAAAAAAAAA\\/\\/\\/\\/AAAAAAAAAAAAAQEBAAAAAAAAAAAA\\/\\/\\/\\/AAAAAAAAAAAAAAAAAAAAAAAAAAAAAAAAAAAAAAAAAAAAAAAAAAAAAQEBAAAAAAAAAAAA\\/\\/\\/\\/AAAAAAAAAAAAAAAAAAAAAAAAAAAAAAAAAAAAAAAAAAAAAAAAAAAAAAAAAAAAAAAAAAAAAAAAAAAAAAAAAAAAAQEBAAAAAAAAAAAAAAAAAAAAAAAAAQEBAAAAAAAAAAAAAAAAAAAAAAAAAAAAAAAAAAAAAAAAAAAAAAAAAAAAAAAAAAAAAAAAAAAAAAAAAAAAAAAAAAAA\\/\\/\\/\\/AAAAAAAAAAAAAAAAAAAAAAAAAAAAAAAAAAAAAAAAAAAAAAAAAAAAAAAAAAAAAAAAAAAAAAAAAAAAAAAAAAAAAg[BLOB]I[BLOB]QAAAAAAAAAAAAAAAAAAAAAAAP\\/\\/\\/wAAAAAAAAAAAP\\/\\/\\/wAAAAAAAAAAAAEBAQAAAAAAAAAAAAAAAAAAAAAAAP\\/\\/\\/wAAAAAAAAAAAAAAAAAAAAAAAAAAAAAAAAAAAAAAAAEBAQAAAAAAAAAAAAAAAAAAAAAAAP\\/\\/\\/wAAAAAAAAAAAAAAAAAAAAAAAAAAAAAAAAAAAAAAAP\\/\\/\\/wAAAAAAAAAAAAEBAQAAAAAAAP\\/\\/\\/wAAAAAAAAAAAAAAAAAAAAAAAAAAAAAAAAAAAAAAAAEBAQAAAAAAAAAAAP\\/\\/\\/wAAAAAAAAAAAAAAAAAAAAAAAP\\/\\/\\/wAAAAAAAAAAAAAAAAAAAAAAAAAAAAEBAQAAAAAAAP\\/\\/\\/wAAAAAAAAAAAAAAAAAAAAAAAAAAAAAAAAAAAAAAAAAAAAAAAAAAAAAAAAI[BLOB]QAAAAAAAAAAAAAAAAAAAAAAAP\\/\\/\\/wAAAAAAAAAAAAAAAAAAAAAAAAAAAAAAAAAAAAAAAAAAAAAAAAAAAAAAAP\\/\\/\\/wAAAAAAAAEBAQAAAAAAAAAAAAAAAAAAAAAAAAAAAAAAAAAAAAAAAAAAAAAAAAAAAAAAAAEBAQAAAAAAAAAAAP\\/\\/\\/wAAAAAAAAAAAAAAAAAAAAAAAAEBAQAAAAAAAAAAAAAAAAAAAAAAAP\\/\\/\\/wAAAAAAAAAAAAAAAAAAAAAAAAAAAAAAAAAAAAAAAAEBAQAAAAAAAAAAAP\\/\\/\\/wAAAAAAAAAAAP\\/\\/\\/wAAAAAAAAAAAAAAAAAAAAAAAAAAAAAAAAAAAAAAAAAAAAAAAAAAAAAAAAAAAAAAAAAAAAI[BLOB]