COMMIT;

--
-- Table structure for table `sale_opportunities`
--

CREATE TABLE `sale_opportunities` (
  `id` int(10) unsigned NOT NULL AUTO_INCREMENT,
  `user_id` int(10) unsigned NOT NULL,
  `external_id` char(36) NOT NULL,
  `establishment_id` int(10) unsigned NOT NULL,
  `establishment` longtext CHARACTER SET utf8mb4 COLLATE utf8mb4_bin NOT NULL,
  `soap_type_id` char(2) NOT NULL,
  `state_type_id` char(2) NOT NULL,
  `prefix` varchar(255) NOT NULL,
  `date_of_issue` date NOT NULL,
  `time_of_issue` time NOT NULL,
  `customer_id` int(10) unsigned NOT NULL,
  `customer` longtext CHARACTER SET utf8mb4 COLLATE utf8mb4_bin NOT NULL,
  `currency_type_id` varchar(255) NOT NULL,
  `exchange_rate_sale` decimal(13,3) NOT NULL,
  `total_exportation` decimal(12,2) NOT NULL DEFAULT 0.00,
  `total_free` decimal(12,2) NOT NULL DEFAULT 0.00,
  `total_taxed` decimal(12,2) NOT NULL DEFAULT 0.00,
  `total_unaffected` decimal(12,2) NOT NULL DEFAULT 0.00,
  `total_exonerated` decimal(12,2) NOT NULL DEFAULT 0.00,
  `total_igv` decimal(12,2) NOT NULL DEFAULT 0.00,
  `total_taxes` decimal(12,2) NOT NULL DEFAULT 0.00,
  `total_value` decimal(12,2) NOT NULL DEFAULT 0.00,
  `total` decimal(12,2) NOT NULL,
  `filename` varchar(255) DEFAULT NULL,
  `detail` text DEFAULT NULL,
  `observation` text DEFAULT NULL,
  `created_at` timestamp NULL DEFAULT NULL,
  `updated_at` timestamp NULL DEFAULT NULL,
  PRIMARY KEY (`id`),
  KEY `sale_opportunities_user_id_foreign` (`user_id`),
  KEY `sale_opportunities_establishment_id_foreign` (`establishment_id`),
  KEY `sale_opportunities_customer_id_foreign` (`customer_id`),
  KEY `sale_opportunities_soap_type_id_foreign` (`soap_type_id`),
  KEY `sale_opportunities_state_type_id_foreign` (`state_type_id`),
  KEY `sale_opportunities_currency_type_id_foreign` (`currency_type_id`),
  CONSTRAINT `sale_opportunities_currency_type_id_foreign` FOREIGN KEY (`currency_type_id`) REFERENCES `cat_currency_types` (`id`),
  CONSTRAINT `sale_opportunities_customer_id_foreign` FOREIGN KEY (`customer_id`) REFERENCES `persons` (`id`),
  CONSTRAINT `sale_opportunities_establishment_id_foreign` FOREIGN KEY (`establishment_id`) REFERENCES `establishments` (`id`),
  CONSTRAINT `sale_opportunities_soap_type_id_foreign` FOREIGN KEY (`soap_type_id`) REFERENCES `soap_types` (`id`),
  CONSTRAINT `sale_opportunities_state_type_id_foreign` FOREIGN KEY (`state_type_id`) REFERENCES `state_types` (`id`),
  CONSTRAINT `sale_opportunities_user_id_foreign` FOREIGN KEY (`user_id`) REFERENCES `users` (`id`)
) ENGINE=InnoDB DEFAULT CHARSET=utf8mb4 COLLATE=utf8mb4_unicode_ci;

--
-- Dumping data for table `sale_opportunities`
--

COMMIT;

--
-- Table structure for table `sale_opportunity_files`
--

CREATE TABLE `sale_opportunity_files` (
  `id` int(10) unsigned NOT NULL AUTO_INCREMENT,
  `sale_opportunity_id` int(10) unsigned NOT NULL,
  `filename` varchar(255) NOT NULL,
  PRIMARY KEY (`id`),
  KEY `sale_opportunity_files_sale_opportunity_id_foreign` (`sale_opportunity_id`),
  CONSTRAINT `sale_opportunity_files_sale_opportunity_id_foreign` FOREIGN KEY (`sale_opportunity_id`) REFERENCES `sale_opportunities` (`id`) ON DELETE CASCADE
) ENGINE=InnoDB DEFAULT CHARSET=utf8mb4 COLLATE=utf8mb4_unicode_ci;

--
-- Dumping data for table `sale_opportunity_files`
--

COMMIT;

--
-- Table structure for table `sale_opportunity_items`
--

CREATE TABLE `sale_opportunity_items` (
  `id` int(10) unsigned NOT NULL AUTO_INCREMENT,
  `sale_opportunity_id` int(10) unsigned NOT NULL,
  `item_id` int(10) unsigned NOT NULL,
  `item` longtext CHARACTER SET utf8mb4 COLLATE utf8mb4_bin NOT NULL,
  `quantity` decimal(12,4) NOT NULL,
  `unit_value` decimal(16,6) NOT NULL,
  `affectation_igv_type_id` varchar(255) NOT NULL,
  `total_base_igv` decimal(12,2) NOT NULL,
  `percentage_igv` decimal(12,2) NOT NULL,
  `total_igv` decimal(12,2) NOT NULL,
  `total_taxes` decimal(12,2) NOT NULL,
  `price_type_id` varchar(255) NOT NULL,
  `unit_price` decimal(16,6) NOT NULL,
  `total_value` decimal(12,2) NOT NULL,
  `total_charge` decimal(12,2) NOT NULL DEFAULT 0.00,
  `total_discount` decimal(12,2) NOT NULL DEFAULT 0.00,
  `total` decimal(12,2) NOT NULL,
  `attributes` longtext CHARACTER SET utf8mb4 COLLATE utf8mb4_bin DEFAULT NULL,
  `discounts` longtext CHARACTER SET utf8mb4 COLLATE utf8mb4_bin DEFAULT NULL,
  `charges` longtext CHARACTER SET utf8mb4 COLLATE utf8mb4_bin DEFAULT NULL,
  PRIMARY KEY (`id`),
  KEY `sale_opportunity_items_sale_opportunity_id_foreign` (`sale_opportunity_id`),
  KEY `sale_opportunity_items_item_id_foreign` (`item_id`),
  KEY `sale_opportunity_items_affectation_igv_type_id_foreign` (`affectation_igv_type_id`),
  KEY `sale_opportunity_items_price_type_id_foreign` (`price_type_id`),
  CONSTRAINT `sale_opportunity_items_affectation_igv_type_id_foreign` FOREIGN KEY (`affectation_igv_type_id`) REFERENCES `cat_affectation_igv_types` (`id`),
  CONSTRAINT `sale_opportunity_items_item_id_foreign` FOREIGN KEY (`item_id`) REFERENCES `items` (`id`),
  CONSTRAINT `sale_opportunity_items_price_type_id_foreign` FOREIGN KEY (`price_type_id`) REFERENCES `cat_price_types` (`id`),
  CONSTRAINT `sale_opportunity_items_sale_opportunity_id_foreign` FOREIGN KEY (`sale_opportunity_id`) REFERENCES `sale_opportunities` (`id`) ON DELETE CASCADE
) ENGINE=InnoDB DEFAULT CHARSET=utf8mb4 COLLATE=utf8mb4_unicode_ci;

--
-- Dumping data for table `sale_opportunity_items`
--

COMMIT;

--
-- Table structure for table `seller_point_ledger`
--

CREATE TABLE `seller_point_ledger` (
  `id` int(10) unsigned NOT NULL AUTO_INCREMENT,
  `seller_id` int(10) unsigned NOT NULL,
  `cash_id` int(10) unsigned DEFAULT NULL,
  `shift_type` varchar(10) DEFAULT NULL,
  `sales_net` decimal(12,2) NOT NULL DEFAULT 0.00,
  `points` decimal(12,2) NOT NULL DEFAULT 0.00 COMMENT 'con signo: + earned / +-/ adjustment',
  `reason` varchar(20) NOT NULL DEFAULT 'earned',
  `created_at` timestamp NULL DEFAULT NULL,
  `updated_at` timestamp NULL DEFAULT NULL,
  PRIMARY KEY (`id`),
  KEY `seller_point_ledger_seller_id_created_at_index` (`seller_id`,`created_at`),
  KEY `seller_point_ledger_seller_id_index` (`seller_id`),
  KEY `seller_point_ledger_cash_id_index` (`cash_id`)
) ENGINE=InnoDB DEFAULT CHARSET=utf8mb4 COLLATE=utf8mb4_unicode_ci;

--
-- Dumping data for table `seller_point_ledger`
--

COMMIT;

--
-- Table structure for table `seller_reward`
--

CREATE TABLE `seller_reward` (
  `id` int(10) unsigned NOT NULL AUTO_INCREMENT,
  `name` varchar(255) NOT NULL,
  `description` varchar(255) DEFAULT NULL,
  `points_cost` decimal(12,2) NOT NULL DEFAULT 0.00,
  `stock` int(11) DEFAULT NULL COMMENT 'NULL = ilimitado',
  `active` tinyint(1) NOT NULL DEFAULT 1,
  `created_at` timestamp NULL DEFAULT NULL,
  `updated_at` timestamp NULL DEFAULT NULL,
  PRIMARY KEY (`id`),
  KEY `seller_reward_active_index` (`active`)
) ENGINE=InnoDB DEFAULT CHARSET=utf8mb4 COLLATE=utf8mb4_unicode_ci;

--
-- Dumping data for table `seller_reward`
--

COMMIT;

--
-- Table structure for table `seller_reward_redemption`
--

CREATE TABLE `seller_reward_redemption` (
  `id` int(10) unsigned NOT NULL AUTO_INCREMENT,
  `seller_id` int(10) unsigned NOT NULL,
  `seller_reward_id` int(10) unsigned NOT NULL,
  `reward_name` varchar(255) NOT NULL,
  `points_cost` decimal(12,2) NOT NULL DEFAULT 0.00,
  `created_by` int(10) unsigned DEFAULT NULL,
  `created_at` timestamp NULL DEFAULT NULL,
  `updated_at` timestamp NULL DEFAULT NULL,
  PRIMARY KEY (`id`),
  KEY `seller_reward_redemption_seller_id_created_at_index` (`seller_id`,`created_at`),
  KEY `seller_reward_redemption_seller_id_index` (`seller_id`),
  KEY `seller_reward_redemption_seller_reward_id_index` (`seller_reward_id`)
) ENGINE=InnoDB DEFAULT CHARSET=utf8mb4 COLLATE=utf8mb4_unicode_ci;

--
-- Dumping data for table `seller_reward_redemption`
--

COMMIT;

--
-- Table structure for table `series`
--

CREATE TABLE `series` (
  `id` int(10) unsigned NOT NULL AUTO_INCREMENT,
  `establishment_id` int(10) unsigned NOT NULL,
  `document_type_id` varchar(255) NOT NULL,
  `number` varchar(255) NOT NULL,
  `contingency` tinyint(1) NOT NULL DEFAULT 0,
  `created_at` timestamp NULL DEFAULT NULL,
  `updated_at` timestamp NULL DEFAULT NULL,
  PRIMARY KEY (`id`),
  KEY `series_establishment_id_foreign` (`establishment_id`),
  KEY `series_document_type_id_foreign` (`document_type_id`),
  CONSTRAINT `series_document_type_id_foreign` FOREIGN KEY (`document_type_id`) REFERENCES `cat_document_types` (`id`),
  CONSTRAINT `series_establishment_id_foreign` FOREIGN KEY (`establishment_id`) REFERENCES `establishments` (`id`)
) ENGINE=InnoDB AUTO_INCREMENT=15 DEFAULT CHARSET=utf8mb4 COLLATE=utf8mb4_unicode_ci;

--
-- Dumping data for table `series`
--

INSERT INTO `series` VALUES
(1,1,'01','F001',0,NULL,NULL),
(2,1,'03','B001',0,NULL,NULL),
(3,1,'07','FC01',0,NULL,NULL),
(4,1,'07','BC01',0,NULL,NULL),
(5,1,'08','FD01',0,NULL,NULL),
(6,1,'08','BD01',0,NULL,NULL),
(7,1,'20','R001',0,NULL,NULL),
(8,1,'09','T001',0,NULL,NULL),
(9,1,'40','P001',0,NULL,NULL),
(10,1,'80','NV01',0,NULL,NULL),
(11,1,'04','L001',0,NULL,NULL),
(12,1,'U2','NIA1',0,NULL,NULL),
(13,1,'U3','NSA1',0,NULL,NULL),
(14,1,'U4','NTA1',0,NULL,NULL);
COMMIT;

--
-- Table structure for table `series_configurations`
--

CREATE TABLE `series_configurations` (
  `id` int(10) unsigned NOT NULL AUTO_INCREMENT,
  `series_id` int(10) unsigned NOT NULL,
  `document_type_id` varchar(255) NOT NULL,
  `series` varchar(255) NOT NULL,
  `number` varchar(255) NOT NULL,
  `created_at` timestamp NULL DEFAULT NULL,
  `updated_at` timestamp NULL DEFAULT NULL,
  PRIMARY KEY (`id`),
  KEY `series_configurations_series_id_foreign` (`series_id`),
  KEY `series_configurations_series_index` (`series`),
  KEY `series_configurations_number_index` (`number`),
  KEY `series_configurations_document_type_id_foreign` (`document_type_id`),
  CONSTRAINT `series_configurations_document_type_id_foreign` FOREIGN KEY (`document_type_id`) REFERENCES `cat_document_types` (`id`),
  CONSTRAINT `series_configurations_series_id_foreign` FOREIGN KEY (`series_id`) REFERENCES `series` (`id`)
) ENGINE=InnoDB DEFAULT CHARSET=utf8mb4 COLLATE=utf8mb4_unicode_ci;

--
-- Dumping data for table `series_configurations`
--

COMMIT;

--
-- Table structure for table `skins`
--

CREATE TABLE `skins` (
  `id` int(10) unsigned NOT NULL AUTO_INCREMENT,
  `name` varchar(255) NOT NULL,
  `filename` varchar(255) NOT NULL,
  `status` tinyint(1) NOT NULL DEFAULT 1,
  `created_at` timestamp NULL DEFAULT NULL,
  `updated_at` timestamp NULL DEFAULT NULL,
  PRIMARY KEY (`id`)
) ENGINE=InnoDB AUTO_INCREMENT=3 DEFAULT CHARSET=utf8mb4 COLLATE=utf8mb4_unicode_ci;

--
-- Dumping data for table `skins`
--

INSERT INTO `skins` VALUES
(1,'Default','default.css',1,NULL,NULL),
(2,'Light','light.css',1,NULL,NULL);
COMMIT;

--
-- Table structure for table `soap_types`
--

CREATE TABLE `soap_types` (
  `id` char(2) NOT NULL,
  `description` varchar(255) NOT NULL,
  KEY `soap_types_id_index` (`id`)
) ENGINE=InnoDB DEFAULT CHARSET=utf8mb4 COLLATE=utf8mb4_unicode_ci;

--
-- Dumping data for table `soap_types`
--

INSERT INTO `soap_types` VALUES
('01','Demo'),
('02','Producción'),
('03','Interno');
COMMIT;

--
-- Table structure for table `specialties`
--

CREATE TABLE `specialties` (
  `id` int(10) unsigned NOT NULL AUTO_INCREMENT,
  `code` varchar(255) DEFAULT NULL,
  `name` varchar(255) DEFAULT NULL,
  `status` tinyint(1) DEFAULT 1,
  `item_id` int(10) unsigned DEFAULT NULL,
  `created_at` timestamp NULL DEFAULT NULL,
  `updated_at` timestamp NULL DEFAULT NULL,
  PRIMARY KEY (`id`),
  UNIQUE KEY `specialties_code_unique` (`code`)
) ENGINE=InnoDB DEFAULT CHARSET=utf8mb4 COLLATE=utf8mb4_unicode_ci;

--
-- Dumping data for table `specialties`
--

COMMIT;

--
-- Table structure for table `state_types`
--

CREATE TABLE `state_types` (
  `id` char(2) NOT NULL,
  `description` varchar(255) NOT NULL,
  KEY `state_types_id_index` (`id`)
) ENGINE=InnoDB DEFAULT CHARSET=utf8mb4 COLLATE=utf8mb4_unicode_ci;

--
-- Dumping data for table `state_types`
--

INSERT INTO `state_types` VALUES
('01','Registrado'),
('03','Enviado'),
('05','Aceptado'),
('07','Observado'),
('09','Rechazado'),
('11','Anulado'),
('13','Por anular');
COMMIT;

--
-- Table structure for table `status_orders`
--

CREATE TABLE `status_orders` (
  `id` tinyint(3) unsigned NOT NULL AUTO_INCREMENT,
  `description` varchar(30) NOT NULL,
  `created_at` timestamp NULL DEFAULT NULL,
  `updated_at` timestamp NULL DEFAULT NULL,
  PRIMARY KEY (`id`)
) ENGINE=InnoDB AUTO_INCREMENT=5 DEFAULT CHARSET=utf8mb4 COLLATE=utf8mb4_unicode_ci;

--
-- Dumping data for table `status_orders`
--

INSERT INTO `status_orders` VALUES
(1,'Pago sin verificar','2025-12-27 10:38:25',NULL),
(2,'Pago verificado','2025-12-27 10:38:25',NULL),
(3,'Despachado','2025-12-27 10:38:25',NULL),
(4,'Confirmado por el cliente','2025-12-27 10:38:25',NULL);
COMMIT;

--
-- Table structure for table `summaries`
--

CREATE TABLE `summaries` (
  `id` int(10) unsigned NOT NULL AUTO_INCREMENT,
  `user_id` int(10) unsigned NOT NULL,
  `external_id` char(36) NOT NULL,
  `soap_type_id` char(2) NOT NULL,
  `state_type_id` char(2) NOT NULL,
  `summary_status_type_id` varchar(255) NOT NULL,
  `ubl_version` varchar(255) NOT NULL,
  `date_of_issue` date NOT NULL,
  `date_of_reference` date NOT NULL,
  `identifier` varchar(255) NOT NULL,
  `filename` varchar(255) NOT NULL,
  `unique_filename` varchar(255) DEFAULT NULL,
  `ticket` varchar(255) DEFAULT NULL,
  `has_ticket` tinyint(1) NOT NULL DEFAULT 0,
  `has_cdr` tinyint(1) NOT NULL DEFAULT 0,
  `soap_shipping_response` longtext CHARACTER SET utf8mb4 COLLATE utf8mb4_bin DEFAULT NULL,
  `send_to_pse` tinyint(1) NOT NULL DEFAULT 0,
  `response_signature_pse` longtext CHARACTER SET utf8mb4 COLLATE utf8mb4_bin DEFAULT NULL,
  `response_send_cdr_pse` longtext CHARACTER SET utf8mb4 COLLATE utf8mb4_bin DEFAULT NULL,
  `unknown_error_status_response` tinyint(1) NOT NULL DEFAULT 0,
  `manually_regularized` tinyint(1) NOT NULL DEFAULT 0,
  `error_manually_regularized` longtext CHARACTER SET utf8mb4 COLLATE utf8mb4_bin DEFAULT NULL,
  `created_at` timestamp NULL DEFAULT NULL,
  `updated_at` timestamp NULL DEFAULT NULL,
  PRIMARY KEY (`id`),
  UNIQUE KEY `summaries_unique_filename_unique` (`unique_filename`),
  KEY `summaries_user_id_foreign` (`user_id`),
  KEY `summaries_soap_type_id_foreign` (`soap_type_id`),
  KEY `summaries_state_type_id_foreign` (`state_type_id`),
  KEY `summaries_summary_status_type_id_foreign` (`summary_status_type_id`),
  KEY `summaries_date_of_issue_index` (`date_of_issue`),
  CONSTRAINT `summaries_soap_type_id_foreign` FOREIGN KEY (`soap_type_id`) REFERENCES `soap_types` (`id`),
  CONSTRAINT `summaries_state_type_id_foreign` FOREIGN KEY (`state_type_id`) REFERENCES `state_types` (`id`),
  CONSTRAINT `summaries_summary_status_type_id_foreign` FOREIGN KEY (`summary_status_type_id`) REFERENCES `cat_summary_status_types` (`id`),
  CONSTRAINT `summaries_user_id_foreign` FOREIGN KEY (`user_id`) REFERENCES `users` (`id`)
) ENGINE=InnoDB AUTO_INCREMENT=51 DEFAULT CHARSET=utf8mb4 COLLATE=utf8mb4_unicode_ci;

--
-- Dumping data for table `summaries`
--

INSERT INTO `summaries` VALUES
(1,2,'4c928c67-5ed7-4c1e-a572-1a8b303ec55a','02','05','1','2.0','2026-04-08','2026-03-31','RC-20260408-1','10766490714-RC-20260408-1','10766490714-RC-20260408-1','202620357086855',0,0,'{\"sent\":true,\"code\":\"0\",\"description\":\"El Comprobante RC-20260408-1, ha sido aceptado\",\"notes\":[\"4443 -  - Presentacion fuera de fecha (7 d\\u00edas)\"],\"is_accepted\":true,\"status_code\":0}',0,NULL,NULL,0,0,NULL,'2026-04-08 23:22:41','2026-04-08 23:24:15'),
(3,2,'f5684daf-fca5-4243-817a-b5055bf3b2e1','02','05','1','2.0','2026-04-08','2026-03-22','RC-20260408-3','10766490714-RC-20260408-3','10766490714-RC-20260408-3','202620357088243',0,0,'{\"sent\":true,\"code\":\"0\",\"description\":\"El Resumen de comprobantes numero RC-20260408-3, ha sido aceptado\",\"notes\":[],\"is_accepted\":true,\"status_code\":0}',0,NULL,NULL,1,0,'{\"message\":\"Code: 0098; Description: El procesamiento del comprobante a\\u00fan no ha terminado\"}','2026-04-08 23:23:04','2026-04-08 23:24:20'),
(4,2,'edf47d4e-7a5b-4a24-ba24-c059fe06388f','02','05','1','2.0','2026-04-08','2026-03-20','RC-20260408-4','10766490714-RC-20260408-4','10766490714-RC-20260408-4','202620357089040',0,0,'{\"sent\":true,\"code\":\"0\",\"description\":\"El Comprobante RC-20260408-4, ha sido aceptado\",\"notes\":[\"4443 -  - Presentacion fuera de fecha (7 d\\u00edas)\"],\"is_accepted\":true,\"status_code\":0}',0,NULL,NULL,0,0,NULL,'2026-04-08 23:23:16','2026-04-08 23:24:08'),
(5,2,'32023f63-cc0d-4d2e-b13f-1a4f3df441d2','02','05','1','2.0','2026-04-08','2026-03-19','RC-20260408-5','10766490714-RC-20260408-5','10766490714-RC-20260408-5','202620357089869',0,0,'{\"sent\":true,\"code\":\"0\",\"description\":\"El Comprobante RC-20260408-5, ha sido aceptado\",\"notes\":[\"4443 -  - Presentacion fuera de fecha (7 d\\u00edas)\"],\"is_accepted\":true,\"status_code\":0}',0,NULL,NULL,0,0,NULL,'2026-04-08 23:23:29','2026-04-08 23:24:06'),
(6,2,'5239c5d1-1883-4801-ac8e-e43ca5e3630a','02','05','1','2.0','2026-04-08','2026-03-18','RC-20260408-6','10766490714-RC-20260408-6','10766490714-RC-20260408-6','202620357090436',0,0,'{\"sent\":true,\"code\":\"0\",\"description\":\"El Comprobante RC-20260408-6, ha sido aceptado\",\"notes\":[\"4027 - El importe total no coincide con la sumatoria de los valores de venta mas los tributos mas los cargos - Error en la linea: 1. : 4027 (nodo: \\\"sac:SummaryDocumentsLine\\/sac:TotalAmount\\\" valor: \\\"87.8\\\")\",\"4443 -  - Presentacion fuera de fecha (7 d\\u00edas)\"],\"is_accepted\":true,\"status_code\":0}',0,NULL,NULL,0,0,NULL,'2026-04-08 23:23:40','2026-04-08 23:24:25'),
(7,2,'7a063a53-1d56-4c53-b054-8c146f3512cc','02','05','1','2.0','2026-04-08','2026-03-09','RC-20260408-7','10766490714-RC-20260408-7','10766490714-RC-20260408-7','202620357090928',0,0,'{\"sent\":true,\"code\":\"0\",\"description\":\"El Comprobante RC-20260408-7, ha sido aceptado\",\"notes\":[\"4027 - El importe total no coincide con la sumatoria de los valores de venta mas los tributos mas los cargos - Error en la linea: 1. : 4027 (nodo: \\\"sac:SummaryDocumentsLine\\/sac:TotalAmount\\\" valor: \\\"122.7\\\")\",\"4443 -  - Presentacion fuera de fecha (7 d\\u00edas)\"],\"is_accepted\":true,\"status_code\":0}',0,NULL,NULL,0,0,NULL,'2026-04-08 23:23:50','2026-04-08 23:24:03'),
(8,2,'630aec45-577f-45f7-b7c9-c090480cc633','02','09','1','2.0','2026-04-08','2026-03-08','RC-20260408-8','10766490714-RC-20260408-8','10766490714-RC-20260408-8','202620357091406',0,0,'{\"sent\":true,\"code\":\"2282\",\"description\":\"Existe documento ya informado anteriormente - Existe documento ya informado anteriormente Detalle:xxx.xxx.xxx value=\'ticket: 202620357091406 error: Comprobantes enviados de forma individual: [[03-B001-66]]\'\",\"notes\":[],\"is_accepted\":false,\"status_code\":99}',0,NULL,NULL,0,0,NULL,'2026-04-08 23:23:59','2026-04-08 23:24:03'),
(9,2,'64bfd279-c7d2-47d4-bf16-9da28b2a1b10','02','09','1','2.0','2026-04-08','2026-03-08','RC-20260408-9','10766490714-RC-20260408-9','10766490714-RC-20260408-9','202620357096472',0,0,'{\"sent\":true,\"code\":\"2282\",\"description\":\"Existe documento ya informado anteriormente - Existe documento ya informado anteriormente Detalle:xxx.xxx.xxx value=\'ticket: 202620357096472 error: Comprobantes enviados de forma individual: [[03-B001-66]]\'\",\"notes\":[],\"is_accepted\":false,\"status_code\":99}',0,NULL,NULL,0,0,NULL,'2026-04-08 23:25:13','2026-04-08 23:25:17'),
(10,2,'8e8caa19-9baf-4981-b4be-e27b94afced3','02','05','1','2.0','2026-04-08','2026-03-28','RC-20260408-10','10766490714-RC-20260408-10','10766490714-RC-20260408-10','202620357102286',0,0,'{\"sent\":true,\"code\":\"0\",\"description\":\"El Comprobante RC-20260408-10, ha sido aceptado\",\"notes\":[\"4443 -  - Presentacion fuera de fecha (7 d\\u00edas)\"],\"is_accepted\":true,\"status_code\":0}',0,NULL,NULL,0,0,NULL,'2026-04-08 23:26:43','2026-04-08 23:26:47'),
(11,2,'88782596-63f1-41ca-9a3e-3be45599f930','02','05','3','2.0','2026-04-22','2026-04-14','RC-20260422-1','10766490714-RC-20260422-1','10766490714-RC-20260422-1','202620516700881',0,0,'{\"sent\":true,\"code\":\"0\",\"description\":\"El Comprobante RC-20260422-1, ha sido aceptado\",\"notes\":[\"4443 -  - Presentacion fuera de fecha (7 d\\u00edas)\"],\"is_accepted\":true,\"status_code\":0}',0,NULL,NULL,0,0,NULL,'2026-04-22 23:13:56','2026-04-22 23:14:10'),
(12,2,'c1688f0f-a53d-4ccb-8b1e-361f18d336b7','02','05','3','2.0','2026-04-22','2026-04-10','RC-20260422-2','10766490714-RC-20260422-2','10766490714-RC-20260422-2','202620516704565',0,0,'{\"sent\":true,\"code\":\"0\",\"description\":\"El Resumen de comprobantes numero RC-20260422-2, ha sido aceptado\",\"notes\":[],\"is_accepted\":true,\"status_code\":0}',0,NULL,NULL,1,0,'{\"message\":\"Code: 0098; Description: El procesamiento del comprobante a\\u00fan no ha terminado\"}','2026-04-22 23:14:20','2026-04-22 23:20:42'),
(13,2,'a3b6f764-28a1-4656-8b63-1a15bd431462','02','05','3','2.0','2026-04-22','2026-04-09','RC-20260422-3','10766490714-RC-20260422-3','10766490714-RC-20260422-3','202620516705614',0,0,'{\"sent\":true,\"code\":\"0\",\"description\":\"El Resumen de comprobantes numero RC-20260422-3, ha sido aceptado\",\"notes\":[],\"is_accepted\":true,\"status_code\":0}',0,NULL,NULL,1,0,'{\"message\":\"Code: 0098; Description: El procesamiento del comprobante a\\u00fan no ha terminado\"}','2026-04-22 23:14:29','2026-04-22 23:21:16'),
(14,2,'7c1895ac-f810-4554-9163-94a12fbd3978','02','05','3','2.0','2026-04-22','2026-04-09','RC-20260422-4','10766490714-RC-20260422-4','10766490714-RC-20260422-4','202620516707687',0,0,'{\"sent\":true,\"code\":\"0\",\"description\":\"El Comprobante RC-20260422-4, ha sido aceptado\",\"notes\":[\"4443 -  - Presentacion fuera de fecha (7 d\\u00edas)\"],\"is_accepted\":true,\"status_code\":0}',0,NULL,NULL,0,0,NULL,'2026-04-22 23:14:38','2026-04-22 23:21:48'),
(15,2,'1e6fc780-6771-421a-b477-3bfd77200e9a','02','05','3','2.0','2026-04-22','2026-04-09','RC-20260422-5','10766490714-RC-20260422-5','10766490714-RC-20260422-5','202620516708926',0,0,'{\"sent\":true,\"code\":\"0\",\"description\":\"El Comprobante RC-20260422-5, ha sido aceptado\",\"notes\":[\"4443 -  - Presentacion fuera de fecha (7 d\\u00edas)\"],\"is_accepted\":true,\"status_code\":0}',0,NULL,NULL,0,0,NULL,'2026-04-22 23:14:47','2026-04-22 23:21:04'),
(16,2,'27b84934-614a-4176-b58e-b4e03885bfdb','02','05','3','2.0','2026-04-22','2026-04-08','RC-20260422-6','10766490714-RC-20260422-6','10766490714-RC-20260422-6','202620516710513',0,0,'{\"sent\":true,\"code\":\"0\",\"description\":\"El Comprobante RC-20260422-6, ha sido aceptado\",\"notes\":[\"4443 -  - Presentacion fuera de fecha (7 d\\u00edas)\"],\"is_accepted\":true,\"status_code\":0}',0,NULL,NULL,0,0,NULL,'2026-04-22 23:14:57','2026-04-22 23:20:53'),
(17,2,'c37a3a52-0dc0-4e8c-8b10-d85025cf3cbc','02','05','3','2.0','2026-04-22','2026-04-08','RC-20260422-7','10766490714-RC-20260422-7','10766490714-RC-20260422-7','202620516712023',0,0,'{\"sent\":true,\"code\":\"0\",\"description\":\"El Comprobante RC-20260422-7, ha sido aceptado\",\"notes\":[\"4443 -  - Presentacion fuera de fecha (7 d\\u00edas)\"],\"is_accepted\":true,\"status_code\":0}',0,NULL,NULL,0,0,NULL,'2026-04-22 23:15:06','2026-04-22 23:21:20'),
(18,2,'4992c47e-3df0-40be-9679-7aede55bbf0d','02','05','3','2.0','2026-04-22','2026-04-08','RC-20260422-8','10766490714-RC-20260422-8','10766490714-RC-20260422-8','202620516713547',0,0,'{\"sent\":true,\"code\":\"0\",\"description\":\"El Comprobante RC-20260422-8, ha sido aceptado\",\"notes\":[\"4443 -  - Presentacion fuera de fecha (7 d\\u00edas)\"],\"is_accepted\":true,\"status_code\":0}',0,NULL,NULL,0,0,NULL,'2026-04-22 23:15:16','2026-04-22 23:21:01'),
(19,2,'7e6ffd12-9b8e-4169-a80b-fb00a257a4fe','02','05','3','2.0','2026-04-22','2026-04-07','RC-20260422-9','10766490714-RC-20260422-9','10766490714-RC-20260422-9','202620516714602',0,0,'{\"sent\":true,\"code\":\"0\",\"description\":\"El Comprobante RC-20260422-9, ha sido aceptado\",\"notes\":[\"4443 -  - Presentacion fuera de fecha (7 d\\u00edas)\"],\"is_accepted\":true,\"status_code\":0}',0,NULL,NULL,0,0,NULL,'2026-04-22 23:15:25','2026-04-22 23:21:37'),
(20,2,'36ff879e-8268-4eb8-8fb1-db7e8172e0ef','02','05','3','2.0','2026-04-22','2026-04-07','RC-20260422-10','10766490714-RC-20260422-10','10766490714-RC-20260422-10','202620516715730',0,0,'{\"sent\":true,\"code\":\"0\",\"description\":\"El Comprobante RC-20260422-10, ha sido aceptado\",\"notes\":[\"4443 -  - Presentacion fuera de fecha (7 d\\u00edas)\"],\"is_accepted\":true,\"status_code\":0}',0,NULL,NULL,0,0,NULL,'2026-04-22 23:15:35','2026-04-22 23:21:33'),
(21,2,'de0db0e4-ab10-4e7d-b10e-8819fd863358','02','05','3','2.0','2026-04-22','2026-04-07','RC-20260422-11','10766490714-RC-20260422-11','10766490714-RC-20260422-11','202620516717234',0,0,'{\"sent\":true,\"code\":\"0\",\"description\":\"El Comprobante RC-20260422-11, ha sido aceptado\",\"notes\":[\"4443 -  - Presentacion fuera de fecha (7 d\\u00edas)\"],\"is_accepted\":true,\"status_code\":0}',0,NULL,NULL,0,0,NULL,'2026-04-22 23:15:44','2026-04-22 23:20:46'),
(22,2,'d3a9c52b-bdbc-42cd-826e-1c1146128cec','02','05','3','2.0','2026-04-22','2026-04-07','RC-20260422-12','10766490714-RC-20260422-12','10766490714-RC-20260422-12','202620516718215',0,0,'{\"sent\":true,\"code\":\"0\",\"description\":\"El Resumen de comprobantes numero RC-20260422-12, ha sido aceptado\",\"notes\":[],\"is_accepted\":true,\"status_code\":0}',0,NULL,NULL,1,0,'{\"message\":\"Code: 0098; Description: El procesamiento del comprobante a\\u00fan no ha terminado\"}','2026-04-22 23:15:53','2026-04-22 23:20:40'),
(23,2,'eb78582a-69bf-4c66-8aca-cb36b309483b','02','05','3','2.0','2026-04-22','2026-04-07','RC-20260422-13','10766490714-RC-20260422-13','10766490714-RC-20260422-13','202620516720083',0,0,'{\"sent\":true,\"code\":\"0\",\"description\":\"El Comprobante RC-20260422-13, ha sido aceptado\",\"notes\":[\"4443 -  - Presentacion fuera de fecha (7 d\\u00edas)\"],\"is_accepted\":true,\"status_code\":0}',0,NULL,NULL,0,0,NULL,'2026-04-22 23:16:02','2026-04-22 23:21:57'),
(24,2,'a7050265-b789-486e-9994-950425fe7485','02','05','3','2.0','2026-04-22','2026-04-07','RC-20260422-14','10766490714-RC-20260422-14','10766490714-RC-20260422-14','202620516721467',0,0,'{\"sent\":true,\"code\":\"0\",\"description\":\"El Comprobante RC-20260422-14, ha sido aceptado\",\"notes\":[\"4443 -  - Presentacion fuera de fecha (7 d\\u00edas)\"],\"is_accepted\":true,\"status_code\":0}',0,NULL,NULL,0,0,NULL,'2026-04-22 23:16:11','2026-04-22 23:21:06'),
(25,2,'f78a0143-5f44-4254-b1bf-93454425817b','02','05','3','2.0','2026-04-22','2026-04-06','RC-20260422-15','10766490714-RC-20260422-15','10766490714-RC-20260422-15','202620516722010',0,0,'{\"sent\":true,\"code\":\"0\",\"description\":\"El Comprobante RC-20260422-15, ha sido aceptado\",\"notes\":[\"4443 -  - Presentacion fuera de fecha (7 d\\u00edas)\"],\"is_accepted\":true,\"status_code\":0}',0,NULL,NULL,0,0,NULL,'2026-04-22 23:16:18','2026-04-22 23:20:54'),
(26,2,'16e2f6df-0ce0-45cf-9951-3ba55ad0023c','02','05','3','2.0','2026-04-22','2026-04-07','RC-20260422-16','10766490714-RC-20260422-16','10766490714-RC-20260422-16','202620516722821',0,0,'{\"sent\":true,\"code\":\"0\",\"description\":\"El Comprobante RC-20260422-16, ha sido aceptado\",\"notes\":[\"4443 -  - Presentacion fuera de fecha (7 d\\u00edas)\"],\"is_accepted\":true,\"status_code\":0}',0,NULL,NULL,0,0,NULL,'2026-04-22 23:16:27','2026-04-22 23:21:24'),
(27,2,'9ff107ee-3bb7-4327-9fb8-ad57bea3e732','02','05','3','2.0','2026-04-22','2026-04-07','RC-20260422-17','10766490714-RC-20260422-17','10766490714-RC-20260422-17','202620516724772',0,0,'{\"sent\":true,\"code\":\"0\",\"description\":\"El Comprobante RC-20260422-17, ha sido aceptado\",\"notes\":[\"4443 -  - Presentacion fuera de fecha (7 d\\u00edas)\"],\"is_accepted\":true,\"status_code\":0}',0,NULL,NULL,0,0,NULL,'2026-04-22 23:16:35','2026-04-22 23:21:12'),
(28,2,'c2f277db-3fee-4f45-a00d-5ac9a56b6016','02','05','3','2.0','2026-04-22','2026-04-06','RC-20260422-18','10766490714-RC-20260422-18','10766490714-RC-20260422-18','202620516726530',0,0,'{\"sent\":true,\"code\":\"0\",\"description\":\"El Resumen de comprobantes numero RC-20260422-18, ha sido aceptado\",\"notes\":[],\"is_accepted\":true,\"status_code\":0}',0,NULL,NULL,1,0,'{\"message\":\"Code: 0098; Description: El procesamiento del comprobante a\\u00fan no ha terminado\"}','2026-04-22 23:16:42','2026-04-22 23:21:58'),
(29,2,'843bccb5-ddc0-48e9-9bb1-71b7eaa9da02','02','05','3','2.0','2026-04-22','2026-04-06','RC-20260422-19','10766490714-RC-20260422-19','10766490714-RC-20260422-19','202620516727605',0,0,'{\"sent\":true,\"code\":\"0\",\"description\":\"El Comprobante RC-20260422-19, ha sido aceptado\",\"notes\":[\"4443 -  - Presentacion fuera de fecha (7 d\\u00edas)\"],\"is_accepted\":true,\"status_code\":0}',0,NULL,NULL,0,0,NULL,'2026-04-22 23:16:50','2026-04-22 23:20:49'),
(30,2,'0c5c9172-654a-459b-91f6-965e95b83be0','02','05','3','2.0','2026-04-22','2026-04-06','RC-20260422-20','10766490714-RC-20260422-20','10766490714-RC-20260422-20','202620516728475',0,0,'{\"sent\":true,\"code\":\"0\",\"description\":\"El Comprobante RC-20260422-20, ha sido aceptado\",\"notes\":[\"4443 -  - Presentacion fuera de fecha (7 d\\u00edas)\"],\"is_accepted\":true,\"status_code\":0}',0,NULL,NULL,0,0,NULL,'2026-04-22 23:16:57','2026-04-22 23:20:47'),
(31,2,'9a57fb64-c5ee-49f0-9f49-a8ce145e1bba','02','05','3','2.0','2026-04-22','2026-04-06','RC-20260422-21','10766490714-RC-20260422-21','10766490714-RC-20260422-21','202620516731458',0,0,'{\"sent\":true,\"code\":\"0\",\"description\":\"El Comprobante RC-20260422-21, ha sido aceptado\",\"notes\":[\"4443 -  - Presentacion fuera de fecha (7 d\\u00edas)\"],\"is_accepted\":true,\"status_code\":0}',0,NULL,NULL,0,0,NULL,'2026-04-22 23:17:13','2026-04-22 23:21:17'),
(32,2,'a8a87a9b-e331-43e6-a4ff-a27f192a9a55','02','05','3','2.0','2026-04-22','2026-04-06','RC-20260422-22','10766490714-RC-20260422-22','10766490714-RC-20260422-22','202620516732438',0,0,'{\"sent\":true,\"code\":\"0\",\"description\":\"El Comprobante RC-20260422-22, ha sido aceptado\",\"notes\":[\"4443 -  - Presentacion fuera de fecha (7 d\\u00edas)\"],\"is_accepted\":true,\"status_code\":0}',0,NULL,NULL,0,0,NULL,'2026-04-22 23:17:20','2026-04-22 23:20:57'),
(33,2,'96047586-76b9-4477-a894-a4115684d8a7','02','05','3','2.0','2026-04-22','2026-04-06','RC-20260422-23','10766490714-RC-20260422-23','10766490714-RC-20260422-23','202620516733705',0,0,'{\"sent\":true,\"code\":\"0\",\"description\":\"El Comprobante RC-20260422-23, ha sido aceptado\",\"notes\":[\"4443 -  - Presentacion fuera de fecha (7 d\\u00edas)\"],\"is_accepted\":true,\"status_code\":0}',0,NULL,NULL,0,0,NULL,'2026-04-22 23:17:28','2026-04-22 23:21:36'),
(34,2,'95e96467-48ed-4279-abed-c1f711a89425','02','05','3','2.0','2026-04-22','2026-04-05','RC-20260422-24','10766490714-RC-20260422-24','10766490714-RC-20260422-24','202620516735025',0,0,'{\"sent\":true,\"code\":\"0\",\"description\":\"El Comprobante RC-20260422-24, ha sido aceptado\",\"notes\":[\"4443 -  - Presentacion fuera de fecha (7 d\\u00edas)\"],\"is_accepted\":true,\"status_code\":0}',0,NULL,NULL,0,0,NULL,'2026-04-22 23:17:35','2026-04-22 23:21:08'),
(35,2,'940942c5-2082-4043-aae3-2b459af752c8','02','05','3','2.0','2026-04-22','2026-04-05','RC-20260422-25','10766490714-RC-20260422-25','10766490714-RC-20260422-25','202620516736396',0,0,'{\"sent\":true,\"code\":\"0\",\"description\":\"El Comprobante RC-20260422-25, ha sido aceptado\",\"notes\":[\"4443 -  - Presentacion fuera de fecha (7 d\\u00edas)\"],\"is_accepted\":true,\"status_code\":0}',0,NULL,NULL,0,0,NULL,'2026-04-22 23:17:41','2026-04-22 23:21:25'),
(36,2,'2f558a3e-9c62-43df-9ebf-168602266fbe','02','05','3','2.0','2026-04-22','2026-04-05','RC-20260422-26','10766490714-RC-20260422-26','10766490714-RC-20260422-26','202620516738560',0,0,'{\"sent\":true,\"code\":\"0\",\"description\":\"El Comprobante RC-20260422-26, ha sido aceptado\",\"notes\":[\"4443 -  - Presentacion fuera de fecha (7 d\\u00edas)\"],\"is_accepted\":true,\"status_code\":0}',0,NULL,NULL,0,0,NULL,'2026-04-22 23:17:50','2026-04-22 23:21:12'),
(37,2,'a1e98291-3378-4251-9c99-f01cc3b12727','02','05','3','2.0','2026-04-22','2026-04-05','RC-20260422-27','10766490714-RC-20260422-27','10766490714-RC-20260422-27','202620516740000',0,0,'{\"sent\":true,\"code\":\"0\",\"description\":\"El Comprobante RC-20260422-27, ha sido aceptado\",\"notes\":[\"4443 -  - Presentacion fuera de fecha (7 d\\u00edas)\"],\"is_accepted\":true,\"status_code\":0}',0,NULL,NULL,0,0,NULL,'2026-04-22 23:17:58','2026-04-22 23:21:48'),
(38,2,'807059e6-b9da-40c7-adbb-1dff7879ef78','02','05','3','2.0','2026-04-22','2026-04-05','RC-20260422-28','10766490714-RC-20260422-28','10766490714-RC-20260422-28','202620516741514',0,0,'{\"sent\":true,\"code\":\"0\",\"description\":\"El Comprobante RC-20260422-28, ha sido aceptado\",\"notes\":[\"4443 -  - Presentacion fuera de fecha (7 d\\u00edas)\"],\"is_accepted\":true,\"status_code\":0}',0,NULL,NULL,0,0,NULL,'2026-04-22 23:18:05','2026-04-22 23:20:50'),
(39,2,'09bca690-8155-49ed-8ebc-85981f61fb13','02','05','3','2.0','2026-04-22','2026-04-05','RC-20260422-29','10766490714-RC-20260422-29','10766490714-RC-20260422-29','202620516743746',0,0,'{\"sent\":true,\"code\":\"0\",\"description\":\"El Comprobante RC-20260422-29, ha sido aceptado\",\"notes\":[\"4443 -  - Presentacion fuera de fecha (7 d\\u00edas)\"],\"is_accepted\":true,\"status_code\":0}',0,NULL,NULL,0,0,NULL,'2026-04-22 23:18:14','2026-04-22 23:20:33'),
(40,2,'82dd720d-8190-4532-9b4e-ba8d3fb4755f','02','05','3','2.0','2026-04-22','2026-04-05','RC-20260422-30','10766490714-RC-20260422-30','10766490714-RC-20260422-30','202620516745543',0,0,'{\"sent\":true,\"code\":\"0\",\"description\":\"El Comprobante RC-20260422-30, ha sido aceptado\",\"notes\":[\"4443 -  - Presentacion fuera de fecha (7 d\\u00edas)\"],\"is_accepted\":true,\"status_code\":0}',0,NULL,NULL,0,0,NULL,'2026-04-22 23:18:24','2026-04-22 23:20:36'),
(41,2,'f0dafd5b-da62-420b-88e6-0237a1749974','02','05','3','2.0','2026-04-22','2026-04-01','RC-20260422-31','10766490714-RC-20260422-31','10766490714-RC-20260422-31','202620516746853',0,0,'{\"sent\":true,\"code\":\"0\",\"description\":\"El Comprobante RC-20260422-31, ha sido aceptado\",\"notes\":[\"4443 -  - Presentacion fuera de fecha (7 d\\u00edas)\"],\"is_accepted\":true,\"status_code\":0}',0,NULL,NULL,0,0,NULL,'2026-04-22 23:18:33','2026-04-22 23:20:58'),
(42,2,'3bab1784-4ca3-4efc-bc64-6d188667e36d','02','05','3','2.0','2026-04-22','2026-04-02','RC-20260422-32','10766490714-RC-20260422-32','10766490714-RC-20260422-32','202620516748210',0,0,'{\"sent\":true,\"code\":\"0\",\"description\":\"El Comprobante RC-20260422-32, ha sido aceptado\",\"notes\":[\"4443 -  - Presentacion fuera de fecha (7 d\\u00edas)\"],\"is_accepted\":true,\"status_code\":0}',0,NULL,NULL,0,0,NULL,'2026-04-22 23:18:40','2026-04-22 23:21:37'),
(43,2,'0bb304d2-4995-4c3f-9cb0-e4f6980d6488','02','05','3','2.0','2026-04-22','2026-04-02','RC-20260422-33','10766490714-RC-20260422-33','10766490714-RC-20260422-33','202620516749605',0,0,'{\"sent\":true,\"code\":\"0\",\"description\":\"El Comprobante RC-20260422-33, ha sido aceptado\",\"notes\":[\"4443 -  - Presentacion fuera de fecha (7 d\\u00edas)\"],\"is_accepted\":true,\"status_code\":0}',0,NULL,NULL,0,0,NULL,'2026-04-22 23:18:48','2026-04-22 23:21:32'),
(44,2,'1e10bacf-3277-44eb-9a19-3230754e19ab','02','05','3','2.0','2026-04-22','2026-04-02','RC-20260422-34','10766490714-RC-20260422-34','10766490714-RC-20260422-34','202620516750620',0,0,'{\"sent\":true,\"code\":\"0\",\"description\":\"El Resumen de comprobantes numero RC-20260422-34, ha sido aceptado\",\"notes\":[],\"is_accepted\":true,\"status_code\":0}',0,NULL,NULL,1,0,'{\"message\":\"Code: 0098; Description: El procesamiento del comprobante a\\u00fan no ha terminado\"}','2026-04-22 23:18:56','2026-04-22 23:21:25'),
(45,2,'ecd9dee1-a688-4bf4-90c3-8bd676916dbd','02','05','3','2.0','2026-04-22','2026-04-03','RC-20260422-35','10766490714-RC-20260422-35','10766490714-RC-20260422-35','202620516751394',0,0,'{\"sent\":true,\"code\":\"0\",\"description\":\"El Comprobante RC-20260422-35, ha sido aceptado\",\"notes\":[\"4443 -  - Presentacion fuera de fecha (7 d\\u00edas)\"],\"is_accepted\":true,\"status_code\":0}',0,NULL,NULL,0,0,NULL,'2026-04-22 23:19:03','2026-04-22 23:20:39'),
(46,2,'28600aab-a0f1-473c-85ed-1f90b0ee7bcc','02','05','3','2.0','2026-04-22','2026-04-04','RC-20260422-36','10766490714-RC-20260422-36','10766490714-RC-20260422-36','202620516753049',0,0,'{\"sent\":true,\"code\":\"0\",\"description\":\"El Comprobante RC-20260422-36, ha sido aceptado\",\"notes\":[\"4443 -  - Presentacion fuera de fecha (7 d\\u00edas)\"],\"is_accepted\":true,\"status_code\":0}',0,NULL,NULL,0,0,NULL,'2026-04-22 23:19:09','2026-04-22 23:21:57'),
(47,2,'fb9bfb8b-827f-4344-bd66-eff20abcdcea','02','05','3','2.0','2026-04-22','2026-04-05','RC-20260422-37','10766490714-RC-20260422-37','10766490714-RC-20260422-37','202620516754694',0,0,'{\"sent\":true,\"code\":\"0\",\"description\":\"El Comprobante RC-20260422-37, ha sido aceptado\",\"notes\":[\"4443 -  - Presentacion fuera de fecha (7 d\\u00edas)\"],\"is_accepted\":true,\"status_code\":0}',0,NULL,NULL,0,0,NULL,'2026-04-22 23:19:16','2026-04-22 23:21:04'),
(48,2,'c809bb3a-b9b9-49d6-8fc1-cf4ffe7c4aa0','02','05','3','2.0','2026-04-22','2026-04-05','RC-20260422-38','10766490714-RC-20260422-38','10766490714-RC-20260422-38','202620516756062',0,0,'{\"sent\":true,\"code\":\"0\",\"description\":\"El Comprobante RC-20260422-38, ha sido aceptado\",\"notes\":[\"4443 -  - Presentacion fuera de fecha (7 d\\u00edas)\"],\"is_accepted\":true,\"status_code\":0}',0,NULL,NULL,0,0,NULL,'2026-04-22 23:19:22','2026-04-22 23:20:32'),
(49,2,'5e911003-dbc2-4b39-a6b4-3e573328fa02','02','05','3','2.0','2026-04-22','2026-04-05','RC-20260422-39','10766490714-RC-20260422-39','10766490714-RC-20260422-39','202620516756829',0,0,'{\"sent\":true,\"code\":\"0\",\"description\":\"El Comprobante RC-20260422-39, ha sido aceptado\",\"notes\":[\"4443 -  - Presentacion fuera de fecha (7 d\\u00edas)\"],\"is_accepted\":true,\"status_code\":0}',0,NULL,NULL,0,0,NULL,'2026-04-22 23:19:28','2026-04-22 23:21:21'),
(50,2,'d294bf72-0c5c-40c6-b244-e6cb5acc8da9','02','05','3','2.0','2026-04-22','2026-04-04','RC-20260422-40','10766490714-RC-20260422-40','10766490714-RC-20260422-40','202620516757819',0,0,'{\"sent\":true,\"code\":\"0\",\"description\":\"El Resumen de comprobantes numero RC-20260422-40, ha sido aceptado\",\"notes\":[],\"is_accepted\":true,\"status_code\":0}',0,NULL,NULL,1,0,'{\"message\":\"Code: 0098; Description: El procesamiento del comprobante a\\u00fan no ha terminado\"}','2026-04-22 23:19:35','2026-04-22 23:21:11');
COMMIT;

--
-- Table structure for table `summary_documents`
--

CREATE TABLE `summary_documents` (
  `id` int(10) unsigned NOT NULL AUTO_INCREMENT,
  `summary_id` int(10) unsigned NOT NULL,
  `document_id` int(10) unsigned NOT NULL,
  `description` varchar(255) DEFAULT NULL,
  PRIMARY KEY (`id`),
  KEY `summary_documents_summary_id_foreign` (`summary_id`),
  KEY `summary_documents_document_id_foreign` (`document_id`),
  CONSTRAINT `summary_documents_document_id_foreign` FOREIGN KEY (`document_id`) REFERENCES `documents` (`id`),
  CONSTRAINT `summary_documents_summary_id_foreign` FOREIGN KEY (`summary_id`) REFERENCES `summaries` (`id`) ON DELETE CASCADE
) ENGINE=InnoDB AUTO_INCREMENT=54 DEFAULT CHARSET=utf8mb4 COLLATE=utf8mb4_unicode_ci;

--
-- Dumping data for table `summary_documents`
--

INSERT INTO `summary_documents` VALUES
(1,1,159,NULL),
(2,1,160,NULL),
(5,3,117,NULL),
(6,4,102,NULL),
(7,5,97,NULL),
(8,5,98,NULL),
(9,6,96,NULL),
(10,7,92,NULL),
(11,8,90,NULL),
(12,9,90,NULL),
(13,10,142,NULL),
(14,11,206,'error'),
(15,12,204,'error'),
(16,13,203,'error'),
(17,14,202,'error'),
(18,15,201,'error'),
(19,16,200,'error'),
(20,17,196,'error'),
(21,18,197,'error'),
(22,19,195,'error'),
(23,20,194,'error'),
(24,21,193,'error'),
(25,22,192,'error'),
(26,23,191,'error'),
(27,24,190,'error'),
(28,25,187,'error'),
(29,26,189,'error'),
(30,27,188,'error'),
(31,28,186,'error'),
(32,29,185,'error'),
(33,30,184,'error'),
(34,31,183,'error'),
(35,32,182,'error'),
(36,33,181,'error'),
(37,34,180,'error'),
(38,35,179,'error'),
(39,36,178,'error'),
(40,37,177,'error'),
(41,38,176,'error'),
(42,39,175,'error'),
(43,40,173,'error'),
(44,41,163,'error'),
(45,42,165,'error'),
(46,43,166,'error'),
(47,44,167,'error'),
(48,45,168,'error'),
(49,46,169,'error'),
(50,47,171,'error'),
(51,48,174,'error'),
(52,49,172,'error'),
(53,50,170,'error');
COMMIT;

--
-- Table structure for table `supplier_item_aliases`
--

CREATE TABLE `supplier_item_aliases` (
  `id` int(10) unsigned NOT NULL AUTO_INCREMENT,
  `supplier_id` int(10) unsigned NOT NULL,
  `item_id` int(10) unsigned NOT NULL,
  `supplier_item_code` varchar(100) DEFAULT NULL,
  `supplier_description_original` varchar(500) DEFAULT NULL,
  `supplier_description_normalized` varchar(255) DEFAULT NULL,
  `created_by` int(10) unsigned DEFAULT NULL,
  `created_at` timestamp NULL DEFAULT NULL,
  `updated_at` timestamp NULL DEFAULT NULL,
  PRIMARY KEY (`id`),
  UNIQUE KEY `supplier_item_aliases_supplier_code_unique` (`supplier_id`,`supplier_item_code`),
  KEY `supplier_item_aliases_item_id_foreign` (`item_id`),
  KEY `supplier_item_aliases_created_by_foreign` (`created_by`),
  KEY `supplier_item_aliases_supplier_desc_idx` (`supplier_id`,`supplier_description_normalized`),
  CONSTRAINT `supplier_item_aliases_created_by_foreign` FOREIGN KEY (`created_by`) REFERENCES `users` (`id`),
  CONSTRAINT `supplier_item_aliases_item_id_foreign` FOREIGN KEY (`item_id`) REFERENCES `items` (`id`),
  CONSTRAINT `supplier_item_aliases_supplier_id_foreign` FOREIGN KEY (`supplier_id`) REFERENCES `persons` (`id`)
) ENGINE=InnoDB DEFAULT CHARSET=utf8mb4 COLLATE=utf8mb4_unicode_ci;

--
-- Dumping data for table `supplier_item_aliases`
--

COMMIT;

--
-- Table structure for table `suscription_grade`
--

CREATE TABLE `suscription_grade` (
  `id` int(10) unsigned NOT NULL AUTO_INCREMENT,
  `name` varchar(100) NOT NULL,
  PRIMARY KEY (`id`)
) ENGINE=InnoDB AUTO_INCREMENT=9 DEFAULT CHARSET=utf8mb4 COLLATE=utf8mb4_unicode_ci;

--
-- Dumping data for table `suscription_grade`
--

INSERT INTO `suscription_grade` VALUES
(1,'1er'),
(2,'2do'),
(3,'3ro'),
(4,'4to'),
(5,'5to'),
(6,'6to'),
(7,'7mo'),
(8,'8vo');
COMMIT;

--
-- Table structure for table `suscription_plans`
--

CREATE TABLE `suscription_plans` (
  `id` int(10) unsigned NOT NULL AUTO_INCREMENT,
  `cat_period_id` int(10) unsigned DEFAULT 0 COMMENT 'Relacion con el periodo de tiempo',
  `name` text NOT NULL COMMENT 'Nombre del plan',
  `description` longtext NOT NULL COMMENT 'Descripcion del plan',
  `total` double(12,2) DEFAULT 0.00 COMMENT 'El total del costo del plan',
  `currency_type_id` varchar(255) DEFAULT NULL,
  `payment_method_type_id` varchar(255) DEFAULT NULL,
  `quantity_period` int(10) unsigned DEFAULT NULL,
  `exchange_rate_sale` double(13,3) DEFAULT 0.000,
  `total_prepayment` double(12,2) DEFAULT 0.00,
  `total_charge` double(12,2) DEFAULT 0.00,
  `total_discount` double(12,2) DEFAULT 0.00,
  `total_exportation` double(12,2) DEFAULT 0.00,
  `total_free` double(12,2) DEFAULT 0.00,
  `total_taxed` double(12,2) DEFAULT 0.00,
  `total_unaffected` double(12,2) DEFAULT 0.00,
  `total_exonerated` double(12,2) DEFAULT 0.00,
  `total_igv` double(12,2) DEFAULT 0.00,
  `total_igv_free` double(12,2) DEFAULT 0.00,
  `total_base_isc` double(12,2) DEFAULT 0.00,
  `total_isc` double(12,2) DEFAULT 0.00,
  `total_base_other_taxes` double(12,2) DEFAULT 0.00,
  `total_other_taxes` double(12,2) DEFAULT 0.00,
  `total_taxes` double(12,2) DEFAULT 0.00,
  `total_value` double(12,2) DEFAULT 0.00,
  `charges` longtext CHARACTER SET utf8mb4 COLLATE utf8mb4_bin DEFAULT NULL,
  `attributes` longtext CHARACTER SET utf8mb4 COLLATE utf8mb4_bin DEFAULT NULL,
  `discounts` longtext CHARACTER SET utf8mb4 COLLATE utf8mb4_bin DEFAULT NULL,
  `prepayments` longtext CHARACTER SET utf8mb4 COLLATE utf8mb4_bin DEFAULT NULL,
  `related` longtext CHARACTER SET utf8mb4 COLLATE utf8mb4_bin DEFAULT NULL,
  `perception` longtext CHARACTER SET utf8mb4 COLLATE utf8mb4_bin DEFAULT NULL,
  `detraction` longtext CHARACTER SET utf8mb4 COLLATE utf8mb4_bin DEFAULT NULL,
  `legends` longtext CHARACTER SET utf8mb4 COLLATE utf8mb4_bin DEFAULT NULL,
  `terms_condition` longtext DEFAULT NULL,
  `created_at` timestamp NULL DEFAULT NULL,
  `updated_at` timestamp NULL DEFAULT NULL,
  PRIMARY KEY (`id`)
) ENGINE=InnoDB AUTO_INCREMENT=2 DEFAULT CHARSET=utf8mb4 COLLATE=utf8mb4_unicode_ci;

--
-- Dumping data for table `suscription_plans`
--

INSERT INTO `suscription_plans` VALUES
(1,1,'Matricula Escolar','Demostración de matricula escolar',1.00,'PEN','01',12,0.000,0.00,0.00,0.00,0.00,0.00,0.00,0.00,0.00,0.00,0.00,0.00,0.00,0.00,0.00,0.00,0.00,NULL,NULL,NULL,NULL,NULL,NULL,NULL,NULL,NULL,NULL,NULL);
COMMIT;

--
-- Table structure for table `suscription_section`
--

CREATE TABLE `suscription_section` (
  `id` int(10) unsigned NOT NULL AUTO_INCREMENT,
  `name` varchar(100) NOT NULL,
  PRIMARY KEY (`id`)
) ENGINE=InnoDB AUTO_INCREMENT=9 DEFAULT CHARSET=utf8mb4 COLLATE=utf8mb4_unicode_ci;

--
-- Dumping data for table `suscription_section`
--

INSERT INTO `suscription_section` VALUES
(1,'A'),
(2,'B'),
(3,'C'),
(4,'D'),
(5,'E'),
(6,'F'),
(7,'G'),
(8,'H');
COMMIT;

--
-- Table structure for table `system_activity_log_types`
--

CREATE TABLE `system_activity_log_types` (
  `id` varchar(255) NOT NULL,
  `description` varchar(255) NOT NULL,
  PRIMARY KEY (`id`)
) ENGINE=InnoDB DEFAULT CHARSET=utf8mb4 COLLATE=utf8mb4_unicode_ci;

--
-- Dumping data for table `system_activity_log_types`
--

INSERT INTO `system_activity_log_types` VALUES
('companies_certificate','Actualización del campo certificado en configuración de empresa'),
('companies_name','Actualización del campo nombre en configuración de empresa'),
('companies_number','Actualización del campo número en configuración de empresa'),
('companies_soap_password','Actualización del campo SOAP Contraseña en configuración de empresa'),
('companies_soap_send_id','Actualización del campo SOAP envío en configuración de empresa'),
('companies_soap_type_id','Actualización del campo SOAP tipo en configuración de empresa'),
('companies_soap_url','Actualización del campo SOAP url envío en configuración de empresa'),
('companies_soap_username','Actualización del campo SOAP Usuario en configuración de empresa'),
('failed','Error de inicio de sesión'),
('level_module_access_error','Error de acceso al submódulo (no tiene permiso)'),
('login','Iniciar sesión'),
('login_lockout','Bloqueo de usuario por exceder límite de intentos permitidos al iniciar sesión'),
('logout','Cerrar sesión'),
('module_access_error','Error de acceso al módulo (no tiene permiso)');
COMMIT;

--
-- Table structure for table `system_activity_logs`
--

CREATE TABLE `system_activity_logs` (
  `id` bigint(20) unsigned NOT NULL AUTO_INCREMENT,
  `user_id` int(10) unsigned DEFAULT NULL,
  `system_activity_log_type_id` varchar(255) DEFAULT NULL,
  `date` date NOT NULL,
  `time` time NOT NULL,
  `origin_id` int(11) DEFAULT NULL,
  `origin_type` varchar(255) DEFAULT NULL,
  `ip` varchar(255) DEFAULT NULL,
  `device_name` varchar(255) DEFAULT NULL,
  `device_type` varchar(255) DEFAULT NULL,
  `platform_name` varchar(255) DEFAULT NULL,
  `platform_version` varchar(255) DEFAULT NULL,
  `browser_name` varchar(255) DEFAULT NULL,
  `browser_version` varchar(255) DEFAULT NULL,
  `request_email` varchar(255) DEFAULT NULL,
  `route` varchar(255) DEFAULT NULL,
  `location` longtext CHARACTER SET utf8mb4 COLLATE utf8mb4_bin DEFAULT NULL,
  `created_at` timestamp NULL DEFAULT NULL,
  `updated_at` timestamp NULL DEFAULT NULL,
  PRIMARY KEY (`id`),
  KEY `payment_index` (`origin_id`,`origin_type`),
  KEY `system_activity_logs_user_id_foreign` (`user_id`),
  KEY `system_activity_logs_auth_transaction_type_index` (`system_activity_log_type_id`),
  KEY `system_activity_logs_date_index` (`date`),
  KEY `system_activity_logs_time_index` (`time`),
  KEY `system_activity_logs_device_type_index` (`device_type`),
  CONSTRAINT `system_activity_logs_system_activity_log_type_id_foreign` FOREIGN KEY (`system_activity_log_type_id`) REFERENCES `system_activity_log_types` (`id`),
  CONSTRAINT `system_activity_logs_user_id_foreign` FOREIGN KEY (`user_id`) REFERENCES `users` (`id`)
) ENGINE=InnoDB AUTO_INCREMENT=367 DEFAULT CHARSET=utf8mb4 COLLATE=utf8mb4_unicode_ci;

--
-- Dumping data for table `system_activity_logs`
--

INSERT INTO `system_activity_logs` VALUES
(1,NULL,'failed','2025-12-27','10:38:53',NULL,NULL,'179.6.80.165','WebKit','desktop','Windows','10.0','Chrome','143.0.0.0',NULL,NULL,'{\"country_name\":\"Peru\",\"country_code\":\"PE\",\"region_code\":\"LAL\",\"region_name\":\"La Libertad\",\"city_name\":\"Trujillo\",\"latitude\":\"-8.1191\",\"longitude\":\"-79.0355\",\"timezone\":\"America\\/Lima\"}','2025-12-27 10:38:53','2025-12-27 10:38:53'),
(2,1,'login','2025-12-27','10:39:44',1,'App\\Models\\Tenant\\User','179.6.80.165','WebKit','desktop','Windows','10.0','Chrome','143.0.0.0',NULL,NULL,'{\"country_name\":\"Peru\",\"country_code\":\"PE\",\"region_code\":\"LAL\",\"region_name\":\"La Libertad\",\"city_name\":\"Trujillo\",\"latitude\":\"-8.1191\",\"longitude\":\"-79.0355\",\"timezone\":\"America\\/Lima\"}','2025-12-27 10:39:44','2025-12-27 10:39:44'),
(3,NULL,'failed','2025-12-27','10:44:11',NULL,NULL,'200.62.239.234','WebKit','desktop','Windows','10.0','Chrome','143.0.0.0',NULL,NULL,'{\"country_name\":\"Peru\",\"country_code\":\"PE\",\"region_code\":\"LIM\",\"region_name\":\"Lima region\",\"city_name\":\"Villa\",\"latitude\":\"-12.1601\",\"longitude\":\"-76.9354\",\"timezone\":\"America\\/Lima\"}','2025-12-27 10:44:11','2025-12-27 10:44:11'),
(4,NULL,'failed','2025-12-27','10:44:14',NULL,NULL,'200.62.239.234','WebKit','desktop','Windows','10.0','Chrome','143.0.0.0',NULL,NULL,'{\"country_name\":\"Peru\",\"country_code\":\"PE\",\"region_code\":\"LIM\",\"region_name\":\"Lima region\",\"city_name\":\"Villa\",\"latitude\":\"-12.1601\",\"longitude\":\"-76.9354\",\"timezone\":\"America\\/Lima\"}','2025-12-27 10:44:14','2025-12-27 10:44:14'),
(5,NULL,'failed','2025-12-27','10:44:17',NULL,NULL,'200.62.239.234','WebKit','desktop','Windows','10.0','Chrome','143.0.0.0',NULL,NULL,'{\"country_name\":\"Peru\",\"country_code\":\"PE\",\"region_code\":\"LIM\",\"region_name\":\"Lima region\",\"city_name\":\"Villa\",\"latitude\":\"-12.1601\",\"longitude\":\"-76.9354\",\"timezone\":\"America\\/Lima\"}','2025-12-27 10:44:17','2025-12-27 10:44:17'),
(6,NULL,'login_lockout','2025-12-27','10:44:27',NULL,NULL,'200.62.239.234','WebKit','desktop','Windows','10.0','Chrome','143.0.0.0','noriega@gmail.com',NULL,'{\"country_name\":\"Peru\",\"country_code\":\"PE\",\"region_code\":\"LIM\",\"region_name\":\"Lima region\",\"city_name\":\"Villa\",\"latitude\":\"-12.1601\",\"longitude\":\"-76.9354\",\"timezone\":\"America\\/Lima\"}','2025-12-27 10:44:27','2025-12-27 10:44:27'),
(7,NULL,'login_lockout','2025-12-27','10:49:04',NULL,NULL,'200.62.239.234','WebKit','desktop','Windows','10.0','Chrome','143.0.0.0','noriega@gmail.com',NULL,'{\"country_name\":\"Peru\",\"country_code\":\"PE\",\"region_code\":\"LIM\",\"region_name\":\"Lima region\",\"city_name\":\"Villa\",\"latitude\":\"-12.1601\",\"longitude\":\"-76.9354\",\"timezone\":\"America\\/Lima\"}','2025-12-27 10:49:04','2025-12-27 10:49:04'),
(8,NULL,'failed','2025-12-27','10:49:20',NULL,NULL,'200.62.239.234','WebKit','desktop','Windows','10.0','Chrome','143.0.0.0',NULL,NULL,'{\"country_name\":\"Peru\",\"country_code\":\"PE\",\"region_code\":\"LIM\",\"region_name\":\"Lima region\",\"city_name\":\"Villa\",\"latitude\":\"-12.1601\",\"longitude\":\"-76.9354\",\"timezone\":\"America\\/Lima\"}','2025-12-27 10:49:20','2025-12-27 10:49:20'),
(9,NULL,'failed','2025-12-27','10:49:26',NULL,NULL,'200.62.239.234','WebKit','desktop','Windows','10.0','Chrome','143.0.0.0',NULL,NULL,'{\"country_name\":\"Peru\",\"country_code\":\"PE\",\"region_code\":\"LIM\",\"region_name\":\"Lima region\",\"city_name\":\"Villa\",\"latitude\":\"-12.1601\",\"longitude\":\"-76.9354\",\"timezone\":\"America\\/Lima\"}','2025-12-27 10:49:26','2025-12-27 10:49:26'),
(10,NULL,'failed','2025-12-27','10:51:29',NULL,NULL,'200.62.239.234','WebKit','desktop','Windows','10.0','Chrome','143.0.0.0',NULL,NULL,'{\"country_name\":\"Peru\",\"country_code\":\"PE\",\"region_code\":\"LIM\",\"region_name\":\"Lima region\",\"city_name\":\"Villa\",\"latitude\":\"-12.1601\",\"longitude\":\"-76.9354\",\"timezone\":\"America\\/Lima\"}','2025-12-27 10:51:29','2025-12-27 10:51:29'),
(11,2,'login','2025-12-27','20:59:51',2,'App\\Models\\Tenant\\User','200.62.239.234','WebKit','desktop','Windows','10.0','Chrome','143.0.0.0',NULL,NULL,'{\"country_name\":null,\"country_code\":\"PE\",\"region_code\":null,\"region_name\":\"Amazonas\",\"city_name\":\"Bagua\",\"latitude\":\"-5.6331\",\"longitude\":\"-78.5343\",\"timezone\":\"America\\/Lima\"}','2025-12-27 20:59:51','2025-12-27 20:59:51'),
(12,2,'login','2025-12-28','20:02:39',2,'App\\Models\\Tenant\\User','200.62.239.234','WebKit','desktop','Windows','10.0','Chrome','143.0.0.0',NULL,NULL,'{\"country_name\":\"Peru\",\"country_code\":\"PE\",\"region_code\":\"LIM\",\"region_name\":\"Lima region\",\"city_name\":\"Villa\",\"latitude\":\"-12.1601\",\"longitude\":\"-76.9354\",\"timezone\":\"America\\/Lima\"}','2025-12-28 20:02:39','2025-12-28 20:02:39'),
(13,2,'login','2025-12-30','16:11:51',2,'App\\Models\\Tenant\\User','200.62.239.234','WebKit','desktop','Windows','10.0','Chrome','143.0.0.0',NULL,NULL,'{\"country_name\":\"Peru\",\"country_code\":\"PE\",\"region_code\":\"LIM\",\"region_name\":\"Lima region\",\"city_name\":\"Villa\",\"latitude\":\"-12.1601\",\"longitude\":\"-76.9354\",\"timezone\":\"America\\/Lima\"}','2025-12-30 16:11:51','2025-12-30 16:11:51'),
(14,2,'login','2025-12-30','20:51:51',2,'App\\Models\\Tenant\\User','200.62.239.234','WebKit','desktop','Windows','10.0','Chrome','143.0.0.0',NULL,NULL,'{\"country_name\":\"Peru\",\"country_code\":\"PE\",\"region_code\":\"LIM\",\"region_name\":\"Lima region\",\"city_name\":\"Villa\",\"latitude\":\"-12.1601\",\"longitude\":\"-76.9354\",\"timezone\":\"America\\/Lima\"}','2025-12-30 20:51:51','2025-12-30 20:51:51'),
(15,2,'login','2025-12-31','16:44:15',2,'App\\Models\\Tenant\\User','179.6.80.55','WebKit','desktop','Windows','10.0','Chrome','143.0.0.0',NULL,NULL,'{\"country_name\":\"Peru\",\"country_code\":\"PE\",\"region_code\":\"LAL\",\"region_name\":\"La Libertad\",\"city_name\":\"Trujillo\",\"latitude\":\"-8.1191\",\"longitude\":\"-79.0355\",\"timezone\":\"America\\/Lima\"}','2025-12-31 16:44:15','2025-12-31 16:44:15'),
(16,2,'login','2025-12-31','18:08:26',2,'App\\Models\\Tenant\\User','200.62.239.234','WebKit','desktop','Windows','10.0','Chrome','143.0.0.0',NULL,NULL,'{\"country_name\":\"Peru\",\"country_code\":\"PE\",\"region_code\":\"LIM\",\"region_name\":\"Lima region\",\"city_name\":\"Villa\",\"latitude\":\"-12.1601\",\"longitude\":\"-76.9354\",\"timezone\":\"America\\/Lima\"}','2025-12-31 18:08:26','2025-12-31 18:08:26'),
(17,2,'login','2025-12-31','20:33:51',2,'App\\Models\\Tenant\\User','200.62.239.234','WebKit','desktop','Windows','10.0','Chrome','143.0.0.0',NULL,NULL,'{\"country_name\":\"Peru\",\"country_code\":\"PE\",\"region_code\":\"LIM\",\"region_name\":\"Lima region\",\"city_name\":\"Villa\",\"latitude\":\"-12.1601\",\"longitude\":\"-76.9354\",\"timezone\":\"America\\/Lima\"}','2025-12-31 20:33:51','2025-12-31 20:33:51'),
(18,2,'login','2026-01-02','09:06:51',2,'App\\Models\\Tenant\\User','200.62.239.234','WebKit','desktop','Windows','10.0','Chrome','143.0.0.0',NULL,NULL,'{\"country_name\":\"Peru\",\"country_code\":\"PE\",\"region_code\":\"LIM\",\"region_name\":\"Lima region\",\"city_name\":\"Villa\",\"latitude\":\"-12.1601\",\"longitude\":\"-76.9354\",\"timezone\":\"America\\/Lima\"}','2026-01-02 09:06:51','2026-01-02 09:06:51'),
(19,2,'login','2026-01-02','11:40:26',2,'App\\Models\\Tenant\\User','179.6.80.30','WebKit','desktop','Windows','10.0','Chrome','143.0.0.0',NULL,NULL,'{\"country_name\":\"Peru\",\"country_code\":\"PE\",\"region_code\":\"LAL\",\"region_name\":\"La Libertad\",\"city_name\":\"Trujillo\",\"latitude\":\"-8.1191\",\"longitude\":\"-79.0355\",\"timezone\":\"America\\/Lima\"}','2026-01-02 11:40:26','2026-01-02 11:40:26'),
(20,2,'login','2026-01-02','18:39:44',2,'App\\Models\\Tenant\\User','200.62.239.234','WebKit','desktop','Windows','10.0','Chrome','143.0.0.0',NULL,NULL,'{\"country_name\":\"Peru\",\"country_code\":\"PE\",\"region_code\":\"LIM\",\"region_name\":\"Lima region\",\"city_name\":\"Villa\",\"latitude\":\"-12.1601\",\"longitude\":\"-76.9354\",\"timezone\":\"America\\/Lima\"}','2026-01-02 18:39:44','2026-01-02 18:39:44'),
(21,2,'login','2026-01-03','07:20:23',2,'App\\Models\\Tenant\\User','200.62.239.234','WebKit','desktop','Windows','10.0','Chrome','143.0.0.0',NULL,NULL,'{\"country_name\":\"Peru\",\"country_code\":\"PE\",\"region_code\":\"LIM\",\"region_name\":\"Lima region\",\"city_name\":\"Villa\",\"latitude\":\"-12.1601\",\"longitude\":\"-76.9354\",\"timezone\":\"America\\/Lima\"}','2026-01-03 07:20:23','2026-01-03 07:20:23'),
(22,2,'login','2026-01-03','17:27:24',2,'App\\Models\\Tenant\\User','200.62.239.234','WebKit','desktop','Windows','10.0','Chrome','143.0.0.0',NULL,NULL,'{\"country_name\":\"Peru\",\"country_code\":\"PE\",\"region_code\":\"LIM\",\"region_name\":\"Lima region\",\"city_name\":\"Villa\",\"latitude\":\"-12.1601\",\"longitude\":\"-76.9354\",\"timezone\":\"America\\/Lima\"}','2026-01-03 17:27:24','2026-01-03 17:27:24'),
(23,2,'login','2026-01-04','07:51:42',2,'App\\Models\\Tenant\\User','200.62.239.234','WebKit','desktop','Windows','10.0','Chrome','143.0.0.0',NULL,NULL,'{\"country_name\":\"Peru\",\"country_code\":\"PE\",\"region_code\":\"LIM\",\"region_name\":\"Lima region\",\"city_name\":\"Villa\",\"latitude\":\"-12.1601\",\"longitude\":\"-76.9354\",\"timezone\":\"America\\/Lima\"}','2026-01-04 07:51:42','2026-01-04 07:51:42'),
(24,2,'login','2026-01-04','20:22:01',2,'App\\Models\\Tenant\\User','200.62.239.234','WebKit','desktop','Windows','10.0','Chrome','143.0.0.0',NULL,NULL,'{\"country_name\":\"Peru\",\"country_code\":\"PE\",\"region_code\":\"LIM\",\"region_name\":\"Lima region\",\"city_name\":\"Villa\",\"latitude\":\"-12.1601\",\"longitude\":\"-76.9354\",\"timezone\":\"America\\/Lima\"}','2026-01-04 20:22:01','2026-01-04 20:22:01'),
(25,2,'login','2026-01-05','07:00:25',2,'App\\Models\\Tenant\\User','200.62.239.234','WebKit','desktop','Windows','10.0','Chrome','143.0.0.0',NULL,NULL,'{\"country_name\":\"Peru\",\"country_code\":\"PE\",\"region_code\":\"LIM\",\"region_name\":\"Lima region\",\"city_name\":\"Villa\",\"latitude\":\"-12.1601\",\"longitude\":\"-76.9354\",\"timezone\":\"America\\/Lima\"}','2026-01-05 07:00:25','2026-01-05 07:00:25'),
(26,2,'login','2026-01-05','20:27:57',2,'App\\Models\\Tenant\\User','200.62.239.234','WebKit','desktop','Windows','10.0','Chrome','143.0.0.0',NULL,NULL,'{\"country_name\":\"Peru\",\"country_code\":\"PE\",\"region_code\":\"LIM\",\"region_name\":\"Lima region\",\"city_name\":\"Villa\",\"latitude\":\"-12.1601\",\"longitude\":\"-76.9354\",\"timezone\":\"America\\/Lima\"}','2026-01-05 20:27:57','2026-01-05 20:27:57'),
(27,2,'login','2026-01-06','17:55:41',2,'App\\Models\\Tenant\\User','200.62.239.234','WebKit','desktop','Windows','10.0','Chrome','143.0.0.0',NULL,NULL,'{\"country_name\":\"Peru\",\"country_code\":\"PE\",\"region_code\":\"LIM\",\"region_name\":\"Lima region\",\"city_name\":\"Villa\",\"latitude\":\"-12.1601\",\"longitude\":\"-76.9354\",\"timezone\":\"America\\/Lima\"}','2026-01-06 17:55:41','2026-01-06 17:55:41'),
(28,2,'login','2026-01-07','15:30:47',2,'App\\Models\\Tenant\\User','200.62.239.234','WebKit','desktop','Windows','10.0','Chrome','143.0.0.0',NULL,NULL,'{\"country_name\":\"Peru\",\"country_code\":\"PE\",\"region_code\":\"LIM\",\"region_name\":\"Lima region\",\"city_name\":\"Villa\",\"latitude\":\"-12.1601\",\"longitude\":\"-76.9354\",\"timezone\":\"America\\/Lima\"}','2026-01-07 15:30:47','2026-01-07 15:30:47'),
(29,2,'login','2026-01-07','20:47:25',2,'App\\Models\\Tenant\\User','200.62.239.234','WebKit','desktop','Windows','10.0','Chrome','143.0.0.0',NULL,NULL,'{\"country_name\":\"Peru\",\"country_code\":\"PE\",\"region_code\":\"LIM\",\"region_name\":\"Lima region\",\"city_name\":\"Villa\",\"latitude\":\"-12.1601\",\"longitude\":\"-76.9354\",\"timezone\":\"America\\/Lima\"}','2026-01-07 20:47:25','2026-01-07 20:47:25'),
(30,2,'login','2026-01-08','07:36:46',2,'App\\Models\\Tenant\\User','200.62.239.234','WebKit','desktop','Windows','10.0','Chrome','143.0.0.0',NULL,NULL,'{\"country_name\":\"Peru\",\"country_code\":\"PE\",\"region_code\":\"LIM\",\"region_name\":\"Lima region\",\"city_name\":\"Villa\",\"latitude\":\"-12.1601\",\"longitude\":\"-76.9354\",\"timezone\":\"America\\/Lima\"}','2026-01-08 07:36:46','2026-01-08 07:36:46'),
(31,2,'login','2026-01-08','15:09:46',2,'App\\Models\\Tenant\\User','200.62.239.234','WebKit','desktop','Windows','10.0','Chrome','143.0.0.0',NULL,NULL,'{\"country_name\":\"Peru\",\"country_code\":\"PE\",\"region_code\":\"LIM\",\"region_name\":\"Lima region\",\"city_name\":\"Villa\",\"latitude\":\"-12.1601\",\"longitude\":\"-76.9354\",\"timezone\":\"America\\/Lima\"}','2026-01-08 15:09:46','2026-01-08 15:09:46'),
(32,2,'login','2026-01-08','20:08:11',2,'App\\Models\\Tenant\\User','200.62.239.234','WebKit','desktop','Windows','10.0','Chrome','143.0.0.0',NULL,NULL,'{\"country_name\":\"Peru\",\"country_code\":\"PE\",\"region_code\":\"LIM\",\"region_name\":\"Lima region\",\"city_name\":\"Villa\",\"latitude\":\"-12.1601\",\"longitude\":\"-76.9354\",\"timezone\":\"America\\/Lima\"}','2026-01-08 20:08:11','2026-01-08 20:08:11'),
(33,2,'login','2026-01-09','04:15:09',2,'App\\Models\\Tenant\\User','200.62.239.234','WebKit','desktop','Windows','10.0','Chrome','143.0.0.0',NULL,NULL,'{\"country_name\":\"Peru\",\"country_code\":\"PE\",\"region_code\":\"LIM\",\"region_name\":\"Lima region\",\"city_name\":\"Villa\",\"latitude\":\"-12.1601\",\"longitude\":\"-76.9354\",\"timezone\":\"America\\/Lima\"}','2026-01-09 04:15:09','2026-01-09 04:15:09'),
(34,2,'login','2026-01-09','04:15:38',2,'App\\Models\\Tenant\\User','200.62.239.234','WebKit','desktop','Windows','10.0','Chrome','143.0.0.0',NULL,NULL,'{\"country_name\":\"Peru\",\"country_code\":\"PE\",\"region_code\":\"LIM\",\"region_name\":\"Lima region\",\"city_name\":\"Villa\",\"latitude\":\"-12.1601\",\"longitude\":\"-76.9354\",\"timezone\":\"America\\/Lima\"}','2026-01-09 04:15:38','2026-01-09 04:15:38'),
(35,2,'login','2026-01-09','22:00:46',2,'App\\Models\\Tenant\\User','179.6.81.181','WebKit','desktop','Windows','10.0','Chrome','143.0.0.0',NULL,NULL,'{\"country_name\":\"Peru\",\"country_code\":\"PE\",\"region_code\":\"LAL\",\"region_name\":\"La Libertad\",\"city_name\":\"Trujillo\",\"latitude\":\"-8.1191\",\"longitude\":\"-79.0355\",\"timezone\":\"America\\/Lima\"}','2026-01-09 22:00:46','2026-01-09 22:00:46'),
(36,2,'logout','2026-01-09','22:00:54',2,'App\\Models\\Tenant\\User','179.6.81.181','WebKit','desktop','Windows','10.0','Chrome','143.0.0.0',NULL,NULL,'{\"country_name\":\"Peru\",\"country_code\":\"PE\",\"region_code\":\"LAL\",\"region_name\":\"La Libertad\",\"city_name\":\"Trujillo\",\"latitude\":\"-8.1191\",\"longitude\":\"-79.0355\",\"timezone\":\"America\\/Lima\"}','2026-01-09 22:00:54','2026-01-09 22:00:54'),
(37,1,'login','2026-01-09','22:01:01',1,'App\\Models\\Tenant\\User','179.6.81.181','WebKit','desktop','Windows','10.0','Chrome','143.0.0.0',NULL,NULL,'{\"country_name\":\"Peru\",\"country_code\":\"PE\",\"region_code\":\"LAL\",\"region_name\":\"La Libertad\",\"city_name\":\"Trujillo\",\"latitude\":\"-8.1191\",\"longitude\":\"-79.0355\",\"timezone\":\"America\\/Lima\"}','2026-01-09 22:01:01','2026-01-09 22:01:01'),
(38,2,'login','2026-01-09','22:01:38',2,'App\\Models\\Tenant\\User','179.6.81.181','WebKit','desktop','Linux','0','Chrome','143.0.0.0',NULL,NULL,'{\"country_name\":\"Peru\",\"country_code\":\"PE\",\"region_code\":\"LAL\",\"region_name\":\"La Libertad\",\"city_name\":\"Trujillo\",\"latitude\":\"-8.1191\",\"longitude\":\"-79.0355\",\"timezone\":\"America\\/Lima\"}','2026-01-09 22:01:38','2026-01-09 22:01:38'),
(39,2,'login','2026-01-10','06:06:15',2,'App\\Models\\Tenant\\User','200.62.239.234','WebKit','desktop','Windows','10.0','Chrome','143.0.0.0',NULL,NULL,'{\"country_name\":\"Peru\",\"country_code\":\"PE\",\"region_code\":\"LIM\",\"region_name\":\"Lima region\",\"city_name\":\"La Perla\",\"latitude\":\"-11.372\",\"longitude\":\"-76.7927\",\"timezone\":\"America\\/Lima\"}','2026-01-10 06:06:15','2026-01-10 06:06:15'),
(40,2,'login','2026-01-10','11:15:35',2,'App\\Models\\Tenant\\User','200.62.239.234','WebKit','desktop','Windows','10.0','Chrome','143.0.0.0',NULL,NULL,'{\"country_name\":\"Peru\",\"country_code\":\"PE\",\"region_code\":\"LIM\",\"region_name\":\"Lima region\",\"city_name\":\"La Perla\",\"latitude\":\"-11.372\",\"longitude\":\"-76.7927\",\"timezone\":\"America\\/Lima\"}','2026-01-10 11:15:35','2026-01-10 11:15:35'),
(41,2,'login','2026-01-10','18:55:13',2,'App\\Models\\Tenant\\User','200.62.239.234','WebKit','desktop','Windows','10.0','Chrome','143.0.0.0',NULL,NULL,'{\"country_name\":\"Peru\",\"country_code\":\"PE\",\"region_code\":\"LIM\",\"region_name\":\"Lima region\",\"city_name\":\"La Perla\",\"latitude\":\"-11.372\",\"longitude\":\"-76.7927\",\"timezone\":\"America\\/Lima\"}','2026-01-10 18:55:13','2026-01-10 18:55:13'),
(42,2,'login','2026-01-11','06:55:07',2,'App\\Models\\Tenant\\User','200.62.239.234','WebKit','desktop','Windows','10.0','Chrome','143.0.0.0',NULL,NULL,'{\"country_name\":\"Peru\",\"country_code\":\"PE\",\"region_code\":\"LIM\",\"region_name\":\"Lima region\",\"city_name\":\"La Perla\",\"latitude\":\"-11.372\",\"longitude\":\"-76.7927\",\"timezone\":\"America\\/Lima\"}','2026-01-11 06:55:07','2026-01-11 06:55:07'),
(43,2,'login','2026-01-12','07:12:06',2,'App\\Models\\Tenant\\User','200.62.239.234','WebKit','desktop','Windows','10.0','Chrome','143.0.0.0',NULL,NULL,'{\"country_name\":\"Peru\",\"country_code\":\"PE\",\"region_code\":\"LIM\",\"region_name\":\"Lima region\",\"city_name\":\"La Perla\",\"latitude\":\"-11.372\",\"longitude\":\"-76.7927\",\"timezone\":\"America\\/Lima\"}','2026-01-12 07:12:06','2026-01-12 07:12:06'),
(44,2,'login','2026-01-12','14:04:57',2,'App\\Models\\Tenant\\User','200.62.239.234','WebKit','desktop','Windows','10.0','Chrome','143.0.0.0',NULL,NULL,'{\"country_name\":\"Peru\",\"country_code\":\"PE\",\"region_code\":\"LIM\",\"region_name\":\"Lima region\",\"city_name\":\"La Perla\",\"latitude\":\"-11.372\",\"longitude\":\"-76.7927\",\"timezone\":\"America\\/Lima\"}','2026-01-12 14:04:57','2026-01-12 14:04:57'),
(45,2,'login','2026-01-12','17:51:15',2,'App\\Models\\Tenant\\User','200.62.239.234','WebKit','desktop','Windows','10.0','Chrome','143.0.0.0',NULL,NULL,'{\"country_name\":\"Peru\",\"country_code\":\"PE\",\"region_code\":\"LIM\",\"region_name\":\"Lima region\",\"city_name\":\"La Perla\",\"latitude\":\"-11.372\",\"longitude\":\"-76.7927\",\"timezone\":\"America\\/Lima\"}','2026-01-12 17:51:15','2026-01-12 17:51:15'),
(46,2,'login','2026-01-12','21:45:46',2,'App\\Models\\Tenant\\User','200.62.239.234','WebKit','desktop','Windows','10.0','Chrome','143.0.0.0',NULL,NULL,'{\"country_name\":\"Peru\",\"country_code\":\"PE\",\"region_code\":\"LIM\",\"region_name\":\"Lima region\",\"city_name\":\"La Perla\",\"latitude\":\"-11.372\",\"longitude\":\"-76.7927\",\"timezone\":\"America\\/Lima\"}','2026-01-12 21:45:46','2026-01-12 21:45:46'),
(47,2,'login','2026-01-13','06:52:06',2,'App\\Models\\Tenant\\User','201.240.108.182','WebKit','desktop','Windows','10.0','Chrome','143.0.0.0',NULL,NULL,'{\"country_name\":\"Peru\",\"country_code\":\"PE\",\"region_code\":\"CAJ\",\"region_name\":\"Cajamarca Department\",\"city_name\":\"Ja\\u00e9n\",\"latitude\":\"-5.70729\",\"longitude\":\"-78.8079\",\"timezone\":\"America\\/Lima\"}','2026-01-13 06:52:06','2026-01-13 06:52:06'),
(48,2,'login','2026-01-13','14:14:04',2,'App\\Models\\Tenant\\User','201.240.108.182','WebKit','desktop','Windows','10.0','Chrome','143.0.0.0',NULL,NULL,'{\"country_name\":\"Peru\",\"country_code\":\"PE\",\"region_code\":\"CAJ\",\"region_name\":\"Cajamarca Department\",\"city_name\":\"Ja\\u00e9n\",\"latitude\":\"-5.70729\",\"longitude\":\"-78.8079\",\"timezone\":\"America\\/Lima\"}','2026-01-13 14:14:04','2026-01-13 14:14:04'),
(49,2,'login','2026-01-13','17:31:15',2,'App\\Models\\Tenant\\User','201.240.108.182','WebKit','desktop','Windows','10.0','Chrome','143.0.0.0',NULL,NULL,'{\"country_name\":\"Peru\",\"country_code\":\"PE\",\"region_code\":\"CAJ\",\"region_name\":\"Cajamarca Department\",\"city_name\":\"Ja\\u00e9n\",\"latitude\":\"-5.70729\",\"longitude\":\"-78.8079\",\"timezone\":\"America\\/Lima\"}','2026-01-13 17:31:15','2026-01-13 17:31:15'),
(50,2,'login','2026-01-14','03:15:55',2,'App\\Models\\Tenant\\User','201.240.108.182','WebKit','desktop','Windows','10.0','Chrome','143.0.0.0',NULL,NULL,'{\"country_name\":\"Peru\",\"country_code\":\"PE\",\"region_code\":\"CAJ\",\"region_name\":\"Cajamarca Department\",\"city_name\":\"Ja\\u00e9n\",\"latitude\":\"-5.70729\",\"longitude\":\"-78.8079\",\"timezone\":\"America\\/Lima\"}','2026-01-14 03:15:55','2026-01-14 03:15:55'),
(51,2,'login','2026-01-14','06:40:28',2,'App\\Models\\Tenant\\User','201.240.108.182','WebKit','desktop','Windows','10.0','Chrome','143.0.0.0',NULL,NULL,'{\"country_name\":\"Peru\",\"country_code\":\"PE\",\"region_code\":\"CAJ\",\"region_name\":\"Cajamarca Department\",\"city_name\":\"Ja\\u00e9n\",\"latitude\":\"-5.70729\",\"longitude\":\"-78.8079\",\"timezone\":\"America\\/Lima\"}','2026-01-14 06:40:28','2026-01-14 06:40:28'),
(52,2,'login','2026-01-14','10:28:18',2,'App\\Models\\Tenant\\User','201.240.108.208','WebKit','desktop','Windows','10.0','Chrome','143.0.0.0',NULL,NULL,'{\"country_name\":\"Peru\",\"country_code\":\"PE\",\"region_code\":\"LIM\",\"region_name\":\"Lima region\",\"city_name\":\"San Borja\",\"latitude\":\"-12.1092\",\"longitude\":\"-77.0163\",\"timezone\":\"America\\/Lima\"}','2026-01-14 10:28:18','2026-01-14 10:28:18'),
(53,2,'login','2026-01-15','06:34:00',2,'App\\Models\\Tenant\\User','181.176.45.181','WebKit','desktop','Windows','10.0','Chrome','143.0.0.0',NULL,NULL,'{\"country_name\":\"Peru\",\"country_code\":\"PE\",\"region_code\":\"LOR\",\"region_name\":\"Loreto\",\"city_name\":\"Yurimaguas\",\"latitude\":\"-5.90181\",\"longitude\":\"-76.1223\",\"timezone\":\"America\\/Lima\"}','2026-01-15 06:34:00','2026-01-15 06:34:00'),
(54,2,'login','2026-01-15','14:30:32',2,'App\\Models\\Tenant\\User','201.240.108.78','WebKit','desktop','Windows','10.0','Chrome','143.0.0.0',NULL,NULL,'{\"country_name\":\"Peru\",\"country_code\":\"PE\",\"region_code\":\"CAJ\",\"region_name\":\"Cajamarca Department\",\"city_name\":\"Linderos\",\"latitude\":\"-5.69111\",\"longitude\":\"-78.8008\",\"timezone\":\"America\\/Lima\"}','2026-01-15 14:30:32','2026-01-15 14:30:32'),
(55,2,'login','2026-01-16','05:15:35',2,'App\\Models\\Tenant\\User','201.240.108.78','WebKit','desktop','Windows','10.0','Chrome','143.0.0.0',NULL,NULL,'{\"country_name\":\"Peru\",\"country_code\":\"PE\",\"region_code\":\"CAJ\",\"region_name\":\"Cajamarca Department\",\"city_name\":\"Linderos\",\"latitude\":\"-5.69111\",\"longitude\":\"-78.8008\",\"timezone\":\"America\\/Lima\"}','2026-01-16 05:15:35','2026-01-16 05:15:35'),
(56,2,'login','2026-01-16','13:41:09',2,'App\\Models\\Tenant\\User','201.240.108.78','WebKit','desktop','Windows','10.0','Chrome','143.0.0.0',NULL,NULL,'{\"country_name\":\"Peru\",\"country_code\":\"PE\",\"region_code\":\"CAJ\",\"region_name\":\"Cajamarca Department\",\"city_name\":\"Linderos\",\"latitude\":\"-5.69111\",\"longitude\":\"-78.8008\",\"timezone\":\"America\\/Lima\"}','2026-01-16 13:41:09','2026-01-16 13:41:09'),
(57,2,'login','2026-01-17','06:47:25',2,'App\\Models\\Tenant\\User','201.240.108.78','WebKit','desktop','Windows','10.0','Chrome','143.0.0.0',NULL,NULL,'{\"country_name\":\"Peru\",\"country_code\":\"PE\",\"region_code\":\"CAJ\",\"region_name\":\"Cajamarca Department\",\"city_name\":\"Linderos\",\"latitude\":\"-5.69111\",\"longitude\":\"-78.8008\",\"timezone\":\"America\\/Lima\"}','2026-01-17 06:47:25','2026-01-17 06:47:25'),
(58,2,'login','2026-01-17','11:44:40',2,'App\\Models\\Tenant\\User','201.240.108.78','WebKit','desktop','Windows','10.0','Chrome','144.0.0.0',NULL,NULL,'{\"country_name\":\"Peru\",\"country_code\":\"PE\",\"region_code\":\"CAJ\",\"region_name\":\"Cajamarca Department\",\"city_name\":\"Linderos\",\"latitude\":\"-5.69111\",\"longitude\":\"-78.8008\",\"timezone\":\"America\\/Lima\"}','2026-01-17 11:44:40','2026-01-17 11:44:40'),
(59,2,'login','2026-01-17','19:11:40',2,'App\\Models\\Tenant\\User','201.240.108.78','WebKit','desktop','Windows','10.0','Chrome','144.0.0.0',NULL,NULL,'{\"country_name\":\"Peru\",\"country_code\":\"PE\",\"region_code\":\"CAJ\",\"region_name\":\"Cajamarca Department\",\"city_name\":\"Linderos\",\"latitude\":\"-5.69111\",\"longitude\":\"-78.8008\",\"timezone\":\"America\\/Lima\"}','2026-01-17 19:11:40','2026-01-17 19:11:40'),
(60,2,'login','2026-01-18','06:33:54',2,'App\\Models\\Tenant\\User','201.240.108.78','WebKit','desktop','Windows','10.0','Chrome','144.0.0.0',NULL,NULL,'{\"country_name\":\"Peru\",\"country_code\":\"PE\",\"region_code\":\"CAJ\",\"region_name\":\"Cajamarca Department\",\"city_name\":\"Linderos\",\"latitude\":\"-5.69111\",\"longitude\":\"-78.8008\",\"timezone\":\"America\\/Lima\"}','2026-01-18 06:33:54','2026-01-18 06:33:54'),
(61,2,'login','2026-01-18','16:17:54',2,'App\\Models\\Tenant\\User','201.240.108.78','WebKit','desktop','Windows','10.0','Chrome','144.0.0.0',NULL,NULL,'{\"country_name\":\"Peru\",\"country_code\":\"PE\",\"region_code\":\"CAJ\",\"region_name\":\"Cajamarca Department\",\"city_name\":\"Linderos\",\"latitude\":\"-5.69111\",\"longitude\":\"-78.8008\",\"timezone\":\"America\\/Lima\"}','2026-01-18 16:17:54','2026-01-18 16:17:54'),
(62,1,'login','2026-01-18','20:27:34',1,'App\\Models\\Tenant\\User','179.6.80.220','WebKit','desktop','Windows','10.0','Chrome','143.0.0.0',NULL,NULL,'{\"country_name\":\"Peru\",\"country_code\":\"PE\",\"region_code\":\"LAL\",\"region_name\":\"La Libertad\",\"city_name\":\"Trujillo\",\"latitude\":\"-8.1191\",\"longitude\":\"-79.0355\",\"timezone\":\"America\\/Lima\"}','2026-01-18 20:27:34','2026-01-18 20:27:34'),
(63,2,'login','2026-01-19','05:57:51',2,'App\\Models\\Tenant\\User','201.240.108.78','WebKit','desktop','Windows','10.0','Chrome','144.0.0.0',NULL,NULL,'{\"country_name\":\"Peru\",\"country_code\":\"PE\",\"region_code\":\"CAJ\",\"region_name\":\"Cajamarca Department\",\"city_name\":\"Linderos\",\"latitude\":\"-5.69111\",\"longitude\":\"-78.8008\",\"timezone\":\"America\\/Lima\"}','2026-01-19 05:57:51','2026-01-19 05:57:51'),
(64,2,'login','2026-01-20','07:04:46',2,'App\\Models\\Tenant\\User','201.240.108.78','WebKit','desktop','Windows','10.0','Chrome','144.0.0.0',NULL,NULL,'{\"country_name\":\"Peru\",\"country_code\":\"PE\",\"region_code\":\"CAJ\",\"region_name\":\"Cajamarca Department\",\"city_name\":\"Linderos\",\"latitude\":\"-5.69111\",\"longitude\":\"-78.8008\",\"timezone\":\"America\\/Lima\"}','2026-01-20 07:04:46','2026-01-20 07:04:46'),
(65,2,'login','2026-01-20','13:53:06',2,'App\\Models\\Tenant\\User','201.240.108.78','WebKit','desktop','Windows','10.0','Chrome','144.0.0.0',NULL,NULL,'{\"country_name\":\"Peru\",\"country_code\":\"PE\",\"region_code\":\"CAJ\",\"region_name\":\"Cajamarca Department\",\"city_name\":\"Linderos\",\"latitude\":\"-5.69111\",\"longitude\":\"-78.8008\",\"timezone\":\"America\\/Lima\"}','2026-01-20 13:53:06','2026-01-20 13:53:06'),
(66,2,'login','2026-01-21','05:04:02',2,'App\\Models\\Tenant\\User','201.240.108.78','WebKit','desktop','Windows','10.0','Chrome','144.0.0.0',NULL,NULL,'{\"country_name\":\"Peru\",\"country_code\":\"PE\",\"region_code\":\"CAJ\",\"region_name\":\"Cajamarca Department\",\"city_name\":\"Linderos\",\"latitude\":\"-5.69111\",\"longitude\":\"-78.8008\",\"timezone\":\"America\\/Lima\"}','2026-01-21 05:04:02','2026-01-21 05:04:02'),
(67,2,'login','2026-01-21','07:11:59',2,'App\\Models\\Tenant\\User','201.240.108.78','WebKit','desktop','Windows','10.0','Chrome','144.0.0.0',NULL,NULL,'{\"country_name\":\"Peru\",\"country_code\":\"PE\",\"region_code\":\"CAJ\",\"region_name\":\"Cajamarca Department\",\"city_name\":\"Linderos\",\"latitude\":\"-5.69111\",\"longitude\":\"-78.8008\",\"timezone\":\"America\\/Lima\"}','2026-01-21 07:11:59','2026-01-21 07:11:59'),
(68,2,'login','2026-01-22','03:20:20',2,'App\\Models\\Tenant\\User','201.240.108.78','WebKit','desktop','Windows','10.0','Chrome','144.0.0.0',NULL,NULL,'{\"country_name\":\"Peru\",\"country_code\":\"PE\",\"region_code\":\"CAJ\",\"region_name\":\"Cajamarca Department\",\"city_name\":\"Linderos\",\"latitude\":\"-5.69111\",\"longitude\":\"-78.8008\",\"timezone\":\"America\\/Lima\"}','2026-01-22 03:20:20','2026-01-22 03:20:20'),
(69,2,'login','2026-01-22','07:10:13',2,'App\\Models\\Tenant\\User','201.240.108.78','WebKit','desktop','Windows','10.0','Chrome','144.0.0.0',NULL,NULL,'{\"country_name\":\"Peru\",\"country_code\":\"PE\",\"region_code\":\"CAJ\",\"region_name\":\"Cajamarca Department\",\"city_name\":\"Linderos\",\"latitude\":\"-5.69111\",\"longitude\":\"-78.8008\",\"timezone\":\"America\\/Lima\"}','2026-01-22 07:10:13','2026-01-22 07:10:13'),
(70,2,'login','2026-01-23','05:43:36',2,'App\\Models\\Tenant\\User','201.240.108.78','WebKit','desktop','Windows','10.0','Chrome','144.0.0.0',NULL,NULL,'{\"country_name\":\"Peru\",\"country_code\":\"PE\",\"region_code\":\"CAJ\",\"region_name\":\"Cajamarca Department\",\"city_name\":\"Linderos\",\"latitude\":\"-5.69111\",\"longitude\":\"-78.8008\",\"timezone\":\"America\\/Lima\"}','2026-01-23 05:43:36','2026-01-23 05:43:36'),
(71,2,'login','2026-01-23','15:15:30',2,'App\\Models\\Tenant\\User','201.240.108.78','WebKit','desktop','Windows','10.0','Chrome','144.0.0.0',NULL,NULL,'{\"country_name\":\"Peru\",\"country_code\":\"PE\",\"region_code\":\"CAJ\",\"region_name\":\"Cajamarca Department\",\"city_name\":\"Linderos\",\"latitude\":\"-5.69111\",\"longitude\":\"-78.8008\",\"timezone\":\"America\\/Lima\"}','2026-01-23 15:15:30','2026-01-23 15:15:30'),
(72,2,'login','2026-01-23','17:58:16',2,'App\\Models\\Tenant\\User','201.240.108.78','WebKit','desktop','Windows','10.0','Chrome','144.0.0.0',NULL,NULL,'{\"country_name\":\"Peru\",\"country_code\":\"PE\",\"region_code\":\"CAJ\",\"region_name\":\"Cajamarca Department\",\"city_name\":\"Linderos\",\"latitude\":\"-5.69111\",\"longitude\":\"-78.8008\",\"timezone\":\"America\\/Lima\"}','2026-01-23 17:58:16','2026-01-23 17:58:16'),
(73,2,'login','2026-01-24','07:23:09',2,'App\\Models\\Tenant\\User','201.240.108.78','WebKit','desktop','Windows','10.0','Chrome','144.0.0.0',NULL,NULL,'{\"country_name\":\"Peru\",\"country_code\":\"PE\",\"region_code\":\"CAJ\",\"region_name\":\"Cajamarca Department\",\"city_name\":\"Linderos\",\"latitude\":\"-5.69111\",\"longitude\":\"-78.8008\",\"timezone\":\"America\\/Lima\"}','2026-01-24 07:23:09','2026-01-24 07:23:09'),
(74,2,'login','2026-01-25','06:37:15',2,'App\\Models\\Tenant\\User','201.240.108.78','WebKit','desktop','Windows','10.0','Chrome','144.0.0.0',NULL,NULL,'{\"country_name\":\"Peru\",\"country_code\":\"PE\",\"region_code\":\"CAJ\",\"region_name\":\"Cajamarca Department\",\"city_name\":\"Linderos\",\"latitude\":\"-5.69111\",\"longitude\":\"-78.8008\",\"timezone\":\"America\\/Lima\"}','2026-01-25 06:37:15','2026-01-25 06:37:15'),
(75,2,'login','2026-01-27','07:09:06',2,'App\\Models\\Tenant\\User','201.240.108.78','WebKit','desktop','Windows','10.0','Chrome','144.0.0.0',NULL,NULL,'{\"country_name\":\"Peru\",\"country_code\":\"PE\",\"region_code\":\"CAJ\",\"region_name\":\"Cajamarca Department\",\"city_name\":\"Linderos\",\"latitude\":\"-5.69111\",\"longitude\":\"-78.8008\",\"timezone\":\"America\\/Lima\"}','2026-01-27 07:09:06','2026-01-27 07:09:06'),
(76,2,'login','2026-01-27','14:31:39',2,'App\\Models\\Tenant\\User','181.67.82.159','WebKit','desktop','Windows','10.0','Chrome','144.0.0.0',NULL,NULL,'{\"country_name\":\"Peru\",\"country_code\":\"PE\",\"region_code\":\"CAJ\",\"region_name\":\"Cajamarca Department\",\"city_name\":\"Ja\\u00e9n\",\"latitude\":\"-5.70729\",\"longitude\":\"-78.8079\",\"timezone\":\"America\\/Lima\"}','2026-01-27 14:31:39','2026-01-27 14:31:39'),
(77,2,'login','2026-01-28','06:20:07',2,'App\\Models\\Tenant\\User','181.67.82.159','WebKit','desktop','Windows','10.0','Chrome','144.0.0.0',NULL,NULL,'{\"country_name\":\"Peru\",\"country_code\":\"PE\",\"region_code\":\"CAJ\",\"region_name\":\"Cajamarca Department\",\"city_name\":\"Ja\\u00e9n\",\"latitude\":\"-5.70729\",\"longitude\":\"-78.8079\",\"timezone\":\"America\\/Lima\"}','2026-01-28 06:20:07','2026-01-28 06:20:07'),
(78,2,'login','2026-01-28','09:53:20',2,'App\\Models\\Tenant\\User','181.67.82.159','WebKit','desktop','Windows','10.0','Chrome','144.0.0.0',NULL,NULL,'{\"country_name\":\"Peru\",\"country_code\":\"PE\",\"region_code\":\"CAJ\",\"region_name\":\"Cajamarca Department\",\"city_name\":\"Ja\\u00e9n\",\"latitude\":\"-5.70729\",\"longitude\":\"-78.8079\",\"timezone\":\"America\\/Lima\"}','2026-01-28 09:53:20','2026-01-28 09:53:20'),
(79,2,'login','2026-01-29','07:52:52',2,'App\\Models\\Tenant\\User','181.67.82.159','WebKit','desktop','Windows','10.0','Chrome','144.0.0.0',NULL,NULL,'{\"country_name\":\"Peru\",\"country_code\":\"PE\",\"region_code\":\"CAJ\",\"region_name\":\"Cajamarca Department\",\"city_name\":\"Ja\\u00e9n\",\"latitude\":\"-5.70729\",\"longitude\":\"-78.8079\",\"timezone\":\"America\\/Lima\"}','2026-01-29 07:52:52','2026-01-29 07:52:52'),
(80,2,'login','2026-01-29','11:51:15',2,'App\\Models\\Tenant\\User','181.67.82.159','WebKit','desktop','Windows','10.0','Chrome','144.0.0.0',NULL,NULL,'{\"country_name\":\"Peru\",\"country_code\":\"PE\",\"region_code\":\"CAJ\",\"region_name\":\"Cajamarca Department\",\"city_name\":\"Ja\\u00e9n\",\"latitude\":\"-5.70729\",\"longitude\":\"-78.8079\",\"timezone\":\"America\\/Lima\"}','2026-01-29 11:51:15','2026-01-29 11:51:15'),
(81,2,'login','2026-01-30','07:13:16',2,'App\\Models\\Tenant\\User','181.67.82.159','WebKit','desktop','Windows','10.0','Chrome','144.0.0.0',NULL,NULL,'{\"country_name\":\"Peru\",\"country_code\":\"PE\",\"region_code\":\"CAJ\",\"region_name\":\"Cajamarca Department\",\"city_name\":\"Ja\\u00e9n\",\"latitude\":\"-5.70729\",\"longitude\":\"-78.8079\",\"timezone\":\"America\\/Lima\"}','2026-01-30 07:13:16','2026-01-30 07:13:16'),
(82,2,'login','2026-02-02','08:42:42',2,'App\\Models\\Tenant\\User','181.67.82.159','WebKit','desktop','Windows','10.0','Chrome','144.0.0.0',NULL,NULL,'{\"country_name\":\"Peru\",\"country_code\":\"PE\",\"region_code\":\"CAJ\",\"region_name\":\"Cajamarca Department\",\"city_name\":\"Ja\\u00e9n\",\"latitude\":\"-5.70729\",\"longitude\":\"-78.8079\",\"timezone\":\"America\\/Lima\"}','2026-02-02 08:42:42','2026-02-02 08:42:42'),
(83,2,'login','2026-02-02','19:52:22',2,'App\\Models\\Tenant\\User','190.43.17.215','WebKit','desktop','Windows','10.0','Chrome','144.0.0.0',NULL,NULL,'{\"country_name\":\"Peru\",\"country_code\":\"PE\",\"region_code\":\"CAJ\",\"region_name\":\"Cajamarca Department\",\"city_name\":\"Cajamarca\",\"latitude\":\"-7.163\",\"longitude\":\"-78.5008\",\"timezone\":\"America\\/Lima\"}','2026-02-02 19:52:22','2026-02-02 19:52:22'),
(84,2,'login','2026-02-03','04:17:27',2,'App\\Models\\Tenant\\User','190.43.17.215','WebKit','desktop','Windows','10.0','Chrome','144.0.0.0',NULL,NULL,'{\"country_name\":\"Peru\",\"country_code\":\"PE\",\"region_code\":\"CAJ\",\"region_name\":\"Cajamarca Department\",\"city_name\":\"Cajamarca\",\"latitude\":\"-7.163\",\"longitude\":\"-78.5008\",\"timezone\":\"America\\/Lima\"}','2026-02-03 04:17:27','2026-02-03 04:17:27'),
(85,2,'login','2026-02-03','06:45:05',2,'App\\Models\\Tenant\\User','190.43.17.215','WebKit','desktop','Windows','10.0','Chrome','144.0.0.0',NULL,NULL,'{\"country_name\":\"Peru\",\"country_code\":\"PE\",\"region_code\":\"CAJ\",\"region_name\":\"Cajamarca Department\",\"city_name\":\"Cajamarca\",\"latitude\":\"-7.163\",\"longitude\":\"-78.5008\",\"timezone\":\"America\\/Lima\"}','2026-02-03 06:45:05','2026-02-03 06:45:05'),
(86,2,'login','2026-02-04','02:20:41',2,'App\\Models\\Tenant\\User','190.42.191.57','WebKit','desktop','Windows','10.0','Chrome','144.0.0.0',NULL,NULL,'{\"country_name\":\"Peru\",\"country_code\":\"PE\",\"region_code\":\"ARE\",\"region_name\":\"Arequipa\",\"city_name\":\"Arequipa\",\"latitude\":\"-16.4014\",\"longitude\":\"-71.5343\",\"timezone\":\"America\\/Lima\"}','2026-02-04 02:20:41','2026-02-04 02:20:41'),
(87,2,'login','2026-02-04','05:35:21',2,'App\\Models\\Tenant\\User','190.42.191.57','WebKit','desktop','Windows','10.0','Chrome','144.0.0.0',NULL,NULL,'{\"country_name\":\"Peru\",\"country_code\":\"PE\",\"region_code\":\"ARE\",\"region_name\":\"Arequipa\",\"city_name\":\"Arequipa\",\"latitude\":\"-16.4014\",\"longitude\":\"-71.5343\",\"timezone\":\"America\\/Lima\"}','2026-02-04 05:35:21','2026-02-04 05:35:21'),
(88,2,'login','2026-02-04','17:03:05',2,'App\\Models\\Tenant\\User','190.42.191.57','WebKit','desktop','Windows','10.0','Chrome','144.0.0.0',NULL,NULL,'{\"country_name\":\"Peru\",\"country_code\":\"PE\",\"region_code\":\"ARE\",\"region_name\":\"Arequipa\",\"city_name\":\"Arequipa\",\"latitude\":\"-16.4014\",\"longitude\":\"-71.5343\",\"timezone\":\"America\\/Lima\"}','2026-02-04 17:03:05','2026-02-04 17:03:05'),
(89,2,'login','2026-02-05','15:59:12',2,'App\\Models\\Tenant\\User','190.42.191.57','WebKit','desktop','Windows','10.0','Chrome','144.0.0.0',NULL,NULL,'{\"country_name\":\"Peru\",\"country_code\":\"PE\",\"region_code\":\"ARE\",\"region_name\":\"Arequipa\",\"city_name\":\"Arequipa\",\"latitude\":\"-16.4014\",\"longitude\":\"-71.5343\",\"timezone\":\"America\\/Lima\"}','2026-02-05 15:59:12','2026-02-05 15:59:12'),
(90,2,'login','2026-02-06','07:21:31',2,'App\\Models\\Tenant\\User','190.42.191.57','WebKit','desktop','Windows','10.0','Chrome','144.0.0.0',NULL,NULL,'{\"country_name\":\"Peru\",\"country_code\":\"PE\",\"region_code\":\"ARE\",\"region_name\":\"Arequipa\",\"city_name\":\"Arequipa\",\"latitude\":\"-16.4014\",\"longitude\":\"-71.5343\",\"timezone\":\"America\\/Lima\"}','2026-02-06 07:21:31','2026-02-06 07:21:31'),
(91,2,'login','2026-02-06','11:36:04',2,'App\\Models\\Tenant\\User','190.42.191.57','WebKit','desktop','Windows','10.0','Chrome','144.0.0.0',NULL,NULL,'{\"country_name\":\"Peru\",\"country_code\":\"PE\",\"region_code\":\"ARE\",\"region_name\":\"Arequipa\",\"city_name\":\"Arequipa\",\"latitude\":\"-16.4014\",\"longitude\":\"-71.5343\",\"timezone\":\"America\\/Lima\"}','2026-02-06 11:36:04','2026-02-06 11:36:04'),
(92,2,'login','2026-02-07','07:29:02',2,'App\\Models\\Tenant\\User','190.42.191.57','WebKit','desktop','Windows','10.0','Chrome','144.0.0.0',NULL,NULL,'{\"country_name\":\"Peru\",\"country_code\":\"PE\",\"region_code\":\"ARE\",\"region_name\":\"Arequipa\",\"city_name\":\"Arequipa\",\"latitude\":\"-16.4014\",\"longitude\":\"-71.5343\",\"timezone\":\"America\\/Lima\"}','2026-02-07 07:29:02','2026-02-07 07:29:02'),
(93,2,'login','2026-02-08','03:39:05',2,'App\\Models\\Tenant\\User','190.42.191.57','WebKit','desktop','Windows','10.0','Chrome','144.0.0.0',NULL,NULL,'{\"country_name\":\"Peru\",\"country_code\":\"PE\",\"region_code\":\"ARE\",\"region_name\":\"Arequipa\",\"city_name\":\"Arequipa\",\"latitude\":\"-16.4014\",\"longitude\":\"-71.5343\",\"timezone\":\"America\\/Lima\"}','2026-02-08 03:39:05','2026-02-08 03:39:05'),
(94,2,'login','2026-02-08','08:23:36',2,'App\\Models\\Tenant\\User','181.176.45.95','WebKit','desktop','Windows','10.0','Chrome','144.0.0.0',NULL,NULL,'{\"country_name\":\"Peru\",\"country_code\":\"PE\",\"region_code\":\"LAM\",\"region_name\":\"Lambayeque\",\"city_name\":\"T\\u00facume\",\"latitude\":\"-6.50637\",\"longitude\":\"-79.8572\",\"timezone\":\"America\\/Lima\"}','2026-02-08 08:23:36','2026-02-08 08:23:36'),
(95,2,'login','2026-02-08','11:41:23',2,'App\\Models\\Tenant\\User','190.42.191.155','WebKit','desktop','Windows','10.0','Chrome','144.0.0.0',NULL,NULL,'{\"country_name\":\"Peru\",\"country_code\":\"PE\",\"region_code\":\"ARE\",\"region_name\":\"Arequipa\",\"city_name\":\"Arequipa\",\"latitude\":\"-16.4014\",\"longitude\":\"-71.5343\",\"timezone\":\"America\\/Lima\"}','2026-02-08 11:41:23','2026-02-08 11:41:23'),
(96,2,'login','2026-02-09','08:23:36',2,'App\\Models\\Tenant\\User','190.42.191.155','WebKit','desktop','Windows','10.0','Chrome','144.0.0.0',NULL,NULL,'{\"country_name\":\"Peru\",\"country_code\":\"PE\",\"region_code\":\"ARE\",\"region_name\":\"Arequipa\",\"city_name\":\"Arequipa\",\"latitude\":\"-16.4014\",\"longitude\":\"-71.5343\",\"timezone\":\"America\\/Lima\"}','2026-02-09 08:23:36','2026-02-09 08:23:36'),
(97,2,'login','2026-02-10','02:17:20',2,'App\\Models\\Tenant\\User','190.42.191.155','WebKit','desktop','Windows','10.0','Chrome','144.0.0.0',NULL,NULL,'{\"country_name\":\"Peru\",\"country_code\":\"PE\",\"region_code\":\"ARE\",\"region_name\":\"Arequipa\",\"city_name\":\"Arequipa\",\"latitude\":\"-16.4014\",\"longitude\":\"-71.5343\",\"timezone\":\"America\\/Lima\"}','2026-02-10 02:17:20','2026-02-10 02:17:20'),
(98,2,'login','2026-02-10','04:23:16',2,'App\\Models\\Tenant\\User','190.42.191.155','WebKit','desktop','Windows','10.0','Chrome','144.0.0.0',NULL,NULL,'{\"country_name\":\"Peru\",\"country_code\":\"PE\",\"region_code\":\"ARE\",\"region_name\":\"Arequipa\",\"city_name\":\"Arequipa\",\"latitude\":\"-16.4014\",\"longitude\":\"-71.5343\",\"timezone\":\"America\\/Lima\"}','2026-02-10 04:23:16','2026-02-10 04:23:16'),
(99,2,'login','2026-02-10','07:25:30',2,'App\\Models\\Tenant\\User','190.42.191.155','WebKit','desktop','Windows','10.0','Chrome','144.0.0.0',NULL,NULL,'{\"country_name\":\"Peru\",\"country_code\":\"PE\",\"region_code\":\"ARE\",\"region_name\":\"Arequipa\",\"city_name\":\"Arequipa\",\"latitude\":\"-16.4014\",\"longitude\":\"-71.5343\",\"timezone\":\"America\\/Lima\"}','2026-02-10 07:25:30','2026-02-10 07:25:30'),
(100,1,'login','2026-02-10','09:33:04',1,'App\\Models\\Tenant\\User','179.6.81.233','WebKit','desktop','Windows','10.0','Chrome','144.0.0.0',NULL,NULL,'{\"country_name\":\"Peru\",\"country_code\":\"PE\",\"region_code\":\"LAL\",\"region_name\":\"La Libertad\",\"city_name\":\"Trujillo\",\"latitude\":\"-8.1191\",\"longitude\":\"-79.0355\",\"timezone\":\"America\\/Lima\"}','2026-02-10 09:33:04','2026-02-10 09:33:04'),
(101,1,'companies_certificate','2026-02-10','09:58:45',1,'App\\Models\\Tenant\\Company','179.6.81.233','WebKit','desktop','Windows','10.0','Chrome','144.0.0.0',NULL,NULL,'{\"country_name\":\"Peru\",\"country_code\":\"PE\",\"region_code\":\"LAL\",\"region_name\":\"La Libertad\",\"city_name\":\"Trujillo\",\"latitude\":\"-8.1191\",\"longitude\":\"-79.0355\",\"timezone\":\"America\\/Lima\"}','2026-02-10 09:58:45','2026-02-10 09:58:45'),
(102,1,'companies_soap_send_id','2026-02-10','09:59:09',1,'App\\Models\\Tenant\\Company','179.6.81.233','WebKit','desktop','Windows','10.0','Chrome','144.0.0.0',NULL,NULL,'{\"country_name\":\"Peru\",\"country_code\":\"PE\",\"region_code\":\"LAL\",\"region_name\":\"La Libertad\",\"city_name\":\"Trujillo\",\"latitude\":\"-8.1191\",\"longitude\":\"-79.0355\",\"timezone\":\"America\\/Lima\"}','2026-02-10 09:59:09','2026-02-10 09:59:09'),
(103,1,'companies_soap_type_id','2026-02-10','09:59:09',1,'App\\Models\\Tenant\\Company','179.6.81.233','WebKit','desktop','Windows','10.0','Chrome','144.0.0.0',NULL,NULL,'{\"country_name\":\"Peru\",\"country_code\":\"PE\",\"region_code\":\"LAL\",\"region_name\":\"La Libertad\",\"city_name\":\"Trujillo\",\"latitude\":\"-8.1191\",\"longitude\":\"-79.0355\",\"timezone\":\"America\\/Lima\"}','2026-02-10 09:59:09','2026-02-10 09:59:09'),
(104,1,'companies_soap_send_id','2026-02-10','09:59:32',1,'App\\Models\\Tenant\\Company','179.6.81.233','WebKit','desktop','Windows','10.0','Chrome','144.0.0.0',NULL,NULL,'{\"country_name\":\"Peru\",\"country_code\":\"PE\",\"region_code\":\"LAL\",\"region_name\":\"La Libertad\",\"city_name\":\"Trujillo\",\"latitude\":\"-8.1191\",\"longitude\":\"-79.0355\",\"timezone\":\"America\\/Lima\"}','2026-02-10 09:59:32','2026-02-10 09:59:32'),
(105,1,'companies_soap_username','2026-02-10','09:59:32',1,'App\\Models\\Tenant\\Company','179.6.81.233','WebKit','desktop','Windows','10.0','Chrome','144.0.0.0',NULL,NULL,'{\"country_name\":\"Peru\",\"country_code\":\"PE\",\"region_code\":\"LAL\",\"region_name\":\"La Libertad\",\"city_name\":\"Trujillo\",\"latitude\":\"-8.1191\",\"longitude\":\"-79.0355\",\"timezone\":\"America\\/Lima\"}','2026-02-10 09:59:32','2026-02-10 09:59:32'),
(106,1,'companies_soap_password','2026-02-10','09:59:32',1,'App\\Models\\Tenant\\Company','179.6.81.233','WebKit','desktop','Windows','10.0','Chrome','144.0.0.0',NULL,NULL,'{\"country_name\":\"Peru\",\"country_code\":\"PE\",\"region_code\":\"LAL\",\"region_name\":\"La Libertad\",\"city_name\":\"Trujillo\",\"latitude\":\"-8.1191\",\"longitude\":\"-79.0355\",\"timezone\":\"America\\/Lima\"}','2026-02-10 09:59:32','2026-02-10 09:59:32'),
(107,1,'logout','2026-02-10','10:02:51',1,'App\\Models\\Tenant\\User','179.6.81.233','WebKit','desktop','Windows','10.0','Chrome','144.0.0.0',NULL,NULL,'{\"country_name\":\"Peru\",\"country_code\":\"PE\",\"region_code\":\"LAL\",\"region_name\":\"La Libertad\",\"city_name\":\"Trujillo\",\"latitude\":\"-8.1191\",\"longitude\":\"-79.0355\",\"timezone\":\"America\\/Lima\"}','2026-02-10 10:02:51','2026-02-10 10:02:51'),
(108,2,'login','2026-02-10','10:03:00',2,'App\\Models\\Tenant\\User','179.6.81.233','WebKit','desktop','Windows','10.0','Chrome','144.0.0.0',NULL,NULL,'{\"country_name\":\"Peru\",\"country_code\":\"PE\",\"region_code\":\"LAL\",\"region_name\":\"La Libertad\",\"city_name\":\"Trujillo\",\"latitude\":\"-8.1191\",\"longitude\":\"-79.0355\",\"timezone\":\"America\\/Lima\"}','2026-02-10 10:03:00','2026-02-10 10:03:00'),
(109,2,'login','2026-02-10','15:20:16',2,'App\\Models\\Tenant\\User','179.6.81.233','WebKit','desktop','Windows','10.0','Chrome','144.0.0.0',NULL,NULL,'{\"country_name\":\"Peru\",\"country_code\":\"PE\",\"region_code\":\"LAL\",\"region_name\":\"La Libertad\",\"city_name\":\"Trujillo\",\"latitude\":\"-8.1191\",\"longitude\":\"-79.0355\",\"timezone\":\"America\\/Lima\"}','2026-02-10 15:20:16','2026-02-10 15:20:16'),
(110,2,'login','2026-02-11','06:02:22',2,'App\\Models\\Tenant\\User','190.42.191.155','WebKit','desktop','Windows','10.0','Chrome','144.0.0.0',NULL,NULL,'{\"country_name\":\"Peru\",\"country_code\":\"PE\",\"region_code\":\"ARE\",\"region_name\":\"Arequipa\",\"city_name\":\"Arequipa\",\"latitude\":\"-16.4014\",\"longitude\":\"-71.5343\",\"timezone\":\"America\\/Lima\"}','2026-02-11 06:02:22','2026-02-11 06:02:22'),
(111,2,'login','2026-02-11','10:43:58',2,'App\\Models\\Tenant\\User','190.42.191.155','WebKit','desktop','Windows','10.0','Chrome','144.0.0.0',NULL,NULL,'{\"country_name\":\"Peru\",\"country_code\":\"PE\",\"region_code\":\"ARE\",\"region_name\":\"Arequipa\",\"city_name\":\"Arequipa\",\"latitude\":\"-16.4014\",\"longitude\":\"-71.5343\",\"timezone\":\"America\\/Lima\"}','2026-02-11 10:43:58','2026-02-11 10:43:58'),
(112,2,'login','2026-02-12','03:52:28',2,'App\\Models\\Tenant\\User','190.42.191.155','WebKit','desktop','Windows','10.0','Chrome','144.0.0.0',NULL,NULL,'{\"country_name\":\"Peru\",\"country_code\":\"PE\",\"region_code\":\"ARE\",\"region_name\":\"Arequipa\",\"city_name\":\"Arequipa\",\"latitude\":\"-16.4014\",\"longitude\":\"-71.5343\",\"timezone\":\"America\\/Lima\"}','2026-02-12 03:52:28','2026-02-12 03:52:28'),
(113,2,'login','2026-02-12','07:58:10',2,'App\\Models\\Tenant\\User','190.42.191.155','WebKit','desktop','Windows','10.0','Chrome','144.0.0.0',NULL,NULL,'{\"country_name\":\"Peru\",\"country_code\":\"PE\",\"region_code\":\"ARE\",\"region_name\":\"Arequipa\",\"city_name\":\"Arequipa\",\"latitude\":\"-16.4014\",\"longitude\":\"-71.5343\",\"timezone\":\"America\\/Lima\"}','2026-02-12 07:58:10','2026-02-12 07:58:10'),
(114,2,'login','2026-02-12','15:13:04',2,'App\\Models\\Tenant\\User','190.42.191.155','WebKit','desktop','Windows','10.0','Chrome','144.0.0.0',NULL,NULL,'{\"country_name\":\"Peru\",\"country_code\":\"PE\",\"region_code\":\"ARE\",\"region_name\":\"Arequipa\",\"city_name\":\"Arequipa\",\"latitude\":\"-16.4014\",\"longitude\":\"-71.5343\",\"timezone\":\"America\\/Lima\"}','2026-02-12 15:13:04','2026-02-12 15:13:04'),
(115,2,'login','2026-02-13','05:17:01',2,'App\\Models\\Tenant\\User','190.42.191.155','WebKit','desktop','Windows','10.0','Chrome','144.0.0.0',NULL,NULL,'{\"country_name\":\"Peru\",\"country_code\":\"PE\",\"region_code\":\"ARE\",\"region_name\":\"Arequipa\",\"city_name\":\"Arequipa\",\"latitude\":\"-16.4014\",\"longitude\":\"-71.5343\",\"timezone\":\"America\\/Lima\"}','2026-02-13 05:17:01','2026-02-13 05:17:01'),
(116,2,'login','2026-02-14','04:53:16',2,'App\\Models\\Tenant\\User','201.240.108.25','WebKit','desktop','Windows','10.0','Chrome','144.0.0.0',NULL,NULL,'{\"country_name\":\"Peru\",\"country_code\":\"PE\",\"region_code\":\"CAJ\",\"region_name\":\"Cajamarca Department\",\"city_name\":\"San Jos\\u00e9 de Lourdes\",\"latitude\":\"-5.10535\",\"longitude\":\"-78.9136\",\"timezone\":\"America\\/Lima\"}','2026-02-14 04:53:16','2026-02-14 04:53:16'),
(117,2,'login','2026-02-14','07:31:52',2,'App\\Models\\Tenant\\User','201.240.108.25','WebKit','desktop','Windows','10.0','Chrome','144.0.0.0',NULL,NULL,'{\"country_name\":\"Peru\",\"country_code\":\"PE\",\"region_code\":\"CAJ\",\"region_name\":\"Cajamarca Department\",\"city_name\":\"San Jos\\u00e9 de Lourdes\",\"latitude\":\"-5.10535\",\"longitude\":\"-78.9136\",\"timezone\":\"America\\/Lima\"}','2026-02-14 07:31:52','2026-02-14 07:31:52'),
(118,2,'login','2026-02-15','03:36:56',2,'App\\Models\\Tenant\\User','201.240.108.25','WebKit','desktop','Windows','10.0','Chrome','144.0.0.0',NULL,NULL,'{\"country_name\":\"Peru\",\"country_code\":\"PE\",\"region_code\":\"CAJ\",\"region_name\":\"Cajamarca Department\",\"city_name\":\"San Jos\\u00e9 de Lourdes\",\"latitude\":\"-5.10535\",\"longitude\":\"-78.9136\",\"timezone\":\"America\\/Lima\"}','2026-02-15 03:36:56','2026-02-15 03:36:56'),
(119,2,'login','2026-02-15','06:58:47',2,'App\\Models\\Tenant\\User','201.240.108.25','WebKit','desktop','Windows','10.0','Chrome','144.0.0.0',NULL,NULL,'{\"country_name\":\"Peru\",\"country_code\":\"PE\",\"region_code\":\"CAJ\",\"region_name\":\"Cajamarca Department\",\"city_name\":\"San Jos\\u00e9 de Lourdes\",\"latitude\":\"-5.10535\",\"longitude\":\"-78.9136\",\"timezone\":\"America\\/Lima\"}','2026-02-15 06:58:47','2026-02-15 06:58:47'),
(120,2,'login','2026-02-15','11:10:21',2,'App\\Models\\Tenant\\User','201.240.108.25','WebKit','desktop','Windows','10.0','Chrome','144.0.0.0',NULL,NULL,'{\"country_name\":\"Peru\",\"country_code\":\"PE\",\"region_code\":\"CAJ\",\"region_name\":\"Cajamarca Department\",\"city_name\":\"San Jos\\u00e9 de Lourdes\",\"latitude\":\"-5.10535\",\"longitude\":\"-78.9136\",\"timezone\":\"America\\/Lima\"}','2026-02-15 11:10:21','2026-02-15 11:10:21'),
(121,2,'login','2026-02-15','13:44:05',2,'App\\Models\\Tenant\\User','200.106.93.45','WebKit','desktop','Windows','10.0','Chrome','144.0.0.0',NULL,NULL,'{\"country_name\":\"Peru\",\"country_code\":\"PE\",\"region_code\":\"AMA\",\"region_name\":\"Amazonas\",\"city_name\":\"Bagua\",\"latitude\":\"-5.63311\",\"longitude\":\"-78.5343\",\"timezone\":\"America\\/Lima\"}','2026-02-15 13:44:05','2026-02-15 13:44:05'),
(122,2,'login','2026-02-15','17:21:33',2,'App\\Models\\Tenant\\User','200.106.93.45','WebKit','desktop','Windows','10.0','Chrome','144.0.0.0',NULL,NULL,'{\"country_name\":\"Peru\",\"country_code\":\"PE\",\"region_code\":\"AMA\",\"region_name\":\"Amazonas\",\"city_name\":\"Bagua\",\"latitude\":\"-5.63311\",\"longitude\":\"-78.5343\",\"timezone\":\"America\\/Lima\"}','2026-02-15 17:21:33','2026-02-15 17:21:33'),
(123,2,'login','2026-02-16','06:32:03',2,'App\\Models\\Tenant\\User','200.106.93.45','WebKit','desktop','Windows','10.0','Chrome','144.0.0.0',NULL,NULL,'{\"country_name\":\"Peru\",\"country_code\":\"PE\",\"region_code\":\"AMA\",\"region_name\":\"Amazonas\",\"city_name\":\"Bagua\",\"latitude\":\"-5.63311\",\"longitude\":\"-78.5343\",\"timezone\":\"America\\/Lima\"}','2026-02-16 06:32:03','2026-02-16 06:32:03'),
(124,2,'login','2026-02-17','06:57:44',2,'App\\Models\\Tenant\\User','200.106.93.45','WebKit','desktop','Windows','10.0','Chrome','144.0.0.0',NULL,NULL,'{\"country_name\":\"Peru\",\"country_code\":\"PE\",\"region_code\":\"AMA\",\"region_name\":\"Amazonas\",\"city_name\":\"Bagua\",\"latitude\":\"-5.63311\",\"longitude\":\"-78.5343\",\"timezone\":\"America\\/Lima\"}','2026-02-17 06:57:44','2026-02-17 06:57:44'),
(125,2,'login','2026-02-17','14:01:05',2,'App\\Models\\Tenant\\User','200.106.93.45','WebKit','desktop','Windows','10.0','Chrome','144.0.0.0',NULL,NULL,'{\"country_name\":\"Peru\",\"country_code\":\"PE\",\"region_code\":\"AMA\",\"region_name\":\"Amazonas\",\"city_name\":\"Bagua\",\"latitude\":\"-5.63311\",\"longitude\":\"-78.5343\",\"timezone\":\"America\\/Lima\"}','2026-02-17 14:01:05','2026-02-17 14:01:05'),
(126,2,'login','2026-02-18','07:08:33',2,'App\\Models\\Tenant\\User','200.106.93.45','WebKit','desktop','Windows','10.0','Chrome','144.0.0.0',NULL,NULL,'{\"country_name\":\"Peru\",\"country_code\":\"PE\",\"region_code\":\"AMA\",\"region_name\":\"Amazonas\",\"city_name\":\"Bagua\",\"latitude\":\"-5.63311\",\"longitude\":\"-78.5343\",\"timezone\":\"America\\/Lima\"}','2026-02-18 07:08:33','2026-02-18 07:08:33'),
(127,2,'login','2026-02-18','10:18:01',2,'App\\Models\\Tenant\\User','200.106.93.45','WebKit','desktop','Windows','10.0','Chrome','144.0.0.0',NULL,NULL,'{\"country_name\":\"Peru\",\"country_code\":\"PE\",\"region_code\":\"AMA\",\"region_name\":\"Amazonas\",\"city_name\":\"Bagua\",\"latitude\":\"-5.63311\",\"longitude\":\"-78.5343\",\"timezone\":\"America\\/Lima\"}','2026-02-18 10:18:01','2026-02-18 10:18:01'),
(128,2,'login','2026-02-19','06:45:40',2,'App\\Models\\Tenant\\User','200.106.93.45','WebKit','desktop','Windows','10.0','Chrome','144.0.0.0',NULL,NULL,'{\"country_name\":\"Peru\",\"country_code\":\"PE\",\"region_code\":\"AMA\",\"region_name\":\"Amazonas\",\"city_name\":\"Bagua\",\"latitude\":\"-5.63311\",\"longitude\":\"-78.5343\",\"timezone\":\"America\\/Lima\"}','2026-02-19 06:45:40','2026-02-19 06:45:40'),
(129,2,'login','2026-02-20','03:29:34',2,'App\\Models\\Tenant\\User','200.106.93.45','WebKit','desktop','Windows','10.0','Chrome','145.0.0.0',NULL,NULL,'{\"country_name\":\"Peru\",\"country_code\":\"PE\",\"region_code\":\"AMA\",\"region_name\":\"Amazonas\",\"city_name\":\"Bagua\",\"latitude\":\"-5.63311\",\"longitude\":\"-78.5343\",\"timezone\":\"America\\/Lima\"}','2026-02-20 03:29:34','2026-02-20 03:29:34'),
(130,2,'login','2026-02-20','07:26:47',2,'App\\Models\\Tenant\\User','200.106.93.45','WebKit','desktop','Windows','10.0','Chrome','145.0.0.0',NULL,NULL,'{\"country_name\":\"Peru\",\"country_code\":\"PE\",\"region_code\":\"AMA\",\"region_name\":\"Amazonas\",\"city_name\":\"Bagua\",\"latitude\":\"-5.63311\",\"longitude\":\"-78.5343\",\"timezone\":\"America\\/Lima\"}','2026-02-20 07:26:47','2026-02-20 07:26:47'),
(131,2,'login','2026-02-20','13:22:17',2,'App\\Models\\Tenant\\User','200.106.93.45','WebKit','desktop','Windows','10.0','Chrome','145.0.0.0',NULL,NULL,'{\"country_name\":\"Peru\",\"country_code\":\"PE\",\"region_code\":\"AMA\",\"region_name\":\"Amazonas\",\"city_name\":\"Bagua\",\"latitude\":\"-5.63311\",\"longitude\":\"-78.5343\",\"timezone\":\"America\\/Lima\"}','2026-02-20 13:22:17','2026-02-20 13:22:17'),
(132,2,'login','2026-02-20','18:09:03',2,'App\\Models\\Tenant\\User','200.106.93.45','WebKit','desktop','Windows','10.0','Chrome','145.0.0.0',NULL,NULL,'{\"country_name\":\"Peru\",\"country_code\":\"PE\",\"region_code\":\"AMA\",\"region_name\":\"Amazonas\",\"city_name\":\"Bagua\",\"latitude\":\"-5.63311\",\"longitude\":\"-78.5343\",\"timezone\":\"America\\/Lima\"}','2026-02-20 18:09:03','2026-02-20 18:09:03'),
(133,2,'login','2026-02-21','06:15:21',2,'App\\Models\\Tenant\\User','200.106.93.45','WebKit','desktop','Windows','10.0','Chrome','145.0.0.0',NULL,NULL,'{\"country_name\":\"Peru\",\"country_code\":\"PE\",\"region_code\":\"AMA\",\"region_name\":\"Amazonas\",\"city_name\":\"Bagua\",\"latitude\":\"-5.63311\",\"longitude\":\"-78.5343\",\"timezone\":\"America\\/Lima\"}','2026-02-21 06:15:21','2026-02-21 06:15:21'),
(134,2,'login','2026-02-21','12:50:05',2,'App\\Models\\Tenant\\User','200.106.93.45','WebKit','desktop','Windows','10.0','Chrome','145.0.0.0',NULL,NULL,'{\"country_name\":\"Peru\",\"country_code\":\"PE\",\"region_code\":\"AMA\",\"region_name\":\"Amazonas\",\"city_name\":\"Bagua\",\"latitude\":\"-5.63311\",\"longitude\":\"-78.5343\",\"timezone\":\"America\\/Lima\"}','2026-02-21 12:50:05','2026-02-21 12:50:05'),
(135,2,'login','2026-02-21','17:12:40',2,'App\\Models\\Tenant\\User','200.106.93.45','WebKit','desktop','Windows','10.0','Chrome','145.0.0.0',NULL,NULL,'{\"country_name\":\"Peru\",\"country_code\":\"PE\",\"region_code\":\"AMA\",\"region_name\":\"Amazonas\",\"city_name\":\"Bagua\",\"latitude\":\"-5.63311\",\"longitude\":\"-78.5343\",\"timezone\":\"America\\/Lima\"}','2026-02-21 17:12:40','2026-02-21 17:12:40'),
(136,2,'login','2026-02-22','07:21:59',2,'App\\Models\\Tenant\\User','200.106.93.45','WebKit','desktop','Windows','10.0','Chrome','145.0.0.0',NULL,NULL,'{\"country_name\":\"Peru\",\"country_code\":\"PE\",\"region_code\":\"AMA\",\"region_name\":\"Amazonas\",\"city_name\":\"Bagua\",\"latitude\":\"-5.63311\",\"longitude\":\"-78.5343\",\"timezone\":\"America\\/Lima\"}','2026-02-22 07:21:59','2026-02-22 07:21:59'),
(137,2,'login','2026-02-22','12:59:15',2,'App\\Models\\Tenant\\User','200.106.93.45','WebKit','desktop','Windows','10.0','Chrome','145.0.0.0',NULL,NULL,'{\"country_name\":\"Peru\",\"country_code\":\"PE\",\"region_code\":\"AMA\",\"region_name\":\"Amazonas\",\"city_name\":\"Bagua\",\"latitude\":\"-5.63311\",\"longitude\":\"-78.5343\",\"timezone\":\"America\\/Lima\"}','2026-02-22 12:59:15','2026-02-22 12:59:15'),
(138,2,'login','2026-02-23','06:38:11',2,'App\\Models\\Tenant\\User','200.106.93.45','WebKit','desktop','Windows','10.0','Chrome','145.0.0.0',NULL,NULL,'{\"country_name\":\"Peru\",\"country_code\":\"PE\",\"region_code\":\"AMA\",\"region_name\":\"Amazonas\",\"city_name\":\"Bagua\",\"latitude\":\"-5.63311\",\"longitude\":\"-78.5343\",\"timezone\":\"America\\/Lima\"}','2026-02-23 06:38:11','2026-02-23 06:38:11'),
(139,2,'login','2026-02-23','15:04:49',2,'App\\Models\\Tenant\\User','200.106.93.45','WebKit','desktop','Windows','10.0','Chrome','145.0.0.0',NULL,NULL,'{\"country_name\":\"Peru\",\"country_code\":\"PE\",\"region_code\":\"AMA\",\"region_name\":\"Amazonas\",\"city_name\":\"Bagua\",\"latitude\":\"-5.63311\",\"longitude\":\"-78.5343\",\"timezone\":\"America\\/Lima\"}','2026-02-23 15:04:49','2026-02-23 15:04:49'),
(140,2,'login','2026-02-24','00:26:27',2,'App\\Models\\Tenant\\User','181.176.42.123','WebKit','desktop','Windows','10.0','Chrome','145.0.0.0',NULL,NULL,'{\"country_name\":\"Peru\",\"country_code\":\"PE\",\"region_code\":\"LAL\",\"region_name\":\"La Libertad\",\"city_name\":\"La Esperanza\",\"latitude\":\"-8.0764\",\"longitude\":\"-79.0437\",\"timezone\":\"America\\/Lima\"}','2026-02-24 00:26:27','2026-02-24 00:26:27'),
(141,2,'login','2026-02-24','07:12:20',2,'App\\Models\\Tenant\\User','200.106.93.45','WebKit','desktop','Windows','10.0','Chrome','145.0.0.0',NULL,NULL,'{\"country_name\":\"Peru\",\"country_code\":\"PE\",\"region_code\":\"AMA\",\"region_name\":\"Amazonas\",\"city_name\":\"Bagua\",\"latitude\":\"-5.63311\",\"longitude\":\"-78.5343\",\"timezone\":\"America\\/Lima\"}','2026-02-24 07:12:20','2026-02-24 07:12:20'),
(142,2,'login','2026-02-24','13:15:21',2,'App\\Models\\Tenant\\User','181.176.101.123','WebKit','desktop','Windows','10.0','Chrome','145.0.0.0',NULL,NULL,'{\"country_name\":\"Peru\",\"country_code\":\"PE\",\"region_code\":\"LMA\",\"region_name\":\"Lima Province\",\"city_name\":\"Lima\",\"latitude\":\"-12.046\",\"longitude\":\"-77.0305\",\"timezone\":\"America\\/Lima\"}','2026-02-24 13:15:21','2026-02-24 13:15:21'),
(143,2,'login','2026-02-25','07:29:36',2,'App\\Models\\Tenant\\User','200.106.93.45','WebKit','desktop','Windows','10.0','Chrome','145.0.0.0',NULL,NULL,'{\"country_name\":\"Peru\",\"country_code\":\"PE\",\"region_code\":\"AMA\",\"region_name\":\"Amazonas\",\"city_name\":\"Bagua\",\"latitude\":\"-5.63311\",\"longitude\":\"-78.5343\",\"timezone\":\"America\\/Lima\"}','2026-02-25 07:29:36','2026-02-25 07:29:36'),
(144,2,'login','2026-02-25','10:24:54',2,'App\\Models\\Tenant\\User','200.106.93.45','WebKit','desktop','Windows','10.0','Chrome','145.0.0.0',NULL,NULL,'{\"country_name\":\"Peru\",\"country_code\":\"PE\",\"region_code\":\"AMA\",\"region_name\":\"Amazonas\",\"city_name\":\"Bagua\",\"latitude\":\"-5.63311\",\"longitude\":\"-78.5343\",\"timezone\":\"America\\/Lima\"}','2026-02-25 10:24:54','2026-02-25 10:24:54'),
(145,2,'login','2026-02-25','16:46:20',2,'App\\Models\\Tenant\\User','200.106.93.45','WebKit','desktop','Windows','10.0','Chrome','145.0.0.0',NULL,NULL,'{\"country_name\":\"Peru\",\"country_code\":\"PE\",\"region_code\":\"AMA\",\"region_name\":\"Amazonas\",\"city_name\":\"Bagua\",\"latitude\":\"-5.63311\",\"longitude\":\"-78.5343\",\"timezone\":\"America\\/Lima\"}','2026-02-25 16:46:20','2026-02-25 16:46:20'),
(146,2,'login','2026-02-26','07:32:18',2,'App\\Models\\Tenant\\User','200.106.93.45','WebKit','desktop','Windows','10.0','Chrome','145.0.0.0',NULL,NULL,'{\"country_name\":\"Peru\",\"country_code\":\"PE\",\"region_code\":\"AMA\",\"region_name\":\"Amazonas\",\"city_name\":\"Bagua\",\"latitude\":\"-5.63311\",\"longitude\":\"-78.5343\",\"timezone\":\"America\\/Lima\"}','2026-02-26 07:32:18','2026-02-26 07:32:18'),
(147,2,'login','2026-02-27','07:24:49',2,'App\\Models\\Tenant\\User','200.106.93.45','WebKit','desktop','Windows','10.0','Chrome','145.0.0.0',NULL,NULL,'{\"country_name\":\"Peru\",\"country_code\":\"PE\",\"region_code\":\"AMA\",\"region_name\":\"Amazonas\",\"city_name\":\"Bagua\",\"latitude\":\"-5.63311\",\"longitude\":\"-78.5343\",\"timezone\":\"America\\/Lima\"}','2026-02-27 07:24:49','2026-02-27 07:24:49'),
(148,2,'login','2026-02-28','06:55:42',2,'App\\Models\\Tenant\\User','200.106.93.45','WebKit','desktop','Windows','10.0','Chrome','145.0.0.0',NULL,NULL,'{\"country_name\":\"Peru\",\"country_code\":\"PE\",\"region_code\":\"AMA\",\"region_name\":\"Amazonas\",\"city_name\":\"Bagua\",\"latitude\":\"-5.63311\",\"longitude\":\"-78.5343\",\"timezone\":\"America\\/Lima\"}','2026-02-28 06:55:42','2026-02-28 06:55:42'),
(149,2,'login','2026-02-28','15:38:06',2,'App\\Models\\Tenant\\User','200.106.93.45','WebKit','desktop','Windows','10.0','Chrome','145.0.0.0',NULL,NULL,'{\"country_name\":\"Peru\",\"country_code\":\"PE\",\"region_code\":\"AMA\",\"region_name\":\"Amazonas\",\"city_name\":\"Bagua\",\"latitude\":\"-5.63311\",\"longitude\":\"-78.5343\",\"timezone\":\"America\\/Lima\"}','2026-02-28 15:38:06','2026-02-28 15:38:06'),
(150,2,'login','2026-02-28','19:50:21',2,'App\\Models\\Tenant\\User','181.176.42.86','WebKit','desktop','Windows','10.0','Chrome','145.0.0.0',NULL,NULL,'{\"country_name\":\"Peru\",\"country_code\":\"PE\",\"region_code\":\"LAM\",\"region_name\":\"Lambayeque\",\"city_name\":\"Chiclayo\",\"latitude\":\"-6.77008\",\"longitude\":\"-79.8549\",\"timezone\":\"America\\/Lima\"}','2026-02-28 19:50:21','2026-02-28 19:50:21'),
(151,2,'login','2026-03-01','07:12:03',2,'App\\Models\\Tenant\\User','200.106.93.45','WebKit','desktop','Windows','10.0','Chrome','145.0.0.0',NULL,NULL,'{\"country_name\":\"Peru\",\"country_code\":\"PE\",\"region_code\":\"AMA\",\"region_name\":\"Amazonas\",\"city_name\":\"Bagua\",\"latitude\":\"-5.63311\",\"longitude\":\"-78.5343\",\"timezone\":\"America\\/Lima\"}','2026-03-01 07:12:03','2026-03-01 07:12:03'),
(152,2,'login','2026-03-02','00:33:34',2,'App\\Models\\Tenant\\User','200.106.93.45','WebKit','desktop','Windows','10.0','Chrome','145.0.0.0',NULL,NULL,'{\"country_name\":\"Peru\",\"country_code\":\"PE\",\"region_code\":\"AMA\",\"region_name\":\"Amazonas\",\"city_name\":\"Bagua\",\"latitude\":\"-5.63311\",\"longitude\":\"-78.5343\",\"timezone\":\"America\\/Lima\"}','2026-03-02 00:33:34','2026-03-02 00:33:34'),
(153,2,'login','2026-03-02','08:02:22',2,'App\\Models\\Tenant\\User','200.106.93.45','WebKit','desktop','Windows','10.0','Chrome','145.0.0.0',NULL,NULL,'{\"country_name\":\"Peru\",\"country_code\":\"PE\",\"region_code\":\"AMA\",\"region_name\":\"Amazonas\",\"city_name\":\"Bagua\",\"latitude\":\"-5.63311\",\"longitude\":\"-78.5343\",\"timezone\":\"America\\/Lima\"}','2026-03-02 08:02:22','2026-03-02 08:02:22'),
(154,2,'login','2026-03-03','07:24:20',2,'App\\Models\\Tenant\\User','200.106.93.45','WebKit','desktop','Windows','10.0','Chrome','145.0.0.0',NULL,NULL,'{\"country_name\":\"Peru\",\"country_code\":\"PE\",\"region_code\":\"AMA\",\"region_name\":\"Amazonas\",\"city_name\":\"Bagua\",\"latitude\":\"-5.63311\",\"longitude\":\"-78.5343\",\"timezone\":\"America\\/Lima\"}','2026-03-03 07:24:20','2026-03-03 07:24:20'),
(155,2,'login','2026-03-03','10:51:27',2,'App\\Models\\Tenant\\User','200.106.93.45','WebKit','desktop','Windows','10.0','Chrome','145.0.0.0',NULL,NULL,'{\"country_name\":\"Peru\",\"country_code\":\"PE\",\"region_code\":\"AMA\",\"region_name\":\"Amazonas\",\"city_name\":\"Bagua\",\"latitude\":\"-5.63311\",\"longitude\":\"-78.5343\",\"timezone\":\"America\\/Lima\"}','2026-03-03 10:51:27','2026-03-03 10:51:27'),
(156,2,'login','2026-03-04','06:42:34',2,'App\\Models\\Tenant\\User','181.67.82.243','WebKit','desktop','Windows','10.0','Chrome','145.0.0.0',NULL,NULL,'{\"country_name\":\"Peru\",\"country_code\":\"PE\",\"region_code\":\"CAJ\",\"region_name\":\"Cajamarca Department\",\"city_name\":\"Ja\\u00e9n\",\"latitude\":\"-5.7075\",\"longitude\":\"-78.8037\",\"timezone\":\"America\\/Lima\"}','2026-03-04 06:42:34','2026-03-04 06:42:34'),
(157,2,'login','2026-03-05','07:14:40',2,'App\\Models\\Tenant\\User','181.67.82.243','WebKit','desktop','Windows','10.0','Chrome','145.0.0.0',NULL,NULL,'{\"country_name\":\"Peru\",\"country_code\":\"PE\",\"region_code\":\"CAJ\",\"region_name\":\"Cajamarca Department\",\"city_name\":\"Ja\\u00e9n\",\"latitude\":\"-5.7075\",\"longitude\":\"-78.8037\",\"timezone\":\"America\\/Lima\"}','2026-03-05 07:14:40','2026-03-05 07:14:40'),
(158,2,'login','2026-03-05','13:31:00',2,'App\\Models\\Tenant\\User','181.67.82.243','WebKit','desktop','Windows','10.0','Chrome','145.0.0.0',NULL,NULL,'{\"country_name\":\"Peru\",\"country_code\":\"PE\",\"region_code\":\"CAJ\",\"region_name\":\"Cajamarca Department\",\"city_name\":\"Ja\\u00e9n\",\"latitude\":\"-5.7075\",\"longitude\":\"-78.8037\",\"timezone\":\"America\\/Lima\"}','2026-03-05 13:31:00','2026-03-05 13:31:00'),
(159,2,'login','2026-03-05','19:08:02',2,'App\\Models\\Tenant\\User','181.67.82.243','WebKit','desktop','Windows','10.0','Chrome','145.0.0.0',NULL,NULL,'{\"country_name\":\"Peru\",\"country_code\":\"PE\",\"region_code\":\"CAJ\",\"region_name\":\"Cajamarca Department\",\"city_name\":\"Ja\\u00e9n\",\"latitude\":\"-5.7075\",\"longitude\":\"-78.8037\",\"timezone\":\"America\\/Lima\"}','2026-03-05 19:08:02','2026-03-05 19:08:02'),
(160,2,'login','2026-03-06','07:50:40',2,'App\\Models\\Tenant\\User','181.67.82.243','WebKit','desktop','Windows','10.0','Chrome','145.0.0.0',NULL,NULL,'{\"country_name\":\"Peru\",\"country_code\":\"PE\",\"region_code\":\"CAJ\",\"region_name\":\"Cajamarca Department\",\"city_name\":\"Ja\\u00e9n\",\"latitude\":\"-5.7075\",\"longitude\":\"-78.8037\",\"timezone\":\"America\\/Lima\"}','2026-03-06 07:50:40','2026-03-06 07:50:40'),
(161,2,'login','2026-03-06','16:26:58',2,'App\\Models\\Tenant\\User','181.67.82.243','WebKit','desktop','Windows','10.0','Chrome','145.0.0.0',NULL,NULL,'{\"country_name\":\"Peru\",\"country_code\":\"PE\",\"region_code\":\"CAJ\",\"region_name\":\"Cajamarca Department\",\"city_name\":\"Ja\\u00e9n\",\"latitude\":\"-5.7075\",\"longitude\":\"-78.8037\",\"timezone\":\"America\\/Lima\"}','2026-03-06 16:26:58','2026-03-06 16:26:58'),
(162,2,'login','2026-03-07','07:29:47',2,'App\\Models\\Tenant\\User','181.67.82.243','WebKit','desktop','Windows','10.0','Chrome','145.0.0.0',NULL,NULL,'{\"country_name\":\"Peru\",\"country_code\":\"PE\",\"region_code\":\"CAJ\",\"region_name\":\"Cajamarca Department\",\"city_name\":\"Ja\\u00e9n\",\"latitude\":\"-5.7075\",\"longitude\":\"-78.8037\",\"timezone\":\"America\\/Lima\"}','2026-03-07 07:29:47','2026-03-07 07:29:47'),
(163,2,'login','2026-03-07','20:16:16',2,'App\\Models\\Tenant\\User','190.239.247.158','WebKit','desktop','Windows','10.0','Chrome','145.0.0.0',NULL,NULL,'{\"country_name\":\"Peru\",\"country_code\":\"PE\",\"region_code\":\"CAJ\",\"region_name\":\"Cajamarca Department\",\"city_name\":\"Cajamarca\",\"latitude\":\"-7.16378\",\"longitude\":\"-78.5003\",\"timezone\":\"America\\/Lima\"}','2026-03-07 20:16:16','2026-03-07 20:16:16'),
(164,2,'login','2026-03-08','07:30:35',2,'App\\Models\\Tenant\\User','190.239.247.158','WebKit','desktop','Windows','10.0','Chrome','145.0.0.0',NULL,NULL,'{\"country_name\":\"Peru\",\"country_code\":\"PE\",\"region_code\":\"CAJ\",\"region_name\":\"Cajamarca Department\",\"city_name\":\"Cajamarca\",\"latitude\":\"-7.16378\",\"longitude\":\"-78.5003\",\"timezone\":\"America\\/Lima\"}','2026-03-08 07:30:35','2026-03-08 07:30:35'),
(165,2,'login','2026-03-09','05:29:42',2,'App\\Models\\Tenant\\User','190.239.247.158','WebKit','desktop','Windows','10.0','Chrome','145.0.0.0',NULL,NULL,'{\"country_name\":\"Peru\",\"country_code\":\"PE\",\"region_code\":\"CAJ\",\"region_name\":\"Cajamarca Department\",\"city_name\":\"Cajamarca\",\"latitude\":\"-7.16378\",\"longitude\":\"-78.5003\",\"timezone\":\"America\\/Lima\"}','2026-03-09 05:29:42','2026-03-09 05:29:42'),
(166,2,'login','2026-03-09','08:11:02',2,'App\\Models\\Tenant\\User','190.43.17.58','WebKit','desktop','Windows','10.0','Chrome','145.0.0.0',NULL,NULL,'{\"country_name\":\"Peru\",\"country_code\":\"PE\",\"region_code\":\"CAJ\",\"region_name\":\"Cajamarca Department\",\"city_name\":\"Ja\\u00e9n\",\"latitude\":\"-5.70729\",\"longitude\":\"-78.8079\",\"timezone\":\"America\\/Lima\"}','2026-03-09 08:11:02','2026-03-09 08:11:02'),
(167,2,'login','2026-03-09','15:16:14',2,'App\\Models\\Tenant\\User','190.43.17.58','WebKit','desktop','Windows','10.0','Chrome','145.0.0.0',NULL,NULL,'{\"country_name\":\"Peru\",\"country_code\":\"PE\",\"region_code\":\"CAJ\",\"region_name\":\"Cajamarca Department\",\"city_name\":\"Ja\\u00e9n\",\"latitude\":\"-5.70729\",\"longitude\":\"-78.8079\",\"timezone\":\"America\\/Lima\"}','2026-03-09 15:16:14','2026-03-09 15:16:14'),
(168,2,'login','2026-03-10','12:56:43',2,'App\\Models\\Tenant\\User','190.43.17.58','WebKit','desktop','Windows','10.0','Chrome','145.0.0.0',NULL,NULL,'{\"country_name\":\"Peru\",\"country_code\":\"PE\",\"region_code\":\"CAJ\",\"region_name\":\"Cajamarca Department\",\"city_name\":\"Ja\\u00e9n\",\"latitude\":\"-5.70729\",\"longitude\":\"-78.8079\",\"timezone\":\"America\\/Lima\"}','2026-03-10 12:56:43','2026-03-10 12:56:43'),
(169,2,'login','2026-03-10','18:41:23',2,'App\\Models\\Tenant\\User','190.43.17.58','WebKit','desktop','Windows','10.0','Chrome','145.0.0.0',NULL,NULL,'{\"country_name\":\"Peru\",\"country_code\":\"PE\",\"region_code\":\"CAJ\",\"region_name\":\"Cajamarca Department\",\"city_name\":\"Ja\\u00e9n\",\"latitude\":\"-5.70729\",\"longitude\":\"-78.8079\",\"timezone\":\"America\\/Lima\"}','2026-03-10 18:41:23','2026-03-10 18:41:23'),
(170,2,'login','2026-03-11','00:13:27',2,'App\\Models\\Tenant\\User','190.43.17.58','WebKit','desktop','Windows','10.0','Chrome','145.0.0.0',NULL,NULL,'{\"country_name\":\"Peru\",\"country_code\":\"PE\",\"region_code\":\"CAJ\",\"region_name\":\"Cajamarca Department\",\"city_name\":\"Ja\\u00e9n\",\"latitude\":\"-5.70729\",\"longitude\":\"-78.8079\",\"timezone\":\"America\\/Lima\"}','2026-03-11 00:13:27','2026-03-11 00:13:27'),
(171,2,'login','2026-03-11','08:34:27',2,'App\\Models\\Tenant\\User','190.43.17.58','WebKit','desktop','Windows','10.0','Chrome','145.0.0.0',NULL,NULL,'{\"country_name\":\"Peru\",\"country_code\":\"PE\",\"region_code\":\"CAJ\",\"region_name\":\"Cajamarca Department\",\"city_name\":\"Ja\\u00e9n\",\"latitude\":\"-5.70729\",\"longitude\":\"-78.8079\",\"timezone\":\"America\\/Lima\"}','2026-03-11 08:34:27','2026-03-11 08:34:27'),
(172,2,'login','2026-03-11','17:44:59',2,'App\\Models\\Tenant\\User','190.43.17.58','WebKit','desktop','Windows','10.0','Chrome','145.0.0.0',NULL,NULL,'{\"country_name\":\"Peru\",\"country_code\":\"PE\",\"region_code\":\"CAJ\",\"region_name\":\"Cajamarca Department\",\"city_name\":\"Ja\\u00e9n\",\"latitude\":\"-5.70729\",\"longitude\":\"-78.8079\",\"timezone\":\"America\\/Lima\"}','2026-03-11 17:44:59','2026-03-11 17:44:59'),
(173,2,'login','2026-03-12','14:41:40',2,'App\\Models\\Tenant\\User','190.43.17.58','WebKit','desktop','Windows','10.0','Chrome','145.0.0.0',NULL,NULL,'{\"country_name\":\"Peru\",\"country_code\":\"PE\",\"region_code\":\"CAJ\",\"region_name\":\"Cajamarca Department\",\"city_name\":\"Ja\\u00e9n\",\"latitude\":\"-5.70729\",\"longitude\":\"-78.8079\",\"timezone\":\"America\\/Lima\"}','2026-03-12 14:41:40','2026-03-12 14:41:40'),
(174,2,'login','2026-03-12','18:33:18',2,'App\\Models\\Tenant\\User','190.43.17.58','WebKit','desktop','Windows','10.0','Chrome','145.0.0.0',NULL,NULL,'{\"country_name\":\"Peru\",\"country_code\":\"PE\",\"region_code\":\"CAJ\",\"region_name\":\"Cajamarca Department\",\"city_name\":\"Ja\\u00e9n\",\"latitude\":\"-5.70729\",\"longitude\":\"-78.8079\",\"timezone\":\"America\\/Lima\"}','2026-03-12 18:33:18','2026-03-12 18:33:18'),
(175,2,'login','2026-03-13','08:33:42',2,'App\\Models\\Tenant\\User','190.43.17.58','WebKit','desktop','Windows','10.0','Chrome','145.0.0.0',NULL,NULL,'{\"country_name\":\"Peru\",\"country_code\":\"PE\",\"region_code\":\"CAJ\",\"region_name\":\"Cajamarca Department\",\"city_name\":\"Ja\\u00e9n\",\"latitude\":\"-5.70729\",\"longitude\":\"-78.8079\",\"timezone\":\"America\\/Lima\"}','2026-03-13 08:33:42','2026-03-13 08:33:42'),
(176,2,'login','2026-03-13','16:54:55',2,'App\\Models\\Tenant\\User','190.43.17.58','WebKit','desktop','Windows','10.0','Chrome','145.0.0.0',NULL,NULL,'{\"country_name\":\"Peru\",\"country_code\":\"PE\",\"region_code\":\"CAJ\",\"region_name\":\"Cajamarca Department\",\"city_name\":\"Ja\\u00e9n\",\"latitude\":\"-5.70729\",\"longitude\":\"-78.8079\",\"timezone\":\"America\\/Lima\"}','2026-03-13 16:54:55','2026-03-13 16:54:55'),
(177,2,'login','2026-03-14','11:04:56',2,'App\\Models\\Tenant\\User','190.43.17.58','WebKit','desktop','Windows','10.0','Chrome','145.0.0.0',NULL,NULL,'{\"country_name\":\"Peru\",\"country_code\":\"PE\",\"region_code\":\"CAJ\",\"region_name\":\"Cajamarca Department\",\"city_name\":\"Ja\\u00e9n\",\"latitude\":\"-5.70729\",\"longitude\":\"-78.8079\",\"timezone\":\"America\\/Lima\"}','2026-03-14 11:04:56','2026-03-14 11:04:56'),
(178,2,'login','2026-03-14','17:06:20',2,'App\\Models\\Tenant\\User','190.43.17.58','WebKit','desktop','Windows','10.0','Chrome','145.0.0.0',NULL,NULL,'{\"country_name\":\"Peru\",\"country_code\":\"PE\",\"region_code\":\"CAJ\",\"region_name\":\"Cajamarca Department\",\"city_name\":\"Ja\\u00e9n\",\"latitude\":\"-5.70729\",\"longitude\":\"-78.8079\",\"timezone\":\"America\\/Lima\"}','2026-03-14 17:06:20','2026-03-14 17:06:20'),
(179,2,'login','2026-03-15','17:18:07',2,'App\\Models\\Tenant\\User','190.42.191.162','WebKit','desktop','Windows','10.0','Chrome','145.0.0.0',NULL,NULL,'{\"country_name\":\"Peru\",\"country_code\":\"PE\",\"region_code\":\"ARE\",\"region_name\":\"Arequipa\",\"city_name\":\"Arequipa\",\"latitude\":\"-16.4014\",\"longitude\":\"-71.5343\",\"timezone\":\"America\\/Lima\"}','2026-03-15 17:18:07','2026-03-15 17:18:07'),
(180,2,'login','2026-03-16','22:22:00',2,'App\\Models\\Tenant\\User','190.42.191.162','WebKit','desktop','Windows','10.0','Chrome','145.0.0.0',NULL,NULL,'{\"country_name\":\"Peru\",\"country_code\":\"PE\",\"region_code\":\"ARE\",\"region_name\":\"Arequipa\",\"city_name\":\"Arequipa\",\"latitude\":\"-16.4014\",\"longitude\":\"-71.5343\",\"timezone\":\"America\\/Lima\"}','2026-03-16 22:22:00','2026-03-16 22:22:00'),
(181,2,'login','2026-03-17','00:35:22',2,'App\\Models\\Tenant\\User','190.42.191.162','WebKit','desktop','Windows','10.0','Chrome','145.0.0.0',NULL,NULL,'{\"country_name\":\"Peru\",\"country_code\":\"PE\",\"region_code\":\"ARE\",\"region_name\":\"Arequipa\",\"city_name\":\"Arequipa\",\"latitude\":\"-16.4014\",\"longitude\":\"-71.5343\",\"timezone\":\"America\\/Lima\"}','2026-03-17 00:35:22','2026-03-17 00:35:22'),
(182,2,'login','2026-03-17','06:57:58',2,'App\\Models\\Tenant\\User','190.42.191.162','WebKit','desktop','Windows','10.0','Chrome','145.0.0.0',NULL,NULL,'{\"country_name\":\"Peru\",\"country_code\":\"PE\",\"region_code\":\"ARE\",\"region_name\":\"Arequipa\",\"city_name\":\"Arequipa\",\"latitude\":\"-16.4014\",\"longitude\":\"-71.5343\",\"timezone\":\"America\\/Lima\"}','2026-03-17 06:57:58','2026-03-17 06:57:58'),
(183,2,'login','2026-03-17','09:25:25',2,'App\\Models\\Tenant\\User','190.42.191.162','WebKit','desktop','Windows','10.0','Chrome','145.0.0.0',NULL,NULL,'{\"country_name\":\"Peru\",\"country_code\":\"PE\",\"region_code\":\"ARE\",\"region_name\":\"Arequipa\",\"city_name\":\"Arequipa\",\"latitude\":\"-16.4014\",\"longitude\":\"-71.5343\",\"timezone\":\"America\\/Lima\"}','2026-03-17 09:25:25','2026-03-17 09:25:25'),
(184,2,'login','2026-03-17','18:41:23',2,'App\\Models\\Tenant\\User','190.42.191.162','WebKit','desktop','Windows','10.0','Chrome','145.0.0.0',NULL,NULL,'{\"country_name\":\"Peru\",\"country_code\":\"PE\",\"region_code\":\"ARE\",\"region_name\":\"Arequipa\",\"city_name\":\"Arequipa\",\"latitude\":\"-16.4014\",\"longitude\":\"-71.5343\",\"timezone\":\"America\\/Lima\"}','2026-03-17 18:41:23','2026-03-17 18:41:23'),
(185,2,'login','2026-03-17','22:03:48',2,'App\\Models\\Tenant\\User','190.42.191.162','WebKit','desktop','Windows','10.0','Chrome','145.0.0.0',NULL,NULL,'{\"country_name\":\"Peru\",\"country_code\":\"PE\",\"region_code\":\"ARE\",\"region_name\":\"Arequipa\",\"city_name\":\"Arequipa\",\"latitude\":\"-16.4014\",\"longitude\":\"-71.5343\",\"timezone\":\"America\\/Lima\"}','2026-03-17 22:03:48','2026-03-17 22:03:48'),
(186,2,'login','2026-03-18','06:24:59',2,'App\\Models\\Tenant\\User','190.42.191.162','WebKit','desktop','Windows','10.0','Chrome','145.0.0.0',NULL,NULL,'{\"country_name\":\"Peru\",\"country_code\":\"PE\",\"region_code\":\"ARE\",\"region_name\":\"Arequipa\",\"city_name\":\"Arequipa\",\"latitude\":\"-16.4014\",\"longitude\":\"-71.5343\",\"timezone\":\"America\\/Lima\"}','2026-03-18 06:24:59','2026-03-18 06:24:59'),
(187,2,'login','2026-03-18','17:50:01',2,'App\\Models\\Tenant\\User','190.42.191.162','WebKit','desktop','Windows','10.0','Chrome','145.0.0.0',NULL,NULL,'{\"country_name\":\"Peru\",\"country_code\":\"PE\",\"region_code\":\"ARE\",\"region_name\":\"Arequipa\",\"city_name\":\"Arequipa\",\"latitude\":\"-16.4014\",\"longitude\":\"-71.5343\",\"timezone\":\"America\\/Lima\"}','2026-03-18 17:50:01','2026-03-18 17:50:01'),
(188,2,'login','2026-03-18','22:48:55',2,'App\\Models\\Tenant\\User','190.42.191.162','WebKit','desktop','Windows','10.0','Chrome','145.0.0.0',NULL,NULL,'{\"country_name\":\"Peru\",\"country_code\":\"PE\",\"region_code\":\"ARE\",\"region_name\":\"Arequipa\",\"city_name\":\"Arequipa\",\"latitude\":\"-16.4014\",\"longitude\":\"-71.5343\",\"timezone\":\"America\\/Lima\"}','2026-03-18 22:48:55','2026-03-18 22:48:55'),
(189,2,'login','2026-03-19','06:51:55',2,'App\\Models\\Tenant\\User','190.42.191.162','WebKit','desktop','Windows','10.0','Chrome','145.0.0.0',NULL,NULL,'{\"country_name\":\"Peru\",\"country_code\":\"PE\",\"region_code\":\"ARE\",\"region_name\":\"Arequipa\",\"city_name\":\"Arequipa\",\"latitude\":\"-16.4014\",\"longitude\":\"-71.5343\",\"timezone\":\"America\\/Lima\"}','2026-03-19 06:51:55','2026-03-19 06:51:55'),
(190,2,'login','2026-03-19','13:54:58',2,'App\\Models\\Tenant\\User','190.42.191.162','WebKit','desktop','Windows','10.0','Chrome','145.0.0.0',NULL,NULL,'{\"country_name\":\"Peru\",\"country_code\":\"PE\",\"region_code\":\"ARE\",\"region_name\":\"Arequipa\",\"city_name\":\"Arequipa\",\"latitude\":\"-16.4014\",\"longitude\":\"-71.5343\",\"timezone\":\"America\\/Lima\"}','2026-03-19 13:54:58','2026-03-19 13:54:58'),
(191,2,'login','2026-03-20','06:20:54',2,'App\\Models\\Tenant\\User','190.42.191.162','WebKit','desktop','Windows','10.0','Chrome','145.0.0.0',NULL,NULL,'{\"country_name\":\"Peru\",\"country_code\":\"PE\",\"region_code\":\"ARE\",\"region_name\":\"Arequipa\",\"city_name\":\"Arequipa\",\"latitude\":\"-16.4014\",\"longitude\":\"-71.5343\",\"timezone\":\"America\\/Lima\"}','2026-03-20 06:20:54','2026-03-20 06:20:54'),
(192,2,'login','2026-03-20','13:17:07',2,'App\\Models\\Tenant\\User','190.42.191.162','WebKit','desktop','Windows','10.0','Chrome','145.0.0.0',NULL,NULL,'{\"country_name\":\"Peru\",\"country_code\":\"PE\",\"region_code\":\"ARE\",\"region_name\":\"Arequipa\",\"city_name\":\"Arequipa\",\"latitude\":\"-16.4014\",\"longitude\":\"-71.5343\",\"timezone\":\"America\\/Lima\"}','2026-03-20 13:17:07','2026-03-20 13:17:07'),
(193,2,'login','2026-03-21','06:07:45',2,'App\\Models\\Tenant\\User','190.42.191.162','WebKit','desktop','Windows','10.0','Chrome','145.0.0.0',NULL,NULL,'{\"country_name\":\"Peru\",\"country_code\":\"PE\",\"region_code\":\"ARE\",\"region_name\":\"Arequipa\",\"city_name\":\"Arequipa\",\"latitude\":\"-16.4014\",\"longitude\":\"-71.5343\",\"timezone\":\"America\\/Lima\"}','2026-03-21 06:07:45','2026-03-21 06:07:45'),
(194,2,'login','2026-03-22','07:35:09',2,'App\\Models\\Tenant\\User','190.42.191.162','WebKit','desktop','Windows','10.0','Chrome','145.0.0.0',NULL,NULL,'{\"country_name\":\"Peru\",\"country_code\":\"PE\",\"region_code\":\"ARE\",\"region_name\":\"Arequipa\",\"city_name\":\"Arequipa\",\"latitude\":\"-16.4014\",\"longitude\":\"-71.5343\",\"timezone\":\"America\\/Lima\"}','2026-03-22 07:35:09','2026-03-22 07:35:09'),
(195,2,'login','2026-03-22','17:47:55',2,'App\\Models\\Tenant\\User','190.42.191.162','WebKit','desktop','Windows','10.0','Chrome','146.0.0.0',NULL,NULL,'{\"country_name\":\"Peru\",\"country_code\":\"PE\",\"region_code\":\"ARE\",\"region_name\":\"Arequipa\",\"city_name\":\"Arequipa\",\"latitude\":\"-16.4014\",\"longitude\":\"-71.5343\",\"timezone\":\"America\\/Lima\"}','2026-03-22 17:47:55','2026-03-22 17:47:55'),
(196,2,'login','2026-03-23','03:57:50',2,'App\\Models\\Tenant\\User','190.42.191.162','WebKit','desktop','Windows','10.0','Chrome','146.0.0.0',NULL,NULL,'{\"country_name\":\"Peru\",\"country_code\":\"PE\",\"region_code\":\"ARE\",\"region_name\":\"Arequipa\",\"city_name\":\"Arequipa\",\"latitude\":\"-16.4014\",\"longitude\":\"-71.5343\",\"timezone\":\"America\\/Lima\"}','2026-03-23 03:57:50','2026-03-23 03:57:50'),
(197,2,'login','2026-03-23','06:47:20',2,'App\\Models\\Tenant\\User','190.42.191.162','WebKit','desktop','Windows','10.0','Chrome','146.0.0.0',NULL,NULL,'{\"country_name\":\"Peru\",\"country_code\":\"PE\",\"region_code\":\"ARE\",\"region_name\":\"Arequipa\",\"city_name\":\"Arequipa\",\"latitude\":\"-16.4014\",\"longitude\":\"-71.5343\",\"timezone\":\"America\\/Lima\"}','2026-03-23 06:47:20','2026-03-23 06:47:20'),
(198,2,'login','2026-03-23','16:26:28',2,'App\\Models\\Tenant\\User','190.42.191.162','WebKit','desktop','Windows','10.0','Chrome','146.0.0.0',NULL,NULL,'{\"country_name\":\"Peru\",\"country_code\":\"PE\",\"region_code\":\"ARE\",\"region_name\":\"Arequipa\",\"city_name\":\"Arequipa\",\"latitude\":\"-16.4014\",\"longitude\":\"-71.5343\",\"timezone\":\"America\\/Lima\"}','2026-03-23 16:26:28','2026-03-23 16:26:28'),
(199,2,'login','2026-03-24','04:52:22',2,'App\\Models\\Tenant\\User','190.42.191.162','WebKit','desktop','Windows','10.0','Chrome','146.0.0.0',NULL,NULL,'{\"country_name\":\"Peru\",\"country_code\":\"PE\",\"region_code\":\"ARE\",\"region_name\":\"Arequipa\",\"city_name\":\"Arequipa\",\"latitude\":\"-16.4014\",\"longitude\":\"-71.5343\",\"timezone\":\"America\\/Lima\"}','2026-03-24 04:52:22','2026-03-24 04:52:22'),
(200,2,'login','2026-03-25','07:39:15',2,'App\\Models\\Tenant\\User','181.176.40.98','WebKit','desktop','Windows','10.0','Chrome','146.0.0.0',NULL,NULL,'{\"country_name\":\"Peru\",\"country_code\":\"PE\",\"region_code\":\"LAM\",\"region_name\":\"Lambayeque\",\"city_name\":\"Annape\",\"latitude\":\"-6.52345\",\"longitude\":\"-80.0023\",\"timezone\":\"America\\/Lima\"}','2026-03-25 07:39:15','2026-03-25 07:39:15'),
(201,2,'login','2026-03-26','07:40:29',2,'App\\Models\\Tenant\\User','201.240.108.214','WebKit','desktop','Windows','10.0','Chrome','146.0.0.0',NULL,NULL,'{\"country_name\":\"Peru\",\"country_code\":\"PE\",\"region_code\":\"CAJ\",\"region_name\":\"Cajamarca Department\",\"city_name\":\"Ja\\u00e9n\",\"latitude\":\"-5.7075\",\"longitude\":\"-78.8037\",\"timezone\":\"America\\/Lima\"}','2026-03-26 07:40:29','2026-03-26 07:40:29'),
(202,2,'login','2026-03-27','07:23:15',2,'App\\Models\\Tenant\\User','201.240.108.214','WebKit','desktop','Windows','10.0','Chrome','146.0.0.0',NULL,NULL,'{\"country_name\":\"Peru\",\"country_code\":\"PE\",\"region_code\":\"CAJ\",\"region_name\":\"Cajamarca Department\",\"city_name\":\"Ja\\u00e9n\",\"latitude\":\"-5.7075\",\"longitude\":\"-78.8037\",\"timezone\":\"America\\/Lima\"}','2026-03-27 07:23:15','2026-03-27 07:23:15'),
(203,2,'login','2026-03-27','12:30:49',2,'App\\Models\\Tenant\\User','201.240.108.214','WebKit','desktop','Windows','10.0','Chrome','146.0.0.0',NULL,NULL,'{\"country_name\":\"Peru\",\"country_code\":\"PE\",\"region_code\":\"CAJ\",\"region_name\":\"Cajamarca Department\",\"city_name\":\"Ja\\u00e9n\",\"latitude\":\"-5.7075\",\"longitude\":\"-78.8037\",\"timezone\":\"America\\/Lima\"}','2026-03-27 12:30:49','2026-03-27 12:30:49'),
(204,2,'login','2026-03-27','17:17:24',2,'App\\Models\\Tenant\\User','201.240.108.214','WebKit','desktop','Windows','10.0','Chrome','146.0.0.0',NULL,NULL,'{\"country_name\":\"Peru\",\"country_code\":\"PE\",\"region_code\":\"CAJ\",\"region_name\":\"Cajamarca Department\",\"city_name\":\"Ja\\u00e9n\",\"latitude\":\"-5.7075\",\"longitude\":\"-78.8037\",\"timezone\":\"America\\/Lima\"}','2026-03-27 17:17:24','2026-03-27 17:17:24'),
(205,2,'login','2026-03-28','02:46:58',2,'App\\Models\\Tenant\\User','201.240.108.214','WebKit','desktop','Windows','10.0','Chrome','146.0.0.0',NULL,NULL,'{\"country_name\":\"Peru\",\"country_code\":\"PE\",\"region_code\":\"CAJ\",\"region_name\":\"Cajamarca Department\",\"city_name\":\"Ja\\u00e9n\",\"latitude\":\"-5.7075\",\"longitude\":\"-78.8037\",\"timezone\":\"America\\/Lima\"}','2026-03-28 02:46:58','2026-03-28 02:46:58'),
(206,2,'login','2026-03-28','07:56:24',2,'App\\Models\\Tenant\\User','181.176.42.211','WebKit','desktop','Windows','10.0','Chrome','146.0.0.0',NULL,NULL,'{\"country_name\":\"Peru\",\"country_code\":\"PE\",\"region_code\":\"LOR\",\"region_name\":\"Loreto\",\"city_name\":\"Yurimaguas\",\"latitude\":\"-5.90181\",\"longitude\":\"-76.1223\",\"timezone\":\"America\\/Lima\"}','2026-03-28 07:56:24','2026-03-28 07:56:24'),
(207,2,'login','2026-03-28','18:50:15',2,'App\\Models\\Tenant\\User','201.240.108.214','WebKit','desktop','Windows','10.0','Chrome','146.0.0.0',NULL,NULL,'{\"country_name\":\"Peru\",\"country_code\":\"PE\",\"region_code\":\"CAJ\",\"region_name\":\"Cajamarca Department\",\"city_name\":\"Ja\\u00e9n\",\"latitude\":\"-5.7075\",\"longitude\":\"-78.8037\",\"timezone\":\"America\\/Lima\"}','2026-03-28 18:50:15','2026-03-28 18:50:15'),
(208,2,'login','2026-03-29','08:01:16',2,'App\\Models\\Tenant\\User','201.240.108.214','WebKit','desktop','Windows','10.0','Chrome','146.0.0.0',NULL,NULL,'{\"country_name\":\"Peru\",\"country_code\":\"PE\",\"region_code\":\"CAJ\",\"region_name\":\"Cajamarca Department\",\"city_name\":\"Ja\\u00e9n\",\"latitude\":\"-5.7075\",\"longitude\":\"-78.8037\",\"timezone\":\"America\\/Lima\"}','2026-03-29 08:01:16','2026-03-29 08:01:16'),
(209,2,'login','2026-03-29','10:54:56',2,'App\\Models\\Tenant\\User','201.240.108.214','WebKit','desktop','Windows','10.0','Chrome','146.0.0.0',NULL,NULL,'{\"country_name\":\"Peru\",\"country_code\":\"PE\",\"region_code\":\"CAJ\",\"region_name\":\"Cajamarca Department\",\"city_name\":\"Ja\\u00e9n\",\"latitude\":\"-5.7075\",\"longitude\":\"-78.8037\",\"timezone\":\"America\\/Lima\"}','2026-03-29 10:54:56','2026-03-29 10:54:56'),
(210,2,'login','2026-03-30','03:18:05',2,'App\\Models\\Tenant\\User','201.240.108.214','WebKit','desktop','Windows','10.0','Chrome','146.0.0.0',NULL,NULL,'{\"country_name\":\"Peru\",\"country_code\":\"PE\",\"region_code\":\"CAJ\",\"region_name\":\"Cajamarca Department\",\"city_name\":\"Ja\\u00e9n\",\"latitude\":\"-5.7075\",\"longitude\":\"-78.8037\",\"timezone\":\"America\\/Lima\"}','2026-03-30 03:18:05','2026-03-30 03:18:05'),
(211,2,'login','2026-03-30','07:28:26',2,'App\\Models\\Tenant\\User','201.240.108.214','WebKit','desktop','Windows','10.0','Chrome','146.0.0.0',NULL,NULL,'{\"country_name\":\"Peru\",\"country_code\":\"PE\",\"region_code\":\"CAJ\",\"region_name\":\"Cajamarca Department\",\"city_name\":\"Ja\\u00e9n\",\"latitude\":\"-5.7075\",\"longitude\":\"-78.8037\",\"timezone\":\"America\\/Lima\"}','2026-03-30 07:28:26','2026-03-30 07:28:26'),
(212,2,'login','2026-03-30','12:00:37',2,'App\\Models\\Tenant\\User','201.240.108.214','WebKit','desktop','Windows','10.0','Chrome','146.0.0.0',NULL,NULL,'{\"country_name\":\"Peru\",\"country_code\":\"PE\",\"region_code\":\"CAJ\",\"region_name\":\"Cajamarca Department\",\"city_name\":\"Ja\\u00e9n\",\"latitude\":\"-5.7075\",\"longitude\":\"-78.8037\",\"timezone\":\"America\\/Lima\"}','2026-03-30 12:00:37','2026-03-30 12:00:37'),
(213,2,'login','2026-03-31','04:18:19',2,'App\\Models\\Tenant\\User','201.240.108.214','WebKit','desktop','Windows','10.0','Chrome','146.0.0.0',NULL,NULL,'{\"country_name\":\"Peru\",\"country_code\":\"PE\",\"region_code\":\"CAJ\",\"region_name\":\"Cajamarca Department\",\"city_name\":\"Ja\\u00e9n\",\"latitude\":\"-5.7075\",\"longitude\":\"-78.8037\",\"timezone\":\"America\\/Lima\"}','2026-03-31 04:18:19','2026-03-31 04:18:19'),
(214,2,'login','2026-03-31','07:30:11',2,'App\\Models\\Tenant\\User','201.240.108.214','WebKit','desktop','Windows','10.0','Chrome','146.0.0.0',NULL,NULL,'{\"country_name\":\"Peru\",\"country_code\":\"PE\",\"region_code\":\"CAJ\",\"region_name\":\"Cajamarca Department\",\"city_name\":\"Ja\\u00e9n\",\"latitude\":\"-5.7075\",\"longitude\":\"-78.8037\",\"timezone\":\"America\\/Lima\"}','2026-03-31 07:30:11','2026-03-31 07:30:11'),
(215,2,'login','2026-04-01','09:11:23',2,'App\\Models\\Tenant\\User','201.240.108.214','WebKit','desktop','Windows','10.0','Chrome','146.0.0.0',NULL,NULL,'{\"country_name\":\"Peru\",\"country_code\":\"PE\",\"region_code\":\"CAJ\",\"region_name\":\"Cajamarca Department\",\"city_name\":\"Ja\\u00e9n\",\"latitude\":\"-5.7075\",\"longitude\":\"-78.8037\",\"timezone\":\"America\\/Lima\"}','2026-04-01 09:11:23','2026-04-01 09:11:23'),
(216,2,'login','2026-04-01','09:13:31',2,'App\\Models\\Tenant\\User','181.176.43.217','WebKit','desktop','Windows','10.0','Chrome','146.0.0.0',NULL,NULL,'{\"country_name\":\"Peru\",\"country_code\":\"PE\",\"region_code\":\"LAM\",\"region_name\":\"Lambayeque\",\"city_name\":\"Chiclayo\",\"latitude\":\"-6.77008\",\"longitude\":\"-79.8549\",\"timezone\":\"America\\/Lima\"}','2026-04-01 09:13:31','2026-04-01 09:13:31'),
(217,2,'login','2026-04-01','09:14:56',2,'App\\Models\\Tenant\\User','181.176.43.217','WebKit','desktop','Windows','10.0','Chrome','146.0.0.0',NULL,NULL,'{\"country_name\":\"Peru\",\"country_code\":\"PE\",\"region_code\":\"LAM\",\"region_name\":\"Lambayeque\",\"city_name\":\"Chiclayo\",\"latitude\":\"-6.77008\",\"longitude\":\"-79.8549\",\"timezone\":\"America\\/Lima\"}','2026-04-01 09:14:56','2026-04-01 09:14:56'),
(218,2,'logout','2026-04-01','09:17:05',2,'App\\Models\\Tenant\\User','181.176.43.217','WebKit','desktop','Windows','10.0','Chrome','146.0.0.0',NULL,NULL,'{\"country_name\":\"Peru\",\"country_code\":\"PE\",\"region_code\":\"LAM\",\"region_name\":\"Lambayeque\",\"city_name\":\"Chiclayo\",\"latitude\":\"-6.77008\",\"longitude\":\"-79.8549\",\"timezone\":\"America\\/Lima\"}','2026-04-01 09:17:05','2026-04-01 09:17:05'),
(219,2,'login','2026-04-01','09:17:08',2,'App\\Models\\Tenant\\User','181.176.43.217','WebKit','desktop','Windows','10.0','Chrome','146.0.0.0',NULL,NULL,'{\"country_name\":\"Peru\",\"country_code\":\"PE\",\"region_code\":\"LAM\",\"region_name\":\"Lambayeque\",\"city_name\":\"Chiclayo\",\"latitude\":\"-6.77008\",\"longitude\":\"-79.8549\",\"timezone\":\"America\\/Lima\"}','2026-04-01 09:17:08','2026-04-01 09:17:08'),
(220,2,'login','2026-04-01','09:17:12',2,'App\\Models\\Tenant\\User','181.176.43.217','WebKit','desktop','Windows','10.0','Chrome','146.0.0.0',NULL,NULL,'{\"country_name\":\"Peru\",\"country_code\":\"PE\",\"region_code\":\"LAM\",\"region_name\":\"Lambayeque\",\"city_name\":\"Chiclayo\",\"latitude\":\"-6.77008\",\"longitude\":\"-79.8549\",\"timezone\":\"America\\/Lima\"}','2026-04-01 09:17:12','2026-04-01 09:17:12'),
(221,2,'login','2026-04-01','09:24:05',2,'App\\Models\\Tenant\\User','181.176.43.217','WebKit','desktop','Windows','10.0','Chrome','146.0.0.0',NULL,NULL,'{\"country_name\":\"Peru\",\"country_code\":\"PE\",\"region_code\":\"LAM\",\"region_name\":\"Lambayeque\",\"city_name\":\"Chiclayo\",\"latitude\":\"-6.77008\",\"longitude\":\"-79.8549\",\"timezone\":\"America\\/Lima\"}','2026-04-01 09:24:05','2026-04-01 09:24:05'),
(222,2,'logout','2026-04-01','09:34:59',2,'App\\Models\\Tenant\\User','181.176.43.217','WebKit','desktop','Windows','10.0','Chrome','146.0.0.0',NULL,NULL,'{\"country_name\":\"Peru\",\"country_code\":\"PE\",\"region_code\":\"LAM\",\"region_name\":\"Lambayeque\",\"city_name\":\"Chiclayo\",\"latitude\":\"-6.77008\",\"longitude\":\"-79.8549\",\"timezone\":\"America\\/Lima\"}','2026-04-01 09:34:59','2026-04-01 09:34:59'),
(223,2,'logout','2026-04-01','09:34:59',2,'App\\Models\\Tenant\\User','181.176.43.217','WebKit','desktop','Windows','10.0','Chrome','146.0.0.0',NULL,NULL,'{\"country_name\":\"Peru\",\"country_code\":\"PE\",\"region_code\":\"LAM\",\"region_name\":\"Lambayeque\",\"city_name\":\"Chiclayo\",\"latitude\":\"-6.77008\",\"longitude\":\"-79.8549\",\"timezone\":\"America\\/Lima\"}','2026-04-01 09:34:59','2026-04-01 09:34:59'),
(224,2,'login','2026-04-01','09:35:04',2,'App\\Models\\Tenant\\User','181.176.43.217','WebKit','desktop','Windows','10.0','Chrome','146.0.0.0',NULL,NULL,'{\"country_name\":\"Peru\",\"country_code\":\"PE\",\"region_code\":\"LAM\",\"region_name\":\"Lambayeque\",\"city_name\":\"Chiclayo\",\"latitude\":\"-6.77008\",\"longitude\":\"-79.8549\",\"timezone\":\"America\\/Lima\"}','2026-04-01 09:35:04','2026-04-01 09:35:04'),
(225,2,'logout','2026-04-01','09:38:33',2,'App\\Models\\Tenant\\User','181.176.43.217','WebKit','desktop','Windows','10.0','Chrome','146.0.0.0',NULL,NULL,'{\"country_name\":\"Peru\",\"country_code\":\"PE\",\"region_code\":\"LAM\",\"region_name\":\"Lambayeque\",\"city_name\":\"Chiclayo\",\"latitude\":\"-6.77008\",\"longitude\":\"-79.8549\",\"timezone\":\"America\\/Lima\"}','2026-04-01 09:38:33','2026-04-01 09:38:33'),
(226,2,'logout','2026-04-01','09:38:33',2,'App\\Models\\Tenant\\User','181.176.43.217','WebKit','desktop','Windows','10.0','Chrome','146.0.0.0',NULL,NULL,'{\"country_name\":\"Peru\",\"country_code\":\"PE\",\"region_code\":\"LAM\",\"region_name\":\"Lambayeque\",\"city_name\":\"Chiclayo\",\"latitude\":\"-6.77008\",\"longitude\":\"-79.8549\",\"timezone\":\"America\\/Lima\"}','2026-04-01 09:38:33','2026-04-01 09:38:33'),
(227,2,'login','2026-04-01','09:38:37',2,'App\\Models\\Tenant\\User','181.176.43.217','WebKit','desktop','Windows','10.0','Chrome','146.0.0.0',NULL,NULL,'{\"country_name\":\"Peru\",\"country_code\":\"PE\",\"region_code\":\"LAM\",\"region_name\":\"Lambayeque\",\"city_name\":\"Chiclayo\",\"latitude\":\"-6.77008\",\"longitude\":\"-79.8549\",\"timezone\":\"America\\/Lima\"}','2026-04-01 09:38:37','2026-04-01 09:38:37'),
(228,2,'login','2026-04-01','09:39:53',2,'App\\Models\\Tenant\\User','181.176.43.217','WebKit','desktop','Windows','10.0','Chrome','146.0.0.0',NULL,NULL,'{\"country_name\":\"Peru\",\"country_code\":\"PE\",\"region_code\":\"LAM\",\"region_name\":\"Lambayeque\",\"city_name\":\"Chiclayo\",\"latitude\":\"-6.77008\",\"longitude\":\"-79.8549\",\"timezone\":\"America\\/Lima\"}','2026-04-01 09:39:53','2026-04-01 09:39:53'),
(229,2,'logout','2026-04-01','10:05:39',2,'App\\Models\\Tenant\\User','181.176.43.217','WebKit','desktop','Windows','10.0','Chrome','146.0.0.0',NULL,NULL,'{\"country_name\":\"Peru\",\"country_code\":\"PE\",\"region_code\":\"LAM\",\"region_name\":\"Lambayeque\",\"city_name\":\"Chiclayo\",\"latitude\":\"-6.77008\",\"longitude\":\"-79.8549\",\"timezone\":\"America\\/Lima\"}','2026-04-01 10:05:39','2026-04-01 10:05:39'),
(230,2,'logout','2026-04-01','10:06:49',2,'App\\Models\\Tenant\\User','201.240.108.214','WebKit','desktop','Windows','10.0','Chrome','146.0.0.0',NULL,NULL,'{\"country_name\":\"Peru\",\"country_code\":\"PE\",\"region_code\":\"CAJ\",\"region_name\":\"Cajamarca Department\",\"city_name\":\"Ja\\u00e9n\",\"latitude\":\"-5.7075\",\"longitude\":\"-78.8037\",\"timezone\":\"America\\/Lima\"}','2026-04-01 10:06:49','2026-04-01 10:06:49'),
(231,2,'login','2026-04-01','10:06:52',2,'App\\Models\\Tenant\\User','201.240.108.214','WebKit','desktop','Windows','10.0','Chrome','146.0.0.0',NULL,NULL,'{\"country_name\":\"Peru\",\"country_code\":\"PE\",\"region_code\":\"CAJ\",\"region_name\":\"Cajamarca Department\",\"city_name\":\"Ja\\u00e9n\",\"latitude\":\"-5.7075\",\"longitude\":\"-78.8037\",\"timezone\":\"America\\/Lima\"}','2026-04-01 10:06:52','2026-04-01 10:06:52'),
(232,2,'login','2026-04-01','10:07:08',2,'App\\Models\\Tenant\\User','181.176.43.217','WebKit','desktop','Windows','10.0','Chrome','146.0.0.0',NULL,NULL,'{\"country_name\":\"Peru\",\"country_code\":\"PE\",\"region_code\":\"LAM\",\"region_name\":\"Lambayeque\",\"city_name\":\"Chiclayo\",\"latitude\":\"-6.77008\",\"longitude\":\"-79.8549\",\"timezone\":\"America\\/Lima\"}','2026-04-01 10:07:08','2026-04-01 10:07:08'),
(233,2,'logout','2026-04-01','11:05:05',2,'App\\Models\\Tenant\\User','181.176.43.217','WebKit','desktop','Windows','10.0','Chrome','146.0.0.0',NULL,NULL,'{\"country_name\":\"Peru\",\"country_code\":\"PE\",\"region_code\":\"LAM\",\"region_name\":\"Lambayeque\",\"city_name\":\"Chiclayo\",\"latitude\":\"-6.77008\",\"longitude\":\"-79.8549\",\"timezone\":\"America\\/Lima\"}','2026-04-01 11:05:05','2026-04-01 11:05:05'),
(234,2,'logout','2026-04-01','11:37:38',2,'App\\Models\\Tenant\\User','201.240.108.214','WebKit','desktop','Windows','10.0','Chrome','146.0.0.0',NULL,NULL,'{\"country_name\":\"Peru\",\"country_code\":\"PE\",\"region_code\":\"CAJ\",\"region_name\":\"Cajamarca Department\",\"city_name\":\"Ja\\u00e9n\",\"latitude\":\"-5.7075\",\"longitude\":\"-78.8037\",\"timezone\":\"America\\/Lima\"}','2026-04-01 11:37:38','2026-04-01 11:37:38'),
(235,2,'login','2026-04-01','11:37:52',2,'App\\Models\\Tenant\\User','201.240.108.214','WebKit','desktop','Windows','10.0','Chrome','146.0.0.0',NULL,NULL,'{\"country_name\":\"Peru\",\"country_code\":\"PE\",\"region_code\":\"CAJ\",\"region_name\":\"Cajamarca Department\",\"city_name\":\"Ja\\u00e9n\",\"latitude\":\"-5.7075\",\"longitude\":\"-78.8037\",\"timezone\":\"America\\/Lima\"}','2026-04-01 11:37:52','2026-04-01 11:37:52'),
(236,2,'logout','2026-04-01','12:56:50',2,'App\\Models\\Tenant\\User','201.240.108.214','WebKit','desktop','Windows','10.0','Chrome','146.0.0.0',NULL,NULL,'{\"country_name\":\"Peru\",\"country_code\":\"PE\",\"region_code\":\"CAJ\",\"region_name\":\"Cajamarca Department\",\"city_name\":\"Ja\\u00e9n\",\"latitude\":\"-5.7075\",\"longitude\":\"-78.8037\",\"timezone\":\"America\\/Lima\"}','2026-04-01 12:56:50','2026-04-01 12:56:50'),
(237,2,'login','2026-04-01','14:53:35',2,'App\\Models\\Tenant\\User','201.240.108.214','WebKit','desktop','Windows','10.0','Chrome','146.0.0.0',NULL,NULL,'{\"country_name\":\"Peru\",\"country_code\":\"PE\",\"region_code\":\"CAJ\",\"region_name\":\"Cajamarca Department\",\"city_name\":\"Ja\\u00e9n\",\"latitude\":\"-5.7075\",\"longitude\":\"-78.8037\",\"timezone\":\"America\\/Lima\"}','2026-04-01 14:53:35','2026-04-01 14:53:35'),
(238,2,'logout','2026-04-01','15:09:02',2,'App\\Models\\Tenant\\User','201.240.108.214','WebKit','desktop','Windows','10.0','Chrome','146.0.0.0',NULL,NULL,'{\"country_name\":\"Peru\",\"country_code\":\"PE\",\"region_code\":\"CAJ\",\"region_name\":\"Cajamarca Department\",\"city_name\":\"Ja\\u00e9n\",\"latitude\":\"-5.7075\",\"longitude\":\"-78.8037\",\"timezone\":\"America\\/Lima\"}','2026-04-01 15:09:02','2026-04-01 15:09:02'),
(239,2,'login','2026-04-01','15:44:50',2,'App\\Models\\Tenant\\User','201.240.108.214','WebKit','desktop','Windows','10.0','Chrome','146.0.0.0',NULL,NULL,'{\"country_name\":\"Peru\",\"country_code\":\"PE\",\"region_code\":\"CAJ\",\"region_name\":\"Cajamarca Department\",\"city_name\":\"Ja\\u00e9n\",\"latitude\":\"-5.7075\",\"longitude\":\"-78.8037\",\"timezone\":\"America\\/Lima\"}','2026-04-01 15:44:50','2026-04-01 15:44:50'),
(240,2,'logout','2026-04-01','15:49:37',2,'App\\Models\\Tenant\\User','201.240.108.214','WebKit','desktop','Windows','10.0','Chrome','146.0.0.0',NULL,NULL,'{\"country_name\":\"Peru\",\"country_code\":\"PE\",\"region_code\":\"CAJ\",\"region_name\":\"Cajamarca Department\",\"city_name\":\"Ja\\u00e9n\",\"latitude\":\"-5.7075\",\"longitude\":\"-78.8037\",\"timezone\":\"America\\/Lima\"}','2026-04-01 15:49:37','2026-04-01 15:49:37'),
(241,2,'login','2026-04-01','15:50:10',2,'App\\Models\\Tenant\\User','201.240.108.214','WebKit','desktop','Windows','10.0','Chrome','146.0.0.0',NULL,NULL,'{\"country_name\":\"Peru\",\"country_code\":\"PE\",\"region_code\":\"CAJ\",\"region_name\":\"Cajamarca Department\",\"city_name\":\"Ja\\u00e9n\",\"latitude\":\"-5.7075\",\"longitude\":\"-78.8037\",\"timezone\":\"America\\/Lima\"}','2026-04-01 15:50:10','2026-04-01 15:50:10'),
(242,2,'logout','2026-04-01','17:17:14',2,'App\\Models\\Tenant\\User','201.240.108.214','WebKit','desktop','Windows','10.0','Chrome','146.0.0.0',NULL,NULL,'{\"country_name\":\"Peru\",\"country_code\":\"PE\",\"region_code\":\"CAJ\",\"region_name\":\"Cajamarca Department\",\"city_name\":\"Ja\\u00e9n\",\"latitude\":\"-5.7075\",\"longitude\":\"-78.8037\",\"timezone\":\"America\\/Lima\"}','2026-04-01 17:17:14','2026-04-01 17:17:14'),
(243,2,'login','2026-04-01','19:19:28',2,'App\\Models\\Tenant\\User','181.176.43.217','WebKit','desktop','Windows','10.0','Chrome','146.0.0.0',NULL,NULL,'{\"country_name\":\"Peru\",\"country_code\":\"PE\",\"region_code\":\"LAM\",\"region_name\":\"Lambayeque\",\"city_name\":\"Chiclayo\",\"latitude\":\"-6.77008\",\"longitude\":\"-79.8549\",\"timezone\":\"America\\/Lima\"}','2026-04-01 19:19:28','2026-04-01 19:19:28'),
(244,2,'logout','2026-04-01','19:31:59',2,'App\\Models\\Tenant\\User','181.176.43.217','WebKit','desktop','Windows','10.0','Chrome','146.0.0.0',NULL,NULL,'{\"country_name\":\"Peru\",\"country_code\":\"PE\",\"region_code\":\"LAM\",\"region_name\":\"Lambayeque\",\"city_name\":\"Chiclayo\",\"latitude\":\"-6.77008\",\"longitude\":\"-79.8549\",\"timezone\":\"America\\/Lima\"}','2026-04-01 19:31:59','2026-04-01 19:31:59'),
(245,2,'login','2026-04-01','19:36:50',2,'App\\Models\\Tenant\\User','181.176.43.217','WebKit','desktop','Windows','10.0','Chrome','146.0.0.0',NULL,NULL,'{\"country_name\":\"Peru\",\"country_code\":\"PE\",\"region_code\":\"LAM\",\"region_name\":\"Lambayeque\",\"city_name\":\"Chiclayo\",\"latitude\":\"-6.77008\",\"longitude\":\"-79.8549\",\"timezone\":\"America\\/Lima\"}','2026-04-01 19:36:50','2026-04-01 19:36:50'),
(246,2,'logout','2026-04-01','20:19:32',2,'App\\Models\\Tenant\\User','181.176.43.217','WebKit','desktop','Windows','10.0','Chrome','146.0.0.0',NULL,NULL,'{\"country_name\":\"Peru\",\"country_code\":\"PE\",\"region_code\":\"LAM\",\"region_name\":\"Lambayeque\",\"city_name\":\"Chiclayo\",\"latitude\":\"-6.77008\",\"longitude\":\"-79.8549\",\"timezone\":\"America\\/Lima\"}','2026-04-01 20:19:32','2026-04-01 20:19:32'),
(247,2,'login','2026-04-01','20:19:35',2,'App\\Models\\Tenant\\User','181.176.43.217','WebKit','desktop','Windows','10.0','Chrome','146.0.0.0',NULL,NULL,'{\"country_name\":\"Peru\",\"country_code\":\"PE\",\"region_code\":\"LAM\",\"region_name\":\"Lambayeque\",\"city_name\":\"Chiclayo\",\"latitude\":\"-6.77008\",\"longitude\":\"-79.8549\",\"timezone\":\"America\\/Lima\"}','2026-04-01 20:19:35','2026-04-01 20:19:35'),
(248,2,'logout','2026-04-01','20:20:17',2,'App\\Models\\Tenant\\User','181.176.43.217','WebKit','desktop','Windows','10.0','Chrome','146.0.0.0',NULL,NULL,'{\"country_name\":\"Peru\",\"country_code\":\"PE\",\"region_code\":\"LAM\",\"region_name\":\"Lambayeque\",\"city_name\":\"Chiclayo\",\"latitude\":\"-6.77008\",\"longitude\":\"-79.8549\",\"timezone\":\"America\\/Lima\"}','2026-04-01 20:20:17','2026-04-01 20:20:17'),
(249,2,'login','2026-04-01','20:22:03',2,'App\\Models\\Tenant\\User','181.176.43.217','WebKit','robot','Windows','10.0','Chrome','146.0.0.0',NULL,NULL,'{\"country_name\":\"Peru\",\"country_code\":\"PE\",\"region_code\":\"LAM\",\"region_name\":\"Lambayeque\",\"city_name\":\"Chiclayo\",\"latitude\":\"-6.77008\",\"longitude\":\"-79.8549\",\"timezone\":\"America\\/Lima\"}','2026-04-01 20:22:03','2026-04-01 20:22:03'),
(250,2,'login','2026-04-01','20:22:48',2,'App\\Models\\Tenant\\User','181.176.43.217','WebKit','robot','Windows','10.0','Chrome','146.0.0.0',NULL,NULL,'{\"country_name\":\"Peru\",\"country_code\":\"PE\",\"region_code\":\"LAM\",\"region_name\":\"Lambayeque\",\"city_name\":\"Chiclayo\",\"latitude\":\"-6.77008\",\"longitude\":\"-79.8549\",\"timezone\":\"America\\/Lima\"}','2026-04-01 20:22:48','2026-04-01 20:22:48'),
(251,2,'login','2026-04-01','20:23:31',2,'App\\Models\\Tenant\\User','181.176.43.217','WebKit','robot','Windows','10.0','Chrome','146.0.0.0',NULL,NULL,'{\"country_name\":\"Peru\",\"country_code\":\"PE\",\"region_code\":\"LAM\",\"region_name\":\"Lambayeque\",\"city_name\":\"Chiclayo\",\"latitude\":\"-6.77008\",\"longitude\":\"-79.8549\",\"timezone\":\"America\\/Lima\"}','2026-04-01 20:23:31','2026-04-01 20:23:31'),
(252,2,'login','2026-04-01','20:24:11',2,'App\\Models\\Tenant\\User','181.176.43.217','WebKit','robot','Windows','10.0','Chrome','146.0.0.0',NULL,NULL,'{\"country_name\":\"Peru\",\"country_code\":\"PE\",\"region_code\":\"LAM\",\"region_name\":\"Lambayeque\",\"city_name\":\"Chiclayo\",\"latitude\":\"-6.77008\",\"longitude\":\"-79.8549\",\"timezone\":\"America\\/Lima\"}','2026-04-01 20:24:11','2026-04-01 20:24:11'),
(253,2,'login','2026-04-01','20:24:56',2,'App\\Models\\Tenant\\User','181.176.43.217','WebKit','robot','Windows','10.0','Chrome','146.0.0.0',NULL,NULL,'{\"country_name\":\"Peru\",\"country_code\":\"PE\",\"region_code\":\"LAM\",\"region_name\":\"Lambayeque\",\"city_name\":\"Chiclayo\",\"latitude\":\"-6.77008\",\"longitude\":\"-79.8549\",\"timezone\":\"America\\/Lima\"}','2026-04-01 20:24:56','2026-04-01 20:24:56'),
(254,2,'login','2026-04-01','20:32:18',2,'App\\Models\\Tenant\\User','181.176.43.217','WebKit','robot','Windows','10.0','Chrome','146.0.0.0',NULL,NULL,'{\"country_name\":\"Peru\",\"country_code\":\"PE\",\"region_code\":\"LAM\",\"region_name\":\"Lambayeque\",\"city_name\":\"Chiclayo\",\"latitude\":\"-6.77008\",\"longitude\":\"-79.8549\",\"timezone\":\"America\\/Lima\"}','2026-04-01 20:32:18','2026-04-01 20:32:18'),
(255,2,'login','2026-04-01','20:35:40',2,'App\\Models\\Tenant\\User','181.176.43.217','WebKit','robot','Windows','10.0','Chrome','146.0.0.0',NULL,NULL,'{\"country_name\":\"Peru\",\"country_code\":\"PE\",\"region_code\":\"LAM\",\"region_name\":\"Lambayeque\",\"city_name\":\"Chiclayo\",\"latitude\":\"-6.77008\",\"longitude\":\"-79.8549\",\"timezone\":\"America\\/Lima\"}','2026-04-01 20:35:40','2026-04-01 20:35:40'),
(256,2,'login','2026-04-01','20:35:41',2,'App\\Models\\Tenant\\User','181.176.43.217','WebKit','robot','Windows','10.0','Chrome','146.0.0.0',NULL,NULL,'{\"country_name\":\"Peru\",\"country_code\":\"PE\",\"region_code\":\"LAM\",\"region_name\":\"Lambayeque\",\"city_name\":\"Chiclayo\",\"latitude\":\"-6.77008\",\"longitude\":\"-79.8549\",\"timezone\":\"America\\/Lima\"}','2026-04-01 20:35:41','2026-04-01 20:35:41'),
(257,2,'login','2026-04-01','21:11:10',2,'App\\Models\\Tenant\\User','201.240.108.214','WebKit','desktop','Windows','10.0','Chrome','146.0.0.0',NULL,NULL,'{\"country_name\":\"Peru\",\"country_code\":\"PE\",\"region_code\":\"CAJ\",\"region_name\":\"Cajamarca Department\",\"city_name\":\"Ja\\u00e9n\",\"latitude\":\"-5.7075\",\"longitude\":\"-78.8037\",\"timezone\":\"America\\/Lima\"}','2026-04-01 21:11:10','2026-04-01 21:11:10'),
(258,2,'logout','2026-04-01','21:46:03',2,'App\\Models\\Tenant\\User','201.240.108.214','WebKit','desktop','Windows','10.0','Chrome','146.0.0.0',NULL,NULL,'{\"country_name\":\"Peru\",\"country_code\":\"PE\",\"region_code\":\"CAJ\",\"region_name\":\"Cajamarca Department\",\"city_name\":\"Ja\\u00e9n\",\"latitude\":\"-5.7075\",\"longitude\":\"-78.8037\",\"timezone\":\"America\\/Lima\"}','2026-04-01 21:46:03','2026-04-01 21:46:03'),
(259,2,'logout','2026-04-01','21:46:03',2,'App\\Models\\Tenant\\User','201.240.108.214','WebKit','desktop','Windows','10.0','Chrome','146.0.0.0',NULL,NULL,'{\"country_name\":\"Peru\",\"country_code\":\"PE\",\"region_code\":\"CAJ\",\"region_name\":\"Cajamarca Department\",\"city_name\":\"Ja\\u00e9n\",\"latitude\":\"-5.7075\",\"longitude\":\"-78.8037\",\"timezone\":\"America\\/Lima\"}','2026-04-01 21:46:03','2026-04-01 21:46:03'),
(260,2,'login','2026-04-01','21:46:20',2,'App\\Models\\Tenant\\User','201.240.108.214','WebKit','desktop','Windows','10.0','Chrome','146.0.0.0',NULL,NULL,'{\"country_name\":\"Peru\",\"country_code\":\"PE\",\"region_code\":\"CAJ\",\"region_name\":\"Cajamarca Department\",\"city_name\":\"Ja\\u00e9n\",\"latitude\":\"-5.7075\",\"longitude\":\"-78.8037\",\"timezone\":\"America\\/Lima\"}','2026-04-01 21:46:20','2026-04-01 21:46:20'),
(261,2,'login','2026-04-01','21:53:23',2,'App\\Models\\Tenant\\User','181.176.43.217','WebKit','desktop','Windows','10.0','Chrome','146.0.0.0',NULL,NULL,'{\"country_name\":\"Peru\",\"country_code\":\"PE\",\"region_code\":\"LAM\",\"region_name\":\"Lambayeque\",\"city_name\":\"Chiclayo\",\"latitude\":\"-6.77008\",\"longitude\":\"-79.8549\",\"timezone\":\"America\\/Lima\"}','2026-04-01 21:53:23','2026-04-01 21:53:23'),
(262,2,'logout','2026-04-01','22:05:46',2,'App\\Models\\Tenant\\User','201.240.108.214','WebKit','desktop','Windows','10.0','Chrome','146.0.0.0',NULL,NULL,'{\"country_name\":\"Peru\",\"country_code\":\"PE\",\"region_code\":\"CAJ\",\"region_name\":\"Cajamarca Department\",\"city_name\":\"Ja\\u00e9n\",\"latitude\":\"-5.7075\",\"longitude\":\"-78.8037\",\"timezone\":\"America\\/Lima\"}','2026-04-01 22:05:46','2026-04-01 22:05:46'),
(263,2,'logout','2026-04-01','22:05:46',2,'App\\Models\\Tenant\\User','201.240.108.214','WebKit','desktop','Windows','10.0','Chrome','146.0.0.0',NULL,NULL,'{\"country_name\":\"Peru\",\"country_code\":\"PE\",\"region_code\":\"CAJ\",\"region_name\":\"Cajamarca Department\",\"city_name\":\"Ja\\u00e9n\",\"latitude\":\"-5.7075\",\"longitude\":\"-78.8037\",\"timezone\":\"America\\/Lima\"}','2026-04-01 22:05:46','2026-04-01 22:05:46'),
(264,2,'login','2026-04-01','22:05:54',2,'App\\Models\\Tenant\\User','201.240.108.214','WebKit','desktop','Windows','10.0','Chrome','146.0.0.0',NULL,NULL,'{\"country_name\":\"Peru\",\"country_code\":\"PE\",\"region_code\":\"CAJ\",\"region_name\":\"Cajamarca Department\",\"city_name\":\"Ja\\u00e9n\",\"latitude\":\"-5.7075\",\"longitude\":\"-78.8037\",\"timezone\":\"America\\/Lima\"}','2026-04-01 22:05:54','2026-04-01 22:05:54'),
(265,2,'logout','2026-04-01','22:20:28',2,'App\\Models\\Tenant\\User','201.240.108.214','WebKit','desktop','Windows','10.0','Chrome','146.0.0.0',NULL,NULL,'{\"country_name\":\"Peru\",\"country_code\":\"PE\",\"region_code\":\"CAJ\",\"region_name\":\"Cajamarca Department\",\"city_name\":\"Ja\\u00e9n\",\"latitude\":\"-5.7075\",\"longitude\":\"-78.8037\",\"timezone\":\"America\\/Lima\"}','2026-04-01 22:20:28','2026-04-01 22:20:28'),
(266,2,'login','2026-04-01','22:20:46',2,'App\\Models\\Tenant\\User','201.240.108.214','WebKit','desktop','Windows','10.0','Chrome','146.0.0.0',NULL,NULL,'{\"country_name\":\"Peru\",\"country_code\":\"PE\",\"region_code\":\"CAJ\",\"region_name\":\"Cajamarca Department\",\"city_name\":\"Ja\\u00e9n\",\"latitude\":\"-5.7075\",\"longitude\":\"-78.8037\",\"timezone\":\"America\\/Lima\"}','2026-04-01 22:20:46','2026-04-01 22:20:46'),
(267,2,'logout','2026-04-01','22:27:31',2,'App\\Models\\Tenant\\User','201.240.108.214','WebKit','desktop','Windows','10.0','Chrome','146.0.0.0',NULL,NULL,'{\"country_name\":\"Peru\",\"country_code\":\"PE\",\"region_code\":\"CAJ\",\"region_name\":\"Cajamarca Department\",\"city_name\":\"Ja\\u00e9n\",\"latitude\":\"-5.7075\",\"longitude\":\"-78.8037\",\"timezone\":\"America\\/Lima\"}','2026-04-01 22:27:31','2026-04-01 22:27:31'),
(268,2,'logout','2026-04-01','22:27:31',2,'App\\Models\\Tenant\\User','201.240.108.214','WebKit','desktop','Windows','10.0','Chrome','146.0.0.0',NULL,NULL,'{\"country_name\":\"Peru\",\"country_code\":\"PE\",\"region_code\":\"CAJ\",\"region_name\":\"Cajamarca Department\",\"city_name\":\"Ja\\u00e9n\",\"latitude\":\"-5.7075\",\"longitude\":\"-78.8037\",\"timezone\":\"America\\/Lima\"}','2026-04-01 22:27:31','2026-04-01 22:27:31'),
(269,2,'login','2026-04-01','22:35:27',2,'App\\Models\\Tenant\\User','201.240.108.214','WebKit','desktop','Windows','10.0','Chrome','146.0.0.0',NULL,NULL,'{\"country_name\":\"Peru\",\"country_code\":\"PE\",\"region_code\":\"CAJ\",\"region_name\":\"Cajamarca Department\",\"city_name\":\"Ja\\u00e9n\",\"latitude\":\"-5.7075\",\"longitude\":\"-78.8037\",\"timezone\":\"America\\/Lima\"}','2026-04-01 22:35:27','2026-04-01 22:35:27'),
(270,2,'logout','2026-04-01','22:48:04',2,'App\\Models\\Tenant\\User','181.176.43.217','WebKit','desktop','Windows','10.0','Chrome','146.0.0.0',NULL,NULL,'{\"country_name\":\"Peru\",\"country_code\":\"PE\",\"region_code\":\"LAM\",\"region_name\":\"Lambayeque\",\"city_name\":\"Chiclayo\",\"latitude\":\"-6.77008\",\"longitude\":\"-79.8549\",\"timezone\":\"America\\/Lima\"}','2026-04-01 22:48:04','2026-04-01 22:48:04'),
(271,2,'logout','2026-04-01','23:12:55',2,'App\\Models\\Tenant\\User','201.240.108.214','WebKit','desktop','Windows','10.0','Chrome','146.0.0.0',NULL,NULL,'{\"country_name\":\"Peru\",\"country_code\":\"PE\",\"region_code\":\"CAJ\",\"region_name\":\"Cajamarca Department\",\"city_name\":\"Ja\\u00e9n\",\"latitude\":\"-5.7075\",\"longitude\":\"-78.8037\",\"timezone\":\"America\\/Lima\"}','2026-04-01 23:12:55','2026-04-01 23:12:55'),
(272,2,'logout','2026-04-01','23:12:55',2,'App\\Models\\Tenant\\User','201.240.108.214','WebKit','desktop','Windows','10.0','Chrome','146.0.0.0',NULL,NULL,'{\"country_name\":\"Peru\",\"country_code\":\"PE\",\"region_code\":\"CAJ\",\"region_name\":\"Cajamarca Department\",\"city_name\":\"Ja\\u00e9n\",\"latitude\":\"-5.7075\",\"longitude\":\"-78.8037\",\"timezone\":\"America\\/Lima\"}','2026-04-01 23:12:55','2026-04-01 23:12:55'),
(273,2,'login','2026-04-01','23:13:25',2,'App\\Models\\Tenant\\User','201.240.108.214','WebKit','desktop','Windows','10.0','Chrome','146.0.0.0',NULL,NULL,'{\"country_name\":\"Peru\",\"country_code\":\"PE\",\"region_code\":\"CAJ\",\"region_name\":\"Cajamarca Department\",\"city_name\":\"Ja\\u00e9n\",\"latitude\":\"-5.7075\",\"longitude\":\"-78.8037\",\"timezone\":\"America\\/Lima\"}','2026-04-01 23:13:25','2026-04-01 23:13:25'),
(274,2,'logout','2026-04-01','23:39:23',2,'App\\Models\\Tenant\\User','201.240.108.214','WebKit','desktop','Windows','10.0','Chrome','146.0.0.0',NULL,NULL,'{\"country_name\":\"Peru\",\"country_code\":\"PE\",\"region_code\":\"CAJ\",\"region_name\":\"Cajamarca Department\",\"city_name\":\"Ja\\u00e9n\",\"latitude\":\"-5.7075\",\"longitude\":\"-78.8037\",\"timezone\":\"America\\/Lima\"}','2026-04-01 23:39:23','2026-04-01 23:39:23'),
(275,2,'logout','2026-04-01','23:39:23',2,'App\\Models\\Tenant\\User','201.240.108.214','WebKit','desktop','Windows','10.0','Chrome','146.0.0.0',NULL,NULL,'{\"country_name\":\"Peru\",\"country_code\":\"PE\",\"region_code\":\"CAJ\",\"region_name\":\"Cajamarca Department\",\"city_name\":\"Ja\\u00e9n\",\"latitude\":\"-5.7075\",\"longitude\":\"-78.8037\",\"timezone\":\"America\\/Lima\"}','2026-04-01 23:39:23','2026-04-01 23:39:23'),
(276,2,'login','2026-04-01','23:39:31',2,'App\\Models\\Tenant\\User','201.240.108.214','WebKit','desktop','Windows','10.0','Chrome','146.0.0.0',NULL,NULL,'{\"country_name\":\"Peru\",\"country_code\":\"PE\",\"region_code\":\"CAJ\",\"region_name\":\"Cajamarca Department\",\"city_name\":\"Ja\\u00e9n\",\"latitude\":\"-5.7075\",\"longitude\":\"-78.8037\",\"timezone\":\"America\\/Lima\"}','2026-04-01 23:39:31','2026-04-01 23:39:31'),
(277,2,'logout','2026-04-02','00:03:46',2,'App\\Models\\Tenant\\User','201.240.108.214','WebKit','desktop','Windows','10.0','Chrome','146.0.0.0',NULL,NULL,'{\"country_name\":\"Peru\",\"country_code\":\"PE\",\"region_code\":\"CAJ\",\"region_name\":\"Cajamarca Department\",\"city_name\":\"Ja\\u00e9n\",\"latitude\":\"-5.7075\",\"longitude\":\"-78.8037\",\"timezone\":\"America\\/Lima\"}','2026-04-02 00:03:46','2026-04-02 00:03:46'),
(278,2,'logout','2026-04-02','00:03:46',2,'App\\Models\\Tenant\\User','201.240.108.214','WebKit','desktop','Windows','10.0','Chrome','146.0.0.0',NULL,NULL,'{\"country_name\":\"Peru\",\"country_code\":\"PE\",\"region_code\":\"CAJ\",\"region_name\":\"Cajamarca Department\",\"city_name\":\"Ja\\u00e9n\",\"latitude\":\"-5.7075\",\"longitude\":\"-78.8037\",\"timezone\":\"America\\/Lima\"}','2026-04-02 00:03:46','2026-04-02 00:03:46'),
(279,2,'login','2026-04-02','00:03:51',2,'App\\Models\\Tenant\\User','201.240.108.214','WebKit','desktop','Windows','10.0','Chrome','146.0.0.0',NULL,NULL,'{\"country_name\":\"Peru\",\"country_code\":\"PE\",\"region_code\":\"CAJ\",\"region_name\":\"Cajamarca Department\",\"city_name\":\"Ja\\u00e9n\",\"latitude\":\"-5.7075\",\"longitude\":\"-78.8037\",\"timezone\":\"America\\/Lima\"}','2026-04-02 00:03:51','2026-04-02 00:03:51'),
(280,2,'logout','2026-04-02','00:07:42',2,'App\\Models\\Tenant\\User','201.240.108.214','WebKit','desktop','Windows','10.0','Chrome','146.0.0.0',NULL,NULL,'{\"country_name\":\"Peru\",\"country_code\":\"PE\",\"region_code\":\"CAJ\",\"region_name\":\"Cajamarca Department\",\"city_name\":\"Ja\\u00e9n\",\"latitude\":\"-5.7075\",\"longitude\":\"-78.8037\",\"timezone\":\"America\\/Lima\"}','2026-04-02 00:07:42','2026-04-02 00:07:42'),
(281,2,'logout','2026-04-02','00:07:42',2,'App\\Models\\Tenant\\User','201.240.108.214','WebKit','desktop','Windows','10.0','Chrome','146.0.0.0',NULL,NULL,'{\"country_name\":\"Peru\",\"country_code\":\"PE\",\"region_code\":\"CAJ\",\"region_name\":\"Cajamarca Department\",\"city_name\":\"Ja\\u00e9n\",\"latitude\":\"-5.7075\",\"longitude\":\"-78.8037\",\"timezone\":\"America\\/Lima\"}','2026-04-02 00:07:42','2026-04-02 00:07:42'),
(282,2,'login','2026-04-02','00:08:31',2,'App\\Models\\Tenant\\User','201.240.108.214','WebKit','desktop','Windows','10.0','Chrome','146.0.0.0',NULL,NULL,'{\"country_name\":\"Peru\",\"country_code\":\"PE\",\"region_code\":\"CAJ\",\"region_name\":\"Cajamarca Department\",\"city_name\":\"Ja\\u00e9n\",\"latitude\":\"-5.7075\",\"longitude\":\"-78.8037\",\"timezone\":\"America\\/Lima\"}','2026-04-02 00:08:31','2026-04-02 00:08:31'),
(283,2,'logout','2026-04-02','00:31:17',2,'App\\Models\\Tenant\\User','201.240.108.214','WebKit','desktop','Windows','10.0','Chrome','146.0.0.0',NULL,NULL,'{\"country_name\":\"Peru\",\"country_code\":\"PE\",\"region_code\":\"CAJ\",\"region_name\":\"Cajamarca Department\",\"city_name\":\"Ja\\u00e9n\",\"latitude\":\"-5.7075\",\"longitude\":\"-78.8037\",\"timezone\":\"America\\/Lima\"}','2026-04-02 00:31:17','2026-04-02 00:31:17'),
(284,2,'login','2026-04-02','00:31:24',2,'App\\Models\\Tenant\\User','201.240.108.214','WebKit','desktop','Windows','10.0','Chrome','146.0.0.0',NULL,NULL,'{\"country_name\":\"Peru\",\"country_code\":\"PE\",\"region_code\":\"CAJ\",\"region_name\":\"Cajamarca Department\",\"city_name\":\"Ja\\u00e9n\",\"latitude\":\"-5.7075\",\"longitude\":\"-78.8037\",\"timezone\":\"America\\/Lima\"}','2026-04-02 00:31:24','2026-04-02 00:31:24'),
(285,2,'logout','2026-04-02','00:40:28',2,'App\\Models\\Tenant\\User','201.240.108.214','WebKit','desktop','Windows','10.0','Chrome','146.0.0.0',NULL,NULL,'{\"country_name\":\"Peru\",\"country_code\":\"PE\",\"region_code\":\"CAJ\",\"region_name\":\"Cajamarca Department\",\"city_name\":\"Ja\\u00e9n\",\"latitude\":\"-5.7075\",\"longitude\":\"-78.8037\",\"timezone\":\"America\\/Lima\"}','2026-04-02 00:40:28','2026-04-02 00:40:28'),
(286,2,'login','2026-04-02','00:40:47',2,'App\\Models\\Tenant\\User','201.240.108.214','WebKit','desktop','Windows','10.0','Chrome','146.0.0.0',NULL,NULL,'{\"country_name\":\"Peru\",\"country_code\":\"PE\",\"region_code\":\"CAJ\",\"region_name\":\"Cajamarca Department\",\"city_name\":\"Ja\\u00e9n\",\"latitude\":\"-5.7075\",\"longitude\":\"-78.8037\",\"timezone\":\"America\\/Lima\"}','2026-04-02 00:40:47','2026-04-02 00:40:47'),
(287,2,'login','2026-04-02','07:38:11',2,'App\\Models\\Tenant\\User','201.240.108.214','WebKit','desktop','Windows','10.0','Chrome','146.0.0.0',NULL,NULL,'{\"country_name\":\"Peru\",\"country_code\":\"PE\",\"region_code\":\"CAJ\",\"region_name\":\"Cajamarca Department\",\"city_name\":\"Ja\\u00e9n\",\"latitude\":\"-5.7075\",\"longitude\":\"-78.8037\",\"timezone\":\"America\\/Lima\"}','2026-04-02 07:38:11','2026-04-02 07:38:11'),
(288,2,'login','2026-04-02','08:23:30',2,'App\\Models\\Tenant\\User','181.176.42.225','WebKit','desktop','Windows','10.0','Chrome','146.0.0.0',NULL,NULL,'{\"country_name\":\"Peru\",\"country_code\":\"PE\",\"region_code\":\"LOR\",\"region_name\":\"Loreto\",\"city_name\":\"Yurimaguas\",\"latitude\":\"-5.90181\",\"longitude\":\"-76.1223\",\"timezone\":\"America\\/Lima\"}','2026-04-02 08:23:30','2026-04-02 08:23:30'),
(289,2,'logout','2026-04-02','09:31:07',2,'App\\Models\\Tenant\\User','181.176.42.225','WebKit','desktop','Windows','10.0','Chrome','146.0.0.0',NULL,NULL,'{\"country_name\":\"Peru\",\"country_code\":\"PE\",\"region_code\":\"LOR\",\"region_name\":\"Loreto\",\"city_name\":\"Yurimaguas\",\"latitude\":\"-5.90181\",\"longitude\":\"-76.1223\",\"timezone\":\"America\\/Lima\"}','2026-04-02 09:31:07','2026-04-02 09:31:07'),
(290,2,'login','2026-04-02','09:33:33',2,'App\\Models\\Tenant\\User','181.176.42.225','WebKit','desktop','Windows','10.0','Chrome','146.0.0.0',NULL,NULL,'{\"country_name\":\"Peru\",\"country_code\":\"PE\",\"region_code\":\"LOR\",\"region_name\":\"Loreto\",\"city_name\":\"Yurimaguas\",\"latitude\":\"-5.90181\",\"longitude\":\"-76.1223\",\"timezone\":\"America\\/Lima\"}','2026-04-02 09:33:33','2026-04-02 09:33:33'),
(291,2,'login','2026-04-02','09:37:17',2,'App\\Models\\Tenant\\User','181.176.42.225','WebKit','desktop','Windows','10.0','Chrome','146.0.0.0',NULL,NULL,'{\"country_name\":\"Peru\",\"country_code\":\"PE\",\"region_code\":\"LOR\",\"region_name\":\"Loreto\",\"city_name\":\"Yurimaguas\",\"latitude\":\"-5.90181\",\"longitude\":\"-76.1223\",\"timezone\":\"America\\/Lima\"}','2026-04-02 09:37:17','2026-04-02 09:37:17'),
(292,2,'logout','2026-04-02','09:55:47',2,'App\\Models\\Tenant\\User','181.176.42.225','WebKit','desktop','Windows','10.0','Chrome','146.0.0.0',NULL,NULL,'{\"country_name\":\"Peru\",\"country_code\":\"PE\",\"region_code\":\"LOR\",\"region_name\":\"Loreto\",\"city_name\":\"Yurimaguas\",\"latitude\":\"-5.90181\",\"longitude\":\"-76.1223\",\"timezone\":\"America\\/Lima\"}','2026-04-02 09:55:47','2026-04-02 09:55:47'),
(293,2,'logout','2026-04-02','09:55:47',2,'App\\Models\\Tenant\\User','181.176.42.225','WebKit','desktop','Windows','10.0','Chrome','146.0.0.0',NULL,NULL,'{\"country_name\":\"Peru\",\"country_code\":\"PE\",\"region_code\":\"LOR\",\"region_name\":\"Loreto\",\"city_name\":\"Yurimaguas\",\"latitude\":\"-5.90181\",\"longitude\":\"-76.1223\",\"timezone\":\"America\\/Lima\"}','2026-04-02 09:55:47','2026-04-02 09:55:47'),
(294,2,'login','2026-04-02','10:55:11',2,'App\\Models\\Tenant\\User','181.176.42.225','WebKit','desktop','Windows','10.0','Chrome','146.0.0.0',NULL,NULL,'{\"country_name\":\"Peru\",\"country_code\":\"PE\",\"region_code\":\"LOR\",\"region_name\":\"Loreto\",\"city_name\":\"Yurimaguas\",\"latitude\":\"-5.90181\",\"longitude\":\"-76.1223\",\"timezone\":\"America\\/Lima\"}','2026-04-02 10:55:11','2026-04-02 10:55:11'),
(295,2,'login','2026-04-04','10:44:11',2,'App\\Models\\Tenant\\User','201.240.108.214','WebKit','desktop','Windows','10.0','Chrome','146.0.0.0',NULL,NULL,'{\"country_name\":\"Peru\",\"country_code\":\"PE\",\"region_code\":\"LIM\",\"region_name\":\"Lima region\",\"city_name\":\"San Borja\",\"latitude\":\"-12.1092\",\"longitude\":\"-77.0163\",\"timezone\":\"America\\/Lima\"}','2026-04-04 10:44:11','2026-04-04 10:44:11'),
(296,2,'login','2026-04-06','19:46:15',2,'App\\Models\\Tenant\\User','181.176.43.36','WebKit','desktop','Windows','10.0','Chrome','146.0.0.0',NULL,NULL,'{\"country_name\":\"Peru\",\"country_code\":\"PE\",\"region_code\":\"CAJ\",\"region_name\":\"Cajamarca Department\",\"city_name\":\"Cajamarca\",\"latitude\":\"-7.16378\",\"longitude\":\"-78.5003\",\"timezone\":\"America\\/Lima\"}','2026-04-06 19:46:15','2026-04-06 19:46:15'),
(297,2,'login','2026-04-08','23:20:52',2,'App\\Models\\Tenant\\User','181.176.40.154','WebKit','desktop','Windows','10.0','Chrome','147.0.0.0',NULL,NULL,'{\"country_name\":\"Peru\",\"country_code\":\"PE\",\"region_code\":\"CAJ\",\"region_name\":\"Cajamarca Department\",\"city_name\":\"Cajamarca\",\"latitude\":\"-7.16378\",\"longitude\":\"-78.5003\",\"timezone\":\"America\\/Lima\"}','2026-04-08 23:20:52','2026-04-08 23:20:52'),
(298,2,'login','2026-04-11','09:53:25',2,'App\\Models\\Tenant\\User','201.240.108.214','WebKit','desktop','Windows','10.0','Chrome','146.0.0.0',NULL,NULL,'{\"country_name\":\"Peru\",\"country_code\":\"PE\",\"region_code\":\"LIM\",\"region_name\":\"Lima region\",\"city_name\":\"San Borja\",\"latitude\":\"-12.1092\",\"longitude\":\"-77.0163\",\"timezone\":\"America\\/Lima\"}','2026-04-11 09:53:25','2026-04-11 09:53:25'),
(299,2,'login','2026-04-13','16:50:39',2,'App\\Models\\Tenant\\User','201.240.108.214','WebKit','desktop','Windows','10.0','Chrome','147.0.0.0',NULL,NULL,'{\"country_name\":\"Peru\",\"country_code\":\"PE\",\"region_code\":\"LIM\",\"region_name\":\"Lima region\",\"city_name\":\"San Borja\",\"latitude\":\"-12.1092\",\"longitude\":\"-77.0163\",\"timezone\":\"America\\/Lima\"}','2026-04-13 16:50:39','2026-04-13 16:50:39'),
(300,2,'login','2026-04-16','17:52:56',2,'App\\Models\\Tenant\\User','201.240.108.40','WebKit','desktop','Windows','10.0','Chrome','147.0.0.0',NULL,NULL,'{\"country_name\":\"Peru\",\"country_code\":\"PE\",\"region_code\":\"CAJ\",\"region_name\":\"Cajamarca Department\",\"city_name\":\"Ja\\u00e9n\",\"latitude\":\"-5.7075\",\"longitude\":\"-78.8037\",\"timezone\":\"America\\/Lima\"}','2026-04-16 17:52:56','2026-04-16 17:52:56'),
(301,2,'login','2026-04-16','17:52:57',2,'App\\Models\\Tenant\\User','201.240.108.40','WebKit','desktop','Windows','10.0','Chrome','147.0.0.0',NULL,NULL,'{\"country_name\":\"Peru\",\"country_code\":\"PE\",\"region_code\":\"CAJ\",\"region_name\":\"Cajamarca Department\",\"city_name\":\"Ja\\u00e9n\",\"latitude\":\"-5.7075\",\"longitude\":\"-78.8037\",\"timezone\":\"America\\/Lima\"}','2026-04-16 17:52:57','2026-04-16 17:52:57'),
(302,2,'login','2026-04-17','08:15:24',2,'App\\Models\\Tenant\\User','201.240.108.40','WebKit','desktop','Windows','10.0','Chrome','147.0.0.0',NULL,NULL,'{\"country_name\":\"Peru\",\"country_code\":\"PE\",\"region_code\":\"CAJ\",\"region_name\":\"Cajamarca Department\",\"city_name\":\"Ja\\u00e9n\",\"latitude\":\"-5.7075\",\"longitude\":\"-78.8037\",\"timezone\":\"America\\/Lima\"}','2026-04-17 08:15:24','2026-04-17 08:15:24'),
(303,2,'login','2026-04-22','23:12:42',2,'App\\Models\\Tenant\\User','181.176.41.254','WebKit','desktop','Windows','10.0','Chrome','147.0.0.0',NULL,NULL,'{\"country_name\":\"Peru\",\"country_code\":\"PE\",\"region_code\":\"APU\",\"region_name\":\"Apur\\u00edmac Department\",\"city_name\":\"Tintay\",\"latitude\":\"-13.9596\",\"longitude\":\"-73.1852\",\"timezone\":\"America\\/Lima\"}','2026-04-22 23:12:42','2026-04-22 23:12:42'),
(304,2,'login','2026-05-06','00:41:10',2,'App\\Models\\Tenant\\User','181.176.42.92','WebKit','desktop','Windows','10.0','Chrome','147.0.0.0',NULL,NULL,'{\"country_name\":\"Peru\",\"country_code\":\"PE\",\"region_code\":\"LAL\",\"region_name\":\"La Libertad\",\"city_name\":\"El Porvenir\",\"latitude\":\"-8.08333\",\"longitude\":\"-79\",\"timezone\":\"America\\/Lima\"}','2026-05-06 00:41:10','2026-05-06 00:41:10'),
(305,2,'login','2026-05-06','01:43:16',2,'App\\Models\\Tenant\\User','181.176.42.92','0','desktop','Windows','0','0','0',NULL,NULL,'{\"country_name\":\"Peru\",\"country_code\":\"PE\",\"region_code\":\"LAL\",\"region_name\":\"La Libertad\",\"city_name\":\"El Porvenir\",\"latitude\":\"-8.08333\",\"longitude\":\"-79\",\"timezone\":\"America\\/Lima\"}','2026-05-06 01:43:16','2026-05-06 01:43:16'),
(306,2,'login','2026-05-06','01:43:49',2,'App\\Models\\Tenant\\User','181.176.42.92','WebKit','desktop','Windows','10.0','Chrome','147.0.0.0',NULL,NULL,'{\"country_name\":\"Peru\",\"country_code\":\"PE\",\"region_code\":\"LAL\",\"region_name\":\"La Libertad\",\"city_name\":\"El Porvenir\",\"latitude\":\"-8.08333\",\"longitude\":\"-79\",\"timezone\":\"America\\/Lima\"}','2026-05-06 01:43:49','2026-05-06 01:43:49'),
(307,2,'login','2026-05-06','01:46:13',2,'App\\Models\\Tenant\\User','181.176.42.92','WebKit','robot','Windows','10.0','Chrome','145.0.7632.6',NULL,NULL,'{\"country_name\":\"Peru\",\"country_code\":\"PE\",\"region_code\":\"LAL\",\"region_name\":\"La Libertad\",\"city_name\":\"El Porvenir\",\"latitude\":\"-8.08333\",\"longitude\":\"-79\",\"timezone\":\"America\\/Lima\"}','2026-05-06 01:46:13','2026-05-06 01:46:13'),
(308,2,'login','2026-05-06','01:48:00',2,'App\\Models\\Tenant\\User','181.176.42.92','WebKit','desktop','Windows','10.0','Chrome','147.0.0.0',NULL,NULL,'{\"country_name\":\"Peru\",\"country_code\":\"PE\",\"region_code\":\"LAL\",\"region_name\":\"La Libertad\",\"city_name\":\"El Porvenir\",\"latitude\":\"-8.08333\",\"longitude\":\"-79\",\"timezone\":\"America\\/Lima\"}','2026-05-06 01:48:00','2026-05-06 01:48:00'),
(309,2,'login','2026-05-06','01:52:51',2,'App\\Models\\Tenant\\User','181.176.42.92','WebKit','desktop','Windows','10.0','Chrome','147.0.0.0',NULL,NULL,'{\"country_name\":\"Peru\",\"country_code\":\"PE\",\"region_code\":\"LAL\",\"region_name\":\"La Libertad\",\"city_name\":\"El Porvenir\",\"latitude\":\"-8.08333\",\"longitude\":\"-79\",\"timezone\":\"America\\/Lima\"}','2026-05-06 01:52:51','2026-05-06 01:52:51'),
(310,2,'login','2026-05-06','02:04:15',2,'App\\Models\\Tenant\\User','181.176.42.92','WebKit','robot','Windows','10.0','Chrome','145.0.7632.6',NULL,NULL,'{\"country_name\":\"Peru\",\"country_code\":\"PE\",\"region_code\":\"LAL\",\"region_name\":\"La Libertad\",\"city_name\":\"El Porvenir\",\"latitude\":\"-8.08333\",\"longitude\":\"-79\",\"timezone\":\"America\\/Lima\"}','2026-05-06 02:04:15','2026-05-06 02:04:15'),
(311,2,'login','2026-05-06','02:08:46',2,'App\\Models\\Tenant\\User','181.176.42.92','WebKit','robot','Windows','10.0','Chrome','145.0.7632.6',NULL,NULL,'{\"country_name\":\"Peru\",\"country_code\":\"PE\",\"region_code\":\"LAL\",\"region_name\":\"La Libertad\",\"city_name\":\"El Porvenir\",\"latitude\":\"-8.08333\",\"longitude\":\"-79\",\"timezone\":\"America\\/Lima\"}','2026-05-06 02:08:46','2026-05-06 02:08:46'),
(312,2,'login','2026-05-06','02:10:27',2,'App\\Models\\Tenant\\User','181.176.42.92','WebKit','robot','Windows','10.0','Chrome','145.0.7632.6',NULL,NULL,'{\"country_name\":\"Peru\",\"country_code\":\"PE\",\"region_code\":\"LAL\",\"region_name\":\"La Libertad\",\"city_name\":\"El Porvenir\",\"latitude\":\"-8.08333\",\"longitude\":\"-79\",\"timezone\":\"America\\/Lima\"}','2026-05-06 02:10:27','2026-05-06 02:10:27'),
(313,2,'login','2026-05-06','02:13:23',2,'App\\Models\\Tenant\\User','181.176.42.92','WebKit','robot','Windows','10.0','Chrome','145.0.7632.6',NULL,NULL,'{\"country_name\":\"Peru\",\"country_code\":\"PE\",\"region_code\":\"LAL\",\"region_name\":\"La Libertad\",\"city_name\":\"El Porvenir\",\"latitude\":\"-8.08333\",\"longitude\":\"-79\",\"timezone\":\"America\\/Lima\"}','2026-05-06 02:13:23','2026-05-06 02:13:23'),
(314,2,'login','2026-05-06','07:10:01',2,'App\\Models\\Tenant\\User','181.176.42.92','WebKit','robot','Windows','10.0','Chrome','145.0.7632.6',NULL,NULL,'{\"country_name\":\"Peru\",\"country_code\":\"PE\",\"region_code\":\"LAL\",\"region_name\":\"La Libertad\",\"city_name\":\"El Porvenir\",\"latitude\":\"-8.08333\",\"longitude\":\"-79\",\"timezone\":\"America\\/Lima\"}','2026-05-06 07:10:01','2026-05-06 07:10:01'),
(315,2,'logout','2026-05-06','10:15:35',2,'App\\Models\\Tenant\\User','181.176.42.92','WebKit','desktop','Windows','10.0','Chrome','147.0.0.0',NULL,NULL,'{\"country_name\":\"Peru\",\"country_code\":\"PE\",\"region_code\":\"LAL\",\"region_name\":\"La Libertad\",\"city_name\":\"El Porvenir\",\"latitude\":\"-8.08333\",\"longitude\":\"-79\",\"timezone\":\"America\\/Lima\"}','2026-05-06 10:15:35','2026-05-06 10:15:35'),
(316,2,'login','2026-05-06','10:15:38',2,'App\\Models\\Tenant\\User','181.176.42.92','WebKit','desktop','Windows','10.0','Chrome','147.0.0.0',NULL,NULL,'{\"country_name\":\"Peru\",\"country_code\":\"PE\",\"region_code\":\"LAL\",\"region_name\":\"La Libertad\",\"city_name\":\"El Porvenir\",\"latitude\":\"-8.08333\",\"longitude\":\"-79\",\"timezone\":\"America\\/Lima\"}','2026-05-06 10:15:38','2026-05-06 10:15:38'),
(317,2,'login','2026-05-06','22:44:57',2,'App\\Models\\Tenant\\User','181.176.45.118','WebKit','desktop','Windows','10.0','Chrome','147.0.0.0',NULL,NULL,'{\"country_name\":\"Peru\",\"country_code\":\"PE\",\"region_code\":\"CAJ\",\"region_name\":\"Cajamarca Department\",\"city_name\":\"Zapotal\",\"latitude\":\"-5.39844\",\"longitude\":\"-78.7048\",\"timezone\":\"America\\/Lima\"}','2026-05-06 22:44:57','2026-05-06 22:44:57'),
(318,2,'login','2026-05-07','21:37:40',2,'App\\Models\\Tenant\\User','181.176.43.242','WebKit','desktop','Windows','10.0','Chrome','147.0.0.0',NULL,NULL,'{\"country_name\":\"Peru\",\"country_code\":\"PE\",\"region_code\":\"PIU\",\"region_name\":\"Piura\",\"city_name\":\"Miraflores\",\"latitude\":\"-5.1652\",\"longitude\":\"-80.6138\",\"timezone\":\"America\\/Lima\"}','2026-05-07 21:37:40','2026-05-07 21:37:40'),
(319,2,'login','2026-05-07','22:18:23',2,'App\\Models\\Tenant\\User','181.176.43.242','WebKit','robot','Windows','10.0','Chrome','145.0.7632.6',NULL,NULL,'{\"country_name\":\"Peru\",\"country_code\":\"PE\",\"region_code\":\"PIU\",\"region_name\":\"Piura\",\"city_name\":\"Miraflores\",\"latitude\":\"-5.1652\",\"longitude\":\"-80.6138\",\"timezone\":\"America\\/Lima\"}','2026-05-07 22:18:23','2026-05-07 22:18:23'),
(320,2,'login','2026-05-07','22:18:38',2,'App\\Models\\Tenant\\User','181.176.43.242','WebKit','robot','Windows','10.0','Chrome','145.0.7632.6',NULL,NULL,'{\"country_name\":\"Peru\",\"country_code\":\"PE\",\"region_code\":\"PIU\",\"region_name\":\"Piura\",\"city_name\":\"Miraflores\",\"latitude\":\"-5.1652\",\"longitude\":\"-80.6138\",\"timezone\":\"America\\/Lima\"}','2026-05-07 22:18:38','2026-05-07 22:18:38'),
(321,2,'login','2026-05-07','22:18:50',2,'App\\Models\\Tenant\\User','181.176.43.242','WebKit','robot','Windows','10.0','Chrome','145.0.7632.6',NULL,NULL,'{\"country_name\":\"Peru\",\"country_code\":\"PE\",\"region_code\":\"PIU\",\"region_name\":\"Piura\",\"city_name\":\"Miraflores\",\"latitude\":\"-5.1652\",\"longitude\":\"-80.6138\",\"timezone\":\"America\\/Lima\"}','2026-05-07 22:18:50','2026-05-07 22:18:50'),
(322,2,'login','2026-05-07','22:19:00',2,'App\\Models\\Tenant\\User','181.176.43.242','WebKit','robot','Windows','10.0','Chrome','145.0.7632.6',NULL,NULL,'{\"country_name\":\"Peru\",\"country_code\":\"PE\",\"region_code\":\"PIU\",\"region_name\":\"Piura\",\"city_name\":\"Miraflores\",\"latitude\":\"-5.1652\",\"longitude\":\"-80.6138\",\"timezone\":\"America\\/Lima\"}','2026-05-07 22:19:00','2026-05-07 22:19:00'),
(323,2,'login','2026-05-07','22:19:10',2,'App\\Models\\Tenant\\User','181.176.43.242','WebKit','robot','Windows','10.0','Chrome','145.0.7632.6',NULL,NULL,'{\"country_name\":\"Peru\",\"country_code\":\"PE\",\"region_code\":\"PIU\",\"region_name\":\"Piura\",\"city_name\":\"Miraflores\",\"latitude\":\"-5.1652\",\"longitude\":\"-80.6138\",\"timezone\":\"America\\/Lima\"}','2026-05-07 22:19:10','2026-05-07 22:19:10'),
(324,2,'login','2026-05-07','22:20:19',2,'App\\Models\\Tenant\\User','181.176.43.242','0','desktop','Windows','0','0','0',NULL,NULL,'{\"country_name\":\"Peru\",\"country_code\":\"PE\",\"region_code\":\"PIU\",\"region_name\":\"Piura\",\"city_name\":\"Miraflores\",\"latitude\":\"-5.1652\",\"longitude\":\"-80.6138\",\"timezone\":\"America\\/Lima\"}','2026-05-07 22:20:19','2026-05-07 22:20:19'),
(325,2,'login','2026-05-07','22:45:42',2,'App\\Models\\Tenant\\User','181.176.43.242','0','desktop','Windows','0','0','0',NULL,NULL,'{\"country_name\":\"Peru\",\"country_code\":\"PE\",\"region_code\":\"PIU\",\"region_name\":\"Piura\",\"city_name\":\"Miraflores\",\"latitude\":\"-5.1652\",\"longitude\":\"-80.6138\",\"timezone\":\"America\\/Lima\"}','2026-05-07 22:45:42','2026-05-07 22:45:42'),
(326,2,'login','2026-05-07','22:45:58',2,'App\\Models\\Tenant\\User','181.176.43.242','0','desktop','Windows','0','0','0',NULL,NULL,'{\"country_name\":\"Peru\",\"country_code\":\"PE\",\"region_code\":\"PIU\",\"region_name\":\"Piura\",\"city_name\":\"Miraflores\",\"latitude\":\"-5.1652\",\"longitude\":\"-80.6138\",\"timezone\":\"America\\/Lima\"}','2026-05-07 22:45:58','2026-05-07 22:45:58'),
(327,2,'login','2026-05-07','22:46:12',2,'App\\Models\\Tenant\\User','181.176.43.242','0','desktop','Windows','0','0','0',NULL,NULL,'{\"country_name\":\"Peru\",\"country_code\":\"PE\",\"region_code\":\"PIU\",\"region_name\":\"Piura\",\"city_name\":\"Miraflores\",\"latitude\":\"-5.1652\",\"longitude\":\"-80.6138\",\"timezone\":\"America\\/Lima\"}','2026-05-07 22:46:12','2026-05-07 22:46:12'),
(328,2,'login','2026-05-07','22:47:05',2,'App\\Models\\Tenant\\User','181.176.43.242','0','desktop','Windows','0','0','0',NULL,NULL,'{\"country_name\":\"Peru\",\"country_code\":\"PE\",\"region_code\":\"PIU\",\"region_name\":\"Piura\",\"city_name\":\"Miraflores\",\"latitude\":\"-5.1652\",\"longitude\":\"-80.6138\",\"timezone\":\"America\\/Lima\"}','2026-05-07 22:47:05','2026-05-07 22:47:05'),
(329,2,'login','2026-05-07','22:47:26',2,'App\\Models\\Tenant\\User','181.176.43.242','0','desktop','Windows','0','0','0',NULL,NULL,'{\"country_name\":\"Peru\",\"country_code\":\"PE\",\"region_code\":\"PIU\",\"region_name\":\"Piura\",\"city_name\":\"Miraflores\",\"latitude\":\"-5.1652\",\"longitude\":\"-80.6138\",\"timezone\":\"America\\/Lima\"}','2026-05-07 22:47:26','2026-05-07 22:47:26'),
(330,2,'login','2026-05-07','22:47:38',2,'App\\Models\\Tenant\\User','181.176.43.242','0','desktop','Windows','0','0','0',NULL,NULL,'{\"country_name\":\"Peru\",\"country_code\":\"PE\",\"region_code\":\"PIU\",\"region_name\":\"Piura\",\"city_name\":\"Miraflores\",\"latitude\":\"-5.1652\",\"longitude\":\"-80.6138\",\"timezone\":\"America\\/Lima\"}','2026-05-07 22:47:38','2026-05-07 22:47:38'),
(331,2,'login','2026-05-07','22:59:03',2,'App\\Models\\Tenant\\User','181.176.43.242','0','desktop','Windows','0','0','0',NULL,NULL,'{\"country_name\":\"Peru\",\"country_code\":\"PE\",\"region_code\":\"PIU\",\"region_name\":\"Piura\",\"city_name\":\"Miraflores\",\"latitude\":\"-5.1652\",\"longitude\":\"-80.6138\",\"timezone\":\"America\\/Lima\"}','2026-05-07 22:59:03','2026-05-07 22:59:03'),
(332,2,'login','2026-05-07','22:59:15',2,'App\\Models\\Tenant\\User','181.176.43.242','0','desktop','Windows','0','0','0',NULL,NULL,'{\"country_name\":\"Peru\",\"country_code\":\"PE\",\"region_code\":\"PIU\",\"region_name\":\"Piura\",\"city_name\":\"Miraflores\",\"latitude\":\"-5.1652\",\"longitude\":\"-80.6138\",\"timezone\":\"America\\/Lima\"}','2026-05-07 22:59:15','2026-05-07 22:59:15'),
(333,2,'login','2026-05-07','22:59:59',2,'App\\Models\\Tenant\\User','181.176.43.242','0','desktop','Windows','0','0','0',NULL,NULL,'{\"country_name\":\"Peru\",\"country_code\":\"PE\",\"region_code\":\"PIU\",\"region_name\":\"Piura\",\"city_name\":\"Miraflores\",\"latitude\":\"-5.1652\",\"longitude\":\"-80.6138\",\"timezone\":\"America\\/Lima\"}','2026-05-07 22:59:59','2026-05-07 22:59:59'),
(334,2,'login','2026-05-07','23:07:05',2,'App\\Models\\Tenant\\User','181.176.43.242','WebKit','robot','Windows','10.0','Chrome','145.0.7632.6',NULL,NULL,'{\"country_name\":\"Peru\",\"country_code\":\"PE\",\"region_code\":\"PIU\",\"region_name\":\"Piura\",\"city_name\":\"Miraflores\",\"latitude\":\"-5.1652\",\"longitude\":\"-80.6138\",\"timezone\":\"America\\/Lima\"}','2026-05-07 23:07:05','2026-05-07 23:07:05'),
(335,2,'login','2026-05-07','23:07:20',2,'App\\Models\\Tenant\\User','181.176.43.242','WebKit','robot','Windows','10.0','Chrome','145.0.7632.6',NULL,NULL,'{\"country_name\":\"Peru\",\"country_code\":\"PE\",\"region_code\":\"PIU\",\"region_name\":\"Piura\",\"city_name\":\"Miraflores\",\"latitude\":\"-5.1652\",\"longitude\":\"-80.6138\",\"timezone\":\"America\\/Lima\"}','2026-05-07 23:07:20','2026-05-07 23:07:20'),
(336,2,'login','2026-05-07','23:07:30',2,'App\\Models\\Tenant\\User','181.176.43.242','WebKit','robot','Windows','10.0','Chrome','145.0.7632.6',NULL,NULL,'{\"country_name\":\"Peru\",\"country_code\":\"PE\",\"region_code\":\"PIU\",\"region_name\":\"Piura\",\"city_name\":\"Miraflores\",\"latitude\":\"-5.1652\",\"longitude\":\"-80.6138\",\"timezone\":\"America\\/Lima\"}','2026-05-07 23:07:30','2026-05-07 23:07:30'),
(337,2,'login','2026-05-07','23:07:40',2,'App\\Models\\Tenant\\User','181.176.43.242','WebKit','robot','Windows','10.0','Chrome','145.0.7632.6',NULL,NULL,'{\"country_name\":\"Peru\",\"country_code\":\"PE\",\"region_code\":\"PIU\",\"region_name\":\"Piura\",\"city_name\":\"Miraflores\",\"latitude\":\"-5.1652\",\"longitude\":\"-80.6138\",\"timezone\":\"America\\/Lima\"}','2026-05-07 23:07:40','2026-05-07 23:07:40'),
(338,2,'login','2026-05-07','23:07:51',2,'App\\Models\\Tenant\\User','181.176.43.242','WebKit','robot','Windows','10.0','Chrome','145.0.7632.6',NULL,NULL,'{\"country_name\":\"Peru\",\"country_code\":\"PE\",\"region_code\":\"PIU\",\"region_name\":\"Piura\",\"city_name\":\"Miraflores\",\"latitude\":\"-5.1652\",\"longitude\":\"-80.6138\",\"timezone\":\"America\\/Lima\"}','2026-05-07 23:07:51','2026-05-07 23:07:51'),
(339,2,'login','2026-05-07','23:08:01',2,'App\\Models\\Tenant\\User','181.176.43.242','WebKit','robot','Windows','10.0','Chrome','145.0.7632.6',NULL,NULL,'{\"country_name\":\"Peru\",\"country_code\":\"PE\",\"region_code\":\"PIU\",\"region_name\":\"Piura\",\"city_name\":\"Miraflores\",\"latitude\":\"-5.1652\",\"longitude\":\"-80.6138\",\"timezone\":\"America\\/Lima\"}','2026-05-07 23:08:01','2026-05-07 23:08:01'),
(340,2,'login','2026-05-07','23:08:04',2,'App\\Models\\Tenant\\User','181.176.43.242','WebKit','robot','Windows','10.0','Chrome','145.0.7632.6',NULL,NULL,'{\"country_name\":\"Peru\",\"country_code\":\"PE\",\"region_code\":\"PIU\",\"region_name\":\"Piura\",\"city_name\":\"Miraflores\",\"latitude\":\"-5.1652\",\"longitude\":\"-80.6138\",\"timezone\":\"America\\/Lima\"}','2026-05-07 23:08:04','2026-05-07 23:08:04'),
(341,2,'login','2026-05-07','23:43:57',2,'App\\Models\\Tenant\\User','181.176.43.242','0','desktop','Windows','0','0','0',NULL,NULL,'{\"country_name\":\"Peru\",\"country_code\":\"PE\",\"region_code\":\"PIU\",\"region_name\":\"Piura\",\"city_name\":\"Miraflores\",\"latitude\":\"-5.1652\",\"longitude\":\"-80.6138\",\"timezone\":\"America\\/Lima\"}','2026-05-07 23:43:57','2026-05-07 23:43:57'),
(342,2,'login','2026-05-08','00:04:48',2,'App\\Models\\Tenant\\User','181.176.43.242','WebKit','robot','Windows','10.0','Chrome','145.0.7632.6',NULL,NULL,'{\"country_name\":\"Peru\",\"country_code\":\"PE\",\"region_code\":\"PIU\",\"region_name\":\"Piura\",\"city_name\":\"Miraflores\",\"latitude\":\"-5.1652\",\"longitude\":\"-80.6138\",\"timezone\":\"America\\/Lima\"}','2026-05-08 00:04:48','2026-05-08 00:04:48'),
(343,2,'login','2026-05-08','00:05:15',2,'App\\Models\\Tenant\\User','181.176.43.242','WebKit','robot','Windows','10.0','Chrome','145.0.7632.6',NULL,NULL,'{\"country_name\":\"Peru\",\"country_code\":\"PE\",\"region_code\":\"PIU\",\"region_name\":\"Piura\",\"city_name\":\"Miraflores\",\"latitude\":\"-5.1652\",\"longitude\":\"-80.6138\",\"timezone\":\"America\\/Lima\"}','2026-05-08 00:05:15','2026-05-08 00:05:15'),
(344,2,'login','2026-05-08','00:06:00',2,'App\\Models\\Tenant\\User','181.176.43.242','WebKit','robot','Windows','10.0','Chrome','145.0.7632.6',NULL,NULL,'{\"country_name\":\"Peru\",\"country_code\":\"PE\",\"region_code\":\"PIU\",\"region_name\":\"Piura\",\"city_name\":\"Miraflores\",\"latitude\":\"-5.1652\",\"longitude\":\"-80.6138\",\"timezone\":\"America\\/Lima\"}','2026-05-08 00:06:00','2026-05-08 00:06:00'),
(345,2,'login','2026-05-08','00:31:16',2,'App\\Models\\Tenant\\User','181.176.43.242','WebKit','robot','Windows','10.0','Chrome','145.0.7632.6',NULL,NULL,'{\"country_name\":\"Peru\",\"country_code\":\"PE\",\"region_code\":\"PIU\",\"region_name\":\"Piura\",\"city_name\":\"Miraflores\",\"latitude\":\"-5.1652\",\"longitude\":\"-80.6138\",\"timezone\":\"America\\/Lima\"}','2026-05-08 00:31:16','2026-05-08 00:31:16'),
(346,2,'login','2026-05-08','00:32:04',2,'App\\Models\\Tenant\\User','181.176.43.242','WebKit','robot','Windows','10.0','Chrome','145.0.7632.6',NULL,NULL,'{\"country_name\":\"Peru\",\"country_code\":\"PE\",\"region_code\":\"PIU\",\"region_name\":\"Piura\",\"city_name\":\"Miraflores\",\"latitude\":\"-5.1652\",\"longitude\":\"-80.6138\",\"timezone\":\"America\\/Lima\"}','2026-05-08 00:32:04','2026-05-08 00:32:04'),
(347,2,'login','2026-05-08','00:32:24',2,'App\\Models\\Tenant\\User','181.176.43.242','WebKit','robot','Windows','10.0','Chrome','145.0.7632.6',NULL,NULL,'{\"country_name\":\"Peru\",\"country_code\":\"PE\",\"region_code\":\"PIU\",\"region_name\":\"Piura\",\"city_name\":\"Miraflores\",\"latitude\":\"-5.1652\",\"longitude\":\"-80.6138\",\"timezone\":\"America\\/Lima\"}','2026-05-08 00:32:24','2026-05-08 00:32:24'),
(348,2,'login','2026-05-08','00:36:05',2,'App\\Models\\Tenant\\User','181.176.43.242','WebKit','robot','Windows','10.0','Chrome','145.0.7632.6',NULL,NULL,'{\"country_name\":\"Peru\",\"country_code\":\"PE\",\"region_code\":\"PIU\",\"region_name\":\"Piura\",\"city_name\":\"Miraflores\",\"latitude\":\"-5.1652\",\"longitude\":\"-80.6138\",\"timezone\":\"America\\/Lima\"}','2026-05-08 00:36:05','2026-05-08 00:36:05'),
(349,2,'login','2026-05-08','00:44:10',2,'App\\Models\\Tenant\\User','181.176.43.242','0','desktop','Windows','0','0','0',NULL,NULL,'{\"country_name\":\"Peru\",\"country_code\":\"PE\",\"region_code\":\"PIU\",\"region_name\":\"Piura\",\"city_name\":\"Miraflores\",\"latitude\":\"-5.1652\",\"longitude\":\"-80.6138\",\"timezone\":\"America\\/Lima\"}','2026-05-08 00:44:10','2026-05-08 00:44:10'),
(350,2,'login','2026-05-08','00:47:31',2,'App\\Models\\Tenant\\User','181.176.43.242','WebKit','robot','Windows','10.0','Chrome','145.0.7632.6',NULL,NULL,'{\"country_name\":\"Peru\",\"country_code\":\"PE\",\"region_code\":\"PIU\",\"region_name\":\"Piura\",\"city_name\":\"Miraflores\",\"latitude\":\"-5.1652\",\"longitude\":\"-80.6138\",\"timezone\":\"America\\/Lima\"}','2026-05-08 00:47:31','2026-05-08 00:47:31'),
(351,2,'login','2026-05-08','00:48:30',2,'App\\Models\\Tenant\\User','181.176.43.242','WebKit','robot','Windows','10.0','Chrome','145.0.7632.6',NULL,NULL,'{\"country_name\":\"Peru\",\"country_code\":\"PE\",\"region_code\":\"PIU\",\"region_name\":\"Piura\",\"city_name\":\"Miraflores\",\"latitude\":\"-5.1652\",\"longitude\":\"-80.6138\",\"timezone\":\"America\\/Lima\"}','2026-05-08 00:48:30','2026-05-08 00:48:30'),
(352,2,'login','2026-05-08','00:48:58',2,'App\\Models\\Tenant\\User','181.176.43.242','0','desktop','Windows','0','0','0',NULL,NULL,'{\"country_name\":\"Peru\",\"country_code\":\"PE\",\"region_code\":\"PIU\",\"region_name\":\"Piura\",\"city_name\":\"Miraflores\",\"latitude\":\"-5.1652\",\"longitude\":\"-80.6138\",\"timezone\":\"America\\/Lima\"}','2026-05-08 00:48:58','2026-05-08 00:48:58'),
(353,2,'login','2026-05-08','00:49:16',2,'App\\Models\\Tenant\\User','181.176.43.242','WebKit','robot','Windows','10.0','Chrome','145.0.7632.6',NULL,NULL,'{\"country_name\":\"Peru\",\"country_code\":\"PE\",\"region_code\":\"PIU\",\"region_name\":\"Piura\",\"city_name\":\"Miraflores\",\"latitude\":\"-5.1652\",\"longitude\":\"-80.6138\",\"timezone\":\"America\\/Lima\"}','2026-05-08 00:49:16','2026-05-08 00:49:16'),
(354,2,'login','2026-05-08','00:49:43',2,'App\\Models\\Tenant\\User','181.176.43.242','WebKit','robot','Windows','10.0','Chrome','145.0.7632.6',NULL,NULL,'{\"country_name\":\"Peru\",\"country_code\":\"PE\",\"region_code\":\"PIU\",\"region_name\":\"Piura\",\"city_name\":\"Miraflores\",\"latitude\":\"-5.1652\",\"longitude\":\"-80.6138\",\"timezone\":\"America\\/Lima\"}','2026-05-08 00:49:43','2026-05-08 00:49:43'),
(355,2,'login','2026-05-08','00:50:37',2,'App\\Models\\Tenant\\User','181.176.43.242','WebKit','robot','Windows','10.0','Chrome','145.0.7632.6',NULL,NULL,'{\"country_name\":\"Peru\",\"country_code\":\"PE\",\"region_code\":\"PIU\",\"region_name\":\"Piura\",\"city_name\":\"Miraflores\",\"latitude\":\"-5.1652\",\"longitude\":\"-80.6138\",\"timezone\":\"America\\/Lima\"}','2026-05-08 00:50:37','2026-05-08 00:50:37'),
(356,2,'login','2026-05-08','01:07:32',2,'App\\Models\\Tenant\\User','181.176.43.242','WebKit','robot','Windows','10.0','Chrome','145.0.7632.6',NULL,NULL,'{\"country_name\":\"Peru\",\"country_code\":\"PE\",\"region_code\":\"PIU\",\"region_name\":\"Piura\",\"city_name\":\"Miraflores\",\"latitude\":\"-5.1652\",\"longitude\":\"-80.6138\",\"timezone\":\"America\\/Lima\"}','2026-05-08 01:07:32','2026-05-08 01:07:32'),
(357,2,'login','2026-05-08','01:07:46',2,'App\\Models\\Tenant\\User','181.176.43.242','WebKit','robot','Windows','10.0','Chrome','145.0.7632.6',NULL,NULL,'{\"country_name\":\"Peru\",\"country_code\":\"PE\",\"region_code\":\"PIU\",\"region_name\":\"Piura\",\"city_name\":\"Miraflores\",\"latitude\":\"-5.1652\",\"longitude\":\"-80.6138\",\"timezone\":\"America\\/Lima\"}','2026-05-08 01:07:46','2026-05-08 01:07:46'),
(358,2,'login','2026-05-08','01:08:14',2,'App\\Models\\Tenant\\User','181.176.43.242','0','desktop','Windows','0','0','0',NULL,NULL,'{\"country_name\":\"Peru\",\"country_code\":\"PE\",\"region_code\":\"PIU\",\"region_name\":\"Piura\",\"city_name\":\"Miraflores\",\"latitude\":\"-5.1652\",\"longitude\":\"-80.6138\",\"timezone\":\"America\\/Lima\"}','2026-05-08 01:08:14','2026-05-08 01:08:14'),
(359,2,'login','2026-05-08','01:08:52',2,'App\\Models\\Tenant\\User','181.176.43.242','0','desktop','Windows','0','0','0',NULL,NULL,'{\"country_name\":\"Peru\",\"country_code\":\"PE\",\"region_code\":\"PIU\",\"region_name\":\"Piura\",\"city_name\":\"Miraflores\",\"latitude\":\"-5.1652\",\"longitude\":\"-80.6138\",\"timezone\":\"America\\/Lima\"}','2026-05-08 01:08:52','2026-05-08 01:08:52'),
(360,2,'login','2026-05-08','01:10:10',2,'App\\Models\\Tenant\\User','181.176.43.242','0','desktop','Windows','0','0','0',NULL,NULL,'{\"country_name\":\"Peru\",\"country_code\":\"PE\",\"region_code\":\"PIU\",\"region_name\":\"Piura\",\"city_name\":\"Miraflores\",\"latitude\":\"-5.1652\",\"longitude\":\"-80.6138\",\"timezone\":\"America\\/Lima\"}','2026-05-08 01:10:10','2026-05-08 01:10:10'),
(361,2,'login','2026-05-09','07:37:49',2,'App\\Models\\Tenant\\User','179.6.64.139','WebKit','desktop','Windows','10.0','Chrome','147.0.0.0',NULL,NULL,'{\"country_name\":\"Peru\",\"country_code\":\"PE\",\"region_code\":\"LMA\",\"region_name\":\"Lima Province\",\"city_name\":\"Lima\",\"latitude\":\"-12.046\",\"longitude\":\"-77.0305\",\"timezone\":\"America\\/Lima\"}','2026-05-09 07:37:49','2026-05-09 07:37:49'),
(362,2,'login','2026-05-09','09:02:36',2,'App\\Models\\Tenant\\User','179.6.64.139','WebKit','desktop','Windows','10.0','Chrome','147.0.0.0',NULL,NULL,'{\"country_name\":\"Peru\",\"country_code\":\"PE\",\"region_code\":\"LMA\",\"region_name\":\"Lima Province\",\"city_name\":\"Lima\",\"latitude\":\"-12.046\",\"longitude\":\"-77.0305\",\"timezone\":\"America\\/Lima\"}','2026-05-09 09:02:36','2026-05-09 09:02:36'),
(363,2,'login','2026-05-09','09:02:40',2,'App\\Models\\Tenant\\User','179.6.64.139','WebKit','desktop','Windows','10.0','Chrome','147.0.0.0',NULL,NULL,'{\"country_name\":\"Peru\",\"country_code\":\"PE\",\"region_code\":\"LMA\",\"region_name\":\"Lima Province\",\"city_name\":\"Lima\",\"latitude\":\"-12.046\",\"longitude\":\"-77.0305\",\"timezone\":\"America\\/Lima\"}','2026-05-09 09:02:40','2026-05-09 09:02:40'),
(364,2,'login','2026-05-09','14:11:36',2,'App\\Models\\Tenant\\User','179.6.64.156','WebKit','desktop','Linux','0','Chrome','147.0.0.0',NULL,NULL,'{\"country_name\":\"Peru\",\"country_code\":\"PE\",\"region_code\":\"LMA\",\"region_name\":\"Lima Province\",\"city_name\":\"Lima\",\"latitude\":\"-12.046\",\"longitude\":\"-77.0305\",\"timezone\":\"America\\/Lima\"}','2026-05-09 14:11:36','2026-05-09 14:11:36'),
(365,2,'login','2026-05-11','03:22:15',2,'App\\Models\\Tenant\\User','179.6.67.53','WebKit','desktop','Windows','10.0','Chrome','147.0.0.0',NULL,NULL,'{\"country_name\":\"Peru\",\"country_code\":\"PE\",\"region_code\":\"LMA\",\"region_name\":\"Lima Province\",\"city_name\":\"Lima\",\"latitude\":\"-12.046\",\"longitude\":\"-77.0305\",\"timezone\":\"America\\/Lima\"}','2026-05-11 03:22:15','2026-05-11 03:22:15'),
(366,2,'login','2026-05-11','08:32:39',2,'App\\Models\\Tenant\\User','179.6.67.53','WebKit','desktop','Windows','10.0','Chrome','147.0.0.0',NULL,NULL,'{\"country_name\":\"Peru\",\"country_code\":\"PE\",\"region_code\":\"LMA\",\"region_name\":\"Lima Province\",\"city_name\":\"Lima\",\"latitude\":\"-12.046\",\"longitude\":\"-77.0305\",\"timezone\":\"America\\/Lima\"}','2026-05-11 08:32:39','2026-05-11 08:32:39');
COMMIT;

--
-- Table structure for table `tags`
--

CREATE TABLE `tags` (
  `id` int(10) unsigned NOT NULL AUTO_INCREMENT,
  `name` varchar(255) NOT NULL,
  `description` varchar(255) NOT NULL,
  `created_at` timestamp NULL DEFAULT NULL,
  `updated_at` timestamp NULL DEFAULT NULL,
  `status` tinyint(1) NOT NULL DEFAULT 1,
  PRIMARY KEY (`id`)
) ENGINE=InnoDB DEFAULT CHARSET=utf8mb4 COLLATE=utf8mb4_unicode_ci;

--
-- Dumping data for table `tags`
--

COMMIT;

--
-- Table structure for table `tasks`
--

CREATE TABLE `tasks` (
  `id` int(10) unsigned NOT NULL AUTO_INCREMENT,
  `class` varchar(255) NOT NULL,
  `execution_time` time NOT NULL,
  `output` longtext DEFAULT NULL,
  `created_at` timestamp NULL DEFAULT NULL,
  `updated_at` timestamp NULL DEFAULT NULL,
  PRIMARY KEY (`id`)
) ENGINE=InnoDB DEFAULT CHARSET=utf8mb4 COLLATE=utf8mb4_unicode_ci;

--
-- Dumping data for table `tasks`
--

COMMIT;

--
-- Table structure for table `technical_service_items`
--

CREATE TABLE `technical_service_items` (
  `id` int(10) unsigned NOT NULL AUTO_INCREMENT,
  `technical_services_id` int(10) unsigned DEFAULT 0 COMMENT 'Id de technical_services',
  `item_id` int(10) unsigned DEFAULT 0 COMMENT 'Id de item',
  `item` longtext CHARACTER SET utf8mb4 COLLATE utf8mb4_bin DEFAULT NULL COMMENT 'Json con el contenido de item',
  `quantity` double(12,4) DEFAULT 0.0000 COMMENT 'Cantidad de item usado',
  `unit_value` double(16,6) DEFAULT 0.000000 COMMENT 'unit_value',
  `affectation_igv_type_id` longtext DEFAULT NULL COMMENT 'Tipo de afectacion dde igv. cat_affectation_igv_types',
  `total_base_igv` double(12,2) DEFAULT 0.00 COMMENT 'Monto base del IGV',
  `percentage_igv` double(12,2) DEFAULT 0.00,
  `total_igv` double(12,2) DEFAULT 0.00,
  `system_isc_type_id` longtext DEFAULT NULL,
  `total_base_isc` double(12,2) DEFAULT 0.00,
  `percentage_isc` double(12,2) DEFAULT 0.00,
  `total_isc` double(12,2) DEFAULT 0.00,
  `total_base_other_taxes` double(12,2) DEFAULT 0.00,
  `percentage_other_taxes` double(12,2) DEFAULT 0.00,
  `total_other_taxes` double(12,2) DEFAULT 0.00,
  `total_plastic_bag_taxes` double(6,2) DEFAULT 0.00,
  `total_taxes` double(12,2) DEFAULT 0.00,
  `price_type_id` longtext DEFAULT NULL,
  `unit_price` double(16,6) DEFAULT 0.000000,
  `total_value` double(12,2) DEFAULT 0.00,
  `total_charge` double(12,2) DEFAULT 0.00,
  `total_discount` double(12,2) DEFAULT 0.00,
  `total` double(12,2) DEFAULT 0.00,
  `attributes` longtext CHARACTER SET utf8mb4 COLLATE utf8mb4_bin DEFAULT NULL COMMENT 'Atributos',
  `discounts` longtext CHARACTER SET utf8mb4 COLLATE utf8mb4_bin DEFAULT NULL COMMENT 'Descuentos',
  `charges` longtext CHARACTER SET utf8mb4 COLLATE utf8mb4_bin DEFAULT NULL COMMENT 'Cargos',
  `additional_information` longtext DEFAULT NULL COMMENT 'Informacion adicional',
  `warehouse_id` int(10) unsigned DEFAULT 0 COMMENT 'Id de item',
  `name_product_pdf` longtext DEFAULT NULL COMMENT 'Nombre de producto en el pdf',
  `created_at` timestamp NULL DEFAULT NULL,
  `updated_at` timestamp NULL DEFAULT NULL,
  PRIMARY KEY (`id`)
) ENGINE=InnoDB DEFAULT CHARSET=utf8mb4 COLLATE=utf8mb4_unicode_ci;

--
-- Dumping data for table `technical_service_items`
--

COMMIT;

--
-- Table structure for table `technical_service_payments`
--

CREATE TABLE `technical_service_payments` (
  `id` int(10) unsigned NOT NULL AUTO_INCREMENT,
  `technical_service_id` int(10) unsigned NOT NULL,
  `date_of_payment` date NOT NULL,
  `payment_method_type_id` char(2) NOT NULL,
  `reference` varchar(255) DEFAULT NULL,
  `change` decimal(12,2) NOT NULL DEFAULT 0.00,
  `payment` decimal(12,2) NOT NULL,
  PRIMARY KEY (`id`),
  KEY `technical_service_payments_technical_service_id_foreign` (`technical_service_id`),
  KEY `technical_service_payments_payment_method_type_id_foreign` (`payment_method_type_id`),
  CONSTRAINT `technical_service_payments_payment_method_type_id_foreign` FOREIGN KEY (`payment_method_type_id`) REFERENCES `payment_method_types` (`id`),
  CONSTRAINT `technical_service_payments_technical_service_id_foreign` FOREIGN KEY (`technical_service_id`) REFERENCES `technical_services` (`id`) ON DELETE CASCADE
) ENGINE=InnoDB DEFAULT CHARSET=utf8mb4 COLLATE=utf8mb4_unicode_ci;

--
-- Dumping data for table `technical_service_payments`
--

COMMIT;

--
-- Table structure for table `technical_services`
--

CREATE TABLE `technical_services` (
  `id` int(10) unsigned NOT NULL AUTO_INCREMENT,
  `user_id` int(10) unsigned NOT NULL,
  `soap_type_id` char(2) NOT NULL,
  `establishment_id` int(10) unsigned DEFAULT 0,
  `establishment` longtext CHARACTER SET utf8mb4 COLLATE utf8mb4_bin DEFAULT NULL,
  `customer_id` int(10) unsigned NOT NULL,
  `customer` longtext CHARACTER SET utf8mb4 COLLATE utf8mb4_bin NOT NULL,
  `currency_type_id` text DEFAULT NULL,
  `payment_condition_id` text DEFAULT NULL,
  `payment_method_type_id` text DEFAULT NULL,
  `seller_id` int(10) unsigned DEFAULT 0,
  `exchange_rate_sale` decimal(13,3) DEFAULT 0.000,
  `total_prepayment` decimal(12,2) DEFAULT 0.00,
  `total_charge` decimal(12,2) DEFAULT 0.00,
  `total_discount` decimal(12,2) DEFAULT 0.00,
  `total_exportation` decimal(12,2) DEFAULT 0.00,
  `total_free` decimal(12,2) DEFAULT 0.00,
  `total_taxed` decimal(12,2) DEFAULT 0.00,
  `total_unaffected` decimal(12,2) DEFAULT 0.00,
  `total_exonerated` decimal(12,2) DEFAULT 0.00,
  `total_igv` decimal(12,2) DEFAULT 0.00,
  `total_igv_free` decimal(12,2) DEFAULT 0.00,
  `total_base_isc` decimal(12,2) DEFAULT 0.00,
  `total_isc` decimal(12,2) DEFAULT 0.00,
  `total_base_other_taxes` decimal(12,2) DEFAULT 0.00,
  `total_other_taxes` decimal(12,2) DEFAULT 0.00,
  `total_plastic_bag_taxes` decimal(6,2) DEFAULT 0.00,
  `total_taxes` decimal(12,2) DEFAULT 0.00,
  `total_value` decimal(12,2) DEFAULT 0.00,
  `subtotal` decimal(12,2) DEFAULT 0.00,
  `total` decimal(12,2) DEFAULT 0.00,
  `is_editable` tinyint(3) unsigned DEFAULT 0,
  `cellphone` varchar(255) NOT NULL,
  `date_of_issue` date NOT NULL,
  `time_of_issue` time NOT NULL,
  `description` text NOT NULL,
  `state` text NOT NULL,
  `reason` text NOT NULL,
  `serial_number` varchar(255) NOT NULL,
  `filename` varchar(255) DEFAULT NULL,
  `cost` decimal(12,2) NOT NULL DEFAULT 0.00,
  `prepayment` decimal(12,2) NOT NULL DEFAULT 0.00,
  `activities` text DEFAULT NULL,
  `created_at` timestamp NULL DEFAULT NULL,
  `updated_at` timestamp NULL DEFAULT NULL,
  `brand` varchar(255) DEFAULT NULL,
  `equipment` varchar(255) DEFAULT NULL,
  `important_note` text DEFAULT NULL,
  `repair` tinyint(1) NOT NULL DEFAULT 0,
  `warranty` tinyint(1) NOT NULL DEFAULT 0,
  `maintenance` tinyint(1) NOT NULL DEFAULT 0,
  `diagnosis` tinyint(1) NOT NULL DEFAULT 0,
  PRIMARY KEY (`id`),
  KEY `technical_services_user_id_foreign` (`user_id`),
  KEY `technical_services_soap_type_id_foreign` (`soap_type_id`),
  KEY `technical_services_customer_id_foreign` (`customer_id`),
  KEY `technical_services_date_of_issue_index` (`date_of_issue`),
  KEY `technical_services_serial_number_index` (`serial_number`),
  CONSTRAINT `technical_services_customer_id_foreign` FOREIGN KEY (`customer_id`) REFERENCES `persons` (`id`),
  CONSTRAINT `technical_services_soap_type_id_foreign` FOREIGN KEY (`soap_type_id`) REFERENCES `soap_types` (`id`),
  CONSTRAINT `technical_services_user_id_foreign` FOREIGN KEY (`user_id`) REFERENCES `users` (`id`)
) ENGINE=InnoDB DEFAULT CHARSET=utf8mb4 COLLATE=utf8mb4_unicode_ci;

--
-- Dumping data for table `technical_services`
--

COMMIT;

--
-- Table structure for table `tips`
--

CREATE TABLE `tips` (
  `id` int(10) unsigned NOT NULL AUTO_INCREMENT,
  `soap_type_id` char(2) NOT NULL,
  `date` date NOT NULL COMMENT 'Fecha de registro',
  `origin_date_of_issue` date NOT NULL COMMENT 'Fecha del documento origen de la propina',
  `origin_id` int(11) NOT NULL,
  `origin_type` varchar(255) NOT NULL,
  `worker_full_name` varchar(255) NOT NULL,
  `total` decimal(12,2) NOT NULL,
  `created_at` timestamp NULL DEFAULT NULL,
  `updated_at` timestamp NULL DEFAULT NULL,
  PRIMARY KEY (`id`),
  KEY `origin_index` (`origin_id`,`origin_type`),
  KEY `tips_soap_type_id_foreign` (`soap_type_id`),
  KEY `tips_date_index` (`date`),
  KEY `tips_origin_date_of_issue_index` (`origin_date_of_issue`),
  KEY `tips_worker_full_name_index` (`worker_full_name`),
  CONSTRAINT `tips_soap_type_id_foreign` FOREIGN KEY (`soap_type_id`) REFERENCES `soap_types` (`id`)
) ENGINE=InnoDB DEFAULT CHARSET=utf8mb4 COLLATE=utf8mb4_unicode_ci;

--
-- Dumping data for table `tips`
--

COMMIT;

--
-- Table structure for table `track_api_peru_services`
--

CREATE TABLE `track_api_peru_services` (
  `id` int(10) unsigned NOT NULL AUTO_INCREMENT,
  `service` int(10) unsigned DEFAULT 0 COMMENT 'Tipo de servicio  1 => sunat/dni, 2 => validacion_multiple_cpe, 3 => CPE, 4 => tipo_de_cambio, 5 => printer_ticket',
  `date_of_issue` timestamp NULL DEFAULT NULL,
  PRIMARY KEY (`id`)
) ENGINE=InnoDB DEFAULT CHARSET=utf8mb4 COLLATE=utf8mb4_unicode_ci;

--
-- Dumping data for table `track_api_peru_services`
--

COMMIT;

--
-- Table structure for table `transaction_queries`
--

CREATE TABLE `transaction_queries` (
  `id` int(10) unsigned NOT NULL AUTO_INCREMENT,
  `date` date NOT NULL,
  `time` time NOT NULL,
  `response` longtext CHARACTER SET utf8mb4 COLLATE utf8mb4_bin NOT NULL,
  `transaction_id` int(10) unsigned NOT NULL,
  `created_at` timestamp NULL DEFAULT NULL,
  `updated_at` timestamp NULL DEFAULT NULL,
  PRIMARY KEY (`id`),
  KEY `transaction_queries_transaction_id_foreign` (`transaction_id`),
  CONSTRAINT `transaction_queries_transaction_id_foreign` FOREIGN KEY (`transaction_id`) REFERENCES `transactions` (`id`)
) ENGINE=InnoDB DEFAULT CHARSET=utf8mb4 COLLATE=utf8mb4_unicode_ci;

--
-- Dumping data for table `transaction_queries`
--

COMMIT;

--
-- Table structure for table `transaction_states`
--

CREATE TABLE `transaction_states` (
  `id` varchar(255) NOT NULL,
  `name` varchar(255) NOT NULL,
  `success` tinyint(1) NOT NULL,
  `status` varchar(255) NOT NULL,
  `status_detail` varchar(255) NOT NULL,
  `original_message` varchar(255) NOT NULL,
  `user_message` varchar(255) NOT NULL,
  PRIMARY KEY (`id`),
  KEY `transaction_states_name_index` (`name`),
  KEY `transaction_states_success_index` (`success`),
  KEY `transaction_states_status_index` (`status`),
  KEY `transaction_states_status_detail_index` (`status_detail`)
) ENGINE=InnoDB DEFAULT CHARSET=utf8mb4 COLLATE=utf8mb4_unicode_ci;

--
-- Dumping data for table `transaction_states`
--

INSERT INTO `transaction_states` VALUES
('00','Rechazado (Error desconocido)',0,'other','other','Error desconocido','Lo sentimos, ocurrió un error inesperado.'),
('01','Aceptado',1,'approved','accredited','¡Listo! Se acreditó tu pago. En tu resumen verás el cargo de amount como statement_descriptor.','¡Listo! Se acreditó tu pago. En tu resumen verás el cargo del pago.'),
('02','En proceso',1,'in_process','pending_contingency','Estamos procesando tu pago. No te preocupes, menos de 2 días hábiles te avisaremos por e-mail si se acreditó.','Estamos procesando tu pago. No te preocupes, en menos de 2 días hábiles te avisaremos por e-mail si se acreditó.'),
('03','En proceso',1,'in_process','pending_review_manual','Estamos procesando tu pago. No te preocupes, menos de 2 días hábiles te avisaremos por e-mail si se acreditó o si necesitamos más información.','Estamos procesando tu pago. No te preocupes, en menos de 2 días hábiles te avisaremos por e-mail si se acreditó o si necesitamos más información.'),
('04','Rechazado',0,'rejected','cc_rejected_bad_filled_card_number','Revisa el número de tarjeta.','Lo sentimos, ocurrió un inconveniente. Revisa el número de tarjeta.'),
('05','Rechazado',0,'rejected','cc_rejected_bad_filled_date','Revisa la fecha de vencimiento.','Lo sentimos, ocurrió un inconveniente. Revisa la fecha de vencimiento.'),
('06','Rechazado',0,'rejected','cc_rejected_bad_filled_other','Revisa los datos.','Lo sentimos, ocurrió un inconveniente. Revisa los datos.'),
('07','Rechazado',0,'rejected','cc_rejected_bad_filled_security_code','Revisa el código de seguridad de la tarjeta.','Lo sentimos, ocurrió un inconveniente. Revisa el código de seguridad de la tarjeta.'),
('08','Rechazado',0,'rejected','cc_rejected_blacklist','No pudimos procesar tu pago.','Lo sentimos, ocurrió un inconveniente. No pudimos procesar tu pago.'),
('09','Rechazado',0,'rejected','cc_rejected_call_for_authorize','Debes autorizar ante payment_method_id el pago de amount.','Debes autorizar ante el medio de pago, el pago a realizar.'),
('10','Rechazado',0,'rejected','cc_rejected_card_disabled','Llama a payment_method_id para activar tu tarjeta o usa otro medio de pago. El teléfono está al dorso de tu tarjeta.','Llama a la entidad para activar tu tarjeta o usa otro medio de pago. El teléfono está al dorso de tu tarjeta.'),
('11','Rechazado',0,'rejected','cc_rejected_card_error','No pudimos procesar tu pago.','Lo sentimos, ocurrió un inconveniente. No pudimos procesar tu pago.'),
('12','Rechazado',0,'rejected','cc_rejected_duplicated_payment','Ya hiciste un pago por ese valor. Si necesitas volver a pagar usa otra tarjeta u otro medio de pago.','Ya hiciste un pago por ese valor. Si necesitas volver a pagar usa otra tarjeta u otro medio de pago.'),
('13','Rechazado',0,'rejected','cc_rejected_high_risk','Tu pago fue rechazado. Elige otro de los medios de pago, te recomendamos con medios en efectivo.','Tu pago fue rechazado. Elige otro de los medios de pago, te recomendamos con medios en efectivo.'),
('14','Rechazado',0,'rejected','cc_rejected_insufficient_amount','Tu payment_method_id no tiene fondos suficientes.','Lo sentimos, ocurrió un inconveniente. Tu medio de pago no tiene fondos suficientes.'),
('15','Rechazado',0,'rejected','cc_rejected_invalid_installments','payment_method_id no procesa pagos en installments cuotas.','Para el medio de pago ingresado, no se puede procesar los pagos en la cantidad de cuotas seleccionadas.'),
('16','Rechazado',0,'rejected','cc_rejected_max_attempts','Llegaste al límite de intentos permitidos. Elige otra tarjeta u otro medio de pago.','Llegaste al límite de intentos permitidos. Elige otra tarjeta u otro medio de pago.'),
('17','Rechazado',0,'rejected','cc_rejected_other_reason','payment_method_id no procesó el pago.','Lo sentimos, ocurrió un inconveniente. El pago no pudo ser procesado por el medio usado');
COMMIT;

--
-- Table structure for table `transactions`
--

CREATE TABLE `transactions` (
  `id` int(10) unsigned NOT NULL AUTO_INCREMENT,
  `payment_link_id` int(10) unsigned NOT NULL,
  `soap_type_id` char(2) DEFAULT NULL,
  `date` date NOT NULL,
  `time` time NOT NULL,
  `uuid` char(36) NOT NULL,
  `description` varchar(255) NOT NULL,
  `payment_id` varchar(255) DEFAULT NULL,
  `amount` decimal(16,2) NOT NULL,
  `transaction_state_id` varchar(255) NOT NULL,
  `created_at` timestamp NULL DEFAULT NULL,
  `updated_at` timestamp NULL DEFAULT NULL,
  PRIMARY KEY (`id`),
  UNIQUE KEY `transactions_uuid_unique` (`uuid`),
  KEY `transactions_payment_link_id_foreign` (`payment_link_id`),
  KEY `transactions_transaction_state_id_foreign` (`transaction_state_id`),
  KEY `transactions_date_index` (`date`),
  KEY `transactions_time_index` (`time`),
  KEY `transactions_description_index` (`description`),
  KEY `transactions_payment_id_index` (`payment_id`),
  KEY `transactions_amount_index` (`amount`),
  KEY `transactions_soap_type_id_foreign` (`soap_type_id`),
  CONSTRAINT `transactions_payment_link_id_foreign` FOREIGN KEY (`payment_link_id`) REFERENCES `payment_links` (`id`),
  CONSTRAINT `transactions_soap_type_id_foreign` FOREIGN KEY (`soap_type_id`) REFERENCES `soap_types` (`id`),
  CONSTRAINT `transactions_transaction_state_id_foreign` FOREIGN KEY (`transaction_state_id`) REFERENCES `transaction_states` (`id`)
) ENGINE=InnoDB DEFAULT CHARSET=utf8mb4 COLLATE=utf8mb4_unicode_ci;

--
-- Dumping data for table `transactions`
--

COMMIT;

--
-- Table structure for table `transfer_account_payments`
--

CREATE TABLE `transfer_account_payments` (
  `id` int(10) unsigned NOT NULL AUTO_INCREMENT,
  `origin_id` int(10) unsigned DEFAULT 0 COMMENT 'id Cuenta de origen',
  `origin_type` text DEFAULT NULL COMMENT 'Modelo de origen',
  `destiny_id` int(10) unsigned DEFAULT 0 COMMENT 'id Cuenta de destino',
  `destiny_type` text DEFAULT NULL COMMENT 'Modelo de destino',
  `amount` decimal(9,2) DEFAULT 0.00 COMMENT 'Monto a transferir',
  `date_of_movement` datetime DEFAULT NULL COMMENT 'Fecha de movimiento',
  `user_id` int(10) unsigned DEFAULT 0 COMMENT 'Usuario que realiza el movimiento',
  `created_at` timestamp NULL DEFAULT NULL,
  `updated_at` timestamp NULL DEFAULT NULL,
  PRIMARY KEY (`id`)
) ENGINE=InnoDB DEFAULT CHARSET=utf8mb4 COLLATE=utf8mb4_unicode_ci;

--
-- Dumping data for table `transfer_account_payments`
--

COMMIT;

--
-- Table structure for table `transports`
--

CREATE TABLE `transports` (
  `id` int(10) unsigned NOT NULL AUTO_INCREMENT,
  `plate_number` varchar(50) NOT NULL,
  `model` varchar(255) NOT NULL,
  `brand` varchar(255) NOT NULL,
  `is_default` tinyint(1) NOT NULL DEFAULT 0,
  `is_active` tinyint(1) NOT NULL DEFAULT 1,
  `created_at` timestamp NULL DEFAULT NULL,
  `updated_at` timestamp NULL DEFAULT NULL,
  PRIMARY KEY (`id`)
) ENGINE=InnoDB DEFAULT CHARSET=utf8mb4 COLLATE=utf8mb4_unicode_ci;

--
-- Dumping data for table `transports`
--

COMMIT;

--
-- Table structure for table `user_commissions`
--

CREATE TABLE `user_commissions` (
  `id` int(10) unsigned NOT NULL AUTO_INCREMENT,
  `user_id` int(10) unsigned NOT NULL,
  `amount` decimal(8,2) NOT NULL,
  `type` varchar(255) NOT NULL,
  `created_at` timestamp NULL DEFAULT NULL,
  `updated_at` timestamp NULL DEFAULT NULL,
  PRIMARY KEY (`id`),
  KEY `user_commissions_user_id_foreign` (`user_id`),
  CONSTRAINT `user_commissions_user_id_foreign` FOREIGN KEY (`user_id`) REFERENCES `users` (`id`)
) ENGINE=InnoDB DEFAULT CHARSET=utf8mb4 COLLATE=utf8mb4_unicode_ci;

--
-- Dumping data for table `user_commissions`
--

COMMIT;

--
-- Table structure for table `user_default_document_types`
--

CREATE TABLE `user_default_document_types` (
  `id` int(10) unsigned NOT NULL AUTO_INCREMENT,
  `user_id` int(10) unsigned NOT NULL,
  `document_type_id` varchar(255) NOT NULL,
  `series_id` int(10) unsigned NOT NULL,
  `created_at` timestamp NULL DEFAULT NULL,
  `updated_at` timestamp NULL DEFAULT NULL,
  PRIMARY KEY (`id`),
  KEY `user_default_document_types_user_id_foreign` (`user_id`),
  KEY `user_default_document_types_document_type_id_foreign` (`document_type_id`),
  KEY `user_default_document_types_series_id_foreign` (`series_id`),
  CONSTRAINT `user_default_document_types_document_type_id_foreign` FOREIGN KEY (`document_type_id`) REFERENCES `cat_document_types` (`id`),
  CONSTRAINT `user_default_document_types_series_id_foreign` FOREIGN KEY (`series_id`) REFERENCES `series` (`id`),
  CONSTRAINT `user_default_document_types_user_id_foreign` FOREIGN KEY (`user_id`) REFERENCES `users` (`id`)
) ENGINE=InnoDB DEFAULT CHARSET=utf8mb4 COLLATE=utf8mb4_unicode_ci;

--
-- Dumping data for table `user_default_document_types`
--

COMMIT;

--
-- Table structure for table `user_mobile_establishments`
--

CREATE TABLE `user_mobile_establishments` (
  `id` int(10) unsigned NOT NULL AUTO_INCREMENT,
  `user_id` int(10) unsigned NOT NULL,
  `establishment_id` int(10) unsigned NOT NULL,
  `created_at` timestamp NULL DEFAULT NULL,
  `updated_at` timestamp NULL DEFAULT NULL,
  PRIMARY KEY (`id`),
  UNIQUE KEY `ume_user_establishment_unique` (`user_id`,`establishment_id`),
  KEY `user_mobile_establishments_establishment_id_foreign` (`establishment_id`),
  CONSTRAINT `user_mobile_establishments_establishment_id_foreign` FOREIGN KEY (`establishment_id`) REFERENCES `establishments` (`id`) ON DELETE CASCADE,
  CONSTRAINT `user_mobile_establishments_user_id_foreign` FOREIGN KEY (`user_id`) REFERENCES `users` (`id`) ON DELETE CASCADE
) ENGINE=InnoDB DEFAULT CHARSET=utf8mb4 COLLATE=utf8mb4_unicode_ci;

--
-- Dumping data for table `user_mobile_establishments`
--

COMMIT;

--
-- Table structure for table `user_rel_suscription_plans`
--

CREATE TABLE `user_rel_suscription_plans` (
  `id` int(10) unsigned NOT NULL AUTO_INCREMENT,
  `user_id` int(10) unsigned DEFAULT 0 COMMENT 'Relacion con usuario',
  `suscription_plan_id` int(10) unsigned DEFAULT 0 COMMENT 'Relacion con planes de suscripcion',
  `cat_period_id` int(10) unsigned DEFAULT 0 COMMENT 'Relacion con el periodo de tiempo',
  `items` longtext CHARACTER SET utf8mb4 COLLATE utf8mb4_bin NOT NULL COMMENT 'Pega los items relacionados a modo de standar',
  `editable` tinyint(4) NOT NULL DEFAULT 0 COMMENT 'Si ya ha sido adquirido, no puede ser modificado',
  `deletable` tinyint(4) NOT NULL DEFAULT 0 COMMENT 'Si ya ha sido adquirido, no puede ser borrado',
  `start_date` date DEFAULT NULL COMMENT 'Fecha de inicio',
  `sale_notes` text DEFAULT NULL,
  `documents` text DEFAULT NULL,
  `dates_of_documents` text DEFAULT NULL,
  `automatic_date_of_issue` date DEFAULT NULL,
  `customer_id` int(10) unsigned DEFAULT 0,
  `customer` longtext CHARACTER SET utf8mb4 COLLATE utf8mb4_bin NOT NULL,
  `parent_customer_id` int(10) unsigned DEFAULT 0,
  `parent_customer` longtext CHARACTER SET utf8mb4 COLLATE utf8mb4_bin NOT NULL,
  `children_customer_id` int(10) unsigned DEFAULT 0,
  `children_customer` longtext CHARACTER SET utf8mb4 COLLATE utf8mb4_bin DEFAULT NULL,
  `quantity_period` int(10) unsigned DEFAULT 0,
  `apply_concurrency` int(10) unsigned NOT NULL DEFAULT 0,
  `enabled_concurrency` int(10) unsigned NOT NULL DEFAULT 1 COMMENT 'Se pasará a nota de ventas como activo',
  `currency_type_id` varchar(255) DEFAULT NULL,
  `payment_method_type_id` varchar(255) DEFAULT NULL,
  `exchange_rate_sale` double(13,3) DEFAULT 0.000,
  `total_prepayment` double(12,2) DEFAULT 0.00,
  `total_charge` double(12,2) DEFAULT 0.00,
  `total_discount` double(12,2) DEFAULT 0.00,
  `total_exportation` double(12,2) DEFAULT 0.00,
  `total_free` double(12,2) DEFAULT 0.00,
  `total_taxed` double(12,2) DEFAULT 0.00,
  `total_unaffected` double(12,2) DEFAULT 0.00,
  `total_exonerated` double(12,2) DEFAULT 0.00,
  `total_igv` double(12,2) DEFAULT 0.00,
  `total_igv_free` double(12,2) DEFAULT 0.00,
  `total_base_isc` double(12,2) DEFAULT 0.00,
  `total_isc` double(12,2) DEFAULT 0.00,
  `total_base_other_taxes` double(12,2) DEFAULT 0.00,
  `total_other_taxes` double(12,2) DEFAULT 0.00,
  `total_taxes` double(12,2) DEFAULT 0.00,
  `total_value` double(12,2) DEFAULT 0.00,
  `total` decimal(12,2) DEFAULT 0.00,
  `charges` longtext CHARACTER SET utf8mb4 COLLATE utf8mb4_bin DEFAULT NULL,
  `attributes` longtext CHARACTER SET utf8mb4 COLLATE utf8mb4_bin DEFAULT NULL,
  `discounts` longtext CHARACTER SET utf8mb4 COLLATE utf8mb4_bin DEFAULT NULL,
  `prepayments` longtext CHARACTER SET utf8mb4 COLLATE utf8mb4_bin DEFAULT NULL,
  `related` longtext CHARACTER SET utf8mb4 COLLATE utf8mb4_bin DEFAULT NULL,
  `perception` longtext CHARACTER SET utf8mb4 COLLATE utf8mb4_bin DEFAULT NULL,
  `detraction` longtext CHARACTER SET utf8mb4 COLLATE utf8mb4_bin DEFAULT NULL,
  `legends` longtext CHARACTER SET utf8mb4 COLLATE utf8mb4_bin DEFAULT NULL,
  `terms_condition` longtext DEFAULT NULL,
  `created_at` timestamp NULL DEFAULT NULL,
  `updated_at` timestamp NULL DEFAULT NULL,
  `grade` text DEFAULT NULL COMMENT 'Grado designado - utilizado en matricula',
  `section` text DEFAULT NULL COMMENT 'Seccion designado - utilizado en matricula',
  PRIMARY KEY (`id`)
) ENGINE=InnoDB DEFAULT CHARSET=utf8mb4 COLLATE=utf8mb4_unicode_ci;

--
-- Dumping data for table `user_rel_suscription_plans`
--

COMMIT;

--
-- Dumping data for table `users`
--

COMMIT;

--
-- Table structure for table `vet_appointments`
--

CREATE TABLE `vet_appointments` (
  `id` int(10) unsigned NOT NULL AUTO_INCREMENT,
  `pet_id` int(10) unsigned DEFAULT NULL,
  `owner_id` int(10) unsigned DEFAULT NULL,
  `veterinarian_id` int(10) unsigned DEFAULT NULL,
  `establishment_id` int(10) unsigned DEFAULT NULL,
  `scheduled_at` datetime NOT NULL,
  `duration_minutes` smallint(5) unsigned NOT NULL DEFAULT 30,
  `title` varchar(255) DEFAULT NULL,
  `reason` varchar(255) DEFAULT NULL,
  `status` varchar(255) NOT NULL DEFAULT 'scheduled',
  `notes` text DEFAULT NULL,
  `created_at` timestamp NULL DEFAULT NULL,
  `updated_at` timestamp NULL DEFAULT NULL,
  PRIMARY KEY (`id`),
  KEY `vet_appointments_veterinarian_id_scheduled_at_index` (`veterinarian_id`,`scheduled_at`),
  KEY `vet_appointments_pet_id_index` (`pet_id`),
  KEY `vet_appointments_owner_id_index` (`owner_id`),
  KEY `vet_appointments_veterinarian_id_index` (`veterinarian_id`),
  KEY `vet_appointments_scheduled_at_index` (`scheduled_at`)
) ENGINE=InnoDB DEFAULT CHARSET=utf8mb4 COLLATE=utf8mb4_unicode_ci;

--
-- Dumping data for table `vet_appointments`
--

COMMIT;

--
-- Table structure for table `vet_boardings`
--

CREATE TABLE `vet_boardings` (
  `id` int(10) unsigned NOT NULL AUTO_INCREMENT,
  `pet_id` int(10) unsigned NOT NULL,
  `owner_id` int(10) unsigned DEFAULT NULL,
  `establishment_id` int(10) unsigned DEFAULT NULL,
  `check_in` date NOT NULL,
  `check_out` date DEFAULT NULL,
  `kennel` varchar(255) DEFAULT NULL,
  `daily_rate` decimal(10,2) NOT NULL DEFAULT 0.00,
  `status` varchar(255) NOT NULL DEFAULT 'active',
  `notes` text DEFAULT NULL,
  `document_id` int(10) unsigned DEFAULT NULL,
  `sale_note_id` int(10) unsigned DEFAULT NULL,
  `created_at` timestamp NULL DEFAULT NULL,
  `updated_at` timestamp NULL DEFAULT NULL,
  PRIMARY KEY (`id`),
  KEY `vet_boardings_status_check_in_index` (`status`,`check_in`),
  KEY `vet_boardings_pet_id_index` (`pet_id`),
  KEY `vet_boardings_owner_id_index` (`owner_id`)
) ENGINE=InnoDB DEFAULT CHARSET=utf8mb4 COLLATE=utf8mb4_unicode_ci;

--
-- Dumping data for table `vet_boardings`
--

COMMIT;

--
-- Table structure for table `vet_breeds`
--

CREATE TABLE `vet_breeds` (
  `id` int(10) unsigned NOT NULL AUTO_INCREMENT,
  `species_id` int(10) unsigned DEFAULT NULL,
  `name` varchar(255) NOT NULL,
  `active` tinyint(1) NOT NULL DEFAULT 1,
  `created_at` timestamp NULL DEFAULT NULL,
  `updated_at` timestamp NULL DEFAULT NULL,
  PRIMARY KEY (`id`),
  KEY `vet_breeds_species_id_index` (`species_id`),
  KEY `vet_breeds_active_index` (`active`)
) ENGINE=InnoDB DEFAULT CHARSET=utf8mb4 COLLATE=utf8mb4_unicode_ci;

--
-- Dumping data for table `vet_breeds`
--

COMMIT;

--
-- Table structure for table `vet_consultation_attachments`
--

CREATE TABLE `vet_consultation_attachments` (
  `id` int(10) unsigned NOT NULL AUTO_INCREMENT,
  `consultation_id` int(10) unsigned NOT NULL,
  `name` varchar(191) NOT NULL,
  `path` varchar(255) NOT NULL,
  `mime` varchar(100) DEFAULT NULL,
  `kind` varchar(20) DEFAULT NULL,
  `created_at` timestamp NULL DEFAULT NULL,
  `updated_at` timestamp NULL DEFAULT NULL,
  PRIMARY KEY (`id`),
  KEY `vet_consultation_attachments_consultation_id_index` (`consultation_id`)
) ENGINE=InnoDB DEFAULT CHARSET=utf8mb4 COLLATE=utf8mb4_unicode_ci;

--
-- Dumping data for table `vet_consultation_attachments`
--

COMMIT;

--
-- Table structure for table `vet_consultation_procedures`
--

CREATE TABLE `vet_consultation_procedures` (
  `id` int(10) unsigned NOT NULL AUTO_INCREMENT,
  `consultation_id` int(10) unsigned NOT NULL,
  `item_id` int(10) unsigned NOT NULL,
  `name` varchar(191) NOT NULL,
  `quantity` decimal(12,2) NOT NULL DEFAULT 1.00,
  `unit_price` decimal(12,2) NOT NULL DEFAULT 0.00,
  `created_at` timestamp NULL DEFAULT NULL,
  `updated_at` timestamp NULL DEFAULT NULL,
  PRIMARY KEY (`id`),
  KEY `vet_consultation_procedures_consultation_id_index` (`consultation_id`),
  KEY `vet_consultation_procedures_item_id_index` (`item_id`)
) ENGINE=InnoDB DEFAULT CHARSET=utf8mb4 COLLATE=utf8mb4_unicode_ci;

--
-- Dumping data for table `vet_consultation_procedures`
--

COMMIT;

--
-- Table structure for table `vet_consultations`
--

CREATE TABLE `vet_consultations` (
  `id` int(10) unsigned NOT NULL AUTO_INCREMENT,
  `pet_id` int(10) unsigned NOT NULL,
  `veterinarian_id` int(10) unsigned DEFAULT NULL,
  `establishment_id` int(10) unsigned DEFAULT NULL,
  `consultation_date` date NOT NULL,
  `type` varchar(20) NOT NULL DEFAULT 'consulta',
  `reason` varchar(255) DEFAULT NULL,
  `weight` decimal(8,2) DEFAULT NULL,
  `temperature` decimal(5,2) DEFAULT NULL,
  `heart_rate` varchar(20) DEFAULT NULL,
  `resp_rate` varchar(20) DEFAULT NULL,
  `general_state` varchar(191) DEFAULT NULL,
  `diarrhea` tinyint(1) DEFAULT NULL,
  `diarrhea_note` varchar(191) DEFAULT NULL,
  `vaccination_status` varchar(20) DEFAULT NULL,
  `deworming_status` varchar(20) DEFAULT NULL,
  `anamnesis` text DEFAULT NULL,
  `diagnosis_text` text DEFAULT NULL,
  `prescription_cie10_id` int(10) unsigned DEFAULT NULL,
  `treatment` text DEFAULT NULL,
  `observations` text DEFAULT NULL,
  `document_id` int(10) unsigned DEFAULT NULL,
  `sale_note_id` int(10) unsigned DEFAULT NULL,
  `appointment_id` int(10) unsigned DEFAULT NULL,
  `created_at` timestamp NULL DEFAULT NULL,
  `updated_at` timestamp NULL DEFAULT NULL,
  PRIMARY KEY (`id`),
  KEY `vet_consultations_pet_id_consultation_date_index` (`pet_id`,`consultation_date`),
  KEY `vet_consultations_pet_id_index` (`pet_id`),
  KEY `vet_consultations_veterinarian_id_index` (`veterinarian_id`),
  KEY `vet_consultations_prescription_cie10_id_index` (`prescription_cie10_id`),
  KEY `vet_consultations_appointment_id_index` (`appointment_id`)
) ENGINE=InnoDB DEFAULT CHARSET=utf8mb4 COLLATE=utf8mb4_unicode_ci;

--
-- Dumping data for table `vet_consultations`
--

COMMIT;

--
-- Table structure for table `vet_memberships`
--

CREATE TABLE `vet_memberships` (
  `id` int(10) unsigned NOT NULL AUTO_INCREMENT,
  `owner_id` int(10) unsigned NOT NULL,
  `pet_id` int(10) unsigned DEFAULT NULL,
  `plan_name` varchar(255) NOT NULL,
  `price` decimal(10,2) NOT NULL DEFAULT 0.00,
  `period` varchar(255) NOT NULL DEFAULT 'monthly',
  `start_date` date NOT NULL,
  `end_date` date NOT NULL,
  `status` varchar(255) NOT NULL DEFAULT 'active',
  `benefits` text DEFAULT NULL,
  `notes` text DEFAULT NULL,
  `document_id` int(10) unsigned DEFAULT NULL,
  `sale_note_id` int(10) unsigned DEFAULT NULL,
  `created_at` timestamp NULL DEFAULT NULL,
  `updated_at` timestamp NULL DEFAULT NULL,
  PRIMARY KEY (`id`),
  KEY `vet_memberships_status_end_date_index` (`status`,`end_date`),
  KEY `vet_memberships_owner_id_index` (`owner_id`),
  KEY `vet_memberships_pet_id_index` (`pet_id`)
) ENGINE=InnoDB DEFAULT CHARSET=utf8mb4 COLLATE=utf8mb4_unicode_ci;

--
-- Dumping data for table `vet_memberships`
--

COMMIT;

--
-- Table structure for table `vet_notification_log`
--

CREATE TABLE `vet_notification_log` (
  `id` int(10) unsigned NOT NULL AUTO_INCREMENT,
  `pet_id` int(10) unsigned DEFAULT NULL,
  `owner_id` int(10) unsigned DEFAULT NULL,
  `channel` varchar(20) NOT NULL,
  `destination` varchar(191) NOT NULL,
  `subject` varchar(191) DEFAULT NULL,
  `body` text NOT NULL,
  `ref_type` varchar(40) DEFAULT NULL,
  `ref_id` int(10) unsigned DEFAULT NULL,
  `status` varchar(20) NOT NULL,
  `error` text DEFAULT NULL,
  `sent_at` datetime DEFAULT NULL,
  `created_at` timestamp NULL DEFAULT NULL,
  `updated_at` timestamp NULL DEFAULT NULL,
  PRIMARY KEY (`id`),
  KEY `vet_notification_log_ref_type_ref_id_index` (`ref_type`,`ref_id`),
  KEY `vet_notification_log_status_index` (`status`),
  KEY `vet_notification_log_pet_id_index` (`pet_id`)
) ENGINE=InnoDB DEFAULT CHARSET=utf8mb4 COLLATE=utf8mb4_unicode_ci;

--
-- Dumping data for table `vet_notification_log`
--

COMMIT;

--
-- Table structure for table `vet_pets`
--

CREATE TABLE `vet_pets` (
  `id` int(10) unsigned NOT NULL AUTO_INCREMENT,
  `owner_id` int(10) unsigned NOT NULL,
  `name` varchar(255) NOT NULL,
  `species` varchar(60) DEFAULT NULL,
  `species_id` int(10) unsigned DEFAULT NULL,
  `breed` varchar(120) DEFAULT NULL,
  `breed_id` int(10) unsigned DEFAULT NULL,
  `sex` varchar(20) DEFAULT NULL,
  `birthdate` date DEFAULT NULL,
  `weight` decimal(8,2) DEFAULT NULL,
  `color` varchar(60) DEFAULT NULL,
  `microchip` varchar(60) DEFAULT NULL,
  `sterilized` tinyint(1) DEFAULT NULL,
  `photo` varchar(255) DEFAULT NULL,
  `notes` text DEFAULT NULL,
  `allergies` text DEFAULT NULL,
  `chronic_conditions` text DEFAULT NULL,
  `active` tinyint(1) NOT NULL DEFAULT 1,
  `created_at` timestamp NULL DEFAULT NULL,
  `updated_at` timestamp NULL DEFAULT NULL,
  PRIMARY KEY (`id`),
  KEY `vet_pets_owner_id_active_index` (`owner_id`,`active`),
  KEY `vet_pets_owner_id_index` (`owner_id`),
  KEY `vet_pets_species_id_index` (`species_id`),
  KEY `vet_pets_breed_id_index` (`breed_id`)
) ENGINE=InnoDB DEFAULT CHARSET=utf8mb4 COLLATE=utf8mb4_unicode_ci;

--
-- Dumping data for table `vet_pets`
--

COMMIT;

--
-- Table structure for table `vet_prescription_items`
--

CREATE TABLE `vet_prescription_items` (
  `id` int(10) unsigned NOT NULL AUTO_INCREMENT,
  `prescription_id` int(10) unsigned NOT NULL,
  `item_id` int(10) unsigned DEFAULT NULL,
  `name` varchar(191) NOT NULL,
  `dosage` varchar(255) DEFAULT NULL,
  `route` varchar(255) DEFAULT NULL,
  `frequency` varchar(255) DEFAULT NULL,
  `duration` varchar(255) DEFAULT NULL,
  `instructions` text DEFAULT NULL,
  `created_at` timestamp NULL DEFAULT NULL,
  `updated_at` timestamp NULL DEFAULT NULL,
  PRIMARY KEY (`id`),
  KEY `vet_prescription_items_prescription_id_index` (`prescription_id`)
) ENGINE=InnoDB DEFAULT CHARSET=utf8mb4 COLLATE=utf8mb4_unicode_ci;

--
-- Dumping data for table `vet_prescription_items`
--

COMMIT;

--
-- Table structure for table `vet_prescriptions`
--

CREATE TABLE `vet_prescriptions` (
  `id` int(10) unsigned NOT NULL AUTO_INCREMENT,
  `pet_id` int(10) unsigned NOT NULL,
  `owner_id` int(10) unsigned DEFAULT NULL,
  `veterinarian_id` int(10) unsigned DEFAULT NULL,
  `consultation_id` int(10) unsigned DEFAULT NULL,
  `prescription_date` date NOT NULL,
  `notes` text DEFAULT NULL,
  `created_at` timestamp NULL DEFAULT NULL,
  `updated_at` timestamp NULL DEFAULT NULL,
  PRIMARY KEY (`id`),
  KEY `vet_prescriptions_pet_id_prescription_date_index` (`pet_id`,`prescription_date`),
  KEY `vet_prescriptions_pet_id_index` (`pet_id`),
  KEY `vet_prescriptions_owner_id_index` (`owner_id`),
  KEY `vet_prescriptions_veterinarian_id_index` (`veterinarian_id`),
  KEY `vet_prescriptions_consultation_id_index` (`consultation_id`)
) ENGINE=InnoDB DEFAULT CHARSET=utf8mb4 COLLATE=utf8mb4_unicode_ci;

--
-- Dumping data for table `vet_prescriptions`
--

COMMIT;

--
-- Table structure for table `vet_quote_items`
--

CREATE TABLE `vet_quote_items` (
  `id` int(10) unsigned NOT NULL AUTO_INCREMENT,
  `quote_id` int(10) unsigned NOT NULL,
  `item_id` int(10) unsigned DEFAULT NULL,
  `name` varchar(191) NOT NULL,
  `quantity` decimal(12,2) NOT NULL DEFAULT 1.00,
  `unit_price` decimal(12,2) NOT NULL DEFAULT 0.00,
  `subtotal` decimal(12,2) NOT NULL DEFAULT 0.00,
  `created_at` timestamp NULL DEFAULT NULL,
  `updated_at` timestamp NULL DEFAULT NULL,
  PRIMARY KEY (`id`),
  KEY `vet_quote_items_quote_id_index` (`quote_id`)
) ENGINE=InnoDB DEFAULT CHARSET=utf8mb4 COLLATE=utf8mb4_unicode_ci;

--
-- Dumping data for table `vet_quote_items`
--

COMMIT;

--
-- Table structure for table `vet_quotes`
--

CREATE TABLE `vet_quotes` (
  `id` int(10) unsigned NOT NULL AUTO_INCREMENT,
  `pet_id` int(10) unsigned NOT NULL,
  `owner_id` int(10) unsigned DEFAULT NULL,
  `veterinarian_id` int(10) unsigned DEFAULT NULL,
  `quote_date` date NOT NULL,
  `status` varchar(20) NOT NULL DEFAULT 'draft',
  `notes` text DEFAULT NULL,
  `total` decimal(12,2) NOT NULL DEFAULT 0.00,
  `created_at` timestamp NULL DEFAULT NULL,
  `updated_at` timestamp NULL DEFAULT NULL,
  PRIMARY KEY (`id`),
  KEY `vet_quotes_pet_id_quote_date_index` (`pet_id`,`quote_date`),
  KEY `vet_quotes_pet_id_index` (`pet_id`),
  KEY `vet_quotes_owner_id_index` (`owner_id`),
  KEY `vet_quotes_veterinarian_id_index` (`veterinarian_id`)
) ENGINE=InnoDB DEFAULT CHARSET=utf8mb4 COLLATE=utf8mb4_unicode_ci;

--
-- Dumping data for table `vet_quotes`
--

COMMIT;

--
-- Table structure for table `vet_species`
--

CREATE TABLE `vet_species` (
  `id` int(10) unsigned NOT NULL AUTO_INCREMENT,
  `name` varchar(255) NOT NULL,
  `active` tinyint(1) NOT NULL DEFAULT 1,
  `created_at` timestamp NULL DEFAULT NULL,
  `updated_at` timestamp NULL DEFAULT NULL,
  PRIMARY KEY (`id`),
  KEY `vet_species_active_index` (`active`)
) ENGINE=InnoDB DEFAULT CHARSET=utf8mb4 COLLATE=utf8mb4_unicode_ci;

--
-- Dumping data for table `vet_species`
--

COMMIT;

--
-- Table structure for table `vet_vaccination_records`
--

CREATE TABLE `vet_vaccination_records` (
  `id` int(10) unsigned NOT NULL AUTO_INCREMENT,
  `pet_id` int(10) unsigned NOT NULL,
  `type` varchar(20) NOT NULL DEFAULT 'vaccine',
  `item_id` int(10) unsigned DEFAULT NULL,
  `vaccine_name` varchar(255) NOT NULL,
  `applied_date` date DEFAULT NULL,
  `lot_code` varchar(60) DEFAULT NULL,
  `next_dose_date` date DEFAULT NULL,
  `veterinarian_id` int(10) unsigned DEFAULT NULL,
  `document_id` int(10) unsigned DEFAULT NULL,
  `sale_note_id` int(10) unsigned DEFAULT NULL,
  `observations` text DEFAULT NULL,
  `created_at` timestamp NULL DEFAULT NULL,
  `updated_at` timestamp NULL DEFAULT NULL,
  PRIMARY KEY (`id`),
  KEY `vet_vaccination_records_pet_id_applied_date_index` (`pet_id`,`applied_date`),
  KEY `vet_vaccination_records_pet_id_index` (`pet_id`),
  KEY `vet_vaccination_records_item_id_index` (`item_id`),
  KEY `vet_vaccination_records_next_dose_date_index` (`next_dose_date`),
  KEY `vet_vaccination_records_veterinarian_id_index` (`veterinarian_id`),
  KEY `vet_vaccination_records_type_index` (`type`)
) ENGINE=InnoDB DEFAULT CHARSET=utf8mb4 COLLATE=utf8mb4_unicode_ci;

--
-- Dumping data for table `vet_vaccination_records`
--

COMMIT;

--
-- Table structure for table `vet_vaccine_protocols`
--

CREATE TABLE `vet_vaccine_protocols` (
  `id` int(10) unsigned NOT NULL AUTO_INCREMENT,
  `species_id` int(10) unsigned NOT NULL,
  `type` varchar(20) NOT NULL DEFAULT 'vaccine',
  `dose_name` varchar(191) NOT NULL,
  `offset_value` int(11) NOT NULL,
  `offset_unit` varchar(10) NOT NULL DEFAULT 'weeks',
  `offset_from` varchar(10) NOT NULL DEFAULT 'birth',
  `sort_order` int(11) NOT NULL DEFAULT 0,
  `active` tinyint(1) NOT NULL DEFAULT 1,
  `created_at` timestamp NULL DEFAULT NULL,
  `updated_at` timestamp NULL DEFAULT NULL,
  PRIMARY KEY (`id`),
  KEY `vet_vaccine_protocols_species_id_sort_order_index` (`species_id`,`sort_order`),
  KEY `vet_vaccine_protocols_species_id_index` (`species_id`)
) ENGINE=InnoDB DEFAULT CHARSET=utf8mb4 COLLATE=utf8mb4_unicode_ci;

--
-- Dumping data for table `vet_vaccine_protocols`
--

COMMIT;

--
-- Table structure for table `vet_veterinarians`
--

CREATE TABLE `vet_veterinarians` (
  `id` int(10) unsigned NOT NULL AUTO_INCREMENT,
  `name` varchar(255) NOT NULL,
  `cmp` varchar(255) DEFAULT NULL,
  `specialty` varchar(255) DEFAULT NULL,
  `phone` varchar(255) DEFAULT NULL,
  `email` varchar(255) DEFAULT NULL,
  `user_id` int(10) unsigned DEFAULT NULL,
  `active` tinyint(1) NOT NULL DEFAULT 1,
  `work_days` varchar(20) DEFAULT NULL,
  `work_start` time DEFAULT NULL,
  `work_end` time DEFAULT NULL,
  `slot_minutes` int(10) unsigned DEFAULT 30,
  `created_at` timestamp NULL DEFAULT NULL,
  `updated_at` timestamp NULL DEFAULT NULL,
  PRIMARY KEY (`id`),
  KEY `vet_veterinarians_active_index` (`active`),
  KEY `vet_veterinarians_user_id_index` (`user_id`)
) ENGINE=InnoDB DEFAULT CHARSET=utf8mb4 COLLATE=utf8mb4_unicode_ci;

--
-- Dumping data for table `vet_veterinarians`
--

COMMIT;

--
-- Table structure for table `vital_signs_parameters`
--

CREATE TABLE `vital_signs_parameters` (
  `id` int(10) unsigned NOT NULL AUTO_INCREMENT,
  `specialty_id` int(10) unsigned NOT NULL,
  `paramter_name` varchar(255) NOT NULL,
  `unit` varchar(255) DEFAULT NULL,
  `type` varchar(255) DEFAULT NULL,
  `is_optional` tinyint(1) DEFAULT NULL,
  `order` int(11) DEFAULT NULL,
  `created_at` timestamp NULL DEFAULT NULL,
  `updated_at` timestamp NULL DEFAULT NULL,
  PRIMARY KEY (`id`),
  KEY `vsp_specialty_id` (`specialty_id`)
) ENGINE=InnoDB DEFAULT CHARSET=utf8mb4 COLLATE=utf8mb4_unicode_ci;

--
-- Dumping data for table `vital_signs_parameters`
--

COMMIT;

--
-- Table structure for table `vital_signs_values`
--

CREATE TABLE `vital_signs_values` (
  `id` int(10) unsigned NOT NULL AUTO_INCREMENT,
  `appointment_id` int(10) unsigned NOT NULL,
  `vital_sign_id` int(10) unsigned NOT NULL,
  `value` varchar(255) NOT NULL,
  `created_at` timestamp NULL DEFAULT NULL,
  `updated_at` timestamp NULL DEFAULT NULL,
  PRIMARY KEY (`id`),
  KEY `vsv_appointment_id` (`appointment_id`)
) ENGINE=InnoDB DEFAULT CHARSET=utf8mb4 COLLATE=utf8mb4_unicode_ci;

--
-- Dumping data for table `vital_signs_values`
--

COMMIT;

--
-- Table structure for table `voided`
--

CREATE TABLE `voided` (
  `id` int(10) unsigned NOT NULL AUTO_INCREMENT,
  `user_id` int(10) unsigned NOT NULL,
  `external_id` char(36) NOT NULL,
  `soap_type_id` char(2) NOT NULL,
  `state_type_id` char(2) NOT NULL,
  `ubl_version` varchar(255) NOT NULL,
  `date_of_issue` date NOT NULL,
  `date_of_reference` date NOT NULL,
  `identifier` varchar(255) NOT NULL,
  `filename` varchar(255) NOT NULL,
  `ticket` varchar(255) DEFAULT NULL,
  `has_ticket` tinyint(1) NOT NULL DEFAULT 0,
  `has_cdr` tinyint(1) NOT NULL DEFAULT 0,
  `soap_shipping_response` longtext CHARACTER SET utf8mb4 COLLATE utf8mb4_bin DEFAULT NULL,
  `send_to_pse` tinyint(1) NOT NULL DEFAULT 0,
  `response_signature_pse` longtext CHARACTER SET utf8mb4 COLLATE utf8mb4_bin DEFAULT NULL,
  `response_send_cdr_pse` longtext CHARACTER SET utf8mb4 COLLATE utf8mb4_bin DEFAULT NULL,
  `created_at` timestamp NULL DEFAULT NULL,
  `updated_at` timestamp NULL DEFAULT NULL,
  PRIMARY KEY (`id`),
  KEY `voided_user_id_foreign` (`user_id`),
  KEY `voided_soap_type_id_foreign` (`soap_type_id`),
  KEY `voided_state_type_id_foreign` (`state_type_id`),
  CONSTRAINT `voided_soap_type_id_foreign` FOREIGN KEY (`soap_type_id`) REFERENCES `soap_types` (`id`),
  CONSTRAINT `voided_state_type_id_foreign` FOREIGN KEY (`state_type_id`) REFERENCES `state_types` (`id`),
  CONSTRAINT `voided_user_id_foreign` FOREIGN KEY (`user_id`) REFERENCES `users` (`id`)
) ENGINE=InnoDB DEFAULT CHARSET=utf8mb4 COLLATE=utf8mb4_unicode_ci;

--
-- Dumping data for table `voided`
--

COMMIT;

--
-- Table structure for table `voided_documents`
--

CREATE TABLE `voided_documents` (
  `id` int(10) unsigned NOT NULL AUTO_INCREMENT,
  `voided_id` int(10) unsigned NOT NULL,
  `document_id` int(10) unsigned NOT NULL,
  `description` varchar(255) NOT NULL,
  PRIMARY KEY (`id`),
  KEY `voided_documents_voided_id_foreign` (`voided_id`),
  KEY `voided_documents_document_id_foreign` (`document_id`),
  CONSTRAINT `voided_documents_document_id_foreign` FOREIGN KEY (`document_id`) REFERENCES `documents` (`id`),
  CONSTRAINT `voided_documents_voided_id_foreign` FOREIGN KEY (`voided_id`) REFERENCES `voided` (`id`) ON DELETE CASCADE
) ENGINE=InnoDB DEFAULT CHARSET=utf8mb4 COLLATE=utf8mb4_unicode_ci;

--
-- Dumping data for table `voided_documents`
--

COMMIT;

--
-- Table structure for table `waiters`
--

CREATE TABLE `waiters` (
  `id` int(10) unsigned NOT NULL AUTO_INCREMENT,
  `name` varchar(255) NOT NULL,
  `last_name` varchar(255) NOT NULL,
  `created_at` timestamp NULL DEFAULT NULL,
  `updated_at` timestamp NULL DEFAULT NULL,
  PRIMARY KEY (`id`)
) ENGINE=InnoDB DEFAULT CHARSET=utf8mb4 COLLATE=utf8mb4_unicode_ci;

--
-- Dumping data for table `waiters`
--

COMMIT;

--
-- Table structure for table `warehouses`
--

CREATE TABLE `warehouses` (
  `id` int(10) unsigned NOT NULL AUTO_INCREMENT,
  `establishment_id` int(10) unsigned NOT NULL,
  `description` varchar(255) NOT NULL,
  `created_at` timestamp NULL DEFAULT NULL,
  `updated_at` timestamp NULL DEFAULT NULL,
  PRIMARY KEY (`id`),
  KEY `warehouses_establishment_id_foreign` (`establishment_id`),
  CONSTRAINT `warehouses_establishment_id_foreign` FOREIGN KEY (`establishment_id`) REFERENCES `establishments` (`id`) ON DELETE CASCADE
) ENGINE=InnoDB AUTO_INCREMENT=2 DEFAULT CHARSET=utf8mb4 COLLATE=utf8mb4_unicode_ci;

--
-- Dumping data for table `warehouses`
--

INSERT INTO `warehouses` VALUES
(1,1,'Almacén Oficina Principal','2025-12-27 10:38:37','2025-12-27 10:38:37');
COMMIT;

--
-- Table structure for table `web_platforms`
--

CREATE TABLE `web_platforms` (
  `id` int(10) unsigned NOT NULL AUTO_INCREMENT,
  `name` varchar(255) NOT NULL,
  `created_at` timestamp NULL DEFAULT NULL,
  `updated_at` timestamp NULL DEFAULT NULL,
  PRIMARY KEY (`id`)
) ENGINE=InnoDB AUTO_INCREMENT=4 DEFAULT CHARSET=utf8mb4 COLLATE=utf8mb4_unicode_ci;

--
-- Dumping data for table `web_platforms`
--

INSERT INTO `web_platforms` VALUES
(1,'Saga Falabella',NULL,NULL),
(2,'Mercado Libre ',NULL,NULL),
(3,'Linio',NULL,NULL);
COMMIT;

--
-- Table structure for table `workers`
--

CREATE TABLE `workers` (
  `id` int(10) unsigned NOT NULL AUTO_INCREMENT,
  `identity_document_type_id` varchar(255) NOT NULL,
  `number` varchar(255) NOT NULL,
  `name` varchar(255) NOT NULL,
  `birth_date` date NOT NULL,
  `admission_date` date NOT NULL,
  `occupation` varchar(255) NOT NULL,
  `address` varchar(255) DEFAULT NULL,
  `email` varchar(255) DEFAULT NULL,
  `telephone` varchar(255) DEFAULT NULL,
  `created_at` timestamp NULL DEFAULT NULL,
  `updated_at` timestamp NULL DEFAULT NULL,
  PRIMARY KEY (`id`),
  KEY `workers_identity_document_type_id_foreign` (`identity_document_type_id`),
  KEY `workers_number_index` (`number`),
  KEY `workers_name_index` (`name`),
  CONSTRAINT `workers_identity_document_type_id_foreign` FOREIGN KEY (`identity_document_type_id`) REFERENCES `cat_identity_document_types` (`id`)
) ENGINE=InnoDB DEFAULT CHARSET=utf8mb4 COLLATE=utf8mb4_unicode_ci;

--
-- Dumping data for table `workers`
--

COMMIT;

--
-- Table structure for table `zones`
--

CREATE TABLE `zones` (
  `id` int(10) unsigned NOT NULL AUTO_INCREMENT,
  `name` varchar(255) NOT NULL,
  PRIMARY KEY (`id`)
) ENGINE=InnoDB DEFAULT CHARSET=utf8mb4 COLLATE=utf8mb4_unicode_ci;

--
-- Dumping data for table `zones`
--

COMMIT;


