-- Table structure for table `locations`
--

CREATE TABLE `locations` (
  `id` int(10) unsigned NOT NULL AUTO_INCREMENT,
  `name` varchar(255) NOT NULL,
  `created_at` timestamp NULL DEFAULT NULL,
  `updated_at` timestamp NULL DEFAULT NULL,
  PRIMARY KEY (`id`)
) ENGINE=InnoDB AUTO_INCREMENT=2 DEFAULT CHARSET=utf8mb4 COLLATE=utf8mb4_unicode_ci;

--
-- Dumping data for table `locations`
--

SET autocommit=0;
INSERT INTO `locations` VALUES (1,'Est','2025-12-27 20:57:43','2025-12-27 20:57:43');
COMMIT;

-- Dumped table `locations` with 1 row(s)
--

--
-- Table structure for table `machines`
--

CREATE TABLE `machines` (
  `id` int(10) unsigned NOT NULL AUTO_INCREMENT,
  `machine_type_id` int(10) unsigned NOT NULL,
  `name` text DEFAULT NULL,
  `brand` text DEFAULT NULL,
  `model` text DEFAULT NULL,
  `closing_force` text DEFAULT NULL,
  `created_at` timestamp NULL DEFAULT NULL,
  `updated_at` timestamp NULL DEFAULT NULL,
  PRIMARY KEY (`id`)
) ENGINE=InnoDB DEFAULT CHARSET=utf8mb4 COLLATE=utf8mb4_unicode_ci;

--
-- Dumping data for table `machines`
--

SET autocommit=0;
COMMIT;

-- Dumped table `machines` with 0 row(s)
--

--
-- Table structure for table `machine_types`
--

CREATE TABLE `machine_types` (
  `id` int(10) unsigned NOT NULL AUTO_INCREMENT,
  `name` text NOT NULL,
  `description` text DEFAULT NULL,
  `active` tinyint(1) NOT NULL DEFAULT 0,
  `created_at` timestamp NULL DEFAULT NULL,
  `updated_at` timestamp NULL DEFAULT NULL,
  PRIMARY KEY (`id`)
) ENGINE=InnoDB DEFAULT CHARSET=utf8mb4 COLLATE=utf8mb4_unicode_ci;

--
-- Dumping data for table `machine_types`
--

SET autocommit=0;
COMMIT;

-- Dumped table `machine_types` with 0 row(s)
--

--
-- Table structure for table `migrations`
--

CREATE TABLE `migrations` (
  `id` int(10) unsigned NOT NULL AUTO_INCREMENT,
  `migration` varchar(255) NOT NULL,
  `batch` int(11) NOT NULL,
  PRIMARY KEY (`id`)
) ENGINE=InnoDB AUTO_INCREMENT=924 DEFAULT CHARSET=utf8mb4 COLLATE=utf8mb4_unicode_ci;

--
-- Dumping data for table `migrations`
--

SET autocommit=0;
INSERT INTO `migrations` VALUES (1,'2018_00_00_000000_tenant_catalogs_table',1),(2,'2018_01_00_000000_tenant_system_table',1),(3,'2018_01_01_000000_tenant_users_table',1),(4,'2018_01_01_000001_tenant_password_resets_table',1),(5,'2018_01_01_000004_tenant_modules_table',1),(6,'2018_01_01_000006_tenant_module_user_table',1),(7,'2018_01_01_000013_tenant_location_table',1),(8,'2018_05_16_000800_tenant_companies_table',1),(9,'2018_05_16_000810_tenant_establishments_table',1),(10,'2018_05_16_000900_tenant_configurations_table',1),(11,'2018_05_17_000002_tenant_series_table',1),(12,'2018_05_17_000101_tenant_persons_table',1),(13,'2018_06_17_000001_tenant_items_table',1),(14,'2018_06_17_000002_tenant_documents_table',1),(15,'2018_06_17_000005_tenant_document_items_table',1),(16,'2018_06_19_000020_tenant_invoices_table',1),(17,'2018_06_19_000021_tenant_notes_table',1),(18,'2018_06_21_000002_tenant_summaries_table',1),(19,'2018_06_21_000003_tenant_summary_documents_table',1),(20,'2018_06_21_000004_tenant_voided_table',1),(21,'2018_06_21_000005_tenant_voided_documents_table',1),(22,'2018_06_22_000022_tenant_retentions_table',1),(23,'2018_06_22_000023_tenant_retention_documents_table',1),(24,'2018_06_22_000024_tenant_perceptions_table',1),(25,'2018_06_22_000026_tenant_perception_details_table',1),(26,'2018_07_22_000024_tenant_dispatches_table',1),(27,'2018_07_22_000030_tenant_dispatch_items_table',1),(28,'2019_02_12_000002_tenant_purchases_table',1),(29,'2019_02_12_000005_tenant_purchase_items_table',1),(30,'2019_02_12_000007_tenant_kardex_table',1),(31,'2019_02_13_150334_tenant_add_cront_to_configurations',1),(32,'2019_02_13_175903_tenant_change_type_column_quantity_to_document_items',1),(33,'2019_02_13_190940_tenant_add_information_to_documents',1),(34,'2019_02_14_100645_tenant_add_establishment_id_to_users',1),(35,'2019_02_19_150123_tenant_change_columns_to_exchange_rates',1),(36,'2019_02_25_074400_tenant_add_data_json_to_documents',1),(37,'2019_02_26_084922_tenant_change_columns_offline_to_documents',1),(38,'2019_02_27_093803_tenant_add_send_online_to_documents',1),(39,'2019_02_27_150015_create_tasks_table',1),(40,'2019_02_28_100503_tenant_add_calculate_quantity_to_items',1),(41,'2019_02_28_154355_tenant_delete_unique_class_to_tasks',1),(42,'2019_02_28_215128_tenant_change_decimal_column_quantity_to_document_items',1),(43,'2019_03_01_100028_tenant_change_decimal_column_stock_to_items',1),(44,'2019_03_01_100550_tenant_change_type_column_quantity_to_purchase_items',1),(45,'2019_03_01_100938_tenant_change_type_column_quantity_to_kardex',1),(46,'2019_03_01_163938_tenant_add_locked_to_users',1),(47,'2019_03_16_095539_tenant_quotations_table',1),(48,'2019_03_16_095620_tenant_quotation_items_table',1),(49,'2019_03_19_155345_tenant_sale_notes_table',1),(50,'2019_03_19_155546_tenant_sale_note_items_table',1),(51,'2019_03_20_152101_tenant_add_sale_note_id_to_kardex',1),(52,'2019_03_22_095723_tenant_change_nullable_colum_type_to_kardex',1),(53,'2019_03_23_114011_tenant_warehouses_table',1),(54,'2019_03_23_134515_add_warehouse_id_to_items',1),(55,'2019_03_23_154011_tenant_item_warehouse_table',1),(56,'2019_03_25_120709_tenant_inventories_table',1),(57,'2019_03_26_120709_tenant_inventory_kardex_table',1),(58,'2019_03_27_104823_tenant_add_record_to_warehouses',1),(59,'2019_03_28_102106_tenant_add_quotation_id_to_documents',1),(60,'2019_03_28_112106_tenant_add_foreign_establishment_id_to_warehouses',1),(61,'2019_03_29_100403_tenant_add_foreign_to_item_warehouse',1),(62,'2019_03_29_100413_tenant_add_foreign_to_inventories',1),(63,'2019_03_29_100433_tenant_add_foreign_to_inventory_kardex',1),(64,'2019_03_29_100503_tenant_add_has_igv_to_items',1),(65,'2019_04_24_151702_tenant_add_stock_to_configurations',1),(66,'2019_04_26_105302_tenant_add_contingency_to_series',1),(67,'2019_04_29_111659_tenant_inventory_configurations_table',1),(68,'2019_04_29_164935_tenant_add_record_to_inventory_configurations',1),(69,'2019_04_30_140509_tenant_add_type_to_users',1),(70,'2019_05_06_174801_tenant_change_column_type_to_users',1),(71,'2019_05_07_160954_tenant_item_unit_types_table',1),(72,'2019_05_10_172128_tenant_add_price_default_to_item_unit_types',1),(73,'2019_05_13_145524_tenant_fix_error_to_inventories',1),(74,'2019_05_14_091046_tenant_description_to_item_unit_types',1),(75,'2019_05_27_185903_tenant_change_type_column_qr_to_documents',1),(76,'2019_05_28_172128_tenant_add_percentage_of_profit_to_items',1),(77,'2019_06_12_000005_tenant_document_payments_table',1),(78,'2019_06_12_000015_tenant_sale_note_payments_table',1),(79,'2019_06_12_172128_tenant_add_total_canceled_to_sale_notes',1),(80,'2019_06_13_100503_tenant_change_unit_price_to_items',1),(81,'2019_06_14_100503_tenant_person_address_table',1),(82,'2019_06_24_122116_tenant_add_changed_to_sale_notes',1),(83,'2019_07_09_141248_tenant_expense_types_table',1),(84,'2019_07_09_141408_tenant_expenses_table',1),(85,'2019_07_09_141508_tenant_expense_items_table',1),(86,'2019_07_09_172826_tenant_add_perception_agent_to_persons',1),(87,'2019_07_10_092347_tenant_add_percentage_perception_to_items',1),(88,'2019_07_10_103811_tenant_add_columns_perceptions_to_purchases',1),(89,'2019_07_10_120610_tenant_add_columns_purchases_to_payment_method_types',1),(90,'2019_07_10_123325_tenant_purchase_payments_table',1),(91,'2019_07_10_140636_tenant_add_date_of_due_to_purchases',1),(92,'2019_07_10_151332_tenant_add_warehouse_id_to_purchase_items',1),(93,'2019_07_12_181618_tenant_add_columns_aditional_to_establishments',1),(94,'2019_07_19_163617_tenant_add_columns_system_to_configurations',1),(95,'2019_07_22_094601_tenant_cash_table',1),(96,'2019_07_22_094658_tenant_cash_documents_table',1),(97,'2019_07_22_094725_tenant_add_image_to_items',1),(98,'2019_07_22_094803_tenant_modify_document_id_to_cash_documents',1),(99,'2019_07_22_102243_tenant_accounts_table',1),(100,'2019_07_22_103459_tenant_add_account_id_to_items',1),(101,'2019_07_23_175808_tenant_modify_decimals_to_item_unit_types',1),(102,'2019_07_24_162847_tenant_add_data_module_for_pos',1),(103,'2019_07_25_144505_tenant_add_ose_to_companies',1),(104,'2019_07_27_181623_tenant_add_name_name2_to_items',1),(105,'2019_07_31_165537_tenant_add_subtotal_account_to_configurations',1),(106,'2019_08_01_002801_tenant_add_status_to_item',1),(107,'2019_08_01_005553_tenant_add_status_to_persons',1),(108,'2019_08_01_011908_tenant_add_description_to_quotations',1),(109,'2019_08_01_095140_tenant_add_status_to_bank_accounts',1),(110,'2019_08_01_101234_tenant_add_active_to_banks',1),(111,'2019_08_01_102419_tenant_add_active_to_card_brands',1),(112,'2019_08_01_105836_tenant_delete_subtotal_account_to_configurations',1),(113,'2019_08_01_110045_tenant_company_accounts_table',1),(114,'2019_08_03_162431_tenant_add_data_modules_for_dashboard',1),(115,'2019_08_05_130830_tenant_add_index_external_id_to_documents',1),(116,'2019_08_12_125016_tenant_up_unit_price_to_items',1),(117,'2019_08_13_082230_tenant_add_column_limit_user_to_configurations',1),(118,'2019_08_16_153648_tenant_add_more_decimal_column_stock_to_items',1),(119,'2019_08_16_161756_tenant_add_total_plastic_bag_taxes_to_documents',1),(120,'2019_08_16_161824_tenant_add_total_plastic_bag_taxes_to_document_items',1),(121,'2019_08_16_161854_tenant_add_amount_plastic_bag_taxes_to_items',1),(122,'2019_08_19_112540_tenant_add_quotation_id_to_sale_notes',1),(123,'2019_08_19_115344_tenant_add_sale_note_id_to_documents',1),(124,'2019_08_19_124610_tenant_add_state_condition_to_persons',1),(125,'2019_08_20_121326_tenant_add_indexes_to_documents',1),(126,'2019_08_20_144511_tenant_add_indexes_to_summaries',1),(127,'2019_08_20_151037_tenant_add_indexes_to_persons',1),(128,'2019_08_21_145954_tenant_modify_name_name2_to_items',1),(129,'2019_08_23_115358_tenant_add_data_accounnting_inventory_to_modules',1),(130,'2019_08_23_160411_tenant_modify_description_to_items',1),(131,'2019_09_03_153427_tenant_change_nullable_column_affected_document_id_to_notes',1),(132,'2019_09_03_153656_tenant_add_data_affected_document_to_notes',1),(133,'2019_09_09_153206_tenant_add_sale_note_id_to_cash_documents',1),(134,'2019_09_09_174848_tenant_modify_columns_to_perceptions',1),(135,'2019_09_09_174916_tenant_modify_columns_to_perception_details',1),(136,'2019_09_10_102854_tenant_modify_series_id_to_perceptions',1),(137,'2019_09_11_131559_tenant_add_apply_store_to_items',1),(138,'2019_09_11_154949_tenant_expense_method_types',1),(139,'2019_09_11_155535_tenant_expense_payments',1),(140,'2019_09_11_174858_tenant_expense_reasons',1),(141,'2019_09_11_174929_tenant_add_expense_reason_id_to_expenses',1),(142,'2019_09_13_112026_tenant_add_column_image_medium_and_image_small_to_items',1),(143,'2019_09_15_233528_tenant_create_table_tag',1),(144,'2019_09_15_233537_tenant_create_table_item_tag',1),(145,'2019_09_16_121938_tenant_add_date_of_due_to_items',1),(146,'2019_09_16_133219_tenant_add_data_ecommerce_to_modules',1),(147,'2019_09_16_160453_tenant_add_timestamps_to_tag',1),(148,'2019_09_16_161726_tenant_add_status_to_tags',1),(149,'2019_09_17_131050_tenant_add_type_client_to_users',1),(150,'2019_09_17_202003_tenant_promotions_table',1),(151,'2019_09_18_152416_tenant_add_percentage_perception_to_persons',1),(152,'2019_09_18_160838_tenant_add_has_perception_to_items',1),(153,'2019_09_30_151349_tenant_add_has_prepayment_to_documents',1),(154,'2019_09_30_160541_tenant_inventory_transactions_table',1),(155,'2019_09_30_160919_tenant_change_columns_to_inventories',1),(156,'2019_10_04_092658_tenant_business_turns_table',1),(157,'2019_10_04_094841_tenant_document_hotels_table',1),(158,'2019_10_09_101229_tenant_add_locked_tenant_to_configurations',1),(159,'2019_10_10_155554_tenant_add_quantity_documents_date_time_start_to_configurations',1),(160,'2019_10_11_095050_tenant_billing_cycles_table',1),(161,'2019_10_11_153948_tenant_add_locked_users_to_configurations',1),(162,'2019_10_14_101501_tenant_add_column_set_to_items',1),(163,'2019_10_14_102317_tenant_item_sets_table',1),(164,'2019_10_14_235308_tenant_orders_table',1),(165,'2019_10_15_122633_tenant_person_types_table',1),(166,'2019_10_15_123201_tenant_add_person_types_to_persons',1),(167,'2019_10_16_001052_tenant_add_identity_and_number_to_users',1),(168,'2019_10_17_100307_tenant_add_data_to_document_types',1),(169,'2019_10_18_150004_tenant_categories_table',1),(170,'2019_10_18_150414_tenant_brands_table',1),(171,'2019_10_18_150604_tenant_brand_category_to_items',1),(172,'2019_10_18_194622_tenant_add_soft_delete_to_purchases',1),(173,'2019_10_20_190039_tenant_add_plan_to_configurations',1),(174,'2019_10_20_195730_tenant_add_cuenta_to_modules',1),(175,'2019_10_20_200958_tenant_account_payments_table',1),(176,'2019_10_22_173407_tenant_add_was_deducted_prepayment_to_documents',1),(177,'2019_10_24_103947_tenant_add_sunat_alternate_server_to_configurations',1),(178,'2019_10_24_183250_tenant_add_document_id_to_orders',1),(179,'2019_10_24_210806_tenant_items_rating_table',1),(180,'2019_10_26_213130_tenant_add_logo_store_to_companies',1),(181,'2019_10_28_202116_tenant_add_reference_number_to_cash',1),(182,'2019_11_05_113236_create_padrones_table',1),(183,'2019_11_05_113320_create_charge_padrones_table',1),(184,'2019_11_06_095251_tenant_add_success_shipping_status_to_documents',1),(185,'2019_11_06_102422_tenant_add_success_sunat_shipping_status_to_documents',1),(186,'2019_11_06_110606_tenant_add_success_query_status_to_documents',1),(187,'2019_11_06_113035_tenant_offline_configurations_table',1),(188,'2019_11_11_102124_tenant_series_configurations_table',1),(189,'2019_11_12_223340_tenant_add_reference_document_id_to_dispatches',1),(190,'2019_11_13_124821_tenant_add_document_type_id_to_series_configurations',1),(191,'2019_11_18_154307_tenant_create_congiguration_ecommerce_table',1),(192,'2019_11_19_113132_tenant_cat_detraction_types_table',1),(193,'2019_11_20_175549_tenant_add_inventory_kardex_id_to_sale_note_items',1),(194,'2019_11_20_221547_tenant_add_address_to_configuration_ecommerce',1),(195,'2019_11_25_213648_tenant_add_social_to_configuration_ecommerce',1),(196,'2019_11_29_093342_tenant_add_detraction_account_to_companies',1),(197,'2019_12_02_105910_tenant_add_purchase_expense_to_cash_documents',1),(198,'2019_12_02_111743_tenant_change_expense_reason_id_to_expenses',1),(199,'2019_12_02_111837_tenant_add_soap_type_id_to_expenses',1),(200,'2019_12_02_152128_tenant_add_date_of_due_to_quotations',1),(201,'2019_12_02_161856_tenant_add_data_to_payment_method_types',1),(202,'2019_12_02_163726_tenant_add_payment_method_type_id_to_quotations',1),(203,'2019_12_05_104120_tenant_fixed_columns_to_cash_documents',1),(204,'2019_12_06_114132_tenant_add_shipping_address_to_quotations',1),(205,'2019_12_06_120917_tenant_add_commission_amount_to_items',1),(206,'2019_12_11_111224_tenant_purchase_quotations_table',1),(207,'2019_12_11_112209_tenant_purchase_quotation_items_table',1),(208,'2019_12_11_122830_tenant_add_reference_quotation_id_to_dispatches',1),(209,'2019_12_11_174726_tenant_purchase_orders_table',1),(210,'2019_12_11_175353_tenant_purchase_order_items_table',1),(211,'2019_12_16_103759_tenant_add_decimal_quantity_to_configurations',1),(212,'2019_12_16_181022_tenant_add_prefix_to_purchase_orders',1),(213,'2019_12_17_101130_tenant_add_purchase_order_id_to_purchases',1),(214,'2019_12_19_102946_tenant_item_lots_table',1),(215,'2019_12_19_105644_tenant_add_lot_code_to_items',1),(216,'2019_12_19_141604_tenant_add_operation_amazonia_to_companies',1),(217,'2019_12_20_123931_tenant_module_levels_table',1),(218,'2019_12_20_123945_tenant_module_level_user_table',1),(219,'2019_12_23_144236_tenant_add_apply_concurrency_to_sale_notes',1),(220,'2019_12_23_171335_tenant_add_columns_periods_to_sale_notes',1),(221,'2019_12_24_114350_tenant_add_columns_lots_to_item_lots',1),(222,'2019_12_24_123601_tenant_add_lot_code_to_purchase_items',1),(223,'2019_12_27_111848_tenant_add_lot_code_to_inventories',1),(224,'2019_12_30_095201_tenant_add_lots_enabled_to_items',1),(225,'2020_01_03_111747_tenant_add_amount_plastic_bag_taxes_to_configurations',1),(226,'2020_01_08_102051_tenant_add_total_canceled_to_documents',1),(227,'2020_01_09_094728_tenant_change_decimal_column_quantity_to_dispatch_items',1),(228,'2020_01_09_102017_tenant_change_type_decimal_column_quantity_to_dispatch_items',1),(229,'2020_01_09_153023_tenant_add_compact_sidebar_to_configurations',1),(230,'2020_01_10_095143_tenant_add_cci_to_bank_accounts',1),(231,'2020_01_10_121518_tenant_add_warehouse_id_to_document_items',1),(232,'2020_01_15_095621_tenant_add_change_decimal_exchange_rate_sale_tables',1),(233,'2020_01_15_100032_tenant_add_data_to_cat_document_types',1),(234,'2020_01_15_144606_tenant_add_series_number_to_sale_notes',1),(235,'2020_01_15_172447_tenant_add_paid_to_sale_notes',1),(236,'2020_01_15_181229_tenant_add_plate_to_sale_notes',1),(237,'2020_01_16_101424_tenant_add_detail_to_inventories',1),(238,'2020_01_16_103741_tenant_change_decimals_unit_price_tables',1),(239,'2020_01_16_121313_tenant_add_state_to_item_lots',1),(240,'2020_01_17_095233_tenant_document_transports_table',1),(241,'2020_01_17_115328_tenant_add_plate_number_to_documents',1),(242,'2020_01_17_175217_tenant_add_state_type_to_expenses',1),(243,'2020_01_21_153921_tenant_inventories_transfer_table',1),(244,'2020_01_21_155245_tenant_add_inventories_transfer_id_to_inventories',1),(245,'2020_01_23_120700_tenant_drop_compact_sidebar_to_configurations',1),(246,'2020_01_23_120830_tenant_re_create_compact_sidebar_to_configurations',1),(247,'2020_01_23_123235_tenant_add_columns_to_document_hotels',1),(248,'2020_01_27_121553_tenant_add_commission_type_to_items',1),(249,'2020_01_27_150915_tenant_change_column_number_to_sale_notes',1),(250,'2020_01_28_135422_tenant_add_tag_to_configuration_ecommerce',1),(251,'2020_01_31_122444_tenant_add_config_system_to_configurations',1),(252,'2020_02_05_124542_tenant_add_guests_to_document_hotels',1),(253,'2020_02_07_164026_tenant_create_person_addresses',1),(254,'2020_02_10_111943_tenant_add_affectation_type_prepayment_to_documents',1),(255,'2020_02_11_210535_tenant_add_active_to_items',1),(256,'2020_02_12_203736_tenant_add_contact_to_users',1),(257,'2020_02_17_115050_tenant_add_delivery_date_to_quotations',1),(258,'2020_02_17_141658_tenant_create_format_templates_table',1),(259,'2020_02_17_194731_tenant_add_formats_to_configurations',1),(260,'2020_02_17_202910_tenant_item_images_table',1),(261,'2020_02_19_102018_tenant_order_notes_table',1),(262,'2020_02_19_121619_tenant_order_note_items_table',1),(263,'2020_02_19_150814_tenant_add_order_note_id_to_documents',1),(264,'2020_02_19_150828_tenant_add_order_note_id_to_sale_notes',1),(265,'2020_02_19_160926_tenant_add_reference_order_note_id_to_dispatches',1),(266,'2020_02_20_224501_tenant_add_colums_grid_items_to_configurations',1),(267,'2020_02_21_172411_tenant_add_soap_shipping_response_to_documents',1),(268,'2020_02_24_213558_tenant_date_of_due_column_to_purchase_items',1),(269,'2020_02_25_103837_tenant_add_options_pos_to_configurations',1),(270,'2020_02_25_154338_tenant_add_change_to_document_payments',1),(271,'2020_02_26_201604_tenant_item_lots_group_table',1),(272,'2020_02_26_203030_tenant_add_series_enabled_to_items',1),(273,'2020_02_27_113111_tenant_add_change_to_sale_note_payments',1),(274,'2020_03_03_172821_tenant_add_additional_information_to_document_items',1),(275,'2020_03_06_101730_tenant_global_payments_table',1),(276,'2020_03_10_165850_tenant_add_data_module_for_finance',1),(277,'2020_03_11_151338_tenant_add_edit_name_product_purchase',1),(278,'2020_03_13_110238_add_column_name_product_pdf',1),(279,'2020_03_13_134951_add_column_name_product_pdf_update',1),(280,'2020_03_13_134955_add_column_name_product_pdf_change',1),(281,'2020_03_16_152939_tenant_add_indexes_to_payments_tables_for_finances',1),(282,'2020_03_16_162652_tenant_add_enabled_to_persons',1),(283,'2020_03_20_030559_add_columna_restrict_receipt_date',1),(284,'2020_03_20_174637_tenant_add_affectation_igv_type_id_to_configurations',1),(285,'2020_03_25_173128_tenant_sale_opportunities_table',1),(286,'2020_03_25_173442_tenant_sale_opportunity_items_table',1),(287,'2020_03_26_121642_tenant_add_sale_opportunity_id_to_quotations',1),(288,'2020_03_26_170415_tenant_sale_opportunity_files_table',1),(289,'2020_03_27_111133_tenant_quotation_payments_table',1),(290,'2020_03_27_123343_tenant_add_changed_to_quotations',1),(291,'2020_03_27_141008_tenant_add_column_visual_to_configurations',1),(292,'2020_03_27_143825_tenant_add_account_number_to_quotations',1),(293,'2020_03_27_150024_tenant_add_terms_condition_to_quotations',1),(294,'2020_03_30_112859_tenant_payment_files_table',1),(295,'2020_03_31_111522_tenant_add_customer_id_to_purchases',1),(296,'2020_03_31_122445_tenant_fixed_asset_items_table',1),(297,'2020_03_31_141008_tenant_add_column_show_ws_to_configurations',1),(298,'2020_03_31_151057_tenant_fixed_asset_purchases_table',1),(299,'2020_03_31_151323_tenant_fixed_asset_purchase_items_table',1),(300,'2020_04_01_150413_tenant_add_terms_condition_to_configurations',1),(301,'2020_04_02_124023_tenant_add_sale_opportunity_id_to_purchase_orders',1),(302,'2020_04_02_151534_tenant_add_total_canceled_to_purchases',1),(303,'2020_04_02_154134_tenant_contracts_table',1),(304,'2020_04_02_154147_tenant_contract_items_table',1),(305,'2020_04_02_154244_tenant_contract_payments_table',1),(306,'2020_04_03_111019_tenant_income_types_table',1),(307,'2020_04_03_111139_tenant_income_reasons_table',1),(308,'2020_04_03_111209_tenant_income_table',1),(309,'2020_04_03_111703_tenant_income_items_table',1),(310,'2020_04_03_124629_tenant_income_payments_table',1),(311,'2020_04_03_143703_tenant_insert_internal_to_soap_types',1),(312,'2020_05_06_205001_create_status_orders_table',1),(313,'2020_05_06_210451_tenant_add_status_orders_to_orders',1),(314,'2020_05_07_123152_tenant_technical_services_table',1),(315,'2020_05_07_164323_tenant_user_commissions_table',1),(316,'2020_05_12_131218_add_product_to_configurations',1),(317,'2020_05_12_204311_tenant_add_cotizaction_finance_configurations',1),(318,'2020_05_19_162014_tenant_add_contact_to_persons',1),(319,'2020_05_25_140825_tenant_add_column_plate_number_to_sales_note',1),(320,'2020_05_30_132013_tenant_add_certificate_due_to_companies',1),(321,'2020_06_05_111820_tenant_add_line_to_items',1),(322,'2020_06_10_102549_tenant_add_columns_technical_specifications_items',1),(323,'2020_06_11_093739_tenant_add_columns_header_image_legend_footer_to_configurations',1),(324,'2020_06_11_152155_tenant_add_purchase_orders',1),(325,'2020_06_23_122822_tenant_drivers_table',1),(326,'2020_06_23_122938_tenant_dispatchers_table',1),(327,'2020_06_23_123012_tenant_order_forms_table',1),(328,'2020_06_23_123126_tenant_order_form_items_table',1),(329,'2020_06_24_173951_tenant_add_reference_order_form_id_to_dispatches',1),(330,'2020_07_03_124017_tenant_add_purchase_has_igv_to_items',1),(331,'2020_07_08_163451_tenant_change_column_name_product_pdf_to_document_items',1),(332,'2020_07_21_213555_tenant_add_columns_to_technical_services',1),(333,'2020_07_23_153920_tenant_add_user_id_to_global_payments',1),(334,'2020_07_23_215548_tenant_add_img_firm_to_companies',1),(335,'2020_07_23_221614_tenant_add_qr_to_order_forms',1),(336,'2020_07_27_184250_add_apiruc_to_configurations',1),(337,'2020_07_30_101311_tenant_add_soap_shipping_response_to_summaries',1),(338,'2020_07_30_105514_tenant_add_soap_shipping_response_to_voided',1),(339,'2020_08_03_123426_tenant_add_secondary_license_plates_to_dispatches',1),(340,'2020_08_04_104159_tenant_add_initial_balance_to_bank_accounts',1),(341,'2020_08_04_123149_tenant_add_pending_amount_prepayment_to_documents',1),(342,'2020_08_05_104849_tenant_add_payment_method_type_id_to_documents',1),(343,'2020_08_05_125307_tenant_add_filename_to_purchases',1),(344,'2020_08_06_101100_tenant_change_columns_delivery_date_date_of_due_to_quotations',1),(345,'2020_08_06_120140_tenant_add_data_to_module_levels',1),(346,'2020_08_20_151205_tenant_change_column_terms_condition_to_quotations',1),(347,'2020_08_20_151856_tenant_change_column_terms_condition_to_configurations',1),(348,'2020_08_20_172938_tenant_change_decimal_column_quantity_to_item_lots_group',1),(349,'2020_08_26_142025_tenant_add_indexes_to_items',1),(350,'2020_08_27_101335_tenant_add_indexes_to_item_lots',1),(351,'2020_08_28_100623_tenant_change_type_column_terms_condition_to_contracts',1),(352,'2020_09_01_160245_tenant_add_warehouse_id_to_sale_note_items',1),(353,'2020_09_02_103127_tenant_add_warehouse_id_to_order_note_items',1),(354,'2020_09_02_124906_tenant_add_customer_id_to_establishments',1),(355,'2020_09_04_094513_tenant_add_quantity_to_item_sets',1),(356,'2020_09_04_165849_tenant_active_data_to_cat_operation_types',1),(357,'2020_09_07_110546_tenant_add_data_module_for_establishments_users',1),(358,'2020_09_08_141513_tenant_add_regularize_shipping_to_documents',1),(359,'2020_09_08_142658_tenant_add_response_regularize_shipping_to_documents',1),(360,'2020_09_09_144419_tenant_modify_text_description_to_expense_method_types',1),(361,'2020_09_09_151848_tenant_change_column_number_to_expenses',1),(362,'2020_09_09_160249_tenant_contract_state_types_table',1),(363,'2020_09_09_161329_tenant_change_state_type_id_to_contracts',1),(364,'2020_09_11_105705_tenant_cash_transactions_table',1),(365,'2020_09_14_123539_tenant_technical_service_payments_table',1),(366,'2020_09_25_113553_tenant_add_data_rh_to_cat_document_types',1),(367,'2020_09_29_110506_tenant_change_description_to_items',1),(368,'2020_10_09_153402_tenant_add_default_document_type_03_to_configurations',1),(369,'2020_10_13_095308_tenant_add_data_public_services_to_cat_document_types',1),(370,'2020_10_13_111740_tenant_web_platforms_table',1),(371,'2020_10_13_112548_tenant_add_destination_default_to_configurations',1),(372,'2020_10_13_120454_tenant_add_web_platform_id_to_items',1),(373,'2020_10_15_120313_tenant_active_transport_1004_to_cat_operation_types',1),(374,'2020_10_15_173515_tenant_add_contact_phone_to_quotations',1),(375,'2020_10_16_101845_teanant_add_data_to_module_levels',1),(376,'2020_10_16_143042_tenant_add_columns_aditional_to_modules',1),(377,'2020_10_26_151606_tenant_change_columns_nullable_to_dispatches',1),(378,'2020_11_05_103808_tenant_add_seller_to_documents',1),(379,'2020_11_05_120923_tenant_add_payment_method_type_id_to_sale_notes',1),(380,'2020_11_06_104926_tenant_add_soap_shipping_response_to_retentions',1),(381,'2020_11_10_101728_tenant_change_column_name_to_items',1),(382,'2020_11_12_143726_tenant_add_observation_to_sale_notes',1),(383,'2020_11_12_164451_tenant_add_reference_sale_note_id_to_dispatches',1),(384,'2020_11_18_123948_tenant_add_soap_shipping_response_to_dispatches',1),(385,'2020_11_19_115728_tenant_devolution_reasons_table',1),(386,'2020_11_19_115848_tenant_devolutions_table',1),(387,'2020_11_19_115944_tenant_devolution_items_table',1),(388,'2020_11_25_115944_tenant_create_preprinted_format_templates_table',1),(389,'2020_12_01_172908_tenant_add_reference_data_to_documents_sale_notes',1),(390,'2020_12_03_141335_tenant_change_text_description_to_cat_document_types',1),(391,'2020_12_31_103348_tenant_add_has_plastic_bag_taxes_to_items',1),(392,'2021_01_05_145928_add_model_column_to_items_table',1),(393,'2021_01_08_095018_add_barcode_column_to_items_table',1),(394,'2021_01_08_103402_update_barcode_column_to_items_table',1),(395,'2021_01_18_143008_change_lenght_to_items_table',1),(396,'2021_01_19_111533_add_internal_code_column_to_persons_table',1),(397,'2021_01_21_181843_add_terms_condition_sale_to_configurations_table',1),(398,'2021_01_21_183856_add_terms_condition_column_to_documents_table',1),(399,'2021_01_26_102448_create_hotel_rates_table',1),(400,'2021_01_26_152649_create_hotel_categories_table',1),(401,'2021_01_26_161851_create_hotel_floors_table',1),(402,'2021_01_26_171515_create_hotel_rooms_table',1),(403,'2021_01_27_155235_create_hotel_room_rates_table',1),(404,'2021_01_28_205134_create_hotel_rents_table',1),(405,'2021_01_31_163211_create_hotel_rent_items_table',1),(406,'2021_02_01_102051_add_columns_to_hotel_rents_table',1),(407,'2021_02_01_112617_add_column_item_id_to_hotel_rooms_table',1),(408,'2021_02_02_180153_add_arrears_column_to_hotel_rents_table',1),(409,'2021_02_04_215327_add_show_in_document_column_to_bank_accounts_table',1),(410,'2021_02_08_111945_add_document_id_column_to_dispatches_table',1),(411,'2021_02_10_153546_add_login_column_to_configurations_table',1),(412,'2021_02_11_113008_change_destination_to_global_payments_table',1),(413,'2021_02_15_101110_add_favicon_column_to_companies_table',1),(414,'2021_02_15_175921_add_navbar_column_to_configurations_table',1),(415,'2021_02_19_165318_add_finances_column_to_configurations_table',1),(416,'2021_02_25_165224_create_documentary_offices_table',1),(417,'2021_02_25_180958_create_documentary_processes_table',1),(418,'2021_02_25_183124_create_documentary_documents_table',1),(419,'2021_02_26_102851_create_documentary_actions_table',1),(420,'2021_02_26_102900_create_documentary_files_table',1),(421,'2021_03_01_120554_add_user_id_column_to_documentary_files_table',1),(422,'2021_03_01_120931_create_documentary_file_offices_table',1),(423,'2021_03_10_163436_add_extra_modules_to_modules_table',1),(424,'2021_03_11_111743_add_logo_column_to_establishments_table',1),(425,'2021_03_19_204148_add_items_to_modules_table',1),(426,'2021_03_19_221614_add_referential_information_to_quotations_table',1),(427,'2021_03_20_112202_change_order_items_to_modules_table',1),(428,'2021_03_20_115648_add_seller_id_column_to_quotations_table',1),(429,'2021_03_20_132104_add_seller_id_column_to_contracts_table',1),(430,'2021_03_21_165318_add_quotation_allow_seller_generate_sale_column_to_configurations_table',1),(431,'2021_03_24_111209_tenant_payment_conditions_table',1),(432,'2021_03_24_111211_tenant_add_payment_condition_to_documents',1),(433,'2021_03_24_141211_tenant_document_fee_table',1),(434,'2021_03_25_162827_add_purchase_order_column_to_sale_notes_table',1),(435,'2021_03_25_215438_add_codes_column_to_items_table',1),(436,'2021_03_25_215438_add_column_digemid_code_to_companies_table',1),(437,'2021_03_25_215438_change_column_second_name_on_items_table',1),(438,'2021_03_31_212318_add_document_id_column_to_sale_notes_table',1),(439,'2021_04_01_113520_add_levels_to_module_levels_table',1),(440,'2021_04_05_115318_add_allow_edit_unit_price_to_seller_column_to_configurations_table',1),(441,'2021_04_06_172009_create_item_warehouse_prices_table',1),(442,'2021_04_08_000106_create_points_table',1),(443,'2021_04_08_004409_create_configuration_points_table',1),(444,'2021_04_08_005315_add_foreign_to_points_table',1),(445,'2021_04_08_175347_change_electronico_at_cat_document_type',1),(446,'2021_04_11_113741_add_column_points_to_items_table',1),(447,'2021_04_17_163456_add_technical_service_id_to_cash_documents_table',1),(448,'2021_04_19_141528_add_column_points_to_sale_notes_table',1),(449,'2021_04_19_144103_add_column_points_to_documents_table',1),(450,'2021_04_22_170915_add_template_pdf_to_establishments_table',1),(451,'2021_04_23_143433_add_edit_flag_to_documents_table',1),(452,'2021_04_27_105557_add_payment_type_to_payment_method',1),(453,'2021_04_29_122333_add_visual_ticket_58_to_configurations_table',1),(454,'2021_05_03_131833_add_mail_configuration',1),(455,'2021_05_06_152551_add_due_date_to_sales_note',1),(456,'2021_05_07_154207_add_soft_delete_to_document',1),(457,'2021_05_07_154207_remove_soft_delete_to_document',1),(458,'2021_05_12_163406_add_seller_can_create_porduct_to_configuration',1),(459,'2021_05_13_120615_add_seller_can_view_balance_on_finance_to_configuration',1),(460,'2021_05_27_124620_add_generate_option_to_sale_opportunities',1),(461,'2021_06_03_122337_add_method_type_to_documents_fee',1),(462,'2021_06_03_165209_add_serie_and_document_to_user',1),(463,'2021_06_07_140759_change_format_number_to_expenses_table',1),(464,'2021_06_09_124243_add_update_documents_by_dispaches_to_configurations',1),(465,'2021_06_10_092525_add_pharmacy_to_items',1),(466,'2021_06_15_094333_add_name_product_pdf_to_order_note_items',1),(467,'2021_06_16_154233_add_send_auto_sunat_to_dispatches',1),(468,'2021_06_18_141048_add_modules_digemid',1),(469,'2021_06_22_112855_add_fields_to_client',1),(470,'2021_06_23_130016_create_digemid_catalog',1),(471,'2021_06_28_125907_add_fields_to_documentary_office',1),(472,'2021_06_28_142358_tenant_add_active_warehouse_prices_to_configurations',1),(473,'2021_06_29_173743_tenant_add_allowance_charge_to_configurations',1),(474,'2021_06_29_184419_remove_key_from_documentary',1),(475,'2021_06_30_174147_create_adjust_to_docymentary_offices',1),(476,'2021_06_30_175311_tenant_add_purchase_to_cash_documents',1),(477,'2021_07_01_171620_adjust_to_docymentary_procedure',1),(478,'2021_07_02_133558_add_office_to_process',1),(479,'2021_07_05_091229_change_data_to',1),(480,'2021_07_05_094927_create_documentary_guides_number',1),(481,'2021_07_05_125811_add_field_to_documentary_file',1),(482,'2021_07_05_141048_add_modules_docymentary_requirements',1),(483,'2021_07_05_213052_change_observation_from_file_offices',1),(484,'2021_07_05_220241_add_requirements_to_documentary_file',1),(485,'2021_07_06_114113_tenant_add_discount_stock_to_cat_transfer_reason_types',1),(486,'2021_07_06_173358_tenant_add_dispatch_id_to_documents',1),(487,'2021_07_06_174510_add_name_pdf_to_sale_note_item',1),(488,'2021_07_14_103324_add_data_affected_document',1),(489,'2021_07_16_204722_add_phone_to_configuration_ecommerce',1),(490,'2021_07_19_132554_add_days_to_client',1),(491,'2021_07_26_102802_add_banned_column_to_points_table',1),(492,'2021_07_30_113708_create_expiration_date_settings_table',1),(493,'2021_08_03_115743_add_field_to_send_sale_note_to_other_site',1),(494,'2021_08_05_143043_add_quotation_to_order_note',1),(495,'2021_08_05_144042_tenant_add_search_item_by_series_to_configurations',1),(496,'2021_08_06_094151_tenant_add_change_free_affectation_igv_to_configurations',1),(497,'2021_08_09_115837_add_currency_to_configuration',1),(498,'2021_08_09_131738_tenant_add_select_available_price_list_to_configurations',1),(499,'2021_08_16_111909_create_colors_for_items',1),(500,'2021_08_17_091109_add_more_propertys_to_item',1),(501,'2021_08_20_153033_add_extra_data_of_product_to_configuration',1),(502,'2021_08_20_161555_add_extra_data_item_menu',1),(503,'2021_08_23_105050_tenant_add_group_items_generate_document_to_configurations',1),(504,'2021_08_23_172828_adjust_inventory_item_extra_data',1),(505,'2021_08_24_153219_tenant_add_columns_unknown_error_to_summaries',1),(506,'2021_08_25_155900_tenant_add_columns_integrated_query_to_companies',1),(507,'2021_09_08_165136_add_optional_emails_to_person',1),(508,'2021_09_10_120216_create_email_send_log',1),(509,'2021_09_10_143648_tenant_add_subtotal_to_documents',1),(510,'2021_09_13_171757_tenat_add_total_igv_free_to_documents',1),(511,'2021_09_15_115746_add_global_igv_to_purchase',1),(512,'2021_09_15_170619_tenant_change_length_description_to_quotations',1),(513,'2021_09_16_144202_add_app_to_modules',1),(514,'2021_09_17_120309_add_url_apk_to_configurations',1),(515,'2021_09_17_150025_transfer_accounts_payment',1),(516,'2021_09_20_183304_add_new_enter_template_to_format_templates',1),(517,'2021_09_21_172056_add_file_to_format_templates',1),(518,'2021_09_22_120834_add_fields_technical_services',1),(519,'2021_09_22_120835_create_technical_service_items',1),(520,'2021_09_24_114832_add_configuration_to_show_name_of_pdf',1),(521,'2021_09_28_183535_add_name_pdf_to_quotation_items',1),(522,'2021_09_29_123827_add_text_to_address_in_configuration',1),(523,'2021_09_29_180607_tenant_add_set_address_by_establishment_to_configurations',1),(524,'2021_09_30_135325_tenant_add_order_id_to_sale_notes',1),(525,'2021_09_30_170149_tenant_add_permission_to_edit_cpe_to_configurations',1),(526,'2021_09_30_171912_tenant_add_permission_edit_cpe_to_users',1),(527,'2021_10_04_154837_tenant_change_nullable_packages_number_to_dispatches',1),(528,'2021_10_05_171912_add_configuration_module_to_user',1),(529,'2021_10_05_174410_tenant_add_total_igv_free_to_quotations',1),(530,'2021_10_06_132920_tenant_add_total_igv_free_to_order_notes',1),(531,'2021_10_07_144354_create_guide_file',1),(532,'2021_10_11_110825_create_item_movement_table',1),(533,'2021_10_12_111345_create_item_movement_rel_extra_table',1),(534,'2021_10_13_113504_add_only_user_warehouse_item_to_config',1),(535,'2021_10_18_110547_tenant_add_technical_service_id_to_documents',1),(536,'2021_10_18_110700_change_default_show_items_only_user_stablishment',1),(537,'2021_10_18_110700_change_value_show_items_only_user_stablishment',1),(538,'2021_10_18_110907_tenant_add_technical_service_id_to_sale_notes',1),(539,'2021_10_18_150100_tenant_add_document_type_04_to_cat_document_types',1),(540,'2021_10_18_150136_tenant_add_data_operation_type_0501_to_cat_operation_types',1),(541,'2021_10_18_150154_tenant_cat_address_types_table',1),(542,'2021_10_18_150215_tenant_add_address_type_id_to_persons',1),(543,'2021_10_18_150306_tenant_purchase_settlements_table',1),(544,'2021_10_18_150324_tenant_purchase_settlement_items_table',1),(545,'2021_10_18_153949_tenant_add_data_purchase_settlements_to_module_levels',1),(546,'2021_10_18_174146_tenant_add_subtotal_to_purchase_settlements',1),(547,'2021_10_19_150956_tenant_add_pending_amount_detraction_to_documents',1),(548,'2021_10_20_160503_tenant_add_retention_to_documents',1),(549,'2021_10_20_161035_tenant_add_data_retention_to_cat_charge_discount_types',1),(550,'2021_10_20_174401_tenant_rename_pending_amount_detraction_to_documents',1),(551,'2021_10_21_093921_tenant_add_igv_retention_percentage_to_configurations',1),(552,'2021_10_22_130040_create_app_suscription',1),(553,'2021_10_25_112316_tenant_add_subtotal_to_quotations',1),(554,'2021_10_25_142908_create_suscription_plans_table',1),(555,'2021_10_25_154009_tenant_add_option_13_to_cat_note_credit_types',1),(556,'2021_10_27_105710_tenant_add_subtotal_to_sale_notes',1),(557,'2021_10_27_133333_add_parent_id_field_to_persons',1),(558,'2021_10_28_110438_alter_sale_notes_and_documents',1),(559,'2021_10_28_173041_tenant_add_name_product_xml_to_document_items',1),(560,'2021_10_29_110421_tenant_add_name_product_pdf_to_xml_to_configurations',1),(561,'2021_10_29_114826_change_value_alternate_server_to_configurations',1),(562,'2021_11_09_113608_tenant_add_default_document_type_80_to_configurations',1),(563,'2021_11_09_143629_tenant_add_search_item_by_barcode_to_configurations',1),(564,'2021_11_09_173326_add_grade_and_section_touser_rel_suscription_plan',1),(565,'2021_11_11_113443_tenant_general_payment_conditions_table',1),(566,'2021_11_11_114229_tenant_add_payment_condition_id_to_purchases',1),(567,'2021_11_11_152521_tenant_purchase_fee_table',1),(568,'2021_11_11_180653_tenant_add_recreate_documents_to_users',1),(569,'2021_11_12_102347_add_grade_and_section_tables',1),(570,'2021_11_15_152956_additem_description_default_pdf_name_configuration',1),(571,'2021_11_16_150657_add_user_id_to_inventories_transfer',1),(572,'2021_11_25_105300_create_accounting_ledger_table',1),(573,'2021_11_25_154025_add_auto_print_to_configurations',1),(574,'2021_12_01_113756_add_show_services_on_pos',1),(575,'2021_12_02_141408_tenant_bank_loans_table',1),(576,'2021_12_03_130138_add_column_generic_to_items_table',1),(577,'2021_12_05_124642_add_column_location_to_items_table',1),(578,'2021_12_08_211200_add_pos_history_and_cost_to_configuration',1),(579,'2021_12_09_180033_change_column_localtion_to_items_table',1),(580,'2021_12_09_180332_create_table_locations_table',1),(581,'2021_12_09_182924_add_flag_to_production_for_item',1),(582,'2021_12_10_122529_add_zone_id_to_person',1),(583,'2021_12_10_130040_create_app_production',1),(584,'2021_12_10_172959_add_name_to_mill',1),(585,'2021_12_11_101624_add_data_to_inventory_transactions',1),(586,'2021_12_11_114856_add_item_to_mill_item',1),(587,'2021_12_11_170251_create_item_supplies',1),(588,'2021_12_15_112106_create_columns_to_show_by_user',1),(589,'2021_12_16_144057_add_show_totals_on_c_p_e_list',1),(590,'2021_12_21_134408_add_simplify_to_documentary',1),(591,'2021_12_22_150753_add_guide_to_documentary_archive',1),(592,'2021_12_25_163345_add_colors_to_documentary',1),(593,'2021_12_31_105910_change_documentary_process_characters',1),(594,'2022_01_05_170742_create_machine_for_production',1),(595,'2022_01_07_124919_add_complete_to_documentary_files',1),(596,'2022_01_11_140319_tenant_add_columns_send_pse_to_documents',1),(597,'2022_01_11_174033_tenant_add_columns_send_pse_to_companies',1),(598,'2022_01_12_180810_tenant_add_detraction_amount_rounded_int_to_configurations',1),(599,'2022_01_13_141051_tenant_add_sale_notes_relateds_to_documents',1),(600,'2022_01_15_130321_add_old_quantity_to_item_lot_group',1),(601,'2022_01_18_094821_tenant_add_data_to_inventory_transactions',1),(602,'2022_01_18_120000_add_show_term_condition_pos_to_configurations',1),(603,'2022_01_18_213317_tenant_create_cash_documents_credit',1),(604,'2022_01_20_202655_tenant_add_unique_filename_to_documents',1),(605,'2022_01_22_001715_add_date_end_to_documentary_files',1),(606,'2022_01_25_150315_add_apply_restaurant_to_items',1),(607,'2022_01_25_152940_create_app_restaurant',1),(608,'2022_01_26_175429_create_mi_tienda_pe',1),(609,'2022_01_28_110155_tenant_add_related_to_dispatches',1),(610,'2022_01_29_141957_add_purchase_order_and_observation_to_purchase',1),(611,'2022_01_29_191503_create_packaging_table',1),(612,'2022_01_30_120653_create_configuration_to_mi_tienda_pe',1),(613,'2022_02_02_203403_add_autogenerate_c_p_e_to_mi_tienda_pe',1),(614,'2022_02_07_110836_add_ticket_template_pdf_to_establishments_table',1),(615,'2022_02_07_121152_add_is_custom_ticket_to_format_templates',1),(616,'2022_02_07_142617_add_format_tickets_to_configurations',1),(617,'2022_02_07_161128_tenant_add_data_to_promotions_table',1),(618,'2022_02_08_213251_tenant_add_restaurant_to_orders',1),(619,'2022_02_11_162919_tenant_add_last_sale_price_to_configurations',1),(620,'2022_02_14_222010_tenant_add_flasg_to_inventory_configurations',1),(621,'2022_02_14_224820_tenant_add_barcode_to_item_unit_types',1),(622,'2022_02_16_150615_tenant_add_show_logo_establishment_to_configuration',1),(623,'2022_02_17_195824_add_colaborator_to_production_as_text',1),(624,'2022_02_22_111659_tenant_add_columns_send_pse_to_voided',1),(625,'2022_02_24_134926_tenant_add_columns_purchase_isc_to_items',1),(626,'2022_02_24_201345_tenant_download_tray_table',1),(627,'2022_02_25_172811_add_print_next_line_to_pdf_on_observation',1),(628,'2022_02_27_120405_tenant_add_comments_to_inventories',1),(629,'2022_03_03_110115_tenant_add_global_discount_type_id_to_configurations',1),(630,'2022_03_04_003932_tenant_add_quotation_to_cash_documents',1),(631,'2022_03_08_112351_tenant_add_columns_send_pse_to_dispatches',1),(632,'2022_03_09_111107_tenant_add_restaurant_to_cash',1),(633,'2022_03_10_003439_add_column_url_and_name_printer_to_establishments_table',1),(634,'2022_03_10_094902_tenant_add_shipping_time_days_to_configurations',1),(635,'2022_03_11_120508_add_trace_to_api_peru_service',1),(636,'2022_03_14_221802_tenant_add_type_to_download_tray',1),(637,'2022_03_18_140238_tenant_add_total_igv_free_to_sale_notes',1),(638,'2022_03_21_110605_create_restaurant_configuration',1),(639,'2022_03_21_161851_add_configuration_new_valdiator_pagination',1),(640,'2022_03_25_134555_tenant_add_customer_filter_by_seller_to_configurations',1),(641,'2022_03_25_143916_tenant_add_index_seller_id_to_persons',1),(642,'2022_03_25_170158_tenant_add_validate_purchase_sale_unit_price_to_configurations',1),(643,'2022_03_28_174245_add_barcode_column_to_persons_table',1),(644,'2022_03_29_101534_add_quantity_to_restaurant_configuration',1),(645,'2022_03_30_145732_tenant_add_nationality_to_persons',1),(646,'2022_03_31_132849_create_app_pos_garage',1),(647,'2022_04_04_151234_add_commands_to_restaurant_configurations',1),(648,'2022_04_06_111531_create_restaurant_roles_table',1),(649,'2022_04_06_112454_add_restaurant_role_to_users',1),(650,'2022_04_06_170626_tenant_add_unique_filename_to_sale_notes',1),(651,'2022_04_08_001444_create_pharmacy_configurations_table',1),(652,'2022_04_11_143145_tenant_add_name_product_pdf_to_contract_items',1),(653,'2022_04_11_152502_tenant_add_name_product_pdf_to_dispatch_items',1),(654,'2022_04_12_111023_tenant_add_columns_igv_unit_price_purchases_to_configurations',1),(655,'2022_04_12_121903_addindex_to_item_movement_rel_extra',1),(656,'2022_04_12_162742_tenant_report_configurations_table',1),(657,'2022_04_18_153331_tenant_add_payment_permissions_to_users',1),(658,'2022_04_19_114422_tenant_add_set_global_purchase_currency_items_to_configurations',1),(659,'2022_04_20_115118_tenant_add_subject_to_detraction_to_items',1),(660,'2022_04_20_205612_add_column_cash_and_transfers_to_cash_table',1),(661,'2022_04_22_101547_tenant_change_type_observation_to_sale_notes',1),(662,'2022_04_22_133909_tenant_add_set_unit_price_dispatch_related_record_to_configurations',1),(663,'2022_04_25_151827_tenant_add_index_barcode_to_item_unit_types',1),(664,'2022_04_26_175613_tenant_add_columns_restrict_voided_to_configurations',1),(665,'2022_04_28_175537_tenant_add_order_form_external_to_dispatches',1),(666,'2022_04_29_140515_tenant_add_enabled_tips_pos_to_configurations',1),(667,'2022_04_29_144947_tenant_tips_table',1),(668,'2022_05_02_135252_tenant_add_fields_to_module_levels',1),(669,'2022_05_02_152925_tenant_add_top_menu_to_configurations',1),(670,'2022_05_02_170654_tenant_add_data_district_250307_to_districts',1),(671,'2022_05_03_143911_tenant_create_skins_table',1),(672,'2022_05_03_171845_tenant_add_purchase_settlement_id_to_kardex',1),(673,'2022_05_04_143113_tenant_add_payment_method_type_id_to_purchase_settlements',1),(674,'2022_05_04_150922_tenant_change_type_column_quantity_to_item_supplies',1),(675,'2022_05_04_155103_tenant_workers_table',1),(676,'2022_05_04_174017_tenant_add_unique_filename_to_summaries',1),(677,'2022_05_05_110908_tenant_add_soap_type_id_to_production',1),(678,'2022_05_05_115054_tenant_add_soap_type_id_to_mill',1),(679,'2022_05_05_134703_tenant_add_soap_type_id_to_packaging',1),(680,'2022_05_06_162034_add_fields_to_person',1),(681,'2022_05_08_122934_tenant_add_route_path_to_module_levels',1),(682,'2022_05_08_130040_create_app_full_suscription',1),(683,'2022_05_08_130054_tenant_update_data_to_skins',1),(684,'2022_05_09_105130_tenant_payment_configurations_table',1),(685,'2022_05_09_122150_tenant_add_defaults_to_configurations',1),(686,'2022_05_09_141114_tenant_payment_link_types_table',1),(687,'2022_05_09_143633_tenant_payment_links_table',1),(688,'2022_05_09_212753_tenant_register_app_generate_link_to_modules',1),(689,'2022_05_10_113515_tenant_transaction_states_table',1),(690,'2022_05_10_113608_tenant_transactions_table',1),(691,'2022_05_10_113734_tenant_transaction_queries_table',1),(692,'2022_05_10_113800_tenant_client_error_types_table',1),(693,'2022_05_10_113813_tenant_client_errors_table',1),(694,'2022_05_10_163722_tenant_config_default_to_configurations',1),(695,'2022_05_11_104030_tenant_add_soap_type_id_to_transactions',1),(696,'2022_05_11_115321_tenant_add_query_transaction_to_payment_links',1),(697,'2022_05_11_161435_tenant_change_nullable_payment_to_payment_links',1),(698,'2022_05_11_224556_create_enter_permissions_table',1),(699,'2022_05_11_224631_create_enter_permissions_users_table',1),(700,'2022_05_12_180154_tenant_add_legend_forest_to_xml_to_configurations',1),(701,'2022_05_13_162912_tenant_add_index_regularize_shipping_to_documents',1),(702,'2022_05_13_163802_tenant_purchase_settlement_payments_table',1),(703,'2022_05_13_172504_tenant_add_change_currency_item_to_configurations',1),(704,'2022_05_17_164646_tenant_add_enabled_advanced_records_search_to_configurations',1),(705,'2022_05_23_133515_tenant_add_decimal_quantity_unit_price_pdf_to_configurations',1),(706,'2022_06_01_114042_tenant_add_separate_cash_transactions_to_configurations',1),(707,'2022_06_01_161857_add_column_hotel_rate_id_to_hotel_rents_table',1),(708,'2022_06_01_164204_tenant_add_order_cash_income_to_configurations',1),(709,'2022_06_02_160925_tenant_add_data_district_080915_to_districts',1),(710,'2022_06_03_135513_tenant_add_generate_order_note_from_quotation_to_configurations',1),(711,'2022_06_06_144610_tenant_add_list_items_by_warehouse_to_configurations',1),(712,'2022_06_16_143605_tenant_app_configurations_table',1),(713,'2022_06_17_143817_tenant_add_payment_received_to_document_payments',1),(714,'2022_06_21_101957_tenant_add_columns_login_pse_to_companies',1),(715,'2022_06_21_165810_tenant_add_user_pse_to_companies',1),(716,'2022_06_23_141216_tenant_add_print_format_pdf_to_app_configurations',1),(717,'2022_06_28_164504_tenant_add_date_of_issue_to_inventories',1),(718,'2022_06_30_110007_tenant_add_columns_send_pse_to_summaries',1),(719,'2022_06_30_172004_tenant_add_index_external_id_to_income',1),(720,'2022_06_30_172247_tenant_add_filename_to_income',1),(721,'2022_07_01_103451_tenant_add_filename_to_expenses',1),(722,'2022_07_01_172113_tenant_add_hide_pdf_view_documents_to_configurations',1),(723,'2022_07_04_152229_tenant_add_ticket_single_shipment_to_configurations',1),(724,'2022_07_04_153343_tenant_add_ticket_single_shipment_to_documents',1),(725,'2022_07_05_103856_tenant_add_purchase_permissions_to_users',1),(726,'2022_07_06_113107_tenant_add_columns_theme_configuration_to_app_configurations',1),(727,'2022_07_06_233507_tenant_add_columns_header_configuration_to_app_configurations',1),(728,'2022_07_07_100534_tenant_add_module_app_2_generator_to_modules',1),(729,'2022_07_07_131216_tenant_app_modules_table',1),(730,'2022_07_07_143039_tenant_app_module_user_table',1),(731,'2022_07_08_101718_tenant_add_data_configuration_to_app_modules',1),(732,'2022_07_08_165430_tenant_add_indexes_columns_to_cash',1),(733,'2022_07_11_180145_tenant_add_data_quotation_to_app_modules',1),(734,'2022_07_14_095450_tenant_add_app_logo_to_companies',1),(735,'2022_07_14_120321_tenant_add_affect_all_documents_to_configuration',1),(736,'2022_07_14_143450_tenant_add_terms_condition_column_to_sale_notes_table',1),(737,'2022_07_14_162144_tenant_add_terms_condition_column_to_dispatches_table',1),(738,'2022_07_15_110508_tenant_add_text_filter_to_items',1),(739,'2022_07_18_172843_tenant_add_app_mode_to_app_configurations',1),(740,'2022_07_19_033009_tenant_add_dashboard_options_to_configurations',1),(741,'2022_07_25_115003_tenant_add_quantity_sales_notes_to_configurations',1),(742,'2022_07_30_133127_tenant_add_direct_print_to_app_configurations',1),(743,'2022_08_05_110445_tenant_add_columns_whatsapp_to_companies',1),(744,'2022_08_05_174505_tenant_add_favorite_to_items',1),(745,'2022_08_07_122150_tenant_add_folio_to_documents',1),(746,'2022_08_11_151009_tenant_add_data_district_080916_to_districts',1),(747,'2022_08_11_151307_tenant_add_data_district_080917_to_districts',1),(748,'2022_08_11_151330_tenant_add_data_district_080918_to_districts',1),(749,'2022_08_11_151345_tenant_add_data_district_080919_to_districts',1),(750,'2022_08_14_190940_tenant_add_additional_data_to_documents',1),(751,'2022_08_15_101024_tenant_add_data_default_various_clients_to_persons',1),(752,'2022_08_23_140943_tenant_add_personal_information_to_users',1),(753,'2022_08_23_174028_tenant_user_default_document_types_table',1),(754,'2022_08_24_155445_tenant_add_data_district_080914_to_districts',1),(755,'2022_08_24_160940_tenant_add_additional_data_to_document_items',1),(756,'2022_08_24_165942_tenant_add_restrict_series_selection_seller_to_configurations',1),(757,'2022_08_25_113149_tenant_system_activity_logs_table',1),(758,'2022_08_25_154533_create_dispatch_sale_notes_table',1),(759,'2022_08_29_015753_tenant_add_igv_31556_to_establishments',1),(760,'2022_08_30_104544_tenant_add_location_to_system_activity_logs',1),(761,'2022_08_30_140345_tenant_rename_column_auth_transaction_type_to_system_activity_logs',1),(762,'2022_08_30_175558_tenant_add_regex_password_user_to_configurations',1),(763,'2022_08_31_105919_tenant_add_route_to_system_activity_logs',1),(764,'2022_08_31_112916_tenant_system_activity_log_types_table',1),(765,'2022_08_31_131222_tenant_add_foreign_transaction_type_to_system_activity_logs',1),(766,'2022_08_31_142530_tenant_add_columns_remember_change_password_to_configurations',1),(767,'2022_08_31_150743_tenant_add_last_password_update_to_users',1),(768,'2022_09_01_173835_tenant_add_columns_point_system_to_configurations',1),(769,'2022_09_02_100607_tenant_add_accumulated_points_to_persons',1),(770,'2022_09_02_130726_tenant_add_point_system_to_documents',1),(771,'2022_09_02_152858_tenant_add_columns_point_system_to_items',1),(772,'2022_09_02_172003_tenant_add_show_complete_name_pos_to_configurations',1),(773,'2022_09_03_190940_tenant_add_additional_data_to_documents_error',1),(774,'2022_09_06_165424_tenant_add_round_points_of_sale_to_configurations',1),(775,'2022_09_07_101240_tenant_add_columns_point_system_to_sale_notes',1),(776,'2022_09_08_102133_tenant_add_enable_categories_products_view_to_configurations',1),(777,'2022_09_08_113936_tenant_add_columns_restrict_seller_discount_to_configurations',1),(778,'2022_09_08_151132_tenant_authorized_discount_users_table',1),(779,'2022_09_09_110646_tenant_enabled_sales_agents_to_configurations',1),(780,'2022_09_09_113545_tenant_agents_table',1),(781,'2022_09_09_144216_tenant_add_agent_id_to_documents_sale_notes',1),(782,'2022_09_10_114510_tenant_add_inventory_review_to_inventory_configurations',1),(783,'2022_09_14_170825_tenant_add_change_affectation_exonerated_igv_to_configurations',1),(784,'2022_09_18_162711_add_pos_discount_permission_to_enter_permissions_table',1),(785,'2022_09_20_101814_tenant_add_data_login_lockout_to_system_activity_log_types',1),(786,'2022_09_20_155523_tenant_add_request_email_to_system_activity_logs',1),(787,'2022_09_27_104853_tenant_add_factory_code_to_items',1),(788,'2022_09_27_115234_tenant_add_search_factory_code_items_to_configurations',1),(789,'2022_09_28_101354_tenant_add_show_load_voucher_to_configurations',1),(790,'2022_09_29_114005_tenant_add_force_send_by_summary_to_documents',1),(791,'2022_09_29_115507_tenant_add_permission_force_send_by_summary_to_users',1),(792,'2022_10_04_141907_tenant_change_description_value_to_module_levels',1),(793,'2022_10_05_152438_tenant_add_environment_to_restaurant_configurations',1),(794,'2022_10_05_162751_tenant_add_index_changed_to_sale_notes',1),(795,'2022_10_12_141349_tenant_add_real_system_stock_to_inventories',1),(796,'2022_10_14_172645_tenant_add_register_series_invoice_xml_to_configurations',1),(797,'2022_10_16_101354_tenant_add_enable_discount_by_customer_to_configurations',1),(798,'2022_10_16_110607_tenant_add_discount_to_persons',1),(799,'2022_10_20_123539_tenant_add_image_default_to_items',1),(800,'2022_10_21_190940_tenant_add_additional_data_to_dispatches',1),(801,'2022_10_21_210941_tenant_add_additional_data_to_dispatch_items',1),(802,'2022_10_21_213010_tenant_add_config_to_restaurant_configurations',1),(803,'2022_10_22_113308_tenant_create_waiters_table',1),(804,'2022_10_22_174921_tenant_add_quantity_mesas_and_and_env4_to_environment_restaurant',1),(805,'2022_11_04_142103_tenant_add_enabled_dispatch_ticket_pdf_to_configurations',1),(806,'2022_11_04_173318_tenant_add_dispatch_ticket_pdf_to_document_sale_notes',1),(807,'2022_11_10_132533_tenant_add_item_lot_group_id_to_purchase_items',1),(808,'2022_11_14_162628_tenant_add_validate_stock_add_item_to_inventory_configurations',1),(809,'2022_11_16_000856_create_restaurant_table_envs_table',1),(810,'2022_11_16_000857_add_data_restaurant_table_envs',1),(811,'2022_11_16_235623_create_restaurant_tables_table',1),(812,'2022_11_17_154241_tenant_add_direct_send_documents_whatsapp_to_app_configurations',1),(813,'2022_11_27_235623_create_restaurant_notes_table',1),(814,'2022_11_28_007706_tenant_guides_table',1),(815,'2022_11_28_017707_tenant_guide_items_table',1),(816,'2022_11_28_101718_tenant_add_guide_id_to_inventories',1),(817,'2022_11_28_111428_tenant_add_series_and_number_to_inventories_transfer',1),(818,'2022_11_29_113028_tenant_create_number_series_to_guides',1),(819,'2022_11_30_103028_tenant_add_api_sunat_to_companies',1),(820,'2022_12_01_013028_tenant_add_ticket_to_dispatches',1),(821,'2022_12_01_112321_tenant_update_data_to_dispatches',1),(822,'2022_12_02_023125_tenant_add_number_mtc_to_dispatchers',1),(823,'2022_12_04_113118_tenant_add_sunat_to_companies',1),(824,'2022_12_06_105443_tenant_add_name_product_pdf_to_purchase_items',1),(825,'2022_12_07_112335_add_show_price_in_barcode_ticket_to_configurations',1),(826,'2022_12_12_225021_tenant_update_roles_restaurant_mozo',1),(827,'2022_12_13_131847_tenant_change_column_inventory_transaction_id_to_guides',1),(828,'2022_12_13_153125_tenant_add_unit_type_to_cat_unit_types',1),(829,'2022_12_16_153346_tenant_add_price_selected_add_product_to_configurations',1),(830,'2022_12_20_160732_tenant_add_additional_data_to_order_notes',1),(831,'2022_12_21_113016_tenant_edit_unit_type_to_cat_unit_types',1),(832,'2022_12_22_101455_tenant_pdf_footer_images_to_configurations',1),(833,'2022_12_23_132614_tenant_add_locked_create_establishments_to_configurations',1),(834,'2022_12_23_173228_tenant_add_restrict_sales_limit_to_configurations',1),(835,'2022_12_26_112720_add_data_district050511_to_districts',1),(836,'2022_12_27_012101_tenant_transports_table',1),(837,'2022_12_27_152518_tenant_add_restrict_sale_items_cpe_to_configurations',1),(838,'2022_12_27_154226_tenant_add_restrict_sale_cpe_to_items',1),(839,'2022_12_28_174959_tenant_add_show_convert_cpe_pos_to_configurations',1),(840,'2022_12_28_270513_tenant_update_to_dispatches',1),(841,'2022_12_29_120310_tenant_update_to_drivers',1),(842,'2022_12_29_132101_tenant_origin_addresses_table',1),(843,'2022_12_30_120731_tenant_add_index_is_credit_to_payment_method_types',1),(844,'2022_12_31_100513_tenant_add_transport_data_to_dispatches',1),(845,'2023_01_14_013028_tenant_change_length_ticket_to_dispatches',1),(846,'2023_01_15_122101_tenant_dispatch_addresses_table',1),(847,'2023_01_16_110612_tenant_add_receiver_to_dispatches',1),(848,'2023_01_16_150612_tenant_change_customer_id_to_dispatches',1),(849,'2023_02_09_144759_create_inventory_transfer_items',1),(850,'2023_02_24_163815_tenant_add_order_note_advanced_to_configurations',1),(851,'2023_03_08_113249_tenant_hotel_rent_item_payments_table',1),(852,'2023_03_09_132241_tenant_add_subtotal_to_order_notes',1),(853,'2023_03_15_151737_tenant_change_nullable_email_to_establishments',1),(854,'2023_03_15_154740_tenant_remove_validation_email_establishments_to_configurations',1),(855,'2023_07_18_214757_tenant_add_second_name_to_items',1),(856,'2023_09_07_151856_tenant_add_sire_to_companies',1),(857,'2023_11_10_204115_create_cie10_table',1),(858,'2023_11_10_204153_create_prescription_doctors_table',1),(859,'2023_11_10_204221_create_prescription_prescriptions_table',1),(860,'2023_11_10_204419_add_requires_prescription_to_items_table',1),(861,'2024_01_27_045748_guia_tenant_to_modules',1),(862,'2024_02_19_220058_response_signature_nubefact_to_documents',1),(863,'2024_02_19_220808_api_nubefact_to_companies',1),(864,'2024_02_21_042258_send_to_nubefact_to_companies',1),(865,'2024_02_21_085754_send_anulate_nubefact',1),(866,'2024_02_22_184908_api_token_to_establishments',1),(867,'2024_02_29_093306_total_plastic_bag_taxes_to_purchases',1),(868,'2024_08_08_172459_add_formula_column_to_configurations_table',1),(869,'2025_02_13_000001_add_is_visible_payment_method_types_table',1),(884,'2024_09_13_105728_tenant_add_column_certificate_qz_tray_to_companies',2),(885,'2024_11_22_192222_change_decimal_to_purchase_items',2),(886,'2025_03_02_005639_add_column_hospital_type_to_establishments_table',2),(887,'2025_03_25_100110_tenant_add_total_to_sale_notes',2),(888,'2025_03_25_181211_tenant_sale_note_fee_table',2),(889,'2025_03_25_195114_tenant_add_columns_to_sale_note_payments',2),(890,'2025_04_22_114404_tenant_add_devolution_to_inventario',2),(891,'2025_04_22_114404_tenant_add_pse_qpos_to_companies',2),(892,'2025_08_12_114404_tenant_add_cash_box_to_configuracion',2),(893,'2025_08_27_120000_tenant_add_fast_payment_config_to_configurations',2),(894,'2025_08_27_120000_tenant_add_image_ads_config_to_configurations',2),(895,'2025_09_01_120000_tenant_add_annular_sale_to_users',2),(896,'2025_09_01_120000_tenant_add_prescriptions_salenote_invoice',2),(897,'2025_09_01_120000_tenant_prescriptions_table_make_fields_nullable',2),(898,'2025_10_10_025653_tenant_remove_qr_to_documents',2),(899,'2025_12_02_103028_tenant_add_number_ticket_to_companies',2),(900,'2026_02_28_170000_add_active_pos_to_payment_method_types_table',2),(901,'2026_03_01_000001_tenant_add_blister_unit_type',2),(902,'2026_03_01_000002_tenant_add_price_list_to_persons',2),(903,'2026_03_01_120000_add_pos_bank_account_id_to_payment_method_types_table',2),(904,'2026_03_01_180000_tenant_normalize_payment_method_types_for_pos',2),(905,'2026_03_02_000001_add_performance_indexes',2),(906,'2026_03_02_000002_add_item_warehouse_unique_index',2),(907,'2026_03_08_000003_add_digemid_sublevels_to_tenant_module_levels',2),(908,'2026_03_08_000004_rename_digemid_labels_to_farmacos',2),(909,'2026_03_09_000000_tenant_prescriptions_add_text_fields',2),(910,'2026_03_09_000010_create_pos_parked_sales_table',2),(911,'2026_03_10_000001_create_coupons_table',2),(912,'2026_03_10_000002_add_coupon_to_documents_and_sale_notes',2),(913,'2026_03_10_000003_add_coupons_module_level_to_tenant',2),(914,'2026_03_10_180100_tenant_create_purchase_xml_imports_table',2),(915,'2026_03_10_180200_tenant_create_supplier_item_aliases_table',2),(916,'2026_03_10_180300_tenant_add_xml_import_controls_to_purchases',2),(917,'2026_03_12_000001_add_is_pharmacist_to_users',2),(918,'2026_03_12_000002_add_pharmacist_restriction_to_configurations',2),(919,'2026_03_14_000001_create_charge_discounts_table',2),(920,'2026_03_16_000001_drop_clinic_module_tables',2),(921,'2026_03_30_120000_merge_legacy_a30_dias_payment_method_into_factura_a30_dias',2),(922,'2026_04_06_120000_add_use_profit_margin_formula_to_configurations',3),(923,'2026_04_06_180000_create_inventory_reconciliation_reviews_table',4);
COMMIT;

-- Dumped table `migrations` with 909 row(s)
--

--
-- Table structure for table `migration_configuration`
--

SET autocommit=0;
COMMIT;

-- Dumped table `migration_configuration` with 0 row(s)
--

--
-- Table structure for table `mill`
--

CREATE TABLE `mill` (
  `id` int(10) unsigned NOT NULL AUTO_INCREMENT,
  `date_start` date DEFAULT NULL,
  `time_start` time DEFAULT NULL,
  `date_end` date DEFAULT NULL,
  `time_end` time DEFAULT NULL,
  `user_id` int(10) unsigned DEFAULT 0,
  `soap_type_id` char(2) DEFAULT NULL,
  `created_at` timestamp NULL DEFAULT NULL,
  `updated_at` timestamp NULL DEFAULT NULL,
  `name` varchar(255) DEFAULT NULL,
  `comment` longtext DEFAULT NULL,
  `mill_name` varchar(255) DEFAULT NULL,
  `lot_code` varchar(255) DEFAULT NULL,
  PRIMARY KEY (`id`),
  KEY `mill_soap_type_id_foreign` (`soap_type_id`),
  CONSTRAINT `mill_soap_type_id_foreign` FOREIGN KEY (`soap_type_id`) REFERENCES `soap_types` (`id`)
) ENGINE=InnoDB DEFAULT CHARSET=utf8mb4 COLLATE=utf8mb4_unicode_ci;

--
-- Dumping data for table `mill`
--

SET autocommit=0;
COMMIT;

-- Dumped table `mill` with 0 row(s)
--

--
-- Table structure for table `mill_items`
--

CREATE TABLE `mill_items` (
  `id` int(10) unsigned NOT NULL AUTO_INCREMENT,
  `item_id` int(10) unsigned DEFAULT 0,
  `mill_id` int(10) unsigned DEFAULT 0,
  `height_to_mill` decimal(12,3) DEFAULT 0.000 COMMENT 'Peso de entrada',
  `total_height` decimal(12,3) DEFAULT 0.000 COMMENT 'Peso dle insumo ',
  `created_at` timestamp NULL DEFAULT NULL,
  `updated_at` timestamp NULL DEFAULT NULL,
  `item` longtext CHARACTER SET utf8mb4 COLLATE utf8mb4_bin NOT NULL,
  `quantity` decimal(12,3) DEFAULT 0.000 COMMENT 'Peso dle insumo ',
  `item_extra_data` longtext CHARACTER SET utf8mb4 COLLATE utf8mb4_bin DEFAULT NULL,
  PRIMARY KEY (`id`)
) ENGINE=InnoDB DEFAULT CHARSET=utf8mb4 COLLATE=utf8mb4_unicode_ci;

--
-- Dumping data for table `mill_items`
--

SET autocommit=0;
COMMIT;

-- Dumped table `mill_items` with 0 row(s)
--

--
-- Table structure for table `mi_tienda_pe`
--

CREATE TABLE `mi_tienda_pe` (
  `id` int(10) unsigned NOT NULL AUTO_INCREMENT,
  `order_number` text DEFAULT NULL COMMENT 'Numero de pedido',
  `transaction_code` text DEFAULT NULL COMMENT 'Codigo de pasareña',
  `order_note_id` int(10) unsigned DEFAULT 0,
  `document_id` int(10) unsigned DEFAULT 0,
  `created_at` timestamp NULL DEFAULT NULL,
  `updated_at` timestamp NULL DEFAULT NULL,
  PRIMARY KEY (`id`)
) ENGINE=InnoDB DEFAULT CHARSET=utf8mb4 COLLATE=utf8mb4_unicode_ci;

--
-- Dumping data for table `mi_tienda_pe`
--

SET autocommit=0;
COMMIT;

-- Dumped table `mi_tienda_pe` with 0 row(s)
--

--
-- Table structure for table `modules`
--

CREATE TABLE `modules` (
  `id` int(10) unsigned NOT NULL AUTO_INCREMENT,
  `value` varchar(255) NOT NULL,
  `description` varchar(255) NOT NULL,
  `order_menu` int(11) NOT NULL,
  `created_at` timestamp NULL DEFAULT NULL,
  `updated_at` timestamp NULL DEFAULT NULL,
  PRIMARY KEY (`id`)
) ENGINE=InnoDB AUTO_INCREMENT=33 DEFAULT CHARSET=utf8mb4 COLLATE=utf8mb4_unicode_ci;

--
-- Dumping data for table `modules`
--

SET autocommit=0;
INSERT INTO `modules` VALUES (1,'documents','Ventas',2,NULL,NULL),(2,'purchases','Compras',7,NULL,NULL),(3,'advanced','Documentos Avanzados',8,NULL,NULL),(4,'reports','Reportes',9,NULL,NULL),(5,'configuration','Configuration',12,NULL,NULL),(6,'pos','Punto de venta (POS)',3,NULL,NULL),(7,'dashboard','Dashboard',1,NULL,NULL),(8,'inventory','Inventario',7,NULL,NULL),(9,'accounting','Contabilidad',10,NULL,NULL),(10,'ecommerce','Ecommerce',4,NULL,NULL),(11,'cuenta','Cuenta',13,NULL,NULL),(12,'finance','Finanzas',11,NULL,NULL),(14,'establishments','Usuarios/Locales & Series',7,NULL,NULL),(15,'hotels','Hoteles',14,NULL,NULL),(16,'documentary-procedure','Trámite documentario',15,NULL,NULL),(17,'items','Productos/Servicios',5,NULL,NULL),(18,'persons','Clientes',6,NULL,NULL),(19,'digemid','Farmacos',15,'2025-12-27 20:48:58','2025-12-27 20:48:58'),(20,'apps','Apps',13,NULL,NULL),(21,'suscription_app','Suscriptiones',16,NULL,NULL),(22,'production_app','Producción',17,NULL,NULL),(23,'restaurant_app','Restaurante',18,NULL,NULL),(24,'full_suscription_app','Suscripción Servicios SAAS',17,NULL,NULL),(25,'generate_link_app','Generador de link de pago',19,NULL,NULL),(26,'app_2_generator','Generador APP 2.0',20,NULL,NULL),(27,'guia','Guia de remisión',3,NULL,NULL),(32,'clinic_administration','Administración',25,NULL,NULL);
COMMIT;

-- Dumped table `modules` with 27 row(s)
--

--
-- Table structure for table `module_levels`
--

CREATE TABLE `module_levels` (
  `id` int(10) unsigned NOT NULL AUTO_INCREMENT,
  `value` varchar(255) NOT NULL,
  `description` varchar(255) NOT NULL,
  `module_id` int(10) unsigned NOT NULL,
  `route_name` varchar(255) DEFAULT NULL,
  `route_path` varchar(255) DEFAULT NULL,
  `label_menu` varchar(3) DEFAULT NULL,
  `created_at` timestamp NULL DEFAULT NULL,
  `updated_at` timestamp NULL DEFAULT NULL,
  PRIMARY KEY (`id`),
  KEY `module_levels_module_id_foreign` (`module_id`),
  CONSTRAINT `module_levels_module_id_foreign` FOREIGN KEY (`module_id`) REFERENCES `modules` (`id`)
) ENGINE=InnoDB AUTO_INCREMENT=91 DEFAULT CHARSET=utf8mb4 COLLATE=utf8mb4_unicode_ci;

--
-- Dumping data for table `module_levels`
--

SET autocommit=0;
INSERT INTO `module_levels` VALUES (1,'new_document','Nuevo comprobante',1,'tenant.documents.create','/documents/create','NC',NULL,NULL),(2,'list_document','L. Comprobantes',1,NULL,NULL,NULL,NULL,NULL),(3,'document_not_sent','Doc. No enviados',1,NULL,NULL,NULL,NULL,NULL),(4,'document_contingengy','Doc. Contingencia',1,NULL,NULL,NULL,NULL,NULL),(5,'catalogs','Catálogos',1,NULL,NULL,NULL,NULL,NULL),(6,'summary_voided','Resúmenes y Anulaciones',1,NULL,NULL,NULL,NULL,NULL),(7,'quotations','Cotizaciones',1,NULL,NULL,NULL,NULL,NULL),(8,'sale_notes','Notas de Venta',1,'tenant.sale_notes.index','/sale-notes','NV',NULL,NULL),(9,'incentives','Comisiones',1,NULL,NULL,NULL,NULL,NULL),(10,'sale-opportunity','Oportunidad de venta',1,NULL,NULL,NULL,NULL,NULL),(11,'contracts','Contratos',1,NULL,NULL,NULL,NULL,NULL),(12,'order-note','Pedidos',1,'tenant.order_notes.index','/order-notes','PED',NULL,NULL),(13,'technical-service','Servicios de soporte técnico',1,NULL,NULL,NULL,NULL,NULL),(14,'regularize_shipping','CPE pendientes de rectificación',1,NULL,NULL,NULL,NULL,NULL),(15,'pos','Punto de venta',6,'tenant.pos.index','/pos','POS',NULL,NULL),(16,'cash','Caja chica POS',6,NULL,NULL,NULL,NULL,NULL),(17,'ecommerce','Ir a la tienda',10,NULL,NULL,NULL,NULL,NULL),(18,'ecommerce_orders','Pedidos',10,NULL,NULL,NULL,NULL,NULL),(19,'ecommerce_items','Productos tienda virtual',10,NULL,NULL,NULL,NULL,NULL),(20,'ecommerce_tags','Etiquetas',10,NULL,NULL,NULL,NULL,NULL),(21,'ecommerce_promotions','Promociones - Banners',10,NULL,NULL,NULL,NULL,NULL),(22,'ecommerce_settings','Configuración',10,NULL,NULL,NULL,NULL,NULL),(23,'items','Productos',17,'tenant.items.index','/items','PRO',NULL,NULL),(24,'items_packs','Packs',17,NULL,NULL,NULL,NULL,NULL),(25,'items_services','Servicios',17,NULL,NULL,NULL,NULL,NULL),(26,'items_categories','Categorías',17,NULL,NULL,NULL,NULL,NULL),(27,'items_brands','Marcas',17,NULL,NULL,NULL,NULL,NULL),(28,'items_lots','Series',17,NULL,NULL,NULL,NULL,NULL),(29,'clients','Clientes',18,NULL,NULL,NULL,NULL,NULL),(30,'clients_types','Tipos de clientes',18,NULL,NULL,NULL,NULL,NULL),(31,'purchases_create','Nueva Compra',2,'tenant.purchases.create','/purchases/create','NC',NULL,NULL),(32,'purchases_list','Listado',2,NULL,NULL,NULL,NULL,NULL),(33,'purchases_orders','Ordenes de compra',2,NULL,NULL,NULL,NULL,NULL),(34,'purchases_expenses','Gastos diversos',2,NULL,NULL,NULL,NULL,NULL),(35,'purchases_suppliers','Proveedores',2,NULL,NULL,NULL,NULL,NULL),(36,'purchases_quotations','Solicitar cotización',2,NULL,NULL,NULL,NULL,NULL),(37,'purchases_fixed_assets_items','Activos fijos - Ítems',2,NULL,NULL,NULL,NULL,NULL),(38,'purchases_fixed_assets_purchases','Activos fijos - Compras',2,NULL,NULL,NULL,NULL,NULL),(39,'inventory','Movimientos',8,'inventory.index','/inventory','INV',NULL,NULL),(40,'inventory_transfers','Traslados',8,NULL,NULL,NULL,NULL,NULL),(41,'inventory_devolutions','Devoluciones',8,NULL,NULL,NULL,NULL,NULL),(42,'inventory_report_kardex','Reporte kardex',8,NULL,NULL,NULL,NULL,NULL),(43,'inventory_report','Reporte inventario',8,NULL,NULL,NULL,NULL,NULL),(44,'inventory_report_valued_kardex','Kardex valorizado',8,NULL,NULL,NULL,NULL,'2025-12-27 20:49:07'),(45,'users','Usuarios',14,'tenant.users.index','/users','USR',NULL,NULL),(46,'users_establishments','Establecimientos',14,'tenant.establishments.index','/establishments','ES',NULL,NULL),(47,'advanced_retentions','Retenciones',3,NULL,NULL,NULL,NULL,NULL),(48,'advanced_dispatches','Guías de remisión',3,NULL,NULL,NULL,NULL,NULL),(49,'advanced_perceptions','Percepciones',3,NULL,NULL,NULL,NULL,NULL),(50,'advanced_order_forms','Ordenes de pedido',3,NULL,NULL,NULL,NULL,NULL),(51,'account_report','Exportar reporte',9,NULL,NULL,NULL,NULL,NULL),(52,'account_formats','Exportar formatos',9,NULL,NULL,NULL,NULL,NULL),(53,'account_summary','Reporte resumido - Ventas',9,NULL,NULL,NULL,NULL,NULL),(54,'finances_movements','Movimientos',12,NULL,NULL,NULL,NULL,NULL),(55,'finances_incomes','Ingresos',12,NULL,NULL,NULL,NULL,NULL),(56,'finances_unpaid','Cuentas por cobrar',12,NULL,NULL,NULL,NULL,NULL),(57,'finances_to_pay','Cuentas por pagar',12,NULL,NULL,NULL,NULL,NULL),(58,'finances_payments','Pagos',12,NULL,NULL,NULL,NULL,NULL),(59,'finances_balance','Balance',12,NULL,NULL,NULL,NULL,NULL),(60,'finances_payment_method_types','Ingresos y Egresos - M. Pago',12,NULL,NULL,NULL,NULL,NULL),(61,'account_users_settings','Configuración',11,NULL,NULL,NULL,NULL,NULL),(62,'account_users_list','Lista de pagos',11,NULL,NULL,NULL,NULL,NULL),(63,'hotels_reception','Recepción',15,NULL,NULL,NULL,NULL,NULL),(64,'hotels_rates','Tarifas',15,NULL,NULL,NULL,NULL,NULL),(65,'hotels_floors','Pisos',15,NULL,NULL,NULL,NULL,NULL),(66,'hotels_cats','Categorías',15,NULL,NULL,NULL,NULL,NULL),(67,'hotels_rooms','Habitaciones',15,NULL,NULL,NULL,NULL,NULL),(68,'documentary_offices','Oficinas',16,NULL,NULL,NULL,NULL,NULL),(69,'documentary_process','Procesos',16,NULL,NULL,NULL,NULL,NULL),(70,'documentary_documents','Tipos de documento',16,NULL,NULL,NULL,NULL,NULL),(71,'documentary_actions','Acciones',16,NULL,NULL,NULL,NULL,NULL),(72,'documentary_files','Expedientes',16,NULL,NULL,NULL,NULL,NULL),(73,'digemid','Productos (legado)',19,NULL,NULL,NULL,'2025-12-27 20:48:58','2025-12-27 20:48:58'),(74,'documentary_requirements','Requerimientos',16,NULL,NULL,NULL,'2025-12-27 20:48:59','2025-12-27 20:48:59'),(75,'inventory_item_extra_data','Datos extra de items',8,NULL,NULL,NULL,NULL,NULL),(76,'configuration_company','Empresa',5,'tenant.companies.create','/companies/create','ME',NULL,NULL),(77,'configuration_advance','Avanzado',5,NULL,NULL,NULL,NULL,NULL),(78,'configuration_visual','Visual',5,NULL,NULL,NULL,NULL,NULL),(79,'advanced_purchase_settlements','Liquidaciones de compra',3,NULL,NULL,NULL,NULL,NULL),(80,'suscription_app_client','Cliente',21,NULL,NULL,NULL,NULL,NULL),(81,'suscription_app_service','Servicio',21,NULL,NULL,NULL,NULL,NULL),(82,'suscription_app_payments','Pagos',21,NULL,NULL,NULL,NULL,NULL),(83,'suscription_app_plans','Planes',21,NULL,NULL,NULL,NULL,NULL),(84,'pos_garage','Venta rapida',6,NULL,NULL,NULL,NULL,NULL),(85,'digemid_health_report','Reporte DIGEMID',19,'reports.health.index','/prescriptions/digemid','RDI','2026-04-01 09:08:05','2026-04-01 09:08:05'),(86,'digemid_doctors','Medicos',19,'tenant.prescriptions.doctors.index','/prescriptions/doctors','MED','2026-04-01 09:08:05','2026-04-01 09:08:05'),(87,'digemid_cie10','CIE 10',19,'tenant.prescriptions.cie10.index','/prescriptions/cie10','C10','2026-04-01 09:08:05','2026-04-01 09:08:05'),(88,'digemid_psychotropics_report','Reporte de Psicotropicos',19,'tenant.prescriptions.reports.index','/prescriptions/reports','RPS','2026-04-01 09:08:05','2026-04-01 09:08:05'),(89,'digemid_purchase_reception','Recepcion de productos farmaceuticos',19,'tenant.reports.purchases.format_09.index','/reports/purchases/format_09','RPF','2026-04-01 09:08:05','2026-04-01 09:08:05'),(90,'items_coupons','Cupones',17,NULL,NULL,NULL,'2026-04-01 09:08:05','2026-04-01 09:08:05');
COMMIT;

-- Dumped table `module_levels` with 90 row(s)
--

--
-- Table structure for table `module_level_user`
--

CREATE TABLE `module_level_user` (
  `id` int(10) unsigned NOT NULL AUTO_INCREMENT,
  `module_level_id` int(10) unsigned NOT NULL,
  `user_id` int(10) unsigned NOT NULL,
  PRIMARY KEY (`id`)
) ENGINE=InnoDB AUTO_INCREMENT=124 DEFAULT CHARSET=utf8mb4 COLLATE=utf8mb4_unicode_ci;

--
-- Dumping data for table `module_level_user`
--

SET autocommit=0;
INSERT INTO `module_level_user` VALUES (1,76,0),(2,77,0),(3,78,0),(4,1,1),(5,2,1),(6,3,1),(7,4,1),(8,5,1),(9,6,1),(10,7,1),(11,8,1),(12,9,1),(13,10,1),(14,11,1),(15,12,1),(16,13,1),(17,14,1),(18,15,1),(19,16,1),(20,84,1),(21,23,1),(22,24,1),(23,25,1),(24,26,1),(25,27,1),(26,28,1),(27,29,1),(28,30,1),(29,31,1),(30,32,1),(31,33,1),(32,34,1),(33,35,1),(34,36,1),(35,37,1),(36,38,1),(37,39,1),(38,40,1),(39,41,1),(40,42,1),(41,43,1),(42,44,1),(43,75,1),(44,45,1),(45,46,1),(46,47,1),(47,48,1),(48,49,1),(49,50,1),(50,79,1),(51,51,1),(52,52,1),(53,53,1),(54,54,1),(55,55,1),(56,56,1),(57,57,1),(58,58,1),(59,59,1),(60,60,1),(61,76,1),(62,77,1),(63,78,1),(64,61,1),(65,62,1),(66,1,2),(67,2,2),(68,3,2),(69,4,2),(70,5,2),(71,6,2),(72,7,2),(73,8,2),(74,9,2),(75,10,2),(76,11,2),(77,12,2),(78,13,2),(79,14,2),(80,15,2),(81,16,2),(82,23,2),(83,24,2),(84,25,2),(85,26,2),(86,27,2),(87,28,2),(88,29,2),(89,30,2),(90,31,2),(91,32,2),(92,33,2),(93,34,2),(94,35,2),(95,36,2),(96,37,2),(97,38,2),(98,39,2),(99,40,2),(100,41,2),(101,42,2),(102,43,2),(103,44,2),(104,75,2),(105,45,2),(106,46,2),(107,51,2),(108,52,2),(109,53,2),(110,54,2),(111,55,2),(112,56,2),(113,57,2),(114,58,2),(115,59,2),(116,60,2),(117,76,2),(118,77,2),(119,78,2),(120,61,2),(121,62,2),(122,90,1),(123,90,2);
COMMIT;

-- Dumped table `module_level_user` with 123 row(s)
--

--
-- Table structure for table `module_user`
--

CREATE TABLE `module_user` (
  `id` int(10) unsigned NOT NULL AUTO_INCREMENT,
  `module_id` int(10) unsigned NOT NULL,
  `user_id` int(10) unsigned NOT NULL,
  PRIMARY KEY (`id`)
) ENGINE=InnoDB AUTO_INCREMENT=28 DEFAULT CHARSET=utf8mb4 COLLATE=utf8mb4_unicode_ci;

--
-- Dumping data for table `module_user`
--

SET autocommit=0;
INSERT INTO `module_user` VALUES (1,7,1),(2,1,1),(3,6,1),(4,17,1),(5,18,1),(6,2,1),(7,8,1),(8,14,1),(9,3,1),(10,4,1),(11,9,1),(12,12,1),(13,5,1),(14,11,1),(15,7,2),(16,1,2),(17,6,2),(18,17,2),(19,18,2),(20,2,2),(21,8,2),(22,14,2),(23,4,2),(24,9,2),(25,12,2),(26,5,2),(27,11,2);
COMMIT;

-- Dumped table `module_user` with 27 row(s)
--

--
-- Table structure for table `notes`
--

CREATE TABLE `notes` (
  `id` int(10) unsigned NOT NULL AUTO_INCREMENT,
  `document_id` int(10) unsigned NOT NULL,
  `note_type` enum('credit','debit') NOT NULL,
  `note_credit_type_id` varchar(255) DEFAULT NULL,
  `note_debit_type_id` varchar(255) DEFAULT NULL,
  `note_description` varchar(255) NOT NULL,
  `affected_document_id` int(10) unsigned DEFAULT NULL,
  `data_affected_document` longtext CHARACTER SET utf8mb4 COLLATE utf8mb4_bin DEFAULT NULL,
  PRIMARY KEY (`id`),
  KEY `notes_document_id_foreign` (`document_id`),
  KEY `notes_note_credit_type_id_foreign` (`note_credit_type_id`),
  KEY `notes_note_debit_type_id_foreign` (`note_debit_type_id`),
  KEY `notes_affected_document_id_foreign` (`affected_document_id`),
  CONSTRAINT `notes_affected_document_id_foreign` FOREIGN KEY (`affected_document_id`) REFERENCES `documents` (`id`),
  CONSTRAINT `notes_document_id_foreign` FOREIGN KEY (`document_id`) REFERENCES `documents` (`id`) ON DELETE CASCADE,
  CONSTRAINT `notes_note_credit_type_id_foreign` FOREIGN KEY (`note_credit_type_id`) REFERENCES `cat_note_credit_types` (`id`),
  CONSTRAINT `notes_note_debit_type_id_foreign` FOREIGN KEY (`note_debit_type_id`) REFERENCES `cat_note_debit_types` (`id`)
) ENGINE=InnoDB DEFAULT CHARSET=utf8mb4 COLLATE=utf8mb4_unicode_ci;

--
-- Dumping data for table `notes`
--

SET autocommit=0;
COMMIT;

-- Dumped table `notes` with 0 row(s)
--

--
-- Table structure for table `offline_configurations`
--

CREATE TABLE `offline_configurations` (
  `id` int(10) unsigned NOT NULL AUTO_INCREMENT,
  `is_client` tinyint(1) NOT NULL DEFAULT 0,
  `token_server` varchar(255) DEFAULT NULL,
  `url_server` varchar(255) DEFAULT NULL,
  `created_at` timestamp NULL DEFAULT NULL,
  `updated_at` timestamp NULL DEFAULT NULL,
  PRIMARY KEY (`id`)
) ENGINE=InnoDB AUTO_INCREMENT=2 DEFAULT CHARSET=utf8mb4 COLLATE=utf8mb4_unicode_ci;

--
-- Dumping data for table `offline_configurations`
--

SET autocommit=0;
INSERT INTO `offline_configurations` VALUES (1,0,NULL,NULL,NULL,NULL);
COMMIT;

-- Dumped table `offline_configurations` with 1 row(s)
--

--
-- Table structure for table `orders`
--

CREATE TABLE `orders` (
  `id` int(10) unsigned NOT NULL AUTO_INCREMENT,
  `external_id` char(36) NOT NULL,
  `customer` longtext CHARACTER SET utf8mb4 COLLATE utf8mb4_bin NOT NULL,
  `shipping_address` varchar(255) DEFAULT NULL,
  `items` longtext CHARACTER SET utf8mb4 COLLATE utf8mb4_bin NOT NULL,
  `total` decimal(12,2) NOT NULL,
  `reference_payment` varchar(255) NOT NULL,
  `document_external_id` char(36) DEFAULT NULL,
  `number_document` varchar(255) DEFAULT NULL,
  `status_order_id` tinyint(3) unsigned DEFAULT NULL,
  `purchase` longtext CHARACTER SET utf8mb4 COLLATE utf8mb4_bin DEFAULT NULL,
  `created_at` timestamp NULL DEFAULT NULL,
  `updated_at` timestamp NULL DEFAULT NULL,
  `deleted_at` timestamp NULL DEFAULT NULL,
  `apply_restaurant` tinyint(1) DEFAULT 0,
  PRIMARY KEY (`id`),
  KEY `orders_status_order_id_foreign` (`status_order_id`),
  CONSTRAINT `orders_status_order_id_foreign` FOREIGN KEY (`status_order_id`) REFERENCES `status_orders` (`id`)
) ENGINE=InnoDB DEFAULT CHARSET=utf8mb4 COLLATE=utf8mb4_unicode_ci;

--
-- Dumping data for table `orders`
--

SET autocommit=0;
COMMIT;

-- Dumped table `orders` with 0 row(s)
--

--
-- Table structure for table `order_forms`
--

CREATE TABLE `order_forms` (
  `id` int(10) unsigned NOT NULL AUTO_INCREMENT,
  `user_id` int(10) unsigned NOT NULL,
  `external_id` char(36) NOT NULL,
  `establishment_id` int(10) unsigned NOT NULL,
  `establishment` longtext CHARACTER SET utf8mb4 COLLATE utf8mb4_bin NOT NULL,
  `soap_type_id` char(2) NOT NULL,
  `state_type_id` char(2) NOT NULL,
  `prefix` varchar(255) NOT NULL,
  `date_of_issue` date NOT NULL,
  `time_of_issue` time NOT NULL,
  `customer_id` int(10) unsigned NOT NULL,
  `customer` longtext CHARACTER SET utf8mb4 COLLATE utf8mb4_bin NOT NULL,
  `observations` text NOT NULL,
  `transport_mode_type_id` varchar(255) NOT NULL,
  `transfer_reason_type_id` varchar(255) NOT NULL,
  `transfer_reason_description` varchar(255) NOT NULL,
  `date_of_shipping` date NOT NULL,
  `transshipment_indicator` tinyint(1) NOT NULL,
  `port_code` varchar(255) DEFAULT NULL,
  `unit_type_id` varchar(255) NOT NULL,
  `total_weight` decimal(10,2) NOT NULL,
  `packages_number` int(11) NOT NULL,
  `container_number` int(11) DEFAULT NULL,
  `origin` longtext CHARACTER SET utf8mb4 COLLATE utf8mb4_bin NOT NULL,
  `delivery` longtext CHARACTER SET utf8mb4 COLLATE utf8mb4_bin NOT NULL,
  `dispatcher_id` int(10) unsigned NOT NULL,
  `driver_id` int(10) unsigned NOT NULL,
  `license_plates` longtext CHARACTER SET utf8mb4 COLLATE utf8mb4_bin DEFAULT NULL,
  `legends` longtext CHARACTER SET utf8mb4 COLLATE utf8mb4_bin DEFAULT NULL,
  `optional` longtext CHARACTER SET utf8mb4 COLLATE utf8mb4_bin DEFAULT NULL,
  `filename` varchar(255) DEFAULT NULL,
  `qr` longtext DEFAULT NULL,
  `created_at` timestamp NULL DEFAULT NULL,
  `updated_at` timestamp NULL DEFAULT NULL,
  PRIMARY KEY (`id`),
  KEY `order_forms_dispatcher_id_foreign` (`dispatcher_id`),
  KEY `order_forms_driver_id_foreign` (`driver_id`),
  KEY `order_forms_user_id_foreign` (`user_id`),
  KEY `order_forms_establishment_id_foreign` (`establishment_id`),
  KEY `order_forms_soap_type_id_foreign` (`soap_type_id`),
  KEY `order_forms_state_type_id_foreign` (`state_type_id`),
  KEY `order_forms_customer_id_foreign` (`customer_id`),
  KEY `order_forms_unit_type_id_foreign` (`unit_type_id`),
  KEY `order_forms_transport_mode_type_id_foreign` (`transport_mode_type_id`),
  KEY `order_forms_transfer_reason_type_id_foreign` (`transfer_reason_type_id`),
  KEY `order_forms_date_of_issue_index` (`date_of_issue`),
  CONSTRAINT `order_forms_customer_id_foreign` FOREIGN KEY (`customer_id`) REFERENCES `persons` (`id`),
  CONSTRAINT `order_forms_dispatcher_id_foreign` FOREIGN KEY (`dispatcher_id`) REFERENCES `dispatchers` (`id`),
  CONSTRAINT `order_forms_driver_id_foreign` FOREIGN KEY (`driver_id`) REFERENCES `drivers` (`id`),
  CONSTRAINT `order_forms_establishment_id_foreign` FOREIGN KEY (`establishment_id`) REFERENCES `establishments` (`id`),
  CONSTRAINT `order_forms_soap_type_id_foreign` FOREIGN KEY (`soap_type_id`) REFERENCES `soap_types` (`id`),
  CONSTRAINT `order_forms_state_type_id_foreign` FOREIGN KEY (`state_type_id`) REFERENCES `state_types` (`id`),
  CONSTRAINT `order_forms_transfer_reason_type_id_foreign` FOREIGN KEY (`transfer_reason_type_id`) REFERENCES `cat_transfer_reason_types` (`id`),
  CONSTRAINT `order_forms_transport_mode_type_id_foreign` FOREIGN KEY (`transport_mode_type_id`) REFERENCES `cat_transport_mode_types` (`id`),
  CONSTRAINT `order_forms_unit_type_id_foreign` FOREIGN KEY (`unit_type_id`) REFERENCES `cat_unit_types` (`id`),
  CONSTRAINT `order_forms_user_id_foreign` FOREIGN KEY (`user_id`) REFERENCES `users` (`id`)
) ENGINE=InnoDB DEFAULT CHARSET=utf8mb4 COLLATE=utf8mb4_unicode_ci;

--
-- Dumping data for table `order_forms`
--

SET autocommit=0;
COMMIT;

-- Dumped table `order_forms` with 0 row(s)
--

--
-- Table structure for table `order_form_items`
--

CREATE TABLE `order_form_items` (
  `id` int(10) unsigned NOT NULL AUTO_INCREMENT,
  `order_form_id` int(10) unsigned NOT NULL,
  `item_id` int(10) unsigned NOT NULL,
  `item` longtext CHARACTER SET utf8mb4 COLLATE utf8mb4_bin NOT NULL,
  `quantity` decimal(12,4) NOT NULL,
  PRIMARY KEY (`id`),
  KEY `order_form_items_order_form_id_foreign` (`order_form_id`),
  KEY `order_form_items_item_id_foreign` (`item_id`),
  CONSTRAINT `order_form_items_item_id_foreign` FOREIGN KEY (`item_id`) REFERENCES `items` (`id`),
  CONSTRAINT `order_form_items_order_form_id_foreign` FOREIGN KEY (`order_form_id`) REFERENCES `order_forms` (`id`) ON DELETE CASCADE
) ENGINE=InnoDB DEFAULT CHARSET=utf8mb4 COLLATE=utf8mb4_unicode_ci;

--
-- Dumping data for table `order_form_items`
--

SET autocommit=0;
COMMIT;

-- Dumped table `order_form_items` with 0 row(s)
--

--
-- Table structure for table `order_notes`
--

CREATE TABLE `order_notes` (
  `id` int(10) unsigned NOT NULL AUTO_INCREMENT,
  `user_id` int(10) unsigned NOT NULL,
  `external_id` char(36) NOT NULL,
  `establishment_id` int(10) unsigned NOT NULL,
  `establishment` longtext CHARACTER SET utf8mb4 COLLATE utf8mb4_bin NOT NULL,
  `soap_type_id` char(2) NOT NULL,
  `state_type_id` char(2) NOT NULL,
  `prefix` char(3) NOT NULL,
  `date_of_issue` date NOT NULL,
  `time_of_issue` time NOT NULL,
  `date_of_due` date DEFAULT NULL,
  `delivery_date` date DEFAULT NULL,
  `customer_id` int(10) unsigned NOT NULL,
  `customer` longtext CHARACTER SET utf8mb4 COLLATE utf8mb4_bin NOT NULL,
  `shipping_address` text DEFAULT NULL,
  `currency_type_id` varchar(255) NOT NULL,
  `payment_method_type_id` char(2) DEFAULT NULL,
  `exchange_rate_sale` decimal(13,3) NOT NULL,
  `total_prepayment` decimal(12,2) NOT NULL DEFAULT 0.00,
  `total_charge` decimal(12,2) NOT NULL DEFAULT 0.00,
  `total_discount` decimal(12,2) NOT NULL DEFAULT 0.00,
  `total_exportation` decimal(12,2) NOT NULL DEFAULT 0.00,
  `total_free` decimal(12,2) NOT NULL DEFAULT 0.00,
  `total_taxed` decimal(12,2) NOT NULL DEFAULT 0.00,
  `total_unaffected` decimal(12,2) NOT NULL DEFAULT 0.00,
  `total_exonerated` decimal(12,2) NOT NULL DEFAULT 0.00,
  `total_igv` decimal(12,2) NOT NULL DEFAULT 0.00,
  `total_igv_free` decimal(12,2) NOT NULL DEFAULT 0.00,
  `total_base_isc` decimal(12,2) NOT NULL DEFAULT 0.00,
  `total_isc` decimal(12,2) NOT NULL DEFAULT 0.00,
  `total_base_other_taxes` decimal(12,2) NOT NULL DEFAULT 0.00,
  `total_other_taxes` decimal(12,2) NOT NULL DEFAULT 0.00,
  `total_taxes` decimal(12,2) NOT NULL DEFAULT 0.00,
  `total_value` decimal(12,2) NOT NULL DEFAULT 0.00,
  `subtotal` decimal(12,2) NOT NULL DEFAULT 0.00,
  `total` decimal(12,2) NOT NULL,
  `charges` longtext CHARACTER SET utf8mb4 COLLATE utf8mb4_bin DEFAULT NULL,
  `discounts` longtext CHARACTER SET utf8mb4 COLLATE utf8mb4_bin DEFAULT NULL,
  `prepayments` longtext CHARACTER SET utf8mb4 COLLATE utf8mb4_bin DEFAULT NULL,
  `guides` longtext CHARACTER SET utf8mb4 COLLATE utf8mb4_bin DEFAULT NULL,
  `related` longtext CHARACTER SET utf8mb4 COLLATE utf8mb4_bin DEFAULT NULL,
  `perception` longtext CHARACTER SET utf8mb4 COLLATE utf8mb4_bin DEFAULT NULL,
  `detraction` longtext CHARACTER SET utf8mb4 COLLATE utf8mb4_bin DEFAULT NULL,
  `legends` longtext CHARACTER SET utf8mb4 COLLATE utf8mb4_bin DEFAULT NULL,
  `additional_data` longtext CHARACTER SET utf8mb4 COLLATE utf8mb4_bin DEFAULT NULL,
  `filename` varchar(255) DEFAULT NULL,
  `observation` text DEFAULT NULL,
  `created_at` timestamp NULL DEFAULT NULL,
  `updated_at` timestamp NULL DEFAULT NULL,
  `quotation_id` int(10) unsigned DEFAULT 0 COMMENT 'Relacion con cotizaciones',
  PRIMARY KEY (`id`),
  KEY `order_notes_user_id_foreign` (`user_id`),
  KEY `order_notes_establishment_id_foreign` (`establishment_id`),
  KEY `order_notes_customer_id_foreign` (`customer_id`),
  KEY `order_notes_soap_type_id_foreign` (`soap_type_id`),
  KEY `order_notes_state_type_id_foreign` (`state_type_id`),
  KEY `order_notes_currency_type_id_foreign` (`currency_type_id`),
  KEY `order_notes_payment_method_type_id_foreign` (`payment_method_type_id`),
  CONSTRAINT `order_notes_currency_type_id_foreign` FOREIGN KEY (`currency_type_id`) REFERENCES `cat_currency_types` (`id`),
  CONSTRAINT `order_notes_customer_id_foreign` FOREIGN KEY (`customer_id`) REFERENCES `persons` (`id`),
  CONSTRAINT `order_notes_establishment_id_foreign` FOREIGN KEY (`establishment_id`) REFERENCES `establishments` (`id`),
  CONSTRAINT `order_notes_payment_method_type_id_foreign` FOREIGN KEY (`payment_method_type_id`) REFERENCES `payment_method_types` (`id`),
  CONSTRAINT `order_notes_soap_type_id_foreign` FOREIGN KEY (`soap_type_id`) REFERENCES `soap_types` (`id`),
  CONSTRAINT `order_notes_state_type_id_foreign` FOREIGN KEY (`state_type_id`) REFERENCES `state_types` (`id`),
  CONSTRAINT `order_notes_user_id_foreign` FOREIGN KEY (`user_id`) REFERENCES `users` (`id`)
) ENGINE=InnoDB DEFAULT CHARSET=utf8mb4 COLLATE=utf8mb4_unicode_ci;

--
-- Dumping data for table `order_notes`
--

SET autocommit=0;
COMMIT;

-- Dumped table `order_notes` with 0 row(s)
--

--
-- Table structure for table `order_note_items`
--

CREATE TABLE `order_note_items` (
  `id` int(10) unsigned NOT NULL AUTO_INCREMENT,
  `order_note_id` int(10) unsigned NOT NULL,
  `item_id` int(10) unsigned NOT NULL,
  `item` longtext CHARACTER SET utf8mb4 COLLATE utf8mb4_bin NOT NULL,
  `quantity` decimal(12,4) NOT NULL,
  `unit_value` decimal(16,6) NOT NULL,
  `affectation_igv_type_id` varchar(255) NOT NULL,
  `total_base_igv` decimal(12,2) NOT NULL,
  `percentage_igv` decimal(12,2) NOT NULL,
  `total_igv` decimal(12,2) NOT NULL,
  `system_isc_type_id` varchar(255) DEFAULT NULL,
  `total_base_isc` decimal(12,2) NOT NULL DEFAULT 0.00,
  `percentage_isc` decimal(12,2) NOT NULL DEFAULT 0.00,
  `total_isc` decimal(12,2) NOT NULL DEFAULT 0.00,
  `total_base_other_taxes` decimal(12,2) NOT NULL DEFAULT 0.00,
  `percentage_other_taxes` decimal(12,2) NOT NULL DEFAULT 0.00,
  `total_other_taxes` decimal(12,2) NOT NULL DEFAULT 0.00,
  `total_plastic_bag_taxes` decimal(6,2) DEFAULT 0.00 COMMENT 'Impuesto bolsa plastica',
  `total_taxes` decimal(12,2) NOT NULL,
  `price_type_id` varchar(255) NOT NULL,
  `unit_price` decimal(16,6) NOT NULL,
  `total_value` decimal(12,2) NOT NULL,
  `total_charge` decimal(12,2) NOT NULL DEFAULT 0.00,
  `total_discount` decimal(12,2) NOT NULL DEFAULT 0.00,
  `total` decimal(12,2) NOT NULL,
  `attributes` longtext CHARACTER SET utf8mb4 COLLATE utf8mb4_bin DEFAULT NULL,
  `discounts` longtext CHARACTER SET utf8mb4 COLLATE utf8mb4_bin DEFAULT NULL,
  `charges` longtext CHARACTER SET utf8mb4 COLLATE utf8mb4_bin DEFAULT NULL,
  `additional_information` longtext DEFAULT NULL COMMENT 'Informacion adcional',
  `warehouse_id` int(10) unsigned DEFAULT NULL,
  `name_product_pdf` longtext DEFAULT NULL COMMENT 'Nombre del producto para el pdf',
  PRIMARY KEY (`id`),
  KEY `order_note_items_order_note_id_foreign` (`order_note_id`),
  KEY `order_note_items_item_id_foreign` (`item_id`),
  KEY `order_note_items_affectation_igv_type_id_foreign` (`affectation_igv_type_id`),
  KEY `order_note_items_system_isc_type_id_foreign` (`system_isc_type_id`),
  KEY `order_note_items_price_type_id_foreign` (`price_type_id`),
  KEY `order_note_items_warehouse_id_foreign` (`warehouse_id`),
  CONSTRAINT `order_note_items_affectation_igv_type_id_foreign` FOREIGN KEY (`affectation_igv_type_id`) REFERENCES `cat_affectation_igv_types` (`id`),
  CONSTRAINT `order_note_items_item_id_foreign` FOREIGN KEY (`item_id`) REFERENCES `items` (`id`),
  CONSTRAINT `order_note_items_order_note_id_foreign` FOREIGN KEY (`order_note_id`) REFERENCES `order_notes` (`id`) ON DELETE CASCADE,
  CONSTRAINT `order_note_items_price_type_id_foreign` FOREIGN KEY (`price_type_id`) REFERENCES `cat_price_types` (`id`),
  CONSTRAINT `order_note_items_system_isc_type_id_foreign` FOREIGN KEY (`system_isc_type_id`) REFERENCES `cat_system_isc_types` (`id`),
  CONSTRAINT `order_note_items_warehouse_id_foreign` FOREIGN KEY (`warehouse_id`) REFERENCES `warehouses` (`id`)
) ENGINE=InnoDB DEFAULT CHARSET=utf8mb4 COLLATE=utf8mb4_unicode_ci;

--
-- Dumping data for table `order_note_items`
--

SET autocommit=0;
COMMIT;

-- Dumped table `order_note_items` with 0 row(s)
--

--
-- Table structure for table `origin_addresses`
--

CREATE TABLE `origin_addresses` (
  `id` int(10) unsigned NOT NULL AUTO_INCREMENT,
  `address` varchar(255) NOT NULL,
  `location_id` longtext CHARACTER SET utf8mb4 COLLATE utf8mb4_bin NOT NULL,
  `is_default` tinyint(1) NOT NULL DEFAULT 0,
  `is_active` tinyint(1) NOT NULL DEFAULT 1,
  `created_at` timestamp NULL DEFAULT NULL,
  `updated_at` timestamp NULL DEFAULT NULL,
  PRIMARY KEY (`id`)
) ENGINE=InnoDB DEFAULT CHARSET=utf8mb4 COLLATE=utf8mb4_unicode_ci;

--
-- Dumping data for table `origin_addresses`
--

SET autocommit=0;
COMMIT;

-- Dumped table `origin_addresses` with 0 row(s)
--

--
-- Table structure for table `packaging`
--

CREATE TABLE `packaging` (
  `id` int(10) unsigned NOT NULL AUTO_INCREMENT,
  `item_id` int(10) unsigned NOT NULL,
  `user_id` int(10) unsigned DEFAULT NULL,
  `soap_type_id` char(2) DEFAULT NULL,
  `item_extra_data` longtext CHARACTER SET utf8mb4 COLLATE utf8mb4_bin DEFAULT NULL,
  `establishment_id` int(10) unsigned DEFAULT NULL,
  `quantity` decimal(8,2) DEFAULT 0.00,
  `number_packages` decimal(8,2) DEFAULT 0.00,
  `item` longtext CHARACTER SET utf8mb4 COLLATE utf8mb4_bin DEFAULT NULL,
  `observation` longtext DEFAULT NULL,
  `lot_code` varchar(255) DEFAULT NULL,
  `name` varchar(255) DEFAULT NULL,
  `date_start` date DEFAULT NULL,
  `time_start` time DEFAULT NULL,
  `date_end` date DEFAULT NULL,
  `time_end` time DEFAULT NULL,
  `created_at` timestamp NULL DEFAULT NULL,
  `updated_at` timestamp NULL DEFAULT NULL,
  `packaging_collaborator` text DEFAULT NULL,
  PRIMARY KEY (`id`),
  KEY `packaging_soap_type_id_foreign` (`soap_type_id`),
  CONSTRAINT `packaging_soap_type_id_foreign` FOREIGN KEY (`soap_type_id`) REFERENCES `soap_types` (`id`)
) ENGINE=InnoDB DEFAULT CHARSET=utf8mb4 COLLATE=utf8mb4_unicode_ci;

--
-- Dumping data for table `packaging`
--

SET autocommit=0;
COMMIT;

-- Dumped table `packaging` with 0 row(s)
--

--
-- Table structure for table `padrones`
--

CREATE TABLE `padrones` (
  `id` bigint(20) unsigned NOT NULL AUTO_INCREMENT,
  `ruc` varchar(255) NOT NULL,
  `nombre_razon_social` varchar(155) NOT NULL,
  `estado_contribuyente` varchar(100) NOT NULL,
  `condicion_domicilio` varchar(100) NOT NULL,
  `ubigeo` varchar(50) NOT NULL,
  `tipo_via` varchar(20) NOT NULL,
  `nombre_via` varchar(50) NOT NULL,
  `codigo_zona` varchar(155) NOT NULL,
  `tipo_zona` varchar(20) NOT NULL,
  `numero` varchar(155) NOT NULL,
  `interior` varchar(50) NOT NULL,
  `lote` varchar(20) NOT NULL,
  `departamento` varchar(100) NOT NULL,
  `manzana` varchar(20) NOT NULL,
  `kilometro` varchar(20) NOT NULL,
  `status` tinyint(4) NOT NULL DEFAULT 1,
  `created_at` timestamp NULL DEFAULT NULL,
  `updated_at` timestamp NULL DEFAULT NULL,
  PRIMARY KEY (`id`),
  KEY `padrones_ruc_index` (`ruc`)
) ENGINE=InnoDB DEFAULT CHARSET=utf8mb4 COLLATE=utf8mb4_unicode_ci;

--
-- Dumping data for table `padrones`
--

SET autocommit=0;
COMMIT;

-- Dumped table `padrones` with 0 row(s)
--

--
-- Table structure for table `password_resets`
--

SET autocommit=0;
COMMIT;

-- Dumped table `password_resets` with 0 row(s)
--

--
-- Table structure for table `payment_conditions`
--

CREATE TABLE `payment_conditions` (
  `id` varchar(255) NOT NULL,
  `name` varchar(255) NOT NULL,
  `days` int(11) NOT NULL DEFAULT 0,
  `is_locked` tinyint(1) NOT NULL DEFAULT 0,
  `is_active` tinyint(1) NOT NULL DEFAULT 1,
  KEY `payment_conditions_id_index` (`id`)
) ENGINE=InnoDB DEFAULT CHARSET=utf8mb4 COLLATE=utf8mb4_unicode_ci;

--
-- Dumping data for table `payment_conditions`
--

SET autocommit=0;
INSERT INTO `payment_conditions` VALUES ('01','Contado',0,1,1),('02','Crédito',0,1,1);
COMMIT;

-- Dumped table `payment_conditions` with 2 row(s)
--

--
-- Table structure for table `payment_configurations`
--

SET autocommit=0;
COMMIT;

-- Dumped table `payment_configurations` with 1 row(s)
--

--
-- Table structure for table `payment_files`
--

CREATE TABLE `payment_files` (
  `id` int(10) unsigned NOT NULL AUTO_INCREMENT,
  `filename` varchar(255) NOT NULL,
  `payment_id` int(11) NOT NULL,
  `payment_type` varchar(255) NOT NULL,
  PRIMARY KEY (`id`),
  KEY `payment_index` (`payment_id`,`payment_type`)
) ENGINE=InnoDB DEFAULT CHARSET=utf8mb4 COLLATE=utf8mb4_unicode_ci;

--
-- Dumping data for table `payment_files`
--

SET autocommit=0;
COMMIT;

-- Dumped table `payment_files` with 0 row(s)
--

--
-- Table structure for table `payment_links`
--

CREATE TABLE `payment_links` (
  `id` int(10) unsigned NOT NULL AUTO_INCREMENT,
  `soap_type_id` char(2) NOT NULL,
  `uuid` char(36) NOT NULL,
  `user_id` int(10) unsigned NOT NULL,
  `payment_link_type_id` char(2) NOT NULL,
  `payment_id` int(11) DEFAULT NULL,
  `payment_type` varchar(255) DEFAULT NULL,
  `total` decimal(12,2) NOT NULL,
  `uploaded_filename` varchar(255) DEFAULT NULL,
  `query_transaction` tinyint(1) NOT NULL DEFAULT 0,
  `created_at` timestamp NULL DEFAULT NULL,
  `updated_at` timestamp NULL DEFAULT NULL,
  PRIMARY KEY (`id`),
  UNIQUE KEY `payment_links_uuid_unique` (`uuid`),
  KEY `payment_index` (`payment_id`,`payment_type`),
  KEY `payment_links_user_id_foreign` (`user_id`),
  KEY `payment_links_soap_type_id_foreign` (`soap_type_id`),
  KEY `payment_links_payment_link_type_id_foreign` (`payment_link_type_id`),
  CONSTRAINT `payment_links_payment_link_type_id_foreign` FOREIGN KEY (`payment_link_type_id`) REFERENCES `payment_link_types` (`id`),
  CONSTRAINT `payment_links_soap_type_id_foreign` FOREIGN KEY (`soap_type_id`) REFERENCES `soap_types` (`id`),
  CONSTRAINT `payment_links_user_id_foreign` FOREIGN KEY (`user_id`) REFERENCES `users` (`id`)
) ENGINE=InnoDB DEFAULT CHARSET=utf8mb4 COLLATE=utf8mb4_unicode_ci;

--
-- Dumping data for table `payment_links`
--

SET autocommit=0;
COMMIT;

-- Dumped table `payment_links` with 0 row(s)
--

--
-- Table structure for table `payment_link_types`
--

CREATE TABLE `payment_link_types` (
  `id` char(2) NOT NULL,
  `description` varchar(255) NOT NULL,
  PRIMARY KEY (`id`)
) ENGINE=InnoDB DEFAULT CHARSET=utf8mb4 COLLATE=utf8mb4_unicode_ci;

--
-- Dumping data for table `payment_link_types`
--

SET autocommit=0;
INSERT INTO `payment_link_types` VALUES ('01','Yape'),('02','Mercado Pago');
COMMIT;

-- Dumped table `payment_link_types` with 2 row(s)
--

--
-- Table structure for table `payment_method_types`
--

CREATE TABLE `payment_method_types` (
  `id` char(2) NOT NULL,
  `description` varchar(255) NOT NULL,
  `has_card` tinyint(1) NOT NULL DEFAULT 0,
  `charge` decimal(12,2) DEFAULT NULL,
  `number_days` int(11) DEFAULT NULL,
  `is_credit` tinyint(1) NOT NULL DEFAULT 0 COMMENT 'Define si es tipo credito',
  `is_cash` tinyint(1) NOT NULL DEFAULT 0 COMMENT 'Define si es es efectivo',
  `active_pos` tinyint(1) NOT NULL DEFAULT 1 COMMENT 'Visible en POS para contado',
  `pos_bank_account_id` int(10) unsigned DEFAULT NULL COMMENT 'Cuenta bancaria por defecto en POS contado. Null => caja',
  `is_visible` tinyint(1) NOT NULL DEFAULT 1,
  KEY `payment_method_types_id_index` (`id`),
  KEY `payment_method_types_is_credit_index` (`is_credit`),
  KEY `payment_method_types_active_pos_index` (`active_pos`),
  KEY `payment_method_types_pos_bank_account_id_index` (`pos_bank_account_id`)
) ENGINE=InnoDB DEFAULT CHARSET=utf8mb4 COLLATE=utf8mb4_unicode_ci;

--
-- Dumping data for table `payment_method_types`
--

SET autocommit=0;
INSERT INTO `payment_method_types` VALUES ('01','Efectivo',0,NULL,NULL,0,1,1,NULL,1),('02','Yape',0,NULL,NULL,0,0,1,NULL,1),('03','Plin',0,NULL,NULL,0,0,1,NULL,1),('04','Transferencia',0,NULL,NULL,0,0,1,NULL,1),('05','Factura a 30 dias',0,NULL,30,1,0,0,NULL,0),('09','Credito',0,NULL,NULL,1,0,0,NULL,0);
COMMIT;

-- Dumped table `payment_method_types` with 6 row(s)
--

--
-- Table structure for table `perceptions`
--

SET autocommit=0;
COMMIT;

-- Dumped table `perceptions` with 0 row(s)
--

--
-- Table structure for table `perception_documents`
--

CREATE TABLE `perception_documents` (
  `id` int(10) unsigned NOT NULL AUTO_INCREMENT,
  `perception_id` int(10) unsigned NOT NULL,
  `document_type_id` varchar(255) NOT NULL,
  `number` varchar(255) NOT NULL,
  `date_of_issue` date NOT NULL,
  `date_of_perception` date NOT NULL,
  `currency_type_id` varchar(255) NOT NULL,
  `total_document` decimal(10,2) NOT NULL,
  `total_perception` decimal(10,2) NOT NULL,
  `payments` longtext CHARACTER SET utf8mb4 COLLATE utf8mb4_bin NOT NULL,
  `series` varchar(255) NOT NULL,
  `exchange_rate` longtext CHARACTER SET utf8mb4 COLLATE utf8mb4_bin NOT NULL,
  `total_to_pay` decimal(10,2) NOT NULL,
  `total_payment` decimal(10,2) NOT NULL,
  PRIMARY KEY (`id`),
  KEY `perception_details_perception_id_foreign` (`perception_id`),
  KEY `perception_documents_document_type_id_foreign` (`document_type_id`),
  KEY `perception_documents_currency_type_id_foreign` (`currency_type_id`),
  CONSTRAINT `perception_details_perception_id_foreign` FOREIGN KEY (`perception_id`) REFERENCES `perceptions` (`id`) ON DELETE CASCADE,
  CONSTRAINT `perception_documents_currency_type_id_foreign` FOREIGN KEY (`currency_type_id`) REFERENCES `cat_currency_types` (`id`),
  CONSTRAINT `perception_documents_document_type_id_foreign` FOREIGN KEY (`document_type_id`) REFERENCES `cat_document_types` (`id`)
) ENGINE=InnoDB DEFAULT CHARSET=utf8mb4 COLLATE=utf8mb4_unicode_ci;

--
-- Dumping data for table `perception_documents`
--

SET autocommit=0;
COMMIT;

-- Dumped table `perception_documents` with 0 row(s)
--

--
-- Table structure for table `persons`
--

CREATE TABLE `persons` (
  `id` int(10) unsigned NOT NULL AUTO_INCREMENT,
  `type` enum('customers','suppliers') NOT NULL,
  `identity_document_type_id` varchar(255) NOT NULL,
  `number` varchar(255) NOT NULL,
  `name` varchar(255) NOT NULL,
  `trade_name` varchar(255) DEFAULT NULL,
  `internal_code` varchar(100) DEFAULT NULL,
  `barcode` varchar(150) DEFAULT NULL,
  `country_id` char(2) NOT NULL,
  `nationality_id` char(2) DEFAULT NULL,
  `department_id` char(2) DEFAULT NULL,
  `province_id` char(4) DEFAULT NULL,
  `district_id` char(6) DEFAULT NULL,
  `address_type_id` varchar(255) DEFAULT NULL,
  `address` varchar(255) DEFAULT NULL,
  `condition` varchar(255) DEFAULT NULL,
  `state` varchar(255) DEFAULT NULL,
  `email` varchar(255) DEFAULT NULL,
  `telephone` varchar(255) DEFAULT NULL,
  `accumulated_points` decimal(12,2) NOT NULL DEFAULT 0.00 COMMENT 'sistema por puntos',
  `perception_agent` tinyint(1) NOT NULL DEFAULT 0,
  `person_type_id` int(10) unsigned DEFAULT NULL,
  `contact` longtext CHARACTER SET utf8mb4 COLLATE utf8mb4_bin DEFAULT NULL,
  `comment` varchar(255) DEFAULT NULL,
  `percentage_perception` decimal(12,2) DEFAULT NULL,
  `enabled` tinyint(1) NOT NULL DEFAULT 1,
  `website` text DEFAULT NULL COMMENT 'Sitio Web',
  `zone` longtext DEFAULT NULL COMMENT 'Zona',
  `observation` longtext DEFAULT NULL COMMENT 'Observaciones',
  `created_at` timestamp NULL DEFAULT NULL,
  `updated_at` timestamp NULL DEFAULT NULL,
  `status` tinyint(4) NOT NULL DEFAULT 1,
  `credit_days` int(10) unsigned DEFAULT 0 COMMENT 'establece los dias de credito',
  `optional_email` longtext DEFAULT NULL COMMENT 'Conjunto de correos de envio',
  `parent_id` int(10) unsigned DEFAULT 0 COMMENT 'Se relaciona con si mismo, numero mayor a 0 es el id del padre.',
  `zone_id` int(10) unsigned DEFAULT NULL,
  `seller_id` int(10) unsigned DEFAULT NULL,
  `has_discount` tinyint(1) NOT NULL DEFAULT 0,
  `discount_type` char(2) NOT NULL DEFAULT '01',
  `discount_amount` decimal(12,2) NOT NULL DEFAULT 0.00,
  `price_list` tinyint(3) unsigned NOT NULL DEFAULT 1,
  PRIMARY KEY (`id`),
  KEY `persons_identity_document_type_id_foreign` (`identity_document_type_id`),
  KEY `persons_country_id_foreign` (`country_id`),
  KEY `persons_department_id_foreign` (`department_id`),
  KEY `persons_province_id_foreign` (`province_id`),
  KEY `persons_district_id_foreign` (`district_id`),
  KEY `persons_name_index` (`name`),
  KEY `persons_number_index` (`number`),
  KEY `persons_type_index` (`type`),
  KEY `persons_person_type_id_foreign` (`person_type_id`),
  KEY `persons_enabled_index` (`enabled`),
  KEY `persons_address_type_id_foreign` (`address_type_id`),
  KEY `persons_seller_id_index` (`seller_id`),
  KEY `persons_nationality_id_foreign` (`nationality_id`),
  CONSTRAINT `persons_address_type_id_foreign` FOREIGN KEY (`address_type_id`) REFERENCES `cat_address_types` (`id`),
  CONSTRAINT `persons_country_id_foreign` FOREIGN KEY (`country_id`) REFERENCES `countries` (`id`),
  CONSTRAINT `persons_department_id_foreign` FOREIGN KEY (`department_id`) REFERENCES `departments` (`id`),
  CONSTRAINT `persons_district_id_foreign` FOREIGN KEY (`district_id`) REFERENCES `districts` (`id`),
  CONSTRAINT `persons_identity_document_type_id_foreign` FOREIGN KEY (`identity_document_type_id`) REFERENCES `cat_identity_document_types` (`id`),
  CONSTRAINT `persons_nationality_id_foreign` FOREIGN KEY (`nationality_id`) REFERENCES `countries` (`id`),
  CONSTRAINT `persons_person_type_id_foreign` FOREIGN KEY (`person_type_id`) REFERENCES `person_types` (`id`),
  CONSTRAINT `persons_province_id_foreign` FOREIGN KEY (`province_id`) REFERENCES `provinces` (`id`)
) ENGINE=InnoDB AUTO_INCREMENT=66 DEFAULT CHARSET=utf8mb4 COLLATE=utf8mb4_unicode_ci;

--
-- Dumping data for table `persons`
--

SET autocommit=0;
INSERT INTO `persons` VALUES (1,'customers','0','99999999','Clientes - Varios',NULL,NULL,NULL,'PE',NULL,NULL,NULL,NULL,NULL,NULL,NULL,NULL,NULL,NULL,0.00,0,NULL,NULL,NULL,NULL,1,NULL,NULL,NULL,'2025-12-27 20:49:06','2025-12-27 20:49:06',1,0,NULL,0,NULL,NULL,0,'01',0.00,1),(2,'customers','1','43772788','GARCIA TORRES, NEISSER STALIN',NULL,NULL,NULL,'PE',NULL,NULL,NULL,NULL,NULL,NULL,NULL,NULL,NULL,NULL,0.00,0,NULL,'{\"full_name\":null,\"phone\":null}',NULL,0.00,1,NULL,NULL,NULL,'2025-12-29 11:18:44','2025-12-29 11:18:44',1,0,NULL,0,NULL,NULL,0,'01',0.00,1),(3,'customers','6','20291973851','OFICINA NACIONAL DE PROCESOS ELECTORALES',NULL,NULL,NULL,'PE',NULL,'15','1501','150101',NULL,'JR. WASHINGTON NRO. 1894','HABIDO','ACTIVO',NULL,NULL,0.00,0,NULL,'{\"full_name\":null,\"phone\":null}',NULL,0.00,1,NULL,NULL,NULL,'2025-12-31 20:22:52','2025-12-31 20:22:52',1,0,NULL,0,NULL,NULL,0,'01',0.00,1),(4,'customers','1','70877295','CESPEDES GARCIA, BRANDY JHOEL',NULL,NULL,NULL,'PE',NULL,NULL,NULL,NULL,NULL,NULL,NULL,NULL,NULL,NULL,0.00,0,NULL,'{\"full_name\":null,\"phone\":null}',NULL,0.00,1,NULL,NULL,NULL,'2026-01-03 10:48:18','2026-01-03 10:48:18',1,0,NULL,0,NULL,NULL,0,'01',0.00,1),(5,'customers','1','72968870','CAMUS HUAYAMIS, JEISSON REGULO',NULL,NULL,NULL,'PE',NULL,NULL,NULL,NULL,NULL,NULL,NULL,NULL,NULL,NULL,0.00,0,NULL,'{\"full_name\":null,\"phone\":null}',NULL,0.00,1,NULL,NULL,NULL,'2026-01-03 14:01:01','2026-01-03 14:01:01',1,0,NULL,0,NULL,NULL,0,'01',0.00,1),(6,'customers','1','46098386','PEREZ ARELLANA, SARA LUZ',NULL,NULL,NULL,'PE',NULL,NULL,NULL,NULL,NULL,NULL,NULL,NULL,NULL,NULL,0.00,0,NULL,'{\"full_name\":null,\"phone\":null}',NULL,0.00,1,NULL,NULL,NULL,'2026-01-03 15:17:59','2026-01-03 15:17:59',1,0,NULL,0,NULL,NULL,0,'01',0.00,1),(7,'customers','1','42602005','SANCHEZ ALTAMIRANO, VICTORINO FRANZ',NULL,NULL,NULL,'PE',NULL,NULL,NULL,NULL,NULL,NULL,NULL,NULL,NULL,NULL,0.00,0,NULL,'{\"full_name\":null,\"phone\":null}',NULL,0.00,1,NULL,NULL,NULL,'2026-01-03 18:23:56','2026-01-03 18:23:56',1,0,NULL,0,NULL,NULL,0,'01',0.00,1),(8,'customers','1','80560233','HUACCHA CASTILLO, ELENA',NULL,NULL,NULL,'PE',NULL,NULL,NULL,NULL,NULL,NULL,NULL,NULL,NULL,NULL,0.00,0,NULL,'{\"full_name\":null,\"phone\":null}',NULL,0.00,1,NULL,NULL,NULL,'2026-01-04 09:58:35','2026-01-04 09:58:35',1,0,NULL,0,NULL,NULL,0,'01',0.00,1),(9,'customers','1','70877306','CHAVEZ GARCIA, LUIS MIGUEL',NULL,NULL,NULL,'PE',NULL,NULL,NULL,NULL,NULL,NULL,NULL,NULL,NULL,NULL,0.00,0,NULL,'{\"full_name\":null,\"phone\":null}',NULL,0.00,1,NULL,NULL,NULL,'2026-01-06 09:40:39','2026-01-06 09:40:39',1,0,NULL,0,NULL,NULL,0,'01',0.00,1),(10,'customers','1','43649672','ESQUIVEL NIMA, JESSICA JANETH',NULL,NULL,NULL,'PE',NULL,NULL,NULL,NULL,NULL,NULL,NULL,NULL,NULL,NULL,0.00,0,NULL,'{\"full_name\":null,\"phone\":null}',NULL,0.00,1,NULL,NULL,NULL,'2026-01-06 12:20:10','2026-01-06 12:20:10',1,0,NULL,0,NULL,NULL,0,'01',0.00,1),(11,'customers','1','48273733','CHINCHAY BARRIOS, CLINTON',NULL,NULL,NULL,'PE',NULL,NULL,NULL,NULL,NULL,NULL,NULL,NULL,NULL,NULL,0.00,0,NULL,'{\"full_name\":null,\"phone\":null}',NULL,0.00,1,NULL,NULL,NULL,'2026-01-06 16:35:36','2026-01-06 16:35:36',1,0,NULL,0,NULL,NULL,0,'01',0.00,1),(12,'customers','1','44019987','CAMPOS REYES, GEORGE HUGO',NULL,NULL,NULL,'PE',NULL,NULL,NULL,NULL,NULL,NULL,NULL,NULL,NULL,NULL,0.00,0,NULL,'{\"full_name\":null,\"phone\":null}',NULL,0.00,1,NULL,NULL,NULL,'2026-01-07 20:39:33','2026-01-07 20:39:33',1,0,NULL,0,NULL,NULL,0,'01',0.00,1),(13,'customers','1','76379637','ALARCON RAMON, JHAIR',NULL,NULL,NULL,'PE',NULL,NULL,NULL,NULL,NULL,NULL,NULL,NULL,NULL,NULL,0.00,0,NULL,'{\"full_name\":null,\"phone\":null}',NULL,0.00,1,NULL,NULL,NULL,'2026-01-08 16:12:45','2026-01-08 16:12:45',1,0,NULL,0,NULL,NULL,0,'01',0.00,1),(14,'customers','1','70869864','ROMERO SILVA, JOSEMARIA KEVIN',NULL,NULL,NULL,'PE',NULL,NULL,NULL,NULL,NULL,NULL,NULL,NULL,NULL,NULL,0.00,0,NULL,'{\"full_name\":null,\"phone\":null}',NULL,0.00,1,NULL,NULL,NULL,'2026-01-08 17:58:41','2026-01-08 17:58:41',1,0,NULL,0,NULL,NULL,0,'01',0.00,1),(15,'customers','1','45138994','MONTEZA IZQUIERDO, AIXA YLSE',NULL,NULL,NULL,'PE',NULL,NULL,NULL,NULL,NULL,NULL,NULL,NULL,NULL,NULL,0.00,0,NULL,'{\"full_name\":null,\"phone\":null}',NULL,0.00,1,NULL,NULL,NULL,'2026-01-09 21:23:53','2026-01-09 21:23:53',1,0,NULL,0,NULL,NULL,0,'01',0.00,1),(16,'customers','1','33589881','TORRES LARA, JANETTE ELENA',NULL,NULL,NULL,'PE',NULL,NULL,NULL,NULL,NULL,NULL,NULL,NULL,NULL,NULL,0.00,0,NULL,'{\"full_name\":null,\"phone\":null}',NULL,0.00,1,NULL,NULL,NULL,'2026-01-10 10:18:28','2026-01-10 10:18:28',1,0,NULL,0,NULL,NULL,0,'01',0.00,1),(17,'customers','1','80194490','VELA CHAVEZ, ADALIZ MARLENY',NULL,NULL,NULL,'PE',NULL,NULL,NULL,NULL,NULL,NULL,NULL,NULL,NULL,NULL,0.00,0,NULL,'{\"full_name\":null,\"phone\":null}',NULL,0.00,1,NULL,NULL,NULL,'2026-01-11 19:07:55','2026-01-11 19:07:55',1,0,NULL,0,NULL,NULL,0,'01',0.00,1),(18,'customers','1','70559489','YOPLAC VALDIVIA, WILLY JUNIOR',NULL,NULL,NULL,'PE',NULL,NULL,NULL,NULL,NULL,NULL,NULL,NULL,NULL,NULL,0.00,0,NULL,'{\"full_name\":null,\"phone\":null}',NULL,0.00,1,NULL,NULL,NULL,'2026-01-20 17:11:07','2026-01-20 17:11:07',1,0,NULL,0,NULL,NULL,0,'01',0.00,1),(19,'customers','1','47193378','ALEJANDRÍA GARCÍA, JAIME RICARDO',NULL,NULL,NULL,'PE',NULL,NULL,NULL,NULL,NULL,NULL,NULL,NULL,NULL,NULL,0.00,0,NULL,'{\"full_name\":null,\"phone\":null}',NULL,0.00,1,NULL,NULL,NULL,'2026-01-20 18:34:08','2026-01-20 18:34:08',1,0,NULL,0,NULL,NULL,0,'01',0.00,1),(20,'customers','1','76379639','CABRERA PEDRAZA, JOEL GUZMAN',NULL,NULL,NULL,'PE',NULL,NULL,NULL,NULL,NULL,NULL,NULL,NULL,NULL,NULL,0.00,0,NULL,'{\"full_name\":null,\"phone\":null}',NULL,0.00,1,NULL,NULL,NULL,'2026-01-25 21:14:25','2026-01-25 21:14:25',1,0,NULL,0,NULL,NULL,0,'01',0.00,1),(21,'customers','1','42181690','RIVAS CASTRO, JUAN CARLOS',NULL,NULL,NULL,'PE',NULL,NULL,NULL,NULL,NULL,NULL,NULL,NULL,NULL,NULL,0.00,0,NULL,'{\"full_name\":null,\"phone\":null}',NULL,0.00,1,NULL,NULL,NULL,'2026-01-27 17:57:06','2026-01-27 17:57:06',1,0,NULL,0,NULL,NULL,0,'01',0.00,1),(22,'customers','1','33568376','RAMON CALVAY, JOSE',NULL,NULL,NULL,'PE',NULL,NULL,NULL,NULL,NULL,NULL,NULL,NULL,NULL,NULL,0.00,0,NULL,'{\"full_name\":null,\"phone\":null}',NULL,0.00,1,NULL,NULL,NULL,'2026-01-27 21:05:43','2026-01-27 21:05:43',1,0,NULL,0,NULL,NULL,0,'01',0.00,1),(23,'customers','1','72278629','BERNILLA PUERTA, CRISTOBAL HITLER',NULL,NULL,NULL,'PE',NULL,NULL,NULL,NULL,NULL,NULL,NULL,NULL,NULL,NULL,0.00,0,NULL,'{\"full_name\":null,\"phone\":null}',NULL,0.00,1,NULL,NULL,NULL,'2026-01-29 21:23:01','2026-01-29 21:23:01',1,0,NULL,0,NULL,NULL,0,'01',0.00,1),(24,'customers','1','47770153','CORTIJO GUZMAN, JOSEPH STEPHEN',NULL,NULL,NULL,'PE',NULL,NULL,NULL,NULL,NULL,NULL,NULL,NULL,NULL,NULL,0.00,0,NULL,'{\"full_name\":null,\"phone\":null}',NULL,0.00,1,NULL,NULL,NULL,'2026-01-30 17:29:23','2026-01-30 17:29:23',1,0,NULL,0,NULL,NULL,0,'01',0.00,1),(25,'customers','1','76085633','MEZA BUQUEZ, ALEJANDRA LIZETH',NULL,NULL,NULL,'PE',NULL,NULL,NULL,NULL,NULL,NULL,NULL,NULL,NULL,NULL,0.00,0,NULL,'{\"full_name\":null,\"phone\":null}',NULL,0.00,1,NULL,NULL,NULL,'2026-01-31 17:08:23','2026-01-31 17:08:23',1,0,NULL,0,NULL,NULL,0,'01',0.00,1),(26,'customers','1','77230885','DIAZ SANCHEZ, SINDILITH YUDITH',NULL,NULL,NULL,'PE',NULL,NULL,NULL,NULL,NULL,NULL,NULL,NULL,NULL,NULL,0.00,0,NULL,'{\"full_name\":null,\"phone\":null}',NULL,0.00,1,NULL,NULL,NULL,'2026-02-01 09:30:51','2026-02-01 09:30:51',1,0,NULL,0,NULL,NULL,0,'01',0.00,1),(27,'customers','1','33561783','SALDAÑA DE ATARAMA, LUCIA',NULL,NULL,NULL,'PE',NULL,NULL,NULL,NULL,NULL,NULL,NULL,NULL,NULL,NULL,0.00,0,NULL,'{\"full_name\":null,\"phone\":null}',NULL,0.00,1,NULL,NULL,NULL,'2026-02-01 15:51:22','2026-02-01 15:51:22',1,0,NULL,0,NULL,NULL,0,'01',0.00,1),(28,'customers','1','33589438','SANDOVAL VALDIVIESO, JOSE HERMINIO',NULL,NULL,NULL,'PE',NULL,NULL,NULL,NULL,NULL,NULL,NULL,NULL,NULL,NULL,0.00,0,NULL,'{\"full_name\":null,\"phone\":null}',NULL,0.00,1,NULL,NULL,NULL,'2026-02-01 20:10:07','2026-02-01 20:10:07',1,0,NULL,0,NULL,NULL,0,'01',0.00,1),(29,'customers','6','20563314924','FREE GAMES S.A.C.',NULL,NULL,NULL,'PE',NULL,'15','1501','150140',NULL,'AV. MANUEL OLGUIN NRO. 211 INT. 1101 URB. LOS GRANADOS','HABIDO','ACTIVO',NULL,NULL,0.00,0,NULL,'{\"full_name\":null,\"phone\":null}',NULL,0.00,1,NULL,NULL,NULL,'2026-02-03 15:48:22','2026-02-03 15:48:22',1,0,NULL,0,NULL,NULL,0,'01',0.00,1),(30,'customers','1','72446537','GARCIA PAZ, YESLITANI',NULL,NULL,NULL,'PE',NULL,NULL,NULL,NULL,NULL,NULL,NULL,NULL,NULL,NULL,0.00,0,NULL,'{\"full_name\":null,\"phone\":null}',NULL,0.00,1,NULL,NULL,NULL,'2026-02-03 20:33:43','2026-02-03 20:33:43',1,0,NULL,0,NULL,NULL,0,'01',0.00,1),(31,'customers','1','42616567','TIRADO VALLE, SERGIO ARISTEDES',NULL,NULL,NULL,'PE',NULL,NULL,NULL,NULL,NULL,NULL,NULL,NULL,NULL,NULL,0.00,0,NULL,'{\"full_name\":null,\"phone\":null}',NULL,0.00,1,NULL,NULL,NULL,'2026-02-04 08:06:49','2026-02-04 08:06:49',1,0,NULL,0,NULL,NULL,0,'01',0.00,1),(32,'customers','1','48819917','LOPEZ GASTULO, JHERALDINE LILIBETH',NULL,NULL,NULL,'PE',NULL,NULL,NULL,NULL,NULL,NULL,NULL,NULL,NULL,NULL,0.00,0,NULL,'{\"full_name\":null,\"phone\":null}',NULL,0.00,1,NULL,NULL,NULL,'2026-02-04 12:02:40','2026-02-04 12:02:40',1,0,NULL,0,NULL,NULL,0,'01',0.00,1),(33,'customers','1','46877193','SALAZAR COSSIO, SHIRLEY',NULL,NULL,NULL,'PE',NULL,NULL,NULL,NULL,NULL,NULL,NULL,NULL,NULL,NULL,0.00,0,NULL,'{\"full_name\":null,\"phone\":null}',NULL,0.00,1,NULL,NULL,NULL,'2026-02-07 11:46:56','2026-02-07 11:46:56',1,0,NULL,0,NULL,NULL,0,'01',0.00,1),(34,'customers','1','71110530','GARCIA MUNDACA, ALFREDO',NULL,NULL,NULL,'PE',NULL,NULL,NULL,NULL,NULL,NULL,NULL,NULL,NULL,NULL,0.00,0,NULL,'{\"full_name\":null,\"phone\":null}',NULL,0.00,1,NULL,NULL,NULL,'2026-02-07 16:42:14','2026-02-07 16:42:14',1,0,NULL,0,NULL,NULL,0,'01',0.00,1),(35,'customers','6','10076376455','CAMPOS YOPAN HERNAN',NULL,NULL,NULL,'PE',NULL,NULL,NULL,NULL,NULL,NULL,'HABIDO','ACTIVO',NULL,NULL,0.00,0,NULL,'{\"full_name\":null,\"phone\":null}',NULL,0.00,1,NULL,NULL,NULL,'2026-02-08 13:57:56','2026-02-08 13:57:56',1,0,NULL,0,NULL,NULL,0,'01',0.00,1),(36,'customers','1','16764179','TERRONES CRUZ, JUAN ELIAS',NULL,NULL,NULL,'PE',NULL,NULL,NULL,NULL,NULL,NULL,NULL,NULL,NULL,NULL,0.00,0,NULL,'{\"full_name\":null,\"phone\":null}',NULL,0.00,1,NULL,NULL,NULL,'2026-02-11 09:37:08','2026-02-11 09:37:08',1,0,NULL,0,NULL,NULL,0,'01',0.00,1),(37,'customers','1','60212890','CABRERA RUFINO, MARICIELO',NULL,NULL,NULL,'PE',NULL,NULL,NULL,NULL,NULL,NULL,NULL,NULL,NULL,NULL,0.00,0,NULL,'{\"full_name\":null,\"phone\":null}',NULL,0.00,1,NULL,NULL,NULL,'2026-02-15 19:09:33','2026-02-15 19:09:33',1,0,NULL,0,NULL,NULL,0,'01',0.00,1),(38,'customers','1','80560094','CUBAS COLLAZOS, EMIL LINDORFE',NULL,NULL,NULL,'PE',NULL,NULL,NULL,NULL,NULL,NULL,NULL,NULL,NULL,NULL,0.00,0,NULL,'{\"full_name\":null,\"phone\":null}',NULL,0.00,1,NULL,NULL,NULL,'2026-02-15 20:45:08','2026-02-15 20:45:08',1,0,NULL,0,NULL,NULL,0,'01',0.00,1),(39,'customers','6','10726718313','RIVERO MARRUFO LUIS DAVID',NULL,NULL,NULL,'PE',NULL,NULL,NULL,NULL,NULL,NULL,'HABIDO','ACTIVO',NULL,NULL,0.00,0,NULL,'{\"full_name\":null,\"phone\":null}',NULL,0.00,1,NULL,NULL,NULL,'2026-02-17 10:13:34','2026-02-17 10:13:34',1,0,NULL,0,NULL,NULL,0,'01',0.00,1),(40,'customers','1','33563633','ALVAREZ DIAZ, LUIS ALBERTO',NULL,NULL,NULL,'PE',NULL,NULL,NULL,NULL,NULL,NULL,NULL,NULL,NULL,NULL,0.00,0,NULL,'{\"full_name\":null,\"phone\":null}',NULL,0.00,1,NULL,NULL,NULL,'2026-02-18 12:51:24','2026-02-18 12:51:24',1,0,NULL,0,NULL,NULL,0,'01',0.00,1),(41,'customers','1','45219611','LINARES CASTRO, VICTOR MANUEL',NULL,NULL,NULL,'PE',NULL,NULL,NULL,NULL,NULL,NULL,NULL,NULL,NULL,NULL,0.00,0,NULL,'{\"full_name\":null,\"phone\":null}',NULL,0.00,1,NULL,NULL,NULL,'2026-02-19 15:23:19','2026-02-19 15:23:19',1,0,NULL,0,NULL,NULL,0,'01',0.00,1),(42,'customers','1','33573484','ALVARADO GUEVARA, ORLANDO PERCY',NULL,NULL,NULL,'PE',NULL,NULL,NULL,NULL,NULL,NULL,NULL,NULL,NULL,NULL,0.00,0,NULL,'{\"full_name\":null,\"phone\":null}',NULL,0.00,1,NULL,NULL,NULL,'2026-02-20 16:21:05','2026-02-20 16:21:05',1,0,NULL,0,NULL,NULL,0,'01',0.00,1),(43,'customers','1','33562651','PATIÑO DE SANTA CRUZ, LEA',NULL,NULL,NULL,'PE',NULL,NULL,NULL,NULL,NULL,NULL,NULL,NULL,NULL,NULL,0.00,0,NULL,'{\"full_name\":null,\"phone\":null}',NULL,0.00,1,NULL,NULL,NULL,'2026-02-21 12:12:51','2026-02-21 12:12:51',1,0,NULL,0,NULL,NULL,0,'01',0.00,1),(44,'customers','1','75856244','HERNANDEZ BUSTAMANTE, ORFELINDA',NULL,NULL,NULL,'PE',NULL,NULL,NULL,NULL,NULL,NULL,NULL,NULL,NULL,NULL,0.00,0,NULL,'{\"full_name\":null,\"phone\":null}',NULL,0.00,1,NULL,NULL,NULL,'2026-02-21 21:58:36','2026-02-21 21:58:36',1,0,NULL,0,NULL,NULL,0,'01',0.00,1),(45,'customers','1','62389495','HORNA SANCHEZ, MARIELA',NULL,NULL,NULL,'PE',NULL,NULL,NULL,NULL,NULL,NULL,NULL,NULL,NULL,NULL,0.00,0,NULL,'{\"full_name\":null,\"phone\":null}',NULL,0.00,1,NULL,NULL,NULL,'2026-02-23 20:07:20','2026-02-23 20:07:20',1,0,NULL,0,NULL,NULL,0,'01',0.00,1),(46,'customers','1','40446399','CABANILLAS CASTREJON, NOEMI',NULL,NULL,NULL,'PE',NULL,NULL,NULL,NULL,NULL,NULL,NULL,NULL,NULL,NULL,0.00,0,NULL,'{\"full_name\":null,\"phone\":null}',NULL,0.00,1,NULL,NULL,NULL,'2026-02-23 20:24:33','2026-02-23 20:24:33',1,0,NULL,0,NULL,NULL,0,'01',0.00,1),(47,'customers','1','75312784','COTRINA PARIACURI, DAMARIS YOHANA',NULL,NULL,NULL,'PE',NULL,NULL,NULL,NULL,NULL,NULL,NULL,NULL,NULL,NULL,0.00,0,NULL,'{\"full_name\":null,\"phone\":null}',NULL,0.00,1,NULL,NULL,NULL,'2026-02-24 18:47:22','2026-02-24 18:47:22',1,0,NULL,0,NULL,NULL,0,'01',0.00,1),(48,'customers','1','40528781','CASTREJON CORREA, TALITA',NULL,NULL,NULL,'PE',NULL,NULL,NULL,NULL,NULL,NULL,NULL,NULL,NULL,NULL,0.00,0,NULL,'{\"full_name\":null,\"phone\":null}',NULL,0.00,1,NULL,NULL,NULL,'2026-02-25 16:35:22','2026-02-25 16:35:22',1,0,NULL,0,NULL,NULL,0,'01',0.00,1),(49,'customers','1','44320142','CHAQUILA CABALLERO, DEYSY ELIZABETH',NULL,NULL,NULL,'PE',NULL,NULL,NULL,NULL,NULL,NULL,NULL,NULL,NULL,NULL,0.00,0,NULL,'{\"full_name\":null,\"phone\":null}',NULL,0.00,1,NULL,NULL,NULL,'2026-02-27 08:05:44','2026-02-27 08:05:44',1,0,NULL,0,NULL,NULL,0,'01',0.00,1),(50,'customers','1','27707038','GUEVARA VIDARTE, MIGUEL',NULL,NULL,NULL,'PE',NULL,NULL,NULL,NULL,NULL,NULL,NULL,NULL,NULL,NULL,0.00,0,NULL,'{\"full_name\":null,\"phone\":null}',NULL,0.00,1,NULL,NULL,NULL,'2026-02-27 13:23:02','2026-02-27 13:23:02',1,0,NULL,0,NULL,NULL,0,'01',0.00,1),(51,'customers','1','80583813','MENDOZA MEDINA, CESAR HERNAN',NULL,NULL,NULL,'PE',NULL,NULL,NULL,NULL,NULL,NULL,NULL,NULL,NULL,NULL,0.00,0,NULL,'{\"full_name\":null,\"phone\":null}',NULL,0.00,1,NULL,NULL,NULL,'2026-03-02 18:50:23','2026-03-02 18:50:23',1,0,NULL,0,NULL,NULL,0,'01',0.00,1),(52,'customers','1','42085642','CARHUATAY HUAMAN, AURORA',NULL,NULL,NULL,'PE',NULL,NULL,NULL,NULL,NULL,NULL,NULL,NULL,NULL,NULL,0.00,0,NULL,'{\"full_name\":null,\"phone\":null}',NULL,0.00,1,NULL,NULL,NULL,'2026-03-02 21:23:09','2026-03-02 21:23:09',1,0,NULL,0,NULL,NULL,0,'01',0.00,1),(53,'customers','7','007918068','JUAN HUMBERTO QUINTERO BETANCUR',NULL,NULL,NULL,'PE',NULL,NULL,NULL,NULL,NULL,NULL,NULL,NULL,NULL,NULL,0.00,0,NULL,'{\"full_name\":null,\"phone\":null}',NULL,0.00,1,NULL,NULL,NULL,'2026-03-03 14:52:52','2026-03-03 14:52:52',1,0,NULL,0,NULL,NULL,0,'01',0.00,1),(54,'customers','1','27160844','LOZADA LEON, JOSE LORENZO',NULL,NULL,NULL,'PE',NULL,NULL,NULL,NULL,NULL,NULL,NULL,NULL,NULL,NULL,0.00,0,NULL,'{\"full_name\":null,\"phone\":null}',NULL,0.00,1,NULL,NULL,NULL,'2026-03-07 19:12:54','2026-03-07 19:12:54',1,0,NULL,0,NULL,NULL,0,'01',0.00,1),(55,'customers','1','76539746','PEREZ PALOMINO, JHOJANA LILIBET',NULL,NULL,NULL,'PE',NULL,NULL,NULL,NULL,NULL,NULL,NULL,NULL,NULL,NULL,0.00,0,NULL,'{\"full_name\":null,\"phone\":null}',NULL,0.00,1,NULL,NULL,NULL,'2026-03-09 12:32:47','2026-03-09 12:32:47',1,0,NULL,0,NULL,NULL,0,'01',0.00,1),(56,'customers','1','45889786','TINEO CARRASCO, WILLI BEVERLI',NULL,NULL,NULL,'PE',NULL,NULL,NULL,NULL,NULL,NULL,NULL,NULL,NULL,NULL,0.00,0,NULL,'{\"full_name\":null,\"phone\":null}',NULL,0.00,1,NULL,NULL,NULL,'2026-03-09 13:43:00','2026-03-09 13:43:00',1,0,NULL,0,NULL,NULL,0,'01',0.00,1),(57,'customers','1','44787667','PARDO URIARTE, BLANCA ROSA',NULL,NULL,NULL,'PE',NULL,NULL,NULL,NULL,NULL,NULL,NULL,NULL,NULL,NULL,0.00,0,NULL,'{\"full_name\":null,\"phone\":null}',NULL,0.00,1,NULL,NULL,NULL,'2026-03-09 21:07:03','2026-03-09 21:07:03',1,0,NULL,0,NULL,NULL,0,'01',0.00,1),(58,'customers','1','76015489','CALLE FLORES, LUIS ALBERTO',NULL,NULL,NULL,'PE',NULL,NULL,NULL,NULL,NULL,NULL,NULL,NULL,NULL,NULL,0.00,0,NULL,'{\"full_name\":null,\"phone\":null}',NULL,0.00,1,NULL,NULL,NULL,'2026-03-09 21:11:27','2026-03-09 21:11:27',1,0,NULL,0,NULL,NULL,0,'01',0.00,1),(59,'customers','1','71124944','SANCHEZ ALARCON, EDINSON JOEL',NULL,NULL,NULL,'PE',NULL,NULL,NULL,NULL,NULL,NULL,NULL,NULL,NULL,NULL,0.00,0,NULL,'{\"full_name\":null,\"phone\":null}',NULL,0.00,1,NULL,NULL,NULL,'2026-03-15 12:10:32','2026-03-15 12:10:32',1,0,NULL,0,NULL,NULL,0,'01',0.00,1),(60,'customers','1','48392348','TERRONES TRUJILLANO, NEYZEN',NULL,NULL,NULL,'PE',NULL,NULL,NULL,NULL,NULL,NULL,NULL,NULL,NULL,NULL,0.00,0,NULL,'{\"full_name\":null,\"phone\":null}',NULL,0.00,1,NULL,NULL,NULL,'2026-03-15 15:40:55','2026-03-15 15:40:55',1,0,NULL,0,NULL,NULL,0,'01',0.00,1),(61,'customers','6','20609622467','PROYECTO EDUCATIVO LUZ Y VERDAD 536',NULL,NULL,NULL,'PE',NULL,'01','0102','010206',NULL,'JR. ATAHUALPA NRO. 445','HABIDO','ACTIVO',NULL,NULL,0.00,0,NULL,'{\"full_name\":null,\"phone\":null}',NULL,0.00,1,NULL,NULL,NULL,'2026-03-18 15:25:41','2026-03-18 15:25:41',1,0,NULL,0,NULL,NULL,0,'01',0.00,1),(62,'customers','1','46327332','RIVERO FERNANDEZ, JOSE AURELIO',NULL,NULL,NULL,'PE',NULL,NULL,NULL,NULL,NULL,NULL,NULL,NULL,NULL,NULL,0.00,0,NULL,'{\"full_name\":null,\"phone\":null}',NULL,0.00,1,NULL,NULL,NULL,'2026-03-19 09:53:36','2026-03-19 09:53:36',1,0,NULL,0,NULL,NULL,0,'01',0.00,1),(63,'customers','1','33589770','DAVILA HERRERA, WALTER DANIEL',NULL,NULL,NULL,'PE',NULL,NULL,NULL,NULL,NULL,NULL,NULL,NULL,NULL,NULL,0.00,0,NULL,'{\"full_name\":null,\"phone\":null}',NULL,0.00,1,NULL,NULL,NULL,'2026-03-19 21:52:43','2026-03-19 21:52:43',1,0,NULL,0,NULL,NULL,0,'01',0.00,1),(64,'customers','1','40359690','NUREÑA DIAZ DE CARRANZA, SILVIA JESENIA',NULL,NULL,NULL,'PE',NULL,NULL,NULL,NULL,NULL,NULL,NULL,NULL,NULL,NULL,0.00,0,NULL,'{\"full_name\":null,\"phone\":null}',NULL,0.00,1,NULL,NULL,NULL,'2026-03-23 10:58:34','2026-03-23 10:58:34',1,0,NULL,0,NULL,NULL,0,'01',0.00,1),(65,'customers','1','45791576','CHAJAC AWANANCH, YUU NEXAR',NULL,NULL,NULL,'PE',NULL,NULL,NULL,NULL,NULL,NULL,NULL,NULL,NULL,NULL,0.00,0,NULL,'{\"full_name\":null,\"phone\":null}',NULL,0.00,1,NULL,NULL,NULL,'2026-03-24 16:37:00','2026-03-24 16:37:00',1,0,NULL,0,NULL,NULL,0,'01',0.00,1);
COMMIT;

-- Dumped table `persons` with 65 row(s)
--

--
-- Table structure for table `person_address`
--

CREATE TABLE `person_address` (
  `id` int(10) unsigned NOT NULL AUTO_INCREMENT,
  `person_id` int(10) unsigned NOT NULL,
  `department_id` char(2) DEFAULT NULL,
  `province_id` char(4) DEFAULT NULL,
  `district_id` char(6) DEFAULT NULL,
  `address` varchar(255) DEFAULT NULL,
  PRIMARY KEY (`id`),
  KEY `person_address_person_id_foreign` (`person_id`),
  KEY `person_address_department_id_foreign` (`department_id`),
  KEY `person_address_province_id_foreign` (`province_id`),
  KEY `person_address_district_id_foreign` (`district_id`),
  CONSTRAINT `person_address_department_id_foreign` FOREIGN KEY (`department_id`) REFERENCES `departments` (`id`),
  CONSTRAINT `person_address_district_id_foreign` FOREIGN KEY (`district_id`) REFERENCES `districts` (`id`),
  CONSTRAINT `person_address_person_id_foreign` FOREIGN KEY (`person_id`) REFERENCES `persons` (`id`),
  CONSTRAINT `person_address_province_id_foreign` FOREIGN KEY (`province_id`) REFERENCES `provinces` (`id`)
) ENGINE=InnoDB DEFAULT CHARSET=utf8mb4 COLLATE=utf8mb4_unicode_ci;

--
-- Dumping data for table `person_address`
--

SET autocommit=0;
COMMIT;

-- Dumped table `person_address` with 0 row(s)
--

--
-- Table structure for table `person_addresses`
--

CREATE TABLE `person_addresses` (
  `id` int(10) unsigned NOT NULL AUTO_INCREMENT,
  `person_id` int(10) unsigned NOT NULL,
  `country_id` char(2) NOT NULL,
  `department_id` char(2) DEFAULT NULL,
  `province_id` char(4) DEFAULT NULL,
  `district_id` char(6) DEFAULT NULL,
  `address` varchar(255) DEFAULT NULL,
  `phone` varchar(255) DEFAULT NULL,
  `email` varchar(255) DEFAULT NULL,
  `main` tinyint(1) NOT NULL DEFAULT 0,
  PRIMARY KEY (`id`),
  KEY `person_addresses_person_id_foreign` (`person_id`),
  KEY `person_addresses_country_id_foreign` (`country_id`),
  KEY `person_addresses_department_id_foreign` (`department_id`),
  KEY `person_addresses_province_id_foreign` (`province_id`),
  KEY `person_addresses_district_id_foreign` (`district_id`),
  CONSTRAINT `person_addresses_country_id_foreign` FOREIGN KEY (`country_id`) REFERENCES `countries` (`id`),
  CONSTRAINT `person_addresses_department_id_foreign` FOREIGN KEY (`department_id`) REFERENCES `departments` (`id`),
  CONSTRAINT `person_addresses_district_id_foreign` FOREIGN KEY (`district_id`) REFERENCES `districts` (`id`),
  CONSTRAINT `person_addresses_person_id_foreign` FOREIGN KEY (`person_id`) REFERENCES `persons` (`id`),
  CONSTRAINT `person_addresses_province_id_foreign` FOREIGN KEY (`province_id`) REFERENCES `provinces` (`id`)
) ENGINE=InnoDB DEFAULT CHARSET=utf8mb4 COLLATE=utf8mb4_unicode_ci;

--
-- Dumping data for table `person_addresses`
--

SET autocommit=0;
COMMIT;

-- Dumped table `person_addresses` with 0 row(s)
--

--
-- Table structure for table `person_types`
--

CREATE TABLE `person_types` (
  `id` int(10) unsigned NOT NULL AUTO_INCREMENT,
  `description` text NOT NULL,
  `created_at` timestamp NULL DEFAULT NULL,
  `updated_at` timestamp NULL DEFAULT NULL,
  PRIMARY KEY (`id`)
) ENGINE=InnoDB AUTO_INCREMENT=3 DEFAULT CHARSET=utf8mb4 COLLATE=utf8mb4_unicode_ci;

--
-- Dumping data for table `person_types`
--

SET autocommit=0;
INSERT INTO `person_types` VALUES (1,'Interno','2025-12-27 20:48:48','2025-12-27 20:48:48'),(2,'Distribuidor','2025-12-27 20:48:48','2025-12-27 20:48:48');
COMMIT;

-- Dumped table `person_types` with 2 row(s)
--

--
-- Table structure for table `pharmacy_configurations`
--

CREATE TABLE `pharmacy_configurations` (
  `id` int(10) unsigned NOT NULL AUTO_INCREMENT,
  `establishment_id` int(10) unsigned NOT NULL,
  `profit_field` tinyint(1) NOT NULL DEFAULT 0,
  `created_at` timestamp NULL DEFAULT NULL,
  `updated_at` timestamp NULL DEFAULT NULL,
  PRIMARY KEY (`id`)
) ENGINE=InnoDB AUTO_INCREMENT=2 DEFAULT CHARSET=utf8mb4 COLLATE=utf8mb4_unicode_ci;

--
-- Dumping data for table `pharmacy_configurations`
--

SET autocommit=0;
INSERT INTO `pharmacy_configurations` VALUES (1,1,0,'2025-12-27 20:58:18','2025-12-27 20:58:18');
COMMIT;

-- Dumped table `pharmacy_configurations` with 1 row(s)
--

--
-- Table structure for table `points`
--

CREATE TABLE `points` (
  `id` int(10) unsigned NOT NULL AUTO_INCREMENT,
  `person_id` int(10) unsigned NOT NULL,
  `folio` varchar(255) NOT NULL,
  `points` double(8,2) NOT NULL,
  `created_at` timestamp NULL DEFAULT NULL,
  `updated_at` timestamp NULL DEFAULT NULL,
  `banned` tinyint(1) NOT NULL DEFAULT 0,
  PRIMARY KEY (`id`),
  KEY `points_person_id_foreign` (`person_id`),
  CONSTRAINT `points_person_id_foreign` FOREIGN KEY (`person_id`) REFERENCES `persons` (`id`)
) ENGINE=InnoDB DEFAULT CHARSET=utf8mb4 COLLATE=utf8mb4_unicode_ci;

--
-- Dumping data for table `points`
--

SET autocommit=0;
COMMIT;

-- Dumped table `points` with 0 row(s)
--

--
-- Table structure for table `pos_parked_sales`
--

CREATE TABLE `pos_parked_sales` (
  `id` int(10) unsigned NOT NULL AUTO_INCREMENT,
  `uuid` char(36) NOT NULL,
  `establishment_id` int(10) unsigned NOT NULL,
  `cash_id` int(10) unsigned NOT NULL,
  `created_by_user_id` int(10) unsigned NOT NULL,
  `customer_id` int(10) unsigned DEFAULT NULL,
  `label` varchar(255) DEFAULT NULL,
  `payload` longtext NOT NULL,
  `locked_by_user_id` int(10) unsigned DEFAULT NULL,
  `lock_expires_at` datetime DEFAULT NULL,
  `created_at` timestamp NULL DEFAULT NULL,
  `updated_at` timestamp NULL DEFAULT NULL,
  PRIMARY KEY (`id`),
  UNIQUE KEY `pos_parked_sales_uuid_unique` (`uuid`),
  KEY `idx_pos_parked_sales_cash_id` (`cash_id`),
  KEY `idx_pos_parked_sales_created_by` (`created_by_user_id`),
  KEY `idx_pos_parked_sales_lock_expires` (`lock_expires_at`),
  KEY `idx_pos_parked_sales_created_at` (`created_at`)
) ENGINE=InnoDB DEFAULT CHARSET=utf8mb4 COLLATE=utf8mb4_unicode_ci;

--
-- Dumping data for table `pos_parked_sales`
--

SET autocommit=0;
COMMIT;

-- Dumped table `pos_parked_sales` with 0 row(s)
--

--
-- Table structure for table `preprinted_format_templates`
--

CREATE TABLE `preprinted_format_templates` (
  `id` int(10) unsigned NOT NULL AUTO_INCREMENT,
  `formats` varchar(255) NOT NULL,
  PRIMARY KEY (`id`)
) ENGINE=InnoDB DEFAULT CHARSET=utf8mb4 COLLATE=utf8mb4_unicode_ci;

--
-- Dumping data for table `preprinted_format_templates`
--

SET autocommit=0;
COMMIT;

-- Dumped table `preprinted_format_templates` with 0 row(s)
--

--
-- Table structure for table `prescription_cie10`
--

CREATE TABLE `prescription_cie10` (
  `id` int(10) unsigned NOT NULL AUTO_INCREMENT,
  `diagnoses_code` varchar(255) NOT NULL,
  `diagnoses_description` varchar(255) NOT NULL,
  `created_at` timestamp NULL DEFAULT NULL,
  `updated_at` timestamp NULL DEFAULT NULL,
  PRIMARY KEY (`id`)
) ENGINE=InnoDB DEFAULT CHARSET=utf8mb4 COLLATE=utf8mb4_unicode_ci;

--
-- Dumping data for table `prescription_cie10`
--

SET autocommit=0;
COMMIT;

-- Dumped table `prescription_cie10` with 0 row(s)
--

--
-- Table structure for table `prescription_doctors`
--

CREATE TABLE `prescription_doctors` (
  `id` int(10) unsigned NOT NULL AUTO_INCREMENT,
  `cmp` varchar(255) NOT NULL,
  `name` varchar(255) NOT NULL,
  `created_at` timestamp NULL DEFAULT NULL,
  `updated_at` timestamp NULL DEFAULT NULL,
  PRIMARY KEY (`id`)
) ENGINE=InnoDB DEFAULT CHARSET=utf8mb4 COLLATE=utf8mb4_unicode_ci;

--
-- Dumping data for table `prescription_doctors`
--

SET autocommit=0;
COMMIT;

-- Dumped table `prescription_doctors` with 0 row(s)
--

--
-- Table structure for table `prescription_prescriptions`
--

CREATE TABLE `prescription_prescriptions` (
  `id` int(10) unsigned NOT NULL AUTO_INCREMENT,
  `customer_id` int(10) unsigned NOT NULL,
  `item_id` int(10) unsigned NOT NULL,
  `document_id` int(10) unsigned DEFAULT NULL,
  `sale_note_id` int(10) unsigned DEFAULT NULL,
  `quantity` int(11) NOT NULL,
  `prescription_number` varchar(255) DEFAULT NULL,
  `prescription_date` date DEFAULT NULL,
  `prescription_doctor_id` int(10) unsigned DEFAULT NULL,
  `doctor_name` varchar(255) DEFAULT NULL,
  `prescription_cie10_id` int(10) unsigned DEFAULT NULL,
  `diagnosis_text` varchar(255) DEFAULT NULL,
  `user_id` int(10) unsigned NOT NULL,
  `warehouse_id` int(10) unsigned NOT NULL,
  `created_at` timestamp NULL DEFAULT NULL,
  `updated_at` timestamp NULL DEFAULT NULL,
  PRIMARY KEY (`id`),
  KEY `prescription_prescriptions_customer_id_foreign` (`customer_id`),
  KEY `prescription_prescriptions_item_id_foreign` (`item_id`),
  KEY `prescription_prescriptions_prescription_doctor_id_foreign` (`prescription_doctor_id`),
  KEY `prescription_prescriptions_prescription_cie10_id_foreign` (`prescription_cie10_id`),
  KEY `prescription_prescriptions_user_id_foreign` (`user_id`),
  KEY `prescription_prescriptions_warehouse_id_foreign` (`warehouse_id`),
  CONSTRAINT `prescription_prescriptions_customer_id_foreign` FOREIGN KEY (`customer_id`) REFERENCES `persons` (`id`),
  CONSTRAINT `prescription_prescriptions_item_id_foreign` FOREIGN KEY (`item_id`) REFERENCES `items` (`id`),
  CONSTRAINT `prescription_prescriptions_prescription_cie10_id_foreign` FOREIGN KEY (`prescription_cie10_id`) REFERENCES `prescription_cie10` (`id`),
  CONSTRAINT `prescription_prescriptions_prescription_doctor_id_foreign` FOREIGN KEY (`prescription_doctor_id`) REFERENCES `prescription_doctors` (`id`),
  CONSTRAINT `prescription_prescriptions_user_id_foreign` FOREIGN KEY (`user_id`) REFERENCES `users` (`id`),
  CONSTRAINT `prescription_prescriptions_warehouse_id_foreign` FOREIGN KEY (`warehouse_id`) REFERENCES `warehouses` (`id`)
) ENGINE=InnoDB DEFAULT CHARSET=utf8mb4 COLLATE=utf8mb4_unicode_ci;

--
-- Dumping data for table `prescription_prescriptions`
--

SET autocommit=0;
COMMIT;

-- Dumped table `prescription_prescriptions` with 0 row(s)
--

--
-- Table structure for table `production`
--

CREATE TABLE `production` (
  `id` int(10) unsigned NOT NULL AUTO_INCREMENT,
  `user_id` int(10) unsigned DEFAULT 0,
  `soap_type_id` char(2) DEFAULT NULL,
  `item_id` int(10) unsigned DEFAULT 0,
  `inventory_id_reference` int(10) unsigned DEFAULT NULL,
  `quantity` decimal(12,4) DEFAULT 0.0000 COMMENT 'Peso dle insumo ',
  `created_at` timestamp NULL DEFAULT NULL,
  `updated_at` timestamp NULL DEFAULT NULL,
  `machine_id` int(10) unsigned NOT NULL DEFAULT 0,
  `production_order` varchar(255) DEFAULT NULL,
  `name` varchar(255) DEFAULT NULL,
  `comment` longtext DEFAULT NULL,
  `date_start` date DEFAULT NULL,
  `time_start` time DEFAULT NULL,
  `date_end` date DEFAULT NULL,
  `time_end` time DEFAULT NULL,
  `lot_code` varchar(255) DEFAULT NULL,
  `item_extra_data` longtext CHARACTER SET utf8mb4 COLLATE utf8mb4_bin DEFAULT NULL,
  `mix_date_start` date DEFAULT NULL,
  `mix_time_start` time DEFAULT NULL,
  `mix_date_end` date DEFAULT NULL,
  `mix_time_end` time DEFAULT NULL,
  `informative` tinyint(3) unsigned DEFAULT 0,
  `agreed` decimal(8,2) DEFAULT 0.00,
  `imperfect` decimal(8,2) DEFAULT 0.00,
  `proccess_type` longtext DEFAULT NULL,
  `production_collaborator` text DEFAULT NULL,
  `mix_collaborator` text DEFAULT NULL,
  PRIMARY KEY (`id`),
  KEY `production_soap_type_id_foreign` (`soap_type_id`),
  CONSTRAINT `production_soap_type_id_foreign` FOREIGN KEY (`soap_type_id`) REFERENCES `soap_types` (`id`)
) ENGINE=InnoDB DEFAULT CHARSET=utf8mb4 COLLATE=utf8mb4_unicode_ci;

--
-- Dumping data for table `production`
--

SET autocommit=0;
COMMIT;

-- Dumped table `production` with 0 row(s)
--

--
-- Table structure for table `promotions`
--

CREATE TABLE `promotions` (
  `id` int(10) unsigned NOT NULL AUTO_INCREMENT,
  `name` varchar(255) NOT NULL,
  `description` varchar(255) NOT NULL,
  `type` varchar(255) DEFAULT NULL,
  `image` varchar(255) NOT NULL,
  `item_id` int(10) unsigned NOT NULL,
  `status` tinyint(1) NOT NULL DEFAULT 1,
  `created_at` timestamp NULL DEFAULT NULL,
  `updated_at` timestamp NULL DEFAULT NULL,
  `apply_restaurant` tinyint(1) DEFAULT 0,
  PRIMARY KEY (`id`),
  KEY `promotions_item_id_foreign` (`item_id`),
  CONSTRAINT `promotions_item_id_foreign` FOREIGN KEY (`item_id`) REFERENCES `items` (`id`)
) ENGINE=InnoDB DEFAULT CHARSET=utf8mb4 COLLATE=utf8mb4_unicode_ci;

--
-- Dumping data for table `promotions`
--

SET autocommit=0;
COMMIT;

-- Dumped table `promotions` with 0 row(s)
--

--
-- Table structure for table `provinces`
--

CREATE TABLE `provinces` (
  `id` char(4) NOT NULL,
  `department_id` char(2) NOT NULL,
  `description` varchar(255) NOT NULL,
  `active` tinyint(1) NOT NULL DEFAULT 1,
  KEY `provinces_department_id_foreign` (`department_id`),
  KEY `provinces_id_index` (`id`),
  CONSTRAINT `provinces_department_id_foreign` FOREIGN KEY (`department_id`) REFERENCES `departments` (`id`)
) ENGINE=InnoDB DEFAULT CHARSET=utf8mb4 COLLATE=utf8mb4_unicode_ci;

--
-- Dumping data for table `provinces`
--

SET autocommit=0;
INSERT INTO `provinces` VALUES ('0101','01','Chachapoyas',1),('0102','01','Bagua',1),('0103','01','Bongará',1),('0104','01','Condorcanqui',1),('0105','01','Luya',1),('0106','01','Rodríguez de Mendoza',1),('0107','01','Utcubamba',1),('0201','02','Huaraz',1),('0202','02','Aija',1),('0203','02','Antonio Raymondi',1),('0204','02','Asunción',1),('0205','02','Bolognesi',1),('0206','02','Carhuaz',1),('0207','02','Carlos Fermín Fitzcarrald',1),('0208','02','Casma',1),('0209','02','Corongo',1),('0210','02','Huari',1),('0211','02','Huarmey',1),('0212','02','Huaylas',1),('0213','02','Mariscal Luzuriaga',1),('0214','02','Ocros',1),('0215','02','Pallasca',1),('0216','02','Pomabamba',1),('0217','02','Recuay',1),('0218','02','Santa',1),('0219','02','Sihuas',1),('0220','02','Yungay',1),('0301','03','Abancay',1),('0302','03','Andahuaylas',1),('0303','03','Antabamba',1),('0304','03','Aymaraes',1),('0305','03','Cotabambas',1),('0306','03','Chincheros',1),('0307','03','Grau',1),('0401','04','Arequipa',1),('0402','04','Camaná',1),('0403','04','Caravelí',1),('0404','04','Castilla',1),('0405','04','Caylloma',1),('0406','04','Condesuyos',1),('0407','04','Islay',1),('0408','04','La Uniòn',1),('0501','05','Huamanga',1),('0502','05','Cangallo',1),('0503','05','Huanca Sancos',1),('0504','05','Huanta',1),('0505','05','La Mar',1),('0506','05','Lucanas',1),('0507','05','Parinacochas',1),('0508','05','Pàucar del Sara Sara',1),('0509','05','Sucre',1),('0510','05','Víctor Fajardo',1),('0511','05','Vilcas Huamán',1),('0601','06','Cajamarca',1),('0602','06','Cajabamba',1),('0603','06','Celendín',1),('0604','06','Chota',1),('0605','06','Contumazá',1),('0606','06','Cutervo',1),('0607','06','Hualgayoc',1),('0608','06','Jaén',1),('0609','06','San Ignacio',1),('0610','06','San Marcos',1),('0611','06','San Miguel',1),('0612','06','San Pablo',1),('0613','06','Santa Cruz',1),('0701','07','Prov. Const. del Callao',1),('0801','08','Cusco',1),('0802','08','Acomayo',1),('0803','08','Anta',1),('0804','08','Calca',1),('0805','08','Canas',1),('0806','08','Canchis',1),('0807','08','Chumbivilcas',1),('0808','08','Espinar',1),('0809','08','La Convención',1),('0810','08','Paruro',1),('0811','08','Paucartambo',1),('0812','08','Quispicanchi',1),('0813','08','Urubamba',1),('0901','09','Huancavelica',1),('0902','09','Acobamba',1),('0903','09','Angaraes',1),('0904','09','Castrovirreyna',1),('0905','09','Churcampa',1),('0906','09','Huaytará',1),('0907','09','Tayacaja',1),('1001','10','Huánuco',1),('1002','10','Ambo',1),('1003','10','Dos de Mayo',1),('1004','10','Huacaybamba',1),('1005','10','Huamalíes',1),('1006','10','Leoncio Prado',1),('1007','10','Marañón',1),('1008','10','Pachitea',1),('1009','10','Puerto Inca',1),('1010','10','Lauricocha',1),('1011','10','Yarowilca',1),('1101','11','Ica',1),('1102','11','Chincha',1),('1103','11','Nasca',1),('1104','11','Palpa',1),('1105','11','Pisco',1),('1201','12','Huancayo',1),('1202','12','Concepción',1),('1203','12','Chanchamayo',1),('1204','12','Jauja',1),('1205','12','Junín',1),('1206','12','Satipo',1),('1207','12','Tarma',1),('1208','12','Yauli',1),('1209','12','Chupaca',1),('1301','13','Trujillo',1),('1302','13','Ascope',1),('1303','13','Bolívar',1),('1304','13','Chepén',1),('1305','13','Julcán',1),('1306','13','Otuzco',1),('1307','13','Pacasmayo',1),('1308','13','Pataz',1),('1309','13','Sánchez Carrión',1),('1310','13','Santiago de Chuco',1),('1311','13','Gran Chimú',1),('1312','13','Virú',1),('1401','14','Chiclayo',1),('1402','14','Ferreñafe',1),('1403','14','Lambayeque',1),('1501','15','Lima',1),('1502','15','Barranca',1),('1503','15','Cajatambo',1),('1504','15','Canta',1),('1505','15','Cañete',1),('1506','15','Huaral',1),('1507','15','Huarochirí',1),('1508','15','Huaura',1),('1509','15','Oyón',1),('1510','15','Yauyos',1),('1601','16','Maynas',1),('1602','16','Alto Amazonas',1),('1603','16','Loreto',1),('1604','16','Mariscal Ramón Castilla',1),('1605','16','Requena',1),('1606','16','Ucayali',1),('1607','16','Datem del Marañón',1),('1608','16','Putumayo',1),('1701','17','Tambopata',1),('1702','17','Manu',1),('1703','17','Tahuamanu',1),('1801','18','Mariscal Nieto',1),('1802','18','General Sánchez Cerro',1),('1803','18','Ilo',1),('1901','19','Pasco',1),('1902','19','Daniel Alcides Carrión',1),('1903','19','Oxapampa',1),('2001','20','Piura',1),('2002','20','Ayabaca',1),('2003','20','Huancabamba',1),('2004','20','Morropón',1),('2005','20','Paita',1),('2006','20','Sullana',1),('2007','20','Talara',1),('2008','20','Sechura',1),('2101','21','Puno',1),('2102','21','Azángaro',1),('2103','21','Carabaya',1),('2104','21','Chucuito',1),('2105','21','El Collao',1),('2106','21','Huancané',1),('2107','21','Lampa',1),('2108','21','Melgar',1),('2109','21','Moho',1),('2110','21','San Antonio de Putina',1),('2111','21','San Román',1),('2112','21','Sandia',1),('2113','21','Yunguyo',1),('2201','22','Moyobamba',1),('2202','22','Bellavista',1),('2203','22','El Dorado',1),('2204','22','Huallaga',1),('2205','22','Lamas',1),('2206','22','Mariscal Cáceres',1),('2207','22','Picota',1),('2208','22','Rioja',1),('2209','22','San Martín',1),('2210','22','Tocache',1),('2301','23','Tacna',1),('2302','23','Candarave',1),('2303','23','Jorge Basadre',1),('2304','23','Tarata',1),('2401','24','Tumbes',1),('2402','24','Contralmirante Villar',1),('2403','24','Zarumilla',1),('2501','25','Coronel Portillo',1),('2502','25','Atalaya',1),('2503','25','Padre Abad',1),('2504','25','Purús',1);
COMMIT;

-- Dumped table `provinces` with 196 row(s)
--

--
-- Table structure for table `purchases`
--

CREATE TABLE `purchases` (
  `id` int(10) unsigned NOT NULL AUTO_INCREMENT,
  `user_id` int(10) unsigned NOT NULL,
  `external_id` char(36) NOT NULL,
  `xml_fingerprint_sha256` char(64) DEFAULT NULL,
  `establishment_id` int(10) unsigned NOT NULL,
  `soap_type_id` char(2) NOT NULL,
  `state_type_id` char(2) NOT NULL,
  `group_id` char(2) NOT NULL,
  `document_type_id` varchar(255) NOT NULL,
  `series` char(4) NOT NULL,
  `number` int(11) NOT NULL,
  `date_of_issue` date NOT NULL,
  `date_of_due` date DEFAULT NULL,
  `time_of_issue` time NOT NULL,
  `supplier_id` int(10) unsigned NOT NULL,
  `supplier` longtext CHARACTER SET utf8mb4 COLLATE utf8mb4_bin NOT NULL,
  `purchase_order_id` int(10) unsigned DEFAULT NULL,
  `currency_type_id` varchar(255) NOT NULL,
  `payment_condition_id` varchar(255) DEFAULT NULL,
  `observation` text DEFAULT NULL,
  `exchange_rate_sale` decimal(13,3) NOT NULL,
  `total_prepayment` decimal(12,2) NOT NULL DEFAULT 0.00,
  `total_charge` decimal(12,2) NOT NULL DEFAULT 0.00,
  `total_discount` decimal(12,2) NOT NULL DEFAULT 0.00,
  `total_exportation` decimal(12,2) NOT NULL DEFAULT 0.00,
  `total_free` decimal(12,2) NOT NULL DEFAULT 0.00,
  `total_taxed` decimal(12,2) NOT NULL DEFAULT 0.00,
  `total_unaffected` decimal(12,2) NOT NULL DEFAULT 0.00,
  `total_exonerated` decimal(12,2) NOT NULL DEFAULT 0.00,
  `total_igv` decimal(12,2) NOT NULL DEFAULT 0.00,
  `total_base_isc` decimal(12,2) NOT NULL DEFAULT 0.00,
  `total_isc` decimal(12,2) NOT NULL DEFAULT 0.00,
  `total_base_other_taxes` decimal(12,2) NOT NULL DEFAULT 0.00,
  `total_other_taxes` decimal(12,2) NOT NULL DEFAULT 0.00,
  `total_plastic_bag_taxes` decimal(6,2) NOT NULL DEFAULT 0.00,
  `total_taxes` decimal(12,2) NOT NULL DEFAULT 0.00,
  `total_value` decimal(12,2) NOT NULL DEFAULT 0.00,
  `total` decimal(12,2) NOT NULL,
  `filename` varchar(255) DEFAULT NULL,
  `total_canceled` tinyint(1) NOT NULL DEFAULT 0,
  `customer_id` int(10) unsigned DEFAULT NULL,
  `perception_date` date DEFAULT NULL,
  `perception_number` int(11) DEFAULT NULL,
  `total_perception` decimal(12,2) DEFAULT NULL,
  `charges` longtext CHARACTER SET utf8mb4 COLLATE utf8mb4_bin DEFAULT NULL,
  `discounts` longtext CHARACTER SET utf8mb4 COLLATE utf8mb4_bin DEFAULT NULL,
  `prepayments` longtext CHARACTER SET utf8mb4 COLLATE utf8mb4_bin DEFAULT NULL,
  `guides` longtext CHARACTER SET utf8mb4 COLLATE utf8mb4_bin DEFAULT NULL,
  `related` longtext CHARACTER SET utf8mb4 COLLATE utf8mb4_bin DEFAULT NULL,
  `perception` longtext CHARACTER SET utf8mb4 COLLATE utf8mb4_bin DEFAULT NULL,
  `detraction` longtext CHARACTER SET utf8mb4 COLLATE utf8mb4_bin DEFAULT NULL,
  `legends` longtext CHARACTER SET utf8mb4 COLLATE utf8mb4_bin DEFAULT NULL,
  `created_at` timestamp NULL DEFAULT NULL,
  `updated_at` timestamp NULL DEFAULT NULL,
  `deleted_at` timestamp NULL DEFAULT NULL,
  PRIMARY KEY (`id`),
  UNIQUE KEY `purchases_xml_fingerprint_unique` (`xml_fingerprint_sha256`),
  KEY `purchases_user_id_foreign` (`user_id`),
  KEY `purchases_establishment_id_foreign` (`establishment_id`),
  KEY `purchases_supplier_id_foreign` (`supplier_id`),
  KEY `purchases_soap_type_id_foreign` (`soap_type_id`),
  KEY `purchases_state_type_id_foreign` (`state_type_id`),
  KEY `purchases_group_id_foreign` (`group_id`),
  KEY `purchases_document_type_id_foreign` (`document_type_id`),
  KEY `purchases_currency_type_id_foreign` (`currency_type_id`),
  KEY `purchases_purchase_order_id_foreign` (`purchase_order_id`),
  KEY `purchases_customer_id_foreign` (`customer_id`),
  KEY `purchases_payment_condition_id_foreign` (`payment_condition_id`),
  KEY `purchases_supplier_document_series_number_idx` (`supplier_id`,`document_type_id`,`series`,`number`),
  CONSTRAINT `purchases_currency_type_id_foreign` FOREIGN KEY (`currency_type_id`) REFERENCES `cat_currency_types` (`id`),
  CONSTRAINT `purchases_customer_id_foreign` FOREIGN KEY (`customer_id`) REFERENCES `persons` (`id`),
  CONSTRAINT `purchases_document_type_id_foreign` FOREIGN KEY (`document_type_id`) REFERENCES `cat_document_types` (`id`),
  CONSTRAINT `purchases_establishment_id_foreign` FOREIGN KEY (`establishment_id`) REFERENCES `establishments` (`id`),
  CONSTRAINT `purchases_group_id_foreign` FOREIGN KEY (`group_id`) REFERENCES `groups` (`id`),
  CONSTRAINT `purchases_payment_condition_id_foreign` FOREIGN KEY (`payment_condition_id`) REFERENCES `general_payment_conditions` (`id`),
  CONSTRAINT `purchases_purchase_order_id_foreign` FOREIGN KEY (`purchase_order_id`) REFERENCES `purchase_orders` (`id`),
  CONSTRAINT `purchases_soap_type_id_foreign` FOREIGN KEY (`soap_type_id`) REFERENCES `soap_types` (`id`),
  CONSTRAINT `purchases_state_type_id_foreign` FOREIGN KEY (`state_type_id`) REFERENCES `state_types` (`id`),
  CONSTRAINT `purchases_supplier_id_foreign` FOREIGN KEY (`supplier_id`) REFERENCES `persons` (`id`),
  CONSTRAINT `purchases_user_id_foreign` FOREIGN KEY (`user_id`) REFERENCES `users` (`id`)
) ENGINE=InnoDB DEFAULT CHARSET=utf8mb4 COLLATE=utf8mb4_unicode_ci;

--
-- Dumping data for table `purchases`
--

SET autocommit=0;
COMMIT;

-- Dumped table `purchases` with 0 row(s)
--

--
-- Table structure for table `purchase_fee`
--

CREATE TABLE `purchase_fee` (
  `id` int(10) unsigned NOT NULL AUTO_INCREMENT,
  `purchase_id` int(10) unsigned NOT NULL,
  `date` date NOT NULL,
  `currency_type_id` varchar(255) NOT NULL,
  `amount` decimal(12,2) NOT NULL,
  `payment_method_type_id` char(2) DEFAULT NULL,
  PRIMARY KEY (`id`),
  KEY `purchase_fee_purchase_id_foreign` (`purchase_id`),
  KEY `purchase_fee_currency_type_id_foreign` (`currency_type_id`),
  KEY `purchase_fee_payment_method_type_id_foreign` (`payment_method_type_id`),
  CONSTRAINT `purchase_fee_currency_type_id_foreign` FOREIGN KEY (`currency_type_id`) REFERENCES `cat_currency_types` (`id`),
  CONSTRAINT `purchase_fee_payment_method_type_id_foreign` FOREIGN KEY (`payment_method_type_id`) REFERENCES `payment_method_types` (`id`),
  CONSTRAINT `purchase_fee_purchase_id_foreign` FOREIGN KEY (`purchase_id`) REFERENCES `purchases` (`id`) ON DELETE CASCADE
) ENGINE=InnoDB DEFAULT CHARSET=utf8mb4 COLLATE=utf8mb4_unicode_ci;

--
-- Dumping data for table `purchase_fee`
--

SET autocommit=0;
COMMIT;

-- Dumped table `purchase_fee` with 0 row(s)
--

--
-- Table structure for table `purchase_items`
--

CREATE TABLE `purchase_items` (
  `id` int(10) unsigned NOT NULL AUTO_INCREMENT,
  `purchase_id` int(10) unsigned NOT NULL,
  `item_id` int(10) unsigned NOT NULL,
  `item` longtext CHARACTER SET utf8mb4 COLLATE utf8mb4_bin NOT NULL,
  `item_lot_group_id` int(10) unsigned DEFAULT NULL,
  `lot_code` varchar(255) DEFAULT NULL,
  `quantity` decimal(12,4) NOT NULL,
  `unit_value` decimal(16,6) NOT NULL,
  `date_of_due` date DEFAULT NULL,
  `affectation_igv_type_id` varchar(255) NOT NULL,
  `total_base_igv` decimal(12,4) NOT NULL,
  `percentage_igv` decimal(12,4) NOT NULL,
  `total_igv` decimal(12,4) NOT NULL,
  `system_isc_type_id` varchar(255) DEFAULT NULL,
  `total_base_isc` decimal(12,4) NOT NULL DEFAULT 0.0000,
  `percentage_isc` decimal(12,4) NOT NULL DEFAULT 0.0000,
  `total_isc` decimal(12,4) NOT NULL DEFAULT 0.0000,
  `total_base_other_taxes` decimal(12,4) NOT NULL DEFAULT 0.0000,
  `percentage_other_taxes` decimal(12,4) NOT NULL DEFAULT 0.0000,
  `total_other_taxes` decimal(12,4) NOT NULL DEFAULT 0.0000,
  `total_taxes` decimal(12,4) NOT NULL,
  `price_type_id` varchar(255) NOT NULL,
  `unit_price` decimal(16,6) NOT NULL,
  `total_value` decimal(12,4) NOT NULL,
  `total_charge` decimal(12,4) NOT NULL DEFAULT 0.0000,
  `total_discount` decimal(12,4) NOT NULL DEFAULT 0.0000,
  `total` decimal(12,4) NOT NULL,
  `attributes` longtext CHARACTER SET utf8mb4 COLLATE utf8mb4_bin DEFAULT NULL,
  `discounts` longtext CHARACTER SET utf8mb4 COLLATE utf8mb4_bin DEFAULT NULL,
  `charges` longtext CHARACTER SET utf8mb4 COLLATE utf8mb4_bin DEFAULT NULL,
  `warehouse_id` int(10) unsigned DEFAULT NULL,
  `name_product_pdf` longtext DEFAULT NULL,
  PRIMARY KEY (`id`),
  KEY `purchase_items_purchase_id_foreign` (`purchase_id`),
  KEY `purchase_items_item_id_foreign` (`item_id`),
  KEY `purchase_items_affectation_igv_type_id_foreign` (`affectation_igv_type_id`),
  KEY `purchase_items_system_isc_type_id_foreign` (`system_isc_type_id`),
  KEY `purchase_items_price_type_id_foreign` (`price_type_id`),
  KEY `purchase_items_warehouse_id_foreign` (`warehouse_id`),
  KEY `purchase_items_item_lot_group_id_index` (`item_lot_group_id`),
  CONSTRAINT `purchase_items_affectation_igv_type_id_foreign` FOREIGN KEY (`affectation_igv_type_id`) REFERENCES `cat_affectation_igv_types` (`id`),
  CONSTRAINT `purchase_items_item_id_foreign` FOREIGN KEY (`item_id`) REFERENCES `items` (`id`),
  CONSTRAINT `purchase_items_price_type_id_foreign` FOREIGN KEY (`price_type_id`) REFERENCES `cat_price_types` (`id`),
  CONSTRAINT `purchase_items_purchase_id_foreign` FOREIGN KEY (`purchase_id`) REFERENCES `purchases` (`id`) ON DELETE CASCADE,
  CONSTRAINT `purchase_items_system_isc_type_id_foreign` FOREIGN KEY (`system_isc_type_id`) REFERENCES `cat_system_isc_types` (`id`),
  CONSTRAINT `purchase_items_warehouse_id_foreign` FOREIGN KEY (`warehouse_id`) REFERENCES `warehouses` (`id`)
) ENGINE=InnoDB DEFAULT CHARSET=utf8mb4 COLLATE=utf8mb4_unicode_ci;

--
-- Dumping data for table `purchase_items`
--

SET autocommit=0;
COMMIT;

-- Dumped table `purchase_items` with 0 row(s)
--

--
-- Table structure for table `purchase_orders`
--

CREATE TABLE `purchase_orders` (
  `id` int(10) unsigned NOT NULL AUTO_INCREMENT,
  `user_id` int(10) unsigned NOT NULL,
  `external_id` char(36) NOT NULL,
  `establishment_id` int(10) unsigned NOT NULL,
  `soap_type_id` char(2) NOT NULL,
  `state_type_id` char(2) NOT NULL,
  `prefix` varchar(255) NOT NULL DEFAULT 'OC',
  `date_of_issue` date NOT NULL,
  `date_of_due` date DEFAULT NULL,
  `time_of_issue` time NOT NULL,
  `supplier_id` int(10) unsigned NOT NULL,
  `supplier` longtext CHARACTER SET utf8mb4 COLLATE utf8mb4_bin NOT NULL,
  `currency_type_id` varchar(255) NOT NULL,
  `exchange_rate_sale` decimal(13,3) NOT NULL,
  `total_prepayment` decimal(12,4) NOT NULL DEFAULT 0.0000,
  `total_charge` decimal(12,4) NOT NULL DEFAULT 0.0000,
  `total_discount` decimal(12,4) NOT NULL DEFAULT 0.0000,
  `total_exportation` decimal(12,4) NOT NULL DEFAULT 0.0000,
  `total_free` decimal(12,2) NOT NULL DEFAULT 0.00,
  `total_taxed` decimal(12,4) NOT NULL DEFAULT 0.0000,
  `total_unaffected` decimal(12,4) NOT NULL DEFAULT 0.0000,
  `total_exonerated` decimal(12,4) NOT NULL DEFAULT 0.0000,
  `total_igv` decimal(12,4) NOT NULL DEFAULT 0.0000,
  `total_base_isc` decimal(12,4) NOT NULL DEFAULT 0.0000,
  `total_isc` decimal(12,4) NOT NULL DEFAULT 0.0000,
  `total_base_other_taxes` decimal(12,4) NOT NULL DEFAULT 0.0000,
  `total_other_taxes` decimal(12,4) NOT NULL DEFAULT 0.0000,
  `total_taxes` decimal(12,4) NOT NULL DEFAULT 0.0000,
  `total_value` decimal(12,4) NOT NULL DEFAULT 0.0000,
  `total` decimal(12,4) NOT NULL,
  `filename` varchar(255) DEFAULT NULL,
  `upload_filename` varchar(255) DEFAULT NULL,
  `purchase_quotation_id` int(10) unsigned DEFAULT NULL,
  `sale_opportunity_id` int(10) unsigned DEFAULT NULL,
  `payment_method_type_id` char(2) NOT NULL,
  `created_at` timestamp NULL DEFAULT NULL,
  `updated_at` timestamp NULL DEFAULT NULL,
  PRIMARY KEY (`id`),
  KEY `purchase_orders_purchase_quotation_id_foreign` (`purchase_quotation_id`),
  KEY `purchase_orders_user_id_foreign` (`user_id`),
  KEY `purchase_orders_establishment_id_foreign` (`establishment_id`),
  KEY `purchase_orders_supplier_id_foreign` (`supplier_id`),
  KEY `purchase_orders_soap_type_id_foreign` (`soap_type_id`),
  KEY `purchase_orders_state_type_id_foreign` (`state_type_id`),
  KEY `purchase_orders_currency_type_id_foreign` (`currency_type_id`),
  KEY `purchase_orders_payment_method_type_id_foreign` (`payment_method_type_id`),
  KEY `purchase_orders_sale_opportunity_id_foreign` (`sale_opportunity_id`),
  CONSTRAINT `purchase_orders_currency_type_id_foreign` FOREIGN KEY (`currency_type_id`) REFERENCES `cat_currency_types` (`id`),
  CONSTRAINT `purchase_orders_establishment_id_foreign` FOREIGN KEY (`establishment_id`) REFERENCES `establishments` (`id`),
  CONSTRAINT `purchase_orders_payment_method_type_id_foreign` FOREIGN KEY (`payment_method_type_id`) REFERENCES `payment_method_types` (`id`),
  CONSTRAINT `purchase_orders_purchase_quotation_id_foreign` FOREIGN KEY (`purchase_quotation_id`) REFERENCES `purchase_quotations` (`id`),
  CONSTRAINT `purchase_orders_sale_opportunity_id_foreign` FOREIGN KEY (`sale_opportunity_id`) REFERENCES `sale_opportunities` (`id`),
  CONSTRAINT `purchase_orders_soap_type_id_foreign` FOREIGN KEY (`soap_type_id`) REFERENCES `soap_types` (`id`),
  CONSTRAINT `purchase_orders_state_type_id_foreign` FOREIGN KEY (`state_type_id`) REFERENCES `state_types` (`id`),
  CONSTRAINT `purchase_orders_supplier_id_foreign` FOREIGN KEY (`supplier_id`) REFERENCES `persons` (`id`),
  CONSTRAINT `purchase_orders_user_id_foreign` FOREIGN KEY (`user_id`) REFERENCES `users` (`id`)
) ENGINE=InnoDB DEFAULT CHARSET=utf8mb4 COLLATE=utf8mb4_unicode_ci;

--
-- Dumping data for table `purchase_orders`
--

SET autocommit=0;
COMMIT;

-- Dumped table `purchase_orders` with 0 row(s)
--

--
-- Table structure for table `purchase_order_items`
--

CREATE TABLE `purchase_order_items` (
  `id` int(10) unsigned NOT NULL AUTO_INCREMENT,
  `purchase_order_id` int(10) unsigned NOT NULL,
  `item_id` int(10) unsigned NOT NULL,
  `item` longtext CHARACTER SET utf8mb4 COLLATE utf8mb4_bin NOT NULL,
  `quantity` int(11) NOT NULL,
  `unit_value` decimal(16,6) NOT NULL,
  `affectation_igv_type_id` varchar(255) NOT NULL,
  `total_base_igv` decimal(12,2) NOT NULL,
  `percentage_igv` decimal(12,2) NOT NULL,
  `total_igv` decimal(12,2) NOT NULL,
  `system_isc_type_id` varchar(255) DEFAULT NULL,
  `total_base_isc` decimal(12,2) NOT NULL DEFAULT 0.00,
  `percentage_isc` decimal(12,2) NOT NULL DEFAULT 0.00,
  `total_isc` decimal(12,2) NOT NULL DEFAULT 0.00,
  `total_base_other_taxes` decimal(12,2) NOT NULL DEFAULT 0.00,
  `percentage_other_taxes` decimal(12,2) NOT NULL DEFAULT 0.00,
  `total_other_taxes` decimal(12,2) NOT NULL DEFAULT 0.00,
  `total_taxes` decimal(12,2) NOT NULL,
  `price_type_id` varchar(255) NOT NULL,
  `unit_price` decimal(16,6) NOT NULL,
  `total_value` decimal(12,2) NOT NULL,
  `total_charge` decimal(12,2) NOT NULL DEFAULT 0.00,
  `total_discount` decimal(12,2) NOT NULL DEFAULT 0.00,
  `total` decimal(12,2) NOT NULL,
  `attributes` longtext CHARACTER SET utf8mb4 COLLATE utf8mb4_bin DEFAULT NULL,
  `discounts` longtext CHARACTER SET utf8mb4 COLLATE utf8mb4_bin DEFAULT NULL,
  `charges` longtext CHARACTER SET utf8mb4 COLLATE utf8mb4_bin DEFAULT NULL,
  PRIMARY KEY (`id`),
  KEY `purchase_order_items_purchase_order_id_foreign` (`purchase_order_id`),
  KEY `purchase_order_items_item_id_foreign` (`item_id`),
  KEY `purchase_order_items_affectation_igv_type_id_foreign` (`affectation_igv_type_id`),
  KEY `purchase_order_items_system_isc_type_id_foreign` (`system_isc_type_id`),
  KEY `purchase_order_items_price_type_id_foreign` (`price_type_id`),
  CONSTRAINT `purchase_order_items_affectation_igv_type_id_foreign` FOREIGN KEY (`affectation_igv_type_id`) REFERENCES `cat_affectation_igv_types` (`id`),
  CONSTRAINT `purchase_order_items_item_id_foreign` FOREIGN KEY (`item_id`) REFERENCES `items` (`id`),
  CONSTRAINT `purchase_order_items_price_type_id_foreign` FOREIGN KEY (`price_type_id`) REFERENCES `cat_price_types` (`id`),
  CONSTRAINT `purchase_order_items_purchase_order_id_foreign` FOREIGN KEY (`purchase_order_id`) REFERENCES `purchase_orders` (`id`) ON DELETE CASCADE,
  CONSTRAINT `purchase_order_items_system_isc_type_id_foreign` FOREIGN KEY (`system_isc_type_id`) REFERENCES `cat_system_isc_types` (`id`)
) ENGINE=InnoDB DEFAULT CHARSET=utf8mb4 COLLATE=utf8mb4_unicode_ci;

--
-- Dumping data for table `purchase_order_items`
--

SET autocommit=0;
COMMIT;

-- Dumped table `purchase_order_items` with 0 row(s)
--

--
-- Table structure for table `purchase_payments`
--

CREATE TABLE `purchase_payments` (
  `id` int(10) unsigned NOT NULL AUTO_INCREMENT,
  `purchase_id` int(10) unsigned NOT NULL,
  `date_of_payment` date NOT NULL,
  `payment_method_type_id` char(2) NOT NULL,
  `has_card` tinyint(1) NOT NULL DEFAULT 0,
  `card_brand_id` char(2) DEFAULT NULL,
  `reference` varchar(255) DEFAULT NULL,
  `payment` decimal(12,2) NOT NULL,
  PRIMARY KEY (`id`),
  KEY `purchase_payments_purchase_id_foreign` (`purchase_id`),
  KEY `purchase_payments_card_brand_id_foreign` (`card_brand_id`),
  KEY `purchase_payments_payment_method_type_id_foreign` (`payment_method_type_id`),
  KEY `purchase_payments_date_of_payment_index` (`date_of_payment`),
  CONSTRAINT `purchase_payments_card_brand_id_foreign` FOREIGN KEY (`card_brand_id`) REFERENCES `card_brands` (`id`),
  CONSTRAINT `purchase_payments_payment_method_type_id_foreign` FOREIGN KEY (`payment_method_type_id`) REFERENCES `payment_method_types` (`id`),
  CONSTRAINT `purchase_payments_purchase_id_foreign` FOREIGN KEY (`purchase_id`) REFERENCES `purchases` (`id`) ON DELETE CASCADE
) ENGINE=InnoDB DEFAULT CHARSET=utf8mb4 COLLATE=utf8mb4_unicode_ci;

--
-- Dumping data for table `purchase_payments`
--

SET autocommit=0;
COMMIT;

-- Dumped table `purchase_payments` with 0 row(s)
--

--
-- Table structure for table `purchase_quotations`
--

CREATE TABLE `purchase_quotations` (
  `id` int(10) unsigned NOT NULL AUTO_INCREMENT,
  `user_id` int(10) unsigned NOT NULL,
  `external_id` char(36) NOT NULL,
  `establishment_id` int(10) unsigned NOT NULL,
  `establishment` longtext CHARACTER SET utf8mb4 COLLATE utf8mb4_bin NOT NULL,
  `soap_type_id` char(2) NOT NULL,
  `state_type_id` char(2) NOT NULL,
  `prefix` varchar(255) NOT NULL,
  `date_of_issue` date NOT NULL,
  `time_of_issue` time NOT NULL,
  `suppliers` longtext CHARACTER SET utf8mb4 COLLATE utf8mb4_bin NOT NULL,
  `filename` varchar(255) DEFAULT NULL,
  `created_at` timestamp NULL DEFAULT NULL,
  `updated_at` timestamp NULL DEFAULT NULL,
  PRIMARY KEY (`id`),
  KEY `purchase_quotations_user_id_foreign` (`user_id`),
  KEY `purchase_quotations_establishment_id_foreign` (`establishment_id`),
  KEY `purchase_quotations_soap_type_id_foreign` (`soap_type_id`),
  KEY `purchase_quotations_state_type_id_foreign` (`state_type_id`),
  CONSTRAINT `purchase_quotations_establishment_id_foreign` FOREIGN KEY (`establishment_id`) REFERENCES `establishments` (`id`),
  CONSTRAINT `purchase_quotations_soap_type_id_foreign` FOREIGN KEY (`soap_type_id`) REFERENCES `soap_types` (`id`),
  CONSTRAINT `purchase_quotations_state_type_id_foreign` FOREIGN KEY (`state_type_id`) REFERENCES `state_types` (`id`),
  CONSTRAINT `purchase_quotations_user_id_foreign` FOREIGN KEY (`user_id`) REFERENCES `users` (`id`)
) ENGINE=InnoDB DEFAULT CHARSET=utf8mb4 COLLATE=utf8mb4_unicode_ci;

--
-- Dumping data for table `purchase_quotations`
--

SET autocommit=0;
COMMIT;

-- Dumped table `purchase_quotations` with 0 row(s)
--

--
-- Table structure for table `purchase_quotation_items`
--

CREATE TABLE `purchase_quotation_items` (
  `id` int(10) unsigned NOT NULL AUTO_INCREMENT,
  `purchase_quotation_id` int(10) unsigned NOT NULL,
  `item_id` int(10) unsigned NOT NULL,
  `item` longtext CHARACTER SET utf8mb4 COLLATE utf8mb4_bin NOT NULL,
  `quantity` decimal(12,4) NOT NULL,
  PRIMARY KEY (`id`),
  KEY `purchase_quotation_items_purchase_quotation_id_foreign` (`purchase_quotation_id`),
  KEY `purchase_quotation_items_item_id_foreign` (`item_id`),
  CONSTRAINT `purchase_quotation_items_item_id_foreign` FOREIGN KEY (`item_id`) REFERENCES `items` (`id`),
  CONSTRAINT `purchase_quotation_items_purchase_quotation_id_foreign` FOREIGN KEY (`purchase_quotation_id`) REFERENCES `purchase_quotations` (`id`) ON DELETE CASCADE
) ENGINE=InnoDB DEFAULT CHARSET=utf8mb4 COLLATE=utf8mb4_unicode_ci;

--
-- Dumping data for table `purchase_quotation_items`
--

SET autocommit=0;
COMMIT;

-- Dumped table `purchase_quotation_items` with 0 row(s)
--

--
-- Table structure for table `purchase_settlements`
--

SET autocommit=0;
COMMIT;

-- Dumped table `purchase_settlements` with 0 row(s)
--

--
-- Table structure for table `purchase_settlement_items`
--

CREATE TABLE `purchase_settlement_items` (
  `id` int(10) unsigned NOT NULL AUTO_INCREMENT,
  `purchase_settlement_id` int(10) unsigned NOT NULL,
  `item_id` int(10) unsigned NOT NULL,
  `item` longtext CHARACTER SET utf8mb4 COLLATE utf8mb4_bin NOT NULL,
  `quantity` decimal(12,2) NOT NULL,
  `unit_value` decimal(12,2) NOT NULL,
  `affectation_igv_type_id` varchar(255) NOT NULL,
  `total_base_igv` decimal(12,2) NOT NULL,
  `percentage_igv` decimal(12,2) NOT NULL,
  `total_igv` decimal(12,2) NOT NULL,
  `total_taxes` decimal(12,2) NOT NULL,
  `price_type_id` varchar(255) NOT NULL,
  `unit_price` decimal(12,2) NOT NULL,
  `total_value` decimal(12,2) NOT NULL,
  `total` decimal(12,2) NOT NULL,
  `income_tax_affectation_igv_type_id` varchar(255) DEFAULT NULL,
  `income_retention_percentage` decimal(12,2) NOT NULL DEFAULT 0.00,
  `income_retention_amount` decimal(12,2) NOT NULL DEFAULT 0.00,
  PRIMARY KEY (`id`),
  KEY `purchase_settlement_items_purchase_settlement_id_foreign` (`purchase_settlement_id`),
  KEY `purchase_settlement_items_item_id_foreign` (`item_id`),
  KEY `p_s_i_income_tax_affectation_igv_type_id_fk` (`income_tax_affectation_igv_type_id`),
  KEY `purchase_settlement_items_affectation_igv_type_id_foreign` (`affectation_igv_type_id`),
  KEY `purchase_settlement_items_price_type_id_foreign` (`price_type_id`),
  CONSTRAINT `p_s_i_income_tax_affectation_igv_type_id_fk` FOREIGN KEY (`income_tax_affectation_igv_type_id`) REFERENCES `cat_affectation_igv_types` (`id`),
  CONSTRAINT `purchase_settlement_items_affectation_igv_type_id_foreign` FOREIGN KEY (`affectation_igv_type_id`) REFERENCES `cat_affectation_igv_types` (`id`),
  CONSTRAINT `purchase_settlement_items_item_id_foreign` FOREIGN KEY (`item_id`) REFERENCES `items` (`id`),
  CONSTRAINT `purchase_settlement_items_price_type_id_foreign` FOREIGN KEY (`price_type_id`) REFERENCES `cat_price_types` (`id`),
  CONSTRAINT `purchase_settlement_items_purchase_settlement_id_foreign` FOREIGN KEY (`purchase_settlement_id`) REFERENCES `purchase_settlements` (`id`) ON DELETE CASCADE
) ENGINE=InnoDB DEFAULT CHARSET=utf8mb4 COLLATE=utf8mb4_unicode_ci;

--
-- Dumping data for table `purchase_settlement_items`
--

SET autocommit=0;
COMMIT;

-- Dumped table `purchase_settlement_items` with 0 row(s)
--

--
-- Table structure for table `purchase_settlement_payments`
--

CREATE TABLE `purchase_settlement_payments` (
  `id` int(10) unsigned NOT NULL AUTO_INCREMENT,
  `purchase_settlement_id` int(10) unsigned NOT NULL,
  `date_of_payment` date NOT NULL,
  `payment_method_type_id` char(2) NOT NULL,
  `reference` varchar(255) DEFAULT NULL,
  `change` decimal(12,2) NOT NULL DEFAULT 0.00,
  `payment` decimal(12,2) NOT NULL,
  PRIMARY KEY (`id`),
  KEY `purchase_settlement_payments_purchase_settlement_id_foreign` (`purchase_settlement_id`),
  KEY `purchase_settlement_payments_payment_method_type_id_foreign` (`payment_method_type_id`),
  CONSTRAINT `purchase_settlement_payments_payment_method_type_id_foreign` FOREIGN KEY (`payment_method_type_id`) REFERENCES `payment_method_types` (`id`),
  CONSTRAINT `purchase_settlement_payments_purchase_settlement_id_foreign` FOREIGN KEY (`purchase_settlement_id`) REFERENCES `purchase_settlements` (`id`) ON DELETE CASCADE
) ENGINE=InnoDB DEFAULT CHARSET=utf8mb4 COLLATE=utf8mb4_unicode_ci;

--
-- Dumping data for table `purchase_settlement_payments`
--

SET autocommit=0;
COMMIT;

-- Dumped table `purchase_settlement_payments` with 0 row(s)
--

--
-- Table structure for table `purchase_xml_imports`
--

CREATE TABLE `purchase_xml_imports` (
  `id` int(10) unsigned NOT NULL AUTO_INCREMENT,
  `import_id` char(36) NOT NULL,
  `created_by` int(10) unsigned DEFAULT NULL,
  `status` varchar(20) NOT NULL DEFAULT 'previewed',
  `supplier_id` int(10) unsigned DEFAULT NULL,
  `supplier_ruc` varchar(15) DEFAULT NULL,
  `document_type_id` varchar(2) DEFAULT NULL,
  `series` varchar(20) DEFAULT NULL,
  `number` varchar(20) DEFAULT NULL,
  `xml_fingerprint_sha256` char(64) NOT NULL,
  `payload` longtext CHARACTER SET utf8mb4 COLLATE utf8mb4_bin NOT NULL CHECK (json_valid(`payload`)),
  `issues` longtext CHARACTER SET utf8mb4 COLLATE utf8mb4_bin DEFAULT NULL CHECK (json_valid(`issues`)),
  `resolutions` longtext CHARACTER SET utf8mb4 COLLATE utf8mb4_bin DEFAULT NULL CHECK (json_valid(`resolutions`)),
  `confirmed_purchase_id` int(10) unsigned DEFAULT NULL,
  `confirmed_at` timestamp NULL DEFAULT NULL,
  `created_at` timestamp NULL DEFAULT NULL,
  `updated_at` timestamp NULL DEFAULT NULL,
  PRIMARY KEY (`id`),
  UNIQUE KEY `purchase_xml_imports_import_id_unique` (`import_id`),
  KEY `purchase_xml_imports_created_by_foreign` (`created_by`),
  KEY `purchase_xml_imports_supplier_id_foreign` (`supplier_id`),
  KEY `purchase_xml_imports_confirmed_purchase_id_foreign` (`confirmed_purchase_id`),
  KEY `purchase_xml_imports_status_index` (`status`),
  KEY `purchase_xml_imports_fingerprint_idx` (`xml_fingerprint_sha256`),
  CONSTRAINT `purchase_xml_imports_confirmed_purchase_id_foreign` FOREIGN KEY (`confirmed_purchase_id`) REFERENCES `purchases` (`id`),
  CONSTRAINT `purchase_xml_imports_created_by_foreign` FOREIGN KEY (`created_by`) REFERENCES `users` (`id`),
  CONSTRAINT `purchase_xml_imports_supplier_id_foreign` FOREIGN KEY (`supplier_id`) REFERENCES `persons` (`id`)
) ENGINE=InnoDB DEFAULT CHARSET=utf8mb4 COLLATE=utf8mb4_unicode_ci;

--
-- Dumping data for table `purchase_xml_imports`
--

SET autocommit=0;
COMMIT;

-- Dumped table `purchase_xml_imports` with 0 row(s)
--

--
-- Table structure for table `quotations`
--

CREATE TABLE `quotations` (
  `id` int(10) unsigned NOT NULL AUTO_INCREMENT,
  `user_id` int(10) unsigned NOT NULL,
  `seller_id` int(10) unsigned DEFAULT NULL,
  `external_id` char(36) NOT NULL,
  `establishment_id` int(10) unsigned NOT NULL,
  `establishment` longtext CHARACTER SET utf8mb4 COLLATE utf8mb4_bin NOT NULL,
  `soap_type_id` char(2) NOT NULL,
  `state_type_id` char(2) NOT NULL,
  `prefix` char(3) NOT NULL,
  `date_of_issue` date NOT NULL,
  `time_of_issue` time NOT NULL,
  `date_of_due` varchar(255) DEFAULT NULL,
  `delivery_date` varchar(255) DEFAULT NULL,
  `customer_id` int(10) unsigned NOT NULL,
  `customer` longtext CHARACTER SET utf8mb4 COLLATE utf8mb4_bin NOT NULL,
  `shipping_address` text DEFAULT NULL,
  `currency_type_id` varchar(255) NOT NULL,
  `payment_method_type_id` char(2) DEFAULT NULL,
  `exchange_rate_sale` decimal(13,3) NOT NULL,
  `total_prepayment` decimal(12,2) NOT NULL DEFAULT 0.00,
  `total_charge` decimal(12,2) NOT NULL DEFAULT 0.00,
  `total_discount` decimal(12,2) NOT NULL DEFAULT 0.00,
  `total_exportation` decimal(12,2) NOT NULL DEFAULT 0.00,
  `total_free` decimal(12,2) NOT NULL DEFAULT 0.00,
  `total_taxed` decimal(12,2) NOT NULL DEFAULT 0.00,
  `total_unaffected` decimal(12,2) NOT NULL DEFAULT 0.00,
  `total_exonerated` decimal(12,2) NOT NULL DEFAULT 0.00,
  `total_igv` decimal(12,2) NOT NULL DEFAULT 0.00,
  `total_igv_free` decimal(12,2) NOT NULL DEFAULT 0.00,
  `total_base_isc` decimal(12,2) NOT NULL DEFAULT 0.00,
  `total_isc` decimal(12,2) NOT NULL DEFAULT 0.00,
  `total_base_other_taxes` decimal(12,2) NOT NULL DEFAULT 0.00,
  `total_other_taxes` decimal(12,2) NOT NULL DEFAULT 0.00,
  `total_taxes` decimal(12,2) NOT NULL DEFAULT 0.00,
  `total_value` decimal(12,2) NOT NULL DEFAULT 0.00,
  `subtotal` decimal(12,2) NOT NULL DEFAULT 0.00,
  `total` decimal(12,2) NOT NULL,
  `charges` longtext CHARACTER SET utf8mb4 COLLATE utf8mb4_bin DEFAULT NULL,
  `discounts` longtext CHARACTER SET utf8mb4 COLLATE utf8mb4_bin DEFAULT NULL,
  `prepayments` longtext CHARACTER SET utf8mb4 COLLATE utf8mb4_bin DEFAULT NULL,
  `guides` longtext CHARACTER SET utf8mb4 COLLATE utf8mb4_bin DEFAULT NULL,
  `related` longtext CHARACTER SET utf8mb4 COLLATE utf8mb4_bin DEFAULT NULL,
  `perception` longtext CHARACTER SET utf8mb4 COLLATE utf8mb4_bin DEFAULT NULL,
  `detraction` longtext CHARACTER SET utf8mb4 COLLATE utf8mb4_bin DEFAULT NULL,
  `legends` longtext CHARACTER SET utf8mb4 COLLATE utf8mb4_bin DEFAULT NULL,
  `filename` varchar(255) DEFAULT NULL,
  `terms_condition` text DEFAULT NULL,
  `referential_information` varchar(100) DEFAULT NULL,
  `account_number` varchar(255) DEFAULT NULL,
  `phone` varchar(255) DEFAULT NULL,
  `contact` varchar(255) DEFAULT NULL,
  `changed` tinyint(1) NOT NULL DEFAULT 0,
  `sale_opportunity_id` int(10) unsigned DEFAULT NULL,
  `created_at` timestamp NULL DEFAULT NULL,
  `updated_at` timestamp NULL DEFAULT NULL,
  `description` varchar(1000) DEFAULT NULL,
  PRIMARY KEY (`id`),
  KEY `quotations_user_id_foreign` (`user_id`),
  KEY `quotations_establishment_id_foreign` (`establishment_id`),
  KEY `quotations_customer_id_foreign` (`customer_id`),
  KEY `quotations_soap_type_id_foreign` (`soap_type_id`),
  KEY `quotations_state_type_id_foreign` (`state_type_id`),
  KEY `quotations_currency_type_id_foreign` (`currency_type_id`),
  KEY `quotations_payment_method_type_id_foreign` (`payment_method_type_id`),
  KEY `quotations_sale_opportunity_id_foreign` (`sale_opportunity_id`),
  CONSTRAINT `quotations_currency_type_id_foreign` FOREIGN KEY (`currency_type_id`) REFERENCES `cat_currency_types` (`id`),
  CONSTRAINT `quotations_customer_id_foreign` FOREIGN KEY (`customer_id`) REFERENCES `persons` (`id`),
  CONSTRAINT `quotations_establishment_id_foreign` FOREIGN KEY (`establishment_id`) REFERENCES `establishments` (`id`),
  CONSTRAINT `quotations_payment_method_type_id_foreign` FOREIGN KEY (`payment_method_type_id`) REFERENCES `payment_method_types` (`id`),
  CONSTRAINT `quotations_sale_opportunity_id_foreign` FOREIGN KEY (`sale_opportunity_id`) REFERENCES `sale_opportunities` (`id`),
  CONSTRAINT `quotations_soap_type_id_foreign` FOREIGN KEY (`soap_type_id`) REFERENCES `soap_types` (`id`),
  CONSTRAINT `quotations_state_type_id_foreign` FOREIGN KEY (`state_type_id`) REFERENCES `state_types` (`id`),
  CONSTRAINT `quotations_user_id_foreign` FOREIGN KEY (`user_id`) REFERENCES `users` (`id`)
) ENGINE=InnoDB DEFAULT CHARSET=utf8mb4 COLLATE=utf8mb4_unicode_ci;

--
-- Dumping data for table `quotations`
--

SET autocommit=0;
COMMIT;

-- Dumped table `quotations` with 0 row(s)
--

--
-- Table structure for table `quotation_items`
--

CREATE TABLE `quotation_items` (
  `id` int(10) unsigned NOT NULL AUTO_INCREMENT,
  `quotation_id` int(10) unsigned NOT NULL,
  `item_id` int(10) unsigned NOT NULL,
  `item` longtext CHARACTER SET utf8mb4 COLLATE utf8mb4_bin NOT NULL,
  `quantity` decimal(12,4) NOT NULL,
  `unit_value` decimal(16,6) NOT NULL,
  `affectation_igv_type_id` varchar(255) NOT NULL,
  `total_base_igv` decimal(12,2) NOT NULL,
  `percentage_igv` decimal(12,2) NOT NULL,
  `total_igv` decimal(12,2) NOT NULL,
  `system_isc_type_id` varchar(255) DEFAULT NULL,
  `total_base_isc` decimal(12,2) NOT NULL DEFAULT 0.00,
  `percentage_isc` decimal(12,2) NOT NULL DEFAULT 0.00,
  `total_isc` decimal(12,2) NOT NULL DEFAULT 0.00,
  `total_base_other_taxes` decimal(12,2) NOT NULL DEFAULT 0.00,
  `percentage_other_taxes` decimal(12,2) NOT NULL DEFAULT 0.00,
  `total_other_taxes` decimal(12,2) NOT NULL DEFAULT 0.00,
  `total_taxes` decimal(12,2) NOT NULL,
  `price_type_id` varchar(255) NOT NULL,
  `unit_price` decimal(16,6) NOT NULL,
  `total_value` decimal(12,2) NOT NULL,
  `total_charge` decimal(12,2) NOT NULL DEFAULT 0.00,
  `total_discount` decimal(12,2) NOT NULL DEFAULT 0.00,
  `total` decimal(12,2) NOT NULL,
  `attributes` longtext CHARACTER SET utf8mb4 COLLATE utf8mb4_bin DEFAULT NULL,
  `discounts` longtext CHARACTER SET utf8mb4 COLLATE utf8mb4_bin DEFAULT NULL,
  `charges` longtext CHARACTER SET utf8mb4 COLLATE utf8mb4_bin DEFAULT NULL,
  `additional_information` longtext DEFAULT NULL COMMENT 'Informacion adicional',
  `warehouse_id` int(10) unsigned DEFAULT 0 COMMENT 'Id de warehouse',
  `name_product_pdf` longtext DEFAULT NULL COMMENT 'Nombre de producto en el pdf',
  PRIMARY KEY (`id`),
  KEY `quotation_items_quotation_id_foreign` (`quotation_id`),
  KEY `quotation_items_item_id_foreign` (`item_id`),
  KEY `quotation_items_affectation_igv_type_id_foreign` (`affectation_igv_type_id`),
  KEY `quotation_items_system_isc_type_id_foreign` (`system_isc_type_id`),
  KEY `quotation_items_price_type_id_foreign` (`price_type_id`),
  CONSTRAINT `quotation_items_affectation_igv_type_id_foreign` FOREIGN KEY (`affectation_igv_type_id`) REFERENCES `cat_affectation_igv_types` (`id`),
  CONSTRAINT `quotation_items_item_id_foreign` FOREIGN KEY (`item_id`) REFERENCES `items` (`id`),
  CONSTRAINT `quotation_items_price_type_id_foreign` FOREIGN KEY (`price_type_id`) REFERENCES `cat_price_types` (`id`),
  CONSTRAINT `quotation_items_quotation_id_foreign` FOREIGN KEY (`quotation_id`) REFERENCES `quotations` (`id`) ON DELETE CASCADE,
  CONSTRAINT `quotation_items_system_isc_type_id_foreign` FOREIGN KEY (`system_isc_type_id`) REFERENCES `cat_system_isc_types` (`id`)
) ENGINE=InnoDB DEFAULT CHARSET=utf8mb4 COLLATE=utf8mb4_unicode_ci;

--
-- Dumping data for table `quotation_items`
--

SET autocommit=0;
COMMIT;

-- Dumped table `quotation_items` with 0 row(s)
--

--
-- Table structure for table `quotation_payments`
--

CREATE TABLE `quotation_payments` (
  `id` int(10) unsigned NOT NULL AUTO_INCREMENT,
  `quotation_id` int(10) unsigned NOT NULL,
  `date_of_payment` date NOT NULL,
  `payment_method_type_id` char(2) NOT NULL,
  `has_card` tinyint(1) NOT NULL DEFAULT 0,
  `card_brand_id` char(2) DEFAULT NULL,
  `reference` varchar(255) DEFAULT NULL,
  `change` decimal(12,2) DEFAULT NULL,
  `payment` decimal(12,2) NOT NULL,
  PRIMARY KEY (`id`),
  KEY `quotation_payments_quotation_id_foreign` (`quotation_id`),
  KEY `quotation_payments_card_brand_id_foreign` (`card_brand_id`),
  KEY `quotation_payments_payment_method_type_id_foreign` (`payment_method_type_id`),
  CONSTRAINT `quotation_payments_card_brand_id_foreign` FOREIGN KEY (`card_brand_id`) REFERENCES `card_brands` (`id`),
  CONSTRAINT `quotation_payments_payment_method_type_id_foreign` FOREIGN KEY (`payment_method_type_id`) REFERENCES `payment_method_types` (`id`),
  CONSTRAINT `quotation_payments_quotation_id_foreign` FOREIGN KEY (`quotation_id`) REFERENCES `quotations` (`id`) ON DELETE CASCADE
) ENGINE=InnoDB DEFAULT CHARSET=utf8mb4 COLLATE=utf8mb4_unicode_ci;

--
-- Dumping data for table `quotation_payments`
--

SET autocommit=0;
COMMIT;

-- Dumped table `quotation_payments` with 0 row(s)
--

--
-- Table structure for table `rel_user_to_documentary_offices`
--

CREATE TABLE `rel_user_to_documentary_offices` (
  `id` int(10) unsigned NOT NULL AUTO_INCREMENT,
  `active` tinyint(3) unsigned NOT NULL DEFAULT 0,
  `user_id` int(10) unsigned NOT NULL DEFAULT 0 COMMENT 'usuario asociado',
  `documentary_office_id` int(10) unsigned NOT NULL DEFAULT 0 COMMENT 'etapa asociada',
  `created_at` timestamp NULL DEFAULT NULL,
  `updated_at` timestamp NULL DEFAULT NULL,
  PRIMARY KEY (`id`)
) ENGINE=InnoDB DEFAULT CHARSET=utf8mb4 COLLATE=utf8mb4_unicode_ci;

--
-- Dumping data for table `rel_user_to_documentary_offices`
--

SET autocommit=0;
COMMIT;

-- Dumped table `rel_user_to_documentary_offices` with 0 row(s)
--

--
-- Table structure for table `report_configurations`
--

CREATE TABLE `report_configurations` (
  `id` int(10) unsigned NOT NULL AUTO_INCREMENT,
  `route_name` varchar(255) NOT NULL,
  `route_path` varchar(255) NOT NULL,
  `name` varchar(255) NOT NULL,
  `convert_pen` tinyint(1) NOT NULL DEFAULT 0,
  `created_at` timestamp NULL DEFAULT NULL,
  `updated_at` timestamp NULL DEFAULT NULL,
  PRIMARY KEY (`id`),
  UNIQUE KEY `report_configurations_route_name_unique` (`route_name`),
  UNIQUE KEY `report_configurations_route_path_unique` (`route_path`)
) ENGINE=InnoDB AUTO_INCREMENT=4 DEFAULT CHARSET=utf8mb4 COLLATE=utf8mb4_unicode_ci;

--
-- Dumping data for table `report_configurations`
--

SET autocommit=0;
INSERT INTO `report_configurations` VALUES (1,'tenant.reports.general_items.index','reports/general-items','Ventas - Reporte general de productos',0,'2025-12-27 20:49:03','2025-12-27 20:49:03'),(2,'tenant.reports.purchases.general_items.index','reports/purchases/general_items','Compras - Reporte general de productos',0,'2025-12-27 20:49:03','2025-12-27 20:49:03'),(3,'tenant.reports.purchases.index','reports/purchases','Compras - Compras totales',0,'2025-12-27 20:49:03','2025-12-27 20:49:03');
COMMIT;

-- Dumped table `report_configurations` with 3 row(s)
--

--
-- Table structure for table `restaurant_configurations`
--

CREATE TABLE `restaurant_configurations` (
  `id` int(10) unsigned NOT NULL AUTO_INCREMENT,
  `menu_pos` tinyint(1) NOT NULL,
  `menu_order` tinyint(1) NOT NULL,
  `menu_tables` tinyint(1) NOT NULL,
  `first_menu` varchar(255) NOT NULL,
  `tables_quantity` int(11) NOT NULL DEFAULT 15,
  `menu_bar` tinyint(1) NOT NULL DEFAULT 1,
  `menu_kitchen` tinyint(1) NOT NULL DEFAULT 1,
  `items_maintenance` tinyint(1) NOT NULL DEFAULT 0,
  `enabled_environment_1` tinyint(1) NOT NULL DEFAULT 1,
  `enabled_environment_2` tinyint(1) NOT NULL DEFAULT 0,
  `tables_quantity_environment_2` int(11) NOT NULL DEFAULT 5,
  `enabled_environment_3` tinyint(1) NOT NULL DEFAULT 0,
  `tables_quantity_environment_3` int(11) NOT NULL DEFAULT 5,
  `enabled_environment_4` tinyint(1) NOT NULL DEFAULT 0,
  `tables_quantity_environment_4` int(11) NOT NULL DEFAULT 5,
  PRIMARY KEY (`id`)
) ENGINE=InnoDB AUTO_INCREMENT=2 DEFAULT CHARSET=utf8mb4 COLLATE=utf8mb4_unicode_ci;

--
-- Dumping data for table `restaurant_configurations`
--

SET autocommit=0;
INSERT INTO `restaurant_configurations` VALUES (1,1,1,1,'POS',15,1,1,0,1,0,5,0,5,0,5);
COMMIT;

-- Dumped table `restaurant_configurations` with 1 row(s)
--

--
-- Table structure for table `restaurant_notes`
--

CREATE TABLE `restaurant_notes` (
  `id` int(10) unsigned NOT NULL AUTO_INCREMENT,
  `description` varchar(255) NOT NULL,
  PRIMARY KEY (`id`)
) ENGINE=InnoDB DEFAULT CHARSET=utf8mb4 COLLATE=utf8mb4_unicode_ci;

--
-- Dumping data for table `restaurant_notes`
--

SET autocommit=0;
COMMIT;

-- Dumped table `restaurant_notes` with 0 row(s)
--

--
-- Table structure for table `restaurant_roles`
--

CREATE TABLE `restaurant_roles` (
  `id` int(10) unsigned NOT NULL AUTO_INCREMENT,
  `code` varchar(255) NOT NULL,
  `name` varchar(255) NOT NULL,
  `description` varchar(255) NOT NULL,
  `created_at` timestamp NULL DEFAULT NULL,
  `updated_at` timestamp NULL DEFAULT NULL,
  PRIMARY KEY (`id`)
) ENGINE=InnoDB AUTO_INCREMENT=7 DEFAULT CHARSET=utf8mb4 COLLATE=utf8mb4_unicode_ci;

--
-- Dumping data for table `restaurant_roles`
--

SET autocommit=0;
INSERT INTO `restaurant_roles` VALUES (1,'MOZO','Mozo','Usuario que genera pedidos en mesas',NULL,NULL),(2,'CAJA','Caja','Usuario que genera pago de pedidos',NULL,NULL),(3,'ADM','Administrador','Usuario con permisos totales',NULL,NULL),(6,'KITBAR','Cocina/Bar','Usuario con acceso a cocina y bar',NULL,NULL);
COMMIT;

-- Dumped table `restaurant_roles` with 4 row(s)
--

--
-- Table structure for table `restaurant_tables`
--

CREATE TABLE `restaurant_tables` (
  `id` int(10) unsigned NOT NULL AUTO_INCREMENT,
  `status` varchar(255) NOT NULL,
  `products` longtext CHARACTER SET utf8mb4 COLLATE utf8mb4_bin DEFAULT NULL,
  `total` decimal(12,2) NOT NULL,
  `personas` int(11) NOT NULL,
  `cliente` varchar(255) DEFAULT NULL,
  `comentarios` varchar(255) DEFAULT NULL,
  `label` varchar(255) NOT NULL,
  `shape` varchar(255) NOT NULL,
  `environment` varchar(255) NOT NULL,
  `waiter` varchar(255) DEFAULT NULL,
  PRIMARY KEY (`id`)
) ENGINE=InnoDB DEFAULT CHARSET=utf8mb4 COLLATE=utf8mb4_unicode_ci;

--
-- Dumping data for table `restaurant_tables`
--

SET autocommit=0;
COMMIT;

-- Dumped table `restaurant_tables` with 0 row(s)
--

--
-- Table structure for table `restaurant_table_envs`
--

CREATE TABLE `restaurant_table_envs` (
  `id` int(10) unsigned NOT NULL,
  `name` varchar(255) NOT NULL,
  `active` tinyint(1) NOT NULL,
  `tables_quantity` int(11) NOT NULL,
  PRIMARY KEY (`id`)
) ENGINE=InnoDB DEFAULT CHARSET=utf8mb4 COLLATE=utf8mb4_unicode_ci;

--
-- Dumping data for table `restaurant_table_envs`
--

SET autocommit=0;
INSERT INTO `restaurant_table_envs` VALUES (1,'Ambiente 1',1,25),(2,'Ambiente 2',1,25),(3,'Ambiente 3',1,25),(4,'Ambiente 4',1,25);
COMMIT;

-- Dumped table `restaurant_table_envs` with 4 row(s)
--

--
-- Table structure for table `retentions`
--

SET autocommit=0;
COMMIT;

-- Dumped table `retentions` with 0 row(s)
--

--
-- Table structure for table `retention_documents`
--

CREATE TABLE `retention_documents` (
  `id` int(10) unsigned NOT NULL AUTO_INCREMENT,
  `retention_id` int(10) unsigned NOT NULL,
  `document_type_id` varchar(255) NOT NULL,
  `series` varchar(255) NOT NULL,
  `number` varchar(255) NOT NULL,
  `date_of_issue` date NOT NULL,
  `currency_type_id` varchar(255) NOT NULL,
  `total_document` decimal(10,2) NOT NULL,
  `payments` longtext CHARACTER SET utf8mb4 COLLATE utf8mb4_bin NOT NULL,
  `exchange_rate` longtext CHARACTER SET utf8mb4 COLLATE utf8mb4_bin NOT NULL,
  `date_of_retention` date NOT NULL,
  `total_retention` decimal(10,2) NOT NULL,
  `total_to_pay` decimal(10,2) NOT NULL,
  `total_payment` decimal(10,2) NOT NULL,
  PRIMARY KEY (`id`),
  KEY `retention_documents_retention_id_foreign` (`retention_id`),
  KEY `retention_documents_document_type_id_foreign` (`document_type_id`),
  KEY `retention_documents_currency_type_id_foreign` (`currency_type_id`),
  CONSTRAINT `retention_documents_currency_type_id_foreign` FOREIGN KEY (`currency_type_id`) REFERENCES `cat_currency_types` (`id`),
  CONSTRAINT `retention_documents_document_type_id_foreign` FOREIGN KEY (`document_type_id`) REFERENCES `cat_document_types` (`id`),
  CONSTRAINT `retention_documents_retention_id_foreign` FOREIGN KEY (`retention_id`) REFERENCES `retentions` (`id`) ON DELETE CASCADE
) ENGINE=InnoDB DEFAULT CHARSET=utf8mb4 COLLATE=utf8mb4_unicode_ci;

--
-- Dumping data for table `retention_documents`
--

SET autocommit=0;
COMMIT;

-- Dumped table `retention_documents` with 0 row(s)
--

--
-- Table structure for table `sale_notes`
--

CREATE TABLE `sale_notes` (
  `id` int(10) unsigned NOT NULL AUTO_INCREMENT,
  `user_id` int(10) unsigned NOT NULL,
  `external_id` char(36) NOT NULL,
  `establishment_id` int(10) unsigned NOT NULL,
  `establishment` longtext CHARACTER SET utf8mb4 COLLATE utf8mb4_bin NOT NULL,
  `soap_type_id` char(2) NOT NULL,
  `state_type_id` char(2) NOT NULL,
  `prefix` char(2) NOT NULL,
  `series` varchar(255) DEFAULT NULL,
  `number` int(11) DEFAULT NULL,
  `date_of_issue` date NOT NULL,
  `time_of_issue` time NOT NULL,
  `customer_id` int(10) unsigned NOT NULL,
  `customer` longtext CHARACTER SET utf8mb4 COLLATE utf8mb4_bin NOT NULL,
  `currency_type_id` varchar(255) NOT NULL,
  `payment_condition_id` char(2) NOT NULL DEFAULT '01',
  `payment_method_type_id` char(2) DEFAULT NULL,
  `exchange_rate_sale` decimal(13,3) NOT NULL,
  `point_system` tinyint(1) NOT NULL DEFAULT 0 COMMENT 'indica si se uso en sistema por puntos',
  `point_system_data` longtext CHARACTER SET utf8mb4 COLLATE utf8mb4_bin DEFAULT NULL COMMENT 'datos de sistema por puntos',
  `created_from_pos` tinyint(1) NOT NULL DEFAULT 0 COMMENT 'indica si se registro desde pos',
  `apply_concurrency` tinyint(1) NOT NULL DEFAULT 0,
  `enabled_concurrency` tinyint(1) NOT NULL DEFAULT 0,
  `automatic_date_of_issue` date DEFAULT NULL,
  `quantity_period` int(11) DEFAULT NULL,
  `type_period` varchar(255) DEFAULT NULL,
  `total_prepayment` decimal(12,2) NOT NULL DEFAULT 0.00,
  `total_charge` decimal(12,2) NOT NULL DEFAULT 0.00,
  `total_discount` decimal(12,2) NOT NULL DEFAULT 0.00,
  `coupon_id` int(10) unsigned DEFAULT NULL,
  `coupon_code` varchar(50) DEFAULT NULL,
  `total_exportation` decimal(12,2) NOT NULL DEFAULT 0.00,
  `total_free` decimal(12,2) NOT NULL DEFAULT 0.00,
  `total_taxed` decimal(12,2) NOT NULL DEFAULT 0.00,
  `total_unaffected` decimal(12,2) NOT NULL DEFAULT 0.00,
  `total_exonerated` decimal(12,2) NOT NULL DEFAULT 0.00,
  `total_igv` decimal(12,2) NOT NULL DEFAULT 0.00,
  `total_igv_free` decimal(12,2) NOT NULL DEFAULT 0.00,
  `total_base_isc` decimal(12,2) NOT NULL DEFAULT 0.00,
  `total_isc` decimal(12,2) NOT NULL DEFAULT 0.00,
  `total_base_other_taxes` decimal(12,2) NOT NULL DEFAULT 0.00,
  `total_other_taxes` decimal(12,2) NOT NULL DEFAULT 0.00,
  `total_plastic_bag_taxes` decimal(6,2) NOT NULL DEFAULT 0.00,
  `total_taxes` decimal(12,2) NOT NULL DEFAULT 0.00,
  `total_value` decimal(12,2) NOT NULL DEFAULT 0.00,
  `subtotal` decimal(12,2) NOT NULL DEFAULT 0.00,
  `total` decimal(12,2) NOT NULL,
  `dispatch_ticket_pdf` tinyint(1) NOT NULL DEFAULT 0,
  `charges` longtext CHARACTER SET utf8mb4 COLLATE utf8mb4_bin DEFAULT NULL,
  `discounts` longtext CHARACTER SET utf8mb4 COLLATE utf8mb4_bin DEFAULT NULL,
  `prepayments` longtext CHARACTER SET utf8mb4 COLLATE utf8mb4_bin DEFAULT NULL,
  `guides` longtext CHARACTER SET utf8mb4 COLLATE utf8mb4_bin DEFAULT NULL,
  `related` longtext CHARACTER SET utf8mb4 COLLATE utf8mb4_bin DEFAULT NULL,
  `perception` longtext CHARACTER SET utf8mb4 COLLATE utf8mb4_bin DEFAULT NULL,
  `detraction` longtext CHARACTER SET utf8mb4 COLLATE utf8mb4_bin DEFAULT NULL,
  `legends` longtext CHARACTER SET utf8mb4 COLLATE utf8mb4_bin DEFAULT NULL,
  `additional_information` text DEFAULT NULL,
  `filename` varchar(255) DEFAULT NULL,
  `unique_filename` varchar(255) DEFAULT NULL,
  `quotation_id` int(10) unsigned DEFAULT NULL,
  `order_note_id` int(10) unsigned DEFAULT NULL,
  `technical_service_id` int(10) unsigned DEFAULT NULL,
  `order_id` int(10) unsigned DEFAULT NULL,
  `total_canceled` tinyint(1) NOT NULL DEFAULT 0,
  `changed` tinyint(1) NOT NULL DEFAULT 0,
  `paid` tinyint(1) NOT NULL DEFAULT 0,
  `license_plate` varchar(255) DEFAULT NULL,
  `plate_number` varchar(255) DEFAULT NULL,
  `reference_data` varchar(500) DEFAULT NULL,
  `agent_id` int(10) unsigned DEFAULT NULL,
  `observation` text DEFAULT NULL,
  `purchase_order` varchar(50) DEFAULT NULL,
  `document_id` int(10) unsigned DEFAULT NULL,
  `user_rel_suscription_plan_id` int(10) unsigned DEFAULT 0 COMMENT 'Relacion con suscripciones',
  `due_date` date DEFAULT NULL COMMENT 'Fecha de vencimiento',
  `created_at` timestamp NULL DEFAULT NULL,
  `updated_at` timestamp NULL DEFAULT NULL,
  `total_points` double(8,2) NOT NULL DEFAULT 0.00,
  `seller_id` int(10) unsigned DEFAULT 0,
  `grade` text DEFAULT NULL COMMENT 'Grado designado - utilizado en matricula',
  `section` text DEFAULT NULL COMMENT 'Seccion designado - utilizado en matricula',
  `terms_condition` text DEFAULT NULL,
  `prescription_doctor_id` int(10) unsigned DEFAULT NULL,
  PRIMARY KEY (`id`),
  UNIQUE KEY `sale_notes_unique_filename_unique` (`unique_filename`),
  KEY `sale_notes_user_id_foreign` (`user_id`),
  KEY `sale_notes_establishment_id_foreign` (`establishment_id`),
  KEY `sale_notes_customer_id_foreign` (`customer_id`),
  KEY `sale_notes_soap_type_id_foreign` (`soap_type_id`),
  KEY `sale_notes_state_type_id_foreign` (`state_type_id`),
  KEY `sale_notes_currency_type_id_foreign` (`currency_type_id`),
  KEY `sale_notes_quotation_id_foreign` (`quotation_id`),
  KEY `sale_notes_apply_concurrency_index` (`apply_concurrency`),
  KEY `sale_notes_type_period_index` (`type_period`),
  KEY `sale_notes_quantity_period_index` (`quantity_period`),
  KEY `sale_notes_automatic_date_of_issue_index` (`automatic_date_of_issue`),
  KEY `sale_notes_enabled_concurrency_index` (`enabled_concurrency`),
  KEY `sale_notes_order_note_id_foreign` (`order_note_id`),
  KEY `sale_notes_payment_method_type_id_foreign` (`payment_method_type_id`),
  KEY `sale_notes_order_id_foreign` (`order_id`),
  KEY `sale_notes_technical_service_id_foreign` (`technical_service_id`),
  KEY `sale_notes_agent_id_foreign` (`agent_id`),
  KEY `sale_notes_changed_index` (`changed`),
  KEY `sale_notes_payment_condition_id_foreign` (`payment_condition_id`),
  CONSTRAINT `sale_notes_agent_id_foreign` FOREIGN KEY (`agent_id`) REFERENCES `agents` (`id`),
  CONSTRAINT `sale_notes_currency_type_id_foreign` FOREIGN KEY (`currency_type_id`) REFERENCES `cat_currency_types` (`id`),
  CONSTRAINT `sale_notes_customer_id_foreign` FOREIGN KEY (`customer_id`) REFERENCES `persons` (`id`),
  CONSTRAINT `sale_notes_establishment_id_foreign` FOREIGN KEY (`establishment_id`) REFERENCES `establishments` (`id`),
  CONSTRAINT `sale_notes_order_id_foreign` FOREIGN KEY (`order_id`) REFERENCES `orders` (`id`),
  CONSTRAINT `sale_notes_order_note_id_foreign` FOREIGN KEY (`order_note_id`) REFERENCES `order_notes` (`id`),
  CONSTRAINT `sale_notes_payment_condition_id_foreign` FOREIGN KEY (`payment_condition_id`) REFERENCES `payment_conditions` (`id`),
  CONSTRAINT `sale_notes_payment_method_type_id_foreign` FOREIGN KEY (`payment_method_type_id`) REFERENCES `payment_method_types` (`id`),
  CONSTRAINT `sale_notes_quotation_id_foreign` FOREIGN KEY (`quotation_id`) REFERENCES `quotations` (`id`),
  CONSTRAINT `sale_notes_soap_type_id_foreign` FOREIGN KEY (`soap_type_id`) REFERENCES `soap_types` (`id`),
  CONSTRAINT `sale_notes_state_type_id_foreign` FOREIGN KEY (`state_type_id`) REFERENCES `state_types` (`id`),
  CONSTRAINT `sale_notes_technical_service_id_foreign` FOREIGN KEY (`technical_service_id`) REFERENCES `technical_services` (`id`),
  CONSTRAINT `sale_notes_user_id_foreign` FOREIGN KEY (`user_id`) REFERENCES `users` (`id`)
) ENGINE=InnoDB AUTO_INCREMENT=8 DEFAULT CHARSET=utf8mb4 COLLATE=utf8mb4_unicode_ci;

--
-- Dumping data for table `sale_notes`
--

SET autocommit=0;
INSERT INTO `sale_notes` VALUES (1,2,'e0070509-cbd3-427a-8a13-4d8c96d79fe0',1,'{\"country_id\":\"PE\",\"country\":{\"id\":\"PE\",\"description\":\"PERU\"},\"department_id\":\"01\",\"department\":{\"id\":\"01\",\"description\":\"AMAZONAS\"},\"province_id\":\"0102\",\"province\":{\"id\":\"0102\",\"description\":\"Bagua\"},\"district_id\":\"010201\",\"district\":{\"id\":\"010201\",\"description\":\"Bagua\"},\"urbanization\":null,\"address\":\"HEROES DEL CENEPA 1508\",\"email\":\"pedrito@gmail.com\",\"telephone\":\"948736975\",\"code\":\"0000\",\"trade_address\":null,\"web_address\":null,\"aditional_information\":null,\"logo\":null}','02','01','NV','NV01',1,'2026-01-27','21:13:48',22,'{\"identity_document_type_id\":\"1\",\"identity_document_type\":{\"id\":\"1\",\"description\":\"DNI\"},\"number\":\"33568376\",\"name\":\"RAMON CALVAY, JOSE\",\"trade_name\":null,\"country_id\":\"PE\",\"country\":{\"id\":\"PE\",\"description\":\"PERU\"},\"department_id\":null,\"department\":{\"id\":null,\"description\":null},\"province_id\":null,\"province\":{\"id\":null,\"description\":null},\"district_id\":null,\"district\":{\"id\":null,\"description\":null},\"address\":null,\"email\":null,\"telephone\":null,\"perception_agent\":false,\"address_id\":null,\"internal_code\":null,\"address_type_id\":null,\"address_type\":{\"id\":null,\"description\":null}}','PEN','01',NULL,1.000,0,NULL,1,0,0,NULL,NULL,NULL,0.00,0.00,0.00,NULL,NULL,0.00,0.00,0.00,0.00,10.00,0.00,0.00,0.00,0.00,0.00,0.00,0.00,0.00,10.00,10.00,10.00,0,'[]','[]',NULL,'[]',NULL,NULL,NULL,NULL,'','NV01-1-20260127','NV01-1-20260127',NULL,NULL,NULL,NULL,1,0,1,NULL,NULL,NULL,NULL,NULL,NULL,NULL,0,NULL,'2026-01-27 21:06:05','2026-01-27 21:06:06',0.00,2,NULL,NULL,NULL,NULL),(2,2,'c2462517-e250-4986-a9af-f7c249df643b',1,'{\"country_id\":\"PE\",\"country\":{\"id\":\"PE\",\"description\":\"PERU\"},\"department_id\":\"01\",\"department\":{\"id\":\"01\",\"description\":\"AMAZONAS\"},\"province_id\":\"0102\",\"province\":{\"id\":\"0102\",\"description\":\"Bagua\"},\"district_id\":\"010201\",\"district\":{\"id\":\"010201\",\"description\":\"Bagua\"},\"urbanization\":null,\"address\":\"HEROES DEL CENEPA 1508\",\"email\":\"pedrito@gmail.com\",\"telephone\":\"948736975\",\"code\":\"0000\",\"trade_address\":null,\"web_address\":null,\"aditional_information\":null,\"logo\":null}','02','01','NV','NV01',2,'2026-01-30','10:25:33',1,'{\"identity_document_type_id\":\"0\",\"identity_document_type\":{\"id\":\"0\",\"description\":\"Doc.trib.no.dom.sin.ruc\"},\"number\":\"99999999\",\"name\":\"Clientes - Varios\",\"trade_name\":null,\"country_id\":\"PE\",\"country\":{\"id\":\"PE\",\"description\":\"PERU\"},\"department_id\":null,\"department\":{\"id\":null,\"description\":null},\"province_id\":null,\"province\":{\"id\":null,\"description\":null},\"district_id\":null,\"district\":{\"id\":null,\"description\":null},\"address\":null,\"email\":null,\"telephone\":null,\"perception_agent\":false,\"address_id\":null,\"internal_code\":null,\"address_type_id\":null,\"address_type\":{\"id\":null,\"description\":null}}','PEN','01',NULL,3.345,0,NULL,1,0,0,NULL,NULL,NULL,0.00,0.00,0.00,NULL,NULL,0.00,0.00,0.00,0.00,12.00,0.00,0.00,0.00,0.00,0.00,0.00,0.00,0.00,12.00,12.00,12.00,0,'[]','[]',NULL,'[]',NULL,NULL,NULL,NULL,'','NV01-2-20260130','NV01-2-20260130',NULL,NULL,NULL,NULL,1,0,1,NULL,NULL,NULL,NULL,NULL,NULL,NULL,0,NULL,'2026-01-30 10:15:30','2026-01-30 10:15:30',0.00,2,NULL,NULL,NULL,NULL),(3,2,'7db13cca-69bc-4b31-b21b-8fa979b5e50d',1,'{\"country_id\":\"PE\",\"country\":{\"id\":\"PE\",\"description\":\"PERU\"},\"department_id\":\"01\",\"department\":{\"id\":\"01\",\"description\":\"AMAZONAS\"},\"province_id\":\"0102\",\"province\":{\"id\":\"0102\",\"description\":\"Bagua\"},\"district_id\":\"010201\",\"district\":{\"id\":\"010201\",\"description\":\"Bagua\"},\"urbanization\":null,\"address\":\"HEROES DEL CENEPA 1508\",\"email\":\"pedrito@gmail.com\",\"telephone\":\"948736975\",\"code\":\"0000\",\"trade_address\":null,\"web_address\":null,\"aditional_information\":null,\"logo\":null}','02','01','NV','NV01',3,'2026-02-03','15:57:37',29,'{\"identity_document_type_id\":\"6\",\"identity_document_type\":{\"id\":\"6\",\"description\":\"RUC\"},\"number\":\"20563314924\",\"name\":\"FREE GAMES S.A.C.\",\"trade_name\":null,\"country_id\":\"PE\",\"country\":{\"id\":\"PE\",\"description\":\"PERU\"},\"department_id\":\"15\",\"department\":{\"id\":\"15\",\"description\":\"LIMA\"},\"province_id\":\"1501\",\"province\":{\"id\":\"1501\",\"description\":\"Lima\"},\"district_id\":\"150140\",\"district\":{\"id\":\"150140\",\"description\":\"Santiago de Surco\"},\"address\":\"AV. MANUEL OLGUIN NRO. 211 INT. 1101 URB. LOS GRANADOS\",\"email\":null,\"telephone\":null,\"perception_agent\":false,\"address_id\":null,\"internal_code\":null,\"address_type_id\":null,\"address_type\":{\"id\":null,\"description\":null}}','PEN','01',NULL,3.369,0,NULL,1,0,0,NULL,NULL,NULL,0.00,0.00,0.00,NULL,NULL,0.00,0.00,0.00,0.00,7.00,0.00,0.00,0.00,0.00,0.00,0.00,0.00,0.00,7.00,7.00,7.00,0,'[]','[]',NULL,'[]',NULL,NULL,NULL,NULL,'','NV01-3-20260203','NV01-3-20260203',NULL,NULL,NULL,NULL,1,0,1,NULL,NULL,NULL,NULL,NULL,NULL,NULL,0,NULL,'2026-02-03 15:48:31','2026-02-03 15:48:32',0.00,2,NULL,NULL,NULL,NULL),(4,2,'65e4ec00-76c8-421d-b533-98fd5246de06',1,'{\"country_id\":\"PE\",\"country\":{\"id\":\"PE\",\"description\":\"PERU\"},\"department_id\":\"01\",\"department\":{\"id\":\"01\",\"description\":\"AMAZONAS\"},\"province_id\":\"0102\",\"province\":{\"id\":\"0102\",\"description\":\"Bagua\"},\"district_id\":\"010201\",\"district\":{\"id\":\"010201\",\"description\":\"Bagua\"},\"urbanization\":null,\"address\":\"HEROES DEL CENEPA 1508\",\"email\":\"pedrito@gmail.com\",\"telephone\":\"948736975\",\"code\":\"0000\",\"trade_address\":null,\"web_address\":null,\"aditional_information\":null,\"logo\":null}','02','01','NV','NV01',4,'2026-02-10','19:43:49',1,'{\"identity_document_type_id\":\"0\",\"identity_document_type\":{\"id\":\"0\",\"description\":\"Doc.trib.no.dom.sin.ruc\"},\"number\":\"99999999\",\"name\":\"Clientes - Varios\",\"trade_name\":null,\"country_id\":\"PE\",\"country\":{\"id\":\"PE\",\"description\":\"PERU\"},\"department_id\":null,\"department\":{\"id\":null,\"description\":null},\"province_id\":null,\"province\":{\"id\":null,\"description\":null},\"district_id\":null,\"district\":{\"id\":null,\"description\":null},\"address\":null,\"email\":null,\"telephone\":null,\"perception_agent\":false,\"address_id\":null,\"internal_code\":null,\"address_type_id\":null,\"address_type\":{\"id\":null,\"description\":null}}','PEN','01',NULL,3.363,0,NULL,1,0,0,NULL,NULL,NULL,0.00,0.00,0.00,NULL,NULL,0.00,0.00,0.00,0.00,40.00,0.00,0.00,0.00,0.00,0.00,0.00,0.00,0.00,40.00,40.00,40.00,0,'[]','[]',NULL,'[]',NULL,NULL,NULL,NULL,'','NV01-4-20260210','NV01-4-20260210',NULL,NULL,NULL,NULL,1,0,1,NULL,NULL,NULL,NULL,NULL,NULL,NULL,0,NULL,'2026-02-10 19:33:50','2026-02-10 19:33:50',0.00,2,NULL,NULL,NULL,NULL),(5,2,'373bdee9-f0ca-465a-a1ba-e73ebad5dda7',1,'{\"country_id\":\"PE\",\"country\":{\"id\":\"PE\",\"description\":\"PERU\"},\"department_id\":\"01\",\"department\":{\"id\":\"01\",\"description\":\"AMAZONAS\"},\"province_id\":\"0102\",\"province\":{\"id\":\"0102\",\"description\":\"Bagua\"},\"district_id\":\"010201\",\"district\":{\"id\":\"010201\",\"description\":\"Bagua\"},\"urbanization\":null,\"address\":\"HEROES DEL CENEPA 1508\",\"email\":\"pedrito@gmail.com\",\"telephone\":\"948736975\",\"code\":\"0000\",\"trade_address\":null,\"web_address\":null,\"aditional_information\":null,\"logo\":null}','02','01','NV','NV01',5,'2026-02-17','10:18:37',39,'{\"identity_document_type_id\":\"6\",\"identity_document_type\":{\"id\":\"6\",\"description\":\"RUC\"},\"number\":\"10726718313\",\"name\":\"RIVERO MARRUFO LUIS DAVID\",\"trade_name\":null,\"country_id\":\"PE\",\"country\":{\"id\":\"PE\",\"description\":\"PERU\"},\"department_id\":null,\"department\":{\"id\":null,\"description\":null},\"province_id\":null,\"province\":{\"id\":null,\"description\":null},\"district_id\":null,\"district\":{\"id\":null,\"description\":null},\"address\":null,\"email\":null,\"telephone\":null,\"perception_agent\":false,\"address_id\":null,\"internal_code\":null,\"address_type_id\":null,\"address_type\":{\"id\":null,\"description\":null}}','PEN','01',NULL,3.356,0,NULL,1,0,0,NULL,NULL,NULL,0.00,0.00,0.00,NULL,NULL,0.00,0.00,0.00,0.00,355.00,0.00,0.00,0.00,0.00,0.00,0.00,0.00,0.00,355.00,355.00,355.00,0,'[]','[]',NULL,'[]',NULL,NULL,NULL,NULL,'','NV01-5-20260217','NV01-5-20260217',NULL,NULL,NULL,NULL,1,0,1,NULL,NULL,NULL,NULL,NULL,NULL,NULL,0,NULL,'2026-02-17 10:13:42','2026-02-17 10:13:42',0.00,2,NULL,NULL,NULL,NULL),(6,2,'e55be033-16b7-41ee-817e-583f9fa176b6',1,'{\"country_id\":\"PE\",\"country\":{\"id\":\"PE\",\"description\":\"PERU\"},\"department_id\":\"01\",\"department\":{\"id\":\"01\",\"description\":\"AMAZONAS\"},\"province_id\":\"0102\",\"province\":{\"id\":\"0102\",\"description\":\"Bagua\"},\"district_id\":\"010201\",\"district\":{\"id\":\"010201\",\"description\":\"Bagua\"},\"urbanization\":null,\"address\":\"HEROES DEL CENEPA 1508\",\"email\":\"pedrito@gmail.com\",\"telephone\":\"948736975\",\"code\":\"0000\",\"trade_address\":null,\"web_address\":null,\"aditional_information\":null,\"logo\":null}','02','01','NV','NV01',6,'2026-03-02','21:31:07',52,'{\"identity_document_type_id\":\"1\",\"identity_document_type\":{\"id\":\"1\",\"description\":\"DNI\"},\"number\":\"42085642\",\"name\":\"CARHUATAY HUAMAN, AURORA\",\"trade_name\":null,\"country_id\":\"PE\",\"country\":{\"id\":\"PE\",\"description\":\"PERU\"},\"department_id\":null,\"department\":{\"id\":null,\"description\":null},\"province_id\":null,\"province\":{\"id\":null,\"description\":null},\"district_id\":null,\"district\":{\"id\":null,\"description\":null},\"address\":null,\"email\":null,\"telephone\":null,\"perception_agent\":false,\"address_id\":null,\"internal_code\":null,\"address_type_id\":null,\"address_type\":{\"id\":null,\"description\":null}}','PEN','01',NULL,3.361,0,NULL,1,0,0,NULL,NULL,NULL,0.00,0.00,0.00,NULL,NULL,0.00,0.00,0.00,0.00,27.80,0.00,0.00,0.00,0.00,0.00,0.00,0.00,0.00,27.80,27.80,27.80,0,'[]','[]',NULL,'[]',NULL,NULL,NULL,NULL,'','NV01-6-20260302','NV01-6-20260302',NULL,NULL,NULL,NULL,1,0,1,NULL,NULL,NULL,NULL,NULL,NULL,NULL,0,NULL,'2026-03-02 21:23:15','2026-03-02 21:23:15',0.00,2,NULL,NULL,NULL,NULL),(7,2,'229068ec-1bc2-44b0-babe-7a88f3259668',1,'{\"country_id\":\"PE\",\"country\":{\"id\":\"PE\",\"description\":\"PERU\"},\"department_id\":\"01\",\"department\":{\"id\":\"01\",\"description\":\"AMAZONAS\"},\"province_id\":\"0102\",\"province\":{\"id\":\"0102\",\"description\":\"Bagua\"},\"district_id\":\"010201\",\"district\":{\"id\":\"010201\",\"description\":\"Bagua\"},\"urbanization\":null,\"address\":\"HEROES DEL CENEPA 1508\",\"email\":\"pedrito@gmail.com\",\"telephone\":\"948736975\",\"code\":\"0000\",\"trade_address\":null,\"web_address\":null,\"aditional_information\":null,\"logo\":null}','02','01','NV','NV01',7,'2026-03-19','21:55:47',63,'{\"identity_document_type_id\":\"1\",\"identity_document_type\":{\"id\":\"1\",\"description\":\"DNI\"},\"number\":\"33589770\",\"name\":\"DAVILA HERRERA, WALTER DANIEL\",\"trade_name\":null,\"country_id\":\"PE\",\"country\":{\"id\":\"PE\",\"description\":\"PERU\"},\"department_id\":null,\"department\":{\"id\":null,\"description\":null},\"province_id\":null,\"province\":{\"id\":null,\"description\":null},\"district_id\":null,\"district\":{\"id\":null,\"description\":null},\"address\":null,\"email\":null,\"telephone\":null,\"perception_agent\":false,\"address_id\":null,\"internal_code\":null,\"address_type_id\":null,\"address_type\":{\"id\":null,\"description\":null}}','PEN','01',NULL,3.435,0,NULL,1,0,0,NULL,NULL,NULL,0.00,0.00,0.00,NULL,NULL,0.00,0.00,0.00,0.00,106.00,0.00,0.00,0.00,0.00,0.00,0.00,0.00,0.00,106.00,106.00,106.00,0,'[]','[]',NULL,'[]',NULL,NULL,NULL,NULL,'','NV01-7-20260319','NV01-7-20260319',NULL,NULL,NULL,NULL,1,0,1,NULL,NULL,NULL,NULL,NULL,NULL,NULL,0,NULL,'2026-03-19 21:52:51','2026-03-19 21:52:52',0.00,2,NULL,NULL,NULL,NULL);
COMMIT;

-- Dumped table `sale_notes` with 7 row(s)
--

--
-- Table structure for table `sale_note_fee`
--

CREATE TABLE `sale_note_fee` (
  `id` int(10) unsigned NOT NULL AUTO_INCREMENT,
  `sale_note_id` int(10) unsigned NOT NULL,
  `date` date NOT NULL,
  `currency_type_id` varchar(255) NOT NULL,
  `amount` decimal(12,2) NOT NULL,
  `payment_method_type_id` varchar(2) DEFAULT NULL,
  PRIMARY KEY (`id`),
  KEY `sale_note_fee_sale_note_id_foreign` (`sale_note_id`),
  KEY `sale_note_fee_currency_type_id_foreign` (`currency_type_id`),
  KEY `sale_note_fee_payment_method_type_id_foreign` (`payment_method_type_id`),
  CONSTRAINT `sale_note_fee_currency_type_id_foreign` FOREIGN KEY (`currency_type_id`) REFERENCES `cat_currency_types` (`id`),
  CONSTRAINT `sale_note_fee_payment_method_type_id_foreign` FOREIGN KEY (`payment_method_type_id`) REFERENCES `payment_method_types` (`id`),
  CONSTRAINT `sale_note_fee_sale_note_id_foreign` FOREIGN KEY (`sale_note_id`) REFERENCES `sale_notes` (`id`) ON DELETE CASCADE
) ENGINE=InnoDB DEFAULT CHARSET=utf8mb4 COLLATE=utf8mb4_unicode_ci;

--
-- Dumping data for table `sale_note_fee`
--

SET autocommit=0;
COMMIT;

-- Dumped table `sale_note_fee` with 0 row(s)
--

--
-- Table structure for table `sale_note_items`
--

CREATE TABLE `sale_note_items` (
  `id` int(10) unsigned NOT NULL AUTO_INCREMENT,
  `sale_note_id` int(10) unsigned NOT NULL,
  `item_id` int(10) unsigned NOT NULL,
  `item` longtext CHARACTER SET utf8mb4 COLLATE utf8mb4_bin NOT NULL,
  `quantity` decimal(12,4) NOT NULL,
  `unit_value` decimal(16,6) NOT NULL,
  `affectation_igv_type_id` varchar(255) NOT NULL,
  `total_base_igv` decimal(12,2) NOT NULL,
  `percentage_igv` decimal(12,2) NOT NULL,
  `total_igv` decimal(12,2) NOT NULL,
  `system_isc_type_id` varchar(255) DEFAULT NULL,
  `total_base_isc` decimal(12,2) NOT NULL DEFAULT 0.00,
  `percentage_isc` decimal(12,2) NOT NULL DEFAULT 0.00,
  `total_isc` decimal(12,2) NOT NULL DEFAULT 0.00,
  `total_base_other_taxes` decimal(12,2) NOT NULL DEFAULT 0.00,
  `percentage_other_taxes` decimal(12,2) NOT NULL DEFAULT 0.00,
  `total_other_taxes` decimal(12,2) NOT NULL DEFAULT 0.00,
  `total_plastic_bag_taxes` decimal(6,2) NOT NULL DEFAULT 0.00,
  `total_taxes` decimal(12,2) NOT NULL,
  `price_type_id` varchar(255) NOT NULL,
  `unit_price` decimal(16,6) NOT NULL,
  `total_value` decimal(12,2) NOT NULL,
  `total_charge` decimal(12,2) NOT NULL DEFAULT 0.00,
  `total_discount` decimal(12,2) NOT NULL DEFAULT 0.00,
  `total` decimal(12,2) NOT NULL,
  `attributes` longtext CHARACTER SET utf8mb4 COLLATE utf8mb4_bin DEFAULT NULL,
  `discounts` longtext CHARACTER SET utf8mb4 COLLATE utf8mb4_bin DEFAULT NULL,
  `charges` longtext CHARACTER SET utf8mb4 COLLATE utf8mb4_bin DEFAULT NULL,
  `additional_information` text DEFAULT NULL,
  `inventory_kardex_id` int(10) unsigned DEFAULT NULL,
  `warehouse_id` int(10) unsigned DEFAULT NULL,
  `name_product_pdf` longtext DEFAULT NULL,
  PRIMARY KEY (`id`),
  KEY `sale_note_items_sale_note_id_foreign` (`sale_note_id`),
  KEY `sale_note_items_item_id_foreign` (`item_id`),
  KEY `sale_note_items_affectation_igv_type_id_foreign` (`affectation_igv_type_id`),
  KEY `sale_note_items_system_isc_type_id_foreign` (`system_isc_type_id`),
  KEY `sale_note_items_price_type_id_foreign` (`price_type_id`),
  KEY `sale_note_items_inventory_kardex_id_foreign` (`inventory_kardex_id`),
  KEY `sale_note_items_warehouse_id_foreign` (`warehouse_id`),
  CONSTRAINT `sale_note_items_affectation_igv_type_id_foreign` FOREIGN KEY (`affectation_igv_type_id`) REFERENCES `cat_affectation_igv_types` (`id`),
  CONSTRAINT `sale_note_items_inventory_kardex_id_foreign` FOREIGN KEY (`inventory_kardex_id`) REFERENCES `inventory_kardex` (`id`),
  CONSTRAINT `sale_note_items_item_id_foreign` FOREIGN KEY (`item_id`) REFERENCES `items` (`id`),
  CONSTRAINT `sale_note_items_price_type_id_foreign` FOREIGN KEY (`price_type_id`) REFERENCES `cat_price_types` (`id`),
  CONSTRAINT `sale_note_items_sale_note_id_foreign` FOREIGN KEY (`sale_note_id`) REFERENCES `sale_notes` (`id`) ON DELETE CASCADE,
  CONSTRAINT `sale_note_items_system_isc_type_id_foreign` FOREIGN KEY (`system_isc_type_id`) REFERENCES `cat_system_isc_types` (`id`),
  CONSTRAINT `sale_note_items_warehouse_id_foreign` FOREIGN KEY (`warehouse_id`) REFERENCES `warehouses` (`id`)
) ENGINE=InnoDB AUTO_INCREMENT=22 DEFAULT CHARSET=utf8mb4 COLLATE=utf8mb4_unicode_ci;

--
-- Dumping data for table `sale_note_items`
--

SET autocommit=0;
INSERT INTO `sale_note_items` VALUES (1,1,925,'{\"stock\":50,\"id\":925,\"item_id\":925,\"full_description\":\"A000925 - IBUPROFENO JARABE (DOLITO)\",\"name\":null,\"second_name\":null,\"description\":\"IBUPROFENO JARABE (DOLITO)\",\"currency_type_id\":\"PEN\",\"internal_id\":\"A000925\",\"currency_type_symbol\":\"S\\/\",\"sale_unit_price\":\"10.00\",\"purchase_unit_price\":0,\"unit_type_id\":\"NIU\",\"aux_unit_type_id\":\"NIU\",\"sale_affectation_igv_type_id\":\"20\",\"purchase_affectation_igv_type_id\":\"20\",\"calculate_quantity\":false,\"has_igv\":true,\"is_set\":false,\"active\":1,\"edit_unit_price\":false,\"aux_quantity\":1,\"edit_sale_unit_price\":\"10.00\",\"aux_sale_unit_price\":\"10.00\",\"image_url\":\"https:\\/\\/pedrito.softlte.org.pe\\/logo\\/imagen-no-disponible.jpg\",\"warehouses\":[{\"warehouse_description\":\"Almac\\u00e9n Oficina Principal\",\"stock\":\"50.0000\"}],\"category_id\":0,\"sets\":[],\"unit_type\":[],\"category\":null,\"brand\":null,\"has_plastic_bag_taxes\":false,\"amount_plastic_bag_taxes\":\"0.10\",\"lots_group\":[],\"active_principle\":null,\"points\":null,\"payWithPoints\":false,\"generic\":1,\"location\":\"Est\",\"has_isc\":false,\"system_isc_type_id\":null,\"percentage_isc\":\"0.00\",\"stock_min\":\"1\",\"exchange_points\":false,\"quantity_of_points\":0,\"exchanged_for_points\":false,\"used_points_for_exchange\":null,\"original_affectation_igv_type_id\":\"20\",\"restrict_sale_cpe\":false,\"requires_prescription\":false,\"index\":0,\"unit_price\":\"10.00\",\"IdLoteSelected\":null}',1.0000,10.000000,'20',10.00,18.00,0.00,NULL,0.00,0.00,0.00,0.00,0.00,0.00,0.00,0.00,'01',10.000000,10.00,0.00,0.00,10.00,'[]','[]','[]',NULL,1106,NULL,NULL),(2,2,987,'{\"stock\":-1,\"id\":987,\"item_id\":987,\"full_description\":\"FRAMIDEX GOTAS\",\"name\":null,\"second_name\":null,\"description\":\"FRAMIDEX GOTAS\",\"currency_type_id\":\"PEN\",\"internal_id\":null,\"currency_type_symbol\":\"S\\/\",\"sale_unit_price\":\"12.00\",\"purchase_unit_price\":0,\"unit_type_id\":\"NIU\",\"aux_unit_type_id\":\"NIU\",\"sale_affectation_igv_type_id\":\"20\",\"purchase_affectation_igv_type_id\":\"10\",\"calculate_quantity\":false,\"has_igv\":true,\"is_set\":false,\"active\":1,\"edit_unit_price\":false,\"aux_quantity\":1,\"edit_sale_unit_price\":\"12.00\",\"aux_sale_unit_price\":\"12.00\",\"image_url\":\"https:\\/\\/pedrito.softlte.org.pe\\/logo\\/imagen-no-disponible.jpg\",\"warehouses\":[{\"warehouse_description\":\"Almac\\u00e9n Oficina Principal\",\"stock\":\"-1.0000\"}],\"category_id\":0,\"sets\":[],\"unit_type\":[],\"category\":null,\"brand\":null,\"has_plastic_bag_taxes\":false,\"amount_plastic_bag_taxes\":\"0.10\",\"lots_group\":[],\"active_principle\":null,\"points\":null,\"payWithPoints\":false,\"generic\":0,\"location\":null,\"has_isc\":false,\"system_isc_type_id\":null,\"percentage_isc\":\"0.00\",\"stock_min\":\"1\",\"exchange_points\":false,\"quantity_of_points\":0,\"exchanged_for_points\":false,\"used_points_for_exchange\":null,\"original_affectation_igv_type_id\":\"20\",\"restrict_sale_cpe\":false,\"requires_prescription\":false,\"index\":1,\"unit_price\":\"12.00\",\"IdLoteSelected\":null}',1.0000,12.000000,'20',12.00,18.00,0.00,NULL,0.00,0.00,0.00,0.00,0.00,0.00,0.00,0.00,'01',12.000000,12.00,0.00,0.00,12.00,'[]','[]','[]',NULL,1116,NULL,NULL),(3,3,659,'{\"stock\":49,\"id\":659,\"item_id\":659,\"full_description\":\"A000659 - ALGODON 25G\",\"name\":null,\"second_name\":null,\"description\":\"ALGODON 25G\",\"currency_type_id\":\"PEN\",\"internal_id\":\"A000659\",\"currency_type_symbol\":\"S\\/\",\"sale_unit_price\":\"2.00\",\"purchase_unit_price\":0,\"unit_type_id\":\"NIU\",\"aux_unit_type_id\":\"NIU\",\"sale_affectation_igv_type_id\":\"20\",\"purchase_affectation_igv_type_id\":\"20\",\"calculate_quantity\":false,\"has_igv\":true,\"is_set\":false,\"active\":1,\"edit_unit_price\":false,\"aux_quantity\":1,\"edit_sale_unit_price\":\"2.00\",\"aux_sale_unit_price\":\"2.00\",\"image_url\":\"https:\\/\\/pedrito.softlte.org.pe\\/logo\\/imagen-no-disponible.jpg\",\"warehouses\":[{\"warehouse_description\":\"Almac\\u00e9n Oficina Principal\",\"stock\":\"49.0000\"}],\"category_id\":0,\"sets\":[],\"unit_type\":[],\"category\":null,\"brand\":null,\"has_plastic_bag_taxes\":false,\"amount_plastic_bag_taxes\":\"0.10\",\"lots_group\":[],\"active_principle\":null,\"points\":null,\"payWithPoints\":false,\"generic\":1,\"location\":\"Est\",\"has_isc\":false,\"system_isc_type_id\":null,\"percentage_isc\":\"0.00\",\"stock_min\":\"1\",\"exchange_points\":false,\"quantity_of_points\":0,\"exchanged_for_points\":false,\"used_points_for_exchange\":null,\"original_affectation_igv_type_id\":\"20\",\"restrict_sale_cpe\":false,\"requires_prescription\":false,\"index\":1,\"unit_price\":\"2.00\",\"IdLoteSelected\":null}',1.0000,2.000000,'20',2.00,18.00,0.00,NULL,0.00,0.00,0.00,0.00,0.00,0.00,0.00,0.00,'01',2.000000,2.00,0.00,0.00,2.00,'[]','[]','[]',NULL,1142,NULL,NULL),(4,3,640,'{\"stock\":49,\"id\":640,\"item_id\":640,\"full_description\":\"A000640 - AGUA OXIGENADA FRASCO X 120ML\",\"name\":null,\"second_name\":null,\"description\":\"AGUA OXIGENADA FRASCO X 120ML\",\"currency_type_id\":\"PEN\",\"internal_id\":\"A000640\",\"currency_type_symbol\":\"S\\/\",\"sale_unit_price\":\"2.50\",\"purchase_unit_price\":0,\"unit_type_id\":\"NIU\",\"aux_unit_type_id\":\"NIU\",\"sale_affectation_igv_type_id\":\"20\",\"purchase_affectation_igv_type_id\":\"20\",\"calculate_quantity\":false,\"has_igv\":true,\"is_set\":false,\"active\":1,\"edit_unit_price\":false,\"aux_quantity\":1,\"edit_sale_unit_price\":\"2.50\",\"aux_sale_unit_price\":\"2.50\",\"image_url\":\"https:\\/\\/pedrito.softlte.org.pe\\/logo\\/imagen-no-disponible.jpg\",\"warehouses\":[{\"warehouse_description\":\"Almac\\u00e9n Oficina Principal\",\"stock\":\"49.0000\"}],\"category_id\":0,\"sets\":[],\"unit_type\":[],\"category\":null,\"brand\":null,\"has_plastic_bag_taxes\":false,\"amount_plastic_bag_taxes\":\"0.10\",\"lots_group\":[],\"active_principle\":null,\"points\":null,\"payWithPoints\":false,\"generic\":1,\"location\":\"Est\",\"has_isc\":false,\"system_isc_type_id\":null,\"percentage_isc\":\"0.00\",\"stock_min\":\"1\",\"exchange_points\":false,\"quantity_of_points\":0,\"exchanged_for_points\":false,\"used_points_for_exchange\":null,\"original_affectation_igv_type_id\":\"20\",\"restrict_sale_cpe\":false,\"requires_prescription\":false,\"index\":8,\"unit_price\":\"2.50\",\"IdLoteSelected\":null}',1.0000,2.500000,'20',2.50,18.00,0.00,NULL,0.00,0.00,0.00,0.00,0.00,0.00,0.00,0.00,'01',2.500000,2.50,0.00,0.00,2.50,'[]','[]','[]',NULL,1143,NULL,NULL),(5,3,96,'{\"stock\":50,\"id\":96,\"item_id\":96,\"full_description\":\"A000096 - ALCOHOL DE 96 X 120 ML\",\"name\":null,\"second_name\":null,\"description\":\"ALCOHOL DE 96 X 120 ML\",\"currency_type_id\":\"PEN\",\"internal_id\":\"A000096\",\"currency_type_symbol\":\"S\\/\",\"sale_unit_price\":\"2.50\",\"purchase_unit_price\":0,\"unit_type_id\":\"NIU\",\"aux_unit_type_id\":\"NIU\",\"sale_affectation_igv_type_id\":\"20\",\"purchase_affectation_igv_type_id\":\"20\",\"calculate_quantity\":false,\"has_igv\":true,\"is_set\":false,\"active\":1,\"edit_unit_price\":false,\"aux_quantity\":1,\"edit_sale_unit_price\":\"2.50\",\"aux_sale_unit_price\":\"2.50\",\"image_url\":\"https:\\/\\/pedrito.softlte.org.pe\\/logo\\/imagen-no-disponible.jpg\",\"warehouses\":[{\"warehouse_description\":\"Almac\\u00e9n Oficina Principal\",\"stock\":\"50.0000\"}],\"category_id\":0,\"sets\":[],\"unit_type\":[],\"category\":null,\"brand\":null,\"has_plastic_bag_taxes\":false,\"amount_plastic_bag_taxes\":\"0.10\",\"lots_group\":[],\"active_principle\":null,\"points\":null,\"payWithPoints\":false,\"generic\":1,\"location\":\"Est\",\"has_isc\":false,\"system_isc_type_id\":null,\"percentage_isc\":\"0.00\",\"stock_min\":\"1\",\"exchange_points\":false,\"quantity_of_points\":0,\"exchanged_for_points\":false,\"used_points_for_exchange\":null,\"original_affectation_igv_type_id\":\"20\",\"restrict_sale_cpe\":false,\"requires_prescription\":false,\"index\":0,\"unit_price\":\"2.50\",\"IdLoteSelected\":null}',1.0000,2.500000,'20',2.50,18.00,0.00,NULL,0.00,0.00,0.00,0.00,0.00,0.00,0.00,0.00,'01',2.500000,2.50,0.00,0.00,2.50,'[]','[]','[]',NULL,1144,NULL,NULL),(6,4,311,'{\"stock\":50,\"id\":311,\"item_id\":311,\"full_description\":\"A000311 - PIRALGINA 250MG\\/5ML\",\"name\":null,\"second_name\":null,\"description\":\"PIRALGINA 250MG\\/5ML\",\"currency_type_id\":\"PEN\",\"internal_id\":\"A000311\",\"currency_type_symbol\":\"S\\/\",\"sale_unit_price\":\"15.00\",\"purchase_unit_price\":0,\"unit_type_id\":\"NIU\",\"aux_unit_type_id\":\"NIU\",\"sale_affectation_igv_type_id\":\"20\",\"purchase_affectation_igv_type_id\":\"20\",\"calculate_quantity\":false,\"has_igv\":true,\"is_set\":false,\"active\":1,\"edit_unit_price\":false,\"aux_quantity\":1,\"edit_sale_unit_price\":\"15.00\",\"aux_sale_unit_price\":\"15.00\",\"image_url\":\"https:\\/\\/pedrito.softlte.org.pe\\/logo\\/imagen-no-disponible.jpg\",\"warehouses\":[{\"warehouse_description\":\"Almac\\u00e9n Oficina Principal\",\"stock\":\"50.0000\"}],\"category_id\":0,\"sets\":[],\"unit_type\":[],\"category\":null,\"brand\":null,\"has_plastic_bag_taxes\":false,\"amount_plastic_bag_taxes\":\"0.10\",\"lots_group\":[],\"active_principle\":null,\"points\":null,\"payWithPoints\":false,\"generic\":1,\"location\":\"Est\",\"has_isc\":false,\"system_isc_type_id\":null,\"percentage_isc\":\"0.00\",\"stock_min\":\"1\",\"exchange_points\":false,\"quantity_of_points\":0,\"exchanged_for_points\":false,\"used_points_for_exchange\":null,\"original_affectation_igv_type_id\":\"20\",\"restrict_sale_cpe\":false,\"requires_prescription\":false,\"index\":2,\"unit_price\":\"15.00\",\"IdLoteSelected\":null}',1.0000,15.000000,'20',15.00,18.00,0.00,NULL,0.00,0.00,0.00,0.00,0.00,0.00,0.00,0.00,'01',15.000000,15.00,0.00,0.00,15.00,'[]','[]','[]',NULL,1176,NULL,NULL),(7,4,1001,'{\"stock\":15,\"id\":1001,\"item_id\":1001,\"full_description\":\"azitromac susp\",\"name\":null,\"second_name\":null,\"description\":\"azitromac susp\",\"currency_type_id\":\"PEN\",\"internal_id\":null,\"currency_type_symbol\":\"S\\/\",\"sale_unit_price\":\"25.00\",\"purchase_unit_price\":0,\"unit_type_id\":\"NIU\",\"aux_unit_type_id\":\"NIU\",\"sale_affectation_igv_type_id\":\"20\",\"purchase_affectation_igv_type_id\":\"10\",\"calculate_quantity\":false,\"has_igv\":true,\"is_set\":false,\"active\":1,\"edit_unit_price\":false,\"aux_quantity\":1,\"edit_sale_unit_price\":\"25.00\",\"aux_sale_unit_price\":\"25.00\",\"image_url\":\"https:\\/\\/pedrito.softlte.org.pe\\/logo\\/imagen-no-disponible.jpg\",\"warehouses\":[{\"warehouse_description\":\"Almac\\u00e9n Oficina Principal\",\"stock\":\"15.0000\"}],\"category_id\":0,\"sets\":[],\"unit_type\":[],\"category\":null,\"brand\":null,\"has_plastic_bag_taxes\":false,\"amount_plastic_bag_taxes\":\"0.10\",\"lots_group\":[],\"active_principle\":null,\"points\":null,\"payWithPoints\":false,\"generic\":0,\"location\":null,\"has_isc\":false,\"system_isc_type_id\":null,\"percentage_isc\":\"0.00\",\"stock_min\":\"1\",\"exchange_points\":false,\"quantity_of_points\":0,\"exchanged_for_points\":false,\"used_points_for_exchange\":null,\"original_affectation_igv_type_id\":\"20\",\"restrict_sale_cpe\":false,\"requires_prescription\":false,\"index\":1,\"unit_price\":\"25.00\",\"IdLoteSelected\":null}',1.0000,25.000000,'20',25.00,18.00,0.00,NULL,0.00,0.00,0.00,0.00,0.00,0.00,0.00,0.00,'01',25.000000,25.00,0.00,0.00,25.00,'[]','[]','[]',NULL,1177,NULL,NULL),(8,5,217,'{\"stock\":49,\"id\":217,\"item_id\":217,\"full_description\":\"A000217 - CEFROM SUSP 100ML\",\"name\":null,\"second_name\":null,\"description\":\"CEFROM SUSP 100ML\",\"currency_type_id\":\"PEN\",\"internal_id\":\"A000217\",\"currency_type_symbol\":\"S\\/\",\"sale_unit_price\":\"65.00\",\"purchase_unit_price\":0,\"unit_type_id\":\"NIU\",\"aux_unit_type_id\":\"NIU\",\"sale_affectation_igv_type_id\":\"20\",\"purchase_affectation_igv_type_id\":\"20\",\"calculate_quantity\":false,\"has_igv\":true,\"is_set\":false,\"active\":1,\"edit_unit_price\":false,\"aux_quantity\":\"2\",\"edit_sale_unit_price\":\"65.00\",\"aux_sale_unit_price\":\"65.00\",\"image_url\":\"https:\\/\\/pedrito.softlte.org.pe\\/logo\\/imagen-no-disponible.jpg\",\"warehouses\":[{\"warehouse_description\":\"Almac\\u00e9n Oficina Principal\",\"stock\":\"49.0000\"}],\"category_id\":0,\"sets\":[],\"unit_type\":[],\"category\":null,\"brand\":null,\"has_plastic_bag_taxes\":false,\"amount_plastic_bag_taxes\":\"0.10\",\"lots_group\":[],\"active_principle\":null,\"points\":null,\"payWithPoints\":false,\"generic\":1,\"location\":\"Est\",\"has_isc\":false,\"system_isc_type_id\":null,\"percentage_isc\":\"0.00\",\"stock_min\":\"1\",\"exchange_points\":false,\"quantity_of_points\":0,\"exchanged_for_points\":false,\"used_points_for_exchange\":null,\"original_affectation_igv_type_id\":\"20\",\"restrict_sale_cpe\":false,\"requires_prescription\":false,\"index\":0,\"unit_price\":\"65.00\",\"IdLoteSelected\":null}',2.0000,65.000000,'20',130.00,18.00,0.00,NULL,0.00,0.00,0.00,0.00,0.00,0.00,0.00,0.00,'01',65.000000,130.00,0.00,0.00,130.00,'[]','[]','[]',NULL,1188,NULL,NULL),(9,5,159,'{\"stock\":49,\"id\":159,\"item_id\":159,\"full_description\":\"A000159 - MUCOVIT HRS JARABE X\",\"name\":null,\"second_name\":null,\"description\":\"MUCOVIT HRS JARABE X\",\"currency_type_id\":\"PEN\",\"internal_id\":\"A000159\",\"currency_type_symbol\":\"S\\/\",\"sale_unit_price\":\"28.00\",\"purchase_unit_price\":0,\"unit_type_id\":\"NIU\",\"aux_unit_type_id\":\"NIU\",\"sale_affectation_igv_type_id\":\"20\",\"purchase_affectation_igv_type_id\":\"20\",\"calculate_quantity\":false,\"has_igv\":true,\"is_set\":false,\"active\":1,\"edit_unit_price\":false,\"aux_quantity\":\"2\",\"edit_sale_unit_price\":\"28.00\",\"aux_sale_unit_price\":\"28.00\",\"image_url\":\"https:\\/\\/pedrito.softlte.org.pe\\/logo\\/imagen-no-disponible.jpg\",\"warehouses\":[{\"warehouse_description\":\"Almac\\u00e9n Oficina Principal\",\"stock\":\"49.0000\"}],\"category_id\":0,\"sets\":[],\"unit_type\":[],\"category\":null,\"brand\":null,\"has_plastic_bag_taxes\":false,\"amount_plastic_bag_taxes\":\"0.10\",\"lots_group\":[],\"active_principle\":null,\"points\":null,\"payWithPoints\":false,\"generic\":1,\"location\":\"Est\",\"has_isc\":false,\"system_isc_type_id\":null,\"percentage_isc\":\"0.00\",\"stock_min\":\"1\",\"exchange_points\":false,\"quantity_of_points\":0,\"exchanged_for_points\":false,\"used_points_for_exchange\":null,\"original_affectation_igv_type_id\":\"20\",\"restrict_sale_cpe\":false,\"requires_prescription\":false,\"index\":0,\"unit_price\":\"28.00\",\"IdLoteSelected\":null}',2.0000,28.000000,'20',56.00,18.00,0.00,NULL,0.00,0.00,0.00,0.00,0.00,0.00,0.00,0.00,'01',28.000000,56.00,0.00,0.00,56.00,'[]','[]','[]',NULL,1189,NULL,NULL),(10,5,26,'{\"stock\":50,\"id\":26,\"item_id\":26,\"full_description\":\"A000026 - BABY GARDY PA\\u00d1ITOS\",\"name\":null,\"second_name\":null,\"description\":\"BABY GARDY PA\\u00d1ITOS\",\"currency_type_id\":\"PEN\",\"internal_id\":\"A000026\",\"currency_type_symbol\":\"S\\/\",\"sale_unit_price\":\"8.00\",\"purchase_unit_price\":0,\"unit_type_id\":\"NIU\",\"aux_unit_type_id\":\"NIU\",\"sale_affectation_igv_type_id\":\"20\",\"purchase_affectation_igv_type_id\":\"20\",\"calculate_quantity\":false,\"has_igv\":true,\"is_set\":false,\"active\":1,\"edit_unit_price\":false,\"aux_quantity\":\"6\",\"edit_sale_unit_price\":\"8.00\",\"aux_sale_unit_price\":\"8.00\",\"image_url\":\"https:\\/\\/pedrito.softlte.org.pe\\/logo\\/imagen-no-disponible.jpg\",\"warehouses\":[{\"warehouse_description\":\"Almac\\u00e9n Oficina Principal\",\"stock\":\"50.0000\"}],\"category_id\":0,\"sets\":[],\"unit_type\":[],\"category\":null,\"brand\":null,\"has_plastic_bag_taxes\":false,\"amount_plastic_bag_taxes\":\"0.10\",\"lots_group\":[],\"active_principle\":null,\"points\":null,\"payWithPoints\":false,\"generic\":1,\"location\":\"Est\",\"has_isc\":false,\"system_isc_type_id\":null,\"percentage_isc\":\"0.00\",\"stock_min\":\"1\",\"exchange_points\":false,\"quantity_of_points\":0,\"exchanged_for_points\":false,\"used_points_for_exchange\":null,\"original_affectation_igv_type_id\":\"20\",\"restrict_sale_cpe\":false,\"requires_prescription\":false,\"index\":0,\"unit_price\":\"8.00\",\"IdLoteSelected\":null}',6.0000,8.000000,'20',48.00,18.00,0.00,NULL,0.00,0.00,0.00,0.00,0.00,0.00,0.00,0.00,'01',8.000000,48.00,0.00,0.00,48.00,'[]','[]','[]',NULL,1190,NULL,NULL),(11,5,247,'{\"stock\":50,\"id\":247,\"item_id\":247,\"full_description\":\"A000247 - PANADOL JARABE SABOR\",\"name\":null,\"second_name\":null,\"description\":\"PANADOL JARABE SABOR\",\"currency_type_id\":\"PEN\",\"internal_id\":\"A000247\",\"currency_type_symbol\":\"S\\/\",\"sale_unit_price\":\"19.00\",\"purchase_unit_price\":0,\"unit_type_id\":\"NIU\",\"aux_unit_type_id\":\"NIU\",\"sale_affectation_igv_type_id\":\"20\",\"purchase_affectation_igv_type_id\":\"20\",\"calculate_quantity\":false,\"has_igv\":true,\"is_set\":false,\"active\":1,\"edit_unit_price\":false,\"aux_quantity\":\"2\",\"edit_sale_unit_price\":\"19.00\",\"aux_sale_unit_price\":\"19.00\",\"image_url\":\"https:\\/\\/pedrito.softlte.org.pe\\/logo\\/imagen-no-disponible.jpg\",\"warehouses\":[{\"warehouse_description\":\"Almac\\u00e9n Oficina Principal\",\"stock\":\"50.0000\"}],\"category_id\":0,\"sets\":[],\"unit_type\":[],\"category\":null,\"brand\":null,\"has_plastic_bag_taxes\":false,\"amount_plastic_bag_taxes\":\"0.10\",\"lots_group\":[],\"active_principle\":null,\"points\":null,\"payWithPoints\":false,\"generic\":1,\"location\":\"Est\",\"has_isc\":false,\"system_isc_type_id\":null,\"percentage_isc\":\"0.00\",\"stock_min\":\"1\",\"exchange_points\":false,\"quantity_of_points\":0,\"exchanged_for_points\":false,\"used_points_for_exchange\":null,\"original_affectation_igv_type_id\":\"20\",\"restrict_sale_cpe\":false,\"requires_prescription\":false,\"index\":0,\"unit_price\":\"19.00\",\"IdLoteSelected\":null}',2.0000,19.000000,'20',38.00,18.00,0.00,NULL,0.00,0.00,0.00,0.00,0.00,0.00,0.00,0.00,'01',19.000000,38.00,0.00,0.00,38.00,'[]','[]','[]',NULL,1191,NULL,NULL),(12,5,978,'{\"stock\":-1,\"id\":978,\"item_id\":978,\"full_description\":\"BIOGAIA ( suspencion oral)\",\"name\":null,\"second_name\":null,\"description\":\"BIOGAIA ( suspencion oral)\",\"currency_type_id\":\"PEN\",\"internal_id\":null,\"currency_type_symbol\":\"S\\/\",\"sale_unit_price\":\"75.00\",\"purchase_unit_price\":0,\"unit_type_id\":\"NIU\",\"aux_unit_type_id\":\"NIU\",\"sale_affectation_igv_type_id\":\"20\",\"purchase_affectation_igv_type_id\":\"10\",\"calculate_quantity\":false,\"has_igv\":true,\"is_set\":false,\"active\":1,\"edit_unit_price\":false,\"aux_quantity\":1,\"edit_sale_unit_price\":\"75.00\",\"aux_sale_unit_price\":\"75.00\",\"image_url\":\"https:\\/\\/pedrito.softlte.org.pe\\/logo\\/imagen-no-disponible.jpg\",\"warehouses\":[{\"warehouse_description\":\"Almac\\u00e9n Oficina Principal\",\"stock\":\"-1.0000\"}],\"category_id\":0,\"sets\":[],\"unit_type\":[],\"category\":null,\"brand\":null,\"has_plastic_bag_taxes\":false,\"amount_plastic_bag_taxes\":\"0.10\",\"lots_group\":[],\"active_principle\":null,\"points\":null,\"payWithPoints\":false,\"generic\":0,\"location\":null,\"has_isc\":false,\"system_isc_type_id\":null,\"percentage_isc\":\"0.00\",\"stock_min\":\"1\",\"exchange_points\":false,\"quantity_of_points\":0,\"exchanged_for_points\":false,\"used_points_for_exchange\":null,\"original_affectation_igv_type_id\":\"20\",\"restrict_sale_cpe\":false,\"requires_prescription\":false,\"index\":0,\"unit_price\":\"75.00\",\"IdLoteSelected\":null}',1.0000,75.000000,'20',75.00,18.00,0.00,NULL,0.00,0.00,0.00,0.00,0.00,0.00,0.00,0.00,'01',75.000000,75.00,0.00,0.00,75.00,'[]','[]','[]',NULL,1192,NULL,NULL),(13,5,560,'{\"stock\":50,\"id\":560,\"item_id\":560,\"full_description\":\"A000560 - PARACETAMOL JARABE KIDS\",\"name\":null,\"second_name\":null,\"description\":\"PARACETAMOL JARABE KIDS\",\"currency_type_id\":\"PEN\",\"internal_id\":\"A000560\",\"currency_type_symbol\":\"S\\/\",\"sale_unit_price\":\"8.00\",\"purchase_unit_price\":0,\"unit_type_id\":\"NIU\",\"aux_unit_type_id\":\"NIU\",\"sale_affectation_igv_type_id\":\"20\",\"purchase_affectation_igv_type_id\":\"20\",\"calculate_quantity\":false,\"has_igv\":true,\"is_set\":false,\"active\":1,\"edit_unit_price\":false,\"aux_quantity\":1,\"edit_sale_unit_price\":\"8.00\",\"aux_sale_unit_price\":\"8.00\",\"image_url\":\"https:\\/\\/pedrito.softlte.org.pe\\/logo\\/imagen-no-disponible.jpg\",\"warehouses\":[{\"warehouse_description\":\"Almac\\u00e9n Oficina Principal\",\"stock\":\"50.0000\"}],\"category_id\":0,\"sets\":[],\"unit_type\":[],\"category\":null,\"brand\":null,\"has_plastic_bag_taxes\":false,\"amount_plastic_bag_taxes\":\"0.10\",\"lots_group\":[],\"active_principle\":null,\"points\":null,\"payWithPoints\":false,\"generic\":1,\"location\":\"Est\",\"has_isc\":false,\"system_isc_type_id\":null,\"percentage_isc\":\"0.00\",\"stock_min\":\"1\",\"exchange_points\":false,\"quantity_of_points\":0,\"exchanged_for_points\":false,\"used_points_for_exchange\":null,\"original_affectation_igv_type_id\":\"20\",\"restrict_sale_cpe\":false,\"requires_prescription\":false,\"index\":4,\"unit_price\":\"8.00\",\"IdLoteSelected\":null}',1.0000,8.000000,'20',8.00,18.00,0.00,NULL,0.00,0.00,0.00,0.00,0.00,0.00,0.00,0.00,'01',8.000000,8.00,0.00,0.00,8.00,'[]','[]','[]',NULL,1193,NULL,NULL),(14,6,366,'{\"stock\":50,\"id\":366,\"item_id\":366,\"full_description\":\"A000366 - HEPABIONTA FORTE CAP X\",\"name\":null,\"second_name\":null,\"description\":\"HEPABIONTA FORTE CAP X\",\"currency_type_id\":\"PEN\",\"internal_id\":\"A000366\",\"currency_type_symbol\":\"S\\/\",\"sale_unit_price\":\"3.00\",\"purchase_unit_price\":0,\"unit_type_id\":\"NIU\",\"aux_unit_type_id\":\"NIU\",\"sale_affectation_igv_type_id\":\"20\",\"purchase_affectation_igv_type_id\":\"20\",\"calculate_quantity\":false,\"has_igv\":true,\"is_set\":false,\"active\":1,\"edit_unit_price\":false,\"aux_quantity\":\"3\",\"edit_sale_unit_price\":\"3.00\",\"aux_sale_unit_price\":\"3.00\",\"image_url\":\"https:\\/\\/pedrito.softlte.org.pe\\/logo\\/imagen-no-disponible.jpg\",\"warehouses\":[{\"warehouse_description\":\"Almac\\u00e9n Oficina Principal\",\"stock\":\"50.0000\"}],\"category_id\":0,\"sets\":[],\"unit_type\":[],\"category\":null,\"brand\":null,\"has_plastic_bag_taxes\":false,\"amount_plastic_bag_taxes\":\"0.10\",\"lots_group\":[],\"active_principle\":null,\"points\":null,\"payWithPoints\":false,\"generic\":1,\"location\":\"Est\",\"has_isc\":false,\"system_isc_type_id\":null,\"percentage_isc\":\"0.00\",\"stock_min\":\"1\",\"exchange_points\":false,\"quantity_of_points\":0,\"exchanged_for_points\":false,\"used_points_for_exchange\":null,\"original_affectation_igv_type_id\":\"20\",\"restrict_sale_cpe\":false,\"requires_prescription\":false,\"index\":3,\"unit_price\":\"3.00\",\"IdLoteSelected\":null}',3.0000,3.000000,'20',9.00,18.00,0.00,NULL,0.00,0.00,0.00,0.00,0.00,0.00,0.00,0.00,'01',3.000000,9.00,0.00,0.00,9.00,'[]','[]','[]',NULL,1303,NULL,NULL),(15,6,253,'{\"stock\":50,\"id\":253,\"item_id\":253,\"full_description\":\"A000253 - ABUBRON-AB CAP X 100 UNID\",\"name\":null,\"second_name\":null,\"description\":\"ABUBRON-AB CAP X 100 UNID\",\"currency_type_id\":\"PEN\",\"internal_id\":\"A000253\",\"currency_type_symbol\":\"S\\/\",\"sale_unit_price\":\"2.00\",\"purchase_unit_price\":0,\"unit_type_id\":\"NIU\",\"aux_unit_type_id\":\"NIU\",\"sale_affectation_igv_type_id\":\"20\",\"purchase_affectation_igv_type_id\":\"20\",\"calculate_quantity\":false,\"has_igv\":true,\"is_set\":false,\"active\":1,\"edit_unit_price\":false,\"aux_quantity\":\"4\",\"edit_sale_unit_price\":\"2.00\",\"aux_sale_unit_price\":\"2.00\",\"image_url\":\"https:\\/\\/pedrito.softlte.org.pe\\/logo\\/imagen-no-disponible.jpg\",\"warehouses\":[{\"warehouse_description\":\"Almac\\u00e9n Oficina Principal\",\"stock\":\"50.0000\"}],\"category_id\":0,\"sets\":[],\"unit_type\":[],\"category\":null,\"brand\":null,\"has_plastic_bag_taxes\":false,\"amount_plastic_bag_taxes\":\"0.10\",\"lots_group\":[],\"active_principle\":null,\"points\":null,\"payWithPoints\":false,\"generic\":1,\"location\":\"Est\",\"has_isc\":false,\"system_isc_type_id\":null,\"percentage_isc\":\"0.00\",\"stock_min\":\"1\",\"exchange_points\":false,\"quantity_of_points\":0,\"exchanged_for_points\":false,\"used_points_for_exchange\":null,\"original_affectation_igv_type_id\":\"20\",\"restrict_sale_cpe\":false,\"requires_prescription\":false,\"index\":0,\"unit_price\":\"2.00\",\"IdLoteSelected\":null}',4.0000,2.000000,'20',8.00,18.00,0.00,NULL,0.00,0.00,0.00,0.00,0.00,0.00,0.00,0.00,'01',2.000000,8.00,0.00,0.00,8.00,'[]','[]','[]',NULL,1304,NULL,NULL),(16,6,300,'{\"stock\":50,\"id\":300,\"item_id\":300,\"full_description\":\"A000300 - GRIP-10-TABLETAS\",\"name\":null,\"second_name\":null,\"description\":\"GRIP-10-TABLETAS\",\"currency_type_id\":\"PEN\",\"internal_id\":\"A000300\",\"currency_type_symbol\":\"S\\/\",\"sale_unit_price\":\"1.50\",\"purchase_unit_price\":0,\"unit_type_id\":\"NIU\",\"aux_unit_type_id\":\"NIU\",\"sale_affectation_igv_type_id\":\"20\",\"purchase_affectation_igv_type_id\":\"20\",\"calculate_quantity\":false,\"has_igv\":true,\"is_set\":false,\"active\":1,\"edit_unit_price\":false,\"aux_quantity\":\"4\",\"edit_sale_unit_price\":\"1.50\",\"aux_sale_unit_price\":\"1.50\",\"image_url\":\"https:\\/\\/pedrito.softlte.org.pe\\/logo\\/imagen-no-disponible.jpg\",\"warehouses\":[{\"warehouse_description\":\"Almac\\u00e9n Oficina Principal\",\"stock\":\"50.0000\"}],\"category_id\":0,\"sets\":[],\"unit_type\":[],\"category\":null,\"brand\":null,\"has_plastic_bag_taxes\":false,\"amount_plastic_bag_taxes\":\"0.10\",\"lots_group\":[],\"active_principle\":null,\"points\":null,\"payWithPoints\":false,\"generic\":1,\"location\":\"Est\",\"has_isc\":false,\"system_isc_type_id\":null,\"percentage_isc\":\"0.00\",\"stock_min\":\"1\",\"exchange_points\":false,\"quantity_of_points\":0,\"exchanged_for_points\":false,\"used_points_for_exchange\":null,\"original_affectation_igv_type_id\":\"20\",\"restrict_sale_cpe\":false,\"requires_prescription\":false,\"index\":5,\"unit_price\":\"1.50\",\"IdLoteSelected\":null}',4.0000,1.500000,'20',6.00,18.00,0.00,NULL,0.00,0.00,0.00,0.00,0.00,0.00,0.00,0.00,'01',1.500000,6.00,0.00,0.00,6.00,'[]','[]','[]',NULL,1305,NULL,NULL),(17,6,337,'{\"stock\":50,\"id\":337,\"item_id\":337,\"full_description\":\"A000337 - SAL DE ANDREWS VERDE X\",\"name\":null,\"second_name\":null,\"description\":\"SAL DE ANDREWS VERDE X\",\"currency_type_id\":\"PEN\",\"internal_id\":\"A000337\",\"currency_type_symbol\":\"S\\/\",\"sale_unit_price\":\"0.80\",\"purchase_unit_price\":0,\"unit_type_id\":\"NIU\",\"aux_unit_type_id\":\"NIU\",\"sale_affectation_igv_type_id\":\"20\",\"purchase_affectation_igv_type_id\":\"20\",\"calculate_quantity\":false,\"has_igv\":true,\"is_set\":false,\"active\":1,\"edit_unit_price\":false,\"aux_quantity\":\"6\",\"edit_sale_unit_price\":\"0.80\",\"aux_sale_unit_price\":\"0.80\",\"image_url\":\"https:\\/\\/pedrito.softlte.org.pe\\/logo\\/imagen-no-disponible.jpg\",\"warehouses\":[{\"warehouse_description\":\"Almac\\u00e9n Oficina Principal\",\"stock\":\"50.0000\"}],\"category_id\":0,\"sets\":[],\"unit_type\":[],\"category\":null,\"brand\":null,\"has_plastic_bag_taxes\":false,\"amount_plastic_bag_taxes\":\"0.10\",\"lots_group\":[],\"active_principle\":null,\"points\":null,\"payWithPoints\":false,\"generic\":1,\"location\":\"Est\",\"has_isc\":false,\"system_isc_type_id\":null,\"percentage_isc\":\"0.00\",\"stock_min\":\"1\",\"exchange_points\":false,\"quantity_of_points\":0,\"exchanged_for_points\":false,\"used_points_for_exchange\":null,\"original_affectation_igv_type_id\":\"20\",\"restrict_sale_cpe\":false,\"requires_prescription\":false,\"index\":1,\"unit_price\":\"0.80\",\"IdLoteSelected\":null}',6.0000,0.800000,'20',4.80,18.00,0.00,NULL,0.00,0.00,0.00,0.00,0.00,0.00,0.00,0.00,'01',0.800000,4.80,0.00,0.00,4.80,'[]','[]','[]',NULL,1306,NULL,NULL),(18,7,10,'{\"stock\":50,\"id\":10,\"item_id\":10,\"full_description\":\"A000010 - REPELENTE FLORESTA\",\"name\":null,\"second_name\":null,\"description\":\"REPELENTE FLORESTA\",\"currency_type_id\":\"PEN\",\"internal_id\":\"A000010\",\"currency_type_symbol\":\"S\\/\",\"sale_unit_price\":\"16.00\",\"purchase_unit_price\":0,\"unit_type_id\":\"NIU\",\"aux_unit_type_id\":\"NIU\",\"sale_affectation_igv_type_id\":\"20\",\"purchase_affectation_igv_type_id\":\"20\",\"calculate_quantity\":false,\"has_igv\":true,\"is_set\":false,\"active\":1,\"edit_unit_price\":false,\"aux_quantity\":1,\"edit_sale_unit_price\":\"16.00\",\"aux_sale_unit_price\":\"16.00\",\"image_url\":\"https:\\/\\/pedrito.softlte.org.pe\\/logo\\/imagen-no-disponible.jpg\",\"warehouses\":[{\"warehouse_description\":\"Almac\\u00e9n Oficina Principal\",\"stock\":\"50.0000\"}],\"category_id\":0,\"sets\":[],\"unit_type\":[],\"category\":null,\"brand\":null,\"has_plastic_bag_taxes\":false,\"amount_plastic_bag_taxes\":\"0.10\",\"lots_group\":[],\"active_principle\":null,\"points\":null,\"payWithPoints\":false,\"generic\":1,\"location\":\"Est\",\"has_isc\":false,\"system_isc_type_id\":null,\"percentage_isc\":\"0.00\",\"stock_min\":\"1\",\"exchange_points\":false,\"quantity_of_points\":0,\"exchanged_for_points\":false,\"used_points_for_exchange\":null,\"original_affectation_igv_type_id\":\"20\",\"restrict_sale_cpe\":false,\"requires_prescription\":false,\"index\":1,\"unit_price\":\"16.00\",\"IdLoteSelected\":null}',1.0000,16.000000,'20',16.00,18.00,0.00,NULL,0.00,0.00,0.00,0.00,0.00,0.00,0.00,0.00,'01',16.000000,16.00,0.00,0.00,16.00,'[]','[]','[]',NULL,1355,NULL,NULL),(19,7,393,'{\"stock\":49,\"id\":393,\"item_id\":393,\"full_description\":\"A000393 - LECHE DE MAGNESIA KIDS X\",\"name\":null,\"second_name\":null,\"description\":\"LECHE DE MAGNESIA KIDS X\",\"currency_type_id\":\"PEN\",\"internal_id\":\"A000393\",\"currency_type_symbol\":\"S\\/\",\"sale_unit_price\":\"10.00\",\"purchase_unit_price\":0,\"unit_type_id\":\"NIU\",\"aux_unit_type_id\":\"NIU\",\"sale_affectation_igv_type_id\":\"20\",\"purchase_affectation_igv_type_id\":\"20\",\"calculate_quantity\":false,\"has_igv\":true,\"is_set\":false,\"active\":1,\"edit_unit_price\":false,\"aux_quantity\":\"1\",\"edit_sale_unit_price\":\"10.00\",\"aux_sale_unit_price\":\"10.00\",\"image_url\":\"https:\\/\\/pedrito.softlte.org.pe\\/logo\\/imagen-no-disponible.jpg\",\"warehouses\":[{\"warehouse_description\":\"Almac\\u00e9n Oficina Principal\",\"stock\":\"49.0000\"}],\"category_id\":0,\"sets\":[],\"unit_type\":[],\"category\":null,\"brand\":null,\"has_plastic_bag_taxes\":false,\"amount_plastic_bag_taxes\":\"0.10\",\"lots_group\":[],\"active_principle\":null,\"points\":null,\"payWithPoints\":false,\"generic\":1,\"location\":\"Est\",\"has_isc\":false,\"system_isc_type_id\":null,\"percentage_isc\":\"0.00\",\"stock_min\":\"1\",\"exchange_points\":false,\"quantity_of_points\":0,\"exchanged_for_points\":false,\"used_points_for_exchange\":null,\"original_affectation_igv_type_id\":\"20\",\"restrict_sale_cpe\":false,\"requires_prescription\":false,\"index\":0,\"unit_price\":\"10.00\",\"IdLoteSelected\":null}',1.0000,10.000000,'20',10.00,18.00,0.00,NULL,0.00,0.00,0.00,0.00,0.00,0.00,0.00,0.00,'01',10.000000,10.00,0.00,0.00,10.00,'[]','[]','[]',NULL,1356,NULL,NULL),(20,7,926,'{\"stock\":50,\"id\":926,\"item_id\":926,\"full_description\":\"A000926 - DIGERMIN 2000MILLONES AMP\",\"name\":null,\"second_name\":null,\"description\":\"DIGERMIN 2000MILLONES AMP\",\"currency_type_id\":\"PEN\",\"internal_id\":\"A000926\",\"currency_type_symbol\":\"S\\/\",\"sale_unit_price\":\"3.50\",\"purchase_unit_price\":0,\"unit_type_id\":\"NIU\",\"aux_unit_type_id\":\"NIU\",\"sale_affectation_igv_type_id\":\"20\",\"purchase_affectation_igv_type_id\":\"20\",\"calculate_quantity\":false,\"has_igv\":true,\"is_set\":false,\"active\":1,\"edit_unit_price\":false,\"aux_quantity\":\"10\",\"edit_sale_unit_price\":\"3.50\",\"aux_sale_unit_price\":\"3.50\",\"image_url\":\"https:\\/\\/pedrito.softlte.org.pe\\/logo\\/imagen-no-disponible.jpg\",\"warehouses\":[{\"warehouse_description\":\"Almac\\u00e9n Oficina Principal\",\"stock\":\"50.0000\"}],\"category_id\":0,\"sets\":[],\"unit_type\":[],\"category\":null,\"brand\":null,\"has_plastic_bag_taxes\":false,\"amount_plastic_bag_taxes\":\"0.10\",\"lots_group\":[],\"active_principle\":null,\"points\":null,\"payWithPoints\":false,\"generic\":1,\"location\":\"Est\",\"has_isc\":false,\"system_isc_type_id\":null,\"percentage_isc\":\"0.00\",\"stock_min\":\"1\",\"exchange_points\":false,\"quantity_of_points\":0,\"exchanged_for_points\":false,\"used_points_for_exchange\":null,\"original_affectation_igv_type_id\":\"20\",\"restrict_sale_cpe\":false,\"requires_prescription\":false,\"index\":1,\"unit_price\":\"3.50\",\"IdLoteSelected\":null}',10.0000,3.500000,'20',35.00,18.00,0.00,NULL,0.00,0.00,0.00,0.00,0.00,0.00,0.00,0.00,'01',3.500000,35.00,0.00,0.00,35.00,'[]','[]','[]',NULL,1357,NULL,NULL),(21,7,747,'{\"stock\":50,\"id\":747,\"item_id\":747,\"full_description\":\"A000747 - CEREGEN VIT 10 X 180ML JARABE\",\"name\":null,\"second_name\":null,\"description\":\"CEREGEN VIT 10 X 180ML JARABE\",\"currency_type_id\":\"PEN\",\"internal_id\":\"A000747\",\"currency_type_symbol\":\"S\\/\",\"sale_unit_price\":\"45.00\",\"purchase_unit_price\":0,\"unit_type_id\":\"NIU\",\"aux_unit_type_id\":\"NIU\",\"sale_affectation_igv_type_id\":\"20\",\"purchase_affectation_igv_type_id\":\"20\",\"calculate_quantity\":false,\"has_igv\":true,\"is_set\":false,\"active\":1,\"edit_unit_price\":false,\"aux_quantity\":1,\"edit_sale_unit_price\":\"45.00\",\"aux_sale_unit_price\":\"45.00\",\"image_url\":\"https:\\/\\/pedrito.softlte.org.pe\\/logo\\/imagen-no-disponible.jpg\",\"warehouses\":[{\"warehouse_description\":\"Almac\\u00e9n Oficina Principal\",\"stock\":\"50.0000\"}],\"category_id\":0,\"sets\":[],\"unit_type\":[],\"category\":null,\"brand\":null,\"has_plastic_bag_taxes\":false,\"amount_plastic_bag_taxes\":\"0.10\",\"lots_group\":[],\"active_principle\":null,\"points\":null,\"payWithPoints\":false,\"generic\":1,\"location\":\"Est\",\"has_isc\":false,\"system_isc_type_id\":null,\"percentage_isc\":\"0.00\",\"stock_min\":\"1\",\"exchange_points\":false,\"quantity_of_points\":0,\"exchanged_for_points\":false,\"used_points_for_exchange\":null,\"original_affectation_igv_type_id\":\"20\",\"restrict_sale_cpe\":false,\"requires_prescription\":false,\"index\":0,\"unit_price\":\"45.00\",\"IdLoteSelected\":null}',1.0000,45.000000,'20',45.00,18.00,0.00,NULL,0.00,0.00,0.00,0.00,0.00,0.00,0.00,0.00,'01',45.000000,45.00,0.00,0.00,45.00,'[]','[]','[]',NULL,1358,NULL,NULL);
COMMIT;

-- Dumped table `sale_note_items` with 21 row(s)
--

--
-- Table structure for table `sale_note_migration`
--

CREATE TABLE `sale_note_migration` (
  `id` int(10) unsigned NOT NULL AUTO_INCREMENT,
  `sale_notes_id` int(10) unsigned NOT NULL,
  `user_id` int(10) unsigned NOT NULL,
  `success` tinyint(3) unsigned NOT NULL DEFAULT 0,
  `url` varchar(255) NOT NULL,
  `remote_id` int(10) unsigned NOT NULL DEFAULT 0,
  `number` varchar(255) DEFAULT NULL,
  `data` longtext DEFAULT NULL,
  `created_at` timestamp NULL DEFAULT NULL,
  `updated_at` timestamp NULL DEFAULT NULL,
  PRIMARY KEY (`id`)
) ENGINE=InnoDB DEFAULT CHARSET=utf8mb4 COLLATE=utf8mb4_unicode_ci;

--
-- Dumping data for table `sale_note_migration`
--

SET autocommit=0;
COMMIT;

-- Dumped table `sale_note_migration` with 0 row(s)
--

--
-- Table structure for table `sale_note_payments`
--

CREATE TABLE `sale_note_payments` (
  `id` int(10) unsigned NOT NULL AUTO_INCREMENT,
  `sale_note_id` int(10) unsigned NOT NULL,
  `date_of_payment` date NOT NULL,
  `payment_method_type_id` char(2) NOT NULL,
  `has_card` tinyint(1) NOT NULL DEFAULT 0,
  `card_brand_id` char(2) DEFAULT NULL,
  `reference` varchar(255) DEFAULT NULL,
  `payment_received` tinyint(1) DEFAULT NULL,
  `change` decimal(12,2) DEFAULT NULL,
  `payment` decimal(12,2) NOT NULL,
  PRIMARY KEY (`id`),
  KEY `sale_note_payments_sale_note_id_foreign` (`sale_note_id`),
  KEY `sale_note_payments_card_brand_id_foreign` (`card_brand_id`),
  KEY `sale_note_payments_payment_method_type_id_foreign` (`payment_method_type_id`),
  KEY `sale_note_payments_date_of_payment_index` (`date_of_payment`),
  CONSTRAINT `sale_note_payments_card_brand_id_foreign` FOREIGN KEY (`card_brand_id`) REFERENCES `card_brands` (`id`),
  CONSTRAINT `sale_note_payments_payment_method_type_id_foreign` FOREIGN KEY (`payment_method_type_id`) REFERENCES `payment_method_types` (`id`),
  CONSTRAINT `sale_note_payments_sale_note_id_foreign` FOREIGN KEY (`sale_note_id`) REFERENCES `sale_notes` (`id`) ON DELETE CASCADE
) ENGINE=InnoDB AUTO_INCREMENT=8 DEFAULT CHARSET=utf8mb4 COLLATE=utf8mb4_unicode_ci;

--
-- Dumping data for table `sale_note_payments`
--

SET autocommit=0;
INSERT INTO `sale_note_payments` VALUES (1,1,'2026-01-27','01',0,NULL,NULL,NULL,NULL,10.00),(2,2,'2026-01-30','01',0,NULL,NULL,NULL,NULL,12.00),(3,3,'2026-02-03','01',0,NULL,NULL,NULL,NULL,7.00),(4,4,'2026-02-10','01',0,NULL,NULL,NULL,NULL,40.00),(5,5,'2026-02-17','01',0,NULL,NULL,NULL,NULL,355.00),(6,6,'2026-03-02','01',0,NULL,NULL,NULL,NULL,27.80),(7,7,'2026-03-19','01',0,NULL,NULL,NULL,NULL,106.00);
COMMIT;

-- Dumped table `sale_note_payments` with 7 row(s)
--

--
-- Table structure for table `sale_opportunities`
--

CREATE TABLE `sale_opportunities` (
  `id` int(10) unsigned NOT NULL AUTO_INCREMENT,
  `user_id` int(10) unsigned NOT NULL,
  `external_id` char(36) NOT NULL,
  `establishment_id` int(10) unsigned NOT NULL,
  `establishment` longtext CHARACTER SET utf8mb4 COLLATE utf8mb4_bin NOT NULL,
  `soap_type_id` char(2) NOT NULL,
  `state_type_id` char(2) NOT NULL,
  `prefix` varchar(255) NOT NULL,
  `date_of_issue` date NOT NULL,
  `time_of_issue` time NOT NULL,
  `customer_id` int(10) unsigned NOT NULL,
  `customer` longtext CHARACTER SET utf8mb4 COLLATE utf8mb4_bin NOT NULL,
  `currency_type_id` varchar(255) NOT NULL,
  `exchange_rate_sale` decimal(13,3) NOT NULL,
  `total_exportation` decimal(12,2) NOT NULL DEFAULT 0.00,
  `total_free` decimal(12,2) NOT NULL DEFAULT 0.00,
  `total_taxed` decimal(12,2) NOT NULL DEFAULT 0.00,
  `total_unaffected` decimal(12,2) NOT NULL DEFAULT 0.00,
  `total_exonerated` decimal(12,2) NOT NULL DEFAULT 0.00,
  `total_igv` decimal(12,2) NOT NULL DEFAULT 0.00,
  `total_taxes` decimal(12,2) NOT NULL DEFAULT 0.00,
  `total_value` decimal(12,2) NOT NULL DEFAULT 0.00,
  `total` decimal(12,2) NOT NULL,
  `filename` varchar(255) DEFAULT NULL,
  `detail` text DEFAULT NULL,
  `observation` text DEFAULT NULL,
  `created_at` timestamp NULL DEFAULT NULL,
  `updated_at` timestamp NULL DEFAULT NULL,
  PRIMARY KEY (`id`),
  KEY `sale_opportunities_user_id_foreign` (`user_id`),
  KEY `sale_opportunities_establishment_id_foreign` (`establishment_id`),
  KEY `sale_opportunities_customer_id_foreign` (`customer_id`),
  KEY `sale_opportunities_soap_type_id_foreign` (`soap_type_id`),
  KEY `sale_opportunities_state_type_id_foreign` (`state_type_id`),
  KEY `sale_opportunities_currency_type_id_foreign` (`currency_type_id`),
  CONSTRAINT `sale_opportunities_currency_type_id_foreign` FOREIGN KEY (`currency_type_id`) REFERENCES `cat_currency_types` (`id`),
  CONSTRAINT `sale_opportunities_customer_id_foreign` FOREIGN KEY (`customer_id`) REFERENCES `persons` (`id`),
  CONSTRAINT `sale_opportunities_establishment_id_foreign` FOREIGN KEY (`establishment_id`) REFERENCES `establishments` (`id`),
  CONSTRAINT `sale_opportunities_soap_type_id_foreign` FOREIGN KEY (`soap_type_id`) REFERENCES `soap_types` (`id`),
  CONSTRAINT `sale_opportunities_state_type_id_foreign` FOREIGN KEY (`state_type_id`) REFERENCES `state_types` (`id`),
  CONSTRAINT `sale_opportunities_user_id_foreign` FOREIGN KEY (`user_id`) REFERENCES `users` (`id`)
) ENGINE=InnoDB DEFAULT CHARSET=utf8mb4 COLLATE=utf8mb4_unicode_ci;

--
-- Dumping data for table `sale_opportunities`
--

SET autocommit=0;
COMMIT;

-- Dumped table `sale_opportunities` with 0 row(s)
--

--
-- Table structure for table `sale_opportunity_files`
--

CREATE TABLE `sale_opportunity_files` (
  `id` int(10) unsigned NOT NULL AUTO_INCREMENT,
  `sale_opportunity_id` int(10) unsigned NOT NULL,
  `filename` varchar(255) NOT NULL,
  PRIMARY KEY (`id`),
  KEY `sale_opportunity_files_sale_opportunity_id_foreign` (`sale_opportunity_id`),
  CONSTRAINT `sale_opportunity_files_sale_opportunity_id_foreign` FOREIGN KEY (`sale_opportunity_id`) REFERENCES `sale_opportunities` (`id`) ON DELETE CASCADE
) ENGINE=InnoDB DEFAULT CHARSET=utf8mb4 COLLATE=utf8mb4_unicode_ci;

--
-- Dumping data for table `sale_opportunity_files`
--

SET autocommit=0;
COMMIT;

-- Dumped table `sale_opportunity_files` with 0 row(s)
--

--
-- Table structure for table `sale_opportunity_items`
--

CREATE TABLE `sale_opportunity_items` (
  `id` int(10) unsigned NOT NULL AUTO_INCREMENT,
  `sale_opportunity_id` int(10) unsigned NOT NULL,
  `item_id` int(10) unsigned NOT NULL,
  `item` longtext CHARACTER SET utf8mb4 COLLATE utf8mb4_bin NOT NULL,
  `quantity` decimal(12,4) NOT NULL,
  `unit_value` decimal(16,6) NOT NULL,
  `affectation_igv_type_id` varchar(255) NOT NULL,
  `total_base_igv` decimal(12,2) NOT NULL,
  `percentage_igv` decimal(12,2) NOT NULL,
  `total_igv` decimal(12,2) NOT NULL,
  `total_taxes` decimal(12,2) NOT NULL,
  `price_type_id` varchar(255) NOT NULL,
  `unit_price` decimal(16,6) NOT NULL,
  `total_value` decimal(12,2) NOT NULL,
  `total_charge` decimal(12,2) NOT NULL DEFAULT 0.00,
  `total_discount` decimal(12,2) NOT NULL DEFAULT 0.00,
  `total` decimal(12,2) NOT NULL,
  `attributes` longtext CHARACTER SET utf8mb4 COLLATE utf8mb4_bin DEFAULT NULL,
  `discounts` longtext CHARACTER SET utf8mb4 COLLATE utf8mb4_bin DEFAULT NULL,
  `charges` longtext CHARACTER SET utf8mb4 COLLATE utf8mb4_bin DEFAULT NULL,
  PRIMARY KEY (`id`),
  KEY `sale_opportunity_items_sale_opportunity_id_foreign` (`sale_opportunity_id`),
  KEY `sale_opportunity_items_item_id_foreign` (`item_id`),
  KEY `sale_opportunity_items_affectation_igv_type_id_foreign` (`affectation_igv_type_id`),
  KEY `sale_opportunity_items_price_type_id_foreign` (`price_type_id`),
  CONSTRAINT `sale_opportunity_items_affectation_igv_type_id_foreign` FOREIGN KEY (`affectation_igv_type_id`) REFERENCES `cat_affectation_igv_types` (`id`),
  CONSTRAINT `sale_opportunity_items_item_id_foreign` FOREIGN KEY (`item_id`) REFERENCES `items` (`id`),
  CONSTRAINT `sale_opportunity_items_price_type_id_foreign` FOREIGN KEY (`price_type_id`) REFERENCES `cat_price_types` (`id`),
  CONSTRAINT `sale_opportunity_items_sale_opportunity_id_foreign` FOREIGN KEY (`sale_opportunity_id`) REFERENCES `sale_opportunities` (`id`) ON DELETE CASCADE
) ENGINE=InnoDB DEFAULT CHARSET=utf8mb4 COLLATE=utf8mb4_unicode_ci;

--
-- Dumping data for table `sale_opportunity_items`
--

SET autocommit=0;
COMMIT;

-- Dumped table `sale_opportunity_items` with 0 row(s)
--

--
-- Table structure for table `series`
--

CREATE TABLE `series` (
  `id` int(10) unsigned NOT NULL AUTO_INCREMENT,
  `establishment_id` int(10) unsigned NOT NULL,
  `document_type_id` varchar(255) NOT NULL,
  `number` varchar(255) NOT NULL,
  `contingency` tinyint(1) NOT NULL DEFAULT 0,
  `created_at` timestamp NULL DEFAULT NULL,
  `updated_at` timestamp NULL DEFAULT NULL,
  PRIMARY KEY (`id`),
  KEY `series_establishment_id_foreign` (`establishment_id`),
  KEY `series_document_type_id_foreign` (`document_type_id`),
  CONSTRAINT `series_document_type_id_foreign` FOREIGN KEY (`document_type_id`) REFERENCES `cat_document_types` (`id`),
  CONSTRAINT `series_establishment_id_foreign` FOREIGN KEY (`establishment_id`) REFERENCES `establishments` (`id`)
) ENGINE=InnoDB AUTO_INCREMENT=15 DEFAULT CHARSET=utf8mb4 COLLATE=utf8mb4_unicode_ci;

--
-- Dumping data for table `series`
--

SET autocommit=0;
INSERT INTO `series` VALUES (1,1,'01','F001',0,NULL,NULL),(2,1,'03','B001',0,NULL,NULL),(3,1,'07','FC01',0,NULL,NULL),(4,1,'07','BC01',0,NULL,NULL),(5,1,'08','FD01',0,NULL,NULL),(6,1,'08','BD01',0,NULL,NULL),(7,1,'20','R001',0,NULL,NULL),(8,1,'09','T001',0,NULL,NULL),(9,1,'40','P001',0,NULL,NULL),(10,1,'80','NV01',0,NULL,NULL),(11,1,'04','L001',0,NULL,NULL),(12,1,'U2','NIA1',0,NULL,NULL),(13,1,'U3','NSA1',0,NULL,NULL),(14,1,'U4','NTA1',0,NULL,NULL);
COMMIT;

-- Dumped table `series` with 14 row(s)
--

--
-- Table structure for table `series_configurations`
--

CREATE TABLE `series_configurations` (
  `id` int(10) unsigned NOT NULL AUTO_INCREMENT,
  `series_id` int(10) unsigned NOT NULL,
  `document_type_id` varchar(255) NOT NULL,
  `series` varchar(255) NOT NULL,
  `number` varchar(255) NOT NULL,
  `created_at` timestamp NULL DEFAULT NULL,
  `updated_at` timestamp NULL DEFAULT NULL,
  PRIMARY KEY (`id`),
  KEY `series_configurations_series_id_foreign` (`series_id`),
  KEY `series_configurations_series_index` (`series`),
  KEY `series_configurations_number_index` (`number`),
  KEY `series_configurations_document_type_id_foreign` (`document_type_id`),
  CONSTRAINT `series_configurations_document_type_id_foreign` FOREIGN KEY (`document_type_id`) REFERENCES `cat_document_types` (`id`),
  CONSTRAINT `series_configurations_series_id_foreign` FOREIGN KEY (`series_id`) REFERENCES `series` (`id`)
) ENGINE=InnoDB AUTO_INCREMENT=3 DEFAULT CHARSET=utf8mb4 COLLATE=utf8mb4_unicode_ci;

--
-- Dumping data for table `series_configurations`
--

SET autocommit=0;
INSERT INTO `series_configurations` VALUES (1,2,'03','B001','253','2025-12-27 20:50:16','2025-12-27 20:50:16'),(2,1,'01','F001','17','2025-12-27 20:50:33','2025-12-27 20:50:33');
COMMIT;

-- Dumped table `series_configurations` with 2 row(s)
--

--
-- Table structure for table `skins`
--

CREATE TABLE `skins` (
  `id` int(10) unsigned NOT NULL AUTO_INCREMENT,
  `name` varchar(255) NOT NULL,
  `filename` varchar(255) NOT NULL,
  `status` tinyint(1) NOT NULL DEFAULT 1,
  `created_at` timestamp NULL DEFAULT NULL,
  `updated_at` timestamp NULL DEFAULT NULL,
  PRIMARY KEY (`id`)
) ENGINE=InnoDB AUTO_INCREMENT=3 DEFAULT CHARSET=utf8mb4 COLLATE=utf8mb4_unicode_ci;

--
-- Dumping data for table `skins`
--

SET autocommit=0;
INSERT INTO `skins` VALUES (1,'Default','default.css',1,NULL,NULL),(2,'Light','light.css',1,NULL,NULL);
COMMIT;

-- Dumped table `skins` with 2 row(s)
--

--
-- Table structure for table `soap_types`
--

CREATE TABLE `soap_types` (
  `id` char(2) NOT NULL,
  `description` varchar(255) NOT NULL,
  KEY `soap_types_id_index` (`id`)
) ENGINE=InnoDB DEFAULT CHARSET=utf8mb4 COLLATE=utf8mb4_unicode_ci;

--
-- Dumping data for table `soap_types`
--

SET autocommit=0;
INSERT INTO `soap_types` VALUES ('01','Demo'),('02','Producción'),('03','Interno');
COMMIT;

-- Dumped table `soap_types` with 3 row(s)
--

--
-- Table structure for table `state_types`
--

CREATE TABLE `state_types` (
  `id` char(2) NOT NULL,
  `description` varchar(255) NOT NULL,
  KEY `state_types_id_index` (`id`)
) ENGINE=InnoDB DEFAULT CHARSET=utf8mb4 COLLATE=utf8mb4_unicode_ci;

--
-- Dumping data for table `state_types`
--

SET autocommit=0;
INSERT INTO `state_types` VALUES ('01','Registrado'),('03','Enviado'),('05','Aceptado'),('07','Observado'),('09','Rechazado'),('11','Anulado'),('13','Por anular');
COMMIT;

-- Dumped table `state_types` with 7 row(s)
--

--
-- Table structure for table `status_orders`
--

CREATE TABLE `status_orders` (
  `id` tinyint(3) unsigned NOT NULL AUTO_INCREMENT,
  `description` varchar(30) NOT NULL,
  `created_at` timestamp NULL DEFAULT NULL,
  `updated_at` timestamp NULL DEFAULT NULL,
  PRIMARY KEY (`id`)
) ENGINE=InnoDB AUTO_INCREMENT=5 DEFAULT CHARSET=utf8mb4 COLLATE=utf8mb4_unicode_ci;

--
-- Dumping data for table `status_orders`
--

SET autocommit=0;
INSERT INTO `status_orders` VALUES (1,'Pago sin verificar','2025-12-27 20:48:54',NULL),(2,'Pago verificado','2025-12-27 20:48:54',NULL),(3,'Despachado','2025-12-27 20:48:54',NULL),(4,'Confirmado por el cliente','2025-12-27 20:48:54',NULL);
COMMIT;

-- Dumped table `status_orders` with 4 row(s)
--

--
-- Table structure for table `summaries`
--

CREATE TABLE `summaries` (
  `id` int(10) unsigned NOT NULL AUTO_INCREMENT,
  `user_id` int(10) unsigned NOT NULL,
  `external_id` char(36) NOT NULL,
  `soap_type_id` char(2) NOT NULL,
  `state_type_id` char(2) NOT NULL,
  `summary_status_type_id` varchar(255) NOT NULL,
  `ubl_version` varchar(255) NOT NULL,
  `date_of_issue` date NOT NULL,
  `date_of_reference` date NOT NULL,
  `identifier` varchar(255) NOT NULL,
  `filename` varchar(255) NOT NULL,
  `unique_filename` varchar(255) DEFAULT NULL,
  `ticket` varchar(255) DEFAULT NULL,
  `has_ticket` tinyint(1) NOT NULL DEFAULT 0,
  `has_cdr` tinyint(1) NOT NULL DEFAULT 0,
  `soap_shipping_response` longtext CHARACTER SET utf8mb4 COLLATE utf8mb4_bin DEFAULT NULL,
  `send_to_pse` tinyint(1) NOT NULL DEFAULT 0,
  `response_signature_pse` longtext CHARACTER SET utf8mb4 COLLATE utf8mb4_bin DEFAULT NULL,
  `response_send_cdr_pse` longtext CHARACTER SET utf8mb4 COLLATE utf8mb4_bin DEFAULT NULL,
  `unknown_error_status_response` tinyint(1) NOT NULL DEFAULT 0,
  `manually_regularized` tinyint(1) NOT NULL DEFAULT 0,
  `error_manually_regularized` longtext CHARACTER SET utf8mb4 COLLATE utf8mb4_bin DEFAULT NULL,
  `created_at` timestamp NULL DEFAULT NULL,
  `updated_at` timestamp NULL DEFAULT NULL,
  PRIMARY KEY (`id`),
  UNIQUE KEY `summaries_unique_filename_unique` (`unique_filename`),
  KEY `summaries_user_id_foreign` (`user_id`),
  KEY `summaries_soap_type_id_foreign` (`soap_type_id`),
  KEY `summaries_state_type_id_foreign` (`state_type_id`),
  KEY `summaries_summary_status_type_id_foreign` (`summary_status_type_id`),
  KEY `summaries_date_of_issue_index` (`date_of_issue`),
  CONSTRAINT `summaries_soap_type_id_foreign` FOREIGN KEY (`soap_type_id`) REFERENCES `soap_types` (`id`),
  CONSTRAINT `summaries_state_type_id_foreign` FOREIGN KEY (`state_type_id`) REFERENCES `state_types` (`id`),
  CONSTRAINT `summaries_summary_status_type_id_foreign` FOREIGN KEY (`summary_status_type_id`) REFERENCES `cat_summary_status_types` (`id`),
  CONSTRAINT `summaries_user_id_foreign` FOREIGN KEY (`user_id`) REFERENCES `users` (`id`)
) ENGINE=InnoDB DEFAULT CHARSET=utf8mb4 COLLATE=utf8mb4_unicode_ci;

--
-- Dumping data for table `summaries`
--

SET autocommit=0;
COMMIT;

-- Dumped table `summaries` with 0 row(s)
--

--
-- Table structure for table `summary_documents`
--

CREATE TABLE `summary_documents` (
  `id` int(10) unsigned NOT NULL AUTO_INCREMENT,
  `summary_id` int(10) unsigned NOT NULL,
  `document_id` int(10) unsigned NOT NULL,
  `description` varchar(255) DEFAULT NULL,
  PRIMARY KEY (`id`),
  KEY `summary_documents_summary_id_foreign` (`summary_id`),
  KEY `summary_documents_document_id_foreign` (`document_id`),
  CONSTRAINT `summary_documents_document_id_foreign` FOREIGN KEY (`document_id`) REFERENCES `documents` (`id`),
  CONSTRAINT `summary_documents_summary_id_foreign` FOREIGN KEY (`summary_id`) REFERENCES `summaries` (`id`) ON DELETE CASCADE
) ENGINE=InnoDB DEFAULT CHARSET=utf8mb4 COLLATE=utf8mb4_unicode_ci;

--
-- Dumping data for table `summary_documents`
--

SET autocommit=0;
COMMIT;

-- Dumped table `summary_documents` with 0 row(s)
--

--
-- Table structure for table `supplier_item_aliases`
--

CREATE TABLE `supplier_item_aliases` (
  `id` int(10) unsigned NOT NULL AUTO_INCREMENT,
  `supplier_id` int(10) unsigned NOT NULL,
  `item_id` int(10) unsigned NOT NULL,
  `supplier_item_code` varchar(100) DEFAULT NULL,
  `supplier_description_original` varchar(500) DEFAULT NULL,
  `supplier_description_normalized` varchar(255) DEFAULT NULL,
  `created_by` int(10) unsigned DEFAULT NULL,
  `created_at` timestamp NULL DEFAULT NULL,
  `updated_at` timestamp NULL DEFAULT NULL,
  PRIMARY KEY (`id`),
  UNIQUE KEY `supplier_item_aliases_supplier_code_unique` (`supplier_id`,`supplier_item_code`),
  KEY `supplier_item_aliases_item_id_foreign` (`item_id`),
  KEY `supplier_item_aliases_created_by_foreign` (`created_by`),
  KEY `supplier_item_aliases_supplier_desc_idx` (`supplier_id`,`supplier_description_normalized`),
  CONSTRAINT `supplier_item_aliases_created_by_foreign` FOREIGN KEY (`created_by`) REFERENCES `users` (`id`),
  CONSTRAINT `supplier_item_aliases_item_id_foreign` FOREIGN KEY (`item_id`) REFERENCES `items` (`id`),
  CONSTRAINT `supplier_item_aliases_supplier_id_foreign` FOREIGN KEY (`supplier_id`) REFERENCES `persons` (`id`)
) ENGINE=InnoDB DEFAULT CHARSET=utf8mb4 COLLATE=utf8mb4_unicode_ci;

--
-- Dumping data for table `supplier_item_aliases`
--

SET autocommit=0;
COMMIT;

-- Dumped table `supplier_item_aliases` with 0 row(s)
--

--
-- Table structure for table `suscription_grade`
--

CREATE TABLE `suscription_grade` (
  `id` int(10) unsigned NOT NULL AUTO_INCREMENT,
  `name` varchar(100) NOT NULL,
  PRIMARY KEY (`id`)
) ENGINE=InnoDB AUTO_INCREMENT=9 DEFAULT CHARSET=utf8mb4 COLLATE=utf8mb4_unicode_ci;

--
-- Dumping data for table `suscription_grade`
--

SET autocommit=0;
INSERT INTO `suscription_grade` VALUES (1,'1er'),(2,'2do'),(3,'3ro'),(4,'4to'),(5,'5to'),(6,'6to'),(7,'7mo'),(8,'8vo');
COMMIT;

-- Dumped table `suscription_grade` with 8 row(s)
--

--
-- Table structure for table `suscription_plans`
--

CREATE TABLE `suscription_plans` (
  `id` int(10) unsigned NOT NULL AUTO_INCREMENT,
  `cat_period_id` int(10) unsigned DEFAULT 0 COMMENT 'Relacion con el periodo de tiempo',
  `name` text NOT NULL COMMENT 'Nombre del plan',
  `description` longtext NOT NULL COMMENT 'Descripcion del plan',
  `total` double(12,2) DEFAULT 0.00 COMMENT 'El total del costo del plan',
  `currency_type_id` varchar(255) DEFAULT NULL,
  `payment_method_type_id` varchar(255) DEFAULT NULL,
  `quantity_period` int(10) unsigned DEFAULT NULL,
  `exchange_rate_sale` double(13,3) DEFAULT 0.000,
  `total_prepayment` double(12,2) DEFAULT 0.00,
  `total_charge` double(12,2) DEFAULT 0.00,
  `total_discount` double(12,2) DEFAULT 0.00,
  `total_exportation` double(12,2) DEFAULT 0.00,
  `total_free` double(12,2) DEFAULT 0.00,
  `total_taxed` double(12,2) DEFAULT 0.00,
  `total_unaffected` double(12,2) DEFAULT 0.00,
  `total_exonerated` double(12,2) DEFAULT 0.00,
  `total_igv` double(12,2) DEFAULT 0.00,
  `total_igv_free` double(12,2) DEFAULT 0.00,
  `total_base_isc` double(12,2) DEFAULT 0.00,
  `total_isc` double(12,2) DEFAULT 0.00,
  `total_base_other_taxes` double(12,2) DEFAULT 0.00,
  `total_other_taxes` double(12,2) DEFAULT 0.00,
  `total_taxes` double(12,2) DEFAULT 0.00,
  `total_value` double(12,2) DEFAULT 0.00,
  `charges` longtext CHARACTER SET utf8mb4 COLLATE utf8mb4_bin DEFAULT NULL,
  `attributes` longtext CHARACTER SET utf8mb4 COLLATE utf8mb4_bin DEFAULT NULL,
  `discounts` longtext CHARACTER SET utf8mb4 COLLATE utf8mb4_bin DEFAULT NULL,
  `prepayments` longtext CHARACTER SET utf8mb4 COLLATE utf8mb4_bin DEFAULT NULL,
  `related` longtext CHARACTER SET utf8mb4 COLLATE utf8mb4_bin DEFAULT NULL,
  `perception` longtext CHARACTER SET utf8mb4 COLLATE utf8mb4_bin DEFAULT NULL,
  `detraction` longtext CHARACTER SET utf8mb4 COLLATE utf8mb4_bin DEFAULT NULL,
  `legends` longtext CHARACTER SET utf8mb4 COLLATE utf8mb4_bin DEFAULT NULL,
  `terms_condition` longtext DEFAULT NULL,
  `created_at` timestamp NULL DEFAULT NULL,
  `updated_at` timestamp NULL DEFAULT NULL,
  PRIMARY KEY (`id`)
) ENGINE=InnoDB AUTO_INCREMENT=2 DEFAULT CHARSET=utf8mb4 COLLATE=utf8mb4_unicode_ci;

--
-- Dumping data for table `suscription_plans`
--

SET autocommit=0;
INSERT INTO `suscription_plans` VALUES (1,1,'Matricula Escolar','Demostración de matricula escolar',1.00,'PEN','01',12,0.000,0.00,0.00,0.00,0.00,0.00,0.00,0.00,0.00,0.00,0.00,0.00,0.00,0.00,0.00,0.00,0.00,NULL,NULL,NULL,NULL,NULL,NULL,NULL,NULL,NULL,NULL,NULL);
COMMIT;

-- Dumped table `suscription_plans` with 1 row(s)
--

--
-- Table structure for table `suscription_section`
--

CREATE TABLE `suscription_section` (
  `id` int(10) unsigned NOT NULL AUTO_INCREMENT,
  `name` varchar(100) NOT NULL,
  PRIMARY KEY (`id`)
) ENGINE=InnoDB AUTO_INCREMENT=9 DEFAULT CHARSET=utf8mb4 COLLATE=utf8mb4_unicode_ci;

--
-- Dumping data for table `suscription_section`
--

SET autocommit=0;
INSERT INTO `suscription_section` VALUES (1,'A'),(2,'B'),(3,'C'),(4,'D'),(5,'E'),(6,'F'),(7,'G'),(8,'H');
COMMIT;

-- Dumped table `suscription_section` with 8 row(s)
--

--
-- Table structure for table `system_activity_logs`
--

CREATE TABLE `system_activity_logs` (
  `id` bigint(20) unsigned NOT NULL AUTO_INCREMENT,
  `user_id` int(10) unsigned DEFAULT NULL,
  `system_activity_log_type_id` varchar(255) DEFAULT NULL,
  `date` date NOT NULL,
  `time` time NOT NULL,
  `origin_id` int(11) DEFAULT NULL,
  `origin_type` varchar(255) DEFAULT NULL,
  `ip` varchar(255) DEFAULT NULL,
  `device_name` varchar(255) DEFAULT NULL,
  `device_type` varchar(255) DEFAULT NULL,
  `platform_name` varchar(255) DEFAULT NULL,
  `platform_version` varchar(255) DEFAULT NULL,
  `browser_name` varchar(255) DEFAULT NULL,
  `browser_version` varchar(255) DEFAULT NULL,
  `request_email` varchar(255) DEFAULT NULL,
  `route` varchar(255) DEFAULT NULL,
  `location` longtext CHARACTER SET utf8mb4 COLLATE utf8mb4_bin DEFAULT NULL,
  `created_at` timestamp NULL DEFAULT NULL,
  `updated_at` timestamp NULL DEFAULT NULL,
  PRIMARY KEY (`id`),
  KEY `payment_index` (`origin_id`,`origin_type`),
  KEY `system_activity_logs_user_id_foreign` (`user_id`),
  KEY `system_activity_logs_auth_transaction_type_index` (`system_activity_log_type_id`),
  KEY `system_activity_logs_date_index` (`date`),
  KEY `system_activity_logs_time_index` (`time`),
  KEY `system_activity_logs_device_type_index` (`device_type`),
  CONSTRAINT `system_activity_logs_system_activity_log_type_id_foreign` FOREIGN KEY (`system_activity_log_type_id`) REFERENCES `system_activity_log_types` (`id`),
  CONSTRAINT `system_activity_logs_user_id_foreign` FOREIGN KEY (`user_id`) REFERENCES `users` (`id`)
) ENGINE=InnoDB AUTO_INCREMENT=150 DEFAULT CHARSET=utf8mb4 COLLATE=utf8mb4_unicode_ci;

--
-- Dumping data for table `system_activity_logs`
--

SET autocommit=0;
INSERT INTO `system_activity_logs` VALUES (1,1,'login','2025-12-27','20:49:22',1,'App\\Models\\Tenant\\User','179.6.80.165','WebKit','desktop','Windows','10.0','Chrome','143.0.0.0',NULL,NULL,'{\"country_name\":\"Peru\",\"country_code\":\"PE\",\"region_code\":\"LAL\",\"region_name\":\"La Libertad\",\"city_name\":\"Trujillo\",\"latitude\":\"-8.1191\",\"longitude\":\"-79.0355\",\"timezone\":\"America\\/Lima\"}','2025-12-27 20:49:22','2025-12-27 20:49:22'),(2,1,'companies_soap_send_id','2025-12-27','20:51:45',1,'App\\Models\\Tenant\\Company','179.6.80.165','WebKit','desktop','Windows','10.0','Chrome','143.0.0.0',NULL,NULL,'{\"country_name\":null,\"country_code\":\"PE\",\"region_code\":null,\"region_name\":\"Lima Province\",\"city_name\":\"Lima\",\"latitude\":\"-12.0432\",\"longitude\":\"-77.0282\",\"timezone\":\"America\\/Lima\"}','2025-12-27 20:51:45','2025-12-27 20:51:45'),(3,1,'companies_soap_type_id','2025-12-27','20:51:47',1,'App\\Models\\Tenant\\Company','179.6.80.165','WebKit','desktop','Windows','10.0','Chrome','143.0.0.0',NULL,NULL,'{\"country_name\":null,\"country_code\":\"PE\",\"region_code\":null,\"region_name\":\"Lima Province\",\"city_name\":\"Lima\",\"latitude\":\"-12.0432\",\"longitude\":\"-77.0282\",\"timezone\":\"America\\/Lima\"}','2025-12-27 20:51:47','2025-12-27 20:51:47'),(4,1,'companies_soap_send_id','2025-12-27','20:52:18',1,'App\\Models\\Tenant\\Company','179.6.80.165','WebKit','desktop','Windows','10.0','Chrome','143.0.0.0',NULL,NULL,'{\"country_name\":\"Peru\",\"country_code\":\"PE\",\"region_code\":\"LAL\",\"region_name\":\"La Libertad\",\"city_name\":\"Trujillo\",\"latitude\":\"-8.1191\",\"longitude\":\"-79.0355\",\"timezone\":\"America\\/Lima\"}','2025-12-27 20:52:18','2025-12-27 20:52:18'),(5,1,'companies_soap_username','2025-12-27','20:52:18',1,'App\\Models\\Tenant\\Company','179.6.80.165','WebKit','desktop','Windows','10.0','Chrome','143.0.0.0',NULL,NULL,'{\"country_name\":\"Peru\",\"country_code\":\"PE\",\"region_code\":\"LAL\",\"region_name\":\"La Libertad\",\"city_name\":\"Trujillo\",\"latitude\":\"-8.1191\",\"longitude\":\"-79.0355\",\"timezone\":\"America\\/Lima\"}','2025-12-27 20:52:18','2025-12-27 20:52:18'),(6,1,'companies_soap_password','2025-12-27','20:52:18',1,'App\\Models\\Tenant\\Company','179.6.80.165','WebKit','desktop','Windows','10.0','Chrome','143.0.0.0',NULL,NULL,'{\"country_name\":\"Peru\",\"country_code\":\"PE\",\"region_code\":\"LAL\",\"region_name\":\"La Libertad\",\"city_name\":\"Trujillo\",\"latitude\":\"-8.1191\",\"longitude\":\"-79.0355\",\"timezone\":\"America\\/Lima\"}','2025-12-27 20:52:18','2025-12-27 20:52:18'),(7,1,'companies_certificate','2025-12-27','20:52:32',1,'App\\Models\\Tenant\\Company','179.6.80.165','WebKit','desktop','Windows','10.0','Chrome','143.0.0.0',NULL,NULL,'{\"country_name\":\"Peru\",\"country_code\":\"PE\",\"region_code\":\"LAL\",\"region_name\":\"La Libertad\",\"city_name\":\"Trujillo\",\"latitude\":\"-8.1191\",\"longitude\":\"-79.0355\",\"timezone\":\"America\\/Lima\"}','2025-12-27 20:52:32','2025-12-27 20:52:32'),(8,1,'logout','2025-12-27','20:59:14',1,'App\\Models\\Tenant\\User','179.6.80.165','WebKit','desktop','Windows','10.0','Chrome','143.0.0.0',NULL,NULL,'{\"country_name\":\"Peru\",\"country_code\":\"PE\",\"region_code\":\"LAL\",\"region_name\":\"La Libertad\",\"city_name\":\"Trujillo\",\"latitude\":\"-8.1191\",\"longitude\":\"-79.0355\",\"timezone\":\"America\\/Lima\"}','2025-12-27 20:59:14','2025-12-27 20:59:14'),(9,1,'login','2025-12-27','20:59:55',1,'App\\Models\\Tenant\\User','179.6.80.165','WebKit','desktop','Windows','10.0','Chrome','143.0.0.0',NULL,NULL,'{\"country_name\":null,\"country_code\":\"PE\",\"region_code\":null,\"region_name\":\"Lima Province\",\"city_name\":\"Lima\",\"latitude\":\"-12.0432\",\"longitude\":\"-77.0282\",\"timezone\":\"America\\/Lima\"}','2025-12-27 20:59:55','2025-12-27 20:59:55'),(10,1,'logout','2025-12-27','21:00:41',1,'App\\Models\\Tenant\\User','179.6.80.165','WebKit','desktop','Windows','10.0','Chrome','143.0.0.0',NULL,NULL,'{\"country_name\":\"Peru\",\"country_code\":\"PE\",\"region_code\":\"LAL\",\"region_name\":\"La Libertad\",\"city_name\":\"Trujillo\",\"latitude\":\"-8.1191\",\"longitude\":\"-79.0355\",\"timezone\":\"America\\/Lima\"}','2025-12-27 21:00:41','2025-12-27 21:00:41'),(11,2,'login','2025-12-27','21:00:45',2,'App\\Models\\Tenant\\User','179.6.80.165','WebKit','desktop','Windows','10.0','Chrome','143.0.0.0',NULL,NULL,'{\"country_name\":\"Peru\",\"country_code\":\"PE\",\"region_code\":\"LAL\",\"region_name\":\"La Libertad\",\"city_name\":\"Trujillo\",\"latitude\":\"-8.1191\",\"longitude\":\"-79.0355\",\"timezone\":\"America\\/Lima\"}','2025-12-27 21:00:45','2025-12-27 21:00:45'),(12,2,'login','2025-12-27','21:18:54',2,'App\\Models\\Tenant\\User','179.6.26.134','WebKit','desktop','Windows','10.0','Chrome','143.0.0.0',NULL,NULL,'{\"country_name\":\"Peru\",\"country_code\":\"PE\",\"region_code\":\"LMA\",\"region_name\":\"Lima Province\",\"city_name\":\"Lima\",\"latitude\":\"-12.046\",\"longitude\":\"-77.0305\",\"timezone\":\"America\\/Lima\"}','2025-12-27 21:18:54','2025-12-27 21:18:54'),(13,2,'login','2025-12-27','23:41:28',2,'App\\Models\\Tenant\\User','179.6.80.165','WebKit','desktop','Windows','10.0','Chrome','143.0.0.0',NULL,NULL,'{\"country_name\":\"Peru\",\"country_code\":\"PE\",\"region_code\":\"LAL\",\"region_name\":\"La Libertad\",\"city_name\":\"Trujillo\",\"latitude\":\"-8.1191\",\"longitude\":\"-79.0355\",\"timezone\":\"America\\/Lima\"}','2025-12-27 23:41:28','2025-12-27 23:41:28'),(14,2,'login','2025-12-28','16:58:22',2,'App\\Models\\Tenant\\User','179.6.26.134','WebKit','desktop','Windows','10.0','Chrome','143.0.0.0',NULL,NULL,'{\"country_name\":\"Peru\",\"country_code\":\"PE\",\"region_code\":\"LMA\",\"region_name\":\"Lima Province\",\"city_name\":\"Lima\",\"latitude\":\"-12.046\",\"longitude\":\"-77.0305\",\"timezone\":\"America\\/Lima\"}','2025-12-28 16:58:22','2025-12-28 16:58:22'),(15,2,'login','2025-12-29','11:14:32',2,'App\\Models\\Tenant\\User','179.6.26.134','WebKit','desktop','Windows','10.0','Chrome','143.0.0.0',NULL,NULL,'{\"country_name\":\"Peru\",\"country_code\":\"PE\",\"region_code\":\"LMA\",\"region_name\":\"Lima Province\",\"city_name\":\"Lima\",\"latitude\":\"-12.046\",\"longitude\":\"-77.0305\",\"timezone\":\"America\\/Lima\"}','2025-12-29 11:14:32','2025-12-29 11:14:32'),(16,2,'login','2025-12-29','15:36:22',2,'App\\Models\\Tenant\\User','179.6.26.134','WebKit','desktop','Windows','10.0','Chrome','143.0.0.0',NULL,NULL,'{\"country_name\":\"Peru\",\"country_code\":\"PE\",\"region_code\":\"LMA\",\"region_name\":\"Lima Province\",\"city_name\":\"Lima\",\"latitude\":\"-12.046\",\"longitude\":\"-77.0305\",\"timezone\":\"America\\/Lima\"}','2025-12-29 15:36:22','2025-12-29 15:36:22'),(17,2,'login','2025-12-29','18:12:42',2,'App\\Models\\Tenant\\User','179.6.26.134','WebKit','desktop','Windows','10.0','Chrome','143.0.0.0',NULL,NULL,'{\"country_name\":\"Peru\",\"country_code\":\"PE\",\"region_code\":\"LMA\",\"region_name\":\"Lima Province\",\"city_name\":\"Lima\",\"latitude\":\"-12.046\",\"longitude\":\"-77.0305\",\"timezone\":\"America\\/Lima\"}','2025-12-29 18:12:42','2025-12-29 18:12:42'),(18,2,'login','2025-12-30','15:14:42',2,'App\\Models\\Tenant\\User','179.6.26.134','WebKit','desktop','Windows','10.0','Chrome','143.0.0.0',NULL,NULL,'{\"country_name\":\"Peru\",\"country_code\":\"PE\",\"region_code\":\"LMA\",\"region_name\":\"Lima Province\",\"city_name\":\"Lima\",\"latitude\":\"-12.046\",\"longitude\":\"-77.0305\",\"timezone\":\"America\\/Lima\"}','2025-12-30 15:14:42','2025-12-30 15:14:42'),(19,2,'login','2025-12-31','16:10:06',2,'App\\Models\\Tenant\\User','179.6.26.134','WebKit','desktop','Windows','10.0','Chrome','143.0.0.0',NULL,NULL,'{\"country_name\":\"Peru\",\"country_code\":\"PE\",\"region_code\":\"LMA\",\"region_name\":\"Lima Province\",\"city_name\":\"Lima\",\"latitude\":\"-12.046\",\"longitude\":\"-77.0305\",\"timezone\":\"America\\/Lima\"}','2025-12-31 16:10:06','2025-12-31 16:10:06'),(20,2,'login','2025-12-31','20:03:09',2,'App\\Models\\Tenant\\User','179.6.26.134','WebKit','desktop','Windows','10.0','Chrome','143.0.0.0',NULL,NULL,'{\"country_name\":\"Peru\",\"country_code\":\"PE\",\"region_code\":\"LMA\",\"region_name\":\"Lima Province\",\"city_name\":\"Lima\",\"latitude\":\"-12.046\",\"longitude\":\"-77.0305\",\"timezone\":\"America\\/Lima\"}','2025-12-31 20:03:09','2025-12-31 20:03:09'),(21,2,'login','2026-01-01','08:48:07',2,'App\\Models\\Tenant\\User','179.6.26.134','WebKit','desktop','Windows','10.0','Chrome','143.0.0.0',NULL,NULL,'{\"country_name\":\"Peru\",\"country_code\":\"PE\",\"region_code\":\"LMA\",\"region_name\":\"Lima Province\",\"city_name\":\"Lima\",\"latitude\":\"-12.046\",\"longitude\":\"-77.0305\",\"timezone\":\"America\\/Lima\"}','2026-01-01 08:48:07','2026-01-01 08:48:07'),(22,2,'login','2026-01-02','08:41:57',2,'App\\Models\\Tenant\\User','179.6.26.134','WebKit','desktop','Windows','10.0','Chrome','143.0.0.0',NULL,NULL,'{\"country_name\":\"Peru\",\"country_code\":\"PE\",\"region_code\":\"LMA\",\"region_name\":\"Lima Province\",\"city_name\":\"Lima\",\"latitude\":\"-12.046\",\"longitude\":\"-77.0305\",\"timezone\":\"America\\/Lima\"}','2026-01-02 08:41:57','2026-01-02 08:41:57'),(23,2,'login','2026-01-02','22:05:16',2,'App\\Models\\Tenant\\User','179.6.26.134','WebKit','desktop','Windows','10.0','Chrome','143.0.0.0',NULL,NULL,'{\"country_name\":\"Peru\",\"country_code\":\"PE\",\"region_code\":\"LMA\",\"region_name\":\"Lima Province\",\"city_name\":\"Lima\",\"latitude\":\"-12.046\",\"longitude\":\"-77.0305\",\"timezone\":\"America\\/Lima\"}','2026-01-02 22:05:16','2026-01-02 22:05:16'),(24,2,'login','2026-01-03','10:39:53',2,'App\\Models\\Tenant\\User','179.6.26.134','WebKit','desktop','Windows','10.0','Chrome','143.0.0.0',NULL,NULL,'{\"country_name\":\"Peru\",\"country_code\":\"PE\",\"region_code\":\"LMA\",\"region_name\":\"Lima Province\",\"city_name\":\"Lima\",\"latitude\":\"-12.046\",\"longitude\":\"-77.0305\",\"timezone\":\"America\\/Lima\"}','2026-01-03 10:39:53','2026-01-03 10:39:53'),(25,2,'login','2026-01-04','09:56:34',2,'App\\Models\\Tenant\\User','179.6.26.134','WebKit','desktop','Windows','10.0','Chrome','143.0.0.0',NULL,NULL,'{\"country_name\":\"Peru\",\"country_code\":\"PE\",\"region_code\":\"LMA\",\"region_name\":\"Lima Province\",\"city_name\":\"Lima\",\"latitude\":\"-12.046\",\"longitude\":\"-77.0305\",\"timezone\":\"America\\/Lima\"}','2026-01-04 09:56:34','2026-01-04 09:56:34'),(26,2,'login','2026-01-05','17:44:51',2,'App\\Models\\Tenant\\User','179.6.26.134','WebKit','desktop','Windows','10.0','Chrome','143.0.0.0',NULL,NULL,'{\"country_name\":\"Peru\",\"country_code\":\"PE\",\"region_code\":\"LMA\",\"region_name\":\"Lima Province\",\"city_name\":\"Lima\",\"latitude\":\"-12.046\",\"longitude\":\"-77.0305\",\"timezone\":\"America\\/Lima\"}','2026-01-05 17:44:51','2026-01-05 17:44:51'),(27,2,'login','2026-01-06','09:34:33',2,'App\\Models\\Tenant\\User','179.6.26.134','WebKit','desktop','Windows','10.0','Chrome','143.0.0.0',NULL,NULL,'{\"country_name\":\"Peru\",\"country_code\":\"PE\",\"region_code\":\"LMA\",\"region_name\":\"Lima Province\",\"city_name\":\"Lima\",\"latitude\":\"-12.046\",\"longitude\":\"-77.0305\",\"timezone\":\"America\\/Lima\"}','2026-01-06 09:34:33','2026-01-06 09:34:33'),(28,2,'login','2026-01-06','11:44:25',2,'App\\Models\\Tenant\\User','179.6.26.134','WebKit','desktop','Windows','10.0','Chrome','143.0.0.0',NULL,NULL,'{\"country_name\":\"Peru\",\"country_code\":\"PE\",\"region_code\":\"LMA\",\"region_name\":\"Lima Province\",\"city_name\":\"Lima\",\"latitude\":\"-12.046\",\"longitude\":\"-77.0305\",\"timezone\":\"America\\/Lima\"}','2026-01-06 11:44:25','2026-01-06 11:44:25'),(29,2,'login','2026-01-06','16:33:10',2,'App\\Models\\Tenant\\User','179.6.26.134','WebKit','desktop','Windows','10.0','Chrome','143.0.0.0',NULL,NULL,'{\"country_name\":\"Peru\",\"country_code\":\"PE\",\"region_code\":\"LMA\",\"region_name\":\"Lima Province\",\"city_name\":\"Lima\",\"latitude\":\"-12.046\",\"longitude\":\"-77.0305\",\"timezone\":\"America\\/Lima\"}','2026-01-06 16:33:10','2026-01-06 16:33:10'),(30,2,'login','2026-01-07','20:37:44',2,'App\\Models\\Tenant\\User','179.6.26.134','WebKit','desktop','Windows','10.0','Chrome','143.0.0.0',NULL,NULL,'{\"country_name\":\"Peru\",\"country_code\":\"PE\",\"region_code\":\"LMA\",\"region_name\":\"Lima Province\",\"city_name\":\"Lima\",\"latitude\":\"-12.046\",\"longitude\":\"-77.0305\",\"timezone\":\"America\\/Lima\"}','2026-01-07 20:37:44','2026-01-07 20:37:44'),(31,2,'login','2026-01-08','08:06:32',2,'App\\Models\\Tenant\\User','179.6.26.134','WebKit','desktop','Windows','10.0','Chrome','143.0.0.0',NULL,NULL,'{\"country_name\":\"Peru\",\"country_code\":\"PE\",\"region_code\":\"LMA\",\"region_name\":\"Lima Province\",\"city_name\":\"Lima\",\"latitude\":\"-12.046\",\"longitude\":\"-77.0305\",\"timezone\":\"America\\/Lima\"}','2026-01-08 08:06:32','2026-01-08 08:06:32'),(32,2,'login','2026-01-08','16:11:29',2,'App\\Models\\Tenant\\User','179.6.26.134','WebKit','desktop','Windows','10.0','Chrome','143.0.0.0',NULL,NULL,'{\"country_name\":\"Peru\",\"country_code\":\"PE\",\"region_code\":\"LMA\",\"region_name\":\"Lima Province\",\"city_name\":\"Lima\",\"latitude\":\"-12.046\",\"longitude\":\"-77.0305\",\"timezone\":\"America\\/Lima\"}','2026-01-08 16:11:29','2026-01-08 16:11:29'),(33,2,'login','2026-01-09','07:10:33',2,'App\\Models\\Tenant\\User','179.6.26.134','WebKit','desktop','Windows','10.0','Chrome','143.0.0.0',NULL,NULL,'{\"country_name\":\"Peru\",\"country_code\":\"PE\",\"region_code\":\"LMA\",\"region_name\":\"Lima Province\",\"city_name\":\"Lima\",\"latitude\":\"-12.046\",\"longitude\":\"-77.0305\",\"timezone\":\"America\\/Lima\"}','2026-01-09 07:10:33','2026-01-09 07:10:33'),(34,2,'login','2026-01-09','21:19:05',2,'App\\Models\\Tenant\\User','179.6.26.134','WebKit','desktop','Windows','10.0','Chrome','143.0.0.0',NULL,NULL,'{\"country_name\":\"Peru\",\"country_code\":\"PE\",\"region_code\":\"LMA\",\"region_name\":\"Lima Province\",\"city_name\":\"Lima\",\"latitude\":\"-12.046\",\"longitude\":\"-77.0305\",\"timezone\":\"America\\/Lima\"}','2026-01-09 21:19:05','2026-01-09 21:19:05'),(35,2,'login','2026-01-10','10:11:05',2,'App\\Models\\Tenant\\User','179.6.26.134','WebKit','desktop','Windows','10.0','Chrome','143.0.0.0',NULL,NULL,'{\"country_name\":\"Peru\",\"country_code\":\"PE\",\"region_code\":\"LMA\",\"region_name\":\"Lima Province\",\"city_name\":\"Lima\",\"latitude\":\"-12.046\",\"longitude\":\"-77.0305\",\"timezone\":\"America\\/Lima\"}','2026-01-10 10:11:05','2026-01-10 10:11:05'),(36,2,'login','2026-01-10','13:52:40',2,'App\\Models\\Tenant\\User','179.6.26.134','WebKit','desktop','Windows','10.0','Chrome','143.0.0.0',NULL,NULL,'{\"country_name\":\"Peru\",\"country_code\":\"PE\",\"region_code\":\"LMA\",\"region_name\":\"Lima Province\",\"city_name\":\"Lima\",\"latitude\":\"-12.046\",\"longitude\":\"-77.0305\",\"timezone\":\"America\\/Lima\"}','2026-01-10 13:52:40','2026-01-10 13:52:40'),(37,2,'login','2026-01-10','21:28:53',2,'App\\Models\\Tenant\\User','179.6.26.134','WebKit','desktop','Windows','10.0','Chrome','143.0.0.0',NULL,NULL,'{\"country_name\":\"Peru\",\"country_code\":\"PE\",\"region_code\":\"LMA\",\"region_name\":\"Lima Province\",\"city_name\":\"Lima\",\"latitude\":\"-12.046\",\"longitude\":\"-77.0305\",\"timezone\":\"America\\/Lima\"}','2026-01-10 21:28:53','2026-01-10 21:28:53'),(38,2,'login','2026-01-11','07:18:32',2,'App\\Models\\Tenant\\User','179.6.26.134','WebKit','desktop','Windows','10.0','Chrome','143.0.0.0',NULL,NULL,'{\"country_name\":\"Peru\",\"country_code\":\"PE\",\"region_code\":\"LMA\",\"region_name\":\"Lima Province\",\"city_name\":\"Lima\",\"latitude\":\"-12.046\",\"longitude\":\"-77.0305\",\"timezone\":\"America\\/Lima\"}','2026-01-11 07:18:32','2026-01-11 07:18:32'),(39,2,'login','2026-01-11','18:32:15',2,'App\\Models\\Tenant\\User','179.6.26.134','WebKit','desktop','Windows','10.0','Chrome','143.0.0.0',NULL,NULL,'{\"country_name\":\"Peru\",\"country_code\":\"PE\",\"region_code\":\"LMA\",\"region_name\":\"Lima Province\",\"city_name\":\"Lima\",\"latitude\":\"-12.046\",\"longitude\":\"-77.0305\",\"timezone\":\"America\\/Lima\"}','2026-01-11 18:32:15','2026-01-11 18:32:15'),(40,2,'login','2026-01-13','10:33:58',2,'App\\Models\\Tenant\\User','179.6.26.134','WebKit','desktop','Windows','10.0','Chrome','143.0.0.0',NULL,NULL,'{\"country_name\":\"Peru\",\"country_code\":\"PE\",\"region_code\":\"LMA\",\"region_name\":\"Lima Province\",\"city_name\":\"Lima\",\"latitude\":\"-12.046\",\"longitude\":\"-77.0305\",\"timezone\":\"America\\/Lima\"}','2026-01-13 10:33:58','2026-01-13 10:33:58'),(41,2,'login','2026-01-14','07:20:22',2,'App\\Models\\Tenant\\User','179.6.26.134','WebKit','desktop','Windows','10.0','Chrome','143.0.0.0',NULL,NULL,'{\"country_name\":\"Peru\",\"country_code\":\"PE\",\"region_code\":\"LMA\",\"region_name\":\"Lima Province\",\"city_name\":\"Lima\",\"latitude\":\"-12.046\",\"longitude\":\"-77.0305\",\"timezone\":\"America\\/Lima\"}','2026-01-14 07:20:22','2026-01-14 07:20:22'),(42,2,'login','2026-01-14','10:08:54',2,'App\\Models\\Tenant\\User','179.6.26.134','WebKit','desktop','Windows','10.0','Chrome','143.0.0.0',NULL,NULL,'{\"country_name\":\"Peru\",\"country_code\":\"PE\",\"region_code\":\"LMA\",\"region_name\":\"Lima Province\",\"city_name\":\"Lima\",\"latitude\":\"-12.046\",\"longitude\":\"-77.0305\",\"timezone\":\"America\\/Lima\"}','2026-01-14 10:08:54','2026-01-14 10:08:54'),(43,2,'login','2026-01-15','20:30:19',2,'App\\Models\\Tenant\\User','179.6.26.134','WebKit','desktop','Windows','10.0','Chrome','143.0.0.0',NULL,NULL,'{\"country_name\":\"Peru\",\"country_code\":\"PE\",\"region_code\":\"LMA\",\"region_name\":\"Lima Province\",\"city_name\":\"Lima\",\"latitude\":\"-12.046\",\"longitude\":\"-77.0305\",\"timezone\":\"America\\/Lima\"}','2026-01-15 20:30:19','2026-01-15 20:30:19'),(44,2,'login','2026-01-19','19:20:10',2,'App\\Models\\Tenant\\User','179.6.26.134','WebKit','desktop','Windows','10.0','Chrome','143.0.0.0',NULL,NULL,'{\"country_name\":\"Peru\",\"country_code\":\"PE\",\"region_code\":\"LMA\",\"region_name\":\"Lima Province\",\"city_name\":\"Lima\",\"latitude\":\"-12.046\",\"longitude\":\"-77.0305\",\"timezone\":\"America\\/Lima\"}','2026-01-19 19:20:10','2026-01-19 19:20:10'),(45,2,'login','2026-01-20','09:30:57',2,'App\\Models\\Tenant\\User','179.6.26.134','WebKit','desktop','Windows','10.0','Chrome','143.0.0.0',NULL,NULL,'{\"country_name\":\"Peru\",\"country_code\":\"PE\",\"region_code\":\"LMA\",\"region_name\":\"Lima Province\",\"city_name\":\"Lima\",\"latitude\":\"-12.046\",\"longitude\":\"-77.0305\",\"timezone\":\"America\\/Lima\"}','2026-01-20 09:30:57','2026-01-20 09:30:57'),(46,2,'login','2026-01-20','11:58:12',2,'App\\Models\\Tenant\\User','179.6.26.134','WebKit','desktop','Windows','10.0','Chrome','143.0.0.0',NULL,NULL,'{\"country_name\":\"Peru\",\"country_code\":\"PE\",\"region_code\":\"LMA\",\"region_name\":\"Lima Province\",\"city_name\":\"Lima\",\"latitude\":\"-12.046\",\"longitude\":\"-77.0305\",\"timezone\":\"America\\/Lima\"}','2026-01-20 11:58:12','2026-01-20 11:58:12'),(47,2,'login','2026-01-20','16:57:56',2,'App\\Models\\Tenant\\User','179.6.26.134','WebKit','desktop','Windows','10.0','Chrome','143.0.0.0',NULL,NULL,'{\"country_name\":\"Peru\",\"country_code\":\"PE\",\"region_code\":\"LMA\",\"region_name\":\"Lima Province\",\"city_name\":\"Lima\",\"latitude\":\"-12.046\",\"longitude\":\"-77.0305\",\"timezone\":\"America\\/Lima\"}','2026-01-20 16:57:56','2026-01-20 16:57:56'),(48,2,'login','2026-01-24','17:42:17',2,'App\\Models\\Tenant\\User','179.6.26.134','WebKit','desktop','Windows','10.0','Chrome','144.0.0.0',NULL,NULL,'{\"country_name\":\"Peru\",\"country_code\":\"PE\",\"region_code\":\"LMA\",\"region_name\":\"Lima Province\",\"city_name\":\"Lima\",\"latitude\":\"-12.046\",\"longitude\":\"-77.0305\",\"timezone\":\"America\\/Lima\"}','2026-01-24 17:42:17','2026-01-24 17:42:17'),(49,2,'login','2026-01-25','08:05:13',2,'App\\Models\\Tenant\\User','179.6.26.134','WebKit','desktop','Windows','10.0','Chrome','144.0.0.0',NULL,NULL,'{\"country_name\":\"Peru\",\"country_code\":\"PE\",\"region_code\":\"LMA\",\"region_name\":\"Lima Province\",\"city_name\":\"Lima\",\"latitude\":\"-12.046\",\"longitude\":\"-77.0305\",\"timezone\":\"America\\/Lima\"}','2026-01-25 08:05:13','2026-01-25 08:05:13'),(50,2,'login','2026-01-25','21:09:26',2,'App\\Models\\Tenant\\User','179.6.26.134','WebKit','desktop','Windows','10.0','Chrome','144.0.0.0',NULL,NULL,'{\"country_name\":\"Peru\",\"country_code\":\"PE\",\"region_code\":\"LMA\",\"region_name\":\"Lima Province\",\"city_name\":\"Lima\",\"latitude\":\"-12.046\",\"longitude\":\"-77.0305\",\"timezone\":\"America\\/Lima\"}','2026-01-25 21:09:26','2026-01-25 21:09:26'),(51,2,'login','2026-01-26','07:42:43',2,'App\\Models\\Tenant\\User','179.6.26.134','WebKit','desktop','Windows','10.0','Chrome','144.0.0.0',NULL,NULL,'{\"country_name\":\"Peru\",\"country_code\":\"PE\",\"region_code\":\"LMA\",\"region_name\":\"Lima Province\",\"city_name\":\"Lima\",\"latitude\":\"-12.046\",\"longitude\":\"-77.0305\",\"timezone\":\"America\\/Lima\"}','2026-01-26 07:42:43','2026-01-26 07:42:43'),(52,2,'login','2026-01-27','17:52:12',2,'App\\Models\\Tenant\\User','179.6.26.134','WebKit','desktop','Windows','10.0','Chrome','144.0.0.0',NULL,NULL,'{\"country_name\":\"Peru\",\"country_code\":\"PE\",\"region_code\":\"LMA\",\"region_name\":\"Lima Province\",\"city_name\":\"Lima\",\"latitude\":\"-12.046\",\"longitude\":\"-77.0305\",\"timezone\":\"America\\/Lima\"}','2026-01-27 17:52:12','2026-01-27 17:52:12'),(53,2,'login','2026-01-27','21:03:24',2,'App\\Models\\Tenant\\User','179.6.26.134','WebKit','desktop','Windows','10.0','Chrome','144.0.0.0',NULL,NULL,'{\"country_name\":\"Peru\",\"country_code\":\"PE\",\"region_code\":\"LMA\",\"region_name\":\"Lima Province\",\"city_name\":\"Lima\",\"latitude\":\"-12.046\",\"longitude\":\"-77.0305\",\"timezone\":\"America\\/Lima\"}','2026-01-27 21:03:24','2026-01-27 21:03:24'),(54,2,'login','2026-01-29','17:07:45',2,'App\\Models\\Tenant\\User','179.6.26.134','WebKit','desktop','Windows','10.0','Chrome','144.0.0.0',NULL,NULL,'{\"country_name\":\"Peru\",\"country_code\":\"PE\",\"region_code\":\"LMA\",\"region_name\":\"Lima Province\",\"city_name\":\"Lima\",\"latitude\":\"-12.046\",\"longitude\":\"-77.0305\",\"timezone\":\"America\\/Lima\"}','2026-01-29 17:07:45','2026-01-29 17:07:45'),(55,2,'login','2026-01-29','21:17:28',2,'App\\Models\\Tenant\\User','179.6.26.134','WebKit','desktop','Windows','10.0','Chrome','144.0.0.0',NULL,NULL,'{\"country_name\":\"Peru\",\"country_code\":\"PE\",\"region_code\":\"LMA\",\"region_name\":\"Lima Province\",\"city_name\":\"Lima\",\"latitude\":\"-12.046\",\"longitude\":\"-77.0305\",\"timezone\":\"America\\/Lima\"}','2026-01-29 21:17:28','2026-01-29 21:17:28'),(56,2,'login','2026-01-30','10:15:03',2,'App\\Models\\Tenant\\User','179.6.26.134','WebKit','desktop','Windows','10.0','Chrome','144.0.0.0',NULL,NULL,'{\"country_name\":\"Peru\",\"country_code\":\"PE\",\"region_code\":\"LMA\",\"region_name\":\"Lima Province\",\"city_name\":\"Lima\",\"latitude\":\"-12.046\",\"longitude\":\"-77.0305\",\"timezone\":\"America\\/Lima\"}','2026-01-30 10:15:03','2026-01-30 10:15:03'),(57,2,'login','2026-01-30','17:27:22',2,'App\\Models\\Tenant\\User','179.6.26.134','WebKit','desktop','Windows','10.0','Chrome','144.0.0.0',NULL,NULL,'{\"country_name\":\"Peru\",\"country_code\":\"PE\",\"region_code\":\"LMA\",\"region_name\":\"Lima Province\",\"city_name\":\"Lima\",\"latitude\":\"-12.046\",\"longitude\":\"-77.0305\",\"timezone\":\"America\\/Lima\"}','2026-01-30 17:27:22','2026-01-30 17:27:22'),(58,2,'login','2026-01-31','16:57:23',2,'App\\Models\\Tenant\\User','179.7.180.70','WebKit','desktop','Windows','10.0','Chrome','144.0.0.0',NULL,NULL,'{\"country_name\":\"Peru\",\"country_code\":\"PE\",\"region_code\":\"ARE\",\"region_name\":\"Arequipa\",\"city_name\":\"Arequipa\",\"latitude\":\"-16.4014\",\"longitude\":\"-71.5343\",\"timezone\":\"America\\/Lima\"}','2026-01-31 16:57:23','2026-01-31 16:57:23'),(59,2,'login','2026-02-01','09:24:51',2,'App\\Models\\Tenant\\User','179.6.26.134','WebKit','desktop','Windows','10.0','Chrome','144.0.0.0',NULL,NULL,'{\"country_name\":\"Peru\",\"country_code\":\"PE\",\"region_code\":\"LMA\",\"region_name\":\"Lima Province\",\"city_name\":\"Lima\",\"latitude\":\"-12.046\",\"longitude\":\"-77.0305\",\"timezone\":\"America\\/Lima\"}','2026-02-01 09:24:51','2026-02-01 09:24:51'),(60,2,'login','2026-02-01','15:49:41',2,'App\\Models\\Tenant\\User','179.6.26.134','WebKit','desktop','Windows','10.0','Chrome','144.0.0.0',NULL,NULL,'{\"country_name\":\"Peru\",\"country_code\":\"PE\",\"region_code\":\"LMA\",\"region_name\":\"Lima Province\",\"city_name\":\"Lima\",\"latitude\":\"-12.046\",\"longitude\":\"-77.0305\",\"timezone\":\"America\\/Lima\"}','2026-02-01 15:49:41','2026-02-01 15:49:41'),(61,2,'login','2026-02-01','20:07:30',2,'App\\Models\\Tenant\\User','179.6.26.134','WebKit','desktop','Windows','10.0','Chrome','144.0.0.0',NULL,NULL,'{\"country_name\":\"Peru\",\"country_code\":\"PE\",\"region_code\":\"LMA\",\"region_name\":\"Lima Province\",\"city_name\":\"Lima\",\"latitude\":\"-12.046\",\"longitude\":\"-77.0305\",\"timezone\":\"America\\/Lima\"}','2026-02-01 20:07:30','2026-02-01 20:07:30'),(62,2,'login','2026-02-03','15:46:08',2,'App\\Models\\Tenant\\User','179.6.26.134','WebKit','desktop','Windows','10.0','Chrome','144.0.0.0',NULL,NULL,'{\"country_name\":\"Peru\",\"country_code\":\"PE\",\"region_code\":\"LMA\",\"region_name\":\"Lima Province\",\"city_name\":\"Lima\",\"latitude\":\"-12.046\",\"longitude\":\"-77.0305\",\"timezone\":\"America\\/Lima\"}','2026-02-03 15:46:08','2026-02-03 15:46:08'),(63,2,'login','2026-02-03','20:31:14',2,'App\\Models\\Tenant\\User','179.6.26.134','WebKit','desktop','Windows','10.0','Chrome','144.0.0.0',NULL,NULL,'{\"country_name\":\"Peru\",\"country_code\":\"PE\",\"region_code\":\"LMA\",\"region_name\":\"Lima Province\",\"city_name\":\"Lima\",\"latitude\":\"-12.046\",\"longitude\":\"-77.0305\",\"timezone\":\"America\\/Lima\"}','2026-02-03 20:31:14','2026-02-03 20:31:14'),(64,2,'login','2026-02-04','08:06:05',2,'App\\Models\\Tenant\\User','179.6.26.134','WebKit','desktop','Windows','10.0','Chrome','144.0.0.0',NULL,NULL,'{\"country_name\":\"Peru\",\"country_code\":\"PE\",\"region_code\":\"LMA\",\"region_name\":\"Lima Province\",\"city_name\":\"Lima\",\"latitude\":\"-12.046\",\"longitude\":\"-77.0305\",\"timezone\":\"America\\/Lima\"}','2026-02-04 08:06:05','2026-02-04 08:06:05'),(65,2,'login','2026-02-04','12:01:11',2,'App\\Models\\Tenant\\User','179.6.26.134','WebKit','desktop','Windows','10.0','Chrome','144.0.0.0',NULL,NULL,'{\"country_name\":\"Peru\",\"country_code\":\"PE\",\"region_code\":\"LMA\",\"region_name\":\"Lima Province\",\"city_name\":\"Lima\",\"latitude\":\"-12.046\",\"longitude\":\"-77.0305\",\"timezone\":\"America\\/Lima\"}','2026-02-04 12:01:11','2026-02-04 12:01:11'),(66,2,'login','2026-02-04','14:45:49',2,'App\\Models\\Tenant\\User','179.6.26.134','WebKit','desktop','Windows','10.0','Chrome','144.0.0.0',NULL,NULL,'{\"country_name\":\"Peru\",\"country_code\":\"PE\",\"region_code\":\"LMA\",\"region_name\":\"Lima Province\",\"city_name\":\"Lima\",\"latitude\":\"-12.046\",\"longitude\":\"-77.0305\",\"timezone\":\"America\\/Lima\"}','2026-02-04 14:45:49','2026-02-04 14:45:49'),(67,2,'login','2026-02-04','14:45:59',2,'App\\Models\\Tenant\\User','179.6.26.134','WebKit','desktop','Windows','10.0','Chrome','144.0.0.0',NULL,NULL,'{\"country_name\":\"Peru\",\"country_code\":\"PE\",\"region_code\":\"LMA\",\"region_name\":\"Lima Province\",\"city_name\":\"Lima\",\"latitude\":\"-12.046\",\"longitude\":\"-77.0305\",\"timezone\":\"America\\/Lima\"}','2026-02-04 14:45:59','2026-02-04 14:45:59'),(68,2,'login','2026-02-05','19:20:28',2,'App\\Models\\Tenant\\User','179.6.26.134','WebKit','desktop','Windows','10.0','Chrome','144.0.0.0',NULL,NULL,'{\"country_name\":\"Peru\",\"country_code\":\"PE\",\"region_code\":\"LMA\",\"region_name\":\"Lima Province\",\"city_name\":\"Lima\",\"latitude\":\"-12.046\",\"longitude\":\"-77.0305\",\"timezone\":\"America\\/Lima\"}','2026-02-05 19:20:28','2026-02-05 19:20:28'),(69,2,'login','2026-02-07','11:45:32',2,'App\\Models\\Tenant\\User','179.6.26.134','WebKit','desktop','Windows','10.0','Chrome','144.0.0.0',NULL,NULL,'{\"country_name\":\"Peru\",\"country_code\":\"PE\",\"region_code\":\"LMA\",\"region_name\":\"Lima Province\",\"city_name\":\"Lima\",\"latitude\":\"-12.046\",\"longitude\":\"-77.0305\",\"timezone\":\"America\\/Lima\"}','2026-02-07 11:45:32','2026-02-07 11:45:32'),(70,2,'login','2026-02-07','16:40:35',2,'App\\Models\\Tenant\\User','179.6.26.134','WebKit','desktop','Windows','10.0','Chrome','144.0.0.0',NULL,NULL,'{\"country_name\":\"Peru\",\"country_code\":\"PE\",\"region_code\":\"LMA\",\"region_name\":\"Lima Province\",\"city_name\":\"Lima\",\"latitude\":\"-12.046\",\"longitude\":\"-77.0305\",\"timezone\":\"America\\/Lima\"}','2026-02-07 16:40:35','2026-02-07 16:40:35'),(71,2,'login','2026-02-08','13:47:53',2,'App\\Models\\Tenant\\User','179.6.26.134','WebKit','desktop','Windows','10.0','Chrome','144.0.0.0',NULL,NULL,'{\"country_name\":\"Peru\",\"country_code\":\"PE\",\"region_code\":\"LMA\",\"region_name\":\"Lima Province\",\"city_name\":\"Lima\",\"latitude\":\"-12.046\",\"longitude\":\"-77.0305\",\"timezone\":\"America\\/Lima\"}','2026-02-08 13:47:53','2026-02-08 13:47:53'),(72,2,'login','2026-02-08','21:15:47',2,'App\\Models\\Tenant\\User','179.6.26.134','WebKit','desktop','Windows','10.0','Chrome','144.0.0.0',NULL,NULL,'{\"country_name\":\"Peru\",\"country_code\":\"PE\",\"region_code\":\"LMA\",\"region_name\":\"Lima Province\",\"city_name\":\"Lima\",\"latitude\":\"-12.046\",\"longitude\":\"-77.0305\",\"timezone\":\"America\\/Lima\"}','2026-02-08 21:15:47','2026-02-08 21:15:47'),(73,2,'login','2026-02-10','19:21:29',2,'App\\Models\\Tenant\\User','179.6.26.134','WebKit','desktop','Windows','10.0','Chrome','144.0.0.0',NULL,NULL,'{\"country_name\":\"Peru\",\"country_code\":\"PE\",\"region_code\":\"LMA\",\"region_name\":\"Lima Province\",\"city_name\":\"Lima\",\"latitude\":\"-12.046\",\"longitude\":\"-77.0305\",\"timezone\":\"America\\/Lima\"}','2026-02-10 19:21:29','2026-02-10 19:21:29'),(74,2,'login','2026-02-11','08:13:07',2,'App\\Models\\Tenant\\User','179.6.26.134','WebKit','desktop','Windows','10.0','Chrome','144.0.0.0',NULL,NULL,'{\"country_name\":\"Peru\",\"country_code\":\"PE\",\"region_code\":\"LMA\",\"region_name\":\"Lima Province\",\"city_name\":\"Lima\",\"latitude\":\"-12.046\",\"longitude\":\"-77.0305\",\"timezone\":\"America\\/Lima\"}','2026-02-11 08:13:07','2026-02-11 08:13:07'),(75,2,'login','2026-02-13','08:00:41',2,'App\\Models\\Tenant\\User','179.6.26.134','WebKit','desktop','Windows','10.0','Chrome','144.0.0.0',NULL,NULL,'{\"country_name\":\"Peru\",\"country_code\":\"PE\",\"region_code\":\"LMA\",\"region_name\":\"Lima Province\",\"city_name\":\"Lima\",\"latitude\":\"-12.046\",\"longitude\":\"-77.0305\",\"timezone\":\"America\\/Lima\"}','2026-02-13 08:00:41','2026-02-13 08:00:41'),(76,2,'login','2026-02-13','12:08:41',2,'App\\Models\\Tenant\\User','179.6.26.134','WebKit','desktop','Windows','10.0','Chrome','144.0.0.0',NULL,NULL,'{\"country_name\":\"Peru\",\"country_code\":\"PE\",\"region_code\":\"LMA\",\"region_name\":\"Lima Province\",\"city_name\":\"Lima\",\"latitude\":\"-12.046\",\"longitude\":\"-77.0305\",\"timezone\":\"America\\/Lima\"}','2026-02-13 12:08:41','2026-02-13 12:08:41'),(77,2,'login','2026-02-15','08:54:48',2,'App\\Models\\Tenant\\User','179.6.26.134','WebKit','desktop','Windows','10.0','Chrome','144.0.0.0',NULL,NULL,'{\"country_name\":\"Peru\",\"country_code\":\"PE\",\"region_code\":\"LMA\",\"region_name\":\"Lima Province\",\"city_name\":\"Lima\",\"latitude\":\"-12.046\",\"longitude\":\"-77.0305\",\"timezone\":\"America\\/Lima\"}','2026-02-15 08:54:48','2026-02-15 08:54:48'),(78,2,'login','2026-02-15','19:05:29',2,'App\\Models\\Tenant\\User','179.6.26.134','WebKit','desktop','Windows','10.0','Chrome','144.0.0.0',NULL,NULL,'{\"country_name\":\"Peru\",\"country_code\":\"PE\",\"region_code\":\"LMA\",\"region_name\":\"Lima Province\",\"city_name\":\"Lima\",\"latitude\":\"-12.046\",\"longitude\":\"-77.0305\",\"timezone\":\"America\\/Lima\"}','2026-02-15 19:05:29','2026-02-15 19:05:29'),(79,2,'login','2026-02-16','19:02:26',2,'App\\Models\\Tenant\\User','179.6.26.134','WebKit','desktop','Windows','10.0','Chrome','144.0.0.0',NULL,NULL,'{\"country_name\":\"Peru\",\"country_code\":\"PE\",\"region_code\":\"LMA\",\"region_name\":\"Lima Province\",\"city_name\":\"Lima\",\"latitude\":\"-12.046\",\"longitude\":\"-77.0305\",\"timezone\":\"America\\/Lima\"}','2026-02-16 19:02:26','2026-02-16 19:02:26'),(80,2,'login','2026-02-17','10:07:31',2,'App\\Models\\Tenant\\User','179.6.26.134','WebKit','desktop','Windows','10.0','Chrome','144.0.0.0',NULL,NULL,'{\"country_name\":\"Peru\",\"country_code\":\"PE\",\"region_code\":\"LMA\",\"region_name\":\"Lima Province\",\"city_name\":\"Lima\",\"latitude\":\"-12.046\",\"longitude\":\"-77.0305\",\"timezone\":\"America\\/Lima\"}','2026-02-17 10:07:31','2026-02-17 10:07:31'),(81,2,'login','2026-02-18','10:18:42',2,'App\\Models\\Tenant\\User','179.6.26.134','WebKit','desktop','Windows','10.0','Chrome','145.0.0.0',NULL,NULL,'{\"country_name\":\"Peru\",\"country_code\":\"PE\",\"region_code\":\"LMA\",\"region_name\":\"Lima Province\",\"city_name\":\"Lima\",\"latitude\":\"-12.046\",\"longitude\":\"-77.0305\",\"timezone\":\"America\\/Lima\"}','2026-02-18 10:18:42','2026-02-18 10:18:42'),(82,2,'login','2026-02-18','12:48:27',2,'App\\Models\\Tenant\\User','179.6.26.134','WebKit','desktop','Windows','10.0','Chrome','145.0.0.0',NULL,NULL,'{\"country_name\":\"Peru\",\"country_code\":\"PE\",\"region_code\":\"LMA\",\"region_name\":\"Lima Province\",\"city_name\":\"Lima\",\"latitude\":\"-12.046\",\"longitude\":\"-77.0305\",\"timezone\":\"America\\/Lima\"}','2026-02-18 12:48:27','2026-02-18 12:48:27'),(83,2,'login','2026-02-19','15:12:15',2,'App\\Models\\Tenant\\User','179.6.26.134','WebKit','desktop','Windows','10.0','Chrome','145.0.0.0',NULL,NULL,'{\"country_name\":\"Peru\",\"country_code\":\"PE\",\"region_code\":\"LMA\",\"region_name\":\"Lima Province\",\"city_name\":\"Lima\",\"latitude\":\"-12.046\",\"longitude\":\"-77.0305\",\"timezone\":\"America\\/Lima\"}','2026-02-19 15:12:15','2026-02-19 15:12:15'),(84,2,'login','2026-02-20','07:43:40',2,'App\\Models\\Tenant\\User','179.6.26.134','WebKit','desktop','Windows','10.0','Chrome','145.0.0.0',NULL,NULL,'{\"country_name\":\"Peru\",\"country_code\":\"PE\",\"region_code\":\"LMA\",\"region_name\":\"Lima Province\",\"city_name\":\"Lima\",\"latitude\":\"-12.046\",\"longitude\":\"-77.0305\",\"timezone\":\"America\\/Lima\"}','2026-02-20 07:43:40','2026-02-20 07:43:40'),(85,2,'login','2026-02-20','12:53:00',2,'App\\Models\\Tenant\\User','179.6.26.134','WebKit','desktop','Windows','10.0','Chrome','145.0.0.0',NULL,NULL,'{\"country_name\":\"Peru\",\"country_code\":\"PE\",\"region_code\":\"LMA\",\"region_name\":\"Lima Province\",\"city_name\":\"Lima\",\"latitude\":\"-12.046\",\"longitude\":\"-77.0305\",\"timezone\":\"America\\/Lima\"}','2026-02-20 12:53:00','2026-02-20 12:53:00'),(86,2,'module_access_error','2026-02-20','12:53:31',2,'App\\Models\\Tenant\\User','179.6.26.134','WebKit','desktop','Windows','10.0','Chrome','145.0.0.0',NULL,'orders','{\"country_name\":\"Peru\",\"country_code\":\"PE\",\"region_code\":\"LMA\",\"region_name\":\"Lima Province\",\"city_name\":\"Lima\",\"latitude\":\"-12.046\",\"longitude\":\"-77.0305\",\"timezone\":\"America\\/Lima\"}','2026-02-20 12:53:31','2026-02-20 12:53:31'),(87,2,'login','2026-02-20','16:18:17',2,'App\\Models\\Tenant\\User','179.6.26.134','WebKit','desktop','Windows','10.0','Chrome','145.0.0.0',NULL,NULL,'{\"country_name\":\"Peru\",\"country_code\":\"PE\",\"region_code\":\"LMA\",\"region_name\":\"Lima Province\",\"city_name\":\"Lima\",\"latitude\":\"-12.046\",\"longitude\":\"-77.0305\",\"timezone\":\"America\\/Lima\"}','2026-02-20 16:18:17','2026-02-20 16:18:17'),(88,2,'login','2026-02-21','12:11:40',2,'App\\Models\\Tenant\\User','179.6.26.134','WebKit','desktop','Windows','10.0','Chrome','145.0.0.0',NULL,NULL,'{\"country_name\":\"Peru\",\"country_code\":\"PE\",\"region_code\":\"LMA\",\"region_name\":\"Lima Province\",\"city_name\":\"Lima\",\"latitude\":\"-12.046\",\"longitude\":\"-77.0305\",\"timezone\":\"America\\/Lima\"}','2026-02-21 12:11:40','2026-02-21 12:11:40'),(89,2,'login','2026-02-21','16:00:43',2,'App\\Models\\Tenant\\User','179.6.26.134','WebKit','desktop','Windows','10.0','Chrome','145.0.0.0',NULL,NULL,'{\"country_name\":\"Peru\",\"country_code\":\"PE\",\"region_code\":\"LMA\",\"region_name\":\"Lima Province\",\"city_name\":\"Lima\",\"latitude\":\"-12.046\",\"longitude\":\"-77.0305\",\"timezone\":\"America\\/Lima\"}','2026-02-21 16:00:43','2026-02-21 16:00:43'),(90,2,'module_access_error','2026-02-21','16:09:34',2,'App\\Models\\Tenant\\User','179.6.26.134','WebKit','desktop','Windows','10.0','Chrome','145.0.0.0',NULL,'orders','{\"country_name\":\"Peru\",\"country_code\":\"PE\",\"region_code\":\"LMA\",\"region_name\":\"Lima Province\",\"city_name\":\"Lima\",\"latitude\":\"-12.046\",\"longitude\":\"-77.0305\",\"timezone\":\"America\\/Lima\"}','2026-02-21 16:09:34','2026-02-21 16:09:34'),(91,2,'login','2026-02-21','21:57:29',2,'App\\Models\\Tenant\\User','179.6.26.134','WebKit','desktop','Windows','10.0','Chrome','145.0.0.0',NULL,NULL,'{\"country_name\":\"Peru\",\"country_code\":\"PE\",\"region_code\":\"LMA\",\"region_name\":\"Lima Province\",\"city_name\":\"Lima\",\"latitude\":\"-12.046\",\"longitude\":\"-77.0305\",\"timezone\":\"America\\/Lima\"}','2026-02-21 21:57:29','2026-02-21 21:57:29'),(92,2,'login','2026-02-22','12:03:33',2,'App\\Models\\Tenant\\User','179.6.26.134','WebKit','desktop','Windows','10.0','Chrome','145.0.0.0',NULL,NULL,'{\"country_name\":\"Peru\",\"country_code\":\"PE\",\"region_code\":\"LMA\",\"region_name\":\"Lima Province\",\"city_name\":\"Lima\",\"latitude\":\"-12.046\",\"longitude\":\"-77.0305\",\"timezone\":\"America\\/Lima\"}','2026-02-22 12:03:33','2026-02-22 12:03:33'),(93,2,'login','2026-02-23','07:43:52',2,'App\\Models\\Tenant\\User','179.6.26.134','WebKit','desktop','Windows','10.0','Chrome','145.0.0.0',NULL,NULL,'{\"country_name\":\"Peru\",\"country_code\":\"PE\",\"region_code\":\"LMA\",\"region_name\":\"Lima Province\",\"city_name\":\"Lima\",\"latitude\":\"-12.046\",\"longitude\":\"-77.0305\",\"timezone\":\"America\\/Lima\"}','2026-02-23 07:43:52','2026-02-23 07:43:52'),(94,2,'login','2026-02-23','15:36:46',2,'App\\Models\\Tenant\\User','179.6.26.134','WebKit','desktop','Windows','10.0','Chrome','145.0.0.0',NULL,NULL,'{\"country_name\":\"Peru\",\"country_code\":\"PE\",\"region_code\":\"LMA\",\"region_name\":\"Lima Province\",\"city_name\":\"Lima\",\"latitude\":\"-12.046\",\"longitude\":\"-77.0305\",\"timezone\":\"America\\/Lima\"}','2026-02-23 15:36:46','2026-02-23 15:36:46'),(95,2,'login','2026-02-24','14:06:10',2,'App\\Models\\Tenant\\User','179.6.26.134','WebKit','desktop','Windows','10.0','Chrome','145.0.0.0',NULL,NULL,'{\"country_name\":\"Peru\",\"country_code\":\"PE\",\"region_code\":\"LMA\",\"region_name\":\"Lima Province\",\"city_name\":\"Lima\",\"latitude\":\"-12.046\",\"longitude\":\"-77.0305\",\"timezone\":\"America\\/Lima\"}','2026-02-24 14:06:10','2026-02-24 14:06:10'),(96,2,'login','2026-02-24','15:32:50',2,'App\\Models\\Tenant\\User','181.176.101.123','WebKit','desktop','Windows','10.0','Chrome','145.0.0.0',NULL,NULL,'{\"country_name\":\"Peru\",\"country_code\":\"PE\",\"region_code\":\"LMA\",\"region_name\":\"Lima Province\",\"city_name\":\"Lima\",\"latitude\":\"-12.046\",\"longitude\":\"-77.0305\",\"timezone\":\"America\\/Lima\"}','2026-02-24 15:32:50','2026-02-24 15:32:50'),(97,2,'login','2026-02-24','18:43:24',2,'App\\Models\\Tenant\\User','179.6.26.134','WebKit','desktop','Windows','10.0','Chrome','145.0.0.0',NULL,NULL,'{\"country_name\":\"Peru\",\"country_code\":\"PE\",\"region_code\":\"LMA\",\"region_name\":\"Lima Province\",\"city_name\":\"Lima\",\"latitude\":\"-12.046\",\"longitude\":\"-77.0305\",\"timezone\":\"America\\/Lima\"}','2026-02-24 18:43:24','2026-02-24 18:43:24'),(98,2,'login','2026-02-24','18:44:11',2,'App\\Models\\Tenant\\User','179.6.26.134','WebKit','desktop','Windows','10.0','Chrome','145.0.0.0',NULL,NULL,'{\"country_name\":\"Peru\",\"country_code\":\"PE\",\"region_code\":\"LMA\",\"region_name\":\"Lima Province\",\"city_name\":\"Lima\",\"latitude\":\"-12.046\",\"longitude\":\"-77.0305\",\"timezone\":\"America\\/Lima\"}','2026-02-24 18:44:11','2026-02-24 18:44:11'),(99,2,'login','2026-02-24','22:08:47',2,'App\\Models\\Tenant\\User','179.6.26.134','WebKit','desktop','Windows','10.0','Chrome','145.0.0.0',NULL,NULL,'{\"country_name\":\"Peru\",\"country_code\":\"PE\",\"region_code\":\"LMA\",\"region_name\":\"Lima Province\",\"city_name\":\"Lima\",\"latitude\":\"-12.046\",\"longitude\":\"-77.0305\",\"timezone\":\"America\\/Lima\"}','2026-02-24 22:08:47','2026-02-24 22:08:47'),(100,2,'login','2026-02-25','07:10:28',2,'App\\Models\\Tenant\\User','179.6.26.134','WebKit','desktop','Windows','10.0','Chrome','145.0.0.0',NULL,NULL,'{\"country_name\":\"Peru\",\"country_code\":\"PE\",\"region_code\":\"LMA\",\"region_name\":\"Lima Province\",\"city_name\":\"Lima\",\"latitude\":\"-12.046\",\"longitude\":\"-77.0305\",\"timezone\":\"America\\/Lima\"}','2026-02-25 07:10:28','2026-02-25 07:10:28'),(101,2,'login','2026-02-25','16:32:08',2,'App\\Models\\Tenant\\User','179.6.26.134','WebKit','desktop','Windows','10.0','Chrome','145.0.0.0',NULL,NULL,'{\"country_name\":\"Peru\",\"country_code\":\"PE\",\"region_code\":\"LMA\",\"region_name\":\"Lima Province\",\"city_name\":\"Lima\",\"latitude\":\"-12.046\",\"longitude\":\"-77.0305\",\"timezone\":\"America\\/Lima\"}','2026-02-25 16:32:08','2026-02-25 16:32:08'),(102,2,'login','2026-02-25','22:32:53',2,'App\\Models\\Tenant\\User','179.6.26.134','WebKit','desktop','Windows','10.0','Chrome','145.0.0.0',NULL,NULL,'{\"country_name\":\"Peru\",\"country_code\":\"PE\",\"region_code\":\"LMA\",\"region_name\":\"Lima Province\",\"city_name\":\"Lima\",\"latitude\":\"-12.046\",\"longitude\":\"-77.0305\",\"timezone\":\"America\\/Lima\"}','2026-02-25 22:32:53','2026-02-25 22:32:53'),(103,2,'login','2026-02-26','11:25:59',2,'App\\Models\\Tenant\\User','179.6.26.134','WebKit','desktop','Windows','10.0','Chrome','145.0.0.0',NULL,NULL,'{\"country_name\":\"Peru\",\"country_code\":\"PE\",\"region_code\":\"LMA\",\"region_name\":\"Lima Province\",\"city_name\":\"Lima\",\"latitude\":\"-12.046\",\"longitude\":\"-77.0305\",\"timezone\":\"America\\/Lima\"}','2026-02-26 11:25:59','2026-02-26 11:25:59'),(104,2,'login','2026-02-27','08:04:32',2,'App\\Models\\Tenant\\User','179.6.26.134','WebKit','desktop','Windows','10.0','Chrome','145.0.0.0',NULL,NULL,'{\"country_name\":\"Peru\",\"country_code\":\"PE\",\"region_code\":\"LMA\",\"region_name\":\"Lima Province\",\"city_name\":\"Lima\",\"latitude\":\"-12.046\",\"longitude\":\"-77.0305\",\"timezone\":\"America\\/Lima\"}','2026-02-27 08:04:32','2026-02-27 08:04:32'),(105,2,'login','2026-02-27','13:22:07',2,'App\\Models\\Tenant\\User','179.6.26.134','WebKit','desktop','Windows','10.0','Chrome','145.0.0.0',NULL,NULL,'{\"country_name\":\"Peru\",\"country_code\":\"PE\",\"region_code\":\"LMA\",\"region_name\":\"Lima Province\",\"city_name\":\"Lima\",\"latitude\":\"-12.046\",\"longitude\":\"-77.0305\",\"timezone\":\"America\\/Lima\"}','2026-02-27 13:22:07','2026-02-27 13:22:07'),(106,2,'login','2026-02-27','21:29:07',2,'App\\Models\\Tenant\\User','179.6.26.134','WebKit','desktop','Windows','10.0','Chrome','145.0.0.0',NULL,NULL,'{\"country_name\":\"Peru\",\"country_code\":\"PE\",\"region_code\":\"LMA\",\"region_name\":\"Lima Province\",\"city_name\":\"Lima\",\"latitude\":\"-12.046\",\"longitude\":\"-77.0305\",\"timezone\":\"America\\/Lima\"}','2026-02-27 21:29:07','2026-02-27 21:29:07'),(107,2,'login','2026-02-28','09:43:23',2,'App\\Models\\Tenant\\User','179.6.26.134','WebKit','desktop','Windows','10.0','Chrome','145.0.0.0',NULL,NULL,'{\"country_name\":\"Peru\",\"country_code\":\"PE\",\"region_code\":\"LMA\",\"region_name\":\"Lima Province\",\"city_name\":\"Lima\",\"latitude\":\"-12.046\",\"longitude\":\"-77.0305\",\"timezone\":\"America\\/Lima\"}','2026-02-28 09:43:23','2026-02-28 09:43:23'),(108,2,'login','2026-03-01','10:38:25',2,'App\\Models\\Tenant\\User','179.6.26.134','WebKit','desktop','Windows','10.0','Chrome','145.0.0.0',NULL,NULL,'{\"country_name\":\"Peru\",\"country_code\":\"PE\",\"region_code\":\"LMA\",\"region_name\":\"Lima Province\",\"city_name\":\"Lima\",\"latitude\":\"-12.046\",\"longitude\":\"-77.0305\",\"timezone\":\"America\\/Lima\"}','2026-03-01 10:38:25','2026-03-01 10:38:25'),(109,2,'login','2026-03-01','13:28:47',2,'App\\Models\\Tenant\\User','179.6.26.134','WebKit','desktop','Windows','10.0','Chrome','145.0.0.0',NULL,NULL,'{\"country_name\":\"Peru\",\"country_code\":\"PE\",\"region_code\":\"LMA\",\"region_name\":\"Lima Province\",\"city_name\":\"Lima\",\"latitude\":\"-12.046\",\"longitude\":\"-77.0305\",\"timezone\":\"America\\/Lima\"}','2026-03-01 13:28:47','2026-03-01 13:28:47'),(110,2,'login','2026-03-02','18:45:23',2,'App\\Models\\Tenant\\User','179.6.26.134','WebKit','desktop','Windows','10.0','Chrome','145.0.0.0',NULL,NULL,'{\"country_name\":\"Peru\",\"country_code\":\"PE\",\"region_code\":\"LMA\",\"region_name\":\"Lima Province\",\"city_name\":\"Lima\",\"latitude\":\"-12.046\",\"longitude\":\"-77.0305\",\"timezone\":\"America\\/Lima\"}','2026-03-02 18:45:23','2026-03-02 18:45:23'),(111,2,'login','2026-03-02','21:19:14',2,'App\\Models\\Tenant\\User','179.6.26.134','WebKit','desktop','Windows','10.0','Chrome','145.0.0.0',NULL,NULL,'{\"country_name\":\"Peru\",\"country_code\":\"PE\",\"region_code\":\"LMA\",\"region_name\":\"Lima Province\",\"city_name\":\"Lima\",\"latitude\":\"-12.046\",\"longitude\":\"-77.0305\",\"timezone\":\"America\\/Lima\"}','2026-03-02 21:19:14','2026-03-02 21:19:14'),(112,2,'login','2026-03-03','14:48:19',2,'App\\Models\\Tenant\\User','179.6.26.134','WebKit','desktop','Windows','10.0','Chrome','145.0.0.0',NULL,NULL,'{\"country_name\":\"Peru\",\"country_code\":\"PE\",\"region_code\":\"LMA\",\"region_name\":\"Lima Province\",\"city_name\":\"Lima\",\"latitude\":\"-12.046\",\"longitude\":\"-77.0305\",\"timezone\":\"America\\/Lima\"}','2026-03-03 14:48:19','2026-03-03 14:48:19'),(113,2,'login','2026-03-03','17:31:36',2,'App\\Models\\Tenant\\User','179.6.26.134','WebKit','desktop','Windows','10.0','Chrome','145.0.0.0',NULL,NULL,'{\"country_name\":\"Peru\",\"country_code\":\"PE\",\"region_code\":\"LMA\",\"region_name\":\"Lima Province\",\"city_name\":\"Lima\",\"latitude\":\"-12.046\",\"longitude\":\"-77.0305\",\"timezone\":\"America\\/Lima\"}','2026-03-03 17:31:36','2026-03-03 17:31:36'),(114,2,'login','2026-03-03','17:39:01',2,'App\\Models\\Tenant\\User','181.176.41.161','WebKit','desktop','Windows','10.0','Chrome','145.0.0.0',NULL,NULL,'{\"country_name\":\"Peru\",\"country_code\":\"PE\",\"region_code\":\"LOR\",\"region_name\":\"Loreto\",\"city_name\":\"Yurimaguas\",\"latitude\":\"-5.90181\",\"longitude\":\"-76.1223\",\"timezone\":\"America\\/Lima\"}','2026-03-03 17:39:01','2026-03-03 17:39:01'),(115,2,'login','2026-03-05','10:20:54',2,'App\\Models\\Tenant\\User','179.6.26.134','WebKit','desktop','Windows','10.0','Chrome','145.0.0.0',NULL,NULL,'{\"country_name\":\"Peru\",\"country_code\":\"PE\",\"region_code\":\"LMA\",\"region_name\":\"Lima Province\",\"city_name\":\"Lima\",\"latitude\":\"-12.046\",\"longitude\":\"-77.0305\",\"timezone\":\"America\\/Lima\"}','2026-03-05 10:20:54','2026-03-05 10:20:54'),(116,2,'login','2026-03-05','18:04:16',2,'App\\Models\\Tenant\\User','179.6.26.134','WebKit','desktop','Windows','10.0','Chrome','145.0.0.0',NULL,NULL,'{\"country_name\":\"Peru\",\"country_code\":\"PE\",\"region_code\":\"LMA\",\"region_name\":\"Lima Province\",\"city_name\":\"Lima\",\"latitude\":\"-12.046\",\"longitude\":\"-77.0305\",\"timezone\":\"America\\/Lima\"}','2026-03-05 18:04:16','2026-03-05 18:04:16'),(117,2,'login','2026-03-06','16:13:07',2,'App\\Models\\Tenant\\User','179.6.26.134','WebKit','desktop','Windows','10.0','Chrome','145.0.0.0',NULL,NULL,'{\"country_name\":\"Peru\",\"country_code\":\"PE\",\"region_code\":\"LMA\",\"region_name\":\"Lima Province\",\"city_name\":\"Lima\",\"latitude\":\"-12.046\",\"longitude\":\"-77.0305\",\"timezone\":\"America\\/Lima\"}','2026-03-06 16:13:07','2026-03-06 16:13:07'),(118,2,'login','2026-03-07','11:20:56',2,'App\\Models\\Tenant\\User','179.6.26.134','WebKit','desktop','Windows','10.0','Chrome','145.0.0.0',NULL,NULL,'{\"country_name\":\"Peru\",\"country_code\":\"PE\",\"region_code\":\"LMA\",\"region_name\":\"Lima Province\",\"city_name\":\"Lima\",\"latitude\":\"-12.046\",\"longitude\":\"-77.0305\",\"timezone\":\"America\\/Lima\"}','2026-03-07 11:20:56','2026-03-07 11:20:56'),(119,2,'login','2026-03-07','19:10:57',2,'App\\Models\\Tenant\\User','179.6.26.134','WebKit','desktop','Windows','10.0','Chrome','145.0.0.0',NULL,NULL,'{\"country_name\":\"Peru\",\"country_code\":\"PE\",\"region_code\":\"LMA\",\"region_name\":\"Lima Province\",\"city_name\":\"Lima\",\"latitude\":\"-12.046\",\"longitude\":\"-77.0305\",\"timezone\":\"America\\/Lima\"}','2026-03-07 19:10:57','2026-03-07 19:10:57'),(120,2,'login','2026-03-08','19:21:57',2,'App\\Models\\Tenant\\User','179.6.26.134','WebKit','desktop','Windows','10.0','Chrome','145.0.0.0',NULL,NULL,'{\"country_name\":\"Peru\",\"country_code\":\"PE\",\"region_code\":\"LMA\",\"region_name\":\"Lima Province\",\"city_name\":\"Lima\",\"latitude\":\"-12.046\",\"longitude\":\"-77.0305\",\"timezone\":\"America\\/Lima\"}','2026-03-08 19:21:57','2026-03-08 19:21:57'),(121,2,'login','2026-03-09','07:10:16',2,'App\\Models\\Tenant\\User','179.6.26.134','WebKit','desktop','Windows','10.0','Chrome','145.0.0.0',NULL,NULL,'{\"country_name\":\"Peru\",\"country_code\":\"PE\",\"region_code\":\"LMA\",\"region_name\":\"Lima Province\",\"city_name\":\"Lima\",\"latitude\":\"-12.046\",\"longitude\":\"-77.0305\",\"timezone\":\"America\\/Lima\"}','2026-03-09 07:10:16','2026-03-09 07:10:16'),(122,2,'login','2026-03-09','12:25:05',2,'App\\Models\\Tenant\\User','179.6.26.134','WebKit','desktop','Windows','10.0','Chrome','145.0.0.0',NULL,NULL,'{\"country_name\":\"Peru\",\"country_code\":\"PE\",\"region_code\":\"LMA\",\"region_name\":\"Lima Province\",\"city_name\":\"Lima\",\"latitude\":\"-12.046\",\"longitude\":\"-77.0305\",\"timezone\":\"America\\/Lima\"}','2026-03-09 12:25:05','2026-03-09 12:25:05'),(123,2,'login','2026-03-09','19:48:24',2,'App\\Models\\Tenant\\User','179.6.26.134','WebKit','desktop','Windows','10.0','Chrome','145.0.0.0',NULL,NULL,'{\"country_name\":\"Peru\",\"country_code\":\"PE\",\"region_code\":\"LMA\",\"region_name\":\"Lima Province\",\"city_name\":\"Lima\",\"latitude\":\"-12.046\",\"longitude\":\"-77.0305\",\"timezone\":\"America\\/Lima\"}','2026-03-09 19:48:24','2026-03-09 19:48:24'),(124,2,'login','2026-03-10','11:22:43',2,'App\\Models\\Tenant\\User','179.6.26.134','WebKit','desktop','Windows','10.0','Chrome','145.0.0.0',NULL,NULL,'{\"country_name\":\"Peru\",\"country_code\":\"PE\",\"region_code\":\"LMA\",\"region_name\":\"Lima Province\",\"city_name\":\"Lima\",\"latitude\":\"-12.046\",\"longitude\":\"-77.0305\",\"timezone\":\"America\\/Lima\"}','2026-03-10 11:22:43','2026-03-10 11:22:43'),(125,2,'login','2026-03-10','16:35:50',2,'App\\Models\\Tenant\\User','179.6.26.134','WebKit','desktop','Windows','10.0','Chrome','145.0.0.0',NULL,NULL,'{\"country_name\":\"Peru\",\"country_code\":\"PE\",\"region_code\":\"LMA\",\"region_name\":\"Lima Province\",\"city_name\":\"Lima\",\"latitude\":\"-12.046\",\"longitude\":\"-77.0305\",\"timezone\":\"America\\/Lima\"}','2026-03-10 16:35:50','2026-03-10 16:35:50'),(126,2,'login','2026-03-12','08:22:31',2,'App\\Models\\Tenant\\User','179.6.26.134','WebKit','desktop','Windows','10.0','Chrome','145.0.0.0',NULL,NULL,'{\"country_name\":\"Peru\",\"country_code\":\"PE\",\"region_code\":\"LMA\",\"region_name\":\"Lima Province\",\"city_name\":\"Lima\",\"latitude\":\"-12.046\",\"longitude\":\"-77.0305\",\"timezone\":\"America\\/Lima\"}','2026-03-12 08:22:31','2026-03-12 08:22:31'),(127,2,'login','2026-03-12','19:08:40',2,'App\\Models\\Tenant\\User','179.6.26.134','WebKit','desktop','Windows','10.0','Chrome','145.0.0.0',NULL,NULL,'{\"country_name\":\"Peru\",\"country_code\":\"PE\",\"region_code\":\"LMA\",\"region_name\":\"Lima Province\",\"city_name\":\"Lima\",\"latitude\":\"-12.046\",\"longitude\":\"-77.0305\",\"timezone\":\"America\\/Lima\"}','2026-03-12 19:08:40','2026-03-12 19:08:40'),(128,2,'login','2026-03-14','18:57:43',2,'App\\Models\\Tenant\\User','179.6.26.134','WebKit','desktop','Windows','10.0','Chrome','145.0.0.0',NULL,NULL,'{\"country_name\":\"Peru\",\"country_code\":\"PE\",\"region_code\":\"LMA\",\"region_name\":\"Lima Province\",\"city_name\":\"Lima\",\"latitude\":\"-12.046\",\"longitude\":\"-77.0305\",\"timezone\":\"America\\/Lima\"}','2026-03-14 18:57:43','2026-03-14 18:57:43'),(129,2,'login','2026-03-15','11:43:26',2,'App\\Models\\Tenant\\User','179.6.26.134','WebKit','desktop','Windows','10.0','Chrome','145.0.0.0',NULL,NULL,'{\"country_name\":\"Peru\",\"country_code\":\"PE\",\"region_code\":\"LMA\",\"region_name\":\"Lima Province\",\"city_name\":\"Lima\",\"latitude\":\"-12.046\",\"longitude\":\"-77.0305\",\"timezone\":\"America\\/Lima\"}','2026-03-15 11:43:26','2026-03-15 11:43:26'),(130,2,'login','2026-03-15','14:58:16',2,'App\\Models\\Tenant\\User','179.6.26.134','WebKit','desktop','Windows','10.0','Chrome','145.0.0.0',NULL,NULL,'{\"country_name\":\"Peru\",\"country_code\":\"PE\",\"region_code\":\"LMA\",\"region_name\":\"Lima Province\",\"city_name\":\"Lima\",\"latitude\":\"-12.046\",\"longitude\":\"-77.0305\",\"timezone\":\"America\\/Lima\"}','2026-03-15 14:58:16','2026-03-15 14:58:16'),(131,2,'login','2026-03-16','07:39:23',2,'App\\Models\\Tenant\\User','179.6.26.134','WebKit','desktop','Windows','10.0','Chrome','145.0.0.0',NULL,NULL,'{\"country_name\":\"Peru\",\"country_code\":\"PE\",\"region_code\":\"LMA\",\"region_name\":\"Lima Province\",\"city_name\":\"Lima\",\"latitude\":\"-12.046\",\"longitude\":\"-77.0305\",\"timezone\":\"America\\/Lima\"}','2026-03-16 07:39:23','2026-03-16 07:39:23'),(132,2,'login','2026-03-18','15:14:22',2,'App\\Models\\Tenant\\User','179.6.26.134','WebKit','desktop','Windows','10.0','Chrome','146.0.0.0',NULL,NULL,'{\"country_name\":\"Peru\",\"country_code\":\"PE\",\"region_code\":\"LMA\",\"region_name\":\"Lima Province\",\"city_name\":\"Lima\",\"latitude\":\"-12.046\",\"longitude\":\"-77.0305\",\"timezone\":\"America\\/Lima\"}','2026-03-18 15:14:22','2026-03-18 15:14:22'),(133,2,'login','2026-03-19','09:52:05',2,'App\\Models\\Tenant\\User','179.6.26.134','WebKit','desktop','Windows','10.0','Chrome','146.0.0.0',NULL,NULL,'{\"country_name\":\"Peru\",\"country_code\":\"PE\",\"region_code\":\"LMA\",\"region_name\":\"Lima Province\",\"city_name\":\"Lima\",\"latitude\":\"-12.046\",\"longitude\":\"-77.0305\",\"timezone\":\"America\\/Lima\"}','2026-03-19 09:52:05','2026-03-19 09:52:05'),(134,2,'login','2026-03-19','21:43:01',2,'App\\Models\\Tenant\\User','179.6.26.134','WebKit','desktop','Windows','10.0','Chrome','146.0.0.0',NULL,NULL,'{\"country_name\":\"Peru\",\"country_code\":\"PE\",\"region_code\":\"LMA\",\"region_name\":\"Lima Province\",\"city_name\":\"Lima\",\"latitude\":\"-12.046\",\"longitude\":\"-77.0305\",\"timezone\":\"America\\/Lima\"}','2026-03-19 21:43:01','2026-03-19 21:43:01'),(135,2,'login','2026-03-20','16:42:46',2,'App\\Models\\Tenant\\User','179.6.26.134','WebKit','desktop','Windows','10.0','Chrome','146.0.0.0',NULL,NULL,'{\"country_name\":\"Peru\",\"country_code\":\"PE\",\"region_code\":\"LMA\",\"region_name\":\"Lima Province\",\"city_name\":\"Lima\",\"latitude\":\"-12.046\",\"longitude\":\"-77.0305\",\"timezone\":\"America\\/Lima\"}','2026-03-20 16:42:46','2026-03-20 16:42:46'),(136,2,'login','2026-03-21','17:16:31',2,'App\\Models\\Tenant\\User','179.6.26.134','WebKit','desktop','Windows','10.0','Chrome','146.0.0.0',NULL,NULL,'{\"country_name\":\"Peru\",\"country_code\":\"PE\",\"region_code\":\"LMA\",\"region_name\":\"Lima Province\",\"city_name\":\"Lima\",\"latitude\":\"-12.046\",\"longitude\":\"-77.0305\",\"timezone\":\"America\\/Lima\"}','2026-03-21 17:16:31','2026-03-21 17:16:31'),(137,2,'login','2026-03-22','19:56:04',2,'App\\Models\\Tenant\\User','179.6.26.134','WebKit','desktop','Windows','10.0','Chrome','146.0.0.0',NULL,NULL,'{\"country_name\":\"Peru\",\"country_code\":\"PE\",\"region_code\":\"LMA\",\"region_name\":\"Lima Province\",\"city_name\":\"Lima\",\"latitude\":\"-12.046\",\"longitude\":\"-77.0305\",\"timezone\":\"America\\/Lima\"}','2026-03-22 19:56:04','2026-03-22 19:56:04'),(138,2,'login','2026-03-23','07:41:27',2,'App\\Models\\Tenant\\User','179.6.26.134','WebKit','desktop','Windows','10.0','Chrome','146.0.0.0',NULL,NULL,'{\"country_name\":\"Peru\",\"country_code\":\"PE\",\"region_code\":\"LMA\",\"region_name\":\"Lima Province\",\"city_name\":\"Lima\",\"latitude\":\"-12.046\",\"longitude\":\"-77.0305\",\"timezone\":\"America\\/Lima\"}','2026-03-23 07:41:27','2026-03-23 07:41:27'),(139,2,'login','2026-03-23','10:56:31',2,'App\\Models\\Tenant\\User','179.6.26.134','WebKit','desktop','Windows','10.0','Chrome','146.0.0.0',NULL,NULL,'{\"country_name\":\"Peru\",\"country_code\":\"PE\",\"region_code\":\"LMA\",\"region_name\":\"Lima Province\",\"city_name\":\"Lima\",\"latitude\":\"-12.046\",\"longitude\":\"-77.0305\",\"timezone\":\"America\\/Lima\"}','2026-03-23 10:56:31','2026-03-23 10:56:31'),(140,2,'login','2026-03-24','16:31:07',2,'App\\Models\\Tenant\\User','179.6.26.134','WebKit','desktop','Windows','10.0','Chrome','146.0.0.0',NULL,NULL,'{\"country_name\":\"Peru\",\"country_code\":\"PE\",\"region_code\":\"LMA\",\"region_name\":\"Lima Province\",\"city_name\":\"Lima\",\"latitude\":\"-12.046\",\"longitude\":\"-77.0305\",\"timezone\":\"America\\/Lima\"}','2026-03-24 16:31:07','2026-03-24 16:31:07'),(141,2,'login','2026-03-26','19:05:56',2,'App\\Models\\Tenant\\User','179.6.26.134','WebKit','desktop','Windows','10.0','Chrome','146.0.0.0',NULL,NULL,'{\"country_name\":\"Peru\",\"country_code\":\"PE\",\"region_code\":\"LMA\",\"region_name\":\"Lima Province\",\"city_name\":\"Lima\",\"latitude\":\"-12.046\",\"longitude\":\"-77.0305\",\"timezone\":\"America\\/Lima\"}','2026-03-26 19:05:56','2026-03-26 19:05:56'),(142,2,'login','2026-03-30','09:46:27',2,'App\\Models\\Tenant\\User','181.176.40.124','WebKit','desktop','Windows','10.0','Chrome','146.0.0.0',NULL,NULL,'{\"country_name\":\"Peru\",\"country_code\":\"PE\",\"region_code\":\"PIU\",\"region_name\":\"Piura\",\"city_name\":\"Sinchi Roca\",\"latitude\":\"-4.88231\",\"longitude\":\"-80.4354\",\"timezone\":\"America\\/Lima\"}','2026-03-30 09:46:27','2026-03-30 09:46:27'),(143,2,'login','2026-03-30','18:26:54',2,'App\\Models\\Tenant\\User','179.6.26.134','WebKit','desktop','Windows','10.0','Chrome','146.0.0.0',NULL,NULL,'{\"country_name\":\"Peru\",\"country_code\":\"PE\",\"region_code\":\"LMA\",\"region_name\":\"Lima Province\",\"city_name\":\"Lima\",\"latitude\":\"-12.046\",\"longitude\":\"-77.0305\",\"timezone\":\"America\\/Lima\"}','2026-03-30 18:26:54','2026-03-30 18:26:54'),(144,2,'login','2026-04-01','13:25:20',2,'App\\Models\\Tenant\\User','179.6.26.134','WebKit','desktop','Windows','10.0','Chrome','146.0.0.0',NULL,NULL,'{\"country_name\":\"Peru\",\"country_code\":\"PE\",\"region_code\":\"LMA\",\"region_name\":\"Lima Province\",\"city_name\":\"Lima\",\"latitude\":\"-12.046\",\"longitude\":\"-77.0305\",\"timezone\":\"America\\/Lima\"}','2026-04-01 13:25:20','2026-04-01 13:25:20'),(145,2,'login','2026-04-02','07:06:32',2,'App\\Models\\Tenant\\User','179.6.26.134','WebKit','desktop','Windows','10.0','Chrome','146.0.0.0',NULL,NULL,'{\"country_name\":\"Peru\",\"country_code\":\"PE\",\"region_code\":\"LMA\",\"region_name\":\"Lima Province\",\"city_name\":\"Lima\",\"latitude\":\"-12.046\",\"longitude\":\"-77.0305\",\"timezone\":\"America\\/Lima\"}','2026-04-02 07:06:32','2026-04-02 07:06:32'),(146,2,'logout','2026-04-02','07:09:20',2,'App\\Models\\Tenant\\User','179.6.26.134','WebKit','desktop','Windows','10.0','Chrome','146.0.0.0',NULL,NULL,'{\"country_name\":\"Peru\",\"country_code\":\"PE\",\"region_code\":\"LMA\",\"region_name\":\"Lima Province\",\"city_name\":\"Lima\",\"latitude\":\"-12.046\",\"longitude\":\"-77.0305\",\"timezone\":\"America\\/Lima\"}','2026-04-02 07:09:20','2026-04-02 07:09:20'),(147,2,'login','2026-04-02','08:57:23',2,'App\\Models\\Tenant\\User','179.6.26.134','WebKit','desktop','Windows','10.0','Chrome','146.0.0.0',NULL,NULL,'{\"country_name\":\"Peru\",\"country_code\":\"PE\",\"region_code\":\"LMA\",\"region_name\":\"Lima Province\",\"city_name\":\"Lima\",\"latitude\":\"-12.046\",\"longitude\":\"-77.0305\",\"timezone\":\"America\\/Lima\"}','2026-04-02 08:57:23','2026-04-02 08:57:23'),(148,2,'login','2026-04-04','15:19:02',2,'App\\Models\\Tenant\\User','179.6.26.134','WebKit','desktop','Windows','10.0','Chrome','146.0.0.0',NULL,NULL,'{\"country_name\":\"Peru\",\"country_code\":\"PE\",\"region_code\":\"LMA\",\"region_name\":\"Lima Province\",\"city_name\":\"Lima\",\"latitude\":\"-12.046\",\"longitude\":\"-77.0305\",\"timezone\":\"America\\/Lima\"}','2026-04-04 15:19:02','2026-04-04 15:19:02'),(149,2,'login','2026-04-06','13:09:55',2,'App\\Models\\Tenant\\User','179.6.26.134','WebKit','desktop','Windows','10.0','Chrome','146.0.0.0',NULL,NULL,'{\"country_name\":\"Peru\",\"country_code\":\"PE\",\"region_code\":\"LMA\",\"region_name\":\"Lima Province\",\"city_name\":\"Lima\",\"latitude\":\"-12.046\",\"longitude\":\"-77.0305\",\"timezone\":\"America\\/Lima\"}','2026-04-06 13:09:55','2026-04-06 13:09:55');
COMMIT;

-- Dumped table `system_activity_logs` with 149 row(s)
--

--
-- Table structure for table `system_activity_log_types`
--

CREATE TABLE `system_activity_log_types` (
  `id` varchar(255) NOT NULL,
  `description` varchar(255) NOT NULL,
  PRIMARY KEY (`id`)
) ENGINE=InnoDB DEFAULT CHARSET=utf8mb4 COLLATE=utf8mb4_unicode_ci;

--
-- Dumping data for table `system_activity_log_types`
--

SET autocommit=0;
INSERT INTO `system_activity_log_types` VALUES ('companies_certificate','Actualización del campo certificado en configuración de empresa'),('companies_name','Actualización del campo nombre en configuración de empresa'),('companies_number','Actualización del campo número en configuración de empresa'),('companies_soap_password','Actualización del campo SOAP Contraseña en configuración de empresa'),('companies_soap_send_id','Actualización del campo SOAP envío en configuración de empresa'),('companies_soap_type_id','Actualización del campo SOAP tipo en configuración de empresa'),('companies_soap_url','Actualización del campo SOAP url envío en configuración de empresa'),('companies_soap_username','Actualización del campo SOAP Usuario en configuración de empresa'),('failed','Error de inicio de sesión'),('level_module_access_error','Error de acceso al submódulo (no tiene permiso)'),('login','Iniciar sesión'),('login_lockout','Bloqueo de usuario por exceder límite de intentos permitidos al iniciar sesión'),('logout','Cerrar sesión'),('module_access_error','Error de acceso al módulo (no tiene permiso)');
COMMIT;

-- Dumped table `system_activity_log_types` with 14 row(s)
--

--
-- Table structure for table `tags`
--

CREATE TABLE `tags` (
  `id` int(10) unsigned NOT NULL AUTO_INCREMENT,
  `name` varchar(255) NOT NULL,
  `description` varchar(255) NOT NULL,
  `created_at` timestamp NULL DEFAULT NULL,
  `updated_at` timestamp NULL DEFAULT NULL,
  `status` tinyint(1) NOT NULL DEFAULT 1,
  PRIMARY KEY (`id`)
) ENGINE=InnoDB DEFAULT CHARSET=utf8mb4 COLLATE=utf8mb4_unicode_ci;

--
-- Dumping data for table `tags`
--

SET autocommit=0;
COMMIT;

-- Dumped table `tags` with 0 row(s)
--

--
-- Table structure for table `tasks`
--

CREATE TABLE `tasks` (
  `id` int(10) unsigned NOT NULL AUTO_INCREMENT,
  `class` varchar(255) NOT NULL,
  `execution_time` time NOT NULL,
  `output` longtext DEFAULT NULL,
  `created_at` timestamp NULL DEFAULT NULL,
  `updated_at` timestamp NULL DEFAULT NULL,
  PRIMARY KEY (`id`)
) ENGINE=InnoDB DEFAULT CHARSET=utf8mb4 COLLATE=utf8mb4_unicode_ci;

--
-- Dumping data for table `tasks`
--

SET autocommit=0;
COMMIT;

-- Dumped table `tasks` with 0 row(s)
--

--
-- Table structure for table `technical_services`
--

CREATE TABLE `technical_services` (
  `id` int(10) unsigned NOT NULL AUTO_INCREMENT,
  `user_id` int(10) unsigned NOT NULL,
  `soap_type_id` char(2) NOT NULL,
  `establishment_id` int(10) unsigned DEFAULT 0,
  `establishment` longtext CHARACTER SET utf8mb4 COLLATE utf8mb4_bin DEFAULT NULL,
  `customer_id` int(10) unsigned NOT NULL,
  `customer` longtext CHARACTER SET utf8mb4 COLLATE utf8mb4_bin NOT NULL,
  `currency_type_id` text DEFAULT NULL,
  `payment_condition_id` text DEFAULT NULL,
  `payment_method_type_id` text DEFAULT NULL,
  `seller_id` int(10) unsigned DEFAULT 0,
  `exchange_rate_sale` decimal(13,3) DEFAULT 0.000,
  `total_prepayment` decimal(12,2) DEFAULT 0.00,
  `total_charge` decimal(12,2) DEFAULT 0.00,
  `total_discount` decimal(12,2) DEFAULT 0.00,
  `total_exportation` decimal(12,2) DEFAULT 0.00,
  `total_free` decimal(12,2) DEFAULT 0.00,
  `total_taxed` decimal(12,2) DEFAULT 0.00,
  `total_unaffected` decimal(12,2) DEFAULT 0.00,
  `total_exonerated` decimal(12,2) DEFAULT 0.00,
  `total_igv` decimal(12,2) DEFAULT 0.00,
  `total_igv_free` decimal(12,2) DEFAULT 0.00,
  `total_base_isc` decimal(12,2) DEFAULT 0.00,
  `total_isc` decimal(12,2) DEFAULT 0.00,
  `total_base_other_taxes` decimal(12,2) DEFAULT 0.00,
  `total_other_taxes` decimal(12,2) DEFAULT 0.00,
  `total_plastic_bag_taxes` decimal(6,2) DEFAULT 0.00,
  `total_taxes` decimal(12,2) DEFAULT 0.00,
  `total_value` decimal(12,2) DEFAULT 0.00,
  `subtotal` decimal(12,2) DEFAULT 0.00,
  `total` decimal(12,2) DEFAULT 0.00,
  `is_editable` tinyint(3) unsigned DEFAULT 0,
  `cellphone` varchar(255) NOT NULL,
  `date_of_issue` date NOT NULL,
  `time_of_issue` time NOT NULL,
  `description` text NOT NULL,
  `state` text NOT NULL,
  `reason` text NOT NULL,
  `serial_number` varchar(255) NOT NULL,
  `filename` varchar(255) DEFAULT NULL,
  `cost` decimal(12,2) NOT NULL DEFAULT 0.00,
  `prepayment` decimal(12,2) NOT NULL DEFAULT 0.00,
  `activities` text DEFAULT NULL,
  `created_at` timestamp NULL DEFAULT NULL,
  `updated_at` timestamp NULL DEFAULT NULL,
  `brand` varchar(255) DEFAULT NULL,
  `equipment` varchar(255) DEFAULT NULL,
  `important_note` text DEFAULT NULL,
  `repair` tinyint(1) NOT NULL DEFAULT 0,
  `warranty` tinyint(1) NOT NULL DEFAULT 0,
  `maintenance` tinyint(1) NOT NULL DEFAULT 0,
  `diagnosis` tinyint(1) NOT NULL DEFAULT 0,
  PRIMARY KEY (`id`),
  KEY `technical_services_user_id_foreign` (`user_id`),
  KEY `technical_services_soap_type_id_foreign` (`soap_type_id`),
  KEY `technical_services_customer_id_foreign` (`customer_id`),
  KEY `technical_services_date_of_issue_index` (`date_of_issue`),
  KEY `technical_services_serial_number_index` (`serial_number`),
  CONSTRAINT `technical_services_customer_id_foreign` FOREIGN KEY (`customer_id`) REFERENCES `persons` (`id`),
  CONSTRAINT `technical_services_soap_type_id_foreign` FOREIGN KEY (`soap_type_id`) REFERENCES `soap_types` (`id`),
  CONSTRAINT `technical_services_user_id_foreign` FOREIGN KEY (`user_id`) REFERENCES `users` (`id`)
) ENGINE=InnoDB DEFAULT CHARSET=utf8mb4 COLLATE=utf8mb4_unicode_ci;

--
-- Dumping data for table `technical_services`
--

SET autocommit=0;
COMMIT;

-- Dumped table `technical_services` with 0 row(s)
--

--
-- Table structure for table `technical_service_items`
--

CREATE TABLE `technical_service_items` (
  `id` int(10) unsigned NOT NULL AUTO_INCREMENT,
  `technical_services_id` int(10) unsigned DEFAULT 0 COMMENT 'Id de technical_services',
  `item_id` int(10) unsigned DEFAULT 0 COMMENT 'Id de item',
  `item` longtext CHARACTER SET utf8mb4 COLLATE utf8mb4_bin DEFAULT NULL COMMENT 'Json con el contenido de item',
  `quantity` double(12,4) DEFAULT 0.0000 COMMENT 'Cantidad de item usado',
  `unit_value` double(16,6) DEFAULT 0.000000 COMMENT 'unit_value',
  `affectation_igv_type_id` longtext DEFAULT NULL COMMENT 'Tipo de afectacion dde igv. cat_affectation_igv_types',
  `total_base_igv` double(12,2) DEFAULT 0.00 COMMENT 'Monto base del IGV',
  `percentage_igv` double(12,2) DEFAULT 0.00,
  `total_igv` double(12,2) DEFAULT 0.00,
  `system_isc_type_id` longtext DEFAULT NULL,
  `total_base_isc` double(12,2) DEFAULT 0.00,
  `percentage_isc` double(12,2) DEFAULT 0.00,
  `total_isc` double(12,2) DEFAULT 0.00,
  `total_base_other_taxes` double(12,2) DEFAULT 0.00,
  `percentage_other_taxes` double(12,2) DEFAULT 0.00,
  `total_other_taxes` double(12,2) DEFAULT 0.00,
  `total_plastic_bag_taxes` double(6,2) DEFAULT 0.00,
  `total_taxes` double(12,2) DEFAULT 0.00,
  `price_type_id` longtext DEFAULT NULL,
  `unit_price` double(16,6) DEFAULT 0.000000,
  `total_value` double(12,2) DEFAULT 0.00,
  `total_charge` double(12,2) DEFAULT 0.00,
  `total_discount` double(12,2) DEFAULT 0.00,
  `total` double(12,2) DEFAULT 0.00,
  `attributes` longtext CHARACTER SET utf8mb4 COLLATE utf8mb4_bin DEFAULT NULL COMMENT 'Atributos',
  `discounts` longtext CHARACTER SET utf8mb4 COLLATE utf8mb4_bin DEFAULT NULL COMMENT 'Descuentos',
  `charges` longtext CHARACTER SET utf8mb4 COLLATE utf8mb4_bin DEFAULT NULL COMMENT 'Cargos',
  `additional_information` longtext DEFAULT NULL COMMENT 'Informacion adicional',
  `warehouse_id` int(10) unsigned DEFAULT 0 COMMENT 'Id de item',
  `name_product_pdf` longtext DEFAULT NULL COMMENT 'Nombre de producto en el pdf',
  `created_at` timestamp NULL DEFAULT NULL,
  `updated_at` timestamp NULL DEFAULT NULL,
  PRIMARY KEY (`id`)
) ENGINE=InnoDB DEFAULT CHARSET=utf8mb4 COLLATE=utf8mb4_unicode_ci;

--
-- Dumping data for table `technical_service_items`
--

SET autocommit=0;
COMMIT;

-- Dumped table `technical_service_items` with 0 row(s)
--

--
-- Table structure for table `technical_service_payments`
--

CREATE TABLE `technical_service_payments` (
  `id` int(10) unsigned NOT NULL AUTO_INCREMENT,
  `technical_service_id` int(10) unsigned NOT NULL,
  `date_of_payment` date NOT NULL,
  `payment_method_type_id` char(2) NOT NULL,
  `reference` varchar(255) DEFAULT NULL,
  `change` decimal(12,2) NOT NULL DEFAULT 0.00,
  `payment` decimal(12,2) NOT NULL,
  PRIMARY KEY (`id`),
  KEY `technical_service_payments_technical_service_id_foreign` (`technical_service_id`),
  KEY `technical_service_payments_payment_method_type_id_foreign` (`payment_method_type_id`),
  CONSTRAINT `technical_service_payments_payment_method_type_id_foreign` FOREIGN KEY (`payment_method_type_id`) REFERENCES `payment_method_types` (`id`),
  CONSTRAINT `technical_service_payments_technical_service_id_foreign` FOREIGN KEY (`technical_service_id`) REFERENCES `technical_services` (`id`) ON DELETE CASCADE
) ENGINE=InnoDB DEFAULT CHARSET=utf8mb4 COLLATE=utf8mb4_unicode_ci;

--
-- Dumping data for table `technical_service_payments`
--

SET autocommit=0;
COMMIT;

-- Dumped table `technical_service_payments` with 0 row(s)
--

--
-- Table structure for table `tips`
--

CREATE TABLE `tips` (
  `id` int(10) unsigned NOT NULL AUTO_INCREMENT,
  `soap_type_id` char(2) NOT NULL,
  `date` date NOT NULL COMMENT 'Fecha de registro',
  `origin_date_of_issue` date NOT NULL COMMENT 'Fecha del documento origen de la propina',
  `origin_id` int(11) NOT NULL,
  `origin_type` varchar(255) NOT NULL,
  `worker_full_name` varchar(255) NOT NULL,
  `total` decimal(12,2) NOT NULL,
  `created_at` timestamp NULL DEFAULT NULL,
  `updated_at` timestamp NULL DEFAULT NULL,
  PRIMARY KEY (`id`),
  KEY `origin_index` (`origin_id`,`origin_type`),
  KEY `tips_soap_type_id_foreign` (`soap_type_id`),
  KEY `tips_date_index` (`date`),
  KEY `tips_origin_date_of_issue_index` (`origin_date_of_issue`),
  KEY `tips_worker_full_name_index` (`worker_full_name`),
  CONSTRAINT `tips_soap_type_id_foreign` FOREIGN KEY (`soap_type_id`) REFERENCES `soap_types` (`id`)
) ENGINE=InnoDB DEFAULT CHARSET=utf8mb4 COLLATE=utf8mb4_unicode_ci;

--
-- Dumping data for table `tips`
--

SET autocommit=0;
COMMIT;

-- Dumped table `tips` with 0 row(s)
--

--
-- Table structure for table `track_api_peru_services`
--

CREATE TABLE `track_api_peru_services` (
  `id` int(10) unsigned NOT NULL AUTO_INCREMENT,
  `service` int(10) unsigned DEFAULT 0 COMMENT 'Tipo de servicio  1 => sunat/dni, 2 => validacion_multiple_cpe, 3 => CPE, 4 => tipo_de_cambio, 5 => printer_ticket',
  `date_of_issue` timestamp NULL DEFAULT NULL,
  PRIMARY KEY (`id`)
) ENGINE=InnoDB DEFAULT CHARSET=utf8mb4 COLLATE=utf8mb4_unicode_ci;

--
-- Dumping data for table `track_api_peru_services`
--

SET autocommit=0;
COMMIT;

-- Dumped table `track_api_peru_services` with 0 row(s)
--

--
-- Table structure for table `transactions`
--

CREATE TABLE `transactions` (
  `id` int(10) unsigned NOT NULL AUTO_INCREMENT,
  `payment_link_id` int(10) unsigned NOT NULL,
  `soap_type_id` char(2) DEFAULT NULL,
  `date` date NOT NULL,
  `time` time NOT NULL,
  `uuid` char(36) NOT NULL,
  `description` varchar(255) NOT NULL,
  `payment_id` varchar(255) DEFAULT NULL,
  `amount` decimal(16,2) NOT NULL,
  `transaction_state_id` varchar(255) NOT NULL,
  `created_at` timestamp NULL DEFAULT NULL,
  `updated_at` timestamp NULL DEFAULT NULL,
  PRIMARY KEY (`id`),
  UNIQUE KEY `transactions_uuid_unique` (`uuid`),
  KEY `transactions_payment_link_id_foreign` (`payment_link_id`),
  KEY `transactions_transaction_state_id_foreign` (`transaction_state_id`),
  KEY `transactions_date_index` (`date`),
  KEY `transactions_time_index` (`time`),
  KEY `transactions_description_index` (`description`),
  KEY `transactions_payment_id_index` (`payment_id`),
  KEY `transactions_amount_index` (`amount`),
  KEY `transactions_soap_type_id_foreign` (`soap_type_id`),
  CONSTRAINT `transactions_payment_link_id_foreign` FOREIGN KEY (`payment_link_id`) REFERENCES `payment_links` (`id`),
  CONSTRAINT `transactions_soap_type_id_foreign` FOREIGN KEY (`soap_type_id`) REFERENCES `soap_types` (`id`),
  CONSTRAINT `transactions_transaction_state_id_foreign` FOREIGN KEY (`transaction_state_id`) REFERENCES `transaction_states` (`id`)
) ENGINE=InnoDB DEFAULT CHARSET=utf8mb4 COLLATE=utf8mb4_unicode_ci;

--
-- Dumping data for table `transactions`
--

SET autocommit=0;
COMMIT;

-- Dumped table `transactions` with 0 row(s)
--

--
-- Table structure for table `transaction_queries`
--

CREATE TABLE `transaction_queries` (
  `id` int(10) unsigned NOT NULL AUTO_INCREMENT,
  `date` date NOT NULL,
  `time` time NOT NULL,
  `response` longtext CHARACTER SET utf8mb4 COLLATE utf8mb4_bin NOT NULL,
  `transaction_id` int(10) unsigned NOT NULL,
  `created_at` timestamp NULL DEFAULT NULL,
  `updated_at` timestamp NULL DEFAULT NULL,
  PRIMARY KEY (`id`),
  KEY `transaction_queries_transaction_id_foreign` (`transaction_id`),
  CONSTRAINT `transaction_queries_transaction_id_foreign` FOREIGN KEY (`transaction_id`) REFERENCES `transactions` (`id`)
) ENGINE=InnoDB DEFAULT CHARSET=utf8mb4 COLLATE=utf8mb4_unicode_ci;

--
-- Dumping data for table `transaction_queries`
--

SET autocommit=0;
COMMIT;

-- Dumped table `transaction_queries` with 0 row(s)
--

--
-- Table structure for table `transaction_states`
--

CREATE TABLE `transaction_states` (
  `id` varchar(255) NOT NULL,
  `name` varchar(255) NOT NULL,
  `success` tinyint(1) NOT NULL,
  `status` varchar(255) NOT NULL,
  `status_detail` varchar(255) NOT NULL,
  `original_message` varchar(255) NOT NULL,
  `user_message` varchar(255) NOT NULL,
  PRIMARY KEY (`id`),
  KEY `transaction_states_name_index` (`name`),
  KEY `transaction_states_success_index` (`success`),
  KEY `transaction_states_status_index` (`status`),
  KEY `transaction_states_status_detail_index` (`status_detail`)
) ENGINE=InnoDB DEFAULT CHARSET=utf8mb4 COLLATE=utf8mb4_unicode_ci;

--
-- Dumping data for table `transaction_states`
--

SET autocommit=0;
INSERT INTO `transaction_states` VALUES ('00','Rechazado (Error desconocido)',0,'other','other','Error desconocido','Lo sentimos, ocurrió un error inesperado.'),('01','Aceptado',1,'approved','accredited','¡Listo! Se acreditó tu pago. En tu resumen verás el cargo de amount como statement_descriptor.','¡Listo! Se acreditó tu pago. En tu resumen verás el cargo del pago.'),('02','En proceso',1,'in_process','pending_contingency','Estamos procesando tu pago. No te preocupes, menos de 2 días hábiles te avisaremos por e-mail si se acreditó.','Estamos procesando tu pago. No te preocupes, en menos de 2 días hábiles te avisaremos por e-mail si se acreditó.'),('03','En proceso',1,'in_process','pending_review_manual','Estamos procesando tu pago. No te preocupes, menos de 2 días hábiles te avisaremos por e-mail si se acreditó o si necesitamos más información.','Estamos procesando tu pago. No te preocupes, en menos de 2 días hábiles te avisaremos por e-mail si se acreditó o si necesitamos más información.'),('04','Rechazado',0,'rejected','cc_rejected_bad_filled_card_number','Revisa el número de tarjeta.','Lo sentimos, ocurrió un inconveniente. Revisa el número de tarjeta.'),('05','Rechazado',0,'rejected','cc_rejected_bad_filled_date','Revisa la fecha de vencimiento.','Lo sentimos, ocurrió un inconveniente. Revisa la fecha de vencimiento.'),('06','Rechazado',0,'rejected','cc_rejected_bad_filled_other','Revisa los datos.','Lo sentimos, ocurrió un inconveniente. Revisa los datos.'),('07','Rechazado',0,'rejected','cc_rejected_bad_filled_security_code','Revisa el código de seguridad de la tarjeta.','Lo sentimos, ocurrió un inconveniente. Revisa el código de seguridad de la tarjeta.'),('08','Rechazado',0,'rejected','cc_rejected_blacklist','No pudimos procesar tu pago.','Lo sentimos, ocurrió un inconveniente. No pudimos procesar tu pago.'),('09','Rechazado',0,'rejected','cc_rejected_call_for_authorize','Debes autorizar ante payment_method_id el pago de amount.','Debes autorizar ante el medio de pago, el pago a realizar.'),('10','Rechazado',0,'rejected','cc_rejected_card_disabled','Llama a payment_method_id para activar tu tarjeta o usa otro medio de pago. El teléfono está al dorso de tu tarjeta.','Llama a la entidad para activar tu tarjeta o usa otro medio de pago. El teléfono está al dorso de tu tarjeta.'),('11','Rechazado',0,'rejected','cc_rejected_card_error','No pudimos procesar tu pago.','Lo sentimos, ocurrió un inconveniente. No pudimos procesar tu pago.'),('12','Rechazado',0,'rejected','cc_rejected_duplicated_payment','Ya hiciste un pago por ese valor. Si necesitas volver a pagar usa otra tarjeta u otro medio de pago.','Ya hiciste un pago por ese valor. Si necesitas volver a pagar usa otra tarjeta u otro medio de pago.'),('13','Rechazado',0,'rejected','cc_rejected_high_risk','Tu pago fue rechazado. Elige otro de los medios de pago, te recomendamos con medios en efectivo.','Tu pago fue rechazado. Elige otro de los medios de pago, te recomendamos con medios en efectivo.'),('14','Rechazado',0,'rejected','cc_rejected_insufficient_amount','Tu payment_method_id no tiene fondos suficientes.','Lo sentimos, ocurrió un inconveniente. Tu medio de pago no tiene fondos suficientes.'),('15','Rechazado',0,'rejected','cc_rejected_invalid_installments','payment_method_id no procesa pagos en installments cuotas.','Para el medio de pago ingresado, no se puede procesar los pagos en la cantidad de cuotas seleccionadas.'),('16','Rechazado',0,'rejected','cc_rejected_max_attempts','Llegaste al límite de intentos permitidos. Elige otra tarjeta u otro medio de pago.','Llegaste al límite de intentos permitidos. Elige otra tarjeta u otro medio de pago.'),('17','Rechazado',0,'rejected','cc_rejected_other_reason','payment_method_id no procesó el pago.','Lo sentimos, ocurrió un inconveniente. El pago no pudo ser procesado por el medio usado');
COMMIT;

-- Dumped table `transaction_states` with 18 row(s)
--

--
-- Table structure for table `transfer_account_payments`
--

CREATE TABLE `transfer_account_payments` (
  `id` int(10) unsigned NOT NULL AUTO_INCREMENT,
  `origin_id` int(10) unsigned DEFAULT 0 COMMENT 'id Cuenta de origen',
  `origin_type` text DEFAULT NULL COMMENT 'Modelo de origen',
  `destiny_id` int(10) unsigned DEFAULT 0 COMMENT 'id Cuenta de destino',
  `destiny_type` text DEFAULT NULL COMMENT 'Modelo de destino',
  `amount` decimal(9,2) DEFAULT 0.00 COMMENT 'Monto a transferir',
  `date_of_movement` datetime DEFAULT NULL COMMENT 'Fecha de movimiento',
  `user_id` int(10) unsigned DEFAULT 0 COMMENT 'Usuario que realiza el movimiento',
  `created_at` timestamp NULL DEFAULT NULL,
  `updated_at` timestamp NULL DEFAULT NULL,
  PRIMARY KEY (`id`)
) ENGINE=InnoDB DEFAULT CHARSET=utf8mb4 COLLATE=utf8mb4_unicode_ci;

--
-- Dumping data for table `transfer_account_payments`
--

SET autocommit=0;
COMMIT;

-- Dumped table `transfer_account_payments` with 0 row(s)
--

--
-- Table structure for table `transports`
--

CREATE TABLE `transports` (
  `id` int(10) unsigned NOT NULL AUTO_INCREMENT,
  `plate_number` varchar(50) NOT NULL,
  `model` varchar(255) NOT NULL,
  `brand` varchar(255) NOT NULL,
  `is_default` tinyint(1) NOT NULL DEFAULT 0,
  `is_active` tinyint(1) NOT NULL DEFAULT 1,
  `created_at` timestamp NULL DEFAULT NULL,
  `updated_at` timestamp NULL DEFAULT NULL,
  PRIMARY KEY (`id`)
) ENGINE=InnoDB DEFAULT CHARSET=utf8mb4 COLLATE=utf8mb4_unicode_ci;

--
-- Dumping data for table `transports`
--

SET autocommit=0;
COMMIT;

-- Dumped table `transports` with 0 row(s)
--

--
-- Table structure for table `users`
--

SET autocommit=0;
COMMIT;

-- Dumped table `users` with 2 row(s)
--

--
-- Table structure for table `user_commissions`
--

CREATE TABLE `user_commissions` (
  `id` int(10) unsigned NOT NULL AUTO_INCREMENT,
  `user_id` int(10) unsigned NOT NULL,
  `amount` decimal(8,2) NOT NULL,
  `type` varchar(255) NOT NULL,
  `created_at` timestamp NULL DEFAULT NULL,
  `updated_at` timestamp NULL DEFAULT NULL,
  PRIMARY KEY (`id`),
  KEY `user_commissions_user_id_foreign` (`user_id`),
  CONSTRAINT `user_commissions_user_id_foreign` FOREIGN KEY (`user_id`) REFERENCES `users` (`id`)
) ENGINE=InnoDB DEFAULT CHARSET=utf8mb4 COLLATE=utf8mb4_unicode_ci;

--
-- Dumping data for table `user_commissions`
--

SET autocommit=0;
COMMIT;

-- Dumped table `user_commissions` with 0 row(s)
--

--
-- Table structure for table `user_default_document_types`
--

CREATE TABLE `user_default_document_types` (
  `id` int(10) unsigned NOT NULL AUTO_INCREMENT,
  `user_id` int(10) unsigned NOT NULL,
  `document_type_id` varchar(255) NOT NULL,
  `series_id` int(10) unsigned NOT NULL,
  `created_at` timestamp NULL DEFAULT NULL,
  `updated_at` timestamp NULL DEFAULT NULL,
  PRIMARY KEY (`id`),
  KEY `user_default_document_types_user_id_foreign` (`user_id`),
  KEY `user_default_document_types_document_type_id_foreign` (`document_type_id`),
  KEY `user_default_document_types_series_id_foreign` (`series_id`),
  CONSTRAINT `user_default_document_types_document_type_id_foreign` FOREIGN KEY (`document_type_id`) REFERENCES `cat_document_types` (`id`),
  CONSTRAINT `user_default_document_types_series_id_foreign` FOREIGN KEY (`series_id`) REFERENCES `series` (`id`),
  CONSTRAINT `user_default_document_types_user_id_foreign` FOREIGN KEY (`user_id`) REFERENCES `users` (`id`)
) ENGINE=InnoDB DEFAULT CHARSET=utf8mb4 COLLATE=utf8mb4_unicode_ci;

--
-- Dumping data for table `user_default_document_types`
--

SET autocommit=0;
COMMIT;

-- Dumped table `user_default_document_types` with 0 row(s)
--

--
-- Table structure for table `user_rel_suscription_plans`
--

CREATE TABLE `user_rel_suscription_plans` (
  `id` int(10) unsigned NOT NULL AUTO_INCREMENT,
  `user_id` int(10) unsigned DEFAULT 0 COMMENT 'Relacion con usuario',
  `suscription_plan_id` int(10) unsigned DEFAULT 0 COMMENT 'Relacion con planes de suscripcion',
  `cat_period_id` int(10) unsigned DEFAULT 0 COMMENT 'Relacion con el periodo de tiempo',
  `items` longtext CHARACTER SET utf8mb4 COLLATE utf8mb4_bin NOT NULL COMMENT 'Pega los items relacionados a modo de standar',
  `editable` tinyint(4) NOT NULL DEFAULT 0 COMMENT 'Si ya ha sido adquirido, no puede ser modificado',
  `deletable` tinyint(4) NOT NULL DEFAULT 0 COMMENT 'Si ya ha sido adquirido, no puede ser borrado',
  `start_date` date DEFAULT NULL COMMENT 'Fecha de inicio',
  `sale_notes` text DEFAULT NULL,
  `documents` text DEFAULT NULL,
  `dates_of_documents` text DEFAULT NULL,
  `automatic_date_of_issue` date DEFAULT NULL,
  `customer_id` int(10) unsigned DEFAULT 0,
  `customer` longtext CHARACTER SET utf8mb4 COLLATE utf8mb4_bin NOT NULL,
  `parent_customer_id` int(10) unsigned DEFAULT 0,
  `parent_customer` longtext CHARACTER SET utf8mb4 COLLATE utf8mb4_bin NOT NULL,
  `children_customer_id` int(10) unsigned DEFAULT 0,
  `children_customer` longtext CHARACTER SET utf8mb4 COLLATE utf8mb4_bin DEFAULT NULL,
  `quantity_period` int(10) unsigned DEFAULT 0,
  `apply_concurrency` int(10) unsigned NOT NULL DEFAULT 0,
  `enabled_concurrency` int(10) unsigned NOT NULL DEFAULT 1 COMMENT 'Se pasará a nota de ventas como activo',
  `currency_type_id` varchar(255) DEFAULT NULL,
  `payment_method_type_id` varchar(255) DEFAULT NULL,
  `exchange_rate_sale` double(13,3) DEFAULT 0.000,
  `total_prepayment` double(12,2) DEFAULT 0.00,
  `total_charge` double(12,2) DEFAULT 0.00,
  `total_discount` double(12,2) DEFAULT 0.00,
  `total_exportation` double(12,2) DEFAULT 0.00,
  `total_free` double(12,2) DEFAULT 0.00,
  `total_taxed` double(12,2) DEFAULT 0.00,
  `total_unaffected` double(12,2) DEFAULT 0.00,
  `total_exonerated` double(12,2) DEFAULT 0.00,
  `total_igv` double(12,2) DEFAULT 0.00,
  `total_igv_free` double(12,2) DEFAULT 0.00,
  `total_base_isc` double(12,2) DEFAULT 0.00,
  `total_isc` double(12,2) DEFAULT 0.00,
  `total_base_other_taxes` double(12,2) DEFAULT 0.00,
  `total_other_taxes` double(12,2) DEFAULT 0.00,
  `total_taxes` double(12,2) DEFAULT 0.00,
  `total_value` double(12,2) DEFAULT 0.00,
  `total` decimal(12,2) DEFAULT 0.00,
  `charges` longtext CHARACTER SET utf8mb4 COLLATE utf8mb4_bin DEFAULT NULL,
  `attributes` longtext CHARACTER SET utf8mb4 COLLATE utf8mb4_bin DEFAULT NULL,
  `discounts` longtext CHARACTER SET utf8mb4 COLLATE utf8mb4_bin DEFAULT NULL,
  `prepayments` longtext CHARACTER SET utf8mb4 COLLATE utf8mb4_bin DEFAULT NULL,
  `related` longtext CHARACTER SET utf8mb4 COLLATE utf8mb4_bin DEFAULT NULL,
  `perception` longtext CHARACTER SET utf8mb4 COLLATE utf8mb4_bin DEFAULT NULL,
  `detraction` longtext CHARACTER SET utf8mb4 COLLATE utf8mb4_bin DEFAULT NULL,
  `legends` longtext CHARACTER SET utf8mb4 COLLATE utf8mb4_bin DEFAULT NULL,
  `terms_condition` longtext DEFAULT NULL,
  `created_at` timestamp NULL DEFAULT NULL,
  `updated_at` timestamp NULL DEFAULT NULL,
  `grade` text DEFAULT NULL COMMENT 'Grado designado - utilizado en matricula',
  `section` text DEFAULT NULL COMMENT 'Seccion designado - utilizado en matricula',
  PRIMARY KEY (`id`)
) ENGINE=InnoDB DEFAULT CHARSET=utf8mb4 COLLATE=utf8mb4_unicode_ci;

--
-- Dumping data for table `user_rel_suscription_plans`
--

SET autocommit=0;
COMMIT;

-- Dumped table `user_rel_suscription_plans` with 0 row(s)
--

--
-- Table structure for table `voided`
--

CREATE TABLE `voided` (
  `id` int(10) unsigned NOT NULL AUTO_INCREMENT,
  `user_id` int(10) unsigned NOT NULL,
  `external_id` char(36) NOT NULL,
  `soap_type_id` char(2) NOT NULL,
  `state_type_id` char(2) NOT NULL,
  `ubl_version` varchar(255) NOT NULL,
  `date_of_issue` date NOT NULL,
  `date_of_reference` date NOT NULL,
  `identifier` varchar(255) NOT NULL,
  `filename` varchar(255) NOT NULL,
  `ticket` varchar(255) DEFAULT NULL,
  `has_ticket` tinyint(1) NOT NULL DEFAULT 0,
  `has_cdr` tinyint(1) NOT NULL DEFAULT 0,
  `soap_shipping_response` longtext CHARACTER SET utf8mb4 COLLATE utf8mb4_bin DEFAULT NULL,
  `send_to_pse` tinyint(1) NOT NULL DEFAULT 0,
  `response_signature_pse` longtext CHARACTER SET utf8mb4 COLLATE utf8mb4_bin DEFAULT NULL,
  `response_send_cdr_pse` longtext CHARACTER SET utf8mb4 COLLATE utf8mb4_bin DEFAULT NULL,
  `created_at` timestamp NULL DEFAULT NULL,
  `updated_at` timestamp NULL DEFAULT NULL,
  PRIMARY KEY (`id`),
  KEY `voided_user_id_foreign` (`user_id`),
  KEY `voided_soap_type_id_foreign` (`soap_type_id`),
  KEY `voided_state_type_id_foreign` (`state_type_id`),
  CONSTRAINT `voided_soap_type_id_foreign` FOREIGN KEY (`soap_type_id`) REFERENCES `soap_types` (`id`),
  CONSTRAINT `voided_state_type_id_foreign` FOREIGN KEY (`state_type_id`) REFERENCES `state_types` (`id`),
  CONSTRAINT `voided_user_id_foreign` FOREIGN KEY (`user_id`) REFERENCES `users` (`id`)
) ENGINE=InnoDB DEFAULT CHARSET=utf8mb4 COLLATE=utf8mb4_unicode_ci;

--
-- Dumping data for table `voided`
--

SET autocommit=0;
COMMIT;

-- Dumped table `voided` with 0 row(s)
--

--
-- Table structure for table `voided_documents`
--

CREATE TABLE `voided_documents` (
  `id` int(10) unsigned NOT NULL AUTO_INCREMENT,
  `voided_id` int(10) unsigned NOT NULL,
  `document_id` int(10) unsigned NOT NULL,
  `description` varchar(255) NOT NULL,
  PRIMARY KEY (`id`),
  KEY `voided_documents_voided_id_foreign` (`voided_id`),
  KEY `voided_documents_document_id_foreign` (`document_id`),
  CONSTRAINT `voided_documents_document_id_foreign` FOREIGN KEY (`document_id`) REFERENCES `documents` (`id`),
  CONSTRAINT `voided_documents_voided_id_foreign` FOREIGN KEY (`voided_id`) REFERENCES `voided` (`id`) ON DELETE CASCADE
) ENGINE=InnoDB DEFAULT CHARSET=utf8mb4 COLLATE=utf8mb4_unicode_ci;

--
-- Dumping data for table `voided_documents`
--

SET autocommit=0;
COMMIT;

-- Dumped table `voided_documents` with 0 row(s)
--

--
-- Table structure for table `waiters`
--

CREATE TABLE `waiters` (
  `id` int(10) unsigned NOT NULL AUTO_INCREMENT,
  `name` varchar(255) NOT NULL,
  `last_name` varchar(255) NOT NULL,
  `created_at` timestamp NULL DEFAULT NULL,
  `updated_at` timestamp NULL DEFAULT NULL,
  PRIMARY KEY (`id`)
) ENGINE=InnoDB DEFAULT CHARSET=utf8mb4 COLLATE=utf8mb4_unicode_ci;

--
-- Dumping data for table `waiters`
--

SET autocommit=0;
COMMIT;

-- Dumped table `waiters` with 0 row(s)
--

--
-- Table structure for table `warehouses`
--

CREATE TABLE `warehouses` (
  `id` int(10) unsigned NOT NULL AUTO_INCREMENT,
  `establishment_id` int(10) unsigned NOT NULL,
  `description` varchar(255) NOT NULL,
  `created_at` timestamp NULL DEFAULT NULL,
  `updated_at` timestamp NULL DEFAULT NULL,
  PRIMARY KEY (`id`),
  KEY `warehouses_establishment_id_foreign` (`establishment_id`),
  CONSTRAINT `warehouses_establishment_id_foreign` FOREIGN KEY (`establishment_id`) REFERENCES `establishments` (`id`) ON DELETE CASCADE
) ENGINE=InnoDB AUTO_INCREMENT=2 DEFAULT CHARSET=utf8mb4 COLLATE=utf8mb4_unicode_ci;

--
-- Dumping data for table `warehouses`
--

SET autocommit=0;
INSERT INTO `warehouses` VALUES (1,1,'Almacén Oficina Principal','2025-12-27 20:49:09','2025-12-27 20:49:09');
COMMIT;

-- Dumped table `warehouses` with 1 row(s)
--

--
-- Table structure for table `web_platforms`
--

CREATE TABLE `web_platforms` (
  `id` int(10) unsigned NOT NULL AUTO_INCREMENT,
  `name` varchar(255) NOT NULL,
  `created_at` timestamp NULL DEFAULT NULL,
  `updated_at` timestamp NULL DEFAULT NULL,
  PRIMARY KEY (`id`)
) ENGINE=InnoDB AUTO_INCREMENT=4 DEFAULT CHARSET=utf8mb4 COLLATE=utf8mb4_unicode_ci;

--
-- Dumping data for table `web_platforms`
--

SET autocommit=0;
INSERT INTO `web_platforms` VALUES (1,'Saga Falabella',NULL,NULL),(2,'Mercado Libre ',NULL,NULL),(3,'Linio',NULL,NULL);
COMMIT;

-- Dumped table `web_platforms` with 3 row(s)
--

--
-- Table structure for table `workers`
--

CREATE TABLE `workers` (
  `id` int(10) unsigned NOT NULL AUTO_INCREMENT,
  `identity_document_type_id` varchar(255) NOT NULL,
  `number` varchar(255) NOT NULL,
  `name` varchar(255) NOT NULL,
  `birth_date` date NOT NULL,
  `admission_date` date NOT NULL,
  `occupation` varchar(255) NOT NULL,
  `address` varchar(255) DEFAULT NULL,
  `email` varchar(255) DEFAULT NULL,
  `telephone` varchar(255) DEFAULT NULL,
  `created_at` timestamp NULL DEFAULT NULL,
  `updated_at` timestamp NULL DEFAULT NULL,
  PRIMARY KEY (`id`),
  KEY `workers_identity_document_type_id_foreign` (`identity_document_type_id`),
  KEY `workers_number_index` (`number`),
  KEY `workers_name_index` (`name`),
  CONSTRAINT `workers_identity_document_type_id_foreign` FOREIGN KEY (`identity_document_type_id`) REFERENCES `cat_identity_document_types` (`id`)
) ENGINE=InnoDB DEFAULT CHARSET=utf8mb4 COLLATE=utf8mb4_unicode_ci;

--
-- Dumping data for table `workers`
--

SET autocommit=0;
COMMIT;

-- Dumped table `workers` with 0 row(s)
--

--
-- Table structure for table `zones`
--

CREATE TABLE `zones` (
  `id` int(10) unsigned NOT NULL AUTO_INCREMENT,
  `name` varchar(255) NOT NULL,
  PRIMARY KEY (`id`)
) ENGINE=InnoDB DEFAULT CHARSET=utf8mb4 COLLATE=utf8mb4_unicode_ci;

--
-- Dumping data for table `zones`
--

SET autocommit=0;
COMMIT;

-- Dumped table `zones` with 0 row(s)
--


