COMMIT;

-- Dumped table `sale_note_items` with 1074 row(s)
--

--
-- Table structure for table `sale_note_migration`
--

CREATE TABLE `sale_note_migration` (
  `id` int(10) unsigned NOT NULL AUTO_INCREMENT,
  `sale_notes_id` int(10) unsigned NOT NULL,
  `user_id` int(10) unsigned NOT NULL,
  `success` tinyint(3) unsigned NOT NULL DEFAULT 0,
  `url` varchar(255) NOT NULL,
  `remote_id` int(10) unsigned NOT NULL DEFAULT 0,
  `number` varchar(255) DEFAULT NULL,
  `data` longtext DEFAULT NULL,
  `created_at` timestamp NULL DEFAULT NULL,
  `updated_at` timestamp NULL DEFAULT NULL,
  PRIMARY KEY (`id`)
) ENGINE=InnoDB DEFAULT CHARSET=utf8mb4 COLLATE=utf8mb4_unicode_ci;

--
-- Dumping data for table `sale_note_migration`
--

SET autocommit=0;
COMMIT;

-- Dumped table `sale_note_migration` with 0 row(s)
--

--
-- Table structure for table `sale_note_payments`
--

CREATE TABLE `sale_note_payments` (
  `id` int(10) unsigned NOT NULL AUTO_INCREMENT,
  `sale_note_id` int(10) unsigned NOT NULL,
  `date_of_payment` date NOT NULL,
  `payment_method_type_id` char(2) NOT NULL,
  `has_card` tinyint(1) NOT NULL DEFAULT 0,
  `card_brand_id` char(2) DEFAULT NULL,
  `reference` varchar(255) DEFAULT NULL,
  `payment_received` tinyint(1) DEFAULT NULL,
  `change` decimal(12,2) DEFAULT NULL,
  `payment` decimal(12,2) NOT NULL,
  PRIMARY KEY (`id`),
  KEY `sale_note_payments_sale_note_id_foreign` (`sale_note_id`),
  KEY `sale_note_payments_card_brand_id_foreign` (`card_brand_id`),
  KEY `sale_note_payments_payment_method_type_id_foreign` (`payment_method_type_id`),
  KEY `sale_note_payments_date_of_payment_index` (`date_of_payment`),
  CONSTRAINT `sale_note_payments_card_brand_id_foreign` FOREIGN KEY (`card_brand_id`) REFERENCES `card_brands` (`id`),
  CONSTRAINT `sale_note_payments_payment_method_type_id_foreign` FOREIGN KEY (`payment_method_type_id`) REFERENCES `payment_method_types` (`id`),
  CONSTRAINT `sale_note_payments_sale_note_id_foreign` FOREIGN KEY (`sale_note_id`) REFERENCES `sale_notes` (`id`) ON DELETE CASCADE
) ENGINE=InnoDB AUTO_INCREMENT=566 DEFAULT CHARSET=utf8mb4 COLLATE=utf8mb4_unicode_ci;

--
-- Dumping data for table `sale_note_payments`
--

SET autocommit=0;
INSERT INTO `sale_note_payments` VALUES (1,1,'2026-07-08','01',0,NULL,NULL,NULL,NULL,7.00),(2,2,'2026-07-08','01',0,NULL,NULL,NULL,NULL,7.50),(3,3,'2026-07-08','01',0,NULL,NULL,NULL,NULL,5.00),(4,4,'2026-07-08','01',0,NULL,NULL,NULL,NULL,1.00),(5,5,'2026-07-08','01',0,NULL,NULL,NULL,NULL,1.00),(6,6,'2026-07-08','01',0,NULL,NULL,NULL,NULL,2.50),(7,7,'2026-07-08','01',0,NULL,NULL,NULL,NULL,1.50),(8,8,'2026-07-08','01',0,NULL,NULL,NULL,NULL,1.50),(9,9,'2026-07-08','03',0,NULL,NULL,NULL,NULL,20.00),(10,10,'2026-07-08','01',0,NULL,NULL,NULL,NULL,2.00),(11,10,'2026-07-08','03',0,NULL,NULL,NULL,NULL,7.00),(12,11,'2026-07-08','01',0,NULL,NULL,NULL,NULL,13.00),(13,11,'2026-07-08','03',0,NULL,NULL,NULL,NULL,9.00),(14,12,'2026-07-08','01',0,NULL,NULL,NULL,NULL,18.00),(15,13,'2026-07-08','01',0,NULL,NULL,NULL,NULL,3.00),(16,14,'2026-07-08','01',0,NULL,NULL,NULL,NULL,2.00),(17,15,'2026-07-08','01',0,NULL,NULL,NULL,NULL,8.00),(18,16,'2026-07-08','01',0,NULL,NULL,NULL,NULL,11.50),(19,17,'2026-07-08','01',0,NULL,NULL,NULL,NULL,1.00),(20,18,'2026-07-09','01',0,NULL,NULL,NULL,NULL,4.50),(21,19,'2026-07-09','01',0,NULL,NULL,NULL,NULL,5.00),(22,20,'2026-07-09','01',0,NULL,NULL,NULL,NULL,7.50),(23,21,'2026-07-09','03',0,NULL,NULL,NULL,NULL,3.50),(24,22,'2026-07-09','01',0,NULL,NULL,NULL,NULL,20.00),(25,23,'2026-07-09','01',0,NULL,NULL,NULL,NULL,7.50),(26,24,'2026-07-09','01',0,NULL,NULL,NULL,NULL,17.50),(27,25,'2026-07-09','01',0,NULL,NULL,NULL,NULL,90.00),(28,26,'2026-07-09','01',0,NULL,NULL,NULL,NULL,16.00),(29,27,'2026-07-09','01',0,NULL,NULL,NULL,NULL,3.00),(30,28,'2026-07-09','01',0,NULL,NULL,NULL,NULL,23.30),(31,29,'2026-07-09','01',0,NULL,NULL,NULL,NULL,9.50),(32,30,'2026-07-10','01',0,NULL,NULL,NULL,NULL,7.00),(33,31,'2026-07-10','01',0,NULL,NULL,NULL,NULL,4.50),(34,32,'2026-07-10','01',0,NULL,NULL,NULL,NULL,4.00),(35,33,'2026-07-10','01',0,NULL,NULL,NULL,NULL,18.50),(36,34,'2026-07-10','01',0,NULL,NULL,NULL,NULL,1.50),(37,35,'2026-07-10','01',0,NULL,NULL,NULL,NULL,14.00),(38,36,'2026-07-10','01',0,NULL,NULL,NULL,NULL,52.50),(39,37,'2026-07-10','01',0,NULL,NULL,NULL,NULL,12.00),(40,37,'2026-07-10','03',0,NULL,NULL,NULL,NULL,7.00),(41,38,'2026-07-10','01',0,NULL,NULL,NULL,NULL,25.00),(42,39,'2026-07-10','03',0,NULL,NULL,NULL,NULL,40.00),(43,40,'2026-07-10','01',0,NULL,NULL,NULL,NULL,8.00),(44,40,'2026-07-10','03',0,NULL,NULL,NULL,NULL,6.00),(45,41,'2026-07-10','01',0,NULL,NULL,NULL,NULL,8.50),(46,42,'2026-07-10','01',0,NULL,NULL,NULL,NULL,10.50),(47,43,'2026-07-10','01',0,NULL,NULL,NULL,NULL,6.00),(48,44,'2026-07-10','01',0,NULL,NULL,NULL,NULL,11.50),(49,45,'2026-07-10','01',0,NULL,NULL,NULL,NULL,40.00),(50,46,'2026-07-10','01',0,NULL,NULL,NULL,NULL,3.50),(51,47,'2026-07-10','01',0,NULL,NULL,NULL,NULL,5.00),(52,48,'2026-07-10','01',0,NULL,NULL,NULL,NULL,12.00),(53,49,'2026-07-10','01',0,NULL,NULL,NULL,NULL,4.50),(54,50,'2026-07-10','03',0,NULL,NULL,NULL,NULL,3.00),(55,51,'2026-07-10','01',0,NULL,NULL,NULL,NULL,7.00),(56,52,'2026-07-10','01',0,NULL,NULL,NULL,NULL,2.50),(57,53,'2026-07-10','01',0,NULL,NULL,NULL,NULL,9.00),(58,54,'2026-07-10','01',0,NULL,NULL,NULL,NULL,6.00),(59,55,'2026-07-10','01',0,NULL,NULL,NULL,NULL,1.00),(60,56,'2026-07-10','01',0,NULL,NULL,NULL,NULL,3.00),(61,57,'2026-07-10','01',0,NULL,NULL,NULL,NULL,18.00),(62,58,'2026-07-10','01',0,NULL,NULL,NULL,NULL,25.00),(63,59,'2026-07-10','01',0,NULL,NULL,NULL,NULL,0.40),(64,60,'2026-07-10','01',0,NULL,NULL,NULL,NULL,19.00),(65,61,'2026-07-10','03',0,NULL,NULL,NULL,NULL,2.50),(66,62,'2026-07-10','01',0,NULL,NULL,NULL,NULL,1.00),(67,63,'2026-07-10','01',0,NULL,NULL,NULL,NULL,1.00),(68,64,'2026-07-10','01',0,NULL,NULL,NULL,NULL,1.00),(69,65,'2026-07-10','01',0,NULL,NULL,NULL,NULL,7.00),(70,66,'2026-07-10','01',0,NULL,NULL,NULL,NULL,2.00),(71,67,'2026-07-10','03',0,NULL,NULL,NULL,NULL,7.00),(72,68,'2026-07-11','01',0,NULL,NULL,NULL,NULL,5.00),(73,69,'2026-07-11','01',0,NULL,NULL,NULL,NULL,5.00),(74,70,'2026-07-11','01',0,NULL,NULL,NULL,NULL,3.00),(75,71,'2026-07-11','01',0,NULL,NULL,NULL,NULL,1.00),(76,72,'2026-07-11','01',0,NULL,NULL,NULL,NULL,2.00),(77,73,'2026-07-11','01',0,NULL,NULL,NULL,NULL,4.00),(78,74,'2026-07-11','01',0,NULL,NULL,NULL,NULL,1.00),(79,75,'2026-07-11','01',0,NULL,NULL,NULL,NULL,1.00),(80,76,'2026-07-11','01',0,NULL,NULL,NULL,NULL,1.00),(81,77,'2026-07-11','01',0,NULL,NULL,NULL,NULL,4.00),(82,78,'2026-07-11','01',0,NULL,NULL,NULL,NULL,5.00),(83,79,'2026-07-11','03',0,NULL,NULL,NULL,NULL,270.00),(84,80,'2026-07-11','01',0,NULL,NULL,NULL,NULL,12.50),(86,82,'2026-07-11','03',0,NULL,NULL,NULL,NULL,60.00),(87,83,'2026-07-11','01',0,NULL,NULL,NULL,NULL,40.00),(88,84,'2026-07-11','01',0,NULL,NULL,NULL,NULL,50.00),(89,85,'2026-07-11','01',0,NULL,NULL,NULL,NULL,1.50),(90,86,'2026-07-11','01',0,NULL,NULL,NULL,NULL,40.00),(92,88,'2026-07-11','01',0,NULL,NULL,NULL,NULL,2.00),(93,89,'2026-07-11','03',0,NULL,NULL,NULL,NULL,19.00),(94,90,'2026-07-11','01',0,NULL,NULL,NULL,NULL,1.00),(95,91,'2026-07-11','01',0,NULL,NULL,NULL,NULL,6.00),(96,92,'2026-07-11','01',0,NULL,NULL,NULL,NULL,1.50),(97,93,'2026-07-11','01',0,NULL,NULL,NULL,NULL,3.50),(98,94,'2026-07-11','01',0,NULL,NULL,NULL,NULL,3.50),(99,95,'2026-07-11','01',0,NULL,NULL,NULL,NULL,1.50),(100,96,'2026-07-11','01',0,NULL,NULL,NULL,NULL,9.00),(101,97,'2026-07-11','01',0,NULL,NULL,NULL,NULL,2.50),(102,98,'2026-07-11','01',0,NULL,NULL,NULL,NULL,40.00),(103,99,'2026-07-11','01',0,NULL,NULL,NULL,NULL,2.00),(104,100,'2026-07-11','01',0,NULL,NULL,NULL,NULL,1.00),(105,101,'2026-07-12','03',0,NULL,NULL,NULL,NULL,1.00),(106,102,'2026-07-12','01',0,NULL,NULL,NULL,NULL,3.00),(107,103,'2026-07-12','01',0,NULL,NULL,NULL,NULL,5.00),(108,104,'2026-07-12','01',0,NULL,NULL,NULL,NULL,3.00),(109,105,'2026-07-12','01',0,NULL,NULL,NULL,NULL,2.00),(110,106,'2026-07-12','01',0,NULL,NULL,NULL,NULL,20.00),(111,107,'2026-07-12','01',0,NULL,NULL,NULL,NULL,3.00),(112,108,'2026-07-12','03',0,NULL,NULL,NULL,NULL,22.00),(113,109,'2026-07-12','03',0,NULL,NULL,NULL,NULL,26.50),(114,110,'2026-07-12','01',0,NULL,NULL,NULL,NULL,1.50),(115,111,'2026-07-12','01',0,NULL,NULL,NULL,NULL,4.00),(116,112,'2026-07-12','01',0,NULL,NULL,NULL,NULL,5.00),(117,113,'2026-07-12','01',0,NULL,NULL,NULL,NULL,1.00),(118,114,'2026-07-12','01',0,NULL,NULL,NULL,NULL,6.50),(119,115,'2026-07-12','01',0,NULL,NULL,NULL,NULL,30.00),(120,116,'2026-07-12','01',0,NULL,NULL,NULL,NULL,4.50),(121,117,'2026-07-12','01',0,NULL,NULL,NULL,NULL,10.00),(122,118,'2026-07-12','01',0,NULL,NULL,NULL,NULL,6.00),(123,119,'2026-07-12','01',0,NULL,NULL,NULL,NULL,20.00),(124,120,'2026-07-12','03',0,NULL,NULL,NULL,NULL,7.00),(125,121,'2026-07-12','03',0,NULL,NULL,NULL,NULL,3.00),(126,122,'2026-07-12','01',0,NULL,NULL,NULL,NULL,5.00),(127,123,'2026-07-12','01',0,NULL,NULL,NULL,NULL,15.00),(128,124,'2026-07-12','01',0,NULL,NULL,NULL,NULL,1.00),(129,125,'2026-07-12','01',0,NULL,NULL,NULL,NULL,0.80),(130,126,'2026-07-12','01',0,NULL,NULL,NULL,NULL,6.00),(131,127,'2026-07-12','01',0,NULL,NULL,NULL,NULL,40.00),(132,128,'2026-07-12','01',0,NULL,NULL,NULL,NULL,3.00),(133,129,'2026-07-12','01',0,NULL,NULL,NULL,NULL,2.00),(134,130,'2026-07-13','01',0,NULL,NULL,NULL,NULL,4.50),(135,131,'2026-07-13','01',0,NULL,NULL,NULL,NULL,6.00),(136,132,'2026-07-13','01',0,NULL,NULL,NULL,NULL,9.00),(137,133,'2026-07-13','01',0,NULL,NULL,NULL,NULL,2.10),(138,134,'2026-07-13','01',0,NULL,NULL,NULL,NULL,16.00),(139,135,'2026-07-13','01',0,NULL,NULL,NULL,NULL,3.00),(140,136,'2026-07-13','01',0,NULL,NULL,NULL,NULL,8.00),(141,137,'2026-07-13','01',0,NULL,NULL,NULL,NULL,5.00),(142,138,'2026-07-13','01',0,NULL,NULL,NULL,NULL,3.00),(143,139,'2026-07-13','01',0,NULL,NULL,NULL,NULL,5.00),(144,140,'2026-07-13','01',0,NULL,NULL,NULL,NULL,5.00),(145,141,'2026-07-13','01',0,NULL,NULL,NULL,NULL,1.00),(146,142,'2026-07-13','01',0,NULL,NULL,NULL,NULL,5.00),(147,143,'2026-07-13','01',0,NULL,NULL,NULL,NULL,0.50),(148,144,'2026-07-13','01',0,NULL,NULL,NULL,NULL,8.00),(149,145,'2026-07-13','01',0,NULL,NULL,NULL,NULL,1.00),(150,146,'2026-07-13','01',0,NULL,NULL,NULL,NULL,1.50),(151,147,'2026-07-13','03',0,NULL,NULL,NULL,NULL,2.50),(152,148,'2026-07-13','01',0,NULL,NULL,NULL,NULL,5.00),(153,149,'2026-07-13','01',0,NULL,NULL,NULL,NULL,2.00),(154,150,'2026-07-13','01',0,NULL,NULL,NULL,NULL,4.00),(155,151,'2026-07-13','01',0,NULL,NULL,NULL,NULL,1.50),(156,152,'2026-07-13','01',0,NULL,NULL,NULL,NULL,3.50),(157,153,'2026-07-13','01',0,NULL,NULL,NULL,NULL,2.50),(158,154,'2026-07-13','01',0,NULL,NULL,NULL,NULL,15.00),(159,155,'2026-07-13','01',0,NULL,NULL,NULL,NULL,1.00),(160,156,'2026-07-13','03',0,NULL,NULL,NULL,NULL,4.50),(161,157,'2026-07-13','01',0,NULL,NULL,NULL,NULL,1.00),(162,158,'2026-07-13','01',0,NULL,NULL,NULL,NULL,8.00),(163,159,'2026-07-13','01',0,NULL,NULL,NULL,NULL,8.00),(164,160,'2026-07-13','01',0,NULL,NULL,NULL,NULL,3.50),(165,161,'2026-07-14','01',0,NULL,NULL,NULL,NULL,2.50),(166,162,'2026-07-14','01',0,NULL,NULL,NULL,NULL,2.50),(167,163,'2026-07-14','01',0,NULL,NULL,NULL,NULL,15.00),(168,164,'2026-07-14','01',0,NULL,NULL,NULL,NULL,1.00),(169,165,'2026-07-14','01',0,NULL,NULL,NULL,NULL,1.00),(170,166,'2026-07-14','01',0,NULL,NULL,NULL,NULL,2.00),(171,167,'2026-07-14','01',0,NULL,NULL,NULL,NULL,16.00),(172,167,'2026-07-14','03',0,NULL,NULL,NULL,NULL,3.00),(173,168,'2026-07-14','03',0,NULL,NULL,NULL,NULL,54.50),(174,169,'2026-07-14','01',0,NULL,NULL,NULL,NULL,1.00),(175,170,'2026-07-14','01',0,NULL,NULL,NULL,NULL,3.50),(176,171,'2026-07-14','01',0,NULL,NULL,NULL,NULL,9.50),(177,172,'2026-07-14','01',0,NULL,NULL,NULL,NULL,0.50),(178,173,'2026-07-14','01',0,NULL,NULL,NULL,NULL,1.00),(179,174,'2026-07-14','01',0,NULL,NULL,NULL,NULL,4.00),(180,175,'2026-07-14','01',0,NULL,NULL,NULL,NULL,6.00),(181,176,'2026-07-14','01',0,NULL,NULL,NULL,NULL,40.00),(182,177,'2026-07-14','01',0,NULL,NULL,NULL,NULL,7.20),(183,178,'2026-07-14','03',0,NULL,NULL,NULL,NULL,8.00),(184,179,'2026-07-14','03',0,NULL,NULL,NULL,NULL,1.00),(185,180,'2026-07-14','01',0,NULL,NULL,NULL,NULL,2.60),(186,181,'2026-07-14','01',0,NULL,NULL,NULL,NULL,1.00),(187,182,'2026-07-15','01',0,NULL,NULL,NULL,NULL,4.00),(188,183,'2026-07-15','01',0,NULL,NULL,NULL,NULL,20.00),(189,184,'2026-07-15','01',0,NULL,NULL,NULL,NULL,7.50),(190,185,'2026-07-15','03',0,NULL,NULL,NULL,NULL,3.00),(191,186,'2026-07-15','01',0,NULL,NULL,NULL,NULL,1.50),(192,187,'2026-07-15','01',0,NULL,NULL,NULL,NULL,10.00),(193,188,'2026-07-15','01',0,NULL,NULL,NULL,NULL,2.50),(194,189,'2026-07-15','01',0,NULL,NULL,NULL,NULL,3.00),(195,190,'2026-07-15','01',0,NULL,NULL,NULL,NULL,3.00),(196,191,'2026-07-15','03',0,NULL,NULL,NULL,NULL,1.00),(197,192,'2026-07-15','01',0,NULL,NULL,NULL,NULL,0.20),(198,193,'2026-07-15','01',0,NULL,NULL,NULL,NULL,2.50),(199,194,'2026-07-15','01',0,NULL,NULL,NULL,NULL,1.00),(200,195,'2026-07-15','01',0,NULL,NULL,NULL,NULL,15.00),(201,196,'2026-07-15','01',0,NULL,NULL,NULL,NULL,66.00),(202,197,'2026-07-15','03',0,NULL,NULL,NULL,NULL,7.00),(203,198,'2026-07-16','03',0,NULL,NULL,NULL,NULL,4.00),(204,199,'2026-07-16','01',0,NULL,NULL,NULL,NULL,3.50),(205,200,'2026-07-16','01',0,NULL,NULL,NULL,NULL,2.50),(206,201,'2026-07-16','01',0,NULL,NULL,NULL,NULL,2.50),(207,202,'2026-07-16','01',0,NULL,NULL,NULL,NULL,3.00),(208,203,'2026-07-16','01',0,NULL,NULL,NULL,NULL,8.50),(209,204,'2026-07-16','01',0,NULL,NULL,NULL,NULL,20.00),(210,205,'2026-07-16','01',0,NULL,NULL,NULL,NULL,2.00),(211,206,'2026-07-16','01',0,NULL,NULL,NULL,NULL,2.00),(212,207,'2026-07-16','01',0,NULL,NULL,NULL,NULL,1.00),(213,208,'2026-07-16','01',0,NULL,NULL,NULL,NULL,1.00),(214,209,'2026-07-16','01',0,NULL,NULL,NULL,NULL,40.00),(215,210,'2026-07-16','03',0,NULL,NULL,NULL,NULL,20.00),(216,210,'2026-07-16','01',0,NULL,NULL,NULL,NULL,70.00),(217,211,'2026-07-16','01',0,NULL,NULL,NULL,NULL,6.00),(218,212,'2026-07-16','01',0,NULL,NULL,NULL,NULL,1.00),(219,213,'2026-07-16','03',0,NULL,NULL,NULL,NULL,14.00),(220,214,'2026-07-16','01',0,NULL,NULL,NULL,NULL,3.00),(221,215,'2026-07-16','01',0,NULL,NULL,NULL,NULL,65.00),(222,216,'2026-07-17','01',0,NULL,NULL,NULL,NULL,44.50),(223,216,'2026-07-17','03',0,NULL,NULL,NULL,NULL,5.50),(224,217,'2026-07-17','03',0,NULL,NULL,NULL,NULL,5.00),(225,218,'2026-07-17','01',0,NULL,NULL,NULL,NULL,8.00),(226,219,'2026-07-17','01',0,NULL,NULL,NULL,NULL,0.90),(227,220,'2026-07-17','01',0,NULL,NULL,NULL,NULL,3.00),(228,221,'2026-07-17','01',0,NULL,NULL,NULL,NULL,21.00),(229,222,'2026-07-17','01',0,NULL,NULL,NULL,NULL,2.00),(230,223,'2026-07-17','01',0,NULL,NULL,NULL,NULL,7.40),(231,224,'2026-07-17','01',0,NULL,NULL,NULL,NULL,1.50),(232,225,'2026-07-17','01',0,NULL,NULL,NULL,NULL,2.50),(233,226,'2026-07-17','03',0,NULL,NULL,NULL,NULL,10.00),(234,227,'2026-07-17','03',0,NULL,NULL,NULL,NULL,40.00),(235,228,'2026-07-18','01',0,NULL,NULL,NULL,NULL,4.50),(236,229,'2026-07-18','01',0,NULL,NULL,NULL,NULL,1.00),(237,230,'2026-07-18','01',0,NULL,NULL,NULL,NULL,15.00),(238,231,'2026-07-18','01',0,NULL,NULL,NULL,NULL,2.00),(239,232,'2026-07-18','01',0,NULL,NULL,NULL,NULL,2.00),(240,233,'2026-07-18','01',0,NULL,NULL,NULL,NULL,1.00),(241,234,'2026-07-18','03',0,NULL,NULL,NULL,NULL,5.40),(242,235,'2026-07-18','01',0,NULL,NULL,NULL,NULL,4.00),(243,236,'2026-07-18','01',0,NULL,NULL,NULL,NULL,4.50),(244,237,'2026-07-18','01',0,NULL,NULL,NULL,NULL,10.00),(245,238,'2026-07-18','01',0,NULL,NULL,NULL,NULL,10.00),(246,239,'2026-07-18','01',0,NULL,NULL,NULL,NULL,14.00),(247,240,'2026-07-18','01',0,NULL,NULL,NULL,NULL,1.00),(248,241,'2026-07-18','01',0,NULL,NULL,NULL,NULL,1.00),(249,242,'2026-07-18','01',0,NULL,NULL,NULL,NULL,12.00),(250,243,'2026-07-18','01',0,NULL,NULL,NULL,NULL,1.00),(251,244,'2026-07-18','03',0,NULL,NULL,NULL,NULL,1.50),(252,245,'2026-07-18','01',0,NULL,NULL,NULL,NULL,1.00),(253,246,'2026-07-18','01',0,NULL,NULL,NULL,NULL,4.00),(254,247,'2026-07-18','03',0,NULL,NULL,NULL,NULL,2.50),(255,248,'2026-07-18','01',0,NULL,NULL,NULL,NULL,3.50),(256,249,'2026-07-18','01',0,NULL,NULL,NULL,NULL,2.50),(257,250,'2026-07-18','01',0,NULL,NULL,NULL,NULL,1.00),(258,251,'2026-07-18','01',0,NULL,NULL,NULL,NULL,40.00),(259,252,'2026-07-18','03',0,NULL,NULL,NULL,NULL,65.00),(260,253,'2026-07-19','01',0,NULL,NULL,NULL,NULL,4.00),(261,254,'2026-07-19','01',0,NULL,NULL,NULL,NULL,45.00),(262,255,'2026-07-19','01',0,NULL,NULL,NULL,NULL,40.00),(263,256,'2026-07-19','01',0,NULL,NULL,NULL,NULL,10.00),(264,257,'2026-07-19','01',0,NULL,NULL,NULL,NULL,5.00),(265,258,'2026-07-19','01',0,NULL,NULL,NULL,NULL,11.00),(266,259,'2026-07-19','01',0,NULL,NULL,NULL,NULL,3.00),(267,260,'2026-07-19','01',0,NULL,NULL,NULL,NULL,3.50),(268,261,'2026-07-19','01',0,NULL,NULL,NULL,NULL,20.00),(269,262,'2026-07-19','01',0,NULL,NULL,NULL,NULL,2.00),(270,263,'2026-07-19','01',0,NULL,NULL,NULL,NULL,3.00),(271,264,'2026-07-19','01',0,NULL,NULL,NULL,NULL,3.00),(272,265,'2026-07-19','01',0,NULL,NULL,NULL,NULL,0.50),(273,266,'2026-07-19','01',0,NULL,NULL,NULL,NULL,1.00),(274,267,'2026-07-19','01',0,NULL,NULL,NULL,NULL,2.00),(275,267,'2026-07-19','03',0,NULL,NULL,NULL,NULL,3.00),(276,268,'2026-07-19','01',0,NULL,NULL,NULL,NULL,100.00),(277,269,'2026-07-19','01',0,NULL,NULL,NULL,NULL,9.00),(278,270,'2026-07-19','01',0,NULL,NULL,NULL,NULL,3.00),(279,271,'2026-07-19','01',0,NULL,NULL,NULL,NULL,3.00),(280,272,'2026-07-19','01',0,NULL,NULL,NULL,NULL,4.50),(281,273,'2026-07-19','01',0,NULL,NULL,NULL,NULL,3.00),(282,274,'2026-07-19','01',0,NULL,NULL,NULL,NULL,3.00),(283,275,'2026-07-19','03',0,NULL,NULL,NULL,NULL,4.00),(284,276,'2026-07-19','01',0,NULL,NULL,NULL,NULL,2.00),(285,277,'2026-07-20','01',0,NULL,NULL,NULL,NULL,1.00),(286,278,'2026-07-20','01',0,NULL,NULL,NULL,NULL,3.50),(287,279,'2026-07-20','01',0,NULL,NULL,NULL,NULL,1.00),(288,280,'2026-07-20','01',0,NULL,NULL,NULL,NULL,24.00),(289,281,'2026-07-20','01',0,NULL,NULL,NULL,NULL,5.00),(290,282,'2026-07-20','01',0,NULL,NULL,NULL,NULL,2.00),(291,283,'2026-07-20','01',0,NULL,NULL,NULL,NULL,25.00),(292,284,'2026-07-20','01',0,NULL,NULL,NULL,NULL,4.50),(293,285,'2026-07-20','01',0,NULL,NULL,NULL,NULL,1.50),(294,286,'2026-07-20','01',0,NULL,NULL,NULL,NULL,3.00),(295,287,'2026-07-20','01',0,NULL,NULL,NULL,NULL,10.40),(296,288,'2026-07-20','03',0,NULL,NULL,NULL,NULL,1.00),(297,289,'2026-07-20','01',0,NULL,NULL,NULL,NULL,1.00),(298,290,'2026-07-20','01',0,NULL,NULL,NULL,NULL,22.00),(299,291,'2026-07-20','01',0,NULL,NULL,NULL,NULL,3.00),(300,292,'2026-07-20','01',0,NULL,NULL,NULL,NULL,16.00),(301,293,'2026-07-20','01',0,NULL,NULL,NULL,NULL,4.00),(302,294,'2026-07-20','03',0,NULL,NULL,NULL,NULL,11.00),(303,295,'2026-07-20','01',0,NULL,NULL,NULL,NULL,0.70),(304,296,'2026-07-20','01',0,NULL,NULL,NULL,NULL,1.00),(305,297,'2026-07-20','01',0,NULL,NULL,NULL,NULL,5.00),(306,298,'2026-07-20','01',0,NULL,NULL,NULL,NULL,7.00),(307,299,'2026-07-20','03',0,NULL,NULL,NULL,NULL,7.50),(308,300,'2026-07-21','01',0,NULL,NULL,NULL,NULL,4.00),(309,301,'2026-07-21','01',0,NULL,NULL,NULL,NULL,1.50),(310,302,'2026-07-21','01',0,NULL,NULL,NULL,NULL,3.00),(311,303,'2026-07-21','01',0,NULL,NULL,NULL,NULL,1.00),(312,304,'2026-07-21','03',0,NULL,NULL,NULL,NULL,3.00),(313,305,'2026-07-21','01',0,NULL,NULL,NULL,NULL,2.50),(314,306,'2026-07-21','01',0,NULL,NULL,NULL,NULL,13.50),(315,307,'2026-07-21','01',0,NULL,NULL,NULL,NULL,2.00),(316,308,'2026-07-21','03',0,NULL,NULL,NULL,NULL,4.40),(317,309,'2026-07-21','01',0,NULL,NULL,NULL,NULL,7.50),(318,310,'2026-07-21','01',0,NULL,NULL,NULL,NULL,0.80),(319,311,'2026-07-21','03',0,NULL,NULL,NULL,NULL,1.00),(320,312,'2026-07-21','01',0,NULL,NULL,NULL,NULL,1.00),(321,313,'2026-07-21','03',0,NULL,NULL,NULL,NULL,12.00),(322,314,'2026-07-21','01',0,NULL,NULL,NULL,NULL,3.00),(323,315,'2026-07-22','01',0,NULL,NULL,NULL,NULL,3.00),(324,316,'2026-07-22','01',0,NULL,NULL,NULL,NULL,1.50),(325,317,'2026-07-22','01',0,NULL,NULL,NULL,NULL,3.00),(326,318,'2026-07-22','01',0,NULL,NULL,NULL,NULL,4.00),(327,319,'2026-07-22','01',0,NULL,NULL,NULL,NULL,3.00),(328,320,'2026-07-22','01',0,NULL,NULL,NULL,NULL,4.00),(329,321,'2026-07-22','01',0,NULL,NULL,NULL,NULL,8.00),(330,322,'2026-07-22','01',0,NULL,NULL,NULL,NULL,100.00),(331,323,'2026-07-22','01',0,NULL,NULL,NULL,NULL,1.00),(332,324,'2026-07-22','01',0,NULL,NULL,NULL,NULL,5.00),(333,325,'2026-07-22','01',0,NULL,NULL,NULL,NULL,4.00),(334,326,'2026-07-22','01',0,NULL,NULL,NULL,NULL,4.50),(335,327,'2026-07-22','03',0,NULL,NULL,NULL,NULL,5.00),(336,328,'2026-07-22','03',0,NULL,NULL,NULL,NULL,44.00),(337,329,'2026-07-22','01',0,NULL,NULL,NULL,NULL,8.00),(338,330,'2026-07-22','01',0,NULL,NULL,NULL,NULL,6.00),(339,331,'2026-07-22','03',0,NULL,NULL,NULL,NULL,5.00),(340,332,'2026-07-22','03',0,NULL,NULL,NULL,NULL,4.00),(341,333,'2026-07-22','01',0,NULL,NULL,NULL,NULL,1.50),(342,334,'2026-07-23','01',0,NULL,NULL,NULL,NULL,1.00),(343,335,'2026-07-23','01',0,NULL,NULL,NULL,NULL,3.00),(344,336,'2026-07-23','01',0,NULL,NULL,NULL,NULL,2.00),(345,337,'2026-07-23','01',0,NULL,NULL,NULL,NULL,4.50),(346,338,'2026-07-23','01',0,NULL,NULL,NULL,NULL,3.00),(347,339,'2026-07-23','01',0,NULL,NULL,NULL,NULL,6.00),(348,340,'2026-07-23','01',0,NULL,NULL,NULL,NULL,3.00),(349,341,'2026-07-23','01',0,NULL,NULL,NULL,NULL,9.00),(350,342,'2026-07-23','01',0,NULL,NULL,NULL,NULL,1.00),(351,343,'2026-07-23','01',0,NULL,NULL,NULL,NULL,1.50),(352,344,'2026-07-23','01',0,NULL,NULL,NULL,NULL,6.50),(353,345,'2026-07-23','01',0,NULL,NULL,NULL,NULL,4.00),(354,346,'2026-07-23','01',0,NULL,NULL,NULL,NULL,2.50),(355,347,'2026-07-23','01',0,NULL,NULL,NULL,NULL,1.00),(356,348,'2026-07-23','01',0,NULL,NULL,NULL,NULL,3.00),(357,349,'2026-07-23','01',0,NULL,NULL,NULL,NULL,3.50),(358,350,'2026-07-24','01',0,NULL,NULL,NULL,NULL,2.00),(359,351,'2026-07-24','01',0,NULL,NULL,NULL,NULL,1.00),(360,352,'2026-07-24','03',0,NULL,NULL,NULL,NULL,1.00),(361,353,'2026-07-24','01',0,NULL,NULL,NULL,NULL,11.00),(362,354,'2026-07-24','01',0,NULL,NULL,NULL,NULL,65.00),(363,355,'2026-07-24','03',0,NULL,NULL,NULL,NULL,22.50),(364,356,'2026-07-24','01',0,NULL,NULL,NULL,NULL,2.50),(365,357,'2026-07-24','01',0,NULL,NULL,NULL,NULL,11.00),(366,358,'2026-07-24','03',0,NULL,NULL,NULL,NULL,5.00),(370,360,'2026-07-24','03',0,NULL,NULL,NULL,NULL,4.50),(371,359,'2026-07-24','03',0,NULL,NULL,NULL,NULL,4.50),(372,361,'2026-07-24','01',0,NULL,NULL,NULL,NULL,5.00),(373,362,'2026-07-24','01',0,NULL,NULL,NULL,NULL,9.00),(374,363,'2026-07-24','01',0,NULL,NULL,NULL,NULL,4.00),(375,364,'2026-07-24','03',0,NULL,NULL,NULL,NULL,4.00),(376,365,'2026-07-24','01',0,NULL,NULL,NULL,NULL,7.00),(377,366,'2026-07-24','01',0,NULL,NULL,NULL,NULL,1.50),(378,367,'2026-07-24','01',0,NULL,NULL,NULL,NULL,3.50),(379,368,'2026-07-24','01',0,NULL,NULL,NULL,NULL,5.00),(380,369,'2026-07-24','01',0,NULL,NULL,NULL,NULL,2.00),(381,370,'2026-07-24','01',0,NULL,NULL,NULL,NULL,1.00),(383,372,'2026-07-24','01',0,NULL,NULL,NULL,NULL,4.00),(384,373,'2026-07-24','01',0,NULL,NULL,NULL,NULL,15.00),(385,374,'2026-07-24','01',0,NULL,NULL,NULL,NULL,90.00),(386,371,'2026-07-24','03',0,NULL,NULL,NULL,NULL,10.00),(387,371,'2026-07-24','01',0,NULL,NULL,NULL,NULL,5.00),(388,375,'2026-07-25','01',0,NULL,NULL,NULL,NULL,4.50),(389,376,'2026-07-25','01',0,NULL,NULL,NULL,NULL,2.00),(390,377,'2026-07-25','01',0,NULL,NULL,NULL,NULL,4.50),(391,378,'2026-07-25','01',0,NULL,NULL,NULL,NULL,2.50),(392,379,'2026-07-25','01',0,NULL,NULL,NULL,NULL,7.00),(393,380,'2026-07-25','01',0,NULL,NULL,NULL,NULL,2.50),(394,381,'2026-07-25','01',0,NULL,NULL,NULL,NULL,2.00),(395,382,'2026-07-25','03',0,NULL,NULL,NULL,NULL,25.00),(396,383,'2026-07-25','01',0,NULL,NULL,NULL,NULL,1.00),(397,384,'2026-07-25','01',0,NULL,NULL,NULL,NULL,1.00),(398,385,'2026-07-25','01',0,NULL,NULL,NULL,NULL,2.50),(399,386,'2026-07-25','03',0,NULL,NULL,NULL,NULL,40.00),(400,387,'2026-07-25','03',0,NULL,NULL,NULL,NULL,90.00),(401,388,'2026-07-25','03',0,NULL,NULL,NULL,NULL,50.00),(402,389,'2026-07-25','03',0,NULL,NULL,NULL,NULL,90.00),(403,390,'2026-07-25','01',0,NULL,NULL,NULL,NULL,3.00),(404,391,'2026-07-25','01',0,NULL,NULL,NULL,NULL,3.00),(405,392,'2026-07-25','01',0,NULL,NULL,NULL,NULL,2.50),(406,393,'2026-07-25','01',0,NULL,NULL,NULL,NULL,9.50),(407,394,'2026-07-25','01',0,NULL,NULL,NULL,NULL,5.50),(408,395,'2026-07-25','01',0,NULL,NULL,NULL,NULL,3.00),(409,396,'2026-07-25','03',0,NULL,NULL,NULL,NULL,5.00),(410,397,'2026-07-25','01',0,NULL,NULL,NULL,NULL,25.00),(411,398,'2026-07-25','01',0,NULL,NULL,NULL,NULL,1.50),(412,399,'2026-07-25','01',0,NULL,NULL,NULL,NULL,12.50),(413,400,'2026-07-25','01',0,NULL,NULL,NULL,NULL,6.00),(414,401,'2026-07-25','03',0,NULL,NULL,NULL,NULL,0.50),(415,402,'2026-07-25','03',0,NULL,NULL,NULL,NULL,0.50),(416,403,'2026-07-25','01',0,NULL,NULL,NULL,NULL,3.50),(417,404,'2026-07-25','01',0,NULL,NULL,NULL,NULL,3.50),(418,405,'2026-07-25','01',0,NULL,NULL,NULL,NULL,12.50),(419,406,'2026-07-25','01',0,NULL,NULL,NULL,NULL,3.00),(420,407,'2026-07-25','01',0,NULL,NULL,NULL,NULL,10.00),(421,408,'2026-07-25','01',0,NULL,NULL,NULL,NULL,1.50),(422,409,'2026-07-26','01',0,NULL,NULL,NULL,NULL,1.00),(423,410,'2026-07-26','01',0,NULL,NULL,NULL,NULL,4.00),(424,411,'2026-07-26','01',0,NULL,NULL,NULL,NULL,1.00),(425,412,'2026-07-26','01',0,NULL,NULL,NULL,NULL,2.00),(426,413,'2026-07-26','03',0,NULL,NULL,NULL,NULL,13.60),(427,414,'2026-07-26','01',0,NULL,NULL,NULL,NULL,11.50),(428,415,'2026-07-26','01',0,NULL,NULL,NULL,NULL,1.50),(429,416,'2026-07-26','01',0,NULL,NULL,NULL,NULL,14.50),(430,417,'2026-07-26','01',0,NULL,NULL,NULL,NULL,5.00),(431,418,'2026-07-26','03',0,NULL,NULL,NULL,NULL,3.00),(432,419,'2026-07-26','01',0,NULL,NULL,NULL,NULL,4.40),(433,420,'2026-07-26','01',0,NULL,NULL,NULL,NULL,4.00),(434,421,'2026-07-26','01',0,NULL,NULL,NULL,NULL,3.00),(435,422,'2026-07-26','01',0,NULL,NULL,NULL,NULL,3.00),(436,423,'2026-07-26','01',0,NULL,NULL,NULL,NULL,2.00),(437,424,'2026-07-26','01',0,NULL,NULL,NULL,NULL,8.50),(438,425,'2026-07-26','01',0,NULL,NULL,NULL,NULL,2.00),(439,426,'2026-07-26','01',0,NULL,NULL,NULL,NULL,15.00),(440,427,'2026-07-26','03',0,NULL,NULL,NULL,NULL,4.50),(441,428,'2026-07-26','01',0,NULL,NULL,NULL,NULL,3.50),(442,429,'2026-07-26','01',0,NULL,NULL,NULL,NULL,24.00),(443,430,'2026-07-26','01',0,NULL,NULL,NULL,NULL,25.00),(444,431,'2026-07-26','01',0,NULL,NULL,NULL,NULL,14.50),(445,432,'2026-07-26','01',0,NULL,NULL,NULL,NULL,13.00),(446,433,'2026-07-26','01',0,NULL,NULL,NULL,NULL,5.00),(447,434,'2026-07-26','03',0,NULL,NULL,NULL,NULL,24.00),(448,435,'2026-07-26','01',0,NULL,NULL,NULL,NULL,9.00),(449,436,'2026-07-26','01',0,NULL,NULL,NULL,NULL,2.00),(450,437,'2026-07-26','01',0,NULL,NULL,NULL,NULL,7.00),(451,438,'2026-07-26','01',0,NULL,NULL,NULL,NULL,2.50),(452,439,'2026-07-26','01',0,NULL,NULL,NULL,NULL,2.50),(453,440,'2026-07-26','01',0,NULL,NULL,NULL,NULL,1.50),(454,441,'2026-07-26','01',0,NULL,NULL,NULL,NULL,4.00),(455,442,'2026-07-26','01',0,NULL,NULL,NULL,NULL,1.00),(456,443,'2026-07-26','01',0,NULL,NULL,NULL,NULL,5.00),(457,444,'2026-07-26','01',0,NULL,NULL,NULL,NULL,15.00),(458,445,'2026-07-26','03',0,NULL,NULL,NULL,NULL,20.00),(459,446,'2026-07-26','01',0,NULL,NULL,NULL,NULL,5.00),(460,447,'2026-07-26','01',0,NULL,NULL,NULL,NULL,3.00),(461,448,'2026-07-26','01',0,NULL,NULL,NULL,NULL,1.00),(462,449,'2026-07-26','01',0,NULL,NULL,NULL,NULL,3.50),(463,450,'2026-07-26','01',0,NULL,NULL,NULL,NULL,1.00),(464,451,'2026-07-26','01',0,NULL,NULL,NULL,NULL,1.50),(465,452,'2026-07-26','01',0,NULL,NULL,NULL,NULL,4.50),(466,453,'2026-07-26','03',0,NULL,NULL,NULL,NULL,15.50),(467,454,'2026-07-26','01',0,NULL,NULL,NULL,NULL,10.00),(468,455,'2026-07-26','01',0,NULL,NULL,NULL,NULL,2.00),(469,456,'2026-07-26','01',0,NULL,NULL,NULL,NULL,2.00),(470,457,'2026-07-26','01',0,NULL,NULL,NULL,NULL,1.00),(471,458,'2026-07-26','01',0,NULL,NULL,NULL,NULL,1.00),(472,459,'2026-07-26','01',0,NULL,NULL,NULL,NULL,17.00),(473,460,'2026-07-27','01',0,NULL,NULL,NULL,NULL,2.50),(474,461,'2026-07-27','03',0,NULL,NULL,NULL,NULL,1.00),(475,462,'2026-07-27','03',0,NULL,NULL,NULL,NULL,3.00),(476,463,'2026-07-27','01',0,NULL,NULL,NULL,NULL,7.00),(477,464,'2026-07-27','01',0,NULL,NULL,NULL,NULL,29.50),(478,465,'2026-07-27','01',0,NULL,NULL,NULL,NULL,2.50),(479,466,'2026-07-27','01',0,NULL,NULL,NULL,NULL,5.00),(480,467,'2026-07-27','01',0,NULL,NULL,NULL,NULL,3.50),(481,468,'2026-07-27','01',0,NULL,NULL,NULL,NULL,1.00),(482,469,'2026-07-27','03',0,NULL,NULL,NULL,NULL,2.00),(483,470,'2026-07-27','01',0,NULL,NULL,NULL,NULL,1.00),(484,471,'2026-07-27','01',0,NULL,NULL,NULL,NULL,1.00),(485,472,'2026-07-27','01',0,NULL,NULL,NULL,NULL,2.50),(486,473,'2026-07-27','01',0,NULL,NULL,NULL,NULL,3.50),(487,474,'2026-07-27','01',0,NULL,NULL,NULL,NULL,10.00),(488,475,'2026-07-27','01',0,NULL,NULL,NULL,NULL,6.00),(489,476,'2026-07-27','01',0,NULL,NULL,NULL,NULL,36.00),(490,477,'2026-07-27','03',0,NULL,NULL,NULL,NULL,22.50),(491,478,'2026-07-27','03',0,NULL,NULL,NULL,NULL,13.00),(492,479,'2026-07-27','01',0,NULL,NULL,NULL,NULL,1.50),(493,480,'2026-07-27','01',0,NULL,NULL,NULL,NULL,10.00),(494,481,'2026-07-27','01',0,NULL,NULL,NULL,NULL,4.00),(495,482,'2026-07-27','03',0,NULL,NULL,NULL,NULL,16.00),(496,483,'2026-07-27','01',0,NULL,NULL,NULL,NULL,3.00),(497,484,'2026-07-27','01',0,NULL,NULL,NULL,NULL,50.00),(498,485,'2026-07-27','01',0,NULL,NULL,NULL,NULL,3.00),(499,486,'2026-07-27','01',0,NULL,NULL,NULL,NULL,12.00),(500,487,'2026-07-27','01',0,NULL,NULL,NULL,NULL,1.00),(501,488,'2026-07-27','01',0,NULL,NULL,NULL,NULL,1.30),(502,489,'2026-07-27','03',0,NULL,NULL,NULL,NULL,5.00),(503,490,'2026-07-27','01',0,NULL,NULL,NULL,NULL,4.00),(504,491,'2026-07-27','01',0,NULL,NULL,NULL,NULL,2.50),(505,492,'2026-07-27','03',0,NULL,NULL,NULL,NULL,3.90),(506,493,'2026-07-27','01',0,NULL,NULL,NULL,NULL,1.50),(507,494,'2026-07-28','03',0,NULL,NULL,NULL,NULL,4.00),(508,495,'2026-07-28','01',0,NULL,NULL,NULL,NULL,12.00),(509,496,'2026-07-28','03',0,NULL,NULL,NULL,NULL,4.00),(510,497,'2026-07-28','01',0,NULL,NULL,NULL,NULL,1.00),(511,498,'2026-07-28','01',0,NULL,NULL,NULL,NULL,2.00),(512,499,'2026-07-28','01',0,NULL,NULL,NULL,NULL,2.00),(513,500,'2026-07-28','03',0,NULL,NULL,NULL,NULL,5.00),(514,501,'2026-07-28','01',0,NULL,NULL,NULL,NULL,113.00),(515,502,'2026-07-28','01',0,NULL,NULL,NULL,NULL,1.00),(516,503,'2026-07-28','01',0,NULL,NULL,NULL,NULL,9.00),(517,504,'2026-07-28','01',0,NULL,NULL,NULL,NULL,6.00),(518,505,'2026-07-28','01',0,NULL,NULL,NULL,NULL,1.00),(519,506,'2026-07-28','01',0,NULL,NULL,NULL,NULL,2.00),(520,507,'2026-07-28','01',0,NULL,NULL,NULL,NULL,2.00),(521,508,'2026-07-28','03',0,NULL,NULL,NULL,NULL,2.00),(522,509,'2026-07-28','01',0,NULL,NULL,NULL,NULL,6.00),(523,510,'2026-07-28','01',0,NULL,NULL,NULL,NULL,20.00),(524,511,'2026-07-28','01',0,NULL,NULL,NULL,NULL,4.00),(525,512,'2026-07-28','01',0,NULL,NULL,NULL,NULL,4.00),(526,513,'2026-07-28','01',0,NULL,NULL,NULL,NULL,3.00),(527,514,'2026-07-28','01',0,NULL,NULL,NULL,NULL,0.50),(528,515,'2026-07-29','01',0,NULL,NULL,NULL,NULL,2.00),(529,516,'2026-07-29','01',0,NULL,NULL,NULL,NULL,2.00),(530,517,'2026-07-29','01',0,NULL,NULL,NULL,NULL,1.00),(531,518,'2026-07-29','01',0,NULL,NULL,NULL,NULL,10.50),(532,519,'2026-07-29','03',0,NULL,NULL,NULL,NULL,2.00),(533,520,'2026-07-29','01',0,NULL,NULL,NULL,NULL,4.50),(534,521,'2026-07-29','01',0,NULL,NULL,NULL,NULL,2.00),(535,522,'2026-07-29','03',0,NULL,NULL,NULL,NULL,3.50),(536,523,'2026-07-29','03',0,NULL,NULL,NULL,NULL,10.00),(537,524,'2026-07-29','01',0,NULL,NULL,NULL,NULL,1.00),(538,525,'2026-07-29','03',0,NULL,NULL,NULL,NULL,40.00),(539,526,'2026-07-29','01',0,NULL,NULL,NULL,NULL,100.00),(540,527,'2026-07-29','01',0,NULL,NULL,NULL,NULL,50.00),(541,528,'2026-07-29','01',0,NULL,NULL,NULL,NULL,3.00),(542,529,'2026-07-29','01',0,NULL,NULL,NULL,NULL,2.50),(543,530,'2026-07-29','01',0,NULL,NULL,NULL,NULL,20.00),(544,531,'2026-07-29','01',0,NULL,NULL,NULL,NULL,3.00),(545,532,'2026-07-29','01',0,NULL,NULL,NULL,NULL,0.50),(546,533,'2026-07-29','03',0,NULL,NULL,NULL,NULL,2.00),(547,534,'2026-07-29','01',0,NULL,NULL,NULL,NULL,13.50),(548,535,'2026-07-29','01',0,NULL,NULL,NULL,NULL,3.00),(549,536,'2026-07-29','01',0,NULL,NULL,NULL,NULL,3.00),(550,537,'2026-07-29','03',0,NULL,NULL,NULL,NULL,5.00),(551,538,'2026-07-29','01',0,NULL,NULL,NULL,NULL,2.50),(552,539,'2026-07-29','01',0,NULL,NULL,NULL,NULL,4.00),(553,540,'2026-07-30','01',0,NULL,NULL,NULL,NULL,18.00),(554,541,'2026-07-30','01',0,NULL,NULL,NULL,NULL,1.00),(555,542,'2026-07-30','01',0,NULL,NULL,NULL,NULL,5.00),(556,543,'2026-07-30','01',0,NULL,NULL,NULL,NULL,10.00),(557,544,'2026-07-30','01',0,NULL,NULL,NULL,NULL,12.00),(558,545,'2026-07-30','01',0,NULL,NULL,NULL,NULL,10.00),(559,546,'2026-07-30','01',0,NULL,NULL,NULL,NULL,4.00),(560,547,'2026-07-30','01',0,NULL,NULL,NULL,NULL,0.50),(561,548,'2026-07-30','01',0,NULL,NULL,NULL,NULL,2.50),(562,549,'2026-07-30','01',0,NULL,NULL,NULL,NULL,4.00),(563,550,'2026-07-30','03',0,NULL,NULL,NULL,NULL,67.00),(564,551,'2026-07-30','01',0,NULL,NULL,NULL,NULL,2.00),(565,552,'2026-07-30','01',0,NULL,NULL,NULL,NULL,5.00);
COMMIT;

-- Dumped table `sale_note_payments` with 559 row(s)
--

--
-- Table structure for table `sale_opportunities`
--

CREATE TABLE `sale_opportunities` (
  `id` int(10) unsigned NOT NULL AUTO_INCREMENT,
  `user_id` int(10) unsigned NOT NULL,
  `external_id` char(36) NOT NULL,
  `establishment_id` int(10) unsigned NOT NULL,
  `establishment` longtext CHARACTER SET utf8mb4 COLLATE utf8mb4_bin NOT NULL CHECK (json_valid(`establishment`)),
  `soap_type_id` char(2) NOT NULL,
  `state_type_id` char(2) NOT NULL,
  `prefix` varchar(255) NOT NULL,
  `date_of_issue` date NOT NULL,
  `time_of_issue` time NOT NULL,
  `customer_id` int(10) unsigned NOT NULL,
  `customer` longtext CHARACTER SET utf8mb4 COLLATE utf8mb4_bin NOT NULL CHECK (json_valid(`customer`)),
  `currency_type_id` varchar(255) NOT NULL,
  `exchange_rate_sale` decimal(13,3) NOT NULL,
  `total_exportation` decimal(12,2) NOT NULL DEFAULT 0.00,
  `total_free` decimal(12,2) NOT NULL DEFAULT 0.00,
  `total_taxed` decimal(12,2) NOT NULL DEFAULT 0.00,
  `total_unaffected` decimal(12,2) NOT NULL DEFAULT 0.00,
  `total_exonerated` decimal(12,2) NOT NULL DEFAULT 0.00,
  `total_igv` decimal(12,2) NOT NULL DEFAULT 0.00,
  `total_taxes` decimal(12,2) NOT NULL DEFAULT 0.00,
  `total_value` decimal(12,2) NOT NULL DEFAULT 0.00,
  `total` decimal(12,2) NOT NULL,
  `filename` varchar(255) DEFAULT NULL,
  `detail` text DEFAULT NULL,
  `observation` text DEFAULT NULL,
  `created_at` timestamp NULL DEFAULT NULL,
  `updated_at` timestamp NULL DEFAULT NULL,
  PRIMARY KEY (`id`),
  KEY `sale_opportunities_user_id_foreign` (`user_id`),
  KEY `sale_opportunities_establishment_id_foreign` (`establishment_id`),
  KEY `sale_opportunities_customer_id_foreign` (`customer_id`),
  KEY `sale_opportunities_soap_type_id_foreign` (`soap_type_id`),
  KEY `sale_opportunities_state_type_id_foreign` (`state_type_id`),
  KEY `sale_opportunities_currency_type_id_foreign` (`currency_type_id`),
  CONSTRAINT `sale_opportunities_currency_type_id_foreign` FOREIGN KEY (`currency_type_id`) REFERENCES `cat_currency_types` (`id`),
  CONSTRAINT `sale_opportunities_customer_id_foreign` FOREIGN KEY (`customer_id`) REFERENCES `persons` (`id`),
  CONSTRAINT `sale_opportunities_establishment_id_foreign` FOREIGN KEY (`establishment_id`) REFERENCES `establishments` (`id`),
  CONSTRAINT `sale_opportunities_soap_type_id_foreign` FOREIGN KEY (`soap_type_id`) REFERENCES `soap_types` (`id`),
  CONSTRAINT `sale_opportunities_state_type_id_foreign` FOREIGN KEY (`state_type_id`) REFERENCES `state_types` (`id`),
  CONSTRAINT `sale_opportunities_user_id_foreign` FOREIGN KEY (`user_id`) REFERENCES `users` (`id`)
) ENGINE=InnoDB DEFAULT CHARSET=utf8mb4 COLLATE=utf8mb4_unicode_ci;

--
-- Dumping data for table `sale_opportunities`
--

SET autocommit=0;
COMMIT;

-- Dumped table `sale_opportunities` with 0 row(s)
--

--
-- Table structure for table `sale_opportunity_files`
--

CREATE TABLE `sale_opportunity_files` (
  `id` int(10) unsigned NOT NULL AUTO_INCREMENT,
  `sale_opportunity_id` int(10) unsigned NOT NULL,
  `filename` varchar(255) NOT NULL,
  PRIMARY KEY (`id`),
  KEY `sale_opportunity_files_sale_opportunity_id_foreign` (`sale_opportunity_id`),
  CONSTRAINT `sale_opportunity_files_sale_opportunity_id_foreign` FOREIGN KEY (`sale_opportunity_id`) REFERENCES `sale_opportunities` (`id`) ON DELETE CASCADE
) ENGINE=InnoDB DEFAULT CHARSET=utf8mb4 COLLATE=utf8mb4_unicode_ci;

--
-- Dumping data for table `sale_opportunity_files`
--

SET autocommit=0;
COMMIT;

-- Dumped table `sale_opportunity_files` with 0 row(s)
--

--
-- Table structure for table `sale_opportunity_items`
--

CREATE TABLE `sale_opportunity_items` (
  `id` int(10) unsigned NOT NULL AUTO_INCREMENT,
  `sale_opportunity_id` int(10) unsigned NOT NULL,
  `item_id` int(10) unsigned NOT NULL,
  `item` longtext CHARACTER SET utf8mb4 COLLATE utf8mb4_bin NOT NULL CHECK (json_valid(`item`)),
  `quantity` decimal(12,4) NOT NULL,
  `unit_value` decimal(16,6) NOT NULL,
  `affectation_igv_type_id` varchar(255) NOT NULL,
  `total_base_igv` decimal(12,2) NOT NULL,
  `percentage_igv` decimal(12,2) NOT NULL,
  `total_igv` decimal(12,2) NOT NULL,
  `total_taxes` decimal(12,2) NOT NULL,
  `price_type_id` varchar(255) NOT NULL,
  `unit_price` decimal(16,6) NOT NULL,
  `total_value` decimal(12,2) NOT NULL,
  `total_charge` decimal(12,2) NOT NULL DEFAULT 0.00,
  `total_discount` decimal(12,2) NOT NULL DEFAULT 0.00,
  `total` decimal(12,2) NOT NULL,
  `attributes` longtext CHARACTER SET utf8mb4 COLLATE utf8mb4_bin DEFAULT NULL CHECK (json_valid(`attributes`)),
  `discounts` longtext CHARACTER SET utf8mb4 COLLATE utf8mb4_bin DEFAULT NULL CHECK (json_valid(`discounts`)),
  `charges` longtext CHARACTER SET utf8mb4 COLLATE utf8mb4_bin DEFAULT NULL CHECK (json_valid(`charges`)),
  PRIMARY KEY (`id`),
  KEY `sale_opportunity_items_sale_opportunity_id_foreign` (`sale_opportunity_id`),
  KEY `sale_opportunity_items_item_id_foreign` (`item_id`),
  KEY `sale_opportunity_items_affectation_igv_type_id_foreign` (`affectation_igv_type_id`),
  KEY `sale_opportunity_items_price_type_id_foreign` (`price_type_id`),
  CONSTRAINT `sale_opportunity_items_affectation_igv_type_id_foreign` FOREIGN KEY (`affectation_igv_type_id`) REFERENCES `cat_affectation_igv_types` (`id`),
  CONSTRAINT `sale_opportunity_items_item_id_foreign` FOREIGN KEY (`item_id`) REFERENCES `items` (`id`),
  CONSTRAINT `sale_opportunity_items_price_type_id_foreign` FOREIGN KEY (`price_type_id`) REFERENCES `cat_price_types` (`id`),
  CONSTRAINT `sale_opportunity_items_sale_opportunity_id_foreign` FOREIGN KEY (`sale_opportunity_id`) REFERENCES `sale_opportunities` (`id`) ON DELETE CASCADE
) ENGINE=InnoDB DEFAULT CHARSET=utf8mb4 COLLATE=utf8mb4_unicode_ci;

--
-- Dumping data for table `sale_opportunity_items`
--

SET autocommit=0;
COMMIT;

-- Dumped table `sale_opportunity_items` with 0 row(s)
--

--
-- Table structure for table `seller_point_ledger`
--

CREATE TABLE `seller_point_ledger` (
  `id` int(10) unsigned NOT NULL AUTO_INCREMENT,
  `seller_id` int(10) unsigned NOT NULL,
  `cash_id` int(10) unsigned DEFAULT NULL,
  `shift_type` varchar(10) DEFAULT NULL,
  `sales_net` decimal(12,2) NOT NULL DEFAULT 0.00,
  `points` decimal(12,2) NOT NULL DEFAULT 0.00 COMMENT 'con signo: + earned / +-/ adjustment',
  `reason` varchar(20) NOT NULL DEFAULT 'earned',
  `created_at` timestamp NULL DEFAULT NULL,
  `updated_at` timestamp NULL DEFAULT NULL,
  PRIMARY KEY (`id`),
  KEY `seller_point_ledger_seller_id_created_at_index` (`seller_id`,`created_at`),
  KEY `seller_point_ledger_seller_id_index` (`seller_id`),
  KEY `seller_point_ledger_cash_id_index` (`cash_id`)
) ENGINE=InnoDB DEFAULT CHARSET=utf8mb4 COLLATE=utf8mb4_unicode_ci;

--
-- Dumping data for table `seller_point_ledger`
--

SET autocommit=0;
COMMIT;

-- Dumped table `seller_point_ledger` with 0 row(s)
--

--
-- Table structure for table `seller_reward`
--

CREATE TABLE `seller_reward` (
  `id` int(10) unsigned NOT NULL AUTO_INCREMENT,
  `name` varchar(255) NOT NULL,
  `description` varchar(255) DEFAULT NULL,
  `points_cost` decimal(12,2) NOT NULL DEFAULT 0.00,
  `stock` int(11) DEFAULT NULL COMMENT 'NULL = ilimitado',
  `active` tinyint(1) NOT NULL DEFAULT 1,
  `created_at` timestamp NULL DEFAULT NULL,
  `updated_at` timestamp NULL DEFAULT NULL,
  PRIMARY KEY (`id`),
  KEY `seller_reward_active_index` (`active`)
) ENGINE=InnoDB DEFAULT CHARSET=utf8mb4 COLLATE=utf8mb4_unicode_ci;

--
-- Dumping data for table `seller_reward`
--

SET autocommit=0;
COMMIT;

-- Dumped table `seller_reward` with 0 row(s)
--

--
-- Table structure for table `seller_reward_redemption`
--

CREATE TABLE `seller_reward_redemption` (
  `id` int(10) unsigned NOT NULL AUTO_INCREMENT,
  `seller_id` int(10) unsigned NOT NULL,
  `seller_reward_id` int(10) unsigned NOT NULL,
  `reward_name` varchar(255) NOT NULL,
  `points_cost` decimal(12,2) NOT NULL DEFAULT 0.00,
  `created_by` int(10) unsigned DEFAULT NULL,
  `created_at` timestamp NULL DEFAULT NULL,
  `updated_at` timestamp NULL DEFAULT NULL,
  PRIMARY KEY (`id`),
  KEY `seller_reward_redemption_seller_id_created_at_index` (`seller_id`,`created_at`),
  KEY `seller_reward_redemption_seller_id_index` (`seller_id`),
  KEY `seller_reward_redemption_seller_reward_id_index` (`seller_reward_id`)
) ENGINE=InnoDB DEFAULT CHARSET=utf8mb4 COLLATE=utf8mb4_unicode_ci;

--
-- Dumping data for table `seller_reward_redemption`
--

SET autocommit=0;
COMMIT;

-- Dumped table `seller_reward_redemption` with 0 row(s)
--

--
-- Table structure for table `series`
--

CREATE TABLE `series` (
  `id` int(10) unsigned NOT NULL AUTO_INCREMENT,
  `establishment_id` int(10) unsigned NOT NULL,
  `document_type_id` varchar(255) NOT NULL,
  `number` varchar(255) NOT NULL,
  `contingency` tinyint(1) NOT NULL DEFAULT 0,
  `created_at` timestamp NULL DEFAULT NULL,
  `updated_at` timestamp NULL DEFAULT NULL,
  PRIMARY KEY (`id`),
  KEY `series_establishment_id_foreign` (`establishment_id`),
  KEY `series_document_type_id_foreign` (`document_type_id`),
  CONSTRAINT `series_document_type_id_foreign` FOREIGN KEY (`document_type_id`) REFERENCES `cat_document_types` (`id`),
  CONSTRAINT `series_establishment_id_foreign` FOREIGN KEY (`establishment_id`) REFERENCES `establishments` (`id`)
) ENGINE=InnoDB AUTO_INCREMENT=15 DEFAULT CHARSET=utf8mb4 COLLATE=utf8mb4_unicode_ci;

--
-- Dumping data for table `series`
--

SET autocommit=0;
INSERT INTO `series` VALUES (1,1,'01','FA01',0,NULL,NULL),(2,1,'03','BA01',0,NULL,NULL),(3,1,'07','FC01',0,NULL,NULL),(4,1,'07','BC01',0,NULL,NULL),(5,1,'08','FD01',0,NULL,NULL),(6,1,'08','BD01',0,NULL,NULL),(7,1,'20','R001',0,NULL,NULL),(8,1,'09','T001',0,NULL,NULL),(9,1,'40','P001',0,NULL,NULL),(10,1,'80','NV01',0,NULL,NULL),(11,1,'04','L001',0,NULL,NULL),(12,1,'U2','NIA1',0,NULL,NULL),(13,1,'U3','NSA1',0,NULL,NULL),(14,1,'U4','NTA1',0,NULL,NULL);
COMMIT;

-- Dumped table `series` with 14 row(s)
--

--
-- Table structure for table `series_configurations`
--

CREATE TABLE `series_configurations` (
  `id` int(10) unsigned NOT NULL AUTO_INCREMENT,
  `series_id` int(10) unsigned NOT NULL,
  `document_type_id` varchar(255) NOT NULL,
  `series` varchar(255) NOT NULL,
  `number` varchar(255) NOT NULL,
  `created_at` timestamp NULL DEFAULT NULL,
  `updated_at` timestamp NULL DEFAULT NULL,
  PRIMARY KEY (`id`),
  KEY `series_configurations_series_id_foreign` (`series_id`),
  KEY `series_configurations_series_index` (`series`),
  KEY `series_configurations_number_index` (`number`),
  KEY `series_configurations_document_type_id_foreign` (`document_type_id`),
  CONSTRAINT `series_configurations_document_type_id_foreign` FOREIGN KEY (`document_type_id`) REFERENCES `cat_document_types` (`id`),
  CONSTRAINT `series_configurations_series_id_foreign` FOREIGN KEY (`series_id`) REFERENCES `series` (`id`)
) ENGINE=InnoDB DEFAULT CHARSET=utf8mb4 COLLATE=utf8mb4_unicode_ci;

--
-- Dumping data for table `series_configurations`
--

SET autocommit=0;
COMMIT;

-- Dumped table `series_configurations` with 0 row(s)
--

--
-- Table structure for table `skins`
--

CREATE TABLE `skins` (
  `id` int(10) unsigned NOT NULL AUTO_INCREMENT,
  `name` varchar(255) NOT NULL,
  `filename` varchar(255) NOT NULL,
  `status` tinyint(1) NOT NULL DEFAULT 1,
  `created_at` timestamp NULL DEFAULT NULL,
  `updated_at` timestamp NULL DEFAULT NULL,
  PRIMARY KEY (`id`)
) ENGINE=InnoDB AUTO_INCREMENT=3 DEFAULT CHARSET=utf8mb4 COLLATE=utf8mb4_unicode_ci;

--
-- Dumping data for table `skins`
--

SET autocommit=0;
INSERT INTO `skins` VALUES (1,'Default','default.css',1,NULL,NULL),(2,'Light','light.css',1,NULL,NULL);
COMMIT;

-- Dumped table `skins` with 2 row(s)
--

--
-- Table structure for table `soap_types`
--

CREATE TABLE `soap_types` (
  `id` char(2) NOT NULL,
  `description` varchar(255) NOT NULL,
  PRIMARY KEY (`id`)
) ENGINE=InnoDB DEFAULT CHARSET=utf8mb4 COLLATE=utf8mb4_unicode_ci;

--
-- Dumping data for table `soap_types`
--

SET autocommit=0;
INSERT INTO `soap_types` VALUES ('01','Demo'),('02','Producción'),('03','Interno');
COMMIT;

-- Dumped table `soap_types` with 3 row(s)
--

--
-- Table structure for table `specialties`
--

CREATE TABLE `specialties` (
  `id` int(10) unsigned NOT NULL AUTO_INCREMENT,
  `code` varchar(255) DEFAULT NULL,
  `name` varchar(255) DEFAULT NULL,
  `status` tinyint(1) DEFAULT 1,
  `item_id` int(10) unsigned DEFAULT NULL,
  `created_at` timestamp NULL DEFAULT NULL,
  `updated_at` timestamp NULL DEFAULT NULL,
  PRIMARY KEY (`id`),
  UNIQUE KEY `specialties_code_unique` (`code`)
) ENGINE=InnoDB DEFAULT CHARSET=utf8mb4 COLLATE=utf8mb4_unicode_ci;

--
-- Dumping data for table `specialties`
--

SET autocommit=0;
COMMIT;

-- Dumped table `specialties` with 0 row(s)
--

--
-- Table structure for table `state_types`
--

CREATE TABLE `state_types` (
  `id` char(2) NOT NULL,
  `description` varchar(255) NOT NULL,
  PRIMARY KEY (`id`)
) ENGINE=InnoDB DEFAULT CHARSET=utf8mb4 COLLATE=utf8mb4_unicode_ci;

--
-- Dumping data for table `state_types`
--

SET autocommit=0;
INSERT INTO `state_types` VALUES ('01','Registrado'),('03','Enviado'),('05','Aceptado'),('07','Observado'),('09','Rechazado'),('11','Anulado'),('13','Por anular');
COMMIT;

-- Dumped table `state_types` with 7 row(s)
--

--
-- Table structure for table `status_orders`
--

CREATE TABLE `status_orders` (
  `id` tinyint(3) unsigned NOT NULL AUTO_INCREMENT,
  `description` varchar(30) NOT NULL,
  `created_at` timestamp NULL DEFAULT NULL,
  `updated_at` timestamp NULL DEFAULT NULL,
  PRIMARY KEY (`id`)
) ENGINE=InnoDB AUTO_INCREMENT=5 DEFAULT CHARSET=utf8mb4 COLLATE=utf8mb4_unicode_ci;

--
-- Dumping data for table `status_orders`
--

SET autocommit=0;
INSERT INTO `status_orders` VALUES (1,'Pago sin verificar','2026-07-07 15:09:07',NULL),(2,'Pago verificado','2026-07-07 15:09:07',NULL),(3,'Despachado','2026-07-07 15:09:07',NULL),(4,'Confirmado por el cliente','2026-07-07 15:09:07',NULL);
COMMIT;

-- Dumped table `status_orders` with 4 row(s)
--

--
-- Table structure for table `summaries`
--

CREATE TABLE `summaries` (
  `id` int(10) unsigned NOT NULL AUTO_INCREMENT,
  `user_id` int(10) unsigned NOT NULL,
  `external_id` char(36) NOT NULL,
  `soap_type_id` char(2) NOT NULL,
  `state_type_id` char(2) NOT NULL,
  `summary_status_type_id` varchar(255) NOT NULL,
  `ubl_version` varchar(255) NOT NULL,
  `date_of_issue` date NOT NULL,
  `date_of_reference` date NOT NULL,
  `identifier` varchar(255) NOT NULL,
  `filename` varchar(255) NOT NULL,
  `unique_filename` varchar(255) DEFAULT NULL,
  `ticket` varchar(255) DEFAULT NULL,
  `has_ticket` tinyint(1) NOT NULL DEFAULT 0,
  `has_cdr` tinyint(1) NOT NULL DEFAULT 0,
  `soap_shipping_response` longtext CHARACTER SET utf8mb4 COLLATE utf8mb4_bin DEFAULT NULL CHECK (json_valid(`soap_shipping_response`)),
  `send_to_pse` tinyint(1) NOT NULL DEFAULT 0,
  `response_signature_pse` longtext CHARACTER SET utf8mb4 COLLATE utf8mb4_bin DEFAULT NULL CHECK (json_valid(`response_signature_pse`)),
  `response_send_cdr_pse` longtext CHARACTER SET utf8mb4 COLLATE utf8mb4_bin DEFAULT NULL CHECK (json_valid(`response_send_cdr_pse`)),
  `unknown_error_status_response` tinyint(1) NOT NULL DEFAULT 0,
  `manually_regularized` tinyint(1) NOT NULL DEFAULT 0,
  `error_manually_regularized` longtext CHARACTER SET utf8mb4 COLLATE utf8mb4_bin DEFAULT NULL CHECK (json_valid(`error_manually_regularized`)),
  `created_at` timestamp NULL DEFAULT NULL,
  `updated_at` timestamp NULL DEFAULT NULL,
  PRIMARY KEY (`id`),
  UNIQUE KEY `summaries_unique_filename_unique` (`unique_filename`),
  KEY `summaries_user_id_foreign` (`user_id`),
  KEY `summaries_soap_type_id_foreign` (`soap_type_id`),
  KEY `summaries_state_type_id_foreign` (`state_type_id`),
  KEY `summaries_summary_status_type_id_foreign` (`summary_status_type_id`),
  KEY `summaries_date_of_issue_index` (`date_of_issue`),
  CONSTRAINT `summaries_soap_type_id_foreign` FOREIGN KEY (`soap_type_id`) REFERENCES `soap_types` (`id`),
  CONSTRAINT `summaries_state_type_id_foreign` FOREIGN KEY (`state_type_id`) REFERENCES `state_types` (`id`),
  CONSTRAINT `summaries_summary_status_type_id_foreign` FOREIGN KEY (`summary_status_type_id`) REFERENCES `cat_summary_status_types` (`id`),
  CONSTRAINT `summaries_user_id_foreign` FOREIGN KEY (`user_id`) REFERENCES `users` (`id`)
) ENGINE=InnoDB AUTO_INCREMENT=12 DEFAULT CHARSET=utf8mb4 COLLATE=utf8mb4_unicode_ci;

--
-- Dumping data for table `summaries`
--

SET autocommit=0;
COMMIT;

-- Dumped table `summaries` with 0 row(s)
--

--
-- Table structure for table `summary_documents`
--

CREATE TABLE `summary_documents` (
  `id` int(10) unsigned NOT NULL AUTO_INCREMENT,
  `summary_id` int(10) unsigned NOT NULL,
  `document_id` int(10) unsigned NOT NULL,
  `description` varchar(255) DEFAULT NULL,
  PRIMARY KEY (`id`),
  KEY `summary_documents_summary_id_foreign` (`summary_id`),
  KEY `summary_documents_document_id_foreign` (`document_id`),
  CONSTRAINT `summary_documents_document_id_foreign` FOREIGN KEY (`document_id`) REFERENCES `documents` (`id`),
  CONSTRAINT `summary_documents_summary_id_foreign` FOREIGN KEY (`summary_id`) REFERENCES `summaries` (`id`) ON DELETE CASCADE
) ENGINE=InnoDB AUTO_INCREMENT=88 DEFAULT CHARSET=utf8mb4 COLLATE=utf8mb4_unicode_ci;

--
-- Dumping data for table `summary_documents`
--

SET autocommit=0;
COMMIT;

-- Dumped table `summary_documents` with 0 row(s)
--

--
-- Table structure for table `supplier_item_aliases`
--

CREATE TABLE `supplier_item_aliases` (
  `id` int(10) unsigned NOT NULL AUTO_INCREMENT,
  `supplier_id` int(10) unsigned NOT NULL,
  `item_id` int(10) unsigned NOT NULL,
  `supplier_item_code` varchar(100) DEFAULT NULL,
  `supplier_description_original` varchar(500) DEFAULT NULL,
  `supplier_description_normalized` varchar(255) DEFAULT NULL,
  `created_by` int(10) unsigned DEFAULT NULL,
  `created_at` timestamp NULL DEFAULT NULL,
  `updated_at` timestamp NULL DEFAULT NULL,
  PRIMARY KEY (`id`),
  UNIQUE KEY `supplier_item_aliases_supplier_code_unique` (`supplier_id`,`supplier_item_code`),
  KEY `supplier_item_aliases_item_id_foreign` (`item_id`),
  KEY `supplier_item_aliases_created_by_foreign` (`created_by`),
  KEY `supplier_item_aliases_supplier_desc_idx` (`supplier_id`,`supplier_description_normalized`),
  CONSTRAINT `supplier_item_aliases_created_by_foreign` FOREIGN KEY (`created_by`) REFERENCES `users` (`id`),
  CONSTRAINT `supplier_item_aliases_item_id_foreign` FOREIGN KEY (`item_id`) REFERENCES `items` (`id`),
  CONSTRAINT `supplier_item_aliases_supplier_id_foreign` FOREIGN KEY (`supplier_id`) REFERENCES `persons` (`id`)
) ENGINE=InnoDB DEFAULT CHARSET=utf8mb4 COLLATE=utf8mb4_unicode_ci;

--
-- Dumping data for table `supplier_item_aliases`
--

SET autocommit=0;
COMMIT;

-- Dumped table `supplier_item_aliases` with 0 row(s)
--

--
-- Table structure for table `suscription_grade`
--

CREATE TABLE `suscription_grade` (
  `id` int(10) unsigned NOT NULL AUTO_INCREMENT,
  `name` varchar(100) NOT NULL,
  PRIMARY KEY (`id`)
) ENGINE=InnoDB AUTO_INCREMENT=9 DEFAULT CHARSET=utf8mb4 COLLATE=utf8mb4_unicode_ci;

--
-- Dumping data for table `suscription_grade`
--

SET autocommit=0;
INSERT INTO `suscription_grade` VALUES (1,'1er'),(2,'2do'),(3,'3ro'),(4,'4to'),(5,'5to'),(6,'6to'),(7,'7mo'),(8,'8vo');
COMMIT;

-- Dumped table `suscription_grade` with 8 row(s)
--

--
-- Table structure for table `suscription_plans`
--

CREATE TABLE `suscription_plans` (
  `id` int(10) unsigned NOT NULL AUTO_INCREMENT,
  `cat_period_id` int(10) unsigned DEFAULT 0 COMMENT 'Relacion con el periodo de tiempo',
  `name` text NOT NULL COMMENT 'Nombre del plan',
  `description` longtext NOT NULL COMMENT 'Descripcion del plan',
  `total` float DEFAULT 0 COMMENT 'El total del costo del plan',
  `currency_type_id` varchar(255) DEFAULT NULL,
  `payment_method_type_id` varchar(255) DEFAULT NULL,
  `quantity_period` int(10) unsigned DEFAULT NULL,
  `exchange_rate_sale` float DEFAULT 0,
  `total_prepayment` float DEFAULT 0,
  `total_charge` float DEFAULT 0,
  `total_discount` float DEFAULT 0,
  `total_exportation` float DEFAULT 0,
  `total_free` float DEFAULT 0,
  `total_taxed` float DEFAULT 0,
  `total_unaffected` float DEFAULT 0,
  `total_exonerated` float DEFAULT 0,
  `total_igv` float DEFAULT 0,
  `total_igv_free` float DEFAULT 0,
  `total_base_isc` float DEFAULT 0,
  `total_isc` float DEFAULT 0,
  `total_base_other_taxes` float DEFAULT 0,
  `total_other_taxes` float DEFAULT 0,
  `total_taxes` float DEFAULT 0,
  `total_value` float DEFAULT 0,
  `charges` longtext CHARACTER SET utf8mb4 COLLATE utf8mb4_bin DEFAULT NULL CHECK (json_valid(`charges`)),
  `attributes` longtext CHARACTER SET utf8mb4 COLLATE utf8mb4_bin DEFAULT NULL CHECK (json_valid(`attributes`)),
  `discounts` longtext CHARACTER SET utf8mb4 COLLATE utf8mb4_bin DEFAULT NULL CHECK (json_valid(`discounts`)),
  `prepayments` longtext CHARACTER SET utf8mb4 COLLATE utf8mb4_bin DEFAULT NULL CHECK (json_valid(`prepayments`)),
  `related` longtext CHARACTER SET utf8mb4 COLLATE utf8mb4_bin DEFAULT NULL CHECK (json_valid(`related`)),
  `perception` longtext CHARACTER SET utf8mb4 COLLATE utf8mb4_bin DEFAULT NULL CHECK (json_valid(`perception`)),
  `detraction` longtext CHARACTER SET utf8mb4 COLLATE utf8mb4_bin DEFAULT NULL CHECK (json_valid(`detraction`)),
  `legends` longtext CHARACTER SET utf8mb4 COLLATE utf8mb4_bin DEFAULT NULL CHECK (json_valid(`legends`)),
  `terms_condition` longtext DEFAULT NULL,
  `created_at` timestamp NULL DEFAULT NULL,
  `updated_at` timestamp NULL DEFAULT NULL,
  PRIMARY KEY (`id`)
) ENGINE=InnoDB AUTO_INCREMENT=2 DEFAULT CHARSET=utf8mb4 COLLATE=utf8mb4_unicode_ci;

--
-- Dumping data for table `suscription_plans`
--

SET autocommit=0;
INSERT INTO `suscription_plans` VALUES (1,1,'Matricula Escolar','Demostración de matricula escolar',1,'PEN','01',12,0,0,0,0,0,0,0,0,0,0,0,0,0,0,0,0,0,NULL,NULL,NULL,NULL,NULL,NULL,NULL,NULL,NULL,NULL,NULL);
COMMIT;

-- Dumped table `suscription_plans` with 1 row(s)
--

--
-- Table structure for table `suscription_section`
--

CREATE TABLE `suscription_section` (
  `id` int(10) unsigned NOT NULL AUTO_INCREMENT,
  `name` varchar(100) NOT NULL,
  PRIMARY KEY (`id`)
) ENGINE=InnoDB AUTO_INCREMENT=9 DEFAULT CHARSET=utf8mb4 COLLATE=utf8mb4_unicode_ci;

--
-- Dumping data for table `suscription_section`
--

SET autocommit=0;
INSERT INTO `suscription_section` VALUES (1,'A'),(2,'B'),(3,'C'),(4,'D'),(5,'E'),(6,'F'),(7,'G'),(8,'H');
COMMIT;

-- Dumped table `suscription_section` with 8 row(s)
--

--
-- Table structure for table `system_activity_logs`
--

CREATE TABLE `system_activity_logs` (
  `id` bigint(20) unsigned NOT NULL AUTO_INCREMENT,
  `user_id` int(10) unsigned DEFAULT NULL,
  `system_activity_log_type_id` varchar(255) DEFAULT NULL,
  `date` date NOT NULL,
  `time` time NOT NULL,
  `origin_id` int(11) DEFAULT NULL,
  `origin_type` varchar(255) DEFAULT NULL,
  `ip` varchar(255) DEFAULT NULL,
  `device_name` varchar(255) DEFAULT NULL,
  `device_type` varchar(255) DEFAULT NULL,
  `platform_name` varchar(255) DEFAULT NULL,
  `platform_version` varchar(255) DEFAULT NULL,
  `browser_name` varchar(255) DEFAULT NULL,
  `browser_version` varchar(255) DEFAULT NULL,
  `request_email` varchar(255) DEFAULT NULL,
  `route` varchar(255) DEFAULT NULL,
  `description` text DEFAULT NULL,
  `location` longtext CHARACTER SET utf8mb4 COLLATE utf8mb4_bin DEFAULT NULL CHECK (json_valid(`location`)),
  `created_at` timestamp NULL DEFAULT NULL,
  `updated_at` timestamp NULL DEFAULT NULL,
  PRIMARY KEY (`id`),
  KEY `payment_index` (`origin_id`,`origin_type`),
  KEY `system_activity_logs_user_id_foreign` (`user_id`),
  KEY `system_activity_logs_auth_transaction_type_index` (`system_activity_log_type_id`),
  KEY `system_activity_logs_date_index` (`date`),
  KEY `system_activity_logs_time_index` (`time`),
  KEY `system_activity_logs_device_type_index` (`device_type`),
  CONSTRAINT `system_activity_logs_system_activity_log_type_id_foreign` FOREIGN KEY (`system_activity_log_type_id`) REFERENCES `system_activity_log_types` (`id`),
  CONSTRAINT `system_activity_logs_user_id_foreign` FOREIGN KEY (`user_id`) REFERENCES `users` (`id`)
) ENGINE=InnoDB AUTO_INCREMENT=430 DEFAULT CHARSET=utf8mb4 COLLATE=utf8mb4_unicode_ci;

--
-- Dumping data for table `system_activity_logs`
--

SET autocommit=0;
INSERT INTO `system_activity_logs` VALUES (1,1,'login','2026-07-07','15:09:58',1,'App\\Models\\Tenant\\User','179.6.26.113','WebKit','desktop','Windows','10.0','Chrome','149.0.0.0',NULL,NULL,NULL,'{\"country_name\":\"Peru\",\"country_code\":\"PE\",\"region_code\":\"LMA\",\"region_name\":\"Lima Province\",\"city_name\":\"Lima\",\"latitude\":\"-12.046\",\"longitude\":\"-77.0305\",\"timezone\":\"America\\/Lima\"}','2026-07-07 15:09:58','2026-07-07 15:09:58'),(2,2,'login','2026-07-07','15:13:44',2,'App\\Models\\Tenant\\User','38.250.151.142','WebKit','desktop','Windows','10.0','Chrome','149.0.0.0',NULL,NULL,NULL,'{\"country_name\":\"Peru\",\"country_code\":\"PE\",\"region_code\":\"SAM\",\"region_name\":\"San Mart\\u00edn Department\",\"city_name\":\"Moyobamba\",\"latitude\":\"-6.0347\",\"longitude\":\"-76.9748\",\"timezone\":\"America\\/Lima\"}','2026-07-07 15:13:44','2026-07-07 15:13:44'),(3,2,'logout','2026-07-07','15:21:54',2,'App\\Models\\Tenant\\User','38.250.151.142','WebKit','desktop','Windows','10.0','Chrome','149.0.0.0',NULL,NULL,NULL,'{\"country_name\":\"Peru\",\"country_code\":\"PE\",\"region_code\":\"SAM\",\"region_name\":\"San Mart\\u00edn Department\",\"city_name\":\"Moyobamba\",\"latitude\":\"-6.0347\",\"longitude\":\"-76.9748\",\"timezone\":\"America\\/Lima\"}','2026-07-07 15:21:54','2026-07-07 15:21:54'),(4,3,'login','2026-07-07','15:23:56',3,'App\\Models\\Tenant\\User','38.250.151.142','WebKit','desktop','Windows','10.0','Chrome','149.0.0.0',NULL,NULL,NULL,'{\"country_name\":\"Peru\",\"country_code\":\"PE\",\"region_code\":\"SAM\",\"region_name\":\"San Mart\\u00edn Department\",\"city_name\":\"Moyobamba\",\"latitude\":\"-6.0347\",\"longitude\":\"-76.9748\",\"timezone\":\"America\\/Lima\"}','2026-07-07 15:23:56','2026-07-07 15:23:56'),(5,3,'module_access_error','2026-07-07','15:23:56',3,'App\\Models\\Tenant\\User','38.250.151.142','WebKit','desktop','Windows','10.0','Chrome','149.0.0.0',NULL,'documents',NULL,'{\"country_name\":\"Peru\",\"country_code\":\"PE\",\"region_code\":\"SAM\",\"region_name\":\"San Mart\\u00edn Department\",\"city_name\":\"Moyobamba\",\"latitude\":\"-6.0347\",\"longitude\":\"-76.9748\",\"timezone\":\"America\\/Lima\"}','2026-07-07 15:23:56','2026-07-07 15:23:56'),(6,3,'logout','2026-07-07','15:31:30',3,'App\\Models\\Tenant\\User','38.250.151.142','WebKit','desktop','Windows','10.0','Chrome','149.0.0.0',NULL,NULL,NULL,'{\"country_name\":\"Peru\",\"country_code\":\"PE\",\"region_code\":\"SAM\",\"region_name\":\"San Mart\\u00edn Department\",\"city_name\":\"Moyobamba\",\"latitude\":\"-6.0347\",\"longitude\":\"-76.9748\",\"timezone\":\"America\\/Lima\"}','2026-07-07 15:31:30','2026-07-07 15:31:30'),(7,2,'login','2026-07-07','15:41:35',2,'App\\Models\\Tenant\\User','190.237.178.150','WebKit','desktop','Windows','10.0','Chrome','149.0.0.0',NULL,NULL,NULL,'{\"country_name\":\"Peru\",\"country_code\":\"PE\",\"region_code\":\"LAL\",\"region_name\":\"La Libertad\",\"city_name\":\"La Esperanza\",\"latitude\":\"-8.0764\",\"longitude\":\"-79.0437\",\"timezone\":\"America\\/Lima\"}','2026-07-07 15:41:35','2026-07-07 15:41:35'),(8,3,'login','2026-07-07','15:42:37',3,'App\\Models\\Tenant\\User','38.250.151.142','WebKit','desktop','Windows','10.0','Chrome','149.0.0.0',NULL,NULL,NULL,'{\"country_name\":\"Peru\",\"country_code\":\"PE\",\"region_code\":\"SAM\",\"region_name\":\"San Mart\\u00edn Department\",\"city_name\":\"Moyobamba\",\"latitude\":\"-6.0347\",\"longitude\":\"-76.9748\",\"timezone\":\"America\\/Lima\"}','2026-07-07 15:42:37','2026-07-07 15:42:37'),(9,3,'module_access_error','2026-07-07','15:42:38',3,'App\\Models\\Tenant\\User','38.250.151.142','WebKit','desktop','Windows','10.0','Chrome','149.0.0.0',NULL,'documents',NULL,'{\"country_name\":\"Peru\",\"country_code\":\"PE\",\"region_code\":\"SAM\",\"region_name\":\"San Mart\\u00edn Department\",\"city_name\":\"Moyobamba\",\"latitude\":\"-6.0347\",\"longitude\":\"-76.9748\",\"timezone\":\"America\\/Lima\"}','2026-07-07 15:42:38','2026-07-07 15:42:38'),(10,3,'logout','2026-07-07','15:42:55',3,'App\\Models\\Tenant\\User','38.250.151.142','WebKit','desktop','Windows','10.0','Chrome','149.0.0.0',NULL,NULL,NULL,'{\"country_name\":\"Peru\",\"country_code\":\"PE\",\"region_code\":\"SAM\",\"region_name\":\"San Mart\\u00edn Department\",\"city_name\":\"Moyobamba\",\"latitude\":\"-6.0347\",\"longitude\":\"-76.9748\",\"timezone\":\"America\\/Lima\"}','2026-07-07 15:42:55','2026-07-07 15:42:55'),(11,3,'login','2026-07-07','15:43:40',3,'App\\Models\\Tenant\\User','38.250.151.142','WebKit','desktop','Windows','10.0','Chrome','149.0.0.0',NULL,NULL,NULL,'{\"country_name\":\"Peru\",\"country_code\":\"PE\",\"region_code\":\"SAM\",\"region_name\":\"San Mart\\u00edn Department\",\"city_name\":\"Moyobamba\",\"latitude\":\"-6.0347\",\"longitude\":\"-76.9748\",\"timezone\":\"America\\/Lima\"}','2026-07-07 15:43:40','2026-07-07 15:43:40'),(12,3,'module_access_error','2026-07-07','15:43:41',3,'App\\Models\\Tenant\\User','38.250.151.142','WebKit','desktop','Windows','10.0','Chrome','149.0.0.0',NULL,'documents',NULL,'{\"country_name\":\"Peru\",\"country_code\":\"PE\",\"region_code\":\"SAM\",\"region_name\":\"San Mart\\u00edn Department\",\"city_name\":\"Moyobamba\",\"latitude\":\"-6.0347\",\"longitude\":\"-76.9748\",\"timezone\":\"America\\/Lima\"}','2026-07-07 15:43:41','2026-07-07 15:43:41'),(13,3,'logout','2026-07-07','15:46:16',3,'App\\Models\\Tenant\\User','38.250.151.142','WebKit','desktop','Windows','10.0','Chrome','149.0.0.0',NULL,NULL,NULL,'{\"country_name\":\"Peru\",\"country_code\":\"PE\",\"region_code\":\"SAM\",\"region_name\":\"San Mart\\u00edn Department\",\"city_name\":\"Moyobamba\",\"latitude\":\"-6.0347\",\"longitude\":\"-76.9748\",\"timezone\":\"America\\/Lima\"}','2026-07-07 15:46:16','2026-07-07 15:46:16'),(14,NULL,'failed','2026-07-07','15:52:23',NULL,NULL,'190.237.178.150','iPhone','phone','iOS','18_3_1','Safari','18.3',NULL,NULL,NULL,'{\"country_name\":\"Peru\",\"country_code\":\"PE\",\"region_code\":\"LAL\",\"region_name\":\"La Libertad\",\"city_name\":\"La Esperanza\",\"latitude\":\"-8.0764\",\"longitude\":\"-79.0437\",\"timezone\":\"America\\/Lima\"}','2026-07-07 15:52:23','2026-07-07 15:52:23'),(15,2,'login','2026-07-07','15:52:45',2,'App\\Models\\Tenant\\User','190.237.178.150','iPhone','phone','iOS','18_3_1','Safari','18.3',NULL,NULL,NULL,'{\"country_name\":\"Peru\",\"country_code\":\"PE\",\"region_code\":\"LAL\",\"region_name\":\"La Libertad\",\"city_name\":\"La Esperanza\",\"latitude\":\"-8.0764\",\"longitude\":\"-79.0437\",\"timezone\":\"America\\/Lima\"}','2026-07-07 15:52:45','2026-07-07 15:52:45'),(16,2,'logout','2026-07-07','16:48:16',2,'App\\Models\\Tenant\\User','38.250.151.142','WebKit','desktop','Windows','10.0','Chrome','149.0.0.0',NULL,NULL,NULL,'{\"country_name\":\"Peru\",\"country_code\":\"PE\",\"region_code\":\"SAM\",\"region_name\":\"San Mart\\u00edn Department\",\"city_name\":\"Moyobamba\",\"latitude\":\"-6.0347\",\"longitude\":\"-76.9748\",\"timezone\":\"America\\/Lima\"}','2026-07-07 16:48:16','2026-07-07 16:48:16'),(17,2,'login','2026-07-07','16:59:44',2,'App\\Models\\Tenant\\User','38.250.151.142','WebKit','desktop','Windows','10.0','Chrome','149.0.0.0',NULL,NULL,NULL,'{\"country_name\":\"Peru\",\"country_code\":\"PE\",\"region_code\":\"SAM\",\"region_name\":\"San Mart\\u00edn Department\",\"city_name\":\"Moyobamba\",\"latitude\":\"-6.0347\",\"longitude\":\"-76.9748\",\"timezone\":\"America\\/Lima\"}','2026-07-07 16:59:44','2026-07-07 16:59:44'),(18,1,'login','2026-07-08','04:14:16',1,'App\\Models\\Tenant\\User','179.6.26.113','WebKit','desktop','Windows','10.0','Chrome','149.0.0.0',NULL,NULL,NULL,'{\"country_name\":\"Peru\",\"country_code\":\"PE\",\"region_code\":\"LMA\",\"region_name\":\"Lima Province\",\"city_name\":\"Lima\",\"latitude\":\"-12.046\",\"longitude\":\"-77.0305\",\"timezone\":\"America\\/Lima\"}','2026-07-08 04:14:16','2026-07-08 04:14:16'),(19,1,'logout','2026-07-08','04:20:20',1,'App\\Models\\Tenant\\User','179.6.26.113','WebKit','desktop','Windows','10.0','Chrome','149.0.0.0',NULL,NULL,NULL,'{\"country_name\":\"Peru\",\"country_code\":\"PE\",\"region_code\":\"LMA\",\"region_name\":\"Lima Province\",\"city_name\":\"Lima\",\"latitude\":\"-12.046\",\"longitude\":\"-77.0305\",\"timezone\":\"America\\/Lima\"}','2026-07-08 04:20:20','2026-07-08 04:20:20'),(20,1,'login','2026-07-08','04:20:33',1,'App\\Models\\Tenant\\User','179.6.26.113','WebKit','desktop','Windows','10.0','Chrome','149.0.0.0',NULL,NULL,NULL,'{\"country_name\":\"Peru\",\"country_code\":\"PE\",\"region_code\":\"LMA\",\"region_name\":\"Lima Province\",\"city_name\":\"Lima\",\"latitude\":\"-12.046\",\"longitude\":\"-77.0305\",\"timezone\":\"America\\/Lima\"}','2026-07-08 04:20:33','2026-07-08 04:20:33'),(21,1,'logout','2026-07-08','04:20:52',1,'App\\Models\\Tenant\\User','179.6.26.113','WebKit','desktop','Windows','10.0','Chrome','149.0.0.0',NULL,NULL,NULL,'{\"country_name\":\"Peru\",\"country_code\":\"PE\",\"region_code\":\"LMA\",\"region_name\":\"Lima Province\",\"city_name\":\"Lima\",\"latitude\":\"-12.046\",\"longitude\":\"-77.0305\",\"timezone\":\"America\\/Lima\"}','2026-07-08 04:20:52','2026-07-08 04:20:52'),(22,1,'login','2026-07-08','04:20:55',1,'App\\Models\\Tenant\\User','179.6.26.113','WebKit','desktop','Windows','10.0','Chrome','149.0.0.0',NULL,NULL,NULL,'{\"country_name\":\"Peru\",\"country_code\":\"PE\",\"region_code\":\"LMA\",\"region_name\":\"Lima Province\",\"city_name\":\"Lima\",\"latitude\":\"-12.046\",\"longitude\":\"-77.0305\",\"timezone\":\"America\\/Lima\"}','2026-07-08 04:20:55','2026-07-08 04:20:55'),(23,1,'logout','2026-07-08','04:27:44',1,'App\\Models\\Tenant\\User','179.6.26.113','WebKit','desktop','Windows','10.0','Chrome','149.0.0.0',NULL,NULL,NULL,'{\"country_name\":\"Peru\",\"country_code\":\"PE\",\"region_code\":\"LMA\",\"region_name\":\"Lima Province\",\"city_name\":\"Lima\",\"latitude\":\"-12.046\",\"longitude\":\"-77.0305\",\"timezone\":\"America\\/Lima\"}','2026-07-08 04:27:44','2026-07-08 04:27:44'),(24,2,'login','2026-07-08','04:28:00',2,'App\\Models\\Tenant\\User','179.6.26.113','WebKit','desktop','Windows','10.0','Chrome','149.0.0.0',NULL,NULL,NULL,'{\"country_name\":\"Peru\",\"country_code\":\"PE\",\"region_code\":\"LMA\",\"region_name\":\"Lima Province\",\"city_name\":\"Lima\",\"latitude\":\"-12.046\",\"longitude\":\"-77.0305\",\"timezone\":\"America\\/Lima\"}','2026-07-08 04:28:00','2026-07-08 04:28:00'),(25,2,'logout','2026-07-08','04:28:11',2,'App\\Models\\Tenant\\User','179.6.26.113','WebKit','desktop','Windows','10.0','Chrome','149.0.0.0',NULL,NULL,NULL,'{\"country_name\":\"Peru\",\"country_code\":\"PE\",\"region_code\":\"LMA\",\"region_name\":\"Lima Province\",\"city_name\":\"Lima\",\"latitude\":\"-12.046\",\"longitude\":\"-77.0305\",\"timezone\":\"America\\/Lima\"}','2026-07-08 04:28:11','2026-07-08 04:28:11'),(26,1,'login','2026-07-08','04:28:15',1,'App\\Models\\Tenant\\User','179.6.26.113','WebKit','desktop','Windows','10.0','Chrome','149.0.0.0',NULL,NULL,NULL,'{\"country_name\":\"Peru\",\"country_code\":\"PE\",\"region_code\":\"LMA\",\"region_name\":\"Lima Province\",\"city_name\":\"Lima\",\"latitude\":\"-12.046\",\"longitude\":\"-77.0305\",\"timezone\":\"America\\/Lima\"}','2026-07-08 04:28:15','2026-07-08 04:28:15'),(27,3,'login','2026-07-08','07:05:33',3,'App\\Models\\Tenant\\User','38.250.151.142','WebKit','desktop','Windows','10.0','Chrome','149.0.0.0',NULL,NULL,NULL,'{\"country_name\":\"Peru\",\"country_code\":\"PE\",\"region_code\":\"SAM\",\"region_name\":\"San Mart\\u00edn Department\",\"city_name\":\"Moyobamba\",\"latitude\":\"-6.0347\",\"longitude\":\"-76.9748\",\"timezone\":\"America\\/Lima\"}','2026-07-08 07:05:33','2026-07-08 07:05:33'),(28,3,'module_access_error','2026-07-08','07:05:33',3,'App\\Models\\Tenant\\User','38.250.151.142','WebKit','desktop','Windows','10.0','Chrome','149.0.0.0',NULL,'documents',NULL,'{\"country_name\":\"Peru\",\"country_code\":\"PE\",\"region_code\":\"SAM\",\"region_name\":\"San Mart\\u00edn Department\",\"city_name\":\"Moyobamba\",\"latitude\":\"-6.0347\",\"longitude\":\"-76.9748\",\"timezone\":\"America\\/Lima\"}','2026-07-08 07:05:33','2026-07-08 07:05:33'),(29,3,'module_access_error','2026-07-08','07:05:46',3,'App\\Models\\Tenant\\User','38.250.151.142','WebKit','desktop','Windows','10.0','Chrome','149.0.0.0',NULL,'documents',NULL,'{\"country_name\":\"Peru\",\"country_code\":\"PE\",\"region_code\":\"SAM\",\"region_name\":\"San Mart\\u00edn Department\",\"city_name\":\"Moyobamba\",\"latitude\":\"-6.0347\",\"longitude\":\"-76.9748\",\"timezone\":\"America\\/Lima\"}','2026-07-08 07:05:46','2026-07-08 07:05:46'),(30,2,'login','2026-07-08','07:32:50',2,'App\\Models\\Tenant\\User','38.250.151.142','iPhone','phone','iOS','18_3_1','Safari','18.3',NULL,NULL,NULL,'{\"country_name\":\"Peru\",\"country_code\":\"PE\",\"region_code\":\"SAM\",\"region_name\":\"San Mart\\u00edn Department\",\"city_name\":\"Moyobamba\",\"latitude\":\"-6.0347\",\"longitude\":\"-76.9748\",\"timezone\":\"America\\/Lima\"}','2026-07-08 07:32:50','2026-07-08 07:32:50'),(31,2,'logout','2026-07-08','07:33:43',2,'App\\Models\\Tenant\\User','38.250.151.142','iPhone','phone','iOS','18_3_1','Safari','18.3',NULL,NULL,NULL,'{\"country_name\":\"Peru\",\"country_code\":\"PE\",\"region_code\":\"SAM\",\"region_name\":\"San Mart\\u00edn Department\",\"city_name\":\"Moyobamba\",\"latitude\":\"-6.0347\",\"longitude\":\"-76.9748\",\"timezone\":\"America\\/Lima\"}','2026-07-08 07:33:43','2026-07-08 07:33:43'),(32,3,'module_access_error','2026-07-08','11:03:16',3,'App\\Models\\Tenant\\User','38.250.151.142','WebKit','desktop','Windows','10.0','Chrome','149.0.0.0',NULL,'documents',NULL,'{\"country_name\":\"Peru\",\"country_code\":\"PE\",\"region_code\":\"SAM\",\"region_name\":\"San Mart\\u00edn Department\",\"city_name\":\"Moyobamba\",\"latitude\":\"-6.0347\",\"longitude\":\"-76.9748\",\"timezone\":\"America\\/Lima\"}','2026-07-08 11:03:16','2026-07-08 11:03:16'),(33,1,'logout','2026-07-08','11:25:02',1,'App\\Models\\Tenant\\User','179.6.26.113','WebKit','desktop','Windows','10.0','Chrome','149.0.0.0',NULL,NULL,NULL,'{\"country_name\":\"Peru\",\"country_code\":\"PE\",\"region_code\":\"LMA\",\"region_name\":\"Lima Province\",\"city_name\":\"Lima\",\"latitude\":\"-12.046\",\"longitude\":\"-77.0305\",\"timezone\":\"America\\/Lima\"}','2026-07-08 11:25:02','2026-07-08 11:25:02'),(34,2,'login','2026-07-08','11:25:08',2,'App\\Models\\Tenant\\User','179.6.26.113','WebKit','desktop','Windows','10.0','Chrome','149.0.0.0',NULL,NULL,NULL,'{\"country_name\":\"Peru\",\"country_code\":\"PE\",\"region_code\":\"LMA\",\"region_name\":\"Lima Province\",\"city_name\":\"Lima\",\"latitude\":\"-12.046\",\"longitude\":\"-77.0305\",\"timezone\":\"America\\/Lima\"}','2026-07-08 11:25:08','2026-07-08 11:25:08'),(35,2,'login','2026-07-08','11:35:25',2,'App\\Models\\Tenant\\User','38.250.151.142','WebKit','desktop','Windows','10.0','Chrome','149.0.0.0',NULL,NULL,NULL,'{\"country_name\":\"Peru\",\"country_code\":\"PE\",\"region_code\":\"SAM\",\"region_name\":\"San Mart\\u00edn Department\",\"city_name\":\"Moyobamba\",\"latitude\":\"-6.0347\",\"longitude\":\"-76.9748\",\"timezone\":\"America\\/Lima\"}','2026-07-08 11:35:25','2026-07-08 11:35:25'),(36,3,'login','2026-07-08','12:44:35',3,'App\\Models\\Tenant\\User','38.250.151.142','WebKit','desktop','Windows','10.0','Chrome','149.0.0.0',NULL,NULL,NULL,'{\"country_name\":\"Peru\",\"country_code\":\"PE\",\"region_code\":\"SAM\",\"region_name\":\"San Mart\\u00edn Department\",\"city_name\":\"Moyobamba\",\"latitude\":\"-6.0347\",\"longitude\":\"-76.9748\",\"timezone\":\"America\\/Lima\"}','2026-07-08 12:44:35','2026-07-08 12:44:35'),(37,3,'logout','2026-07-08','14:27:57',3,'App\\Models\\Tenant\\User','38.250.151.142','WebKit','desktop','Windows','10.0','Chrome','149.0.0.0',NULL,NULL,NULL,'{\"country_name\":\"Peru\",\"country_code\":\"PE\",\"region_code\":\"SAM\",\"region_name\":\"San Mart\\u00edn Department\",\"city_name\":\"Moyobamba\",\"latitude\":\"-6.0347\",\"longitude\":\"-76.9748\",\"timezone\":\"America\\/Lima\"}','2026-07-08 14:27:57','2026-07-08 14:27:57'),(38,4,'login','2026-07-08','14:28:24',4,'App\\Models\\Tenant\\User','38.250.151.142','WebKit','desktop','Windows','10.0','Chrome','149.0.0.0',NULL,NULL,NULL,'{\"country_name\":\"Peru\",\"country_code\":\"PE\",\"region_code\":\"SAM\",\"region_name\":\"San Mart\\u00edn Department\",\"city_name\":\"Moyobamba\",\"latitude\":\"-6.0347\",\"longitude\":\"-76.9748\",\"timezone\":\"America\\/Lima\"}','2026-07-08 14:28:24','2026-07-08 14:28:24'),(39,4,'module_access_error','2026-07-08','14:28:45',4,'App\\Models\\Tenant\\User','38.250.151.142','WebKit','desktop','Windows','10.0','Chrome','149.0.0.0',NULL,'pos',NULL,'{\"country_name\":\"Peru\",\"country_code\":\"PE\",\"region_code\":\"SAM\",\"region_name\":\"San Mart\\u00edn Department\",\"city_name\":\"Moyobamba\",\"latitude\":\"-6.0347\",\"longitude\":\"-76.9748\",\"timezone\":\"America\\/Lima\"}','2026-07-08 14:28:45','2026-07-08 14:28:45'),(40,4,'module_access_error','2026-07-08','14:51:01',4,'App\\Models\\Tenant\\User','38.250.151.142','WebKit','desktop','Windows','10.0','Chrome','149.0.0.0',NULL,'pos',NULL,'{\"country_name\":\"Peru\",\"country_code\":\"PE\",\"region_code\":\"SAM\",\"region_name\":\"San Mart\\u00edn Department\",\"city_name\":\"Moyobamba\",\"latitude\":\"-6.0347\",\"longitude\":\"-76.9748\",\"timezone\":\"America\\/Lima\"}','2026-07-08 14:51:01','2026-07-08 14:51:01'),(41,1,'login','2026-07-08','15:03:12',1,'App\\Models\\Tenant\\User','179.6.26.113','WebKit','desktop','Windows','10.0','Chrome','149.0.0.0',NULL,NULL,NULL,'{\"country_name\":\"Peru\",\"country_code\":\"PE\",\"region_code\":\"LMA\",\"region_name\":\"Lima Province\",\"city_name\":\"Lima\",\"latitude\":\"-12.046\",\"longitude\":\"-77.0305\",\"timezone\":\"America\\/Lima\"}','2026-07-08 15:03:12','2026-07-08 15:03:12'),(42,4,'module_access_error','2026-07-08','15:17:58',4,'App\\Models\\Tenant\\User','38.250.151.142','WebKit','desktop','Windows','10.0','Chrome','149.0.0.0',NULL,'documents/create',NULL,'{\"country_name\":\"Peru\",\"country_code\":\"PE\",\"region_code\":\"SAM\",\"region_name\":\"San Mart\\u00edn Department\",\"city_name\":\"Moyobamba\",\"latitude\":\"-6.0347\",\"longitude\":\"-76.9748\",\"timezone\":\"America\\/Lima\"}','2026-07-08 15:17:58','2026-07-08 15:17:58'),(43,2,'login','2026-07-08','16:53:29',2,'App\\Models\\Tenant\\User','38.250.151.142','iPhone','phone','iOS','18_3_1','Safari','18.3',NULL,NULL,NULL,'{\"country_name\":\"Peru\",\"country_code\":\"PE\",\"region_code\":\"SAM\",\"region_name\":\"San Mart\\u00edn Department\",\"city_name\":\"Moyobamba\",\"latitude\":\"-6.0347\",\"longitude\":\"-76.9748\",\"timezone\":\"America\\/Lima\"}','2026-07-08 16:53:29','2026-07-08 16:53:29'),(44,2,'login','2026-07-08','17:47:44',2,'App\\Models\\Tenant\\User','179.6.26.113','WebKit','desktop','Windows','10.0','Chrome','149.0.0.0',NULL,NULL,NULL,'{\"country_name\":\"Peru\",\"country_code\":\"PE\",\"region_code\":\"LMA\",\"region_name\":\"Lima Province\",\"city_name\":\"Lima\",\"latitude\":\"-12.046\",\"longitude\":\"-77.0305\",\"timezone\":\"America\\/Lima\"}','2026-07-08 17:47:44','2026-07-08 17:47:44'),(45,2,'login','2026-07-08','20:57:56',2,'App\\Models\\Tenant\\User','190.237.178.40','WebKit','phone','AndroidOS','10','Chrome','134.0.0.0',NULL,NULL,NULL,'{\"country_name\":\"Peru\",\"country_code\":\"PE\",\"region_code\":\"LAL\",\"region_name\":\"La Libertad\",\"city_name\":\"La Esperanza\",\"latitude\":\"-8.0764\",\"longitude\":\"-79.0437\",\"timezone\":\"America\\/Lima\"}','2026-07-08 20:57:56','2026-07-08 20:57:56'),(46,4,'login','2026-07-09','08:12:09',4,'App\\Models\\Tenant\\User','38.250.151.150','WebKit','desktop','Windows','10.0','Chrome','150.0.0.0',NULL,NULL,NULL,'{\"country_name\":\"Peru\",\"country_code\":\"PE\",\"region_code\":\"SAM\",\"region_name\":\"San Mart\\u00edn Department\",\"city_name\":\"Moyobamba\",\"latitude\":\"-6.0347\",\"longitude\":\"-76.9748\",\"timezone\":\"America\\/Lima\"}','2026-07-09 08:12:09','2026-07-09 08:12:09'),(47,4,'module_access_error','2026-07-09','08:12:10',4,'App\\Models\\Tenant\\User','38.250.151.150','WebKit','desktop','Windows','10.0','Chrome','150.0.0.0',NULL,'documents',NULL,'{\"country_name\":\"Peru\",\"country_code\":\"PE\",\"region_code\":\"SAM\",\"region_name\":\"San Mart\\u00edn Department\",\"city_name\":\"Moyobamba\",\"latitude\":\"-6.0347\",\"longitude\":\"-76.9748\",\"timezone\":\"America\\/Lima\"}','2026-07-09 08:12:10','2026-07-09 08:12:10'),(48,4,'module_access_error','2026-07-09','10:27:07',4,'App\\Models\\Tenant\\User','38.250.151.134','WebKit','desktop','Windows','10.0','Chrome','150.0.0.0',NULL,'documents',NULL,'{\"country_name\":\"Peru\",\"country_code\":\"PE\",\"region_code\":\"SAM\",\"region_name\":\"San Mart\\u00edn Department\",\"city_name\":\"Moyobamba\",\"latitude\":\"-6.0347\",\"longitude\":\"-76.9748\",\"timezone\":\"America\\/Lima\"}','2026-07-09 10:27:07','2026-07-09 10:27:07'),(49,2,'login','2026-07-09','13:39:20',2,'App\\Models\\Tenant\\User','38.250.151.134','WebKit','phone','AndroidOS','10','Chrome','134.0.0.0',NULL,NULL,NULL,'{\"country_name\":\"Peru\",\"country_code\":\"PE\",\"region_code\":\"SAM\",\"region_name\":\"San Mart\\u00edn Department\",\"city_name\":\"Moyobamba\",\"latitude\":\"-6.0347\",\"longitude\":\"-76.9748\",\"timezone\":\"America\\/Lima\"}','2026-07-09 13:39:20','2026-07-09 13:39:20'),(50,4,'logout','2026-07-09','14:08:19',4,'App\\Models\\Tenant\\User','38.250.151.134','WebKit','desktop','Windows','10.0','Chrome','150.0.0.0',NULL,NULL,NULL,'{\"country_name\":\"Peru\",\"country_code\":\"PE\",\"region_code\":\"SAM\",\"region_name\":\"San Mart\\u00edn Department\",\"city_name\":\"Moyobamba\",\"latitude\":\"-6.0347\",\"longitude\":\"-76.9748\",\"timezone\":\"America\\/Lima\"}','2026-07-09 14:08:19','2026-07-09 14:08:19'),(51,3,'login','2026-07-09','14:08:45',3,'App\\Models\\Tenant\\User','38.250.151.134','WebKit','desktop','Windows','10.0','Chrome','150.0.0.0',NULL,NULL,NULL,'{\"country_name\":\"Peru\",\"country_code\":\"PE\",\"region_code\":\"SAM\",\"region_name\":\"San Mart\\u00edn Department\",\"city_name\":\"Moyobamba\",\"latitude\":\"-6.0347\",\"longitude\":\"-76.9748\",\"timezone\":\"America\\/Lima\"}','2026-07-09 14:08:45','2026-07-09 14:08:45'),(52,3,'module_access_error','2026-07-09','14:08:45',3,'App\\Models\\Tenant\\User','38.250.151.134','WebKit','desktop','Windows','10.0','Chrome','150.0.0.0',NULL,'documents',NULL,'{\"country_name\":\"Peru\",\"country_code\":\"PE\",\"region_code\":\"SAM\",\"region_name\":\"San Mart\\u00edn Department\",\"city_name\":\"Moyobamba\",\"latitude\":\"-6.0347\",\"longitude\":\"-76.9748\",\"timezone\":\"America\\/Lima\"}','2026-07-09 14:08:45','2026-07-09 14:08:45'),(53,1,'login','2026-07-09','22:41:26',1,'App\\Models\\Tenant\\User','179.6.26.113','WebKit','desktop','Windows','10.0','Chrome','150.0.0.0',NULL,NULL,NULL,'{\"country_name\":\"Peru\",\"country_code\":\"PE\",\"region_code\":\"LMA\",\"region_name\":\"Lima Province\",\"city_name\":\"Lima\",\"latitude\":\"-12.046\",\"longitude\":\"-77.0305\",\"timezone\":\"America\\/Lima\"}','2026-07-09 22:41:26','2026-07-09 22:41:26'),(54,1,'companies_soap_type_id','2026-07-09','22:41:46',1,'App\\Models\\Tenant\\Company','179.6.26.113','WebKit','desktop','Windows','10.0','Chrome','150.0.0.0',NULL,NULL,NULL,'{\"country_name\":\"Peru\",\"country_code\":\"PE\",\"region_code\":\"LMA\",\"region_name\":\"Lima Province\",\"city_name\":\"Lima\",\"latitude\":\"-12.046\",\"longitude\":\"-77.0305\",\"timezone\":\"America\\/Lima\"}','2026-07-09 22:41:46','2026-07-09 22:41:46'),(55,1,'companies_soap_username','2026-07-09','22:41:46',1,'App\\Models\\Tenant\\Company','179.6.26.113','WebKit','desktop','Windows','10.0','Chrome','150.0.0.0',NULL,NULL,NULL,'{\"country_name\":\"Peru\",\"country_code\":\"PE\",\"region_code\":\"LMA\",\"region_name\":\"Lima Province\",\"city_name\":\"Lima\",\"latitude\":\"-12.046\",\"longitude\":\"-77.0305\",\"timezone\":\"America\\/Lima\"}','2026-07-09 22:41:46','2026-07-09 22:41:46'),(56,1,'companies_soap_password','2026-07-09','22:41:46',1,'App\\Models\\Tenant\\Company','179.6.26.113','WebKit','desktop','Windows','10.0','Chrome','150.0.0.0',NULL,NULL,NULL,'{\"country_name\":\"Peru\",\"country_code\":\"PE\",\"region_code\":\"LMA\",\"region_name\":\"Lima Province\",\"city_name\":\"Lima\",\"latitude\":\"-12.046\",\"longitude\":\"-77.0305\",\"timezone\":\"America\\/Lima\"}','2026-07-09 22:41:46','2026-07-09 22:41:46'),(57,3,'login','2026-07-10','07:06:04',3,'App\\Models\\Tenant\\User','38.250.151.155','WebKit','desktop','Windows','10.0','Chrome','150.0.0.0',NULL,NULL,NULL,'{\"country_name\":\"Peru\",\"country_code\":\"PE\",\"region_code\":\"SAM\",\"region_name\":\"San Mart\\u00edn Department\",\"city_name\":\"Moyobamba\",\"latitude\":\"-6.0347\",\"longitude\":\"-76.9748\",\"timezone\":\"America\\/Lima\"}','2026-07-10 07:06:04','2026-07-10 07:06:04'),(58,3,'module_access_error','2026-07-10','07:06:04',3,'App\\Models\\Tenant\\User','38.250.151.155','WebKit','desktop','Windows','10.0','Chrome','150.0.0.0',NULL,'documents',NULL,'{\"country_name\":\"Peru\",\"country_code\":\"PE\",\"region_code\":\"SAM\",\"region_name\":\"San Mart\\u00edn Department\",\"city_name\":\"Moyobamba\",\"latitude\":\"-6.0347\",\"longitude\":\"-76.9748\",\"timezone\":\"America\\/Lima\"}','2026-07-10 07:06:04','2026-07-10 07:06:04'),(59,2,'login','2026-07-10','08:03:24',2,'App\\Models\\Tenant\\User','190.232.53.221','iPhone','phone','iOS','18_3_1','Safari','18.3',NULL,NULL,NULL,'{\"country_name\":\"Peru\",\"country_code\":\"PE\",\"region_code\":\"LAL\",\"region_name\":\"La Libertad\",\"city_name\":\"Trujillo\",\"latitude\":\"-8.1191\",\"longitude\":\"-79.0355\",\"timezone\":\"America\\/Lima\"}','2026-07-10 08:03:24','2026-07-10 08:03:24'),(60,2,'login','2026-07-10','08:29:58',2,'App\\Models\\Tenant\\User','38.250.151.155','WebKit','desktop','Windows','10.0','Chrome','150.0.0.0',NULL,NULL,NULL,'{\"country_name\":\"Peru\",\"country_code\":\"PE\",\"region_code\":\"SAM\",\"region_name\":\"San Mart\\u00edn Department\",\"city_name\":\"Moyobamba\",\"latitude\":\"-6.0347\",\"longitude\":\"-76.9748\",\"timezone\":\"America\\/Lima\"}','2026-07-10 08:29:58','2026-07-10 08:29:58'),(61,1,'login','2026-07-10','08:56:34',1,'App\\Models\\Tenant\\User','179.6.26.113','WebKit','desktop','Windows','10.0','Chrome','150.0.0.0',NULL,NULL,NULL,'{\"country_name\":\"Peru\",\"country_code\":\"PE\",\"region_code\":\"LMA\",\"region_name\":\"Lima Province\",\"city_name\":\"Lima\",\"latitude\":\"-12.046\",\"longitude\":\"-77.0305\",\"timezone\":\"America\\/Lima\"}','2026-07-10 08:56:34','2026-07-10 08:56:34'),(62,2,'inventory_created','2026-07-10','10:00:43',1732,'Modules\\Inventory\\Models\\Inventory','172.18.0.1','WebKit','desktop','Windows','10.0','Chrome','150.0.0.0',NULL,'items',NULL,NULL,'2026-07-10 10:00:43','2026-07-10 10:00:43'),(63,2,'login','2026-07-10','12:34:42',2,'App\\Models\\Tenant\\User','38.250.151.155','WebKit','phone','AndroidOS','10','Chrome','134.0.0.0',NULL,NULL,NULL,'{\"country_name\":\"Peru\",\"country_code\":\"PE\",\"region_code\":\"SAM\",\"region_name\":\"San Mart\\u00edn Department\",\"city_name\":\"Moyobamba\",\"latitude\":\"-6.0347\",\"longitude\":\"-76.9748\",\"timezone\":\"America\\/Lima\"}','2026-07-10 12:34:42','2026-07-10 12:34:42'),(64,3,'logout','2026-07-10','14:06:10',3,'App\\Models\\Tenant\\User','38.250.151.155','WebKit','desktop','Windows','10.0','Chrome','150.0.0.0',NULL,NULL,NULL,'{\"country_name\":\"Peru\",\"country_code\":\"PE\",\"region_code\":\"SAM\",\"region_name\":\"San Mart\\u00edn Department\",\"city_name\":\"Moyobamba\",\"latitude\":\"-6.0347\",\"longitude\":\"-76.9748\",\"timezone\":\"America\\/Lima\"}','2026-07-10 14:06:10','2026-07-10 14:06:10'),(65,NULL,'failed','2026-07-10','14:06:33',NULL,NULL,'38.250.151.155','WebKit','desktop','Windows','10.0','Chrome','150.0.0.0',NULL,NULL,NULL,'{\"country_name\":\"Peru\",\"country_code\":\"PE\",\"region_code\":\"SAM\",\"region_name\":\"San Mart\\u00edn Department\",\"city_name\":\"Moyobamba\",\"latitude\":\"-6.0347\",\"longitude\":\"-76.9748\",\"timezone\":\"America\\/Lima\"}','2026-07-10 14:06:33','2026-07-10 14:06:33'),(66,4,'login','2026-07-10','14:07:00',4,'App\\Models\\Tenant\\User','38.250.151.155','WebKit','desktop','Windows','10.0','Chrome','150.0.0.0',NULL,NULL,NULL,'{\"country_name\":\"Peru\",\"country_code\":\"PE\",\"region_code\":\"SAM\",\"region_name\":\"San Mart\\u00edn Department\",\"city_name\":\"Moyobamba\",\"latitude\":\"-6.0347\",\"longitude\":\"-76.9748\",\"timezone\":\"America\\/Lima\"}','2026-07-10 14:07:00','2026-07-10 14:07:00'),(67,4,'module_access_error','2026-07-10','14:07:01',4,'App\\Models\\Tenant\\User','38.250.151.155','WebKit','desktop','Windows','10.0','Chrome','150.0.0.0',NULL,'documents',NULL,'{\"country_name\":\"Peru\",\"country_code\":\"PE\",\"region_code\":\"SAM\",\"region_name\":\"San Mart\\u00edn Department\",\"city_name\":\"Moyobamba\",\"latitude\":\"-6.0347\",\"longitude\":\"-76.9748\",\"timezone\":\"America\\/Lima\"}','2026-07-10 14:07:01','2026-07-10 14:07:01'),(68,2,'inventory_created','2026-07-10','14:36:14',1733,'Modules\\Inventory\\Models\\Inventory','172.18.0.1','WebKit','desktop','Windows','10.0','Chrome','150.0.0.0',NULL,'items',NULL,NULL,'2026-07-10 14:36:14','2026-07-10 14:36:14'),(69,2,'inventory_created','2026-07-10','15:01:34',1734,'Modules\\Inventory\\Models\\Inventory','172.18.0.1','WebKit','desktop','Windows','10.0','Chrome','150.0.0.0',NULL,'inventory/transaction',NULL,NULL,'2026-07-10 15:01:34','2026-07-10 15:01:34'),(70,2,'inventory_created','2026-07-10','16:29:11',1735,'Modules\\Inventory\\Models\\Inventory','172.18.0.1','WebKit','desktop','Windows','10.0','Chrome','150.0.0.0',NULL,'inventory/transaction',NULL,NULL,'2026-07-10 16:29:11','2026-07-10 16:29:11'),(71,2,'inventory_created','2026-07-10','16:43:13',1736,'Modules\\Inventory\\Models\\Inventory','172.18.0.1','WebKit','desktop','Windows','10.0','Chrome','150.0.0.0',NULL,'items',NULL,NULL,'2026-07-10 16:43:13','2026-07-10 16:43:13'),(72,2,'inventory_created','2026-07-10','16:53:28',1737,'Modules\\Inventory\\Models\\Inventory','172.18.0.1','WebKit','desktop','Windows','10.0','Chrome','150.0.0.0',NULL,'inventory/transaction',NULL,NULL,'2026-07-10 16:53:28','2026-07-10 16:53:28'),(73,2,'inventory_created','2026-07-10','16:56:04',1738,'Modules\\Inventory\\Models\\Inventory','172.18.0.1','WebKit','desktop','Windows','10.0','Chrome','150.0.0.0',NULL,'inventory/transaction',NULL,NULL,'2026-07-10 16:56:04','2026-07-10 16:56:04'),(74,2,'inventory_created','2026-07-10','17:00:10',1739,'Modules\\Inventory\\Models\\Inventory','172.18.0.1','WebKit','desktop','Windows','10.0','Chrome','150.0.0.0',NULL,'inventory/transaction',NULL,NULL,'2026-07-10 17:00:10','2026-07-10 17:00:10'),(75,2,'inventory_created','2026-07-10','17:00:40',1740,'Modules\\Inventory\\Models\\Inventory','172.18.0.1','WebKit','desktop','Windows','10.0','Chrome','150.0.0.0',NULL,'inventory/transaction',NULL,NULL,'2026-07-10 17:00:40','2026-07-10 17:00:40'),(76,2,'inventory_created','2026-07-10','17:01:59',1741,'Modules\\Inventory\\Models\\Inventory','172.18.0.1','WebKit','desktop','Windows','10.0','Chrome','150.0.0.0',NULL,'inventory/transaction',NULL,NULL,'2026-07-10 17:01:59','2026-07-10 17:01:59'),(77,2,'inventory_created','2026-07-10','17:12:15',1742,'Modules\\Inventory\\Models\\Inventory','172.18.0.1','WebKit','desktop','Windows','10.0','Chrome','150.0.0.0',NULL,'inventory/transaction',NULL,NULL,'2026-07-10 17:12:15','2026-07-10 17:12:15'),(78,2,'inventory_created','2026-07-10','17:17:40',1743,'Modules\\Inventory\\Models\\Inventory','172.18.0.1','WebKit','desktop','Windows','10.0','Chrome','150.0.0.0',NULL,'inventory/transaction',NULL,NULL,'2026-07-10 17:17:40','2026-07-10 17:17:40'),(79,2,'inventory_created','2026-07-10','17:18:25',1744,'Modules\\Inventory\\Models\\Inventory','172.18.0.1','WebKit','desktop','Windows','10.0','Chrome','150.0.0.0',NULL,'inventory/transaction',NULL,NULL,'2026-07-10 17:18:25','2026-07-10 17:18:25'),(80,2,'logout','2026-07-10','17:29:54',2,'App\\Models\\Tenant\\User','38.250.151.155','WebKit','desktop','Windows','10.0','Chrome','150.0.0.0',NULL,NULL,NULL,'{\"country_name\":\"Peru\",\"country_code\":\"PE\",\"region_code\":\"SAM\",\"region_name\":\"San Mart\\u00edn Department\",\"city_name\":\"Moyobamba\",\"latitude\":\"-6.0347\",\"longitude\":\"-76.9748\",\"timezone\":\"America\\/Lima\"}','2026-07-10 17:29:54','2026-07-10 17:29:54'),(81,1,'login','2026-07-10','18:08:53',1,'App\\Models\\Tenant\\User','179.6.26.113','WebKit','desktop','Windows','10.0','Chrome','150.0.0.0',NULL,NULL,NULL,'{\"country_name\":\"Peru\",\"country_code\":\"PE\",\"region_code\":\"LMA\",\"region_name\":\"Lima Province\",\"city_name\":\"Lima\",\"latitude\":\"-12.046\",\"longitude\":\"-77.0305\",\"timezone\":\"America\\/Lima\"}','2026-07-10 18:08:53','2026-07-10 18:08:53'),(82,1,'login','2026-07-10','19:28:53',1,'App\\Models\\Tenant\\User',NULL,'0','desktop','0','0','0','0',NULL,NULL,NULL,NULL,'2026-07-10 19:28:53','2026-07-10 19:28:53'),(83,2,'login','2026-07-10','19:31:07',2,'App\\Models\\Tenant\\User',NULL,'0','desktop','0','0','0','0',NULL,NULL,NULL,NULL,'2026-07-10 19:31:07','2026-07-10 19:31:07'),(84,1,'login','2026-07-10','19:40:16',1,'App\\Models\\Tenant\\User',NULL,'0','desktop','0','0','0','0',NULL,NULL,NULL,NULL,'2026-07-10 19:40:16','2026-07-10 19:40:16'),(85,1,'logout','2026-07-10','19:42:17',1,'App\\Models\\Tenant\\User','179.6.26.113','WebKit','desktop','Windows','10.0','Chrome','150.0.0.0',NULL,NULL,NULL,'{\"country_name\":\"Peru\",\"country_code\":\"PE\",\"region_code\":\"LMA\",\"region_name\":\"Lima Province\",\"city_name\":\"Lima\",\"latitude\":\"-12.046\",\"longitude\":\"-77.0305\",\"timezone\":\"America\\/Lima\"}','2026-07-10 19:42:17','2026-07-10 19:42:17'),(86,1,'login','2026-07-10','19:42:21',1,'App\\Models\\Tenant\\User','179.6.26.113','WebKit','desktop','Windows','10.0','Chrome','150.0.0.0',NULL,NULL,NULL,'{\"country_name\":\"Peru\",\"country_code\":\"PE\",\"region_code\":\"LMA\",\"region_name\":\"Lima Province\",\"city_name\":\"Lima\",\"latitude\":\"-12.046\",\"longitude\":\"-77.0305\",\"timezone\":\"America\\/Lima\"}','2026-07-10 19:42:21','2026-07-10 19:42:21'),(87,1,'login','2026-07-10','19:45:39',1,'App\\Models\\Tenant\\User','179.6.26.113','WebKit','desktop','Windows','10.0','Chrome','150.0.0.0',NULL,NULL,NULL,'{\"country_name\":\"Peru\",\"country_code\":\"PE\",\"region_code\":\"LMA\",\"region_name\":\"Lima Province\",\"city_name\":\"Lima\",\"latitude\":\"-12.046\",\"longitude\":\"-77.0305\",\"timezone\":\"America\\/Lima\"}','2026-07-10 19:45:39','2026-07-10 19:45:39'),(88,2,'login','2026-07-10','20:54:39',2,'App\\Models\\Tenant\\User','38.250.151.155','WebKit','phone','AndroidOS','10','Chrome','134.0.0.0',NULL,NULL,NULL,'{\"country_name\":\"Peru\",\"country_code\":\"PE\",\"region_code\":\"SAM\",\"region_name\":\"San Mart\\u00edn Department\",\"city_name\":\"Moyobamba\",\"latitude\":\"-6.0347\",\"longitude\":\"-76.9748\",\"timezone\":\"America\\/Lima\"}','2026-07-10 20:54:39','2026-07-10 20:54:39'),(89,4,'logout','2026-07-10','21:14:51',4,'App\\Models\\Tenant\\User','38.250.151.155','WebKit','desktop','Windows','10.0','Chrome','150.0.0.0',NULL,NULL,NULL,'{\"country_name\":\"Peru\",\"country_code\":\"PE\",\"region_code\":\"SAM\",\"region_name\":\"San Mart\\u00edn Department\",\"city_name\":\"Moyobamba\",\"latitude\":\"-6.0347\",\"longitude\":\"-76.9748\",\"timezone\":\"America\\/Lima\"}','2026-07-10 21:14:51','2026-07-10 21:14:51'),(90,1,'level_module_access_error','2026-07-10','22:45:50',1,'App\\Models\\Tenant\\User','179.6.26.113','WebKit','desktop','Windows','10.0','Chrome','150.0.0.0',NULL,'prescriptions/digemid/compliance',NULL,'{\"country_name\":\"Peru\",\"country_code\":\"PE\",\"region_code\":\"LMA\",\"region_name\":\"Lima Province\",\"city_name\":\"Lima\",\"latitude\":\"-12.046\",\"longitude\":\"-77.0305\",\"timezone\":\"America\\/Lima\"}','2026-07-10 22:45:50','2026-07-10 22:45:50'),(91,1,'level_module_access_error','2026-07-10','22:45:57',1,'App\\Models\\Tenant\\User','179.6.26.113','WebKit','desktop','Windows','10.0','Chrome','150.0.0.0',NULL,'prescriptions/digemid/compliance',NULL,'{\"country_name\":\"Peru\",\"country_code\":\"PE\",\"region_code\":\"LMA\",\"region_name\":\"Lima Province\",\"city_name\":\"Lima\",\"latitude\":\"-12.046\",\"longitude\":\"-77.0305\",\"timezone\":\"America\\/Lima\"}','2026-07-10 22:45:57','2026-07-10 22:45:57'),(92,4,'login','2026-07-11','07:14:52',4,'App\\Models\\Tenant\\User','38.250.151.155','WebKit','desktop','Windows','10.0','Chrome','150.0.0.0',NULL,NULL,NULL,'{\"country_name\":\"Peru\",\"country_code\":\"PE\",\"region_code\":\"SAM\",\"region_name\":\"San Mart\\u00edn Department\",\"city_name\":\"Moyobamba\",\"latitude\":\"-6.0347\",\"longitude\":\"-76.9748\",\"timezone\":\"America\\/Lima\"}','2026-07-11 07:14:52','2026-07-11 07:14:52'),(93,4,'module_access_error','2026-07-11','07:14:53',4,'App\\Models\\Tenant\\User','38.250.151.155','WebKit','desktop','Windows','10.0','Chrome','150.0.0.0',NULL,'documents',NULL,'{\"country_name\":\"Peru\",\"country_code\":\"PE\",\"region_code\":\"SAM\",\"region_name\":\"San Mart\\u00edn Department\",\"city_name\":\"Moyobamba\",\"latitude\":\"-6.0347\",\"longitude\":\"-76.9748\",\"timezone\":\"America\\/Lima\"}','2026-07-11 07:14:53','2026-07-11 07:14:53'),(94,2,'login','2026-07-11','08:31:31',2,'App\\Models\\Tenant\\User','38.250.151.155','WebKit','desktop','Windows','10.0','Chrome','150.0.0.0',NULL,NULL,NULL,'{\"country_name\":\"Peru\",\"country_code\":\"PE\",\"region_code\":\"SAM\",\"region_name\":\"San Mart\\u00edn Department\",\"city_name\":\"Moyobamba\",\"latitude\":\"-6.0347\",\"longitude\":\"-76.9748\",\"timezone\":\"America\\/Lima\"}','2026-07-11 08:31:31','2026-07-11 08:31:31'),(95,2,'inventory_created','2026-07-11','08:46:45',1745,'Modules\\Inventory\\Models\\Inventory','172.18.0.1','WebKit','desktop','Windows','10.0','Chrome','150.0.0.0',NULL,'items',NULL,NULL,'2026-07-11 08:46:45','2026-07-11 08:46:45'),(96,2,'inventory_created','2026-07-11','10:26:17',1746,'Modules\\Inventory\\Models\\Inventory','172.18.0.1','WebKit','desktop','Windows','10.0','Chrome','150.0.0.0',NULL,'items',NULL,NULL,'2026-07-11 10:26:17','2026-07-11 10:26:17'),(97,2,'inventory_created','2026-07-11','10:39:38',1747,'Modules\\Inventory\\Models\\Inventory','172.18.0.1','WebKit','desktop','Windows','10.0','Chrome','150.0.0.0',NULL,'items',NULL,NULL,'2026-07-11 10:39:38','2026-07-11 10:39:38'),(98,2,'inventory_created','2026-07-11','10:55:06',1748,'Modules\\Inventory\\Models\\Inventory','172.18.0.1','WebKit','desktop','Windows','10.0','Chrome','150.0.0.0',NULL,'items',NULL,NULL,'2026-07-11 10:55:06','2026-07-11 10:55:06'),(99,2,'inventory_created','2026-07-11','11:08:02',1749,'Modules\\Inventory\\Models\\Inventory','172.18.0.1','WebKit','desktop','Windows','10.0','Chrome','150.0.0.0',NULL,'items',NULL,NULL,'2026-07-11 11:08:02','2026-07-11 11:08:02'),(100,2,'inventory_created','2026-07-11','11:36:38',1750,'Modules\\Inventory\\Models\\Inventory','172.18.0.1','WebKit','desktop','Windows','10.0','Chrome','150.0.0.0',NULL,'items',NULL,NULL,'2026-07-11 11:36:38','2026-07-11 11:36:38'),(101,2,'inventory_created','2026-07-11','12:11:58',1751,'Modules\\Inventory\\Models\\Inventory','172.18.0.1','WebKit','desktop','Windows','10.0','Chrome','150.0.0.0',NULL,'items',NULL,NULL,'2026-07-11 12:11:58','2026-07-11 12:11:58'),(102,2,'login','2026-07-11','12:35:32',2,'App\\Models\\Tenant\\User','38.250.151.155','WebKit','phone','AndroidOS','10','Chrome','134.0.0.0',NULL,NULL,NULL,'{\"country_name\":\"Peru\",\"country_code\":\"PE\",\"region_code\":\"SAM\",\"region_name\":\"San Mart\\u00edn Department\",\"city_name\":\"Moyobamba\",\"latitude\":\"-6.0347\",\"longitude\":\"-76.9748\",\"timezone\":\"America\\/Lima\"}','2026-07-11 12:35:32','2026-07-11 12:35:32'),(103,2,'inventory_created','2026-07-11','13:12:08',1752,'Modules\\Inventory\\Models\\Inventory','172.18.0.1','WebKit','desktop','Windows','10.0','Chrome','150.0.0.0',NULL,'items',NULL,NULL,'2026-07-11 13:12:08','2026-07-11 13:12:08'),(104,2,'sale_note_voided','2026-07-11','14:07:13',87,'App\\Models\\Tenant\\SaleNote','172.18.0.1','WebKit','desktop','Windows','10.0','Chrome','150.0.0.0',NULL,'sale-notes/anulate/87',NULL,NULL,'2026-07-11 14:07:13','2026-07-11 14:07:13'),(105,2,'sale_note_voided','2026-07-11','14:07:44',81,'App\\Models\\Tenant\\SaleNote','172.18.0.1','WebKit','desktop','Windows','10.0','Chrome','150.0.0.0',NULL,'sale-notes/anulate/81',NULL,NULL,'2026-07-11 14:07:44','2026-07-11 14:07:44'),(106,4,'logout','2026-07-11','14:26:12',4,'App\\Models\\Tenant\\User','38.250.151.155','WebKit','desktop','Windows','10.0','Chrome','150.0.0.0',NULL,NULL,NULL,'{\"country_name\":\"Peru\",\"country_code\":\"PE\",\"region_code\":\"SAM\",\"region_name\":\"San Mart\\u00edn Department\",\"city_name\":\"Moyobamba\",\"latitude\":\"-6.0347\",\"longitude\":\"-76.9748\",\"timezone\":\"America\\/Lima\"}','2026-07-11 14:26:12','2026-07-11 14:26:12'),(107,3,'failed','2026-07-11','14:26:42',3,'App\\Models\\Tenant\\User','38.250.151.155','WebKit','desktop','Windows','10.0','Chrome','150.0.0.0',NULL,NULL,NULL,'{\"country_name\":\"Peru\",\"country_code\":\"PE\",\"region_code\":\"SAM\",\"region_name\":\"San Mart\\u00edn Department\",\"city_name\":\"Moyobamba\",\"latitude\":\"-6.0347\",\"longitude\":\"-76.9748\",\"timezone\":\"America\\/Lima\"}','2026-07-11 14:26:42','2026-07-11 14:26:42'),(108,3,'login','2026-07-11','14:27:54',3,'App\\Models\\Tenant\\User','38.250.151.155','WebKit','desktop','Windows','10.0','Chrome','150.0.0.0',NULL,NULL,NULL,'{\"country_name\":\"Peru\",\"country_code\":\"PE\",\"region_code\":\"SAM\",\"region_name\":\"San Mart\\u00edn Department\",\"city_name\":\"Moyobamba\",\"latitude\":\"-6.0347\",\"longitude\":\"-76.9748\",\"timezone\":\"America\\/Lima\"}','2026-07-11 14:27:54','2026-07-11 14:27:54'),(109,3,'module_access_error','2026-07-11','14:27:55',3,'App\\Models\\Tenant\\User','38.250.151.155','WebKit','desktop','Windows','10.0','Chrome','150.0.0.0',NULL,'documents',NULL,'{\"country_name\":\"Peru\",\"country_code\":\"PE\",\"region_code\":\"SAM\",\"region_name\":\"San Mart\\u00edn Department\",\"city_name\":\"Moyobamba\",\"latitude\":\"-6.0347\",\"longitude\":\"-76.9748\",\"timezone\":\"America\\/Lima\"}','2026-07-11 14:27:55','2026-07-11 14:27:55'),(110,2,'login','2026-07-11','20:35:20',2,'App\\Models\\Tenant\\User','190.238.86.15','iPhone','phone','iOS','18_3_1','Safari','18.3',NULL,NULL,NULL,'{\"country_name\":\"Peru\",\"country_code\":\"PE\",\"region_code\":\"SAM\",\"region_name\":\"San Mart\\u00edn Department\",\"city_name\":\"Pinto Recodo\",\"latitude\":\"-6.37945\",\"longitude\":\"-76.6043\",\"timezone\":\"America\\/Lima\"}','2026-07-11 20:35:20','2026-07-11 20:35:20'),(111,2,'login','2026-07-11','20:44:00',2,'App\\Models\\Tenant\\User','179.6.80.102','WebKit','desktop','Windows','10.0','Chrome','149.0.0.0',NULL,NULL,NULL,'{\"country_name\":\"Peru\",\"country_code\":\"PE\",\"region_code\":\"LAL\",\"region_name\":\"La Libertad\",\"city_name\":\"Trujillo\",\"latitude\":\"-8.1191\",\"longitude\":\"-79.0355\",\"timezone\":\"America\\/Lima\"}','2026-07-11 20:44:00','2026-07-11 20:44:00'),(112,3,'module_access_error','2026-07-11','21:13:33',3,'App\\Models\\Tenant\\User','38.250.151.155','WebKit','desktop','Windows','10.0','Chrome','150.0.0.0',NULL,'documents',NULL,'{\"country_name\":\"Peru\",\"country_code\":\"PE\",\"region_code\":\"SAM\",\"region_name\":\"San Mart\\u00edn Department\",\"city_name\":\"Moyobamba\",\"latitude\":\"-6.0347\",\"longitude\":\"-76.9748\",\"timezone\":\"America\\/Lima\"}','2026-07-11 21:13:33','2026-07-11 21:13:33'),(113,3,'login','2026-07-12','07:04:42',3,'App\\Models\\Tenant\\User','38.250.151.155','WebKit','desktop','Windows','10.0','Chrome','150.0.0.0',NULL,NULL,NULL,'{\"country_name\":\"Peru\",\"country_code\":\"PE\",\"region_code\":\"SAM\",\"region_name\":\"San Mart\\u00edn Department\",\"city_name\":\"Moyobamba\",\"latitude\":\"-6.0347\",\"longitude\":\"-76.9748\",\"timezone\":\"America\\/Lima\"}','2026-07-12 07:04:42','2026-07-12 07:04:42'),(114,3,'module_access_error','2026-07-12','07:04:42',3,'App\\Models\\Tenant\\User','38.250.151.155','WebKit','desktop','Windows','10.0','Chrome','150.0.0.0',NULL,'documents',NULL,'{\"country_name\":\"Peru\",\"country_code\":\"PE\",\"region_code\":\"SAM\",\"region_name\":\"San Mart\\u00edn Department\",\"city_name\":\"Moyobamba\",\"latitude\":\"-6.0347\",\"longitude\":\"-76.9748\",\"timezone\":\"America\\/Lima\"}','2026-07-12 07:04:42','2026-07-12 07:04:42'),(115,2,'login','2026-07-12','08:35:13',2,'App\\Models\\Tenant\\User','38.250.151.155','WebKit','desktop','Windows','10.0','Chrome','150.0.0.0',NULL,NULL,NULL,'{\"country_name\":\"Peru\",\"country_code\":\"PE\",\"region_code\":\"SAM\",\"region_name\":\"San Mart\\u00edn Department\",\"city_name\":\"Moyobamba\",\"latitude\":\"-6.0347\",\"longitude\":\"-76.9748\",\"timezone\":\"America\\/Lima\"}','2026-07-12 08:35:13','2026-07-12 08:35:13'),(116,2,'inventory_created','2026-07-12','10:38:09',1753,'Modules\\Inventory\\Models\\Inventory','172.18.0.1','WebKit','desktop','Windows','10.0','Chrome','150.0.0.0',NULL,'items',NULL,NULL,'2026-07-12 10:38:09','2026-07-12 10:38:09'),(117,2,'inventory_created','2026-07-12','11:52:53',1754,'Modules\\Inventory\\Models\\Inventory','172.18.0.1','WebKit','desktop','Windows','10.0','Chrome','150.0.0.0',NULL,'inventory/transaction',NULL,NULL,'2026-07-12 11:52:53','2026-07-12 11:52:53'),(118,1,'login','2026-07-12','11:56:51',1,'App\\Models\\Tenant\\User','179.6.26.113','WebKit','desktop','Windows','10.0','Chrome','150.0.0.0',NULL,NULL,NULL,'{\"country_name\":\"Peru\",\"country_code\":\"PE\",\"region_code\":\"LMA\",\"region_name\":\"Lima Province\",\"city_name\":\"Lima\",\"latitude\":\"-12.046\",\"longitude\":\"-77.0305\",\"timezone\":\"America\\/Lima\"}','2026-07-12 11:56:51','2026-07-12 11:56:51'),(119,2,'inventory_created','2026-07-12','12:04:31',1755,'Modules\\Inventory\\Models\\Inventory','172.18.0.1','WebKit','desktop','Windows','10.0','Chrome','150.0.0.0',NULL,'inventory/transaction',NULL,NULL,'2026-07-12 12:04:31','2026-07-12 12:04:31'),(120,2,'inventory_created','2026-07-12','12:09:32',1756,'Modules\\Inventory\\Models\\Inventory','172.18.0.1','WebKit','desktop','Windows','10.0','Chrome','150.0.0.0',NULL,'inventory/transaction',NULL,NULL,'2026-07-12 12:09:32','2026-07-12 12:09:32'),(121,3,'logout','2026-07-12','14:28:55',3,'App\\Models\\Tenant\\User','38.250.151.155','WebKit','desktop','Windows','10.0','Chrome','150.0.0.0',NULL,NULL,NULL,'{\"country_name\":\"Peru\",\"country_code\":\"PE\",\"region_code\":\"SAM\",\"region_name\":\"San Mart\\u00edn Department\",\"city_name\":\"Moyobamba\",\"latitude\":\"-6.0347\",\"longitude\":\"-76.9748\",\"timezone\":\"America\\/Lima\"}','2026-07-12 14:28:55','2026-07-12 14:28:55'),(122,4,'login','2026-07-12','14:29:42',4,'App\\Models\\Tenant\\User','38.250.151.155','WebKit','desktop','Windows','10.0','Chrome','150.0.0.0',NULL,NULL,NULL,'{\"country_name\":\"Peru\",\"country_code\":\"PE\",\"region_code\":\"SAM\",\"region_name\":\"San Mart\\u00edn Department\",\"city_name\":\"Moyobamba\",\"latitude\":\"-6.0347\",\"longitude\":\"-76.9748\",\"timezone\":\"America\\/Lima\"}','2026-07-12 14:29:42','2026-07-12 14:29:42'),(123,4,'module_access_error','2026-07-12','14:29:42',4,'App\\Models\\Tenant\\User','38.250.151.155','WebKit','desktop','Windows','10.0','Chrome','150.0.0.0',NULL,'documents',NULL,'{\"country_name\":\"Peru\",\"country_code\":\"PE\",\"region_code\":\"SAM\",\"region_name\":\"San Mart\\u00edn Department\",\"city_name\":\"Moyobamba\",\"latitude\":\"-6.0347\",\"longitude\":\"-76.9748\",\"timezone\":\"America\\/Lima\"}','2026-07-12 14:29:42','2026-07-12 14:29:42'),(124,2,'failed','2026-07-12','19:47:50',2,'App\\Models\\Tenant\\User','190.236.29.218','iPhone','phone','iOS','18_3_1','Safari','18.3',NULL,NULL,NULL,'{\"country_name\":\"Peru\",\"country_code\":\"PE\",\"region_code\":\"LAL\",\"region_name\":\"La Libertad\",\"city_name\":\"Trujillo\",\"latitude\":\"-8.1191\",\"longitude\":\"-79.0355\",\"timezone\":\"America\\/Lima\"}','2026-07-12 19:47:50','2026-07-12 19:47:50'),(125,2,'login','2026-07-12','19:48:15',2,'App\\Models\\Tenant\\User','190.236.29.218','iPhone','phone','iOS','18_3_1','Safari','18.3',NULL,NULL,NULL,'{\"country_name\":\"Peru\",\"country_code\":\"PE\",\"region_code\":\"LAL\",\"region_name\":\"La Libertad\",\"city_name\":\"Trujillo\",\"latitude\":\"-8.1191\",\"longitude\":\"-79.0355\",\"timezone\":\"America\\/Lima\"}','2026-07-12 19:48:15','2026-07-12 19:48:15'),(126,4,'logout','2026-07-12','21:05:46',4,'App\\Models\\Tenant\\User','38.250.151.155','WebKit','desktop','Windows','10.0','Chrome','150.0.0.0',NULL,NULL,NULL,'{\"country_name\":\"Peru\",\"country_code\":\"PE\",\"region_code\":\"SAM\",\"region_name\":\"San Mart\\u00edn Department\",\"city_name\":\"Moyobamba\",\"latitude\":\"-6.0347\",\"longitude\":\"-76.9748\",\"timezone\":\"America\\/Lima\"}','2026-07-12 21:05:46','2026-07-12 21:05:46'),(127,4,'login','2026-07-13','07:30:14',4,'App\\Models\\Tenant\\User','38.250.151.155','WebKit','desktop','Windows','10.0','Chrome','150.0.0.0',NULL,NULL,NULL,'{\"country_name\":\"Peru\",\"country_code\":\"PE\",\"region_code\":\"SAM\",\"region_name\":\"San Mart\\u00edn Department\",\"city_name\":\"Moyobamba\",\"latitude\":\"-6.0347\",\"longitude\":\"-76.9748\",\"timezone\":\"America\\/Lima\"}','2026-07-13 07:30:14','2026-07-13 07:30:14'),(128,4,'module_access_error','2026-07-13','07:30:15',4,'App\\Models\\Tenant\\User','38.250.151.155','WebKit','desktop','Windows','10.0','Chrome','150.0.0.0',NULL,'documents',NULL,'{\"country_name\":\"Peru\",\"country_code\":\"PE\",\"region_code\":\"SAM\",\"region_name\":\"San Mart\\u00edn Department\",\"city_name\":\"Moyobamba\",\"latitude\":\"-6.0347\",\"longitude\":\"-76.9748\",\"timezone\":\"America\\/Lima\"}','2026-07-13 07:30:15','2026-07-13 07:30:15'),(129,2,'login','2026-07-13','09:14:25',2,'App\\Models\\Tenant\\User','38.250.151.155','WebKit','desktop','Windows','10.0','Chrome','150.0.0.0',NULL,NULL,NULL,'{\"country_name\":\"Peru\",\"country_code\":\"PE\",\"region_code\":\"SAM\",\"region_name\":\"San Mart\\u00edn Department\",\"city_name\":\"Moyobamba\",\"latitude\":\"-6.0347\",\"longitude\":\"-76.9748\",\"timezone\":\"America\\/Lima\"}','2026-07-13 09:14:25','2026-07-13 09:14:25'),(130,2,'inventory_created','2026-07-13','10:51:37',1757,'Modules\\Inventory\\Models\\Inventory','172.18.0.1','WebKit','desktop','Windows','10.0','Chrome','150.0.0.0',NULL,'inventory/transaction',NULL,NULL,'2026-07-13 10:51:37','2026-07-13 10:51:37'),(131,2,'inventory_created','2026-07-13','11:02:07',1758,'Modules\\Inventory\\Models\\Inventory','172.18.0.1','WebKit','desktop','Windows','10.0','Chrome','150.0.0.0',NULL,'inventory/transaction',NULL,NULL,'2026-07-13 11:02:07','2026-07-13 11:02:07'),(132,2,'inventory_created','2026-07-13','11:22:47',1759,'Modules\\Inventory\\Models\\Inventory','172.18.0.1','WebKit','desktop','Windows','10.0','Chrome','150.0.0.0',NULL,'inventory/transaction',NULL,NULL,'2026-07-13 11:22:47','2026-07-13 11:22:47'),(133,2,'inventory_created','2026-07-13','12:34:34',1760,'Modules\\Inventory\\Models\\Inventory','172.18.0.1','WebKit','desktop','Windows','10.0','Chrome','150.0.0.0',NULL,'inventory/transaction',NULL,NULL,'2026-07-13 12:34:34','2026-07-13 12:34:34'),(134,2,'inventory_created','2026-07-13','12:38:56',1761,'Modules\\Inventory\\Models\\Inventory','172.18.0.1','WebKit','desktop','Windows','10.0','Chrome','150.0.0.0',NULL,'inventory/transaction',NULL,NULL,'2026-07-13 12:38:56','2026-07-13 12:38:56'),(135,2,'inventory_created','2026-07-13','12:48:19',1762,'Modules\\Inventory\\Models\\Inventory','172.18.0.1','WebKit','desktop','Windows','10.0','Chrome','150.0.0.0',NULL,'inventory/transaction',NULL,NULL,'2026-07-13 12:48:19','2026-07-13 12:48:19'),(136,2,'inventory_created','2026-07-13','12:51:45',1763,'Modules\\Inventory\\Models\\Inventory','172.18.0.1','WebKit','desktop','Windows','10.0','Chrome','150.0.0.0',NULL,'inventory/transaction',NULL,NULL,'2026-07-13 12:51:45','2026-07-13 12:51:45'),(137,4,'logout','2026-07-13','14:03:09',4,'App\\Models\\Tenant\\User','38.250.151.155','WebKit','desktop','Windows','10.0','Chrome','150.0.0.0',NULL,NULL,NULL,'{\"country_name\":\"Peru\",\"country_code\":\"PE\",\"region_code\":\"SAM\",\"region_name\":\"San Mart\\u00edn Department\",\"city_name\":\"Moyobamba\",\"latitude\":\"-6.0347\",\"longitude\":\"-76.9748\",\"timezone\":\"America\\/Lima\"}','2026-07-13 14:03:09','2026-07-13 14:03:09'),(138,3,'login','2026-07-13','14:03:43',3,'App\\Models\\Tenant\\User','38.250.151.155','WebKit','desktop','Windows','10.0','Chrome','150.0.0.0',NULL,NULL,NULL,'{\"country_name\":\"Peru\",\"country_code\":\"PE\",\"region_code\":\"SAM\",\"region_name\":\"San Mart\\u00edn Department\",\"city_name\":\"Moyobamba\",\"latitude\":\"-6.0347\",\"longitude\":\"-76.9748\",\"timezone\":\"America\\/Lima\"}','2026-07-13 14:03:43','2026-07-13 14:03:43'),(139,3,'module_access_error','2026-07-13','14:03:44',3,'App\\Models\\Tenant\\User','38.250.151.155','WebKit','desktop','Windows','10.0','Chrome','150.0.0.0',NULL,'documents',NULL,'{\"country_name\":\"Peru\",\"country_code\":\"PE\",\"region_code\":\"SAM\",\"region_name\":\"San Mart\\u00edn Department\",\"city_name\":\"Moyobamba\",\"latitude\":\"-6.0347\",\"longitude\":\"-76.9748\",\"timezone\":\"America\\/Lima\"}','2026-07-13 14:03:44','2026-07-13 14:03:44'),(140,2,'inventory_created','2026-07-13','14:41:22',1764,'Modules\\Inventory\\Models\\Inventory','172.18.0.1','WebKit','desktop','Windows','10.0','Chrome','150.0.0.0',NULL,'inventory/transaction',NULL,NULL,'2026-07-13 14:41:22','2026-07-13 14:41:22'),(141,2,'login','2026-07-13','14:55:30',2,'App\\Models\\Tenant\\User','179.6.80.224','WebKit','desktop','Windows','10.0','Chrome','149.0.0.0',NULL,NULL,NULL,'{\"country_name\":\"Peru\",\"country_code\":\"PE\",\"region_code\":\"LAL\",\"region_name\":\"La Libertad\",\"city_name\":\"Trujillo\",\"latitude\":\"-8.1191\",\"longitude\":\"-79.0355\",\"timezone\":\"America\\/Lima\"}','2026-07-13 14:55:30','2026-07-13 14:55:30'),(142,2,'inventory_created','2026-07-13','15:57:56',1765,'Modules\\Inventory\\Models\\Inventory','172.18.0.1','WebKit','desktop','Windows','10.0','Chrome','150.0.0.0',NULL,'items',NULL,NULL,'2026-07-13 15:57:56','2026-07-13 15:57:56'),(143,2,'inventory_created','2026-07-13','16:05:24',1766,'Modules\\Inventory\\Models\\Inventory','172.18.0.1','WebKit','desktop','Windows','10.0','Chrome','150.0.0.0',NULL,'inventory/transaction',NULL,NULL,'2026-07-13 16:05:24','2026-07-13 16:05:24'),(144,2,'inventory_created','2026-07-13','16:08:01',1767,'Modules\\Inventory\\Models\\Inventory','172.18.0.1','WebKit','desktop','Windows','10.0','Chrome','150.0.0.0',NULL,'inventory/transaction',NULL,NULL,'2026-07-13 16:08:01','2026-07-13 16:08:01'),(145,2,'inventory_created','2026-07-13','17:24:41',1768,'Modules\\Inventory\\Models\\Inventory','172.18.0.1','WebKit','desktop','Windows','10.0','Chrome','150.0.0.0',NULL,'inventory/transaction',NULL,NULL,'2026-07-13 17:24:41','2026-07-13 17:24:41'),(146,2,'login','2026-07-13','19:26:30',2,'App\\Models\\Tenant\\User','190.236.31.162','iPhone','phone','iOS','18_3_1','Safari','18.3',NULL,NULL,NULL,'{\"country_name\":\"Peru\",\"country_code\":\"PE\",\"region_code\":\"LAL\",\"region_name\":\"La Libertad\",\"city_name\":\"Trujillo\",\"latitude\":\"-8.1191\",\"longitude\":\"-79.0355\",\"timezone\":\"America\\/Lima\"}','2026-07-13 19:26:30','2026-07-13 19:26:30'),(147,3,'logout','2026-07-13','21:03:23',3,'App\\Models\\Tenant\\User','38.250.151.155','WebKit','desktop','Windows','10.0','Chrome','150.0.0.0',NULL,NULL,NULL,'{\"country_name\":\"Peru\",\"country_code\":\"PE\",\"region_code\":\"SAM\",\"region_name\":\"San Mart\\u00edn Department\",\"city_name\":\"Moyobamba\",\"latitude\":\"-6.0347\",\"longitude\":\"-76.9748\",\"timezone\":\"America\\/Lima\"}','2026-07-13 21:03:23','2026-07-13 21:03:23'),(148,3,'login','2026-07-14','07:04:36',3,'App\\Models\\Tenant\\User','38.250.151.139','WebKit','desktop','Windows','10.0','Chrome','150.0.0.0',NULL,NULL,NULL,'{\"country_name\":\"Peru\",\"country_code\":\"PE\",\"region_code\":\"SAM\",\"region_name\":\"San Mart\\u00edn Department\",\"city_name\":\"Moyobamba\",\"latitude\":\"-6.0347\",\"longitude\":\"-76.9748\",\"timezone\":\"America\\/Lima\"}','2026-07-14 07:04:36','2026-07-14 07:04:36'),(149,3,'module_access_error','2026-07-14','07:04:37',3,'App\\Models\\Tenant\\User','38.250.151.139','WebKit','desktop','Windows','10.0','Chrome','150.0.0.0',NULL,'documents',NULL,'{\"country_name\":\"Peru\",\"country_code\":\"PE\",\"region_code\":\"SAM\",\"region_name\":\"San Mart\\u00edn Department\",\"city_name\":\"Moyobamba\",\"latitude\":\"-6.0347\",\"longitude\":\"-76.9748\",\"timezone\":\"America\\/Lima\"}','2026-07-14 07:04:37','2026-07-14 07:04:37'),(150,2,'login','2026-07-14','08:50:32',2,'App\\Models\\Tenant\\User','190.187.180.242','WebKit','desktop','Windows','10.0','Chrome','149.0.0.0',NULL,NULL,NULL,'{\"country_name\":\"Peru\",\"country_code\":\"PE\",\"region_code\":\"LMA\",\"region_name\":\"Lima Province\",\"city_name\":\"Lima\",\"latitude\":\"-12.046\",\"longitude\":\"-77.0305\",\"timezone\":\"America\\/Lima\"}','2026-07-14 08:50:32','2026-07-14 08:50:32'),(151,2,'login','2026-07-14','11:08:28',2,'App\\Models\\Tenant\\User','38.250.151.139','WebKit','desktop','Windows','10.0','Chrome','150.0.0.0',NULL,NULL,NULL,'{\"country_name\":\"Peru\",\"country_code\":\"PE\",\"region_code\":\"SAM\",\"region_name\":\"San Mart\\u00edn Department\",\"city_name\":\"Moyobamba\",\"latitude\":\"-6.0347\",\"longitude\":\"-76.9748\",\"timezone\":\"America\\/Lima\"}','2026-07-14 11:08:28','2026-07-14 11:08:28'),(152,2,'sale_note_voided','2026-07-14','11:27:37',161,'App\\Models\\Tenant\\SaleNote','172.18.0.1','WebKit','desktop','Windows','10.0','Chrome','150.0.0.0',NULL,'sale-notes/anulate/161',NULL,NULL,'2026-07-14 11:27:37','2026-07-14 11:27:37'),(153,2,'login','2026-07-14','13:28:30',2,'App\\Models\\Tenant\\User','38.250.151.139','iPhone','phone','iOS','18_3_1','Safari','18.3',NULL,NULL,NULL,'{\"country_name\":\"Peru\",\"country_code\":\"PE\",\"region_code\":\"SAM\",\"region_name\":\"San Mart\\u00edn Department\",\"city_name\":\"Moyobamba\",\"latitude\":\"-6.0347\",\"longitude\":\"-76.9748\",\"timezone\":\"America\\/Lima\"}','2026-07-14 13:28:30','2026-07-14 13:28:30'),(154,3,'logout','2026-07-14','14:04:38',3,'App\\Models\\Tenant\\User','38.250.151.139','WebKit','desktop','Windows','10.0','Chrome','150.0.0.0',NULL,NULL,NULL,'{\"country_name\":\"Peru\",\"country_code\":\"PE\",\"region_code\":\"SAM\",\"region_name\":\"San Mart\\u00edn Department\",\"city_name\":\"Moyobamba\",\"latitude\":\"-6.0347\",\"longitude\":\"-76.9748\",\"timezone\":\"America\\/Lima\"}','2026-07-14 14:04:38','2026-07-14 14:04:38'),(155,4,'login','2026-07-14','14:05:01',4,'App\\Models\\Tenant\\User','38.250.151.139','WebKit','desktop','Windows','10.0','Chrome','150.0.0.0',NULL,NULL,NULL,'{\"country_name\":\"Peru\",\"country_code\":\"PE\",\"region_code\":\"SAM\",\"region_name\":\"San Mart\\u00edn Department\",\"city_name\":\"Moyobamba\",\"latitude\":\"-6.0347\",\"longitude\":\"-76.9748\",\"timezone\":\"America\\/Lima\"}','2026-07-14 14:05:01','2026-07-14 14:05:01'),(156,4,'module_access_error','2026-07-14','14:05:01',4,'App\\Models\\Tenant\\User','38.250.151.139','WebKit','desktop','Windows','10.0','Chrome','150.0.0.0',NULL,'documents',NULL,'{\"country_name\":\"Peru\",\"country_code\":\"PE\",\"region_code\":\"SAM\",\"region_name\":\"San Mart\\u00edn Department\",\"city_name\":\"Moyobamba\",\"latitude\":\"-6.0347\",\"longitude\":\"-76.9748\",\"timezone\":\"America\\/Lima\"}','2026-07-14 14:05:01','2026-07-14 14:05:01'),(157,2,'login','2026-07-14','20:28:29',2,'App\\Models\\Tenant\\User','190.236.2.152','WebKit','phone','AndroidOS','10','Chrome','134.0.0.0',NULL,NULL,NULL,'{\"country_name\":\"Peru\",\"country_code\":\"PE\",\"region_code\":\"LMA\",\"region_name\":\"Lima Province\",\"city_name\":\"Lima\",\"latitude\":\"-12.046\",\"longitude\":\"-77.0305\",\"timezone\":\"America\\/Lima\"}','2026-07-14 20:28:29','2026-07-14 20:28:29'),(158,4,'logout','2026-07-14','21:00:34',4,'App\\Models\\Tenant\\User','38.250.151.139','WebKit','desktop','Windows','10.0','Chrome','150.0.0.0',NULL,NULL,NULL,'{\"country_name\":\"Peru\",\"country_code\":\"PE\",\"region_code\":\"SAM\",\"region_name\":\"San Mart\\u00edn Department\",\"city_name\":\"Moyobamba\",\"latitude\":\"-6.0347\",\"longitude\":\"-76.9748\",\"timezone\":\"America\\/Lima\"}','2026-07-14 21:00:34','2026-07-14 21:00:34'),(159,4,'login','2026-07-15','07:24:50',4,'App\\Models\\Tenant\\User','38.250.151.139','WebKit','desktop','Windows','10.0','Chrome','150.0.0.0',NULL,NULL,NULL,'{\"country_name\":\"Peru\",\"country_code\":\"PE\",\"region_code\":\"SAM\",\"region_name\":\"San Mart\\u00edn Department\",\"city_name\":\"Moyobamba\",\"latitude\":\"-6.0347\",\"longitude\":\"-76.9748\",\"timezone\":\"America\\/Lima\"}','2026-07-15 07:24:50','2026-07-15 07:24:50'),(160,4,'module_access_error','2026-07-15','07:24:51',4,'App\\Models\\Tenant\\User','38.250.151.139','WebKit','desktop','Windows','10.0','Chrome','150.0.0.0',NULL,'documents',NULL,'{\"country_name\":\"Peru\",\"country_code\":\"PE\",\"region_code\":\"SAM\",\"region_name\":\"San Mart\\u00edn Department\",\"city_name\":\"Moyobamba\",\"latitude\":\"-6.0347\",\"longitude\":\"-76.9748\",\"timezone\":\"America\\/Lima\"}','2026-07-15 07:24:51','2026-07-15 07:24:51'),(161,2,'login','2026-07-15','13:23:57',2,'App\\Models\\Tenant\\User','190.236.24.188','WebKit','desktop','Windows','10.0','Chrome','150.0.0.0',NULL,NULL,NULL,'{\"country_name\":\"Peru\",\"country_code\":\"PE\",\"region_code\":\"LAL\",\"region_name\":\"La Libertad\",\"city_name\":\"La Esperanza\",\"latitude\":\"-8.0764\",\"longitude\":\"-79.0437\",\"timezone\":\"America\\/Lima\"}','2026-07-15 13:23:57','2026-07-15 13:23:57'),(162,4,'logout','2026-07-15','14:03:01',4,'App\\Models\\Tenant\\User','38.250.151.139','WebKit','desktop','Windows','10.0','Chrome','150.0.0.0',NULL,NULL,NULL,'{\"country_name\":\"Peru\",\"country_code\":\"PE\",\"region_code\":\"SAM\",\"region_name\":\"San Mart\\u00edn Department\",\"city_name\":\"Moyobamba\",\"latitude\":\"-6.0347\",\"longitude\":\"-76.9748\",\"timezone\":\"America\\/Lima\"}','2026-07-15 14:03:01','2026-07-15 14:03:01'),(163,3,'login','2026-07-15','14:07:11',3,'App\\Models\\Tenant\\User','38.250.151.139','WebKit','desktop','Windows','10.0','Chrome','150.0.0.0',NULL,NULL,NULL,'{\"country_name\":\"Peru\",\"country_code\":\"PE\",\"region_code\":\"SAM\",\"region_name\":\"San Mart\\u00edn Department\",\"city_name\":\"Moyobamba\",\"latitude\":\"-6.0347\",\"longitude\":\"-76.9748\",\"timezone\":\"America\\/Lima\"}','2026-07-15 14:07:11','2026-07-15 14:07:11'),(164,3,'module_access_error','2026-07-15','14:07:11',3,'App\\Models\\Tenant\\User','38.250.151.139','WebKit','desktop','Windows','10.0','Chrome','150.0.0.0',NULL,'documents',NULL,'{\"country_name\":\"Peru\",\"country_code\":\"PE\",\"region_code\":\"SAM\",\"region_name\":\"San Mart\\u00edn Department\",\"city_name\":\"Moyobamba\",\"latitude\":\"-6.0347\",\"longitude\":\"-76.9748\",\"timezone\":\"America\\/Lima\"}','2026-07-15 14:07:11','2026-07-15 14:07:11'),(165,2,'inventory_created','2026-07-15','14:26:49',1769,'Modules\\Inventory\\Models\\Inventory','172.18.0.1','WebKit','desktop','Windows','10.0','Chrome','150.0.0.0',NULL,'items',NULL,NULL,'2026-07-15 14:26:49','2026-07-15 14:26:49'),(166,2,'inventory_created','2026-07-15','14:30:00',1770,'Modules\\Inventory\\Models\\Inventory','172.18.0.1','WebKit','desktop','Windows','10.0','Chrome','150.0.0.0',NULL,'items',NULL,NULL,'2026-07-15 14:30:00','2026-07-15 14:30:00'),(167,2,'inventory_created','2026-07-15','14:33:16',1771,'Modules\\Inventory\\Models\\Inventory','172.18.0.1','WebKit','desktop','Windows','10.0','Chrome','150.0.0.0',NULL,'items',NULL,NULL,'2026-07-15 14:33:16','2026-07-15 14:33:16'),(168,2,'inventory_created','2026-07-15','14:36:18',1772,'Modules\\Inventory\\Models\\Inventory','172.18.0.1','WebKit','desktop','Windows','10.0','Chrome','150.0.0.0',NULL,'items',NULL,NULL,'2026-07-15 14:36:18','2026-07-15 14:36:18'),(169,2,'inventory_created','2026-07-15','15:11:31',1773,'Modules\\Inventory\\Models\\Inventory','172.18.0.1','WebKit','desktop','Windows','10.0','Chrome','150.0.0.0',NULL,'items',NULL,NULL,'2026-07-15 15:11:31','2026-07-15 15:11:31'),(170,2,'inventory_created','2026-07-15','15:26:29',1774,'Modules\\Inventory\\Models\\Inventory','172.18.0.1','WebKit','desktop','Windows','10.0','Chrome','150.0.0.0',NULL,'items',NULL,NULL,'2026-07-15 15:26:29','2026-07-15 15:26:29'),(171,2,'inventory_created','2026-07-15','15:34:11',1775,'Modules\\Inventory\\Models\\Inventory','172.18.0.1','WebKit','desktop','Windows','10.0','Chrome','150.0.0.0',NULL,'items',NULL,NULL,'2026-07-15 15:34:11','2026-07-15 15:34:11'),(172,2,'inventory_created','2026-07-15','15:38:35',1776,'Modules\\Inventory\\Models\\Inventory','172.18.0.1','WebKit','desktop','Windows','10.0','Chrome','150.0.0.0',NULL,'items',NULL,NULL,'2026-07-15 15:38:35','2026-07-15 15:38:35'),(173,2,'inventory_created','2026-07-15','15:47:37',1777,'Modules\\Inventory\\Models\\Inventory','172.18.0.1','WebKit','desktop','Windows','10.0','Chrome','150.0.0.0',NULL,'items',NULL,NULL,'2026-07-15 15:47:37','2026-07-15 15:47:37'),(174,2,'inventory_created','2026-07-15','16:04:47',1778,'Modules\\Inventory\\Models\\Inventory','172.18.0.1','WebKit','desktop','Windows','10.0','Chrome','150.0.0.0',NULL,'items',NULL,NULL,'2026-07-15 16:04:47','2026-07-15 16:04:47'),(175,2,'inventory_created','2026-07-15','16:44:24',1779,'Modules\\Inventory\\Models\\Inventory','172.18.0.1','WebKit','desktop','Windows','10.0','Chrome','150.0.0.0',NULL,'items',NULL,NULL,'2026-07-15 16:44:24','2026-07-15 16:44:24'),(176,2,'inventory_created','2026-07-15','16:45:28',1780,'Modules\\Inventory\\Models\\Inventory','172.18.0.1','WebKit','desktop','Windows','10.0','Chrome','150.0.0.0',NULL,'inventory/transaction',NULL,NULL,'2026-07-15 16:45:28','2026-07-15 16:45:28'),(177,2,'login','2026-07-15','19:20:01',2,'App\\Models\\Tenant\\User','190.236.24.188','iPhone','phone','iOS','18_3_1','Safari','18.3',NULL,NULL,NULL,'{\"country_name\":\"Peru\",\"country_code\":\"PE\",\"region_code\":\"LAL\",\"region_name\":\"La Libertad\",\"city_name\":\"La Esperanza\",\"latitude\":\"-8.0764\",\"longitude\":\"-79.0437\",\"timezone\":\"America\\/Lima\"}','2026-07-15 19:20:01','2026-07-15 19:20:01'),(178,3,'logout','2026-07-15','21:05:16',3,'App\\Models\\Tenant\\User','38.250.151.139','WebKit','desktop','Windows','10.0','Chrome','150.0.0.0',NULL,NULL,NULL,'{\"country_name\":\"Peru\",\"country_code\":\"PE\",\"region_code\":\"SAM\",\"region_name\":\"San Mart\\u00edn Department\",\"city_name\":\"Moyobamba\",\"latitude\":\"-6.0347\",\"longitude\":\"-76.9748\",\"timezone\":\"America\\/Lima\"}','2026-07-15 21:05:16','2026-07-15 21:05:16'),(179,3,'login','2026-07-16','07:08:06',3,'App\\Models\\Tenant\\User','38.250.151.146','WebKit','desktop','Windows','10.0','Chrome','150.0.0.0',NULL,NULL,NULL,'{\"country_name\":\"Peru\",\"country_code\":\"PE\",\"region_code\":\"SAM\",\"region_name\":\"San Mart\\u00edn Department\",\"city_name\":\"Moyobamba\",\"latitude\":\"-6.0347\",\"longitude\":\"-76.9748\",\"timezone\":\"America\\/Lima\"}','2026-07-16 07:08:06','2026-07-16 07:08:06'),(180,3,'module_access_error','2026-07-16','07:08:06',3,'App\\Models\\Tenant\\User','38.250.151.146','WebKit','desktop','Windows','10.0','Chrome','150.0.0.0',NULL,'documents',NULL,'{\"country_name\":\"Peru\",\"country_code\":\"PE\",\"region_code\":\"SAM\",\"region_name\":\"San Mart\\u00edn Department\",\"city_name\":\"Moyobamba\",\"latitude\":\"-6.0347\",\"longitude\":\"-76.9748\",\"timezone\":\"America\\/Lima\"}','2026-07-16 07:08:06','2026-07-16 07:08:06'),(181,3,'module_access_error','2026-07-16','13:38:33',3,'App\\Models\\Tenant\\User','38.250.151.146','WebKit','desktop','Windows','10.0','Chrome','150.0.0.0',NULL,'documents',NULL,'{\"country_name\":\"Peru\",\"country_code\":\"PE\",\"region_code\":\"SAM\",\"region_name\":\"San Mart\\u00edn Department\",\"city_name\":\"Moyobamba\",\"latitude\":\"-6.0347\",\"longitude\":\"-76.9748\",\"timezone\":\"America\\/Lima\"}','2026-07-16 13:38:33','2026-07-16 13:38:33'),(182,2,'login','2026-07-16','13:51:31',2,'App\\Models\\Tenant\\User','190.232.29.188','WebKit','phone','AndroidOS','10','Chrome','134.0.0.0',NULL,NULL,NULL,'{\"country_name\":\"Peru\",\"country_code\":\"PE\",\"region_code\":\"LAL\",\"region_name\":\"La Libertad\",\"city_name\":\"Trujillo\",\"latitude\":\"-8.1191\",\"longitude\":\"-79.0355\",\"timezone\":\"America\\/Lima\"}','2026-07-16 13:51:31','2026-07-16 13:51:31'),(183,2,'login','2026-07-16','13:54:48',2,'App\\Models\\Tenant\\User','190.232.29.188','WebKit','desktop','Windows','10.0','Chrome','150.0.0.0',NULL,NULL,NULL,'{\"country_name\":\"Peru\",\"country_code\":\"PE\",\"region_code\":\"LAL\",\"region_name\":\"La Libertad\",\"city_name\":\"Trujillo\",\"latitude\":\"-8.1191\",\"longitude\":\"-79.0355\",\"timezone\":\"America\\/Lima\"}','2026-07-16 13:54:48','2026-07-16 13:54:48'),(184,3,'logout','2026-07-16','14:02:42',3,'App\\Models\\Tenant\\User','38.250.151.146','WebKit','desktop','Windows','10.0','Chrome','150.0.0.0',NULL,NULL,NULL,'{\"country_name\":\"Peru\",\"country_code\":\"PE\",\"region_code\":\"SAM\",\"region_name\":\"San Mart\\u00edn Department\",\"city_name\":\"Moyobamba\",\"latitude\":\"-6.0347\",\"longitude\":\"-76.9748\",\"timezone\":\"America\\/Lima\"}','2026-07-16 14:02:42','2026-07-16 14:02:42'),(185,4,'login','2026-07-16','14:11:27',4,'App\\Models\\Tenant\\User','38.250.151.146','WebKit','desktop','Windows','10.0','Chrome','150.0.0.0',NULL,NULL,NULL,'{\"country_name\":\"Peru\",\"country_code\":\"PE\",\"region_code\":\"SAM\",\"region_name\":\"San Mart\\u00edn Department\",\"city_name\":\"Moyobamba\",\"latitude\":\"-6.0347\",\"longitude\":\"-76.9748\",\"timezone\":\"America\\/Lima\"}','2026-07-16 14:11:27','2026-07-16 14:11:27'),(186,4,'module_access_error','2026-07-16','14:11:28',4,'App\\Models\\Tenant\\User','38.250.151.146','WebKit','desktop','Windows','10.0','Chrome','150.0.0.0',NULL,'documents',NULL,'{\"country_name\":\"Peru\",\"country_code\":\"PE\",\"region_code\":\"SAM\",\"region_name\":\"San Mart\\u00edn Department\",\"city_name\":\"Moyobamba\",\"latitude\":\"-6.0347\",\"longitude\":\"-76.9748\",\"timezone\":\"America\\/Lima\"}','2026-07-16 14:11:28','2026-07-16 14:11:28'),(187,2,'inventory_created','2026-07-16','15:05:36',1781,'Modules\\Inventory\\Models\\Inventory','172.18.0.1','WebKit','desktop','Windows','10.0','Chrome','150.0.0.0',NULL,'inventory/transaction',NULL,NULL,'2026-07-16 15:05:36','2026-07-16 15:05:36'),(188,2,'inventory_created','2026-07-16','15:11:57',1782,'Modules\\Inventory\\Models\\Inventory','172.18.0.1','WebKit','desktop','Windows','10.0','Chrome','150.0.0.0',NULL,'inventory/transaction',NULL,NULL,'2026-07-16 15:11:57','2026-07-16 15:11:57'),(189,2,'inventory_created','2026-07-16','15:25:45',1783,'Modules\\Inventory\\Models\\Inventory','172.18.0.1','WebKit','desktop','Windows','10.0','Chrome','150.0.0.0',NULL,'inventory/transaction',NULL,NULL,'2026-07-16 15:25:45','2026-07-16 15:25:45'),(190,2,'inventory_created','2026-07-16','15:27:50',1784,'Modules\\Inventory\\Models\\Inventory','172.18.0.1','WebKit','desktop','Windows','10.0','Chrome','150.0.0.0',NULL,'inventory/transaction',NULL,NULL,'2026-07-16 15:27:50','2026-07-16 15:27:50'),(191,2,'login','2026-07-16','20:21:57',2,'App\\Models\\Tenant\\User','190.232.29.188','iPhone','phone','iOS','18_3_1','Safari','18.3',NULL,NULL,NULL,'{\"country_name\":\"Peru\",\"country_code\":\"PE\",\"region_code\":\"LAL\",\"region_name\":\"La Libertad\",\"city_name\":\"Trujillo\",\"latitude\":\"-8.1191\",\"longitude\":\"-79.0355\",\"timezone\":\"America\\/Lima\"}','2026-07-16 20:21:57','2026-07-16 20:21:57'),(192,4,'logout','2026-07-16','21:09:32',4,'App\\Models\\Tenant\\User','38.250.151.146','WebKit','desktop','Windows','10.0','Chrome','150.0.0.0',NULL,NULL,NULL,'{\"country_name\":\"Peru\",\"country_code\":\"PE\",\"region_code\":\"SAM\",\"region_name\":\"San Mart\\u00edn Department\",\"city_name\":\"Moyobamba\",\"latitude\":\"-6.0347\",\"longitude\":\"-76.9748\",\"timezone\":\"America\\/Lima\"}','2026-07-16 21:09:32','2026-07-16 21:09:32'),(193,4,'login','2026-07-17','07:33:07',4,'App\\Models\\Tenant\\User','38.250.151.146','WebKit','desktop','Windows','10.0','Chrome','150.0.0.0',NULL,NULL,NULL,'{\"country_name\":\"Peru\",\"country_code\":\"PE\",\"region_code\":\"SAM\",\"region_name\":\"San Mart\\u00edn Department\",\"city_name\":\"Moyobamba\",\"latitude\":\"-6.0347\",\"longitude\":\"-76.9748\",\"timezone\":\"America\\/Lima\"}','2026-07-17 07:33:07','2026-07-17 07:33:07'),(194,4,'module_access_error','2026-07-17','07:33:08',4,'App\\Models\\Tenant\\User','38.250.151.146','WebKit','desktop','Windows','10.0','Chrome','150.0.0.0',NULL,'documents',NULL,'{\"country_name\":\"Peru\",\"country_code\":\"PE\",\"region_code\":\"SAM\",\"region_name\":\"San Mart\\u00edn Department\",\"city_name\":\"Moyobamba\",\"latitude\":\"-6.0347\",\"longitude\":\"-76.9748\",\"timezone\":\"America\\/Lima\"}','2026-07-17 07:33:08','2026-07-17 07:33:08'),(195,NULL,'failed','2026-07-17','12:35:04',NULL,NULL,'179.6.81.181','WebKit','phone','AndroidOS','10','Chrome','137.0.0.0',NULL,NULL,NULL,'{\"country_name\":\"Peru\",\"country_code\":\"PE\",\"region_code\":\"LAL\",\"region_name\":\"La Libertad\",\"city_name\":\"Trujillo\",\"latitude\":\"-8.1191\",\"longitude\":\"-79.0355\",\"timezone\":\"America\\/Lima\"}','2026-07-17 12:35:04','2026-07-17 12:35:04'),(196,4,'login','2026-07-17','12:36:42',4,'App\\Models\\Tenant\\User','179.6.81.181','WebKit','phone','AndroidOS','10','Chrome','137.0.0.0',NULL,NULL,NULL,'{\"country_name\":\"Peru\",\"country_code\":\"PE\",\"region_code\":\"LAL\",\"region_name\":\"La Libertad\",\"city_name\":\"Trujillo\",\"latitude\":\"-8.1191\",\"longitude\":\"-79.0355\",\"timezone\":\"America\\/Lima\"}','2026-07-17 12:36:42','2026-07-17 12:36:42'),(197,4,'module_access_error','2026-07-17','12:36:42',4,'App\\Models\\Tenant\\User','179.6.81.181','WebKit','phone','AndroidOS','10','Chrome','137.0.0.0',NULL,'documents',NULL,'{\"country_name\":\"Peru\",\"country_code\":\"PE\",\"region_code\":\"LAL\",\"region_name\":\"La Libertad\",\"city_name\":\"Trujillo\",\"latitude\":\"-8.1191\",\"longitude\":\"-79.0355\",\"timezone\":\"America\\/Lima\"}','2026-07-17 12:36:42','2026-07-17 12:36:42'),(198,4,'module_access_error','2026-07-17','12:53:54',4,'App\\Models\\Tenant\\User','179.6.81.181','WebKit','phone','AndroidOS','10','Chrome','137.0.0.0',NULL,'documents',NULL,'{\"country_name\":\"Peru\",\"country_code\":\"PE\",\"region_code\":\"LAL\",\"region_name\":\"La Libertad\",\"city_name\":\"Trujillo\",\"latitude\":\"-8.1191\",\"longitude\":\"-79.0355\",\"timezone\":\"America\\/Lima\"}','2026-07-17 12:53:54','2026-07-17 12:53:54'),(199,4,'module_access_error','2026-07-17','12:56:01',4,'App\\Models\\Tenant\\User','179.6.81.181','WebKit','phone','AndroidOS','10','Chrome','137.0.0.0',NULL,'documents',NULL,'{\"country_name\":\"Peru\",\"country_code\":\"PE\",\"region_code\":\"LAL\",\"region_name\":\"La Libertad\",\"city_name\":\"Trujillo\",\"latitude\":\"-8.1191\",\"longitude\":\"-79.0355\",\"timezone\":\"America\\/Lima\"}','2026-07-17 12:56:01','2026-07-17 12:56:01'),(200,2,'login','2026-07-17','13:31:03',2,'App\\Models\\Tenant\\User','190.237.178.53','WebKit','phone','AndroidOS','10','Chrome','134.0.0.0',NULL,NULL,NULL,'{\"country_name\":\"Peru\",\"country_code\":\"PE\",\"region_code\":\"LAM\",\"region_name\":\"Lambayeque\",\"city_name\":\"Chiclayo\",\"latitude\":\"-6.77008\",\"longitude\":\"-79.8549\",\"timezone\":\"America\\/Lima\"}','2026-07-17 13:31:03','2026-07-17 13:31:03'),(201,4,'logout','2026-07-17','14:02:57',4,'App\\Models\\Tenant\\User','179.6.81.181','WebKit','phone','AndroidOS','10','Chrome','137.0.0.0',NULL,NULL,NULL,'{\"country_name\":\"Peru\",\"country_code\":\"PE\",\"region_code\":\"LAL\",\"region_name\":\"La Libertad\",\"city_name\":\"Trujillo\",\"latitude\":\"-8.1191\",\"longitude\":\"-79.0355\",\"timezone\":\"America\\/Lima\"}','2026-07-17 14:02:57','2026-07-17 14:02:57'),(202,NULL,'failed','2026-07-17','14:14:08',NULL,NULL,'186.163.10.29','WebKit','phone','AndroidOS','10','Chrome','150.0.0.0',NULL,NULL,NULL,'{\"country_name\":\"Peru\",\"country_code\":\"PE\",\"region_code\":\"LMA\",\"region_name\":\"Lima Province\",\"city_name\":\"Lima\",\"latitude\":\"-12.046\",\"longitude\":\"-77.0305\",\"timezone\":\"America\\/Lima\"}','2026-07-17 14:14:08','2026-07-17 14:14:08'),(203,NULL,'failed','2026-07-17','14:14:51',NULL,NULL,'186.163.10.29','WebKit','phone','AndroidOS','10','Chrome','150.0.0.0',NULL,NULL,NULL,'{\"country_name\":\"Peru\",\"country_code\":\"PE\",\"region_code\":\"LMA\",\"region_name\":\"Lima Province\",\"city_name\":\"Lima\",\"latitude\":\"-12.046\",\"longitude\":\"-77.0305\",\"timezone\":\"America\\/Lima\"}','2026-07-17 14:14:51','2026-07-17 14:14:51'),(204,3,'login','2026-07-17','14:15:59',3,'App\\Models\\Tenant\\User','186.163.10.29','WebKit','phone','AndroidOS','10','Chrome','150.0.0.0',NULL,NULL,NULL,'{\"country_name\":\"Peru\",\"country_code\":\"PE\",\"region_code\":\"LMA\",\"region_name\":\"Lima Province\",\"city_name\":\"Lima\",\"latitude\":\"-12.046\",\"longitude\":\"-77.0305\",\"timezone\":\"America\\/Lima\"}','2026-07-17 14:15:59','2026-07-17 14:15:59'),(205,3,'module_access_error','2026-07-17','14:15:59',3,'App\\Models\\Tenant\\User','186.163.10.29','WebKit','phone','AndroidOS','10','Chrome','150.0.0.0',NULL,'documents',NULL,'{\"country_name\":\"Peru\",\"country_code\":\"PE\",\"region_code\":\"LMA\",\"region_name\":\"Lima Province\",\"city_name\":\"Lima\",\"latitude\":\"-12.046\",\"longitude\":\"-77.0305\",\"timezone\":\"America\\/Lima\"}','2026-07-17 14:15:59','2026-07-17 14:15:59'),(206,3,'module_access_error','2026-07-17','14:16:38',3,'App\\Models\\Tenant\\User','186.163.10.29','WebKit','phone','AndroidOS','10','Chrome','150.0.0.0',NULL,'documents',NULL,'{\"country_name\":\"Peru\",\"country_code\":\"PE\",\"region_code\":\"LMA\",\"region_name\":\"Lima Province\",\"city_name\":\"Lima\",\"latitude\":\"-12.046\",\"longitude\":\"-77.0305\",\"timezone\":\"America\\/Lima\"}','2026-07-17 14:16:38','2026-07-17 14:16:38'),(207,2,'login','2026-07-17','14:32:23',2,'App\\Models\\Tenant\\User','190.237.178.53','WebKit','desktop','Windows','10.0','Chrome','150.0.0.0',NULL,NULL,NULL,'{\"country_name\":\"Peru\",\"country_code\":\"PE\",\"region_code\":\"LAM\",\"region_name\":\"Lambayeque\",\"city_name\":\"Chiclayo\",\"latitude\":\"-6.77008\",\"longitude\":\"-79.8549\",\"timezone\":\"America\\/Lima\"}','2026-07-17 14:32:23','2026-07-17 14:32:23'),(208,4,'module_access_error','2026-07-17','14:33:09',4,'App\\Models\\Tenant\\User','38.250.151.144','WebKit','desktop','Windows','10.0','Chrome','150.0.0.0',NULL,'documents',NULL,'{\"country_name\":\"Peru\",\"country_code\":\"PE\",\"region_code\":\"SAM\",\"region_name\":\"San Mart\\u00edn Department\",\"city_name\":\"Moyobamba\",\"latitude\":\"-6.0347\",\"longitude\":\"-76.9748\",\"timezone\":\"America\\/Lima\"}','2026-07-17 14:33:09','2026-07-17 14:33:09'),(209,4,'logout','2026-07-17','14:34:56',4,'App\\Models\\Tenant\\User','38.250.151.144','WebKit','desktop','Windows','10.0','Chrome','150.0.0.0',NULL,NULL,NULL,'{\"country_name\":\"Peru\",\"country_code\":\"PE\",\"region_code\":\"SAM\",\"region_name\":\"San Mart\\u00edn Department\",\"city_name\":\"Moyobamba\",\"latitude\":\"-6.0347\",\"longitude\":\"-76.9748\",\"timezone\":\"America\\/Lima\"}','2026-07-17 14:34:56','2026-07-17 14:34:56'),(210,3,'login','2026-07-17','14:35:21',3,'App\\Models\\Tenant\\User','38.250.151.144','WebKit','desktop','Windows','10.0','Chrome','150.0.0.0',NULL,NULL,NULL,'{\"country_name\":\"Peru\",\"country_code\":\"PE\",\"region_code\":\"SAM\",\"region_name\":\"San Mart\\u00edn Department\",\"city_name\":\"Moyobamba\",\"latitude\":\"-6.0347\",\"longitude\":\"-76.9748\",\"timezone\":\"America\\/Lima\"}','2026-07-17 14:35:21','2026-07-17 14:35:21'),(211,3,'module_access_error','2026-07-17','14:35:22',3,'App\\Models\\Tenant\\User','38.250.151.144','WebKit','desktop','Windows','10.0','Chrome','150.0.0.0',NULL,'documents',NULL,'{\"country_name\":\"Peru\",\"country_code\":\"PE\",\"region_code\":\"SAM\",\"region_name\":\"San Mart\\u00edn Department\",\"city_name\":\"Moyobamba\",\"latitude\":\"-6.0347\",\"longitude\":\"-76.9748\",\"timezone\":\"America\\/Lima\"}','2026-07-17 14:35:22','2026-07-17 14:35:22'),(212,2,'inventory_created','2026-07-17','15:18:00',1785,'Modules\\Inventory\\Models\\Inventory','172.18.0.1','WebKit','desktop','Windows','10.0','Chrome','150.0.0.0',NULL,'inventory/transaction',NULL,NULL,'2026-07-17 15:18:00','2026-07-17 15:18:00'),(213,2,'inventory_created','2026-07-17','15:27:12',1786,'Modules\\Inventory\\Models\\Inventory','172.18.0.1','WebKit','desktop','Windows','10.0','Chrome','150.0.0.0',NULL,'inventory/transaction',NULL,NULL,'2026-07-17 15:27:12','2026-07-17 15:27:12'),(214,2,'inventory_created','2026-07-17','15:34:58',1787,'Modules\\Inventory\\Models\\Inventory','172.18.0.1','WebKit','desktop','Windows','10.0','Chrome','150.0.0.0',NULL,'inventory/transaction',NULL,NULL,'2026-07-17 15:34:58','2026-07-17 15:34:58'),(215,2,'inventory_created','2026-07-17','15:35:58',1788,'Modules\\Inventory\\Models\\Inventory','172.18.0.1','WebKit','desktop','Windows','10.0','Chrome','150.0.0.0',NULL,'inventory/transaction',NULL,NULL,'2026-07-17 15:35:58','2026-07-17 15:35:58'),(216,2,'inventory_created','2026-07-17','15:36:44',1789,'Modules\\Inventory\\Models\\Inventory','172.18.0.1','WebKit','desktop','Windows','10.0','Chrome','150.0.0.0',NULL,'inventory/transaction',NULL,NULL,'2026-07-17 15:36:44','2026-07-17 15:36:44'),(217,2,'inventory_created','2026-07-17','15:42:33',1790,'Modules\\Inventory\\Models\\Inventory','172.18.0.1','WebKit','desktop','Windows','10.0','Chrome','150.0.0.0',NULL,'inventory/transaction',NULL,NULL,'2026-07-17 15:42:33','2026-07-17 15:42:33'),(218,2,'inventory_created','2026-07-17','15:43:33',1791,'Modules\\Inventory\\Models\\Inventory','172.18.0.1','WebKit','desktop','Windows','10.0','Chrome','150.0.0.0',NULL,'inventory/transaction',NULL,NULL,'2026-07-17 15:43:33','2026-07-17 15:43:33'),(219,2,'inventory_created','2026-07-17','15:49:27',1792,'Modules\\Inventory\\Models\\Inventory','172.18.0.1','WebKit','desktop','Windows','10.0','Chrome','150.0.0.0',NULL,'inventory/transaction',NULL,NULL,'2026-07-17 15:49:27','2026-07-17 15:49:27'),(220,2,'inventory_created','2026-07-17','15:50:07',1793,'Modules\\Inventory\\Models\\Inventory','172.18.0.1','WebKit','desktop','Windows','10.0','Chrome','150.0.0.0',NULL,'inventory/transaction',NULL,NULL,'2026-07-17 15:50:07','2026-07-17 15:50:07'),(221,2,'inventory_created','2026-07-17','15:50:36',1794,'Modules\\Inventory\\Models\\Inventory','172.18.0.1','WebKit','desktop','Windows','10.0','Chrome','150.0.0.0',NULL,'inventory/transaction',NULL,NULL,'2026-07-17 15:50:36','2026-07-17 15:50:36'),(222,2,'inventory_created','2026-07-17','16:00:41',1795,'Modules\\Inventory\\Models\\Inventory','172.18.0.1','WebKit','desktop','Windows','10.0','Chrome','150.0.0.0',NULL,'inventory/transaction',NULL,NULL,'2026-07-17 16:00:41','2026-07-17 16:00:41'),(223,2,'inventory_created','2026-07-17','16:03:38',1796,'Modules\\Inventory\\Models\\Inventory','172.18.0.1','WebKit','desktop','Windows','10.0','Chrome','150.0.0.0',NULL,'inventory/transaction',NULL,NULL,'2026-07-17 16:03:38','2026-07-17 16:03:38'),(224,2,'inventory_created','2026-07-17','16:09:30',1797,'Modules\\Inventory\\Models\\Inventory','172.18.0.1','WebKit','desktop','Windows','10.0','Chrome','150.0.0.0',NULL,'inventory/transaction',NULL,NULL,'2026-07-17 16:09:30','2026-07-17 16:09:30'),(225,2,'inventory_created','2026-07-17','16:09:49',1798,'Modules\\Inventory\\Models\\Inventory','172.18.0.1','WebKit','desktop','Windows','10.0','Chrome','150.0.0.0',NULL,'inventory/transaction',NULL,NULL,'2026-07-17 16:09:49','2026-07-17 16:09:49'),(226,2,'inventory_created','2026-07-17','16:28:03',1799,'Modules\\Inventory\\Models\\Inventory','172.18.0.1','WebKit','desktop','Windows','10.0','Chrome','150.0.0.0',NULL,'inventory/transaction',NULL,NULL,'2026-07-17 16:28:03','2026-07-17 16:28:03'),(227,2,'inventory_created','2026-07-17','16:31:16',1800,'Modules\\Inventory\\Models\\Inventory','172.18.0.1','WebKit','desktop','Windows','10.0','Chrome','150.0.0.0',NULL,'inventory/transaction',NULL,NULL,'2026-07-17 16:31:16','2026-07-17 16:31:16'),(228,2,'inventory_created','2026-07-17','16:36:21',1801,'Modules\\Inventory\\Models\\Inventory','172.18.0.1','WebKit','desktop','Windows','10.0','Chrome','150.0.0.0',NULL,'inventory/transaction',NULL,NULL,'2026-07-17 16:36:21','2026-07-17 16:36:21'),(229,2,'inventory_created','2026-07-17','16:45:54',1802,'Modules\\Inventory\\Models\\Inventory','172.18.0.1','WebKit','desktop','Windows','10.0','Chrome','150.0.0.0',NULL,'items',NULL,NULL,'2026-07-17 16:45:54','2026-07-17 16:45:54'),(230,2,'inventory_created','2026-07-17','16:46:16',1803,'Modules\\Inventory\\Models\\Inventory','172.18.0.1','WebKit','desktop','Windows','10.0','Chrome','150.0.0.0',NULL,'inventory/transaction',NULL,NULL,'2026-07-17 16:46:16','2026-07-17 16:46:16'),(231,2,'inventory_created','2026-07-17','16:52:37',1804,'Modules\\Inventory\\Models\\Inventory','172.18.0.1','WebKit','desktop','Windows','10.0','Chrome','150.0.0.0',NULL,'inventory/transaction',NULL,NULL,'2026-07-17 16:52:37','2026-07-17 16:52:37'),(232,2,'inventory_created','2026-07-17','16:59:45',1805,'Modules\\Inventory\\Models\\Inventory','172.18.0.1','WebKit','desktop','Windows','10.0','Chrome','150.0.0.0',NULL,'inventory/transaction',NULL,NULL,'2026-07-17 16:59:45','2026-07-17 16:59:45'),(233,2,'inventory_created','2026-07-17','17:08:54',1806,'Modules\\Inventory\\Models\\Inventory','172.18.0.1','WebKit','desktop','Windows','10.0','Chrome','150.0.0.0',NULL,'inventory/transaction',NULL,NULL,'2026-07-17 17:08:54','2026-07-17 17:08:54'),(234,2,'inventory_created','2026-07-17','17:12:34',1807,'Modules\\Inventory\\Models\\Inventory','172.18.0.1','WebKit','desktop','Windows','10.0','Chrome','150.0.0.0',NULL,'inventory/transaction',NULL,NULL,'2026-07-17 17:12:34','2026-07-17 17:12:34'),(235,2,'login','2026-07-17','19:08:40',2,'App\\Models\\Tenant\\User','38.250.151.144','WebKit','desktop','Windows','10.0','Chrome','149.0.0.0',NULL,NULL,NULL,'{\"country_name\":\"Peru\",\"country_code\":\"PE\",\"region_code\":\"SAM\",\"region_name\":\"San Mart\\u00edn Department\",\"city_name\":\"Moyobamba\",\"latitude\":\"-6.0347\",\"longitude\":\"-76.9748\",\"timezone\":\"America\\/Lima\"}','2026-07-17 19:08:40','2026-07-17 19:08:40'),(236,2,'login','2026-07-17','20:10:47',2,'App\\Models\\Tenant\\User','190.42.33.135','iPhone','phone','iOS','18_3_1','Safari','18.3',NULL,NULL,NULL,'{\"country_name\":\"Peru\",\"country_code\":\"PE\",\"region_code\":\"LAL\",\"region_name\":\"La Libertad\",\"city_name\":\"Trujillo\",\"latitude\":\"-8.1191\",\"longitude\":\"-79.0355\",\"timezone\":\"America\\/Lima\"}','2026-07-17 20:10:47','2026-07-17 20:10:47'),(237,3,'logout','2026-07-17','21:00:46',3,'App\\Models\\Tenant\\User','38.250.151.144','WebKit','desktop','Windows','10.0','Chrome','150.0.0.0',NULL,NULL,NULL,'{\"country_name\":\"Peru\",\"country_code\":\"PE\",\"region_code\":\"SAM\",\"region_name\":\"San Mart\\u00edn Department\",\"city_name\":\"Moyobamba\",\"latitude\":\"-6.0347\",\"longitude\":\"-76.9748\",\"timezone\":\"America\\/Lima\"}','2026-07-17 21:00:46','2026-07-17 21:00:46'),(238,3,'login','2026-07-18','07:47:49',3,'App\\Models\\Tenant\\User','38.250.151.142','WebKit','desktop','Windows','10.0','Chrome','150.0.0.0',NULL,NULL,NULL,'{\"country_name\":\"Peru\",\"country_code\":\"PE\",\"region_code\":\"SAM\",\"region_name\":\"San Mart\\u00edn Department\",\"city_name\":\"Moyobamba\",\"latitude\":\"-6.0347\",\"longitude\":\"-76.9748\",\"timezone\":\"America\\/Lima\"}','2026-07-18 07:47:49','2026-07-18 07:47:49'),(239,3,'module_access_error','2026-07-18','07:47:49',3,'App\\Models\\Tenant\\User','38.250.151.142','WebKit','desktop','Windows','10.0','Chrome','150.0.0.0',NULL,'documents',NULL,'{\"country_name\":\"Peru\",\"country_code\":\"PE\",\"region_code\":\"SAM\",\"region_name\":\"San Mart\\u00edn Department\",\"city_name\":\"Moyobamba\",\"latitude\":\"-6.0347\",\"longitude\":\"-76.9748\",\"timezone\":\"America\\/Lima\"}','2026-07-18 07:47:49','2026-07-18 07:47:49'),(240,2,'login','2026-07-18','08:19:45',2,'App\\Models\\Tenant\\User','190.232.201.92','WebKit','desktop','Windows','10.0','Chrome','150.0.0.0',NULL,NULL,NULL,'{\"country_name\":\"Peru\",\"country_code\":\"PE\",\"region_code\":\"LMA\",\"region_name\":\"Lima Province\",\"city_name\":\"Lima\",\"latitude\":\"-12.046\",\"longitude\":\"-77.0305\",\"timezone\":\"America\\/Lima\"}','2026-07-18 08:19:45','2026-07-18 08:19:45'),(241,2,'inventory_created','2026-07-18','09:07:50',1808,'Modules\\Inventory\\Models\\Inventory','172.18.0.1','WebKit','desktop','Windows','10.0','Chrome','150.0.0.0',NULL,'items',NULL,NULL,'2026-07-18 09:07:50','2026-07-18 09:07:50'),(242,2,'inventory_created','2026-07-18','09:30:52',1809,'Modules\\Inventory\\Models\\Inventory','172.18.0.1','WebKit','desktop','Windows','10.0','Chrome','150.0.0.0',NULL,'items',NULL,NULL,'2026-07-18 09:30:52','2026-07-18 09:30:52'),(243,2,'inventory_created','2026-07-18','10:16:01',1810,'Modules\\Inventory\\Models\\Inventory','172.18.0.1','WebKit','desktop','Windows','10.0','Chrome','150.0.0.0',NULL,'items',NULL,NULL,'2026-07-18 10:16:01','2026-07-18 10:16:01'),(244,2,'inventory_created','2026-07-18','10:23:36',1811,'Modules\\Inventory\\Models\\Inventory','172.18.0.1','WebKit','desktop','Windows','10.0','Chrome','150.0.0.0',NULL,'items',NULL,NULL,'2026-07-18 10:23:36','2026-07-18 10:23:36'),(245,2,'inventory_created','2026-07-18','10:32:22',1812,'Modules\\Inventory\\Models\\Inventory','172.18.0.1','WebKit','desktop','Windows','10.0','Chrome','150.0.0.0',NULL,'items',NULL,NULL,'2026-07-18 10:32:22','2026-07-18 10:32:22'),(246,2,'inventory_created','2026-07-18','10:52:48',1813,'Modules\\Inventory\\Models\\Inventory','172.18.0.1','WebKit','desktop','Windows','10.0','Chrome','150.0.0.0',NULL,'inventory/transaction',NULL,NULL,'2026-07-18 10:52:48','2026-07-18 10:52:48'),(247,2,'inventory_created','2026-07-18','10:57:19',1814,'Modules\\Inventory\\Models\\Inventory','172.18.0.1','WebKit','desktop','Windows','10.0','Chrome','150.0.0.0',NULL,'inventory/transaction',NULL,NULL,'2026-07-18 10:57:19','2026-07-18 10:57:19'),(248,2,'inventory_created','2026-07-18','10:57:37',1815,'Modules\\Inventory\\Models\\Inventory','172.18.0.1','WebKit','desktop','Windows','10.0','Chrome','150.0.0.0',NULL,'inventory/transaction',NULL,NULL,'2026-07-18 10:57:37','2026-07-18 10:57:37'),(249,2,'inventory_created','2026-07-18','10:57:53',1816,'Modules\\Inventory\\Models\\Inventory','172.18.0.1','WebKit','desktop','Windows','10.0','Chrome','150.0.0.0',NULL,'inventory/transaction',NULL,NULL,'2026-07-18 10:57:53','2026-07-18 10:57:53'),(250,2,'inventory_created','2026-07-18','11:08:31',1817,'Modules\\Inventory\\Models\\Inventory','172.18.0.1','WebKit','desktop','Windows','10.0','Chrome','150.0.0.0',NULL,'items',NULL,NULL,'2026-07-18 11:08:31','2026-07-18 11:08:31'),(251,2,'inventory_created','2026-07-18','11:23:46',1818,'Modules\\Inventory\\Models\\Inventory','172.18.0.1','WebKit','desktop','Windows','10.0','Chrome','150.0.0.0',NULL,'items',NULL,NULL,'2026-07-18 11:23:46','2026-07-18 11:23:46'),(252,2,'inventory_created','2026-07-18','11:28:45',1819,'Modules\\Inventory\\Models\\Inventory','172.18.0.1','WebKit','desktop','Windows','10.0','Chrome','150.0.0.0',NULL,'inventory/transaction',NULL,NULL,'2026-07-18 11:28:45','2026-07-18 11:28:45'),(253,2,'inventory_created','2026-07-18','11:29:01',1820,'Modules\\Inventory\\Models\\Inventory','172.18.0.1','WebKit','desktop','Windows','10.0','Chrome','150.0.0.0',NULL,'inventory/transaction',NULL,NULL,'2026-07-18 11:29:01','2026-07-18 11:29:01'),(254,2,'inventory_created','2026-07-18','11:32:38',1821,'Modules\\Inventory\\Models\\Inventory','172.18.0.1','WebKit','desktop','Windows','10.0','Chrome','150.0.0.0',NULL,'items',NULL,NULL,'2026-07-18 11:32:38','2026-07-18 11:32:38'),(255,2,'inventory_created','2026-07-18','12:05:37',1822,'Modules\\Inventory\\Models\\Inventory','172.18.0.1','WebKit','desktop','Windows','10.0','Chrome','150.0.0.0',NULL,'items',NULL,NULL,'2026-07-18 12:05:37','2026-07-18 12:05:37'),(256,2,'inventory_created','2026-07-18','12:12:37',1823,'Modules\\Inventory\\Models\\Inventory','172.18.0.1','WebKit','desktop','Windows','10.0','Chrome','150.0.0.0',NULL,'items',NULL,NULL,'2026-07-18 12:12:37','2026-07-18 12:12:37'),(257,2,'inventory_created','2026-07-18','12:15:34',1824,'Modules\\Inventory\\Models\\Inventory','172.18.0.1','WebKit','desktop','Windows','10.0','Chrome','150.0.0.0',NULL,'items',NULL,NULL,'2026-07-18 12:15:34','2026-07-18 12:15:34'),(258,2,'inventory_created','2026-07-18','12:19:09',1825,'Modules\\Inventory\\Models\\Inventory','172.18.0.1','WebKit','desktop','Windows','10.0','Chrome','150.0.0.0',NULL,'items',NULL,NULL,'2026-07-18 12:19:09','2026-07-18 12:19:09'),(259,2,'inventory_created','2026-07-18','12:53:38',1826,'Modules\\Inventory\\Models\\Inventory','172.18.0.1','WebKit','desktop','Windows','10.0','Chrome','150.0.0.0',NULL,'items',NULL,NULL,'2026-07-18 12:53:38','2026-07-18 12:53:38'),(260,2,'login','2026-07-18','13:22:36',2,'App\\Models\\Tenant\\User','190.232.201.92','iPhone','phone','iOS','18_3_1','Safari','18.3',NULL,NULL,NULL,'{\"country_name\":\"Peru\",\"country_code\":\"PE\",\"region_code\":\"LMA\",\"region_name\":\"Lima Province\",\"city_name\":\"Lima\",\"latitude\":\"-12.046\",\"longitude\":\"-77.0305\",\"timezone\":\"America\\/Lima\"}','2026-07-18 13:22:36','2026-07-18 13:22:36'),(261,3,'logout','2026-07-18','14:04:10',3,'App\\Models\\Tenant\\User','38.250.151.142','WebKit','desktop','Windows','10.0','Chrome','150.0.0.0',NULL,NULL,NULL,'{\"country_name\":\"Peru\",\"country_code\":\"PE\",\"region_code\":\"SAM\",\"region_name\":\"San Mart\\u00edn Department\",\"city_name\":\"Moyobamba\",\"latitude\":\"-6.0347\",\"longitude\":\"-76.9748\",\"timezone\":\"America\\/Lima\"}','2026-07-18 14:04:10','2026-07-18 14:04:10'),(262,4,'login','2026-07-18','14:15:54',4,'App\\Models\\Tenant\\User','38.250.151.142','WebKit','desktop','Windows','10.0','Chrome','150.0.0.0',NULL,NULL,NULL,'{\"country_name\":\"Peru\",\"country_code\":\"PE\",\"region_code\":\"SAM\",\"region_name\":\"San Mart\\u00edn Department\",\"city_name\":\"Moyobamba\",\"latitude\":\"-6.0347\",\"longitude\":\"-76.9748\",\"timezone\":\"America\\/Lima\"}','2026-07-18 14:15:54','2026-07-18 14:15:54'),(263,4,'module_access_error','2026-07-18','14:15:55',4,'App\\Models\\Tenant\\User','38.250.151.142','WebKit','desktop','Windows','10.0','Chrome','150.0.0.0',NULL,'documents',NULL,'{\"country_name\":\"Peru\",\"country_code\":\"PE\",\"region_code\":\"SAM\",\"region_name\":\"San Mart\\u00edn Department\",\"city_name\":\"Moyobamba\",\"latitude\":\"-6.0347\",\"longitude\":\"-76.9748\",\"timezone\":\"America\\/Lima\"}','2026-07-18 14:15:55','2026-07-18 14:15:55'),(264,4,'logout','2026-07-18','21:09:46',4,'App\\Models\\Tenant\\User','38.250.151.142','WebKit','desktop','Windows','10.0','Chrome','150.0.0.0',NULL,NULL,NULL,'{\"country_name\":\"Peru\",\"country_code\":\"PE\",\"region_code\":\"SAM\",\"region_name\":\"San Mart\\u00edn Department\",\"city_name\":\"Moyobamba\",\"latitude\":\"-6.0347\",\"longitude\":\"-76.9748\",\"timezone\":\"America\\/Lima\"}','2026-07-18 21:09:46','2026-07-18 21:09:46'),(265,2,'login','2026-07-18','22:02:01',2,'App\\Models\\Tenant\\User','179.6.81.77','WebKit','desktop','Windows','10.0','Chrome','150.0.0.0',NULL,NULL,NULL,'{\"country_name\":\"Peru\",\"country_code\":\"PE\",\"region_code\":\"LAL\",\"region_name\":\"La Libertad\",\"city_name\":\"Trujillo\",\"latitude\":\"-8.1191\",\"longitude\":\"-79.0355\",\"timezone\":\"America\\/Lima\"}','2026-07-18 22:02:01','2026-07-18 22:02:01'),(266,4,'login','2026-07-19','07:37:17',4,'App\\Models\\Tenant\\User','179.6.81.181','WebKit','phone','AndroidOS','10','Chrome','137.0.0.0',NULL,NULL,NULL,'{\"country_name\":\"Peru\",\"country_code\":\"PE\",\"region_code\":\"LAL\",\"region_name\":\"La Libertad\",\"city_name\":\"Trujillo\",\"latitude\":\"-8.1191\",\"longitude\":\"-79.0355\",\"timezone\":\"America\\/Lima\"}','2026-07-19 07:37:17','2026-07-19 07:37:17'),(267,4,'module_access_error','2026-07-19','07:37:17',4,'App\\Models\\Tenant\\User','179.6.81.181','WebKit','phone','AndroidOS','10','Chrome','137.0.0.0',NULL,'documents',NULL,'{\"country_name\":\"Peru\",\"country_code\":\"PE\",\"region_code\":\"LAL\",\"region_name\":\"La Libertad\",\"city_name\":\"Trujillo\",\"latitude\":\"-8.1191\",\"longitude\":\"-79.0355\",\"timezone\":\"America\\/Lima\"}','2026-07-19 07:37:17','2026-07-19 07:37:17'),(268,4,'login','2026-07-19','09:28:33',4,'App\\Models\\Tenant\\User','38.250.151.140','WebKit','desktop','Windows','10.0','Chrome','150.0.0.0',NULL,NULL,NULL,'{\"country_name\":\"Peru\",\"country_code\":\"PE\",\"region_code\":\"SAM\",\"region_name\":\"San Mart\\u00edn Department\",\"city_name\":\"Moyobamba\",\"latitude\":\"-6.0347\",\"longitude\":\"-76.9748\",\"timezone\":\"America\\/Lima\"}','2026-07-19 09:28:33','2026-07-19 09:28:33'),(269,4,'module_access_error','2026-07-19','09:28:33',4,'App\\Models\\Tenant\\User','38.250.151.140','WebKit','desktop','Windows','10.0','Chrome','150.0.0.0',NULL,'documents',NULL,'{\"country_name\":\"Peru\",\"country_code\":\"PE\",\"region_code\":\"SAM\",\"region_name\":\"San Mart\\u00edn Department\",\"city_name\":\"Moyobamba\",\"latitude\":\"-6.0347\",\"longitude\":\"-76.9748\",\"timezone\":\"America\\/Lima\"}','2026-07-19 09:28:33','2026-07-19 09:28:33'),(270,2,'login','2026-07-19','10:42:21',2,'App\\Models\\Tenant\\User','38.250.151.140','WebKit','desktop','Windows','10.0','Chrome','150.0.0.0',NULL,NULL,NULL,'{\"country_name\":\"Peru\",\"country_code\":\"PE\",\"region_code\":\"SAM\",\"region_name\":\"San Mart\\u00edn Department\",\"city_name\":\"Moyobamba\",\"latitude\":\"-6.0347\",\"longitude\":\"-76.9748\",\"timezone\":\"America\\/Lima\"}','2026-07-19 10:42:21','2026-07-19 10:42:21'),(271,1,'login','2026-07-19','10:54:13',1,'App\\Models\\Tenant\\User','179.6.26.113','WebKit','desktop','Windows','10.0','Chrome','150.0.0.0',NULL,NULL,NULL,'{\"country_name\":\"Peru\",\"country_code\":\"PE\",\"region_code\":\"LMA\",\"region_name\":\"Lima Province\",\"city_name\":\"Lima\",\"latitude\":\"-12.046\",\"longitude\":\"-77.0305\",\"timezone\":\"America\\/Lima\"}','2026-07-19 10:54:13','2026-07-19 10:54:13'),(272,2,'login','2026-07-19','11:04:02',2,'App\\Models\\Tenant\\User','38.250.151.140','WebKit','desktop','Windows','10.0','Chrome','150.0.0.0',NULL,NULL,NULL,'{\"country_name\":\"Peru\",\"country_code\":\"PE\",\"region_code\":\"SAM\",\"region_name\":\"San Mart\\u00edn Department\",\"city_name\":\"Moyobamba\",\"latitude\":\"-6.0347\",\"longitude\":\"-76.9748\",\"timezone\":\"America\\/Lima\"}','2026-07-19 11:04:02','2026-07-19 11:04:02'),(273,2,'login','2026-07-19','13:29:12',2,'App\\Models\\Tenant\\User','38.250.151.140','iPhone','phone','iOS','18_3_1','Safari','18.3',NULL,NULL,NULL,'{\"country_name\":\"Peru\",\"country_code\":\"PE\",\"region_code\":\"SAM\",\"region_name\":\"San Mart\\u00edn Department\",\"city_name\":\"Moyobamba\",\"latitude\":\"-6.0347\",\"longitude\":\"-76.9748\",\"timezone\":\"America\\/Lima\"}','2026-07-19 13:29:12','2026-07-19 13:29:12'),(274,4,'logout','2026-07-19','14:04:30',4,'App\\Models\\Tenant\\User','38.250.151.140','WebKit','desktop','Windows','10.0','Chrome','150.0.0.0',NULL,NULL,NULL,'{\"country_name\":\"Peru\",\"country_code\":\"PE\",\"region_code\":\"SAM\",\"region_name\":\"San Mart\\u00edn Department\",\"city_name\":\"Moyobamba\",\"latitude\":\"-6.0347\",\"longitude\":\"-76.9748\",\"timezone\":\"America\\/Lima\"}','2026-07-19 14:04:30','2026-07-19 14:04:30'),(275,3,'login','2026-07-19','14:11:15',3,'App\\Models\\Tenant\\User','38.250.151.140','WebKit','desktop','Windows','10.0','Chrome','150.0.0.0',NULL,NULL,NULL,'{\"country_name\":\"Peru\",\"country_code\":\"PE\",\"region_code\":\"SAM\",\"region_name\":\"San Mart\\u00edn Department\",\"city_name\":\"Moyobamba\",\"latitude\":\"-6.0347\",\"longitude\":\"-76.9748\",\"timezone\":\"America\\/Lima\"}','2026-07-19 14:11:15','2026-07-19 14:11:15'),(276,3,'module_access_error','2026-07-19','14:11:15',3,'App\\Models\\Tenant\\User','38.250.151.140','WebKit','desktop','Windows','10.0','Chrome','150.0.0.0',NULL,'documents',NULL,'{\"country_name\":\"Peru\",\"country_code\":\"PE\",\"region_code\":\"SAM\",\"region_name\":\"San Mart\\u00edn Department\",\"city_name\":\"Moyobamba\",\"latitude\":\"-6.0347\",\"longitude\":\"-76.9748\",\"timezone\":\"America\\/Lima\"}','2026-07-19 14:11:15','2026-07-19 14:11:15'),(277,3,'logout','2026-07-19','21:02:47',3,'App\\Models\\Tenant\\User','38.250.151.140','WebKit','desktop','Windows','10.0','Chrome','150.0.0.0',NULL,NULL,NULL,'{\"country_name\":\"Peru\",\"country_code\":\"PE\",\"region_code\":\"SAM\",\"region_name\":\"San Mart\\u00edn Department\",\"city_name\":\"Moyobamba\",\"latitude\":\"-6.0347\",\"longitude\":\"-76.9748\",\"timezone\":\"America\\/Lima\"}','2026-07-19 21:02:47','2026-07-19 21:02:47'),(278,3,'login','2026-07-20','07:05:37',3,'App\\Models\\Tenant\\User','38.250.151.140','WebKit','desktop','Windows','10.0','Chrome','150.0.0.0',NULL,NULL,NULL,'{\"country_name\":\"Peru\",\"country_code\":\"PE\",\"region_code\":\"SAM\",\"region_name\":\"San Mart\\u00edn Department\",\"city_name\":\"Moyobamba\",\"latitude\":\"-6.0347\",\"longitude\":\"-76.9748\",\"timezone\":\"America\\/Lima\"}','2026-07-20 07:05:37','2026-07-20 07:05:37'),(279,3,'module_access_error','2026-07-20','07:05:37',3,'App\\Models\\Tenant\\User','38.250.151.140','WebKit','desktop','Windows','10.0','Chrome','150.0.0.0',NULL,'documents',NULL,'{\"country_name\":\"Peru\",\"country_code\":\"PE\",\"region_code\":\"SAM\",\"region_name\":\"San Mart\\u00edn Department\",\"city_name\":\"Moyobamba\",\"latitude\":\"-6.0347\",\"longitude\":\"-76.9748\",\"timezone\":\"America\\/Lima\"}','2026-07-20 07:05:37','2026-07-20 07:05:37'),(280,2,'login','2026-07-20','11:15:05',2,'App\\Models\\Tenant\\User','38.250.151.140','WebKit','desktop','Windows','10.0','Chrome','150.0.0.0',NULL,NULL,NULL,'{\"country_name\":\"Peru\",\"country_code\":\"PE\",\"region_code\":\"SAM\",\"region_name\":\"San Mart\\u00edn Department\",\"city_name\":\"Moyobamba\",\"latitude\":\"-6.0347\",\"longitude\":\"-76.9748\",\"timezone\":\"America\\/Lima\"}','2026-07-20 11:15:05','2026-07-20 11:15:05'),(281,2,'inventory_created','2026-07-20','11:19:59',1827,'Modules\\Inventory\\Models\\Inventory','172.18.0.1','WebKit','desktop','Windows','10.0','Chrome','150.0.0.0',NULL,'inventory/transaction',NULL,NULL,'2026-07-20 11:19:59','2026-07-20 11:19:59'),(282,2,'inventory_created','2026-07-20','11:50:31',1828,'Modules\\Inventory\\Models\\Inventory','172.18.0.1','WebKit','desktop','Windows','10.0','Chrome','150.0.0.0',NULL,'inventory/transaction',NULL,NULL,'2026-07-20 11:50:31','2026-07-20 11:50:31'),(283,2,'inventory_created','2026-07-20','11:59:12',1829,'Modules\\Inventory\\Models\\Inventory','172.18.0.1','WebKit','desktop','Windows','10.0','Chrome','150.0.0.0',NULL,'inventory/transaction',NULL,NULL,'2026-07-20 11:59:12','2026-07-20 11:59:12'),(284,2,'inventory_created','2026-07-20','12:24:22',1830,'Modules\\Inventory\\Models\\Inventory','172.18.0.1','WebKit','desktop','Windows','10.0','Chrome','150.0.0.0',NULL,'inventory/transaction',NULL,NULL,'2026-07-20 12:24:22','2026-07-20 12:24:22'),(285,2,'inventory_created','2026-07-20','12:28:23',1831,'Modules\\Inventory\\Models\\Inventory','172.18.0.1','WebKit','desktop','Windows','10.0','Chrome','150.0.0.0',NULL,'inventory/transaction',NULL,NULL,'2026-07-20 12:28:23','2026-07-20 12:28:23'),(286,2,'inventory_created','2026-07-20','12:28:52',1832,'Modules\\Inventory\\Models\\Inventory','172.18.0.1','WebKit','desktop','Windows','10.0','Chrome','150.0.0.0',NULL,'inventory/transaction',NULL,NULL,'2026-07-20 12:28:52','2026-07-20 12:28:52'),(287,2,'inventory_created','2026-07-20','12:30:17',1833,'Modules\\Inventory\\Models\\Inventory','172.18.0.1','WebKit','desktop','Windows','10.0','Chrome','150.0.0.0',NULL,'inventory/transaction',NULL,NULL,'2026-07-20 12:30:17','2026-07-20 12:30:17'),(288,2,'login','2026-07-20','12:37:14',2,'App\\Models\\Tenant\\User','38.250.151.140','WebKit','phone','AndroidOS','10','Chrome','134.0.0.0',NULL,NULL,NULL,'{\"country_name\":\"Peru\",\"country_code\":\"PE\",\"region_code\":\"SAM\",\"region_name\":\"San Mart\\u00edn Department\",\"city_name\":\"Moyobamba\",\"latitude\":\"-6.0347\",\"longitude\":\"-76.9748\",\"timezone\":\"America\\/Lima\"}','2026-07-20 12:37:14','2026-07-20 12:37:14'),(289,3,'logout','2026-07-20','14:07:01',3,'App\\Models\\Tenant\\User','38.250.151.140','WebKit','desktop','Windows','10.0','Chrome','150.0.0.0',NULL,NULL,NULL,'{\"country_name\":\"Peru\",\"country_code\":\"PE\",\"region_code\":\"SAM\",\"region_name\":\"San Mart\\u00edn Department\",\"city_name\":\"Moyobamba\",\"latitude\":\"-6.0347\",\"longitude\":\"-76.9748\",\"timezone\":\"America\\/Lima\"}','2026-07-20 14:07:01','2026-07-20 14:07:01'),(290,4,'login','2026-07-20','14:21:07',4,'App\\Models\\Tenant\\User','38.250.151.140','WebKit','desktop','Windows','10.0','Chrome','150.0.0.0',NULL,NULL,NULL,'{\"country_name\":\"Peru\",\"country_code\":\"PE\",\"region_code\":\"SAM\",\"region_name\":\"San Mart\\u00edn Department\",\"city_name\":\"Moyobamba\",\"latitude\":\"-6.0347\",\"longitude\":\"-76.9748\",\"timezone\":\"America\\/Lima\"}','2026-07-20 14:21:07','2026-07-20 14:21:07'),(291,4,'module_access_error','2026-07-20','14:21:07',4,'App\\Models\\Tenant\\User','38.250.151.140','WebKit','desktop','Windows','10.0','Chrome','150.0.0.0',NULL,'documents',NULL,'{\"country_name\":\"Peru\",\"country_code\":\"PE\",\"region_code\":\"SAM\",\"region_name\":\"San Mart\\u00edn Department\",\"city_name\":\"Moyobamba\",\"latitude\":\"-6.0347\",\"longitude\":\"-76.9748\",\"timezone\":\"America\\/Lima\"}','2026-07-20 14:21:07','2026-07-20 14:21:07'),(292,2,'login','2026-07-20','20:15:42',2,'App\\Models\\Tenant\\User','190.236.28.169','iPhone','phone','iOS','18_3_1','Safari','18.3',NULL,NULL,NULL,'{\"country_name\":\"Peru\",\"country_code\":\"PE\",\"region_code\":\"LAL\",\"region_name\":\"La Libertad\",\"city_name\":\"Trujillo\",\"latitude\":\"-8.1191\",\"longitude\":\"-79.0355\",\"timezone\":\"America\\/Lima\"}','2026-07-20 20:15:42','2026-07-20 20:15:42'),(293,4,'logout','2026-07-20','21:03:41',4,'App\\Models\\Tenant\\User','38.250.151.140','WebKit','desktop','Windows','10.0','Chrome','150.0.0.0',NULL,NULL,NULL,'{\"country_name\":\"Peru\",\"country_code\":\"PE\",\"region_code\":\"SAM\",\"region_name\":\"San Mart\\u00edn Department\",\"city_name\":\"Moyobamba\",\"latitude\":\"-6.0347\",\"longitude\":\"-76.9748\",\"timezone\":\"America\\/Lima\"}','2026-07-20 21:03:41','2026-07-20 21:03:41'),(294,2,'login','2026-07-21','07:15:42',2,'App\\Models\\Tenant\\User','190.119.177.12','WebKit','desktop','Windows','10.0','Chrome','150.0.0.0',NULL,NULL,NULL,'{\"country_name\":\"Peru\",\"country_code\":\"PE\",\"region_code\":\"LMA\",\"region_name\":\"Lima Province\",\"city_name\":\"Lima\",\"latitude\":\"-12.046\",\"longitude\":\"-77.0305\",\"timezone\":\"America\\/Lima\"}','2026-07-21 07:15:42','2026-07-21 07:15:42'),(295,4,'login','2026-07-21','08:15:35',4,'App\\Models\\Tenant\\User','179.6.81.181','WebKit','phone','AndroidOS','10','Chrome','137.0.0.0',NULL,NULL,NULL,'{\"country_name\":\"Peru\",\"country_code\":\"PE\",\"region_code\":\"LAL\",\"region_name\":\"La Libertad\",\"city_name\":\"Trujillo\",\"latitude\":\"-8.1191\",\"longitude\":\"-79.0355\",\"timezone\":\"America\\/Lima\"}','2026-07-21 08:15:35','2026-07-21 08:15:35'),(296,4,'module_access_error','2026-07-21','08:15:36',4,'App\\Models\\Tenant\\User','179.6.81.181','WebKit','phone','AndroidOS','10','Chrome','137.0.0.0',NULL,'documents',NULL,'{\"country_name\":\"Peru\",\"country_code\":\"PE\",\"region_code\":\"LAL\",\"region_name\":\"La Libertad\",\"city_name\":\"Trujillo\",\"latitude\":\"-8.1191\",\"longitude\":\"-79.0355\",\"timezone\":\"America\\/Lima\"}','2026-07-21 08:15:36','2026-07-21 08:15:36'),(297,4,'login','2026-07-21','08:18:30',4,'App\\Models\\Tenant\\User','38.250.151.158','WebKit','desktop','Windows','10.0','Chrome','150.0.0.0',NULL,NULL,NULL,'{\"country_name\":\"Peru\",\"country_code\":\"PE\",\"region_code\":\"SAM\",\"region_name\":\"San Mart\\u00edn Department\",\"city_name\":\"Moyobamba\",\"latitude\":\"-6.0347\",\"longitude\":\"-76.9748\",\"timezone\":\"America\\/Lima\"}','2026-07-21 08:18:30','2026-07-21 08:18:30'),(298,4,'module_access_error','2026-07-21','08:18:30',4,'App\\Models\\Tenant\\User','38.250.151.158','WebKit','desktop','Windows','10.0','Chrome','150.0.0.0',NULL,'documents',NULL,'{\"country_name\":\"Peru\",\"country_code\":\"PE\",\"region_code\":\"SAM\",\"region_name\":\"San Mart\\u00edn Department\",\"city_name\":\"Moyobamba\",\"latitude\":\"-6.0347\",\"longitude\":\"-76.9748\",\"timezone\":\"America\\/Lima\"}','2026-07-21 08:18:30','2026-07-21 08:18:30'),(299,2,'login','2026-07-21','08:40:09',2,'App\\Models\\Tenant\\User','38.250.151.158','WebKit','desktop','Windows','10.0','Chrome','150.0.0.0',NULL,NULL,NULL,'{\"country_name\":\"Peru\",\"country_code\":\"PE\",\"region_code\":\"SAM\",\"region_name\":\"San Mart\\u00edn Department\",\"city_name\":\"Moyobamba\",\"latitude\":\"-6.0347\",\"longitude\":\"-76.9748\",\"timezone\":\"America\\/Lima\"}','2026-07-21 08:40:09','2026-07-21 08:40:09'),(300,2,'inventory_created','2026-07-21','08:54:12',1834,'Modules\\Inventory\\Models\\Inventory','172.18.0.1','WebKit','desktop','Windows','10.0','Chrome','150.0.0.0',NULL,'inventory/transaction',NULL,NULL,'2026-07-21 08:54:12','2026-07-21 08:54:12'),(301,2,'inventory_created','2026-07-21','09:23:26',1835,'Modules\\Inventory\\Models\\Inventory','172.18.0.1','WebKit','desktop','Windows','10.0','Chrome','150.0.0.0',NULL,'items',NULL,NULL,'2026-07-21 09:23:26','2026-07-21 09:23:26'),(302,2,'inventory_created','2026-07-21','10:24:59',1836,'Modules\\Inventory\\Models\\Inventory','172.18.0.1','WebKit','desktop','Windows','10.0','Chrome','150.0.0.0',NULL,'inventory/transaction',NULL,NULL,'2026-07-21 10:24:59','2026-07-21 10:24:59'),(303,2,'inventory_created','2026-07-21','10:34:12',1837,'Modules\\Inventory\\Models\\Inventory','172.18.0.1','WebKit','desktop','Windows','10.0','Chrome','150.0.0.0',NULL,'items',NULL,NULL,'2026-07-21 10:34:12','2026-07-21 10:34:12'),(304,1,'login','2026-07-21','13:13:55',1,'App\\Models\\Tenant\\User','179.6.26.113','WebKit','desktop','Windows','10.0','Chrome','150.0.0.0',NULL,NULL,NULL,'{\"country_name\":\"Peru\",\"country_code\":\"PE\",\"region_code\":\"LMA\",\"region_name\":\"Lima Province\",\"city_name\":\"Lima\",\"latitude\":\"-12.046\",\"longitude\":\"-77.0305\",\"timezone\":\"America\\/Lima\"}','2026-07-21 13:13:55','2026-07-21 13:13:55'),(305,2,'login','2026-07-21','14:00:17',2,'App\\Models\\Tenant\\User','38.250.151.158','iPhone','phone','iOS','18_3_1','Safari','18.3',NULL,NULL,NULL,'{\"country_name\":\"Peru\",\"country_code\":\"PE\",\"region_code\":\"SAM\",\"region_name\":\"San Mart\\u00edn Department\",\"city_name\":\"Moyobamba\",\"latitude\":\"-6.0347\",\"longitude\":\"-76.9748\",\"timezone\":\"America\\/Lima\"}','2026-07-21 14:00:17','2026-07-21 14:00:17'),(306,4,'logout','2026-07-21','14:07:24',4,'App\\Models\\Tenant\\User','38.250.151.158','WebKit','desktop','Windows','10.0','Chrome','150.0.0.0',NULL,NULL,NULL,'{\"country_name\":\"Peru\",\"country_code\":\"PE\",\"region_code\":\"SAM\",\"region_name\":\"San Mart\\u00edn Department\",\"city_name\":\"Moyobamba\",\"latitude\":\"-6.0347\",\"longitude\":\"-76.9748\",\"timezone\":\"America\\/Lima\"}','2026-07-21 14:07:24','2026-07-21 14:07:24'),(307,3,'login','2026-07-21','14:11:21',3,'App\\Models\\Tenant\\User','38.250.151.158','WebKit','desktop','Windows','10.0','Chrome','150.0.0.0',NULL,NULL,NULL,'{\"country_name\":\"Peru\",\"country_code\":\"PE\",\"region_code\":\"SAM\",\"region_name\":\"San Mart\\u00edn Department\",\"city_name\":\"Moyobamba\",\"latitude\":\"-6.0347\",\"longitude\":\"-76.9748\",\"timezone\":\"America\\/Lima\"}','2026-07-21 14:11:21','2026-07-21 14:11:21'),(308,3,'module_access_error','2026-07-21','14:11:21',3,'App\\Models\\Tenant\\User','38.250.151.158','WebKit','desktop','Windows','10.0','Chrome','150.0.0.0',NULL,'documents',NULL,'{\"country_name\":\"Peru\",\"country_code\":\"PE\",\"region_code\":\"SAM\",\"region_name\":\"San Mart\\u00edn Department\",\"city_name\":\"Moyobamba\",\"latitude\":\"-6.0347\",\"longitude\":\"-76.9748\",\"timezone\":\"America\\/Lima\"}','2026-07-21 14:11:21','2026-07-21 14:11:21'),(309,2,'inventory_created','2026-07-21','14:45:47',1838,'Modules\\Inventory\\Models\\Inventory','172.18.0.1','WebKit','desktop','Windows','10.0','Chrome','150.0.0.0',NULL,'items',NULL,NULL,'2026-07-21 14:45:47','2026-07-21 14:45:47'),(310,2,'inventory_created','2026-07-21','16:56:07',1839,'Modules\\Inventory\\Models\\Inventory','172.18.0.1','WebKit','desktop','Windows','10.0','Chrome','150.0.0.0',NULL,'items',NULL,NULL,'2026-07-21 16:56:07','2026-07-21 16:56:07'),(311,2,'inventory_created','2026-07-21','17:19:42',1840,'Modules\\Inventory\\Models\\Inventory','172.18.0.1','WebKit','desktop','Windows','10.0','Chrome','150.0.0.0',NULL,'inventory/transaction',NULL,NULL,'2026-07-21 17:19:42','2026-07-21 17:19:42'),(312,3,'module_access_error','2026-07-21','18:33:40',3,'App\\Models\\Tenant\\User','38.250.151.156','WebKit','desktop','Windows','10.0','Chrome','150.0.0.0',NULL,'documents',NULL,'{\"country_name\":\"Peru\",\"country_code\":\"PE\",\"region_code\":\"SAM\",\"region_name\":\"San Mart\\u00edn Department\",\"city_name\":\"Moyobamba\",\"latitude\":\"-6.0347\",\"longitude\":\"-76.9748\",\"timezone\":\"America\\/Lima\"}','2026-07-21 18:33:40','2026-07-21 18:33:40'),(313,1,'login','2026-07-21','18:39:24',1,'App\\Models\\Tenant\\User','179.6.26.113','WebKit','desktop','Windows','10.0','Chrome','150.0.0.0',NULL,NULL,NULL,'{\"country_name\":\"Peru\",\"country_code\":\"PE\",\"region_code\":\"LMA\",\"region_name\":\"Lima Province\",\"city_name\":\"Lima\",\"latitude\":\"-12.046\",\"longitude\":\"-77.0305\",\"timezone\":\"America\\/Lima\"}','2026-07-21 18:39:24','2026-07-21 18:39:24'),(314,3,'logout','2026-07-21','21:01:51',3,'App\\Models\\Tenant\\User','38.250.151.156','WebKit','desktop','Windows','10.0','Chrome','150.0.0.0',NULL,NULL,NULL,'{\"country_name\":\"Peru\",\"country_code\":\"PE\",\"region_code\":\"SAM\",\"region_name\":\"San Mart\\u00edn Department\",\"city_name\":\"Moyobamba\",\"latitude\":\"-6.0347\",\"longitude\":\"-76.9748\",\"timezone\":\"America\\/Lima\"}','2026-07-21 21:01:51','2026-07-21 21:01:51'),(315,3,'login','2026-07-22','07:11:43',3,'App\\Models\\Tenant\\User','38.250.151.134','WebKit','desktop','Windows','10.0','Chrome','150.0.0.0',NULL,NULL,NULL,'{\"country_name\":\"Peru\",\"country_code\":\"PE\",\"region_code\":\"SAM\",\"region_name\":\"San Mart\\u00edn Department\",\"city_name\":\"Moyobamba\",\"latitude\":\"-6.0347\",\"longitude\":\"-76.9748\",\"timezone\":\"America\\/Lima\"}','2026-07-22 07:11:43','2026-07-22 07:11:43'),(316,3,'module_access_error','2026-07-22','07:11:44',3,'App\\Models\\Tenant\\User','38.250.151.134','WebKit','desktop','Windows','10.0','Chrome','150.0.0.0',NULL,'documents',NULL,'{\"country_name\":\"Peru\",\"country_code\":\"PE\",\"region_code\":\"SAM\",\"region_name\":\"San Mart\\u00edn Department\",\"city_name\":\"Moyobamba\",\"latitude\":\"-6.0347\",\"longitude\":\"-76.9748\",\"timezone\":\"America\\/Lima\"}','2026-07-22 07:11:44','2026-07-22 07:11:44'),(317,2,'login','2026-07-22','13:44:28',2,'App\\Models\\Tenant\\User','38.250.151.134','WebKit','phone','AndroidOS','10','Chrome','134.0.0.0',NULL,NULL,NULL,'{\"country_name\":\"Peru\",\"country_code\":\"PE\",\"region_code\":\"SAM\",\"region_name\":\"San Mart\\u00edn Department\",\"city_name\":\"Moyobamba\",\"latitude\":\"-6.0347\",\"longitude\":\"-76.9748\",\"timezone\":\"America\\/Lima\"}','2026-07-22 13:44:28','2026-07-22 13:44:28'),(318,3,'logout','2026-07-22','14:03:18',3,'App\\Models\\Tenant\\User','38.250.151.134','WebKit','desktop','Windows','10.0','Chrome','150.0.0.0',NULL,NULL,NULL,'{\"country_name\":\"Peru\",\"country_code\":\"PE\",\"region_code\":\"SAM\",\"region_name\":\"San Mart\\u00edn Department\",\"city_name\":\"Moyobamba\",\"latitude\":\"-6.0347\",\"longitude\":\"-76.9748\",\"timezone\":\"America\\/Lima\"}','2026-07-22 14:03:18','2026-07-22 14:03:18'),(319,4,'login','2026-07-22','14:12:08',4,'App\\Models\\Tenant\\User','38.250.151.134','WebKit','desktop','Windows','10.0','Chrome','150.0.0.0',NULL,NULL,NULL,'{\"country_name\":\"Peru\",\"country_code\":\"PE\",\"region_code\":\"SAM\",\"region_name\":\"San Mart\\u00edn Department\",\"city_name\":\"Moyobamba\",\"latitude\":\"-6.0347\",\"longitude\":\"-76.9748\",\"timezone\":\"America\\/Lima\"}','2026-07-22 14:12:08','2026-07-22 14:12:08'),(320,4,'module_access_error','2026-07-22','14:12:08',4,'App\\Models\\Tenant\\User','38.250.151.134','WebKit','desktop','Windows','10.0','Chrome','150.0.0.0',NULL,'documents',NULL,'{\"country_name\":\"Peru\",\"country_code\":\"PE\",\"region_code\":\"SAM\",\"region_name\":\"San Mart\\u00edn Department\",\"city_name\":\"Moyobamba\",\"latitude\":\"-6.0347\",\"longitude\":\"-76.9748\",\"timezone\":\"America\\/Lima\"}','2026-07-22 14:12:08','2026-07-22 14:12:08'),(321,2,'login','2026-07-22','20:52:43',2,'App\\Models\\Tenant\\User','190.237.11.249','iPhone','phone','iOS','18_3_1','Safari','18.3',NULL,NULL,NULL,'{\"country_name\":\"Peru\",\"country_code\":\"PE\",\"region_code\":\"LMA\",\"region_name\":\"Lima Province\",\"city_name\":\"Lima\",\"latitude\":\"-12.046\",\"longitude\":\"-77.0305\",\"timezone\":\"America\\/Lima\"}','2026-07-22 20:52:43','2026-07-22 20:52:43'),(322,4,'logout','2026-07-22','21:03:49',4,'App\\Models\\Tenant\\User','38.250.151.134','WebKit','desktop','Windows','10.0','Chrome','150.0.0.0',NULL,NULL,NULL,'{\"country_name\":\"Peru\",\"country_code\":\"PE\",\"region_code\":\"SAM\",\"region_name\":\"San Mart\\u00edn Department\",\"city_name\":\"Moyobamba\",\"latitude\":\"-6.0347\",\"longitude\":\"-76.9748\",\"timezone\":\"America\\/Lima\"}','2026-07-22 21:03:49','2026-07-22 21:03:49'),(323,4,'login','2026-07-23','08:44:01',4,'App\\Models\\Tenant\\User','38.250.151.142','WebKit','desktop','Windows','10.0','Chrome','150.0.0.0',NULL,NULL,NULL,'{\"country_name\":\"Peru\",\"country_code\":\"PE\",\"region_code\":\"SAM\",\"region_name\":\"San Mart\\u00edn Department\",\"city_name\":\"Moyobamba\",\"latitude\":\"-6.0347\",\"longitude\":\"-76.9748\",\"timezone\":\"America\\/Lima\"}','2026-07-23 08:44:01','2026-07-23 08:44:01'),(324,4,'module_access_error','2026-07-23','08:44:01',4,'App\\Models\\Tenant\\User','38.250.151.142','WebKit','desktop','Windows','10.0','Chrome','150.0.0.0',NULL,'documents',NULL,'{\"country_name\":\"Peru\",\"country_code\":\"PE\",\"region_code\":\"SAM\",\"region_name\":\"San Mart\\u00edn Department\",\"city_name\":\"Moyobamba\",\"latitude\":\"-6.0347\",\"longitude\":\"-76.9748\",\"timezone\":\"America\\/Lima\"}','2026-07-23 08:44:01','2026-07-23 08:44:01'),(325,4,'logout','2026-07-23','14:07:16',4,'App\\Models\\Tenant\\User','38.250.151.142','WebKit','desktop','Windows','10.0','Chrome','150.0.0.0',NULL,NULL,NULL,'{\"country_name\":\"Peru\",\"country_code\":\"PE\",\"region_code\":\"SAM\",\"region_name\":\"San Mart\\u00edn Department\",\"city_name\":\"Moyobamba\",\"latitude\":\"-6.0347\",\"longitude\":\"-76.9748\",\"timezone\":\"America\\/Lima\"}','2026-07-23 14:07:16','2026-07-23 14:07:16'),(326,3,'login','2026-07-23','14:07:30',3,'App\\Models\\Tenant\\User','38.250.151.142','WebKit','desktop','Windows','10.0','Chrome','150.0.0.0',NULL,NULL,NULL,'{\"country_name\":\"Peru\",\"country_code\":\"PE\",\"region_code\":\"SAM\",\"region_name\":\"San Mart\\u00edn Department\",\"city_name\":\"Moyobamba\",\"latitude\":\"-6.0347\",\"longitude\":\"-76.9748\",\"timezone\":\"America\\/Lima\"}','2026-07-23 14:07:30','2026-07-23 14:07:30'),(327,3,'module_access_error','2026-07-23','14:07:31',3,'App\\Models\\Tenant\\User','38.250.151.142','WebKit','desktop','Windows','10.0','Chrome','150.0.0.0',NULL,'documents',NULL,'{\"country_name\":\"Peru\",\"country_code\":\"PE\",\"region_code\":\"SAM\",\"region_name\":\"San Mart\\u00edn Department\",\"city_name\":\"Moyobamba\",\"latitude\":\"-6.0347\",\"longitude\":\"-76.9748\",\"timezone\":\"America\\/Lima\"}','2026-07-23 14:07:31','2026-07-23 14:07:31'),(328,2,'login','2026-07-23','14:30:24',2,'App\\Models\\Tenant\\User','38.250.151.142','WebKit','desktop','Windows','10.0','Chrome','150.0.0.0',NULL,NULL,NULL,'{\"country_name\":\"Peru\",\"country_code\":\"PE\",\"region_code\":\"SAM\",\"region_name\":\"San Mart\\u00edn Department\",\"city_name\":\"Moyobamba\",\"latitude\":\"-6.0347\",\"longitude\":\"-76.9748\",\"timezone\":\"America\\/Lima\"}','2026-07-23 14:30:24','2026-07-23 14:30:24'),(329,2,'login','2026-07-23','20:47:18',2,'App\\Models\\Tenant\\User','190.236.30.160','iPhone','phone','iOS','18_3_1','Safari','18.3',NULL,NULL,NULL,'{\"country_name\":\"Peru\",\"country_code\":\"PE\",\"region_code\":\"LAL\",\"region_name\":\"La Libertad\",\"city_name\":\"Trujillo\",\"latitude\":\"-8.1191\",\"longitude\":\"-79.0355\",\"timezone\":\"America\\/Lima\"}','2026-07-23 20:47:18','2026-07-23 20:47:18'),(330,3,'logout','2026-07-23','21:09:59',3,'App\\Models\\Tenant\\User','38.250.151.142','WebKit','desktop','Windows','10.0','Chrome','150.0.0.0',NULL,NULL,NULL,'{\"country_name\":\"Peru\",\"country_code\":\"PE\",\"region_code\":\"SAM\",\"region_name\":\"San Mart\\u00edn Department\",\"city_name\":\"Moyobamba\",\"latitude\":\"-6.0347\",\"longitude\":\"-76.9748\",\"timezone\":\"America\\/Lima\"}','2026-07-23 21:09:59','2026-07-23 21:09:59'),(331,3,'login','2026-07-24','07:20:10',3,'App\\Models\\Tenant\\User','38.250.151.142','WebKit','desktop','Windows','10.0','Chrome','150.0.0.0',NULL,NULL,NULL,'{\"country_name\":\"Peru\",\"country_code\":\"PE\",\"region_code\":\"SAM\",\"region_name\":\"San Mart\\u00edn Department\",\"city_name\":\"Moyobamba\",\"latitude\":\"-6.0347\",\"longitude\":\"-76.9748\",\"timezone\":\"America\\/Lima\"}','2026-07-24 07:20:10','2026-07-24 07:20:10'),(332,3,'module_access_error','2026-07-24','07:20:10',3,'App\\Models\\Tenant\\User','38.250.151.142','WebKit','desktop','Windows','10.0','Chrome','150.0.0.0',NULL,'documents',NULL,'{\"country_name\":\"Peru\",\"country_code\":\"PE\",\"region_code\":\"SAM\",\"region_name\":\"San Mart\\u00edn Department\",\"city_name\":\"Moyobamba\",\"latitude\":\"-6.0347\",\"longitude\":\"-76.9748\",\"timezone\":\"America\\/Lima\"}','2026-07-24 07:20:10','2026-07-24 07:20:10'),(333,2,'login','2026-07-24','13:56:00',2,'App\\Models\\Tenant\\User','38.250.151.142','WebKit','desktop','Windows','10.0','Chrome','150.0.0.0',NULL,NULL,NULL,'{\"country_name\":\"Peru\",\"country_code\":\"PE\",\"region_code\":\"SAM\",\"region_name\":\"San Mart\\u00edn Department\",\"city_name\":\"Moyobamba\",\"latitude\":\"-6.0347\",\"longitude\":\"-76.9748\",\"timezone\":\"America\\/Lima\"}','2026-07-24 13:56:00','2026-07-24 13:56:00'),(334,3,'payment_method_corrected','2026-07-24','14:17:21',360,'App\\Models\\Tenant\\SaleNote','172.18.0.1','WebKit','desktop','Windows','10.0','Chrome','150.0.0.0',NULL,'pos/cash-movements/correct-payments','NV01-360: [Plin S/ 4.50] → [Efectivo S/ 4.50]',NULL,'2026-07-24 14:17:21','2026-07-24 14:17:21'),(335,3,'payment_method_corrected','2026-07-24','14:17:29',360,'App\\Models\\Tenant\\SaleNote','172.18.0.1','WebKit','desktop','Windows','10.0','Chrome','150.0.0.0',NULL,'pos/cash-movements/correct-payments','NV01-360: [Efectivo S/ 4.50] → [Plin S/ 4.50]',NULL,'2026-07-24 14:17:29','2026-07-24 14:17:29'),(336,3,'payment_method_corrected','2026-07-24','14:18:08',359,'App\\Models\\Tenant\\SaleNote','172.18.0.1','WebKit','desktop','Windows','10.0','Chrome','150.0.0.0',NULL,'pos/cash-movements/correct-payments','NV01-359: [Efectivo S/ 4.50] → [Plin S/ 4.50]',NULL,'2026-07-24 14:18:08','2026-07-24 14:18:08'),(337,3,'logout','2026-07-24','14:21:35',3,'App\\Models\\Tenant\\User','38.250.151.142','WebKit','desktop','Windows','10.0','Chrome','150.0.0.0',NULL,NULL,NULL,'{\"country_name\":\"Peru\",\"country_code\":\"PE\",\"region_code\":\"SAM\",\"region_name\":\"San Mart\\u00edn Department\",\"city_name\":\"Moyobamba\",\"latitude\":\"-6.0347\",\"longitude\":\"-76.9748\",\"timezone\":\"America\\/Lima\"}','2026-07-24 14:21:35','2026-07-24 14:21:35'),(338,4,'login','2026-07-24','14:29:05',4,'App\\Models\\Tenant\\User','38.250.151.142','WebKit','desktop','Windows','10.0','Chrome','150.0.0.0',NULL,NULL,NULL,'{\"country_name\":\"Peru\",\"country_code\":\"PE\",\"region_code\":\"SAM\",\"region_name\":\"San Mart\\u00edn Department\",\"city_name\":\"Moyobamba\",\"latitude\":\"-6.0347\",\"longitude\":\"-76.9748\",\"timezone\":\"America\\/Lima\"}','2026-07-24 14:29:05','2026-07-24 14:29:05'),(339,4,'module_access_error','2026-07-24','14:29:05',4,'App\\Models\\Tenant\\User','38.250.151.142','WebKit','desktop','Windows','10.0','Chrome','150.0.0.0',NULL,'documents',NULL,'{\"country_name\":\"Peru\",\"country_code\":\"PE\",\"region_code\":\"SAM\",\"region_name\":\"San Mart\\u00edn Department\",\"city_name\":\"Moyobamba\",\"latitude\":\"-6.0347\",\"longitude\":\"-76.9748\",\"timezone\":\"America\\/Lima\"}','2026-07-24 14:29:05','2026-07-24 14:29:05'),(340,2,'inventory_created','2026-07-24','14:29:39',1841,'Modules\\Inventory\\Models\\Inventory','172.18.0.1','WebKit','desktop','Windows','10.0','Chrome','150.0.0.0',NULL,'inventory/transaction',NULL,NULL,'2026-07-24 14:29:39','2026-07-24 14:29:39'),(341,4,'module_access_error','2026-07-24','14:34:15',4,'App\\Models\\Tenant\\User','38.250.151.142','WebKit','desktop','Windows','10.0','Chrome','150.0.0.0',NULL,'documents',NULL,'{\"country_name\":\"Peru\",\"country_code\":\"PE\",\"region_code\":\"SAM\",\"region_name\":\"San Mart\\u00edn Department\",\"city_name\":\"Moyobamba\",\"latitude\":\"-6.0347\",\"longitude\":\"-76.9748\",\"timezone\":\"America\\/Lima\"}','2026-07-24 14:34:15','2026-07-24 14:34:15'),(342,4,'module_access_error','2026-07-24','14:34:29',4,'App\\Models\\Tenant\\User','38.250.151.142','WebKit','desktop','Windows','10.0','Chrome','150.0.0.0',NULL,'documents',NULL,'{\"country_name\":\"Peru\",\"country_code\":\"PE\",\"region_code\":\"SAM\",\"region_name\":\"San Mart\\u00edn Department\",\"city_name\":\"Moyobamba\",\"latitude\":\"-6.0347\",\"longitude\":\"-76.9748\",\"timezone\":\"America\\/Lima\"}','2026-07-24 14:34:29','2026-07-24 14:34:29'),(343,2,'inventory_created','2026-07-24','14:48:02',1842,'Modules\\Inventory\\Models\\Inventory','172.18.0.1','WebKit','desktop','Windows','10.0','Chrome','150.0.0.0',NULL,'items',NULL,NULL,'2026-07-24 14:48:02','2026-07-24 14:48:02'),(344,2,'inventory_created','2026-07-24','15:32:28',1843,'Modules\\Inventory\\Models\\Inventory','172.18.0.1','WebKit','desktop','Windows','10.0','Chrome','150.0.0.0',NULL,'items',NULL,NULL,'2026-07-24 15:32:28','2026-07-24 15:32:28'),(345,2,'inventory_created','2026-07-24','15:45:04',1844,'Modules\\Inventory\\Models\\Inventory','172.18.0.1','WebKit','desktop','Windows','10.0','Chrome','150.0.0.0',NULL,'inventory/transaction',NULL,NULL,'2026-07-24 15:45:04','2026-07-24 15:45:04'),(346,2,'inventory_created','2026-07-24','15:45:32',1845,'Modules\\Inventory\\Models\\Inventory','172.18.0.1','WebKit','desktop','Windows','10.0','Chrome','150.0.0.0',NULL,'inventory/transaction',NULL,NULL,'2026-07-24 15:45:32','2026-07-24 15:45:32'),(347,2,'inventory_created','2026-07-24','15:51:29',1846,'Modules\\Inventory\\Models\\Inventory','172.18.0.1','WebKit','desktop','Windows','10.0','Chrome','150.0.0.0',NULL,'inventory/transaction',NULL,NULL,'2026-07-24 15:51:29','2026-07-24 15:51:29'),(348,2,'inventory_created','2026-07-24','15:56:29',1847,'Modules\\Inventory\\Models\\Inventory','172.18.0.1','WebKit','desktop','Windows','10.0','Chrome','150.0.0.0',NULL,'inventory/transaction',NULL,NULL,'2026-07-24 15:56:29','2026-07-24 15:56:29'),(349,2,'inventory_created','2026-07-24','16:00:25',1848,'Modules\\Inventory\\Models\\Inventory','172.18.0.1','WebKit','desktop','Windows','10.0','Chrome','150.0.0.0',NULL,'inventory/transaction',NULL,NULL,'2026-07-24 16:00:25','2026-07-24 16:00:25'),(350,2,'inventory_created','2026-07-24','16:04:33',1849,'Modules\\Inventory\\Models\\Inventory','172.18.0.1','WebKit','desktop','Windows','10.0','Chrome','150.0.0.0',NULL,'inventory/transaction',NULL,NULL,'2026-07-24 16:04:33','2026-07-24 16:04:33'),(351,2,'inventory_created','2026-07-24','16:06:47',1850,'Modules\\Inventory\\Models\\Inventory','172.18.0.1','WebKit','desktop','Windows','10.0','Chrome','150.0.0.0',NULL,'inventory/transaction',NULL,NULL,'2026-07-24 16:06:47','2026-07-24 16:06:47'),(352,2,'inventory_created','2026-07-24','16:21:38',1851,'Modules\\Inventory\\Models\\Inventory','172.18.0.1','WebKit','desktop','Windows','10.0','Chrome','150.0.0.0',NULL,'inventory/transaction',NULL,NULL,'2026-07-24 16:21:38','2026-07-24 16:21:38'),(353,2,'inventory_created','2026-07-24','16:35:58',1852,'Modules\\Inventory\\Models\\Inventory','172.18.0.1','WebKit','desktop','Windows','10.0','Chrome','150.0.0.0',NULL,'inventory/transaction',NULL,NULL,'2026-07-24 16:35:58','2026-07-24 16:35:58'),(354,2,'inventory_created','2026-07-24','16:36:15',1853,'Modules\\Inventory\\Models\\Inventory','172.18.0.1','WebKit','desktop','Windows','10.0','Chrome','150.0.0.0',NULL,'inventory/transaction',NULL,NULL,'2026-07-24 16:36:15','2026-07-24 16:36:15'),(355,2,'inventory_created','2026-07-24','16:39:20',1854,'Modules\\Inventory\\Models\\Inventory','172.18.0.1','WebKit','desktop','Windows','10.0','Chrome','150.0.0.0',NULL,'items',NULL,NULL,'2026-07-24 16:39:20','2026-07-24 16:39:20'),(356,2,'inventory_created','2026-07-24','16:42:17',1855,'Modules\\Inventory\\Models\\Inventory','172.18.0.1','WebKit','desktop','Windows','10.0','Chrome','150.0.0.0',NULL,'items',NULL,NULL,'2026-07-24 16:42:17','2026-07-24 16:42:17'),(357,2,'inventory_created','2026-07-24','16:46:37',1856,'Modules\\Inventory\\Models\\Inventory','172.18.0.1','WebKit','desktop','Windows','10.0','Chrome','150.0.0.0',NULL,'items',NULL,NULL,'2026-07-24 16:46:37','2026-07-24 16:46:37'),(358,2,'inventory_created','2026-07-24','16:48:22',1857,'Modules\\Inventory\\Models\\Inventory','172.18.0.1','WebKit','desktop','Windows','10.0','Chrome','150.0.0.0',NULL,'items',NULL,NULL,'2026-07-24 16:48:22','2026-07-24 16:48:22'),(359,2,'inventory_created','2026-07-24','16:56:21',1858,'Modules\\Inventory\\Models\\Inventory','172.18.0.1','WebKit','desktop','Windows','10.0','Chrome','150.0.0.0',NULL,'items',NULL,NULL,'2026-07-24 16:56:21','2026-07-24 16:56:21'),(360,2,'login','2026-07-24','20:00:55',2,'App\\Models\\Tenant\\User','190.236.31.1','iPhone','phone','iOS','18_3_1','Safari','18.3',NULL,NULL,NULL,'{\"country_name\":\"Peru\",\"country_code\":\"PE\",\"region_code\":\"LAL\",\"region_name\":\"La Libertad\",\"city_name\":\"Trujillo\",\"latitude\":\"-8.1191\",\"longitude\":\"-79.0355\",\"timezone\":\"America\\/Lima\"}','2026-07-24 20:00:55','2026-07-24 20:00:55'),(361,4,'payment_method_corrected','2026-07-24','20:54:53',371,'App\\Models\\Tenant\\SaleNote','172.18.0.1','WebKit','desktop','Windows','10.0','Chrome','150.0.0.0',NULL,'pos/cash-movements/correct-payments','NV01-371: [Plin S/ 15.00] → [Plin S/ 10.00 + Efectivo S/ 5.00]',NULL,'2026-07-24 20:54:53','2026-07-24 20:54:53'),(362,4,'logout','2026-07-24','21:05:37',4,'App\\Models\\Tenant\\User','38.250.151.142','WebKit','desktop','Windows','10.0','Chrome','150.0.0.0',NULL,NULL,NULL,'{\"country_name\":\"Peru\",\"country_code\":\"PE\",\"region_code\":\"SAM\",\"region_name\":\"San Mart\\u00edn Department\",\"city_name\":\"Moyobamba\",\"latitude\":\"-6.0347\",\"longitude\":\"-76.9748\",\"timezone\":\"America\\/Lima\"}','2026-07-24 21:05:37','2026-07-24 21:05:37'),(363,3,'login','2026-07-25','07:21:26',3,'App\\Models\\Tenant\\User','38.250.151.142','WebKit','desktop','Windows','10.0','Chrome','150.0.0.0',NULL,NULL,NULL,'{\"country_name\":\"Peru\",\"country_code\":\"PE\",\"region_code\":\"SAM\",\"region_name\":\"San Mart\\u00edn Department\",\"city_name\":\"Moyobamba\",\"latitude\":\"-6.0347\",\"longitude\":\"-76.9748\",\"timezone\":\"America\\/Lima\"}','2026-07-25 07:21:26','2026-07-25 07:21:26'),(364,3,'module_access_error','2026-07-25','07:21:26',3,'App\\Models\\Tenant\\User','38.250.151.142','WebKit','desktop','Windows','10.0','Chrome','150.0.0.0',NULL,'documents',NULL,'{\"country_name\":\"Peru\",\"country_code\":\"PE\",\"region_code\":\"SAM\",\"region_name\":\"San Mart\\u00edn Department\",\"city_name\":\"Moyobamba\",\"latitude\":\"-6.0347\",\"longitude\":\"-76.9748\",\"timezone\":\"America\\/Lima\"}','2026-07-25 07:21:26','2026-07-25 07:21:26'),(365,2,'login','2026-07-25','13:04:06',2,'App\\Models\\Tenant\\User','38.250.151.142','WebKit','desktop','Windows','10.0','Chrome','150.0.0.0',NULL,NULL,NULL,'{\"country_name\":\"Peru\",\"country_code\":\"PE\",\"region_code\":\"SAM\",\"region_name\":\"San Mart\\u00edn Department\",\"city_name\":\"Moyobamba\",\"latitude\":\"-6.0347\",\"longitude\":\"-76.9748\",\"timezone\":\"America\\/Lima\"}','2026-07-25 13:04:06','2026-07-25 13:04:06'),(366,2,'inventory_created','2026-07-25','13:06:37',1859,'Modules\\Inventory\\Models\\Inventory','172.18.0.1','WebKit','desktop','Windows','10.0','Chrome','150.0.0.0',NULL,'items',NULL,NULL,'2026-07-25 13:06:37','2026-07-25 13:06:37'),(367,2,'inventory_created','2026-07-25','13:07:45',1860,'Modules\\Inventory\\Models\\Inventory','172.18.0.1','WebKit','desktop','Windows','10.0','Chrome','150.0.0.0',NULL,'inventory/transaction',NULL,NULL,'2026-07-25 13:07:45','2026-07-25 13:07:45'),(368,3,'logout','2026-07-25','14:00:59',3,'App\\Models\\Tenant\\User','38.250.151.142','WebKit','desktop','Windows','10.0','Chrome','150.0.0.0',NULL,NULL,NULL,'{\"country_name\":\"Peru\",\"country_code\":\"PE\",\"region_code\":\"SAM\",\"region_name\":\"San Mart\\u00edn Department\",\"city_name\":\"Moyobamba\",\"latitude\":\"-6.0347\",\"longitude\":\"-76.9748\",\"timezone\":\"America\\/Lima\"}','2026-07-25 14:00:59','2026-07-25 14:00:59'),(369,4,'login','2026-07-25','14:25:20',4,'App\\Models\\Tenant\\User','38.250.151.142','WebKit','desktop','Windows','10.0','Chrome','150.0.0.0',NULL,NULL,NULL,'{\"country_name\":\"Peru\",\"country_code\":\"PE\",\"region_code\":\"SAM\",\"region_name\":\"San Mart\\u00edn Department\",\"city_name\":\"Moyobamba\",\"latitude\":\"-6.0347\",\"longitude\":\"-76.9748\",\"timezone\":\"America\\/Lima\"}','2026-07-25 14:25:20','2026-07-25 14:25:20'),(370,4,'module_access_error','2026-07-25','14:25:21',4,'App\\Models\\Tenant\\User','38.250.151.142','WebKit','desktop','Windows','10.0','Chrome','150.0.0.0',NULL,'documents',NULL,'{\"country_name\":\"Peru\",\"country_code\":\"PE\",\"region_code\":\"SAM\",\"region_name\":\"San Mart\\u00edn Department\",\"city_name\":\"Moyobamba\",\"latitude\":\"-6.0347\",\"longitude\":\"-76.9748\",\"timezone\":\"America\\/Lima\"}','2026-07-25 14:25:21','2026-07-25 14:25:21'),(371,4,'logout','2026-07-25','21:01:34',4,'App\\Models\\Tenant\\User','38.250.151.142','WebKit','desktop','Windows','10.0','Chrome','150.0.0.0',NULL,NULL,NULL,'{\"country_name\":\"Peru\",\"country_code\":\"PE\",\"region_code\":\"SAM\",\"region_name\":\"San Mart\\u00edn Department\",\"city_name\":\"Moyobamba\",\"latitude\":\"-6.0347\",\"longitude\":\"-76.9748\",\"timezone\":\"America\\/Lima\"}','2026-07-25 21:01:34','2026-07-25 21:01:34'),(372,4,'login','2026-07-26','07:13:43',4,'App\\Models\\Tenant\\User','38.250.151.142','WebKit','desktop','Windows','10.0','Chrome','150.0.0.0',NULL,NULL,NULL,'{\"country_name\":\"Peru\",\"country_code\":\"PE\",\"region_code\":\"SAM\",\"region_name\":\"San Mart\\u00edn Department\",\"city_name\":\"Moyobamba\",\"latitude\":\"-6.0347\",\"longitude\":\"-76.9748\",\"timezone\":\"America\\/Lima\"}','2026-07-26 07:13:43','2026-07-26 07:13:43'),(373,4,'module_access_error','2026-07-26','07:13:44',4,'App\\Models\\Tenant\\User','38.250.151.142','WebKit','desktop','Windows','10.0','Chrome','150.0.0.0',NULL,'documents',NULL,'{\"country_name\":\"Peru\",\"country_code\":\"PE\",\"region_code\":\"SAM\",\"region_name\":\"San Mart\\u00edn Department\",\"city_name\":\"Moyobamba\",\"latitude\":\"-6.0347\",\"longitude\":\"-76.9748\",\"timezone\":\"America\\/Lima\"}','2026-07-26 07:13:44','2026-07-26 07:13:44'),(374,2,'login','2026-07-26','09:07:08',2,'App\\Models\\Tenant\\User','38.250.151.142','WebKit','desktop','Windows','10.0','Chrome','150.0.0.0',NULL,NULL,NULL,'{\"country_name\":\"Peru\",\"country_code\":\"PE\",\"region_code\":\"SAM\",\"region_name\":\"San Mart\\u00edn Department\",\"city_name\":\"Moyobamba\",\"latitude\":\"-6.0347\",\"longitude\":\"-76.9748\",\"timezone\":\"America\\/Lima\"}','2026-07-26 09:07:08','2026-07-26 09:07:08'),(375,2,'login','2026-07-26','09:07:08',2,'App\\Models\\Tenant\\User','38.250.151.142','WebKit','desktop','Windows','10.0','Chrome','150.0.0.0',NULL,NULL,NULL,'{\"country_name\":\"Peru\",\"country_code\":\"PE\",\"region_code\":\"SAM\",\"region_name\":\"San Mart\\u00edn Department\",\"city_name\":\"Moyobamba\",\"latitude\":\"-6.0347\",\"longitude\":\"-76.9748\",\"timezone\":\"America\\/Lima\"}','2026-07-26 09:07:08','2026-07-26 09:07:08'),(376,4,'logout','2026-07-26','14:01:45',4,'App\\Models\\Tenant\\User','38.250.151.142','WebKit','desktop','Windows','10.0','Chrome','150.0.0.0',NULL,NULL,NULL,'{\"country_name\":\"Peru\",\"country_code\":\"PE\",\"region_code\":\"SAM\",\"region_name\":\"San Mart\\u00edn Department\",\"city_name\":\"Moyobamba\",\"latitude\":\"-6.0347\",\"longitude\":\"-76.9748\",\"timezone\":\"America\\/Lima\"}','2026-07-26 14:01:45','2026-07-26 14:01:45'),(377,3,'login','2026-07-26','14:05:52',3,'App\\Models\\Tenant\\User','38.250.151.142','WebKit','desktop','Windows','10.0','Chrome','150.0.0.0',NULL,NULL,NULL,'{\"country_name\":\"Peru\",\"country_code\":\"PE\",\"region_code\":\"SAM\",\"region_name\":\"San Mart\\u00edn Department\",\"city_name\":\"Moyobamba\",\"latitude\":\"-6.0347\",\"longitude\":\"-76.9748\",\"timezone\":\"America\\/Lima\"}','2026-07-26 14:05:52','2026-07-26 14:05:52'),(378,3,'module_access_error','2026-07-26','14:05:52',3,'App\\Models\\Tenant\\User','38.250.151.142','WebKit','desktop','Windows','10.0','Chrome','150.0.0.0',NULL,'documents',NULL,'{\"country_name\":\"Peru\",\"country_code\":\"PE\",\"region_code\":\"SAM\",\"region_name\":\"San Mart\\u00edn Department\",\"city_name\":\"Moyobamba\",\"latitude\":\"-6.0347\",\"longitude\":\"-76.9748\",\"timezone\":\"America\\/Lima\"}','2026-07-26 14:05:52','2026-07-26 14:05:52'),(379,3,'logout','2026-07-26','21:00:09',3,'App\\Models\\Tenant\\User','38.250.151.142','WebKit','desktop','Windows','10.0','Chrome','150.0.0.0',NULL,NULL,NULL,'{\"country_name\":\"Peru\",\"country_code\":\"PE\",\"region_code\":\"SAM\",\"region_name\":\"San Mart\\u00edn Department\",\"city_name\":\"Moyobamba\",\"latitude\":\"-6.0347\",\"longitude\":\"-76.9748\",\"timezone\":\"America\\/Lima\"}','2026-07-26 21:00:09','2026-07-26 21:00:09'),(380,3,'login','2026-07-27','07:07:00',3,'App\\Models\\Tenant\\User','38.250.151.142','WebKit','desktop','Windows','10.0','Chrome','150.0.0.0',NULL,NULL,NULL,'{\"country_name\":\"Peru\",\"country_code\":\"PE\",\"region_code\":\"SAM\",\"region_name\":\"San Mart\\u00edn Department\",\"city_name\":\"Moyobamba\",\"latitude\":\"-6.0347\",\"longitude\":\"-76.9748\",\"timezone\":\"America\\/Lima\"}','2026-07-27 07:07:00','2026-07-27 07:07:00'),(381,3,'module_access_error','2026-07-27','07:07:00',3,'App\\Models\\Tenant\\User','38.250.151.142','WebKit','desktop','Windows','10.0','Chrome','150.0.0.0',NULL,'documents',NULL,'{\"country_name\":\"Peru\",\"country_code\":\"PE\",\"region_code\":\"SAM\",\"region_name\":\"San Mart\\u00edn Department\",\"city_name\":\"Moyobamba\",\"latitude\":\"-6.0347\",\"longitude\":\"-76.9748\",\"timezone\":\"America\\/Lima\"}','2026-07-27 07:07:00','2026-07-27 07:07:00'),(382,1,'login','2026-07-27','11:57:09',1,'App\\Models\\Tenant\\User','179.6.26.113','WebKit','desktop','Windows','10.0','Chrome','150.0.0.0',NULL,NULL,NULL,'{\"country_name\":\"Peru\",\"country_code\":\"PE\",\"region_code\":\"LMA\",\"region_name\":\"Lima Province\",\"city_name\":\"Lima\",\"latitude\":\"-12.046\",\"longitude\":\"-77.0305\",\"timezone\":\"America\\/Lima\"}','2026-07-27 11:57:09','2026-07-27 11:57:09'),(383,2,'login','2026-07-27','13:21:51',2,'App\\Models\\Tenant\\User','38.250.151.142','iPhone','phone','iOS','18_3_1','Safari','18.3',NULL,NULL,NULL,'{\"country_name\":\"Peru\",\"country_code\":\"PE\",\"region_code\":\"SAM\",\"region_name\":\"San Mart\\u00edn Department\",\"city_name\":\"Moyobamba\",\"latitude\":\"-6.0347\",\"longitude\":\"-76.9748\",\"timezone\":\"America\\/Lima\"}','2026-07-27 13:21:51','2026-07-27 13:21:51'),(384,3,'logout','2026-07-27','14:03:25',3,'App\\Models\\Tenant\\User','38.250.151.142','WebKit','desktop','Windows','10.0','Chrome','150.0.0.0',NULL,NULL,NULL,'{\"country_name\":\"Peru\",\"country_code\":\"PE\",\"region_code\":\"SAM\",\"region_name\":\"San Mart\\u00edn Department\",\"city_name\":\"Moyobamba\",\"latitude\":\"-6.0347\",\"longitude\":\"-76.9748\",\"timezone\":\"America\\/Lima\"}','2026-07-27 14:03:25','2026-07-27 14:03:25'),(385,4,'login','2026-07-27','14:27:44',4,'App\\Models\\Tenant\\User','38.250.151.142','WebKit','desktop','Windows','10.0','Chrome','150.0.0.0',NULL,NULL,NULL,'{\"country_name\":\"Peru\",\"country_code\":\"PE\",\"region_code\":\"SAM\",\"region_name\":\"San Mart\\u00edn Department\",\"city_name\":\"Moyobamba\",\"latitude\":\"-6.0347\",\"longitude\":\"-76.9748\",\"timezone\":\"America\\/Lima\"}','2026-07-27 14:27:44','2026-07-27 14:27:44'),(386,4,'module_access_error','2026-07-27','14:27:44',4,'App\\Models\\Tenant\\User','38.250.151.142','WebKit','desktop','Windows','10.0','Chrome','150.0.0.0',NULL,'documents',NULL,'{\"country_name\":\"Peru\",\"country_code\":\"PE\",\"region_code\":\"SAM\",\"region_name\":\"San Mart\\u00edn Department\",\"city_name\":\"Moyobamba\",\"latitude\":\"-6.0347\",\"longitude\":\"-76.9748\",\"timezone\":\"America\\/Lima\"}','2026-07-27 14:27:44','2026-07-27 14:27:44'),(387,4,'module_access_error','2026-07-27','15:37:57',4,'App\\Models\\Tenant\\User','38.250.151.137','WebKit','desktop','Windows','10.0','Chrome','150.0.0.0',NULL,'documents',NULL,'{\"country_name\":\"Peru\",\"country_code\":\"PE\",\"region_code\":\"SAM\",\"region_name\":\"San Mart\\u00edn Department\",\"city_name\":\"Moyobamba\",\"latitude\":\"-6.0347\",\"longitude\":\"-76.9748\",\"timezone\":\"America\\/Lima\"}','2026-07-27 15:37:57','2026-07-27 15:37:57'),(388,4,'logout','2026-07-27','21:02:40',4,'App\\Models\\Tenant\\User','38.250.151.137','WebKit','desktop','Windows','10.0','Chrome','150.0.0.0',NULL,NULL,NULL,'{\"country_name\":\"Peru\",\"country_code\":\"PE\",\"region_code\":\"SAM\",\"region_name\":\"San Mart\\u00edn Department\",\"city_name\":\"Moyobamba\",\"latitude\":\"-6.0347\",\"longitude\":\"-76.9748\",\"timezone\":\"America\\/Lima\"}','2026-07-27 21:02:40','2026-07-27 21:02:40'),(389,1,'login','2026-07-28','04:48:03',1,'App\\Models\\Tenant\\User','179.6.26.113','WebKit','phone','AndroidOS','10','Chrome','150.0.0.0',NULL,NULL,NULL,'{\"country_name\":\"Peru\",\"country_code\":\"PE\",\"region_code\":\"LMA\",\"region_name\":\"Lima Province\",\"city_name\":\"Lima\",\"latitude\":\"-12.046\",\"longitude\":\"-77.0305\",\"timezone\":\"America\\/Lima\"}','2026-07-28 04:48:03','2026-07-28 04:48:03'),(390,4,'failed','2026-07-28','07:37:19',4,'App\\Models\\Tenant\\User','38.250.151.137','WebKit','desktop','Windows','10.0','Chrome','150.0.0.0',NULL,NULL,NULL,'{\"country_name\":\"Peru\",\"country_code\":\"PE\",\"region_code\":\"SAM\",\"region_name\":\"San Mart\\u00edn Department\",\"city_name\":\"Moyobamba\",\"latitude\":\"-6.0347\",\"longitude\":\"-76.9748\",\"timezone\":\"America\\/Lima\"}','2026-07-28 07:37:19','2026-07-28 07:37:19'),(391,4,'login','2026-07-28','07:37:29',4,'App\\Models\\Tenant\\User','38.250.151.137','WebKit','desktop','Windows','10.0','Chrome','150.0.0.0',NULL,NULL,NULL,'{\"country_name\":\"Peru\",\"country_code\":\"PE\",\"region_code\":\"SAM\",\"region_name\":\"San Mart\\u00edn Department\",\"city_name\":\"Moyobamba\",\"latitude\":\"-6.0347\",\"longitude\":\"-76.9748\",\"timezone\":\"America\\/Lima\"}','2026-07-28 07:37:29','2026-07-28 07:37:29'),(392,4,'module_access_error','2026-07-28','07:37:30',4,'App\\Models\\Tenant\\User','38.250.151.137','WebKit','desktop','Windows','10.0','Chrome','150.0.0.0',NULL,'documents',NULL,'{\"country_name\":\"Peru\",\"country_code\":\"PE\",\"region_code\":\"SAM\",\"region_name\":\"San Mart\\u00edn Department\",\"city_name\":\"Moyobamba\",\"latitude\":\"-6.0347\",\"longitude\":\"-76.9748\",\"timezone\":\"America\\/Lima\"}','2026-07-28 07:37:30','2026-07-28 07:37:30'),(393,2,'login','2026-07-28','08:18:21',2,'App\\Models\\Tenant\\User','38.250.151.137','WebKit','desktop','Windows','10.0','Chrome','150.0.0.0',NULL,NULL,NULL,'{\"country_name\":\"Peru\",\"country_code\":\"PE\",\"region_code\":\"SAM\",\"region_name\":\"San Mart\\u00edn Department\",\"city_name\":\"Moyobamba\",\"latitude\":\"-6.0347\",\"longitude\":\"-76.9748\",\"timezone\":\"America\\/Lima\"}','2026-07-28 08:18:21','2026-07-28 08:18:21'),(394,2,'inventory_created','2026-07-28','09:16:40',1861,'Modules\\Inventory\\Models\\Inventory','172.18.0.1','WebKit','desktop','Windows','10.0','Chrome','150.0.0.0',NULL,'inventory/transaction',NULL,NULL,'2026-07-28 09:16:40','2026-07-28 09:16:40'),(395,2,'inventory_created','2026-07-28','10:22:52',1862,'Modules\\Inventory\\Models\\Inventory','172.18.0.1','WebKit','desktop','Windows','10.0','Chrome','150.0.0.0',NULL,'inventory/transaction',NULL,NULL,'2026-07-28 10:22:52','2026-07-28 10:22:52'),(396,2,'inventory_created','2026-07-28','11:19:31',1863,'Modules\\Inventory\\Models\\Inventory','172.18.0.1','WebKit','desktop','Windows','10.0','Chrome','150.0.0.0',NULL,'items',NULL,NULL,'2026-07-28 11:19:31','2026-07-28 11:19:31'),(397,2,'inventory_created','2026-07-28','11:24:55',1864,'Modules\\Inventory\\Models\\Inventory','172.18.0.1','WebKit','desktop','Windows','10.0','Chrome','150.0.0.0',NULL,'items',NULL,NULL,'2026-07-28 11:24:55','2026-07-28 11:24:55'),(398,2,'inventory_created','2026-07-28','11:27:22',1865,'Modules\\Inventory\\Models\\Inventory','172.18.0.1','WebKit','desktop','Windows','10.0','Chrome','150.0.0.0',NULL,'items',NULL,NULL,'2026-07-28 11:27:22','2026-07-28 11:27:22'),(399,2,'inventory_created','2026-07-28','11:30:42',1866,'Modules\\Inventory\\Models\\Inventory','172.18.0.1','WebKit','desktop','Windows','10.0','Chrome','150.0.0.0',NULL,'items',NULL,NULL,'2026-07-28 11:30:42','2026-07-28 11:30:42'),(400,2,'inventory_created','2026-07-28','11:33:19',1867,'Modules\\Inventory\\Models\\Inventory','172.18.0.1','WebKit','desktop','Windows','10.0','Chrome','150.0.0.0',NULL,'items',NULL,NULL,'2026-07-28 11:33:19','2026-07-28 11:33:19'),(401,2,'inventory_created','2026-07-28','11:36:52',1868,'Modules\\Inventory\\Models\\Inventory','172.18.0.1','WebKit','desktop','Windows','10.0','Chrome','150.0.0.0',NULL,'inventory/transaction',NULL,NULL,'2026-07-28 11:36:52','2026-07-28 11:36:52'),(402,2,'inventory_created','2026-07-28','11:40:23',1869,'Modules\\Inventory\\Models\\Inventory','172.18.0.1','WebKit','desktop','Windows','10.0','Chrome','150.0.0.0',NULL,'items',NULL,NULL,'2026-07-28 11:40:23','2026-07-28 11:40:23'),(403,2,'inventory_created','2026-07-28','11:53:19',1870,'Modules\\Inventory\\Models\\Inventory','172.18.0.1','WebKit','desktop','Windows','10.0','Chrome','150.0.0.0',NULL,'inventory/transaction',NULL,NULL,'2026-07-28 11:53:19','2026-07-28 11:53:19'),(404,4,'logout','2026-07-28','14:02:27',4,'App\\Models\\Tenant\\User','38.250.151.137','WebKit','desktop','Windows','10.0','Chrome','150.0.0.0',NULL,NULL,NULL,'{\"country_name\":\"Peru\",\"country_code\":\"PE\",\"region_code\":\"SAM\",\"region_name\":\"San Mart\\u00edn Department\",\"city_name\":\"Moyobamba\",\"latitude\":\"-6.0347\",\"longitude\":\"-76.9748\",\"timezone\":\"America\\/Lima\"}','2026-07-28 14:02:27','2026-07-28 14:02:27'),(405,3,'login','2026-07-28','14:02:40',3,'App\\Models\\Tenant\\User','38.250.151.137','WebKit','desktop','Windows','10.0','Chrome','150.0.0.0',NULL,NULL,NULL,'{\"country_name\":\"Peru\",\"country_code\":\"PE\",\"region_code\":\"SAM\",\"region_name\":\"San Mart\\u00edn Department\",\"city_name\":\"Moyobamba\",\"latitude\":\"-6.0347\",\"longitude\":\"-76.9748\",\"timezone\":\"America\\/Lima\"}','2026-07-28 14:02:40','2026-07-28 14:02:40'),(406,3,'module_access_error','2026-07-28','14:02:40',3,'App\\Models\\Tenant\\User','38.250.151.137','WebKit','desktop','Windows','10.0','Chrome','150.0.0.0',NULL,'documents',NULL,'{\"country_name\":\"Peru\",\"country_code\":\"PE\",\"region_code\":\"SAM\",\"region_name\":\"San Mart\\u00edn Department\",\"city_name\":\"Moyobamba\",\"latitude\":\"-6.0347\",\"longitude\":\"-76.9748\",\"timezone\":\"America\\/Lima\"}','2026-07-28 14:02:40','2026-07-28 14:02:40'),(407,3,'logout','2026-07-28','21:12:34',3,'App\\Models\\Tenant\\User','38.250.151.137','WebKit','desktop','Windows','10.0','Chrome','150.0.0.0',NULL,NULL,NULL,'{\"country_name\":\"Peru\",\"country_code\":\"PE\",\"region_code\":\"SAM\",\"region_name\":\"San Mart\\u00edn Department\",\"city_name\":\"Moyobamba\",\"latitude\":\"-6.0347\",\"longitude\":\"-76.9748\",\"timezone\":\"America\\/Lima\"}','2026-07-28 21:12:34','2026-07-28 21:12:34'),(408,3,'login','2026-07-29','07:12:38',3,'App\\Models\\Tenant\\User','38.250.151.137','WebKit','desktop','Windows','10.0','Chrome','150.0.0.0',NULL,NULL,NULL,'{\"country_name\":\"Peru\",\"country_code\":\"PE\",\"region_code\":\"SAM\",\"region_name\":\"San Mart\\u00edn Department\",\"city_name\":\"Moyobamba\",\"latitude\":\"-6.0347\",\"longitude\":\"-76.9748\",\"timezone\":\"America\\/Lima\"}','2026-07-29 07:12:38','2026-07-29 07:12:38'),(409,3,'module_access_error','2026-07-29','07:12:39',3,'App\\Models\\Tenant\\User','38.250.151.137','WebKit','desktop','Windows','10.0','Chrome','150.0.0.0',NULL,'documents',NULL,'{\"country_name\":\"Peru\",\"country_code\":\"PE\",\"region_code\":\"SAM\",\"region_name\":\"San Mart\\u00edn Department\",\"city_name\":\"Moyobamba\",\"latitude\":\"-6.0347\",\"longitude\":\"-76.9748\",\"timezone\":\"America\\/Lima\"}','2026-07-29 07:12:39','2026-07-29 07:12:39'),(410,3,'payment_method_corrected','2026-07-29','11:04:03',126,'App\\Models\\Tenant\\Document','172.18.0.1','WebKit','desktop','Windows','10.0','Chrome','150.0.0.0',NULL,'pos/cash-movements/correct-payments','BA01-114: [Efectivo S/ 15.00] → [Plin S/ 15.00]',NULL,'2026-07-29 11:04:03','2026-07-29 11:04:03'),(411,3,'logout','2026-07-29','14:12:19',3,'App\\Models\\Tenant\\User','38.250.151.137','WebKit','desktop','Windows','10.0','Chrome','150.0.0.0',NULL,NULL,NULL,'{\"country_name\":\"Peru\",\"country_code\":\"PE\",\"region_code\":\"SAM\",\"region_name\":\"San Mart\\u00edn Department\",\"city_name\":\"Moyobamba\",\"latitude\":\"-6.0347\",\"longitude\":\"-76.9748\",\"timezone\":\"America\\/Lima\"}','2026-07-29 14:12:19','2026-07-29 14:12:19'),(412,4,'login','2026-07-29','14:45:02',4,'App\\Models\\Tenant\\User','38.250.151.137','WebKit','desktop','Windows','10.0','Chrome','150.0.0.0',NULL,NULL,NULL,'{\"country_name\":\"Peru\",\"country_code\":\"PE\",\"region_code\":\"SAM\",\"region_name\":\"San Mart\\u00edn Department\",\"city_name\":\"Moyobamba\",\"latitude\":\"-6.0347\",\"longitude\":\"-76.9748\",\"timezone\":\"America\\/Lima\"}','2026-07-29 14:45:02','2026-07-29 14:45:02'),(413,4,'module_access_error','2026-07-29','14:45:02',4,'App\\Models\\Tenant\\User','38.250.151.137','WebKit','desktop','Windows','10.0','Chrome','150.0.0.0',NULL,'documents',NULL,'{\"country_name\":\"Peru\",\"country_code\":\"PE\",\"region_code\":\"SAM\",\"region_name\":\"San Mart\\u00edn Department\",\"city_name\":\"Moyobamba\",\"latitude\":\"-6.0347\",\"longitude\":\"-76.9748\",\"timezone\":\"America\\/Lima\"}','2026-07-29 14:45:02','2026-07-29 14:45:02'),(414,4,'module_access_error','2026-07-29','14:55:04',4,'App\\Models\\Tenant\\User','38.250.151.137','WebKit','desktop','Windows','10.0','Chrome','150.0.0.0',NULL,'documents',NULL,'{\"country_name\":\"Peru\",\"country_code\":\"PE\",\"region_code\":\"SAM\",\"region_name\":\"San Mart\\u00edn Department\",\"city_name\":\"Moyobamba\",\"latitude\":\"-6.0347\",\"longitude\":\"-76.9748\",\"timezone\":\"America\\/Lima\"}','2026-07-29 14:55:04','2026-07-29 14:55:04'),(415,2,'login','2026-07-29','16:42:45',2,'App\\Models\\Tenant\\User','38.250.151.137','WebKit','desktop','Windows','10.0','Chrome','150.0.0.0',NULL,NULL,NULL,'{\"country_name\":\"Peru\",\"country_code\":\"PE\",\"region_code\":\"SAM\",\"region_name\":\"San Mart\\u00edn Department\",\"city_name\":\"Moyobamba\",\"latitude\":\"-6.0347\",\"longitude\":\"-76.9748\",\"timezone\":\"America\\/Lima\"}','2026-07-29 16:42:45','2026-07-29 16:42:45'),(416,4,'module_access_error','2026-07-29','16:58:52',4,'App\\Models\\Tenant\\User','38.250.151.137','WebKit','desktop','Windows','10.0','Chrome','150.0.0.0',NULL,'documents',NULL,'{\"country_name\":\"Peru\",\"country_code\":\"PE\",\"region_code\":\"SAM\",\"region_name\":\"San Mart\\u00edn Department\",\"city_name\":\"Moyobamba\",\"latitude\":\"-6.0347\",\"longitude\":\"-76.9748\",\"timezone\":\"America\\/Lima\"}','2026-07-29 16:58:52','2026-07-29 16:58:52'),(417,4,'logout','2026-07-29','21:00:58',4,'App\\Models\\Tenant\\User','38.250.151.137','WebKit','desktop','Windows','10.0','Chrome','150.0.0.0',NULL,NULL,NULL,'{\"country_name\":\"Peru\",\"country_code\":\"PE\",\"region_code\":\"SAM\",\"region_name\":\"San Mart\\u00edn Department\",\"city_name\":\"Moyobamba\",\"latitude\":\"-6.0347\",\"longitude\":\"-76.9748\",\"timezone\":\"America\\/Lima\"}','2026-07-29 21:00:58','2026-07-29 21:00:58'),(418,4,'login','2026-07-30','07:24:38',4,'App\\Models\\Tenant\\User','38.250.151.137','WebKit','desktop','Windows','10.0','Chrome','150.0.0.0',NULL,NULL,NULL,'{\"country_name\":\"Peru\",\"country_code\":\"PE\",\"region_code\":\"SAM\",\"region_name\":\"San Mart\\u00edn Department\",\"city_name\":\"Moyobamba\",\"latitude\":\"-6.0347\",\"longitude\":\"-76.9748\",\"timezone\":\"America\\/Lima\"}','2026-07-30 07:24:38','2026-07-30 07:24:38'),(419,4,'module_access_error','2026-07-30','07:24:38',4,'App\\Models\\Tenant\\User','38.250.151.137','WebKit','desktop','Windows','10.0','Chrome','150.0.0.0',NULL,'documents',NULL,'{\"country_name\":\"Peru\",\"country_code\":\"PE\",\"region_code\":\"SAM\",\"region_name\":\"San Mart\\u00edn Department\",\"city_name\":\"Moyobamba\",\"latitude\":\"-6.0347\",\"longitude\":\"-76.9748\",\"timezone\":\"America\\/Lima\"}','2026-07-30 07:24:38','2026-07-30 07:24:38'),(420,2,'login','2026-07-30','07:59:25',2,'App\\Models\\Tenant\\User','38.250.151.137','WebKit','desktop','Windows','10.0','Chrome','150.0.0.0',NULL,NULL,NULL,'{\"country_name\":\"Peru\",\"country_code\":\"PE\",\"region_code\":\"SAM\",\"region_name\":\"San Mart\\u00edn Department\",\"city_name\":\"Moyobamba\",\"latitude\":\"-6.0347\",\"longitude\":\"-76.9748\",\"timezone\":\"America\\/Lima\"}','2026-07-30 07:59:25','2026-07-30 07:59:25'),(421,4,'module_access_error','2026-07-30','08:08:54',4,'App\\Models\\Tenant\\User','38.250.151.137','WebKit','desktop','Windows','10.0','Chrome','150.0.0.0',NULL,'documents',NULL,'{\"country_name\":\"Peru\",\"country_code\":\"PE\",\"region_code\":\"SAM\",\"region_name\":\"San Mart\\u00edn Department\",\"city_name\":\"Moyobamba\",\"latitude\":\"-6.0347\",\"longitude\":\"-76.9748\",\"timezone\":\"America\\/Lima\"}','2026-07-30 08:08:54','2026-07-30 08:08:54'),(422,4,'module_access_error','2026-07-30','08:10:40',4,'App\\Models\\Tenant\\User','38.250.151.137','WebKit','desktop','Windows','10.0','Chrome','150.0.0.0',NULL,'documents',NULL,'{\"country_name\":\"Peru\",\"country_code\":\"PE\",\"region_code\":\"SAM\",\"region_name\":\"San Mart\\u00edn Department\",\"city_name\":\"Moyobamba\",\"latitude\":\"-6.0347\",\"longitude\":\"-76.9748\",\"timezone\":\"America\\/Lima\"}','2026-07-30 08:10:40','2026-07-30 08:10:40'),(423,4,'module_access_error','2026-07-30','08:21:01',4,'App\\Models\\Tenant\\User','38.250.151.137','WebKit','desktop','Windows','10.0','Chrome','150.0.0.0',NULL,'documents',NULL,'{\"country_name\":\"Peru\",\"country_code\":\"PE\",\"region_code\":\"SAM\",\"region_name\":\"San Mart\\u00edn Department\",\"city_name\":\"Moyobamba\",\"latitude\":\"-6.0347\",\"longitude\":\"-76.9748\",\"timezone\":\"America\\/Lima\"}','2026-07-30 08:21:01','2026-07-30 08:21:01'),(424,4,'module_access_error','2026-07-30','08:35:45',4,'App\\Models\\Tenant\\User','38.250.151.137','WebKit','desktop','Windows','10.0','Chrome','150.0.0.0',NULL,'documents',NULL,'{\"country_name\":\"Peru\",\"country_code\":\"PE\",\"region_code\":\"SAM\",\"region_name\":\"San Mart\\u00edn Department\",\"city_name\":\"Moyobamba\",\"latitude\":\"-6.0347\",\"longitude\":\"-76.9748\",\"timezone\":\"America\\/Lima\"}','2026-07-30 08:35:45','2026-07-30 08:35:45'),(425,4,'module_access_error','2026-07-30','09:25:25',4,'App\\Models\\Tenant\\User','38.250.151.137','WebKit','desktop','Windows','10.0','Chrome','150.0.0.0',NULL,'documents',NULL,'{\"country_name\":\"Peru\",\"country_code\":\"PE\",\"region_code\":\"SAM\",\"region_name\":\"San Mart\\u00edn Department\",\"city_name\":\"Moyobamba\",\"latitude\":\"-6.0347\",\"longitude\":\"-76.9748\",\"timezone\":\"America\\/Lima\"}','2026-07-30 09:25:25','2026-07-30 09:25:25'),(426,4,'module_access_error','2026-07-30','09:34:34',4,'App\\Models\\Tenant\\User','38.250.151.137','WebKit','desktop','Windows','10.0','Chrome','150.0.0.0',NULL,'documents',NULL,'{\"country_name\":\"Peru\",\"country_code\":\"PE\",\"region_code\":\"SAM\",\"region_name\":\"San Mart\\u00edn Department\",\"city_name\":\"Moyobamba\",\"latitude\":\"-6.0347\",\"longitude\":\"-76.9748\",\"timezone\":\"America\\/Lima\"}','2026-07-30 09:34:34','2026-07-30 09:34:34'),(427,4,'logout','2026-07-30','14:01:29',4,'App\\Models\\Tenant\\User','38.250.151.137','WebKit','desktop','Windows','10.0','Chrome','150.0.0.0',NULL,NULL,NULL,'{\"country_name\":\"Peru\",\"country_code\":\"PE\",\"region_code\":\"SAM\",\"region_name\":\"San Mart\\u00edn Department\",\"city_name\":\"Moyobamba\",\"latitude\":\"-6.0347\",\"longitude\":\"-76.9748\",\"timezone\":\"America\\/Lima\"}','2026-07-30 14:01:29','2026-07-30 14:01:29'),(428,3,'login','2026-07-30','14:07:21',3,'App\\Models\\Tenant\\User','38.250.151.137','WebKit','desktop','Windows','10.0','Chrome','150.0.0.0',NULL,NULL,NULL,'{\"country_name\":\"Peru\",\"country_code\":\"PE\",\"region_code\":\"SAM\",\"region_name\":\"San Mart\\u00edn Department\",\"city_name\":\"Moyobamba\",\"latitude\":\"-6.0347\",\"longitude\":\"-76.9748\",\"timezone\":\"America\\/Lima\"}','2026-07-30 14:07:21','2026-07-30 14:07:21'),(429,3,'module_access_error','2026-07-30','14:07:22',3,'App\\Models\\Tenant\\User','38.250.151.137','WebKit','desktop','Windows','10.0','Chrome','150.0.0.0',NULL,'documents',NULL,'{\"country_name\":\"Peru\",\"country_code\":\"PE\",\"region_code\":\"SAM\",\"region_name\":\"San Mart\\u00edn Department\",\"city_name\":\"Moyobamba\",\"latitude\":\"-6.0347\",\"longitude\":\"-76.9748\",\"timezone\":\"America\\/Lima\"}','2026-07-30 14:07:22','2026-07-30 14:07:22');
COMMIT;

-- Dumped table `system_activity_logs` with 429 row(s)
--

--
-- Table structure for table `system_activity_log_types`
--

CREATE TABLE `system_activity_log_types` (
  `id` varchar(255) NOT NULL,
  `description` varchar(255) NOT NULL,
  PRIMARY KEY (`id`)
) ENGINE=InnoDB DEFAULT CHARSET=utf8mb4 COLLATE=utf8mb4_unicode_ci;

--
-- Dumping data for table `system_activity_log_types`
--

SET autocommit=0;
INSERT INTO `system_activity_log_types` VALUES ('companies_certificate','Actualización del campo certificado en configuración de empresa'),('companies_name','Actualización del campo nombre en configuración de empresa'),('companies_number','Actualización del campo número en configuración de empresa'),('companies_soap_password','Actualización del campo SOAP Contraseña en configuración de empresa'),('companies_soap_send_id','Actualización del campo SOAP envío en configuración de empresa'),('companies_soap_type_id','Actualización del campo SOAP tipo en configuración de empresa'),('companies_soap_url','Actualización del campo SOAP url envío en configuración de empresa'),('companies_soap_username','Actualización del campo SOAP Usuario en configuración de empresa'),('contract_voided','Anulación de contrato'),('document_voided','Anulación de comprobante (boleta/factura)'),('expense_voided','Anulación de gasto'),('failed','Error de inicio de sesión'),('fixed_asset_purchase_voided','Anulación de compra de activo fijo'),('income_voided','Anulación de ingreso'),('inventory_created','Movimiento/ajuste de inventario'),('inventory_transfer_created','Traslado entre almacenes'),('level_module_access_error','Error de acceso al submódulo (no tiene permiso)'),('login','Iniciar sesión'),('login_lockout','Bloqueo de usuario por exceder límite de intentos permitidos al iniciar sesión'),('logout','Cerrar sesión'),('module_access_error','Error de acceso al módulo (no tiene permiso)'),('order_note_voided','Anulación de nota de pedido'),('payment_method_corrected','Corrección de método de pago'),('purchase_order_voided','Anulación de orden de compra'),('purchase_voided','Anulación de compra'),('quotation_voided','Anulación de cotización'),('sale_note_voided','Anulación de nota de venta');
COMMIT;

-- Dumped table `system_activity_log_types` with 27 row(s)
--

--
-- Table structure for table `tags`
--

CREATE TABLE `tags` (
  `id` int(10) unsigned NOT NULL AUTO_INCREMENT,
  `name` varchar(255) NOT NULL,
  `description` varchar(255) NOT NULL,
  `created_at` timestamp NULL DEFAULT NULL,
  `updated_at` timestamp NULL DEFAULT NULL,
  `status` tinyint(1) NOT NULL DEFAULT 1,
  PRIMARY KEY (`id`)
) ENGINE=InnoDB DEFAULT CHARSET=utf8mb4 COLLATE=utf8mb4_unicode_ci;

--
-- Dumping data for table `tags`
--

SET autocommit=0;
COMMIT;

-- Dumped table `tags` with 0 row(s)
--

--
-- Table structure for table `tasks`
--

CREATE TABLE `tasks` (
  `id` int(10) unsigned NOT NULL AUTO_INCREMENT,
  `class` varchar(255) NOT NULL,
  `execution_time` time NOT NULL,
  `output` longtext DEFAULT NULL,
  `created_at` timestamp NULL DEFAULT NULL,
  `updated_at` timestamp NULL DEFAULT NULL,
  PRIMARY KEY (`id`)
) ENGINE=InnoDB DEFAULT CHARSET=utf8mb4 COLLATE=utf8mb4_unicode_ci;

--
-- Dumping data for table `tasks`
--

SET autocommit=0;
COMMIT;

-- Dumped table `tasks` with 0 row(s)
--

--
-- Table structure for table `technical_services`
--

CREATE TABLE `technical_services` (
  `id` int(10) unsigned NOT NULL AUTO_INCREMENT,
  `user_id` int(10) unsigned NOT NULL,
  `soap_type_id` char(2) NOT NULL,
  `establishment_id` int(10) unsigned DEFAULT 0,
  `establishment` longtext CHARACTER SET utf8mb4 COLLATE utf8mb4_bin DEFAULT NULL CHECK (json_valid(`establishment`)),
  `customer_id` int(10) unsigned NOT NULL,
  `customer` longtext CHARACTER SET utf8mb4 COLLATE utf8mb4_bin NOT NULL CHECK (json_valid(`customer`)),
  `currency_type_id` text DEFAULT NULL,
  `payment_condition_id` text DEFAULT NULL,
  `payment_method_type_id` text DEFAULT NULL,
  `seller_id` int(10) unsigned DEFAULT 0,
  `exchange_rate_sale` decimal(13,3) DEFAULT 0.000,
  `total_prepayment` decimal(12,2) DEFAULT 0.00,
  `total_charge` decimal(12,2) DEFAULT 0.00,
  `total_discount` decimal(12,2) DEFAULT 0.00,
  `total_exportation` decimal(12,2) DEFAULT 0.00,
  `total_free` decimal(12,2) DEFAULT 0.00,
  `total_taxed` decimal(12,2) DEFAULT 0.00,
  `total_unaffected` decimal(12,2) DEFAULT 0.00,
  `total_exonerated` decimal(12,2) DEFAULT 0.00,
  `total_igv` decimal(12,2) DEFAULT 0.00,
  `total_igv_free` decimal(12,2) DEFAULT 0.00,
  `total_base_isc` decimal(12,2) DEFAULT 0.00,
  `total_isc` decimal(12,2) DEFAULT 0.00,
  `total_base_other_taxes` decimal(12,2) DEFAULT 0.00,
  `total_other_taxes` decimal(12,2) DEFAULT 0.00,
  `total_plastic_bag_taxes` decimal(6,2) DEFAULT 0.00,
  `total_taxes` decimal(12,2) DEFAULT 0.00,
  `total_value` decimal(12,2) DEFAULT 0.00,
  `subtotal` decimal(12,2) DEFAULT 0.00,
  `total` decimal(12,2) DEFAULT 0.00,
  `is_editable` tinyint(3) unsigned DEFAULT 0,
  `cellphone` varchar(255) NOT NULL,
  `date_of_issue` date NOT NULL,
  `time_of_issue` time NOT NULL,
  `description` text NOT NULL,
  `state` text NOT NULL,
  `reason` text NOT NULL,
  `serial_number` varchar(255) NOT NULL,
  `filename` varchar(255) DEFAULT NULL,
  `cost` decimal(12,2) NOT NULL DEFAULT 0.00,
  `prepayment` decimal(12,2) NOT NULL DEFAULT 0.00,
  `activities` text DEFAULT NULL,
  `created_at` timestamp NULL DEFAULT NULL,
  `updated_at` timestamp NULL DEFAULT NULL,
  `brand` varchar(255) DEFAULT NULL,
  `equipment` varchar(255) DEFAULT NULL,
  `important_note` text DEFAULT NULL,
  `repair` tinyint(1) NOT NULL DEFAULT 0,
  `warranty` tinyint(1) NOT NULL DEFAULT 0,
  `maintenance` tinyint(1) NOT NULL DEFAULT 0,
  `diagnosis` tinyint(1) NOT NULL DEFAULT 0,
  PRIMARY KEY (`id`),
  KEY `technical_services_user_id_foreign` (`user_id`),
  KEY `technical_services_soap_type_id_foreign` (`soap_type_id`),
  KEY `technical_services_customer_id_foreign` (`customer_id`),
  KEY `technical_services_date_of_issue_index` (`date_of_issue`),
  KEY `technical_services_serial_number_index` (`serial_number`),
  CONSTRAINT `technical_services_customer_id_foreign` FOREIGN KEY (`customer_id`) REFERENCES `persons` (`id`),
  CONSTRAINT `technical_services_soap_type_id_foreign` FOREIGN KEY (`soap_type_id`) REFERENCES `soap_types` (`id`),
  CONSTRAINT `technical_services_user_id_foreign` FOREIGN KEY (`user_id`) REFERENCES `users` (`id`)
) ENGINE=InnoDB DEFAULT CHARSET=utf8mb4 COLLATE=utf8mb4_unicode_ci;

--
-- Dumping data for table `technical_services`
--

SET autocommit=0;
COMMIT;

-- Dumped table `technical_services` with 0 row(s)
--

--
-- Table structure for table `technical_service_items`
--

CREATE TABLE `technical_service_items` (
  `id` int(10) unsigned NOT NULL AUTO_INCREMENT,
  `technical_services_id` int(10) unsigned DEFAULT 0 COMMENT 'Id de technical_services',
  `item_id` int(10) unsigned DEFAULT 0 COMMENT 'Id de item',
  `item` longtext CHARACTER SET utf8mb4 COLLATE utf8mb4_bin DEFAULT NULL COMMENT 'Json con el contenido de item' CHECK (json_valid(`item`)),
  `quantity` float DEFAULT 0 COMMENT 'Cantidad de item usado',
  `unit_value` float DEFAULT 0 COMMENT 'unit_value',
  `affectation_igv_type_id` longtext DEFAULT NULL COMMENT 'Tipo de afectacion dde igv. cat_affectation_igv_types',
  `total_base_igv` float DEFAULT 0 COMMENT 'Monto base del IGV',
  `percentage_igv` float DEFAULT 0,
  `total_igv` float DEFAULT 0,
  `system_isc_type_id` longtext DEFAULT NULL,
  `total_base_isc` float DEFAULT 0,
  `percentage_isc` float DEFAULT 0,
  `total_isc` float DEFAULT 0,
  `total_base_other_taxes` float DEFAULT 0,
  `percentage_other_taxes` float DEFAULT 0,
  `total_other_taxes` float DEFAULT 0,
  `total_plastic_bag_taxes` float DEFAULT 0,
  `total_taxes` float DEFAULT 0,
  `price_type_id` longtext DEFAULT NULL,
  `unit_price` float DEFAULT 0,
  `total_value` float DEFAULT 0,
  `total_charge` float DEFAULT 0,
  `total_discount` float DEFAULT 0,
  `total` float DEFAULT 0,
  `attributes` longtext CHARACTER SET utf8mb4 COLLATE utf8mb4_bin DEFAULT NULL COMMENT 'Atributos' CHECK (json_valid(`attributes`)),
  `discounts` longtext CHARACTER SET utf8mb4 COLLATE utf8mb4_bin DEFAULT NULL COMMENT 'Descuentos' CHECK (json_valid(`discounts`)),
  `charges` longtext CHARACTER SET utf8mb4 COLLATE utf8mb4_bin DEFAULT NULL COMMENT 'Cargos' CHECK (json_valid(`charges`)),
  `additional_information` longtext DEFAULT NULL COMMENT 'Informacion adicional',
  `warehouse_id` int(10) unsigned DEFAULT 0 COMMENT 'Id de item',
  `name_product_pdf` longtext DEFAULT NULL COMMENT 'Nombre de producto en el pdf',
  `created_at` timestamp NULL DEFAULT NULL,
  `updated_at` timestamp NULL DEFAULT NULL,
  PRIMARY KEY (`id`)
) ENGINE=InnoDB DEFAULT CHARSET=utf8mb4 COLLATE=utf8mb4_unicode_ci;

--
-- Dumping data for table `technical_service_items`
--

SET autocommit=0;
COMMIT;

-- Dumped table `technical_service_items` with 0 row(s)
--

--
-- Table structure for table `technical_service_payments`
--

CREATE TABLE `technical_service_payments` (
  `id` int(10) unsigned NOT NULL AUTO_INCREMENT,
  `technical_service_id` int(10) unsigned NOT NULL,
  `date_of_payment` date NOT NULL,
  `payment_method_type_id` char(2) NOT NULL,
  `reference` varchar(255) DEFAULT NULL,
  `change` decimal(12,2) NOT NULL DEFAULT 0.00,
  `payment` decimal(12,2) NOT NULL,
  PRIMARY KEY (`id`),
  KEY `technical_service_payments_technical_service_id_foreign` (`technical_service_id`),
  KEY `technical_service_payments_payment_method_type_id_foreign` (`payment_method_type_id`),
  CONSTRAINT `technical_service_payments_payment_method_type_id_foreign` FOREIGN KEY (`payment_method_type_id`) REFERENCES `payment_method_types` (`id`),
  CONSTRAINT `technical_service_payments_technical_service_id_foreign` FOREIGN KEY (`technical_service_id`) REFERENCES `technical_services` (`id`) ON DELETE CASCADE
) ENGINE=InnoDB DEFAULT CHARSET=utf8mb4 COLLATE=utf8mb4_unicode_ci;

--
-- Dumping data for table `technical_service_payments`
--

SET autocommit=0;
COMMIT;

-- Dumped table `technical_service_payments` with 0 row(s)
--

--
-- Table structure for table `tips`
--

CREATE TABLE `tips` (
  `id` int(10) unsigned NOT NULL AUTO_INCREMENT,
  `soap_type_id` char(2) NOT NULL,
  `date` date NOT NULL COMMENT 'Fecha de registro',
  `origin_date_of_issue` date NOT NULL COMMENT 'Fecha del documento origen de la propina',
  `origin_id` int(11) NOT NULL,
  `origin_type` varchar(255) NOT NULL,
  `worker_full_name` varchar(255) NOT NULL,
  `total` decimal(12,2) NOT NULL,
  `created_at` timestamp NULL DEFAULT NULL,
  `updated_at` timestamp NULL DEFAULT NULL,
  PRIMARY KEY (`id`),
  KEY `origin_index` (`origin_id`,`origin_type`),
  KEY `tips_soap_type_id_foreign` (`soap_type_id`),
  KEY `tips_date_index` (`date`),
  KEY `tips_origin_date_of_issue_index` (`origin_date_of_issue`),
  KEY `tips_worker_full_name_index` (`worker_full_name`),
  CONSTRAINT `tips_soap_type_id_foreign` FOREIGN KEY (`soap_type_id`) REFERENCES `soap_types` (`id`)
) ENGINE=InnoDB DEFAULT CHARSET=utf8mb4 COLLATE=utf8mb4_unicode_ci;

--
-- Dumping data for table `tips`
--

SET autocommit=0;
COMMIT;

-- Dumped table `tips` with 0 row(s)
--

--
-- Table structure for table `track_api_peru_services`
--

CREATE TABLE `track_api_peru_services` (
  `id` int(10) unsigned NOT NULL AUTO_INCREMENT,
  `service` int(10) unsigned DEFAULT 0 COMMENT 'Tipo de servicio  1 => sunat/dni, 2 => validacion_multiple_cpe, 3 => CPE, 4 => tipo_de_cambio, 5 => printer_ticket',
  `date_of_issue` timestamp NULL DEFAULT NULL,
  PRIMARY KEY (`id`)
) ENGINE=InnoDB DEFAULT CHARSET=utf8mb4 COLLATE=utf8mb4_unicode_ci;

--
-- Dumping data for table `track_api_peru_services`
--

SET autocommit=0;
COMMIT;

-- Dumped table `track_api_peru_services` with 0 row(s)
--

--
-- Table structure for table `transactions`
--

CREATE TABLE `transactions` (
  `id` int(10) unsigned NOT NULL AUTO_INCREMENT,
  `payment_link_id` int(10) unsigned NOT NULL,
  `soap_type_id` char(2) DEFAULT NULL,
  `date` date NOT NULL,
  `time` time NOT NULL,
  `uuid` char(36) NOT NULL,
  `description` varchar(255) NOT NULL,
  `payment_id` varchar(255) DEFAULT NULL,
  `amount` decimal(16,2) NOT NULL,
  `transaction_state_id` varchar(255) NOT NULL,
  `created_at` timestamp NULL DEFAULT NULL,
  `updated_at` timestamp NULL DEFAULT NULL,
  PRIMARY KEY (`id`),
  UNIQUE KEY `transactions_uuid_unique` (`uuid`),
  KEY `transactions_payment_link_id_foreign` (`payment_link_id`),
  KEY `transactions_transaction_state_id_foreign` (`transaction_state_id`),
  KEY `transactions_date_index` (`date`),
  KEY `transactions_time_index` (`time`),
  KEY `transactions_description_index` (`description`),
  KEY `transactions_payment_id_index` (`payment_id`),
  KEY `transactions_amount_index` (`amount`),
  KEY `transactions_soap_type_id_foreign` (`soap_type_id`),
  CONSTRAINT `transactions_payment_link_id_foreign` FOREIGN KEY (`payment_link_id`) REFERENCES `payment_links` (`id`),
  CONSTRAINT `transactions_soap_type_id_foreign` FOREIGN KEY (`soap_type_id`) REFERENCES `soap_types` (`id`),
  CONSTRAINT `transactions_transaction_state_id_foreign` FOREIGN KEY (`transaction_state_id`) REFERENCES `transaction_states` (`id`)
) ENGINE=InnoDB DEFAULT CHARSET=utf8mb4 COLLATE=utf8mb4_unicode_ci;

--
-- Dumping data for table `transactions`
--

SET autocommit=0;
COMMIT;

-- Dumped table `transactions` with 0 row(s)
--

--
-- Table structure for table `transaction_queries`
--

CREATE TABLE `transaction_queries` (
  `id` int(10) unsigned NOT NULL AUTO_INCREMENT,
  `date` date NOT NULL,
  `time` time NOT NULL,
  `response` longtext CHARACTER SET utf8mb4 COLLATE utf8mb4_bin NOT NULL CHECK (json_valid(`response`)),
  `transaction_id` int(10) unsigned NOT NULL,
  `created_at` timestamp NULL DEFAULT NULL,
  `updated_at` timestamp NULL DEFAULT NULL,
  PRIMARY KEY (`id`),
  KEY `transaction_queries_transaction_id_foreign` (`transaction_id`),
  CONSTRAINT `transaction_queries_transaction_id_foreign` FOREIGN KEY (`transaction_id`) REFERENCES `transactions` (`id`)
) ENGINE=InnoDB DEFAULT CHARSET=utf8mb4 COLLATE=utf8mb4_unicode_ci;

--
-- Dumping data for table `transaction_queries`
--

SET autocommit=0;
COMMIT;

-- Dumped table `transaction_queries` with 0 row(s)
--

--
-- Table structure for table `transaction_states`
--

CREATE TABLE `transaction_states` (
  `id` varchar(255) NOT NULL,
  `name` varchar(255) NOT NULL,
  `success` tinyint(1) NOT NULL,
  `status` varchar(255) NOT NULL,
  `status_detail` varchar(255) NOT NULL,
  `original_message` varchar(255) NOT NULL,
  `user_message` varchar(255) NOT NULL,
  PRIMARY KEY (`id`),
  KEY `transaction_states_name_index` (`name`),
  KEY `transaction_states_success_index` (`success`),
  KEY `transaction_states_status_index` (`status`),
  KEY `transaction_states_status_detail_index` (`status_detail`)
) ENGINE=InnoDB DEFAULT CHARSET=utf8mb4 COLLATE=utf8mb4_unicode_ci;

--
-- Dumping data for table `transaction_states`
--

SET autocommit=0;
INSERT INTO `transaction_states` VALUES ('00','Rechazado (Error desconocido)',0,'other','other','Error desconocido','Lo sentimos, ocurrió un error inesperado.'),('01','Aceptado',1,'approved','accredited','¡Listo! Se acreditó tu pago. En tu resumen verás el cargo de amount como statement_descriptor.','¡Listo! Se acreditó tu pago. En tu resumen verás el cargo del pago.'),('02','En proceso',1,'in_process','pending_contingency','Estamos procesando tu pago. No te preocupes, menos de 2 días hábiles te avisaremos por e-mail si se acreditó.','Estamos procesando tu pago. No te preocupes, en menos de 2 días hábiles te avisaremos por e-mail si se acreditó.'),('03','En proceso',1,'in_process','pending_review_manual','Estamos procesando tu pago. No te preocupes, menos de 2 días hábiles te avisaremos por e-mail si se acreditó o si necesitamos más información.','Estamos procesando tu pago. No te preocupes, en menos de 2 días hábiles te avisaremos por e-mail si se acreditó o si necesitamos más información.'),('04','Rechazado',0,'rejected','cc_rejected_bad_filled_card_number','Revisa el número de tarjeta.','Lo sentimos, ocurrió un inconveniente. Revisa el número de tarjeta.'),('05','Rechazado',0,'rejected','cc_rejected_bad_filled_date','Revisa la fecha de vencimiento.','Lo sentimos, ocurrió un inconveniente. Revisa la fecha de vencimiento.'),('06','Rechazado',0,'rejected','cc_rejected_bad_filled_other','Revisa los datos.','Lo sentimos, ocurrió un inconveniente. Revisa los datos.'),('07','Rechazado',0,'rejected','cc_rejected_bad_filled_security_code','Revisa el código de seguridad de la tarjeta.','Lo sentimos, ocurrió un inconveniente. Revisa el código de seguridad de la tarjeta.'),('08','Rechazado',0,'rejected','cc_rejected_blacklist','No pudimos procesar tu pago.','Lo sentimos, ocurrió un inconveniente. No pudimos procesar tu pago.'),('09','Rechazado',0,'rejected','cc_rejected_call_for_authorize','Debes autorizar ante payment_method_id el pago de amount.','Debes autorizar ante el medio de pago, el pago a realizar.'),('10','Rechazado',0,'rejected','cc_rejected_card_disabled','Llama a payment_method_id para activar tu tarjeta o usa otro medio de pago. El teléfono está al dorso de tu tarjeta.','Llama a la entidad para activar tu tarjeta o usa otro medio de pago. El teléfono está al dorso de tu tarjeta.'),('11','Rechazado',0,'rejected','cc_rejected_card_error','No pudimos procesar tu pago.','Lo sentimos, ocurrió un inconveniente. No pudimos procesar tu pago.'),('12','Rechazado',0,'rejected','cc_rejected_duplicated_payment','Ya hiciste un pago por ese valor. Si necesitas volver a pagar usa otra tarjeta u otro medio de pago.','Ya hiciste un pago por ese valor. Si necesitas volver a pagar usa otra tarjeta u otro medio de pago.'),('13','Rechazado',0,'rejected','cc_rejected_high_risk','Tu pago fue rechazado. Elige otro de los medios de pago, te recomendamos con medios en efectivo.','Tu pago fue rechazado. Elige otro de los medios de pago, te recomendamos con medios en efectivo.'),('14','Rechazado',0,'rejected','cc_rejected_insufficient_amount','Tu payment_method_id no tiene fondos suficientes.','Lo sentimos, ocurrió un inconveniente. Tu medio de pago no tiene fondos suficientes.'),('15','Rechazado',0,'rejected','cc_rejected_invalid_installments','payment_method_id no procesa pagos en installments cuotas.','Para el medio de pago ingresado, no se puede procesar los pagos en la cantidad de cuotas seleccionadas.'),('16','Rechazado',0,'rejected','cc_rejected_max_attempts','Llegaste al límite de intentos permitidos. Elige otra tarjeta u otro medio de pago.','Llegaste al límite de intentos permitidos. Elige otra tarjeta u otro medio de pago.'),('17','Rechazado',0,'rejected','cc_rejected_other_reason','payment_method_id no procesó el pago.','Lo sentimos, ocurrió un inconveniente. El pago no pudo ser procesado por el medio usado');
COMMIT;

-- Dumped table `transaction_states` with 18 row(s)
--

--
-- Table structure for table `transfer_account_payments`
--

CREATE TABLE `transfer_account_payments` (
  `id` int(10) unsigned NOT NULL AUTO_INCREMENT,
  `origin_id` int(10) unsigned DEFAULT 0 COMMENT 'id Cuenta de origen',
  `origin_type` text DEFAULT NULL COMMENT 'Modelo de origen',
  `destiny_id` int(10) unsigned DEFAULT 0 COMMENT 'id Cuenta de destino',
  `destiny_type` text DEFAULT NULL COMMENT 'Modelo de destino',
  `amount` decimal(9,2) DEFAULT 0.00 COMMENT 'Monto a transferir',
  `date_of_movement` datetime DEFAULT NULL COMMENT 'Fecha de movimiento',
  `user_id` int(10) unsigned DEFAULT 0 COMMENT 'Usuario que realiza el movimiento',
  `created_at` timestamp NULL DEFAULT NULL,
  `updated_at` timestamp NULL DEFAULT NULL,
  PRIMARY KEY (`id`)
) ENGINE=InnoDB DEFAULT CHARSET=utf8mb4 COLLATE=utf8mb4_unicode_ci;

--
-- Dumping data for table `transfer_account_payments`
--

SET autocommit=0;
COMMIT;

-- Dumped table `transfer_account_payments` with 0 row(s)
--

--
-- Table structure for table `transports`
--

CREATE TABLE `transports` (
  `id` int(10) unsigned NOT NULL AUTO_INCREMENT,
  `plate_number` varchar(50) NOT NULL,
  `model` varchar(255) NOT NULL,
  `brand` varchar(255) NOT NULL,
  `is_default` tinyint(1) NOT NULL DEFAULT 0,
  `is_active` tinyint(1) NOT NULL DEFAULT 1,
  `created_at` timestamp NULL DEFAULT NULL,
  `updated_at` timestamp NULL DEFAULT NULL,
  PRIMARY KEY (`id`)
) ENGINE=InnoDB DEFAULT CHARSET=utf8mb4 COLLATE=utf8mb4_unicode_ci;

--
-- Dumping data for table `transports`
--

SET autocommit=0;
COMMIT;

-- Dumped table `transports` with 0 row(s)
--

--
-- Table structure for table `users`
--

SET autocommit=0;
COMMIT;

-- Dumped table `users` with 4 row(s)
--

--
-- Table structure for table `user_commissions`
--

CREATE TABLE `user_commissions` (
  `id` int(10) unsigned NOT NULL AUTO_INCREMENT,
  `user_id` int(10) unsigned NOT NULL,
  `amount` decimal(8,2) NOT NULL,
  `type` varchar(255) NOT NULL,
  `created_at` timestamp NULL DEFAULT NULL,
  `updated_at` timestamp NULL DEFAULT NULL,
  PRIMARY KEY (`id`),
  KEY `user_commissions_user_id_foreign` (`user_id`),
  CONSTRAINT `user_commissions_user_id_foreign` FOREIGN KEY (`user_id`) REFERENCES `users` (`id`)
) ENGINE=InnoDB DEFAULT CHARSET=utf8mb4 COLLATE=utf8mb4_unicode_ci;

--
-- Dumping data for table `user_commissions`
--

SET autocommit=0;
COMMIT;

-- Dumped table `user_commissions` with 0 row(s)
--

--
-- Table structure for table `user_default_document_types`
--

CREATE TABLE `user_default_document_types` (
  `id` int(10) unsigned NOT NULL AUTO_INCREMENT,
  `user_id` int(10) unsigned NOT NULL,
  `document_type_id` varchar(255) NOT NULL,
  `series_id` int(10) unsigned NOT NULL,
  `created_at` timestamp NULL DEFAULT NULL,
  `updated_at` timestamp NULL DEFAULT NULL,
  PRIMARY KEY (`id`),
  KEY `user_default_document_types_user_id_foreign` (`user_id`),
  KEY `user_default_document_types_document_type_id_foreign` (`document_type_id`),
  KEY `user_default_document_types_series_id_foreign` (`series_id`),
  CONSTRAINT `user_default_document_types_document_type_id_foreign` FOREIGN KEY (`document_type_id`) REFERENCES `cat_document_types` (`id`),
  CONSTRAINT `user_default_document_types_series_id_foreign` FOREIGN KEY (`series_id`) REFERENCES `series` (`id`),
  CONSTRAINT `user_default_document_types_user_id_foreign` FOREIGN KEY (`user_id`) REFERENCES `users` (`id`)
) ENGINE=InnoDB DEFAULT CHARSET=utf8mb4 COLLATE=utf8mb4_unicode_ci;

--
-- Dumping data for table `user_default_document_types`
--

SET autocommit=0;
COMMIT;

-- Dumped table `user_default_document_types` with 0 row(s)
--

--
-- Table structure for table `user_mobile_establishments`
--

CREATE TABLE `user_mobile_establishments` (
  `id` int(10) unsigned NOT NULL AUTO_INCREMENT,
  `user_id` int(10) unsigned NOT NULL,
  `establishment_id` int(10) unsigned NOT NULL,
  `created_at` timestamp NULL DEFAULT NULL,
  `updated_at` timestamp NULL DEFAULT NULL,
  PRIMARY KEY (`id`),
  UNIQUE KEY `ume_user_establishment_unique` (`user_id`,`establishment_id`),
  KEY `user_mobile_establishments_establishment_id_foreign` (`establishment_id`),
  CONSTRAINT `user_mobile_establishments_establishment_id_foreign` FOREIGN KEY (`establishment_id`) REFERENCES `establishments` (`id`) ON DELETE CASCADE,
  CONSTRAINT `user_mobile_establishments_user_id_foreign` FOREIGN KEY (`user_id`) REFERENCES `users` (`id`) ON DELETE CASCADE
) ENGINE=InnoDB DEFAULT CHARSET=utf8mb4 COLLATE=utf8mb4_unicode_ci;

--
-- Dumping data for table `user_mobile_establishments`
--

SET autocommit=0;
COMMIT;

-- Dumped table `user_mobile_establishments` with 0 row(s)
--

--
-- Table structure for table `user_rel_suscription_plans`
--

CREATE TABLE `user_rel_suscription_plans` (
  `id` int(10) unsigned NOT NULL AUTO_INCREMENT,
  `user_id` int(10) unsigned DEFAULT 0 COMMENT 'Relacion con usuario',
  `suscription_plan_id` int(10) unsigned DEFAULT 0 COMMENT 'Relacion con planes de suscripcion',
  `cat_period_id` int(10) unsigned DEFAULT 0 COMMENT 'Relacion con el periodo de tiempo',
  `items` longtext CHARACTER SET utf8mb4 COLLATE utf8mb4_bin NOT NULL COMMENT 'Pega los items relacionados a modo de standar' CHECK (json_valid(`items`)),
  `editable` tinyint(4) NOT NULL DEFAULT 0 COMMENT 'Si ya ha sido adquirido, no puede ser modificado',
  `deletable` tinyint(4) NOT NULL DEFAULT 0 COMMENT 'Si ya ha sido adquirido, no puede ser borrado',
  `start_date` date DEFAULT NULL COMMENT 'Fecha de inicio',
  `sale_notes` text DEFAULT NULL,
  `documents` text DEFAULT NULL,
  `dates_of_documents` text DEFAULT NULL,
  `automatic_date_of_issue` date DEFAULT NULL,
  `customer_id` int(10) unsigned DEFAULT 0,
  `customer` longtext CHARACTER SET utf8mb4 COLLATE utf8mb4_bin NOT NULL CHECK (json_valid(`customer`)),
  `parent_customer_id` int(10) unsigned DEFAULT 0,
  `parent_customer` longtext CHARACTER SET utf8mb4 COLLATE utf8mb4_bin NOT NULL CHECK (json_valid(`parent_customer`)),
  `children_customer_id` int(10) unsigned DEFAULT 0,
  `children_customer` longtext DEFAULT NULL,
  `quantity_period` int(10) unsigned DEFAULT 0,
  `apply_concurrency` int(10) unsigned NOT NULL DEFAULT 0,
  `enabled_concurrency` int(10) unsigned NOT NULL DEFAULT 1 COMMENT 'Se pasará a nota de ventas como activo',
  `currency_type_id` varchar(255) DEFAULT NULL,
  `payment_method_type_id` varchar(255) DEFAULT NULL,
  `exchange_rate_sale` float DEFAULT 0,
  `total_prepayment` float DEFAULT 0,
  `total_charge` float DEFAULT 0,
  `total_discount` float DEFAULT 0,
  `total_exportation` float DEFAULT 0,
  `total_free` float DEFAULT 0,
  `total_taxed` float DEFAULT 0,
  `total_unaffected` float DEFAULT 0,
  `total_exonerated` float DEFAULT 0,
  `total_igv` float DEFAULT 0,
  `total_igv_free` float DEFAULT 0,
  `total_base_isc` float DEFAULT 0,
  `total_isc` float DEFAULT 0,
  `total_base_other_taxes` float DEFAULT 0,
  `total_other_taxes` float DEFAULT 0,
  `total_taxes` float DEFAULT 0,
  `total_value` float DEFAULT 0,
  `total` decimal(12,2) DEFAULT 0.00,
  `charges` longtext CHARACTER SET utf8mb4 COLLATE utf8mb4_bin DEFAULT NULL CHECK (json_valid(`charges`)),
  `attributes` longtext CHARACTER SET utf8mb4 COLLATE utf8mb4_bin DEFAULT NULL CHECK (json_valid(`attributes`)),
  `discounts` longtext CHARACTER SET utf8mb4 COLLATE utf8mb4_bin DEFAULT NULL CHECK (json_valid(`discounts`)),
  `prepayments` longtext CHARACTER SET utf8mb4 COLLATE utf8mb4_bin DEFAULT NULL CHECK (json_valid(`prepayments`)),
  `related` longtext CHARACTER SET utf8mb4 COLLATE utf8mb4_bin DEFAULT NULL CHECK (json_valid(`related`)),
  `perception` longtext CHARACTER SET utf8mb4 COLLATE utf8mb4_bin DEFAULT NULL CHECK (json_valid(`perception`)),
  `detraction` longtext CHARACTER SET utf8mb4 COLLATE utf8mb4_bin DEFAULT NULL CHECK (json_valid(`detraction`)),
  `legends` longtext CHARACTER SET utf8mb4 COLLATE utf8mb4_bin DEFAULT NULL CHECK (json_valid(`legends`)),
  `terms_condition` longtext DEFAULT NULL,
  `created_at` timestamp NULL DEFAULT NULL,
  `updated_at` timestamp NULL DEFAULT NULL,
  `grade` text DEFAULT NULL COMMENT 'Grado designado - utilizado en matricula',
  `section` text DEFAULT NULL COMMENT 'Seccion designado - utilizado en matricula',
  PRIMARY KEY (`id`)
) ENGINE=InnoDB DEFAULT CHARSET=utf8mb4 COLLATE=utf8mb4_unicode_ci;

--
-- Dumping data for table `user_rel_suscription_plans`
--

SET autocommit=0;
COMMIT;

-- Dumped table `user_rel_suscription_plans` with 0 row(s)
--

--
-- Table structure for table `vet_appointments`
--

CREATE TABLE `vet_appointments` (
  `id` int(10) unsigned NOT NULL AUTO_INCREMENT,
  `pet_id` int(10) unsigned DEFAULT NULL,
  `owner_id` int(10) unsigned DEFAULT NULL,
  `veterinarian_id` int(10) unsigned DEFAULT NULL,
  `establishment_id` int(10) unsigned DEFAULT NULL,
  `scheduled_at` datetime NOT NULL,
  `duration_minutes` smallint(5) unsigned NOT NULL DEFAULT 30,
  `title` varchar(255) DEFAULT NULL,
  `reason` varchar(255) DEFAULT NULL,
  `status` varchar(255) NOT NULL DEFAULT 'scheduled',
  `notes` text DEFAULT NULL,
  `created_at` timestamp NULL DEFAULT NULL,
  `updated_at` timestamp NULL DEFAULT NULL,
  PRIMARY KEY (`id`),
  KEY `vet_appointments_veterinarian_id_scheduled_at_index` (`veterinarian_id`,`scheduled_at`),
  KEY `vet_appointments_pet_id_index` (`pet_id`),
  KEY `vet_appointments_owner_id_index` (`owner_id`),
  KEY `vet_appointments_veterinarian_id_index` (`veterinarian_id`),
  KEY `vet_appointments_scheduled_at_index` (`scheduled_at`)
) ENGINE=InnoDB DEFAULT CHARSET=utf8mb4 COLLATE=utf8mb4_unicode_ci;

--
-- Dumping data for table `vet_appointments`
--

SET autocommit=0;
COMMIT;

-- Dumped table `vet_appointments` with 0 row(s)
--

--
-- Table structure for table `vet_boardings`
--

CREATE TABLE `vet_boardings` (
  `id` int(10) unsigned NOT NULL AUTO_INCREMENT,
  `pet_id` int(10) unsigned NOT NULL,
  `owner_id` int(10) unsigned DEFAULT NULL,
  `establishment_id` int(10) unsigned DEFAULT NULL,
  `check_in` date NOT NULL,
  `check_out` date DEFAULT NULL,
  `kennel` varchar(255) DEFAULT NULL,
  `daily_rate` decimal(10,2) NOT NULL DEFAULT 0.00,
  `status` varchar(255) NOT NULL DEFAULT 'active',
  `notes` text DEFAULT NULL,
  `document_id` int(10) unsigned DEFAULT NULL,
  `sale_note_id` int(10) unsigned DEFAULT NULL,
  `created_at` timestamp NULL DEFAULT NULL,
  `updated_at` timestamp NULL DEFAULT NULL,
  PRIMARY KEY (`id`),
  KEY `vet_boardings_status_check_in_index` (`status`,`check_in`),
  KEY `vet_boardings_pet_id_index` (`pet_id`),
  KEY `vet_boardings_owner_id_index` (`owner_id`)
) ENGINE=InnoDB DEFAULT CHARSET=utf8mb4 COLLATE=utf8mb4_unicode_ci;

--
-- Dumping data for table `vet_boardings`
--

SET autocommit=0;
COMMIT;

-- Dumped table `vet_boardings` with 0 row(s)
--

--
-- Table structure for table `vet_breeds`
--

CREATE TABLE `vet_breeds` (
  `id` int(10) unsigned NOT NULL AUTO_INCREMENT,
  `species_id` int(10) unsigned DEFAULT NULL,
  `name` varchar(255) NOT NULL,
  `active` tinyint(1) NOT NULL DEFAULT 1,
  `created_at` timestamp NULL DEFAULT NULL,
  `updated_at` timestamp NULL DEFAULT NULL,
  PRIMARY KEY (`id`),
  KEY `vet_breeds_species_id_index` (`species_id`),
  KEY `vet_breeds_active_index` (`active`)
) ENGINE=InnoDB DEFAULT CHARSET=utf8mb4 COLLATE=utf8mb4_unicode_ci;

--
-- Dumping data for table `vet_breeds`
--

SET autocommit=0;
COMMIT;

-- Dumped table `vet_breeds` with 0 row(s)
--

--
-- Table structure for table `vet_consultations`
--

CREATE TABLE `vet_consultations` (
  `id` int(10) unsigned NOT NULL AUTO_INCREMENT,
  `pet_id` int(10) unsigned NOT NULL,
  `veterinarian_id` int(10) unsigned DEFAULT NULL,
  `establishment_id` int(10) unsigned DEFAULT NULL,
  `consultation_date` date NOT NULL,
  `type` varchar(20) NOT NULL DEFAULT 'consulta',
  `reason` varchar(255) DEFAULT NULL,
  `weight` decimal(8,2) DEFAULT NULL,
  `temperature` decimal(5,2) DEFAULT NULL,
  `heart_rate` varchar(20) DEFAULT NULL,
  `resp_rate` varchar(20) DEFAULT NULL,
  `general_state` varchar(191) DEFAULT NULL,
  `diarrhea` tinyint(1) DEFAULT NULL,
  `diarrhea_note` varchar(191) DEFAULT NULL,
  `vaccination_status` varchar(20) DEFAULT NULL,
  `deworming_status` varchar(20) DEFAULT NULL,
  `anamnesis` text DEFAULT NULL,
  `diagnosis_text` text DEFAULT NULL,
  `prescription_cie10_id` int(10) unsigned DEFAULT NULL,
  `treatment` text DEFAULT NULL,
  `observations` text DEFAULT NULL,
  `document_id` int(10) unsigned DEFAULT NULL,
  `sale_note_id` int(10) unsigned DEFAULT NULL,
  `appointment_id` int(10) unsigned DEFAULT NULL,
  `created_at` timestamp NULL DEFAULT NULL,
  `updated_at` timestamp NULL DEFAULT NULL,
  PRIMARY KEY (`id`),
  KEY `vet_consultations_pet_id_consultation_date_index` (`pet_id`,`consultation_date`),
  KEY `vet_consultations_pet_id_index` (`pet_id`),
  KEY `vet_consultations_veterinarian_id_index` (`veterinarian_id`),
  KEY `vet_consultations_prescription_cie10_id_index` (`prescription_cie10_id`),
  KEY `vet_consultations_appointment_id_index` (`appointment_id`)
) ENGINE=InnoDB DEFAULT CHARSET=utf8mb4 COLLATE=utf8mb4_unicode_ci;

--
-- Dumping data for table `vet_consultations`
--

SET autocommit=0;
COMMIT;

-- Dumped table `vet_consultations` with 0 row(s)
--

--
-- Table structure for table `vet_consultation_attachments`
--

CREATE TABLE `vet_consultation_attachments` (
  `id` int(10) unsigned NOT NULL AUTO_INCREMENT,
  `consultation_id` int(10) unsigned NOT NULL,
  `name` varchar(191) NOT NULL,
  `path` varchar(255) NOT NULL,
  `mime` varchar(100) DEFAULT NULL,
  `kind` varchar(20) DEFAULT NULL,
  `created_at` timestamp NULL DEFAULT NULL,
  `updated_at` timestamp NULL DEFAULT NULL,
  PRIMARY KEY (`id`),
  KEY `vet_consultation_attachments_consultation_id_index` (`consultation_id`)
) ENGINE=InnoDB DEFAULT CHARSET=utf8mb4 COLLATE=utf8mb4_unicode_ci;

--
-- Dumping data for table `vet_consultation_attachments`
--

SET autocommit=0;
COMMIT;

-- Dumped table `vet_consultation_attachments` with 0 row(s)
--

--
-- Table structure for table `vet_consultation_procedures`
--

CREATE TABLE `vet_consultation_procedures` (
  `id` int(10) unsigned NOT NULL AUTO_INCREMENT,
  `consultation_id` int(10) unsigned NOT NULL,
  `item_id` int(10) unsigned NOT NULL,
  `name` varchar(191) NOT NULL,
  `quantity` decimal(12,2) NOT NULL DEFAULT 1.00,
  `unit_price` decimal(12,2) NOT NULL DEFAULT 0.00,
  `created_at` timestamp NULL DEFAULT NULL,
  `updated_at` timestamp NULL DEFAULT NULL,
  PRIMARY KEY (`id`),
  KEY `vet_consultation_procedures_consultation_id_index` (`consultation_id`),
  KEY `vet_consultation_procedures_item_id_index` (`item_id`)
) ENGINE=InnoDB DEFAULT CHARSET=utf8mb4 COLLATE=utf8mb4_unicode_ci;

--
-- Dumping data for table `vet_consultation_procedures`
--

SET autocommit=0;
COMMIT;

-- Dumped table `vet_consultation_procedures` with 0 row(s)
--

--
-- Table structure for table `vet_memberships`
--

CREATE TABLE `vet_memberships` (
  `id` int(10) unsigned NOT NULL AUTO_INCREMENT,
  `owner_id` int(10) unsigned NOT NULL,
  `pet_id` int(10) unsigned DEFAULT NULL,
  `plan_name` varchar(255) NOT NULL,
  `price` decimal(10,2) NOT NULL DEFAULT 0.00,
  `period` varchar(255) NOT NULL DEFAULT 'monthly',
  `start_date` date NOT NULL,
  `end_date` date NOT NULL,
  `status` varchar(255) NOT NULL DEFAULT 'active',
  `benefits` text DEFAULT NULL,
  `notes` text DEFAULT NULL,
  `document_id` int(10) unsigned DEFAULT NULL,
  `sale_note_id` int(10) unsigned DEFAULT NULL,
  `created_at` timestamp NULL DEFAULT NULL,
  `updated_at` timestamp NULL DEFAULT NULL,
  PRIMARY KEY (`id`),
  KEY `vet_memberships_status_end_date_index` (`status`,`end_date`),
  KEY `vet_memberships_owner_id_index` (`owner_id`),
  KEY `vet_memberships_pet_id_index` (`pet_id`)
) ENGINE=InnoDB DEFAULT CHARSET=utf8mb4 COLLATE=utf8mb4_unicode_ci;

--
-- Dumping data for table `vet_memberships`
--

SET autocommit=0;
COMMIT;

-- Dumped table `vet_memberships` with 0 row(s)
--

--
-- Table structure for table `vet_notification_log`
--

CREATE TABLE `vet_notification_log` (
  `id` int(10) unsigned NOT NULL AUTO_INCREMENT,
  `pet_id` int(10) unsigned DEFAULT NULL,
  `owner_id` int(10) unsigned DEFAULT NULL,
  `channel` varchar(20) NOT NULL,
  `destination` varchar(191) NOT NULL,
  `subject` varchar(191) DEFAULT NULL,
  `body` text NOT NULL,
  `ref_type` varchar(40) DEFAULT NULL,
  `ref_id` int(10) unsigned DEFAULT NULL,
  `status` varchar(20) NOT NULL,
  `error` text DEFAULT NULL,
  `sent_at` datetime DEFAULT NULL,
  `created_at` timestamp NULL DEFAULT NULL,
  `updated_at` timestamp NULL DEFAULT NULL,
  PRIMARY KEY (`id`),
  KEY `vet_notification_log_ref_type_ref_id_index` (`ref_type`,`ref_id`),
  KEY `vet_notification_log_status_index` (`status`),
  KEY `vet_notification_log_pet_id_index` (`pet_id`)
) ENGINE=InnoDB DEFAULT CHARSET=utf8mb4 COLLATE=utf8mb4_unicode_ci;

--
-- Dumping data for table `vet_notification_log`
--

SET autocommit=0;
COMMIT;

-- Dumped table `vet_notification_log` with 0 row(s)
--

--
-- Table structure for table `vet_pets`
--

CREATE TABLE `vet_pets` (
  `id` int(10) unsigned NOT NULL AUTO_INCREMENT,
  `owner_id` int(10) unsigned NOT NULL,
  `name` varchar(255) NOT NULL,
  `species` varchar(60) DEFAULT NULL,
  `species_id` int(10) unsigned DEFAULT NULL,
  `breed` varchar(120) DEFAULT NULL,
  `breed_id` int(10) unsigned DEFAULT NULL,
  `sex` varchar(20) DEFAULT NULL,
  `birthdate` date DEFAULT NULL,
  `weight` decimal(8,2) DEFAULT NULL,
  `color` varchar(60) DEFAULT NULL,
  `microchip` varchar(60) DEFAULT NULL,
  `sterilized` tinyint(1) DEFAULT NULL,
  `photo` varchar(255) DEFAULT NULL,
  `notes` text DEFAULT NULL,
  `allergies` text DEFAULT NULL,
  `chronic_conditions` text DEFAULT NULL,
  `active` tinyint(1) NOT NULL DEFAULT 1,
  `created_at` timestamp NULL DEFAULT NULL,
  `updated_at` timestamp NULL DEFAULT NULL,
  PRIMARY KEY (`id`),
  KEY `vet_pets_owner_id_active_index` (`owner_id`,`active`),
  KEY `vet_pets_owner_id_index` (`owner_id`),
  KEY `vet_pets_species_id_index` (`species_id`),
  KEY `vet_pets_breed_id_index` (`breed_id`)
) ENGINE=InnoDB DEFAULT CHARSET=utf8mb4 COLLATE=utf8mb4_unicode_ci;

--
-- Dumping data for table `vet_pets`
--

SET autocommit=0;
COMMIT;

-- Dumped table `vet_pets` with 0 row(s)
--

--
-- Table structure for table `vet_prescriptions`
--

CREATE TABLE `vet_prescriptions` (
  `id` int(10) unsigned NOT NULL AUTO_INCREMENT,
  `pet_id` int(10) unsigned NOT NULL,
  `owner_id` int(10) unsigned DEFAULT NULL,
  `veterinarian_id` int(10) unsigned DEFAULT NULL,
  `consultation_id` int(10) unsigned DEFAULT NULL,
  `prescription_date` date NOT NULL,
  `notes` text DEFAULT NULL,
  `created_at` timestamp NULL DEFAULT NULL,
  `updated_at` timestamp NULL DEFAULT NULL,
  PRIMARY KEY (`id`),
  KEY `vet_prescriptions_pet_id_prescription_date_index` (`pet_id`,`prescription_date`),
  KEY `vet_prescriptions_pet_id_index` (`pet_id`),
  KEY `vet_prescriptions_owner_id_index` (`owner_id`),
  KEY `vet_prescriptions_veterinarian_id_index` (`veterinarian_id`),
  KEY `vet_prescriptions_consultation_id_index` (`consultation_id`)
) ENGINE=InnoDB DEFAULT CHARSET=utf8mb4 COLLATE=utf8mb4_unicode_ci;

--
-- Dumping data for table `vet_prescriptions`
--

SET autocommit=0;
COMMIT;

-- Dumped table `vet_prescriptions` with 0 row(s)
--

--
-- Table structure for table `vet_prescription_items`
--

CREATE TABLE `vet_prescription_items` (
  `id` int(10) unsigned NOT NULL AUTO_INCREMENT,
  `prescription_id` int(10) unsigned NOT NULL,
  `item_id` int(10) unsigned DEFAULT NULL,
  `name` varchar(191) NOT NULL,
  `dosage` varchar(255) DEFAULT NULL,
  `route` varchar(255) DEFAULT NULL,
  `frequency` varchar(255) DEFAULT NULL,
  `duration` varchar(255) DEFAULT NULL,
  `instructions` text DEFAULT NULL,
  `created_at` timestamp NULL DEFAULT NULL,
  `updated_at` timestamp NULL DEFAULT NULL,
  PRIMARY KEY (`id`),
  KEY `vet_prescription_items_prescription_id_index` (`prescription_id`)
) ENGINE=InnoDB DEFAULT CHARSET=utf8mb4 COLLATE=utf8mb4_unicode_ci;

--
-- Dumping data for table `vet_prescription_items`
--

SET autocommit=0;
COMMIT;

-- Dumped table `vet_prescription_items` with 0 row(s)
--

--
-- Table structure for table `vet_quotes`
--

CREATE TABLE `vet_quotes` (
  `id` int(10) unsigned NOT NULL AUTO_INCREMENT,
  `pet_id` int(10) unsigned NOT NULL,
  `owner_id` int(10) unsigned DEFAULT NULL,
  `veterinarian_id` int(10) unsigned DEFAULT NULL,
  `quote_date` date NOT NULL,
  `status` varchar(20) NOT NULL DEFAULT 'draft',
  `notes` text DEFAULT NULL,
  `total` decimal(12,2) NOT NULL DEFAULT 0.00,
  `created_at` timestamp NULL DEFAULT NULL,
  `updated_at` timestamp NULL DEFAULT NULL,
  PRIMARY KEY (`id`),
  KEY `vet_quotes_pet_id_quote_date_index` (`pet_id`,`quote_date`),
  KEY `vet_quotes_pet_id_index` (`pet_id`),
  KEY `vet_quotes_owner_id_index` (`owner_id`),
  KEY `vet_quotes_veterinarian_id_index` (`veterinarian_id`)
) ENGINE=InnoDB DEFAULT CHARSET=utf8mb4 COLLATE=utf8mb4_unicode_ci;

--
-- Dumping data for table `vet_quotes`
--

SET autocommit=0;
COMMIT;

-- Dumped table `vet_quotes` with 0 row(s)
--

--
-- Table structure for table `vet_quote_items`
--

CREATE TABLE `vet_quote_items` (
  `id` int(10) unsigned NOT NULL AUTO_INCREMENT,
  `quote_id` int(10) unsigned NOT NULL,
  `item_id` int(10) unsigned DEFAULT NULL,
  `name` varchar(191) NOT NULL,
  `quantity` decimal(12,2) NOT NULL DEFAULT 1.00,
  `unit_price` decimal(12,2) NOT NULL DEFAULT 0.00,
  `subtotal` decimal(12,2) NOT NULL DEFAULT 0.00,
  `created_at` timestamp NULL DEFAULT NULL,
  `updated_at` timestamp NULL DEFAULT NULL,
  PRIMARY KEY (`id`),
  KEY `vet_quote_items_quote_id_index` (`quote_id`)
) ENGINE=InnoDB DEFAULT CHARSET=utf8mb4 COLLATE=utf8mb4_unicode_ci;

--
-- Dumping data for table `vet_quote_items`
--

SET autocommit=0;
COMMIT;

-- Dumped table `vet_quote_items` with 0 row(s)
--

--
-- Table structure for table `vet_species`
--

CREATE TABLE `vet_species` (
  `id` int(10) unsigned NOT NULL AUTO_INCREMENT,
  `name` varchar(255) NOT NULL,
  `active` tinyint(1) NOT NULL DEFAULT 1,
  `created_at` timestamp NULL DEFAULT NULL,
  `updated_at` timestamp NULL DEFAULT NULL,
  PRIMARY KEY (`id`),
  KEY `vet_species_active_index` (`active`)
) ENGINE=InnoDB DEFAULT CHARSET=utf8mb4 COLLATE=utf8mb4_unicode_ci;

--
-- Dumping data for table `vet_species`
--

SET autocommit=0;
COMMIT;

-- Dumped table `vet_species` with 0 row(s)
--

--
-- Table structure for table `vet_vaccination_records`
--

CREATE TABLE `vet_vaccination_records` (
  `id` int(10) unsigned NOT NULL AUTO_INCREMENT,
  `pet_id` int(10) unsigned NOT NULL,
  `type` varchar(20) NOT NULL DEFAULT 'vaccine',
  `item_id` int(10) unsigned DEFAULT NULL,
  `vaccine_name` varchar(255) NOT NULL,
  `applied_date` date DEFAULT NULL,
  `lot_code` varchar(60) DEFAULT NULL,
  `next_dose_date` date DEFAULT NULL,
  `veterinarian_id` int(10) unsigned DEFAULT NULL,
  `document_id` int(10) unsigned DEFAULT NULL,
  `sale_note_id` int(10) unsigned DEFAULT NULL,
  `observations` text DEFAULT NULL,
  `created_at` timestamp NULL DEFAULT NULL,
  `updated_at` timestamp NULL DEFAULT NULL,
  PRIMARY KEY (`id`),
  KEY `vet_vaccination_records_pet_id_applied_date_index` (`pet_id`,`applied_date`),
  KEY `vet_vaccination_records_pet_id_index` (`pet_id`),
  KEY `vet_vaccination_records_item_id_index` (`item_id`),
  KEY `vet_vaccination_records_next_dose_date_index` (`next_dose_date`),
  KEY `vet_vaccination_records_veterinarian_id_index` (`veterinarian_id`),
  KEY `vet_vaccination_records_type_index` (`type`)
) ENGINE=InnoDB DEFAULT CHARSET=utf8mb4 COLLATE=utf8mb4_unicode_ci;

--
-- Dumping data for table `vet_vaccination_records`
--

SET autocommit=0;
COMMIT;

-- Dumped table `vet_vaccination_records` with 0 row(s)
--

--
-- Table structure for table `vet_vaccine_protocols`
--

CREATE TABLE `vet_vaccine_protocols` (
  `id` int(10) unsigned NOT NULL AUTO_INCREMENT,
  `species_id` int(10) unsigned NOT NULL,
  `type` varchar(20) NOT NULL DEFAULT 'vaccine',
  `dose_name` varchar(191) NOT NULL,
  `offset_value` int(11) NOT NULL,
  `offset_unit` varchar(10) NOT NULL DEFAULT 'weeks',
  `offset_from` varchar(10) NOT NULL DEFAULT 'birth',
  `sort_order` int(11) NOT NULL DEFAULT 0,
  `active` tinyint(1) NOT NULL DEFAULT 1,
  `created_at` timestamp NULL DEFAULT NULL,
  `updated_at` timestamp NULL DEFAULT NULL,
  PRIMARY KEY (`id`),
  KEY `vet_vaccine_protocols_species_id_sort_order_index` (`species_id`,`sort_order`),
  KEY `vet_vaccine_protocols_species_id_index` (`species_id`)
) ENGINE=InnoDB DEFAULT CHARSET=utf8mb4 COLLATE=utf8mb4_unicode_ci;

--
-- Dumping data for table `vet_vaccine_protocols`
--

SET autocommit=0;
COMMIT;

-- Dumped table `vet_vaccine_protocols` with 0 row(s)
--

--
-- Table structure for table `vet_veterinarians`
--

CREATE TABLE `vet_veterinarians` (
  `id` int(10) unsigned NOT NULL AUTO_INCREMENT,
  `name` varchar(255) NOT NULL,
  `cmp` varchar(255) DEFAULT NULL,
  `specialty` varchar(255) DEFAULT NULL,
  `phone` varchar(255) DEFAULT NULL,
  `email` varchar(255) DEFAULT NULL,
  `user_id` int(10) unsigned DEFAULT NULL,
  `active` tinyint(1) NOT NULL DEFAULT 1,
  `work_days` varchar(20) DEFAULT NULL,
  `work_start` time DEFAULT NULL,
  `work_end` time DEFAULT NULL,
  `slot_minutes` int(10) unsigned DEFAULT 30,
  `created_at` timestamp NULL DEFAULT NULL,
  `updated_at` timestamp NULL DEFAULT NULL,
  PRIMARY KEY (`id`),
  KEY `vet_veterinarians_active_index` (`active`),
  KEY `vet_veterinarians_user_id_index` (`user_id`)
) ENGINE=InnoDB DEFAULT CHARSET=utf8mb4 COLLATE=utf8mb4_unicode_ci;

--
-- Dumping data for table `vet_veterinarians`
--

SET autocommit=0;
COMMIT;

-- Dumped table `vet_veterinarians` with 0 row(s)
--

--
-- Table structure for table `vital_signs_parameters`
--

CREATE TABLE `vital_signs_parameters` (
  `id` int(10) unsigned NOT NULL AUTO_INCREMENT,
  `specialty_id` int(10) unsigned NOT NULL,
  `paramter_name` varchar(255) NOT NULL,
  `unit` varchar(255) DEFAULT NULL,
  `type` varchar(255) DEFAULT NULL,
  `is_optional` tinyint(1) DEFAULT NULL,
  `order` int(11) DEFAULT NULL,
  `created_at` timestamp NULL DEFAULT NULL,
  `updated_at` timestamp NULL DEFAULT NULL,
  PRIMARY KEY (`id`),
  KEY `vsp_specialty_id` (`specialty_id`)
) ENGINE=InnoDB DEFAULT CHARSET=utf8mb4 COLLATE=utf8mb4_unicode_ci;

--
-- Dumping data for table `vital_signs_parameters`
--

SET autocommit=0;
COMMIT;

-- Dumped table `vital_signs_parameters` with 0 row(s)
--

--
-- Table structure for table `vital_signs_values`
--

CREATE TABLE `vital_signs_values` (
  `id` int(10) unsigned NOT NULL AUTO_INCREMENT,
  `appointment_id` int(10) unsigned NOT NULL,
  `vital_sign_id` int(10) unsigned NOT NULL,
  `value` varchar(255) NOT NULL,
  `created_at` timestamp NULL DEFAULT NULL,
  `updated_at` timestamp NULL DEFAULT NULL,
  PRIMARY KEY (`id`),
  KEY `vsv_appointment_id` (`appointment_id`)
) ENGINE=InnoDB DEFAULT CHARSET=utf8mb4 COLLATE=utf8mb4_unicode_ci;

--
-- Dumping data for table `vital_signs_values`
--

SET autocommit=0;
COMMIT;

-- Dumped table `vital_signs_values` with 0 row(s)
--

--
-- Table structure for table `voided`
--

CREATE TABLE `voided` (
  `id` int(10) unsigned NOT NULL AUTO_INCREMENT,
  `user_id` int(10) unsigned NOT NULL,
  `external_id` char(36) NOT NULL,
  `soap_type_id` char(2) NOT NULL,
  `state_type_id` char(2) NOT NULL,
  `ubl_version` varchar(255) NOT NULL,
  `date_of_issue` date NOT NULL,
  `date_of_reference` date NOT NULL,
  `identifier` varchar(255) NOT NULL,
  `filename` varchar(255) NOT NULL,
  `ticket` varchar(255) DEFAULT NULL,
  `has_ticket` tinyint(1) NOT NULL DEFAULT 0,
  `has_cdr` tinyint(1) NOT NULL DEFAULT 0,
  `soap_shipping_response` longtext CHARACTER SET utf8mb4 COLLATE utf8mb4_bin DEFAULT NULL CHECK (json_valid(`soap_shipping_response`)),
  `send_to_pse` tinyint(1) NOT NULL DEFAULT 0,
  `response_signature_pse` longtext CHARACTER SET utf8mb4 COLLATE utf8mb4_bin DEFAULT NULL CHECK (json_valid(`response_signature_pse`)),
  `response_send_cdr_pse` longtext CHARACTER SET utf8mb4 COLLATE utf8mb4_bin DEFAULT NULL CHECK (json_valid(`response_send_cdr_pse`)),
  `created_at` timestamp NULL DEFAULT NULL,
  `updated_at` timestamp NULL DEFAULT NULL,
  PRIMARY KEY (`id`),
  KEY `voided_user_id_foreign` (`user_id`),
  KEY `voided_soap_type_id_foreign` (`soap_type_id`),
  KEY `voided_state_type_id_foreign` (`state_type_id`),
  CONSTRAINT `voided_soap_type_id_foreign` FOREIGN KEY (`soap_type_id`) REFERENCES `soap_types` (`id`),
  CONSTRAINT `voided_state_type_id_foreign` FOREIGN KEY (`state_type_id`) REFERENCES `state_types` (`id`),
  CONSTRAINT `voided_user_id_foreign` FOREIGN KEY (`user_id`) REFERENCES `users` (`id`)
) ENGINE=InnoDB DEFAULT CHARSET=utf8mb4 COLLATE=utf8mb4_unicode_ci;

--
-- Dumping data for table `voided`
--

SET autocommit=0;
COMMIT;

-- Dumped table `voided` with 0 row(s)
--

--
-- Table structure for table `voided_documents`
--

CREATE TABLE `voided_documents` (
  `id` int(10) unsigned NOT NULL AUTO_INCREMENT,
  `voided_id` int(10) unsigned NOT NULL,
  `document_id` int(10) unsigned NOT NULL,
  `description` varchar(255) NOT NULL,
  PRIMARY KEY (`id`),
  KEY `voided_documents_voided_id_foreign` (`voided_id`),
  KEY `voided_documents_document_id_foreign` (`document_id`),
  CONSTRAINT `voided_documents_document_id_foreign` FOREIGN KEY (`document_id`) REFERENCES `documents` (`id`),
  CONSTRAINT `voided_documents_voided_id_foreign` FOREIGN KEY (`voided_id`) REFERENCES `voided` (`id`) ON DELETE CASCADE
) ENGINE=InnoDB DEFAULT CHARSET=utf8mb4 COLLATE=utf8mb4_unicode_ci;

--
-- Dumping data for table `voided_documents`
--

SET autocommit=0;
COMMIT;

-- Dumped table `voided_documents` with 0 row(s)
--

--
-- Table structure for table `waiters`
--

CREATE TABLE `waiters` (
  `id` int(10) unsigned NOT NULL AUTO_INCREMENT,
  `name` varchar(255) NOT NULL,
  `last_name` varchar(255) NOT NULL,
  `created_at` timestamp NULL DEFAULT NULL,
  `updated_at` timestamp NULL DEFAULT NULL,
  PRIMARY KEY (`id`)
) ENGINE=InnoDB DEFAULT CHARSET=utf8mb4 COLLATE=utf8mb4_unicode_ci;

--
-- Dumping data for table `waiters`
--

SET autocommit=0;
COMMIT;

-- Dumped table `waiters` with 0 row(s)
--

--
-- Table structure for table `warehouses`
--

CREATE TABLE `warehouses` (
  `id` int(10) unsigned NOT NULL AUTO_INCREMENT,
  `establishment_id` int(10) unsigned NOT NULL,
  `description` varchar(255) NOT NULL,
  `created_at` timestamp NULL DEFAULT NULL,
  `updated_at` timestamp NULL DEFAULT NULL,
  PRIMARY KEY (`id`),
  KEY `warehouses_establishment_id_foreign` (`establishment_id`),
  CONSTRAINT `warehouses_establishment_id_foreign` FOREIGN KEY (`establishment_id`) REFERENCES `establishments` (`id`) ON DELETE CASCADE
) ENGINE=InnoDB AUTO_INCREMENT=2 DEFAULT CHARSET=utf8mb4 COLLATE=utf8mb4_unicode_ci;

--
-- Dumping data for table `warehouses`
--

SET autocommit=0;
INSERT INTO `warehouses` VALUES (1,1,'Almacén Oficina Principal','2026-07-07 15:09:27','2026-07-07 15:09:27');
COMMIT;

-- Dumped table `warehouses` with 1 row(s)
--

--
-- Table structure for table `web_platforms`
--

CREATE TABLE `web_platforms` (
  `id` int(10) unsigned NOT NULL AUTO_INCREMENT,
  `name` varchar(255) NOT NULL,
  `created_at` timestamp NULL DEFAULT NULL,
  `updated_at` timestamp NULL DEFAULT NULL,
  PRIMARY KEY (`id`)
) ENGINE=InnoDB AUTO_INCREMENT=4 DEFAULT CHARSET=utf8mb4 COLLATE=utf8mb4_unicode_ci;

--
-- Dumping data for table `web_platforms`
--

SET autocommit=0;
INSERT INTO `web_platforms` VALUES (1,'Saga Falabella',NULL,NULL),(2,'Mercado Libre ',NULL,NULL),(3,'Linio',NULL,NULL);
COMMIT;

-- Dumped table `web_platforms` with 3 row(s)
--

--
-- Table structure for table `workers`
--

CREATE TABLE `workers` (
  `id` int(10) unsigned NOT NULL AUTO_INCREMENT,
  `identity_document_type_id` varchar(255) NOT NULL,
  `number` varchar(255) NOT NULL,
  `name` varchar(255) NOT NULL,
  `birth_date` date NOT NULL,
  `admission_date` date NOT NULL,
  `occupation` varchar(255) NOT NULL,
  `address` varchar(255) DEFAULT NULL,
  `email` varchar(255) DEFAULT NULL,
  `telephone` varchar(255) DEFAULT NULL,
  `created_at` timestamp NULL DEFAULT NULL,
  `updated_at` timestamp NULL DEFAULT NULL,
  PRIMARY KEY (`id`),
  KEY `workers_identity_document_type_id_foreign` (`identity_document_type_id`),
  KEY `workers_number_index` (`number`),
  KEY `workers_name_index` (`name`),
  CONSTRAINT `workers_identity_document_type_id_foreign` FOREIGN KEY (`identity_document_type_id`) REFERENCES `cat_identity_document_types` (`id`)
) ENGINE=InnoDB DEFAULT CHARSET=utf8mb4 COLLATE=utf8mb4_unicode_ci;

--
-- Dumping data for table `workers`
--

SET autocommit=0;
COMMIT;

-- Dumped table `workers` with 0 row(s)
--

--
-- Table structure for table `zones`
--

CREATE TABLE `zones` (
  `id` int(10) unsigned NOT NULL AUTO_INCREMENT,
  `name` varchar(255) NOT NULL,
  PRIMARY KEY (`id`)
) ENGINE=InnoDB DEFAULT CHARSET=utf8mb4 COLLATE=utf8mb4_unicode_ci;

--
-- Dumping data for table `zones`
--

SET autocommit=0;
COMMIT;

-- Dumped table `zones` with 0 row(s)
--


