COMMIT;

-- Dumped table `items` with 847 row(s)
--

--
-- Table structure for table `items_rating`
--

CREATE TABLE `items_rating` (
  `id` int(10) unsigned NOT NULL AUTO_INCREMENT,
  `user_id` int(10) unsigned NOT NULL,
  `item_id` int(10) unsigned NOT NULL,
  `value` tinyint(4) NOT NULL,
  `created_at` timestamp NULL DEFAULT NULL,
  `updated_at` timestamp NULL DEFAULT NULL,
  PRIMARY KEY (`id`),
  KEY `items_rating_user_id_foreign` (`user_id`),
  KEY `items_rating_item_id_foreign` (`item_id`),
  CONSTRAINT `items_rating_item_id_foreign` FOREIGN KEY (`item_id`) REFERENCES `items` (`id`),
  CONSTRAINT `items_rating_user_id_foreign` FOREIGN KEY (`user_id`) REFERENCES `users` (`id`)
) ENGINE=InnoDB DEFAULT CHARSET=utf8mb4 COLLATE=utf8mb4_unicode_ci;

--
-- Dumping data for table `items_rating`
--

SET autocommit=0;
COMMIT;

-- Dumped table `items_rating` with 0 row(s)
--

--
-- Table structure for table `item_color`
--

CREATE TABLE `item_color` (
  `id` int(10) unsigned NOT NULL AUTO_INCREMENT,
  `item_id` int(10) unsigned NOT NULL,
  `cat_colors_item_id` int(10) unsigned NOT NULL,
  `active` tinyint(4) DEFAULT 1 COMMENT 'Define si se encuentra activo',
  `created_at` timestamp NULL DEFAULT NULL,
  `updated_at` timestamp NULL DEFAULT NULL,
  PRIMARY KEY (`id`)
) ENGINE=InnoDB DEFAULT CHARSET=utf8mb4 COLLATE=utf8mb4_unicode_ci;

--
-- Dumping data for table `item_color`
--

SET autocommit=0;
COMMIT;

-- Dumped table `item_color` with 0 row(s)
--

--
-- Table structure for table `item_images`
--

CREATE TABLE `item_images` (
  `id` int(10) unsigned NOT NULL AUTO_INCREMENT,
  `item_id` int(10) unsigned NOT NULL,
  `image` varchar(255) NOT NULL,
  `created_at` timestamp NULL DEFAULT NULL,
  `updated_at` timestamp NULL DEFAULT NULL,
  PRIMARY KEY (`id`),
  KEY `item_images_item_id_foreign` (`item_id`),
  CONSTRAINT `item_images_item_id_foreign` FOREIGN KEY (`item_id`) REFERENCES `items` (`id`)
) ENGINE=InnoDB DEFAULT CHARSET=utf8mb4 COLLATE=utf8mb4_unicode_ci;

--
-- Dumping data for table `item_images`
--

SET autocommit=0;
COMMIT;

-- Dumped table `item_images` with 0 row(s)
--

--
-- Table structure for table `item_lots`
--

CREATE TABLE `item_lots` (
  `id` int(10) unsigned NOT NULL AUTO_INCREMENT,
  `series` varchar(255) NOT NULL,
  `date` date NOT NULL,
  `item_id` int(10) unsigned NOT NULL,
  `warehouse_id` int(10) unsigned DEFAULT NULL,
  `item_loteable_type` varchar(255) NOT NULL,
  `item_loteable_id` int(10) unsigned NOT NULL,
  `has_sale` tinyint(1) NOT NULL DEFAULT 0,
  `state` varchar(20) DEFAULT NULL,
  `created_at` timestamp NULL DEFAULT NULL,
  `updated_at` timestamp NULL DEFAULT NULL,
  PRIMARY KEY (`id`),
  KEY `item_lots_item_id_foreign` (`item_id`),
  KEY `item_lots_warehouse_id_foreign` (`warehouse_id`),
  KEY `item_lots_series_index` (`series`),
  KEY `item_lots_date_index` (`date`),
  KEY `item_lots_has_sale_index` (`has_sale`),
  KEY `item_lots_item_loteable_type_index` (`item_loteable_type`),
  KEY `item_lots_item_loteable_id_index` (`item_loteable_id`),
  CONSTRAINT `item_lots_item_id_foreign` FOREIGN KEY (`item_id`) REFERENCES `items` (`id`),
  CONSTRAINT `item_lots_warehouse_id_foreign` FOREIGN KEY (`warehouse_id`) REFERENCES `warehouses` (`id`)
) ENGINE=InnoDB DEFAULT CHARSET=utf8mb4 COLLATE=utf8mb4_unicode_ci;

--
-- Dumping data for table `item_lots`
--

SET autocommit=0;
COMMIT;

-- Dumped table `item_lots` with 0 row(s)
--

--
-- Table structure for table `item_lots_group`
--

CREATE TABLE `item_lots_group` (
  `id` int(10) unsigned NOT NULL AUTO_INCREMENT,
  `code` varchar(255) NOT NULL,
  `quantity` decimal(12,4) NOT NULL,
  `old_quantity` decimal(12,4) NOT NULL DEFAULT 0.0000,
  `date_of_due` date NOT NULL,
  `item_id` int(10) unsigned NOT NULL,
  `created_at` timestamp NULL DEFAULT NULL,
  `updated_at` timestamp NULL DEFAULT NULL,
  PRIMARY KEY (`id`),
  KEY `idx_lots_group` (`item_id`,`date_of_due`,`quantity`),
  CONSTRAINT `item_lots_group_item_id_foreign` FOREIGN KEY (`item_id`) REFERENCES `items` (`id`)
) ENGINE=InnoDB AUTO_INCREMENT=408 DEFAULT CHARSET=utf8mb4 COLLATE=utf8mb4_unicode_ci;

--
-- Dumping data for table `item_lots_group`
--

SET autocommit=0;
INSERT INTO `item_lots_group` VALUES (2,'253132027',76.0000,0.0000,'2028-03-01',47,'2026-07-21 09:39:32','2026-07-27 23:59:13'),(3,'2021665',6.0000,0.0000,'2028-02-01',48,'2026-07-21 09:46:03','2026-07-21 10:07:50'),(4,'2067875',4.0000,0.0000,'2028-06-01',50,'2026-07-21 09:50:37','2026-07-21 10:08:13'),(5,'2021586',15.0000,0.0000,'2028-02-01',52,'2026-07-21 09:58:25','2026-07-21 10:10:26'),(6,'2016046',1.0000,0.0000,'2028-01-01',53,'2026-07-21 09:59:52','2026-07-21 10:09:40'),(7,'2116774',4.0000,0.0000,'2027-11-01',54,'2026-07-21 10:01:20','2026-07-21 10:43:07'),(8,'2039455',3.0000,0.0000,'2028-03-01',55,'2026-07-21 10:12:42','2026-07-21 10:12:42'),(9,'2100585',65.0000,0.0000,'2028-10-01',56,'2026-07-21 10:14:13','2026-07-21 10:15:22'),(10,'2010076',0.0000,0.0000,'2029-01-01',59,'2026-07-21 10:34:23','2026-07-22 23:32:10'),(11,'2094335',2.0000,0.0000,'2028-09-01',60,'2026-07-21 10:37:26','2026-07-24 23:44:57'),(12,'2025975',2.0000,0.0000,'2028-02-01',61,'2026-07-21 10:51:23','2026-07-21 10:51:23'),(13,'2039806',5.0000,0.0000,'2029-03-01',62,'2026-07-21 10:59:28','2026-07-30 16:35:43'),(14,'2040776',1.0000,0.0000,'2028-04-01',63,'2026-07-21 11:00:45','2026-07-21 11:00:45'),(15,'2024745',66.0000,0.0000,'2028-02-01',64,'2026-07-21 11:02:26','2026-07-21 23:20:17'),(16,'2127515',3.0000,0.0000,'2029-12-01',65,'2026-07-21 11:04:54','2026-07-21 11:04:54'),(17,'2058975',2.0000,0.0000,'2027-06-01',66,'2026-07-21 11:05:42','2026-07-21 11:05:42'),(18,'2092244',1.0000,0.0000,'2027-09-01',67,'2026-07-21 11:07:17','2026-07-22 23:32:11'),(19,'2046865',35.0000,0.0000,'2028-04-01',68,'2026-07-21 11:09:18','2026-07-21 11:09:18'),(20,'GU44384',14.0000,0.0000,'2027-10-01',71,'2026-07-21 11:15:10','2026-07-21 11:15:10'),(21,'ARLWW5',19.0000,0.0000,'2027-05-01',72,'2026-07-21 11:19:11','2026-07-21 11:29:57'),(22,'X26GDS',36.0000,0.0000,'2027-07-01',73,'2026-07-21 11:21:00','2026-07-25 21:01:08'),(23,'2004464',1.0000,0.0000,'2026-10-01',74,'2026-07-21 11:25:38','2026-07-27 15:59:50'),(24,'CT9V',1.0000,0.0000,'2027-06-01',75,'2026-07-21 11:28:28','2026-07-21 11:28:28'),(25,'2040635',1.0000,0.0000,'2028-04-01',76,'2026-07-21 11:31:43','2026-07-21 11:31:43'),(26,'2121784',2.0000,0.0000,'2026-12-01',77,'2026-07-21 11:34:04','2026-07-21 11:34:04'),(27,'2040516',1.0000,0.0000,'2027-10-01',78,'2026-07-21 11:36:43','2026-07-21 11:36:43'),(28,'2081625',0.0000,0.0000,'2028-02-01',79,'2026-07-21 11:38:32','2026-07-26 22:46:26'),(29,'2020295',0.0000,0.0000,'2027-08-01',80,'2026-07-21 11:39:44','2026-07-26 22:37:58'),(30,'2048166',2.0000,0.0000,'2029-04-01',81,'2026-07-21 11:43:23','2026-07-21 11:43:23'),(31,'2095625',3.0000,0.0000,'2028-09-01',82,'2026-07-21 11:45:40','2026-07-21 11:45:40'),(32,'2121955',2.0000,0.0000,'2028-12-01',83,'2026-07-21 11:46:36','2026-07-21 11:46:36'),(33,'2097065',97.0000,0.0000,'2028-09-01',84,'2026-07-21 11:48:08','2026-07-21 11:48:08'),(34,'2127405',2.0000,0.0000,'2027-12-01',85,'2026-07-21 11:48:47','2026-07-21 11:48:47'),(35,'2015216',100.0000,0.0000,'2029-01-01',86,'2026-07-21 11:49:43','2026-07-30 13:12:54'),(36,'2022326',3.0000,0.0000,'2029-02-01',87,'2026-07-21 11:51:02','2026-07-26 22:46:26'),(37,'2012576',0.0000,0.0000,'2028-01-01',88,'2026-07-21 11:53:03','2026-07-30 17:18:53'),(38,'2124155',1.0000,0.0000,'2029-12-01',89,'2026-07-21 11:54:47','2026-07-24 23:44:57'),(39,'2105914',10.0000,0.0000,'2026-10-01',90,'2026-07-21 11:56:48','2026-07-21 11:56:48'),(40,'2026625',12.0000,0.0000,'2028-02-01',91,'2026-07-21 11:57:58','2026-07-21 11:57:58'),(41,'2053764',28.0000,0.0000,'2027-05-01',92,'2026-07-21 12:00:08','2026-07-23 22:46:22'),(42,'2082275',2.0000,0.0000,'2027-08-01',93,'2026-07-21 12:01:42','2026-07-21 12:01:42'),(43,'20201776',1.0000,0.0000,'2028-02-01',94,'2026-07-21 12:02:47','2026-07-21 12:02:47'),(44,'2025246',16.0000,0.0000,'2028-02-01',95,'2026-07-21 12:04:40','2026-07-21 12:04:40'),(45,'2107815',22.0000,0.0000,'2028-10-01',96,'2026-07-21 12:05:51','2026-07-21 12:05:51'),(46,'2071485',2.0000,0.0000,'2029-07-01',97,'2026-07-21 12:07:23','2026-07-21 12:07:23'),(47,'2107305',40.0000,0.0000,'2028-10-01',98,'2026-07-21 12:12:34','2026-07-21 12:12:34'),(48,'2121175',2.0000,0.0000,'2027-12-01',99,'2026-07-21 12:13:45','2026-07-21 12:13:45'),(49,'2116495',2.0000,0.0000,'2028-11-01',100,'2026-07-21 12:15:25','2026-07-21 12:15:25'),(50,'2035036',2.0000,0.0000,'2029-03-01',101,'2026-07-21 12:16:09','2026-07-21 12:16:09'),(51,'64766',3.0000,0.0000,'2029-03-01',102,'2026-07-21 12:19:06','2026-07-21 12:19:06'),(52,'2107705',1.0000,0.0000,'2028-10-01',103,'2026-07-21 12:22:53','2026-07-21 12:22:53'),(53,'DR2G',75.0000,0.0000,'2027-05-01',104,'2026-07-21 12:28:32','2026-07-30 13:12:54'),(54,'2114035',64.0000,0.0000,'2028-11-01',105,'2026-07-21 12:30:22','2026-07-21 12:30:22'),(55,'BA8J',61.0000,0.0000,'2027-05-01',106,'2026-07-21 12:31:50','2026-07-27 23:59:13'),(56,'L0376A',2.0000,0.0000,'2027-04-01',107,'2026-07-21 12:34:59','2026-07-23 23:14:18'),(57,'2029306',1.0000,0.0000,'2029-02-01',108,'2026-07-21 12:35:58','2026-07-21 12:35:58'),(58,'L0816A',4.0000,0.0000,'2027-11-01',109,'2026-07-21 12:37:42','2026-07-21 12:37:42'),(59,'20701855',2.0000,0.0000,'2028-07-01',110,'2026-07-21 12:38:54','2026-07-21 12:43:52'),(60,'20110395',1.0000,0.0000,'2027-02-01',111,'2026-07-21 12:41:39','2026-07-21 12:41:39'),(61,'20503104',3.0000,0.0000,'2027-05-01',112,'2026-07-21 12:42:26','2026-07-21 12:42:26'),(62,'PS6G',52.0000,0.0000,'2027-10-01',113,'2026-07-21 12:49:03','2026-07-21 12:49:03'),(63,'2064426',2.0000,0.0000,'2028-06-01',114,'2026-07-21 12:50:07','2026-07-21 12:50:07'),(64,'2012125',48.0000,0.0000,'2028-01-01',115,'2026-07-21 12:52:02','2026-07-22 23:32:11'),(65,'S66H',24.0000,0.0000,'2029-11-01',116,'2026-07-21 12:53:13','2026-07-21 12:53:13'),(66,'2402315',44.0000,0.0000,'2027-04-01',117,'2026-07-21 12:55:34','2026-07-23 22:53:23'),(67,'20802355',1.0000,0.0000,'2028-08-01',118,'2026-07-21 12:59:05','2026-07-21 12:59:05'),(68,'21000074',3.0000,0.0000,'2027-10-01',119,'2026-07-21 13:00:27','2026-07-27 23:59:12'),(69,'2044295',1.0000,0.0000,'2028-04-01',120,'2026-07-21 13:03:44','2026-07-21 13:03:44'),(70,'212104',2.0000,0.0000,'2027-12-01',121,'2026-07-21 13:04:59','2026-07-21 13:04:59'),(71,'2003095',2.0000,0.0000,'2027-10-01',122,'2026-07-21 13:08:15','2026-07-21 13:08:15'),(72,'2000354',1.0000,0.0000,'2026-10-01',123,'2026-07-21 13:10:00','2026-07-21 13:10:00'),(73,'2000335',1.0000,0.0000,'2027-10-01',124,'2026-07-21 13:11:09','2026-07-21 13:11:09'),(74,'2105315',10.0000,0.0000,'2028-01-01',125,'2026-07-21 13:12:13','2026-07-21 13:12:13'),(75,'2800765',1.0000,0.0000,'2028-08-01',126,'2026-07-21 13:13:07','2026-07-21 13:13:07'),(76,'2902635',1.0000,0.0000,'2028-09-01',127,'2026-07-21 13:14:18','2026-07-21 13:14:18'),(77,'2E03564',1.0000,0.0000,'2028-12-01',128,'2026-07-21 13:15:07','2026-07-21 13:15:07'),(78,'2702895',1.0000,0.0000,'2028-07-01',129,'2026-07-21 13:15:56','2026-07-21 13:15:56'),(79,'2508111',128.0000,0.0000,'2028-08-01',130,'2026-07-21 13:17:33','2026-07-22 23:53:53'),(80,'2033725',22.0000,0.0000,'2027-03-01',131,'2026-07-21 13:18:31','2026-07-30 13:31:29'),(81,'2120064',1.0000,0.0000,'2026-12-01',132,'2026-07-21 13:19:20','2026-07-21 13:19:20'),(82,'2120064',1.0000,0.0000,'2027-12-01',133,'2026-07-21 13:21:00','2026-07-21 13:21:00'),(83,'2070255',85.0000,0.0000,'2028-07-01',134,'2026-07-21 13:22:28','2026-07-27 23:59:13'),(84,'2120223',1.0000,0.0000,'2026-12-01',135,'2026-07-21 13:27:37','2026-07-21 13:27:37'),(85,'2090355',23.0000,0.0000,'2027-09-01',136,'2026-07-21 13:29:59','2026-07-21 13:29:59'),(86,'2090134',1.0000,0.0000,'2027-09-01',137,'2026-07-21 13:31:12','2026-07-24 23:51:04'),(87,'2080065',5.0000,0.0000,'2028-08-01',138,'2026-07-21 13:32:28','2026-07-21 13:32:28'),(88,'XV5I005',2.0000,0.0000,'2028-08-01',139,'2026-07-21 13:35:16','2026-07-21 13:35:16'),(89,'GP03BDD',1.0000,0.0000,'2028-06-01',140,'2026-07-21 13:36:36','2026-07-21 13:36:36'),(90,'2110414',28.0000,0.0000,'2026-11-01',141,'2026-07-21 13:38:03','2026-07-21 13:38:03'),(91,'2030015',4.0000,0.0000,'2029-03-01',142,'2026-07-21 13:39:18','2026-07-21 13:39:18'),(92,'2090344',18.0000,0.0000,'2027-09-01',144,'2026-07-21 13:41:37','2026-07-25 21:38:48'),(93,'20902805',81.0000,0.0000,'2028-09-01',145,'2026-07-21 13:44:02','2026-07-27 23:59:13'),(94,'2030656',4.0000,0.0000,'2029-03-01',146,'2026-07-21 13:45:32','2026-07-26 22:37:58'),(95,'20800105',3.0000,0.0000,'2029-08-01',147,'2026-07-21 13:46:39','2026-07-21 13:46:39'),(96,'20802224',3.0000,0.0000,'2028-08-01',148,'2026-07-21 13:47:40','2026-07-21 13:47:40'),(97,'56810',1.0000,0.0000,'2026-12-01',149,'2026-07-21 13:50:39','2026-07-21 13:50:39'),(98,'4MCEA131',0.0000,0.0000,'2026-11-01',150,'2026-07-21 13:54:22','2026-07-27 23:33:24'),(99,'24C622',2.0000,0.0000,'2027-08-01',151,'2026-07-21 13:55:53','2026-07-21 13:55:53'),(100,'EAM25053',2.0000,0.0000,'2028-07-01',152,'2026-07-21 13:57:34','2026-07-21 13:57:34'),(101,'EVM24040',2.0000,0.0000,'2027-09-01',153,'2026-07-21 13:59:07','2026-07-21 13:59:07'),(102,'I2406570',1.0000,0.0000,'2028-06-01',155,'2026-07-21 14:43:54','2026-07-21 14:43:54'),(103,'2111515',1.0000,0.0000,'2027-11-01',156,'2026-07-21 14:45:48','2026-07-21 22:31:15'),(104,'2048796',1.0000,0.0000,'2027-04-01',158,'2026-07-21 14:50:54','2026-07-21 14:50:54'),(105,'xb30vhw',2.0000,0.0000,'2028-12-01',159,'2026-07-21 14:52:24','2026-07-21 14:52:24'),(106,'2070675',105.0000,0.0000,'2028-07-01',160,'2026-07-21 14:54:42','2026-07-21 14:54:42'),(107,'HCG25070149',2.0000,0.0000,'2028-06-01',161,'2026-07-21 14:57:34','2026-07-21 14:57:34'),(108,'2073215',80.0000,0.0000,'2028-07-01',162,'2026-07-21 14:58:40','2026-07-21 14:58:40'),(109,'2012574',50.0000,0.0000,'2027-01-01',165,'2026-07-21 15:02:51','2026-07-21 15:02:51'),(110,'21000065',1.0000,0.0000,'2028-10-01',166,'2026-07-21 15:03:52','2026-07-21 15:03:52'),(111,'21100565',1.0000,0.0000,'2027-11-01',167,'2026-07-21 15:04:36','2026-07-21 15:04:36'),(112,'2102885',53.0000,0.0000,'2028-10-01',168,'2026-07-21 15:05:54','2026-07-28 18:42:03'),(113,'20101145',28.0000,0.0000,'2027-01-01',169,'2026-07-21 15:07:25','2026-07-26 22:57:14'),(114,'2121163',1.0000,0.0000,'2026-12-01',170,'2026-07-21 15:10:03','2026-07-21 15:10:03'),(115,'2023065',1.0000,0.0000,'2028-02-01',171,'2026-07-21 15:17:15','2026-07-21 15:17:15'),(116,'2103465',4.0000,0.0000,'2027-10-01',172,'2026-07-21 15:19:18','2026-07-21 15:19:18'),(117,'2060165',1.0000,0.0000,'2028-06-01',173,'2026-07-21 15:21:34','2026-07-21 15:21:34'),(118,'2023395',41.0000,0.0000,'2028-02-01',174,'2026-07-21 15:23:32','2026-07-21 15:23:32'),(119,'2112654',1.0000,0.0000,'2027-11-01',175,'2026-07-21 15:24:20','2026-07-21 15:24:20'),(120,'2116135',57.0000,0.0000,'2028-11-01',176,'2026-07-21 15:28:52','2026-07-23 23:05:33'),(121,'2112205',1.0000,0.0000,'2027-11-01',177,'2026-07-21 15:29:45','2026-07-21 15:29:45'),(122,'24GC055',94.0000,0.0000,'2027-08-01',179,'2026-07-21 15:36:25','2026-07-22 23:08:51'),(123,'53444354B0',1.0000,0.0000,'2027-11-01',180,'2026-07-21 15:38:52','2026-07-21 15:38:52'),(124,'2015894',3.0000,0.0000,'2027-01-01',181,'2026-07-21 15:40:11','2026-07-21 15:40:11'),(125,'J0840A',1.0000,0.0000,'2026-12-01',182,'2026-07-21 15:41:17','2026-07-21 15:41:17'),(126,'2021456',117.0000,0.0000,'2028-02-01',183,'2026-07-21 15:42:35','2026-07-21 15:42:35'),(127,'L0717A',1.0000,0.0000,'2027-10-01',184,'2026-07-21 15:44:29','2026-07-21 15:44:29'),(128,'2083715',1.0000,0.0000,'2028-08-01',185,'2026-07-21 15:45:39','2026-07-21 15:45:39'),(129,'2060043',1.0000,0.0000,'2027-06-01',186,'2026-07-21 15:47:32','2026-07-21 15:47:32'),(130,'2017886',50.0000,0.0000,'2029-01-01',187,'2026-07-21 15:49:15','2026-07-22 23:42:38'),(131,'C25AT3J',1.0000,0.0000,'2027-03-01',188,'2026-07-21 15:51:11','2026-07-21 15:51:11'),(132,'M11065',62.0000,0.0000,'2027-09-01',190,'2026-07-21 15:59:05','2026-07-30 13:34:58'),(133,'2020905',50.0000,0.0000,'2027-02-01',191,'2026-07-21 16:02:03','2026-07-21 16:02:03'),(134,'2101413',2.0000,0.0000,'2026-10-01',193,'2026-07-21 16:05:37','2026-07-21 16:05:37'),(135,'2704375',4.0000,0.0000,'2027-10-01',194,'2026-07-21 16:11:28','2026-07-30 13:20:43'),(136,'2036446',2.0000,0.0000,'2029-03-01',195,'2026-07-21 16:13:26','2026-07-21 16:13:26'),(137,'2073705',9.0000,0.0000,'2027-07-01',196,'2026-07-21 16:14:17','2026-07-21 16:14:17'),(138,'2027766',37.0000,0.0000,'2029-02-01',197,'2026-07-21 16:18:26','2026-07-27 23:59:13'),(139,'2120274',9.0000,0.0000,'2027-12-01',198,'2026-07-21 16:19:58','2026-07-27 12:49:15'),(140,'2017676',1.0000,0.0000,'2029-12-01',199,'2026-07-21 16:20:52','2026-07-21 16:20:52'),(141,'2050474',98.0000,0.0000,'2027-05-01',200,'2026-07-21 16:30:03','2026-07-21 16:30:03'),(142,'2010056',3.0000,0.0000,'2028-01-01',201,'2026-07-21 16:31:08','2026-07-21 16:31:08'),(143,'2047316',110.0000,0.0000,'2029-04-01',202,'2026-07-21 16:32:39','2026-07-21 16:32:39'),(144,'2040656',0.0000,0.0000,'2028-04-01',203,'2026-07-21 16:33:42','2026-07-27 23:39:02'),(145,'2111424',1.0000,0.0000,'2027-11-01',204,'2026-07-21 16:34:58','2026-07-21 16:34:58'),(146,'20962015',1.0000,0.0000,'2027-09-01',205,'2026-07-21 16:36:38','2026-07-21 16:36:38'),(147,'2306079',1.0000,0.0000,'2027-06-01',206,'2026-07-21 16:38:30','2026-07-21 16:38:30'),(148,'2050844',16.0000,0.0000,'2027-05-01',207,'2026-07-21 16:39:58','2026-07-28 18:42:03'),(149,'100276',1.0000,0.0000,'2029-02-01',208,'2026-07-21 16:42:39','2026-07-21 16:42:39'),(150,'2010146',1.0000,0.0000,'2028-01-01',209,'2026-07-21 16:43:31','2026-07-21 16:43:31'),(151,'2040686',1.0000,0.0000,'2028-04-01',210,'2026-07-21 16:44:49','2026-07-21 16:44:49'),(152,'25016',36.0000,0.0000,'2028-04-14',211,'2026-07-21 16:52:51','2026-07-21 16:52:51'),(153,'2040535',47.0000,0.0000,'2027-04-01',212,'2026-07-21 16:57:05','2026-07-30 13:12:54'),(154,'2082805',2.0000,0.0000,'2028-08-01',213,'2026-07-21 16:59:18','2026-07-21 16:59:18'),(155,'2104995',2.0000,0.0000,'2027-10-01',214,'2026-07-21 17:01:30','2026-07-21 17:01:30'),(156,'1561066',4.0000,0.0000,'2028-05-01',215,'2026-07-21 17:02:32','2026-07-30 13:20:42'),(157,'2024456',29.0000,0.0000,'2029-02-01',216,'2026-07-21 17:04:30','2026-07-27 23:49:09'),(158,'2127455',2.0000,0.0000,'2028-12-01',217,'2026-07-21 17:05:43','2026-07-21 17:05:43'),(159,'2108305',2.0000,0.0000,'2027-10-01',218,'2026-07-21 17:07:05','2026-07-21 17:07:05'),(160,'5132019305',46.0000,0.0000,'2027-07-01',219,'2026-07-21 17:09:34','2026-07-28 23:07:49'),(161,'2029906',4.0000,0.0000,'2029-02-01',220,'2026-07-21 17:11:37','2026-07-24 23:22:01'),(162,'2059904',1.0000,0.0000,'2027-05-01',222,'2026-07-21 17:15:14','2026-07-21 17:15:14'),(163,'2044746',1.0000,0.0000,'2030-04-01',223,'2026-07-21 17:16:15','2026-07-21 17:16:15'),(164,'2030196',1.0000,0.0000,'2028-03-01',224,'2026-07-21 17:16:58','2026-07-21 17:16:58'),(165,'WS7N',1.0000,0.0000,'2027-01-29',225,'2026-07-21 17:19:33','2026-07-21 17:19:33'),(166,'2042095',3.0000,0.0000,'2028-04-01',227,'2026-07-21 17:22:26','2026-07-21 17:22:26'),(167,'2071775',1.0000,0.0000,'2028-07-01',228,'2026-07-21 17:24:48','2026-07-21 17:24:48'),(168,'2111484',1.0000,0.0000,'2027-11-01',229,'2026-07-21 17:26:12','2026-07-21 17:26:12'),(169,'2062295',10.0000,0.0000,'2027-06-01',230,'2026-07-21 17:27:42','2026-07-21 17:27:42'),(170,'2012006',11.0000,0.0000,'2028-01-01',231,'2026-07-21 17:29:31','2026-07-28 19:27:16'),(171,'25C453',1.0000,0.0000,'2027-10-01',232,'2026-07-21 17:31:14','2026-07-21 17:31:14'),(172,'2120564',7.0000,0.0000,'2027-12-01',233,'2026-07-21 17:32:53','2026-07-21 17:32:53'),(173,'ETM26009',1.0000,0.0000,'2029-01-01',234,'2026-07-21 17:33:31','2026-07-21 17:33:31'),(174,'E10852507',2.0000,0.0000,'2028-07-01',239,'2026-07-21 17:42:26','2026-07-21 17:42:26'),(175,'2110505',1.0000,0.0000,'2029-11-01',240,'2026-07-21 17:44:21','2026-07-21 17:44:21'),(176,'1574058',17.0000,0.0000,'2027-07-01',241,'2026-07-21 17:45:05','2026-07-21 17:45:05'),(177,'20702135',82.0000,0.0000,'2029-07-01',242,'2026-07-21 17:46:52','2026-07-23 23:00:21'),(178,'E83425001',2.0000,0.0000,'2028-02-01',243,'2026-07-21 17:47:34','2026-07-21 17:47:34'),(179,'20402614',16.0000,0.0000,'2027-04-01',244,'2026-07-21 17:48:46','2026-07-28 20:42:40'),(180,'2527441',3.0000,0.0000,'2027-06-01',245,'2026-07-21 17:49:59','2026-07-21 17:49:59'),(181,'20602113',3.0000,0.0000,'2027-07-01',246,'2026-07-21 17:51:04','2026-07-21 17:51:04'),(182,'20401295',3.0000,0.0000,'2029-04-01',247,'2026-07-21 17:51:52','2026-07-21 17:51:52'),(183,'20603375',31.0000,0.0000,'2028-06-01',248,'2026-07-21 17:52:30','2026-07-26 22:58:49'),(184,'20201114',1.0000,0.0000,'2027-02-01',249,'2026-07-21 17:53:10','2026-07-21 17:53:10'),(185,'20624585',79.0000,0.0000,'2027-06-01',251,'2026-07-21 17:56:44','2026-07-30 16:52:14'),(186,'2103285',0.0000,0.0000,'2027-10-01',252,'2026-07-21 17:57:24','2026-07-27 23:49:09'),(187,'20406375',70.0000,0.0000,'2027-04-01',253,'2026-07-21 17:58:57','2026-07-21 17:58:57'),(188,'20746545',1.0000,0.0000,'2027-07-01',255,'2026-07-21 18:00:58','2026-07-21 18:00:58'),(189,'2100475',3.0000,0.0000,'2029-10-01',256,'2026-07-21 18:01:39','2026-07-21 18:01:39'),(190,'20288305',2.0000,0.0000,'2027-02-01',257,'2026-07-21 18:02:49','2026-07-21 18:02:49'),(191,'2080655',2.0000,0.0000,'2027-08-01',258,'2026-07-21 18:03:53','2026-07-21 18:03:53'),(192,'20179885',2.0000,0.0000,'2027-01-01',259,'2026-07-21 18:04:41','2026-07-21 18:04:41'),(193,'2020455',2.0000,0.0000,'2027-02-01',260,'2026-07-21 18:05:44','2026-07-21 18:05:44'),(194,'20513955',100.0000,0.0000,'2027-11-01',261,'2026-07-21 18:07:35','2026-07-21 18:07:35'),(195,'2116005',1.0000,0.0000,'2027-11-01',262,'2026-07-21 18:09:36','2026-07-21 18:09:36'),(196,'20994483',30.0000,0.0000,'2027-09-01',263,'2026-07-21 18:10:22','2026-07-21 18:10:22'),(197,'2021426',1.0000,0.0000,'2029-02-01',264,'2026-07-21 18:11:13','2026-07-21 18:11:13'),(198,'2103395',1.0000,0.0000,'2029-10-01',265,'2026-07-21 18:11:43','2026-07-21 18:11:43'),(199,'20528276',3.0000,0.0000,'2028-05-01',266,'2026-07-21 18:13:50','2026-07-30 13:20:42'),(200,'2127265',1.0000,0.0000,'2028-07-01',267,'2026-07-21 18:16:24','2026-07-21 18:16:24'),(201,'2070035',1.0000,0.0000,'2027-07-01',269,'2026-07-21 18:18:00','2026-07-21 18:18:00'),(202,'2020026',54.0000,0.0000,'2028-02-01',270,'2026-07-21 18:19:39','2026-07-21 18:19:39'),(203,'2010295',0.0000,0.0000,'2028-01-01',271,'2026-07-21 18:22:03','2026-07-23 23:14:17'),(204,'2061483',14.0000,0.0000,'2028-06-01',272,'2026-07-21 18:23:07','2026-07-21 18:23:07'),(205,'2097525',4.0000,0.0000,'2027-08-01',273,'2026-07-21 18:24:51','2026-07-21 18:24:51'),(206,'2113015',2.0000,0.0000,'2027-11-01',274,'2026-07-21 18:27:40','2026-07-21 18:27:40'),(207,'20101456',3.0000,0.0000,'2029-01-01',275,'2026-07-21 18:33:14','2026-07-21 18:33:14'),(208,'20901145',30.0000,0.0000,'2027-09-01',276,'2026-07-21 18:38:07','2026-07-29 22:45:52'),(209,'20402255',4.0000,0.0000,'2027-04-01',277,'2026-07-21 18:45:13','2026-07-21 18:45:13'),(210,'2090354',1.0000,0.0000,'2029-09-01',278,'2026-07-21 18:47:14','2026-07-21 18:47:14'),(211,'20902185',3.0000,0.0000,'2027-09-01',279,'2026-07-21 18:48:42','2026-07-21 18:48:42'),(212,'2030376',1.0000,0.0000,'2029-03-01',280,'2026-07-21 18:50:11','2026-07-21 18:50:11'),(214,'2030055',16.0000,0.0000,'2027-03-01',282,'2026-07-21 18:58:14','2026-07-21 18:58:14'),(215,'128475A',3.0000,0.0000,'2027-10-01',283,'2026-07-21 18:59:20','2026-07-21 18:59:20'),(216,'2090115',62.0000,0.0000,'2029-09-01',284,'2026-07-21 19:00:30','2026-07-23 23:09:56'),(217,'2100204',74.0000,0.0000,'2027-10-01',285,'2026-07-21 19:02:19','2026-07-21 19:02:19'),(218,'20101234',1.0000,0.0000,'2027-01-01',286,'2026-07-21 19:03:54','2026-07-21 19:03:54'),(219,'2120094',1.0000,0.0000,'2027-12-01',287,'2026-07-21 19:05:14','2026-07-21 19:05:14'),(220,'2020484',2.0000,0.0000,'2027-02-01',288,'2026-07-21 19:07:31','2026-07-21 19:07:31'),(221,'2120184',2.0000,0.0000,'2026-12-01',289,'2026-07-21 19:08:06','2026-07-21 19:08:06'),(222,'2050095',1.0000,0.0000,'2028-05-01',290,'2026-07-21 19:09:19','2026-07-21 19:11:56'),(223,'2090065',1.0000,0.0000,'2028-11-01',291,'2026-07-21 19:14:16','2026-07-21 19:14:16'),(224,'2030636',1.0000,0.0000,'2029-03-01',292,'2026-07-21 19:15:22','2026-07-21 19:15:22'),(225,'2030235',12.0000,0.0000,'2027-03-01',293,'2026-07-21 19:16:33','2026-07-21 19:16:33'),(226,'2090135',60.0000,0.0000,'2028-09-01',294,'2026-07-21 19:20:02','2026-07-28 19:03:00'),(227,'2030455',14.0000,0.0000,'2028-03-01',295,'2026-07-21 19:21:56','2026-07-21 19:21:56'),(228,'2080305',15.0000,0.0000,'2028-08-01',296,'2026-07-21 19:22:53','2026-07-21 19:22:53'),(229,'2010136',23.0000,0.0000,'2029-01-01',297,'2026-07-21 19:24:10','2026-07-21 19:24:10'),(230,'2080484',2.0000,0.0000,'2027-08-01',298,'2026-07-21 19:24:52','2026-07-21 19:24:52'),(231,'20101964',10.0000,0.0000,'2027-01-01',300,'2026-07-21 19:26:37','2026-07-21 19:26:37'),(232,'20702624',6.0000,0.0000,'2027-07-01',301,'2026-07-21 19:27:21','2026-07-21 19:27:21'),(233,'MS2409',42.0000,0.0000,'2027-04-01',302,'2026-07-21 19:29:04','2026-07-21 19:29:04'),(234,'201615',21.0000,0.0000,'2027-01-01',303,'2026-07-21 19:29:40','2026-07-21 19:29:40'),(235,'253052012',2.0000,0.0000,'2028-01-01',305,'2026-07-21 19:31:43','2026-07-21 19:31:43'),(236,'203016',1.0000,0.0000,'2028-03-01',306,'2026-07-21 19:32:15','2026-07-21 19:32:15'),(237,'202296',2.0000,0.0000,'2028-02-01',308,'2026-07-21 19:34:47','2026-07-27 23:33:24'),(238,'211355',2.0000,0.0000,'2027-11-01',309,'2026-07-21 19:36:02','2026-07-21 19:36:02'),(239,'206635',2.0000,0.0000,'2027-06-01',310,'2026-07-21 19:36:46','2026-07-21 19:36:46'),(240,'240939',24.0000,0.0000,'2027-09-01',311,'2026-07-21 19:39:42','2026-07-21 19:39:42'),(241,'210485',31.0000,0.0000,'2027-10-01',312,'2026-07-21 19:40:21','2026-07-24 23:37:46'),(242,'211635',77.0000,0.0000,'2027-11-01',313,'2026-07-21 19:45:56','2026-07-21 19:45:56'),(243,'233122084',41.0000,0.0000,'2026-10-01',314,'2026-07-21 19:47:24','2026-07-21 19:47:24'),(244,'I2B22503',19.0000,0.0000,'2027-05-01',315,'2026-07-21 19:49:22','2026-07-21 19:49:22'),(245,'204136',297.0000,0.0000,'2028-04-01',316,'2026-07-21 19:52:00','2026-07-29 22:45:52'),(246,'66462',1.0000,0.0000,'2028-05-01',317,'2026-07-21 19:53:39','2026-07-21 19:53:39'),(247,'21075795',1.0000,0.0000,'2027-10-01',318,'2026-07-21 19:58:17','2026-07-21 19:58:17'),(248,'C00031',1.0000,0.0000,'2029-01-01',319,'2026-07-21 19:59:45','2026-07-21 19:59:45'),(249,'2508321',81.0000,0.0000,'2028-08-01',320,'2026-07-21 20:03:22','2026-07-21 20:03:22'),(250,'250789',79.0000,0.0000,'2028-07-01',321,'2026-07-21 20:05:57','2026-07-23 23:00:21'),(251,'25M184',1.0000,0.0000,'2028-11-01',322,'2026-07-21 20:06:49','2026-07-21 20:06:49'),(252,'211035',4.0000,0.0000,'2027-11-01',323,'2026-07-21 20:08:48','2026-07-21 20:08:48'),(253,'208295',1.0000,0.0000,'2027-08-01',324,'2026-07-21 20:09:50','2026-07-24 23:22:02'),(254,'203205',23.0000,0.0000,'2027-03-01',325,'2026-07-21 20:11:05','2026-07-21 20:11:05'),(255,'2020045',1.0000,0.0000,'2028-02-01',326,'2026-07-21 20:12:25','2026-07-21 20:12:25'),(256,'2504050',95.0000,0.0000,'2028-04-01',330,'2026-07-21 20:19:44','2026-07-21 20:19:44'),(257,'2122055',30.0000,0.0000,'2028-12-01',331,'2026-07-21 20:20:25','2026-07-30 13:12:54'),(258,'2091705',9.0000,0.0000,'2028-09-01',332,'2026-07-21 20:23:13','2026-07-23 23:09:56'),(259,'2081854',7.0000,0.0000,'2027-08-01',333,'2026-07-21 20:24:19','2026-07-21 20:24:19'),(260,'174CEZ053',19.0000,0.0000,'2027-06-01',336,'2026-07-21 20:31:00','2026-07-27 23:59:12'),(261,'2116314',2.0000,0.0000,'2026-11-01',343,'2026-07-21 20:36:20','2026-07-21 20:36:20'),(262,'25C077A',1.0000,0.0000,'2028-02-01',344,'2026-07-21 20:37:31','2026-07-21 20:37:31'),(263,'24005',1.0000,0.0000,'2027-10-01',345,'2026-07-21 20:38:18','2026-07-21 20:38:18'),(264,'212045',3.0000,0.0000,'2028-12-01',347,'2026-07-21 20:40:29','2026-07-21 20:40:29'),(265,'2020276',33.0000,0.0000,'2029-02-01',348,'2026-07-21 20:42:11','2026-07-27 23:16:44'),(266,'21047434',27.0000,0.0000,'2027-10-01',349,'2026-07-21 20:44:13','2026-07-21 20:44:13'),(267,'21001025',6.0000,0.0000,'2027-10-01',352,'2026-07-21 20:48:19','2026-07-21 20:48:19'),(268,'243132257',65.0000,0.0000,'2027-10-01',353,'2026-07-21 20:52:43','2026-07-27 23:59:13'),(269,'2081535',0.0000,0.0000,'2028-08-01',354,'2026-07-21 21:00:00','2026-07-27 23:59:12'),(270,'2020525',9.0000,0.0000,'2028-02-01',355,'2026-07-21 21:02:34','2026-07-27 23:59:12'),(271,'2081975',3.0000,0.0000,'2028-08-01',357,'2026-07-21 21:05:12','2026-07-21 21:05:12'),(272,'ARMPM1',3.0000,0.0000,'2027-10-01',359,'2026-07-21 21:07:05','2026-07-21 21:07:05'),(273,'2050015',2.0000,0.0000,'2027-05-01',360,'2026-07-21 21:08:48','2026-07-21 21:08:48'),(274,'2102785',49.0000,0.0000,'2028-10-01',361,'2026-07-21 21:11:18','2026-07-24 23:37:46'),(275,'2017296',2.0000,0.0000,'2029-01-01',362,'2026-07-21 21:11:55','2026-07-21 21:11:55'),(276,'2033536',8.0000,0.0000,'2027-09-11',363,'2026-07-21 21:12:39','2026-07-28 23:12:07'),(277,'K0285A',1.0000,0.0000,'2027-04-01',364,'2026-07-21 21:13:46','2026-07-23 23:05:33'),(278,'211225',7.0000,0.0000,'2028-11-01',365,'2026-07-21 21:15:32','2026-07-22 23:56:02'),(279,'2040186',26.0000,0.0000,'2028-04-01',366,'2026-07-21 21:17:18','2026-07-28 18:42:03'),(280,'2100064',6.0000,0.0000,'2027-10-01',367,'2026-07-21 21:20:58','2026-07-21 21:20:58'),(281,'2073505',91.0000,0.0000,'2028-07-01',368,'2026-07-21 21:21:44','2026-07-26 22:57:14'),(282,'2030604',13.0000,0.0000,'2027-03-01',369,'2026-07-21 21:22:29','2026-07-21 21:22:29'),(283,'033465',4.0000,0.0000,'2028-03-01',370,'2026-07-21 21:24:19','2026-07-21 21:24:19'),(284,'2330015',15.0000,0.0000,'2028-03-01',371,'2026-07-21 21:27:24','2026-07-21 21:27:24'),(285,'250717',4.0000,0.0000,'2028-07-01',372,'2026-07-21 21:28:18','2026-07-21 21:28:18'),(286,'2058836',39.0000,0.0000,'2028-05-01',373,'2026-07-21 21:29:56','2026-07-27 23:59:13'),(287,'2058386',40.0000,0.0000,'2028-05-01',375,'2026-07-21 21:32:07','2026-07-21 21:32:07'),(288,'2010044-L',10.0000,0.0000,'2027-01-01',378,'2026-07-21 21:36:36','2026-07-21 21:36:36'),(289,'F02934R',30.0000,0.0000,'2028-12-01',379,'2026-07-21 21:37:47','2026-07-21 21:37:47'),(290,'124644',10.0000,0.0000,'2027-10-01',380,'2026-07-21 21:39:48','2026-07-21 21:39:48'),(291,'174CST035',68.0000,0.0000,'2028-03-01',381,'2026-07-21 21:41:08','2026-07-21 21:41:08'),(292,'LF01850A',1.0000,0.0000,'2028-08-01',382,'2026-07-21 21:41:57','2026-07-21 21:41:57'),(293,'LF01840A',1.0000,0.0000,'2027-08-01',384,'2026-07-21 21:43:38','2026-07-21 21:43:38'),(294,'174CSX012',2.0000,0.0000,'2028-03-01',386,'2026-07-21 21:51:07','2026-07-24 23:06:13'),(295,'2014756',0.0000,0.0000,'2029-01-01',389,'2026-07-21 21:56:13','2026-07-27 22:32:50'),(296,'2074474',42.0000,0.0000,'2027-07-01',390,'2026-07-21 21:58:47','2026-07-21 21:58:47'),(297,'2084575',21.0000,0.0000,'2028-08-01',391,'2026-07-21 21:59:53','2026-07-27 23:16:43'),(298,'2104715',1.0000,0.0000,'2027-10-01',399,'2026-07-21 22:08:13','2026-07-21 22:08:13'),(299,'139625',1.0000,0.0000,'2027-12-01',400,'2026-07-21 22:09:45','2026-07-30 13:20:43'),(300,'206255',1.0000,0.0000,'2028-06-01',402,'2026-07-21 22:10:55','2026-07-21 22:10:55'),(301,'203076',1.0000,0.0000,'2029-03-01',403,'2026-07-21 22:11:25','2026-07-21 22:11:25'),(302,'A30121',1.0000,0.0000,'2027-08-01',404,'2026-07-21 22:12:16','2026-07-21 22:12:16'),(303,'2601312',14.0000,0.0000,'2029-01-01',405,'2026-07-21 22:14:38','2026-07-21 22:14:38'),(304,'GP037RT',1.0000,0.0000,'2028-01-01',407,'2026-07-21 22:16:05','2026-07-21 22:16:05'),(305,'250253',11.0000,0.0000,'2028-02-01',408,'2026-07-21 22:17:25','2026-07-21 22:17:25'),(306,'2042845',93.0000,0.0000,'2027-04-01',409,'2026-07-21 22:19:30','2026-07-30 13:31:29'),(307,'2060764',68.0000,0.0000,'2027-06-01',410,'2026-07-21 22:20:30','2026-07-21 22:20:30'),(308,'224138',2.0000,0.0000,'2026-12-01',411,'2026-07-21 22:21:51','2026-07-21 22:21:51'),(309,'2027226',10.0000,0.0000,'2029-02-01',412,'2026-07-21 22:23:56','2026-07-30 13:34:58'),(310,'20100145',11.0000,0.0000,'2028-01-01',413,'2026-07-21 22:26:17','2026-07-24 23:32:00'),(311,'61022',9.0000,0.0000,'2027-12-01',417,'2026-07-22 15:31:35','2026-07-30 17:07:50'),(312,'2100455',1.0000,0.0000,'2028-10-01',419,'2026-07-22 16:00:21','2026-07-22 16:00:21'),(313,'S2540697',32.0000,0.0000,'2028-05-01',420,'2026-07-22 16:03:11','2026-07-22 16:03:11'),(314,'XL0010',49.0000,0.0000,'2028-12-01',421,'2026-07-22 16:08:08','2026-07-30 13:12:54'),(315,'LFO1637A',1.0000,0.0000,'2028-07-01',422,'2026-07-22 16:18:02','2026-07-22 16:18:02'),(316,'240452',30.0000,0.0000,'2027-04-01',423,'2026-07-22 16:29:44','2026-07-22 16:29:44'),(317,'25GT0240',45.0000,0.0000,'2028-03-01',424,'2026-07-22 16:34:34','2026-07-22 16:34:34'),(318,'2126145',3.0000,0.0000,'2027-12-01',425,'2026-07-22 16:47:29','2026-07-22 16:47:29'),(319,'ME25K028',11.0000,0.0000,'2027-09-01',428,'2026-07-22 16:55:52','2026-07-22 16:55:52'),(320,'1575932',81.0000,0.0000,'2028-08-01',429,'2026-07-22 16:58:49','2026-07-22 16:58:49'),(321,'2501010',29.0000,0.0000,'2027-12-01',431,'2026-07-22 17:15:08','2026-07-22 17:15:08'),(322,'ME25K019',52.0000,0.0000,'2027-09-01',432,'2026-07-22 17:31:26','2026-07-22 17:31:26'),(323,'2512106',3.0000,0.0000,'2028-12-01',433,'2026-07-22 17:41:52','2026-07-23 23:00:21'),(324,'2096305',2.0000,0.0000,'2027-09-01',434,'2026-07-22 17:51:00','2026-07-22 17:51:00'),(325,'2507315',2.0000,0.0000,'2202-07-01',435,'2026-07-22 17:55:50','2026-07-22 17:55:50'),(326,'S2421176',27.0000,0.0000,'2027-06-01',436,'2026-07-22 20:43:24','2026-07-27 23:16:43'),(327,'8723',3.0000,0.0000,'2027-10-01',437,'2026-07-22 20:47:23','2026-07-22 20:47:23'),(328,'ME25B020',7.0000,0.0000,'2028-01-01',438,'2026-07-22 20:50:34','2026-07-22 20:50:34'),(329,'ME25B012',4.0000,0.0000,'2028-01-01',439,'2026-07-22 20:53:40','2026-07-22 20:53:40'),(330,'2012986',1.0000,0.0000,'2029-01-01',441,'2026-07-22 21:00:43','2026-07-22 21:00:43'),(331,'2014106',2.0000,0.0000,'2029-01-01',442,'2026-07-22 21:01:34','2026-07-22 21:01:34'),(332,'2020426',43.0000,0.0000,'2028-02-01',444,'2026-07-22 21:14:10','2026-07-28 23:12:07'),(333,'2123085',30.0000,0.0000,'2028-12-01',445,'2026-07-22 21:17:13','2026-07-25 20:41:25'),(334,'2102345',12.0000,0.0000,'2027-10-01',446,'2026-07-22 21:19:05','2026-07-22 21:19:05'),(335,'2124213',33.0000,0.0000,'2026-12-01',447,'2026-07-22 21:22:30','2026-07-22 21:22:30'),(336,'2081545',45.0000,0.0000,'2027-08-01',448,'2026-07-22 21:27:27','2026-07-28 23:12:08'),(337,'2071375',46.0000,0.0000,'2028-07-01',449,'2026-07-22 21:47:39','2026-07-22 21:47:39'),(338,'BPC0624001',3.0000,0.0000,'2027-05-01',450,'2026-07-22 21:52:07','2026-07-22 21:52:07'),(339,'2112735',1.0000,0.0000,'2027-11-01',453,'2026-07-22 22:08:29','2026-07-28 19:03:01'),(340,'2020476',2.0000,0.0000,'2028-02-01',454,'2026-07-22 22:11:27','2026-07-22 22:11:27'),(341,'20100166',93.0000,0.0000,'2029-01-01',455,'2026-07-22 22:13:26','2026-07-25 21:01:08'),(342,'204075',51.0000,0.0000,'2026-10-01',456,'2026-07-22 22:16:17','2026-07-23 22:09:59'),(343,'2110184',293.0000,0.0000,'2027-11-01',457,'2026-07-22 22:20:19','2026-07-22 22:20:19'),(344,'2116694',1.0000,0.0000,'2027-11-01',458,'2026-07-22 22:23:34','2026-07-22 22:23:34'),(345,'2011146',1.0000,0.0000,'2029-01-01',459,'2026-07-22 22:25:25','2026-07-22 22:25:25'),(346,'2458001',1.0000,0.0000,'2027-07-01',460,'2026-07-22 22:26:54','2026-07-22 22:26:54'),(347,'00075',1.0000,0.0000,'2027-07-01',462,'2026-07-22 22:34:19','2026-07-22 22:34:19'),(348,'2084405',1.0000,0.0000,'2027-08-01',463,'2026-07-22 22:35:53','2026-07-22 22:35:53'),(349,'2122304',2.0000,0.0000,'2026-12-01',464,'2026-07-22 22:38:17','2026-07-22 22:38:17'),(350,'2060793',1.0000,0.0000,'2027-06-01',466,'2026-07-22 22:44:49','2026-07-22 22:44:49'),(351,'J25027',3.0000,0.0000,'2028-06-17',468,'2026-07-22 22:47:48','2026-07-22 22:47:48'),(352,'CC6001A',7.0000,0.0000,'2028-12-01',469,'2026-07-22 22:53:00','2026-07-22 22:53:00'),(353,'2110715',2.0000,0.0000,'2028-11-01',470,'2026-07-22 22:54:56','2026-07-25 21:38:48'),(354,'E57825001',5.0000,0.0000,'2028-11-01',471,'2026-07-22 22:56:03','2026-07-22 22:56:03'),(355,'E89925003',5.0000,0.0000,'2028-07-01',472,'2026-07-22 22:57:28','2026-07-24 23:44:57'),(356,'207014',2.0000,0.0000,'2027-07-01',481,'2026-07-23 19:33:16','2026-07-23 19:33:16'),(357,'203025',1.0000,0.0000,'2028-03-01',482,'2026-07-23 19:57:39','2026-07-23 19:57:39'),(358,'206056',2.0000,0.0000,'2029-06-01',485,'2026-07-23 21:05:17','2026-07-23 21:05:17'),(359,'204164',4.0000,0.0000,'2027-04-01',486,'2026-07-23 21:06:52','2026-07-23 21:06:52'),(360,'212145',1.0000,0.0000,'2027-12-01',487,'2026-07-23 21:08:28','2026-07-23 21:08:28'),(361,'204136',1.0000,0.0000,'2028-04-01',488,'2026-07-23 21:09:56','2026-07-23 21:09:56'),(362,'212155',1.0000,0.0000,'2028-12-01',489,'2026-07-23 21:11:02','2026-07-23 21:11:02'),(363,'205126',1.0000,0.0000,'2029-05-01',490,'2026-07-23 21:12:17','2026-07-25 20:34:09'),(364,'2523804',3.0000,0.0000,'2028-09-01',492,'2026-07-23 21:18:25','2026-07-26 22:57:14'),(365,'2012606',89.0000,0.0000,'2029-01-01',506,'2026-07-23 22:37:09','2026-07-30 16:57:30'),(366,'212105',1.0000,0.0000,'2028-12-01',518,'2026-07-24 15:48:26','2026-07-24 15:48:26'),(367,'E24TPO84',1.0000,0.0000,'2027-06-01',519,'2026-07-24 15:52:43','2026-07-24 15:52:43'),(368,'2020106',1.0000,0.0000,'2029-02-01',520,'2026-07-24 15:57:11','2026-07-24 15:57:11'),(369,'2017715',1.0000,0.0000,'2028-01-01',521,'2026-07-24 16:00:26','2026-07-24 16:00:26'),(370,'208155',1.0000,0.0000,'2028-08-01',522,'2026-07-24 16:02:44','2026-07-24 16:02:44'),(371,'201154',1.0000,0.0000,'2027-01-01',523,'2026-07-24 16:20:02','2026-07-24 16:20:02'),(372,'20301326',1.0000,0.0000,'2028-03-01',524,'2026-07-24 16:22:10','2026-07-24 16:22:10'),(373,'25F002',1.0000,0.0000,'2027-06-01',525,'2026-07-24 16:24:38','2026-07-24 16:24:38'),(374,'2108975',1.0000,0.0000,'2028-10-01',526,'2026-07-24 16:26:23','2026-07-24 16:26:23'),(375,'25D692',48.0000,0.0000,'2027-04-01',527,'2026-07-24 16:30:29','2026-07-24 16:30:29'),(376,'2080415',60.0000,0.0000,'2027-08-01',529,'2026-07-24 22:23:00','2026-07-24 22:23:00'),(377,'OAWBO92420',25.0000,0.0000,'2027-06-01',531,'2026-07-24 22:45:30','2026-07-24 22:45:30'),(378,'2052025',12.0000,0.0000,'2028-05-01',543,'2026-07-24 23:43:24','2026-07-24 23:44:57'),(379,'2019026',20.0000,0.0000,'2028-01-01',545,'2026-07-25 16:36:45','2026-07-25 16:36:45'),(380,'21073325',52.0000,0.0000,'2027-04-01',574,'2026-07-25 21:26:45','2026-07-27 23:16:43'),(381,'21085551',1.0000,0.0000,'2028-10-01',578,'2026-07-25 21:43:33','2026-07-25 21:46:54'),(382,'206586',3.0000,0.0000,'2029-06-01',594,'2026-07-26 19:25:03','2026-07-26 19:25:03'),(383,'2025716',1.0000,0.0000,'2028-02-01',595,'2026-07-26 20:29:11','2026-07-26 20:29:11'),(384,'2030086',1.0000,0.0000,'2028-03-01',596,'2026-07-26 20:32:49','2026-07-26 20:32:49'),(385,'2082705',2.0000,0.0000,'2027-08-01',633,'2026-07-27 12:15:40','2026-07-27 12:15:40'),(386,'2090503',0.0000,0.0000,'2026-09-01',281,'2026-07-27 12:46:15','2026-07-27 12:46:15'),(387,'2601307',25.0000,0.0000,'2029-01-01',473,'2026-07-27 14:03:41','2026-07-30 16:35:43'),(388,'02792',77.0000,0.0000,'2028-07-01',669,'2026-07-28 21:13:22','2026-07-28 21:13:22'),(389,'2512104',4.0000,0.0000,'2028-12-31',433,'2026-07-30 16:35:41','2026-07-30 16:35:41'),(390,'12602297',3.0000,0.0000,'2030-01-01',155,'2026-07-30 16:35:41','2026-07-30 16:35:41'),(391,'212145',93.0000,0.0000,'2028-12-31',641,'2026-07-30 16:35:41','2026-07-30 16:48:16'),(392,'2050066',96.0000,0.0000,'2029-05-31',640,'2026-07-30 16:35:41','2026-07-30 16:50:28'),(393,'20202796',0.0000,0.0000,'2031-02-28',642,'2026-07-30 16:35:41','2026-07-30 16:56:25'),(394,'198240702',9.0000,0.0000,'2027-07-01',639,'2026-07-30 16:35:42','2026-07-30 16:53:48'),(395,'20300926',28.0000,0.0000,'2029-03-30',646,'2026-07-30 16:35:42','2026-07-30 17:05:50'),(396,'2050396',1.0000,0.0000,'2029-05-30',647,'2026-07-30 16:35:42','2026-07-30 16:35:42'),(397,'202026',1.0000,0.0000,'2029-02-28',649,'2026-07-30 16:35:42','2026-07-30 16:35:42'),(398,'2030156',97.0000,0.0000,'2029-03-30',650,'2026-07-30 16:35:42','2026-07-30 16:51:40'),(399,'2060115',1.0000,0.0000,'2029-06-30',651,'2026-07-30 16:35:42','2026-07-30 16:35:42'),(400,'20201246',1.0000,0.0000,'2029-02-28',652,'2026-07-30 16:35:43','2026-07-30 16:35:43'),(401,'HCG26020077',3.0000,0.0000,'2029-01-30',161,'2026-07-30 16:35:43','2026-07-30 16:35:43'),(402,'2047956',95.0000,0.0000,'2029-04-01',389,'2026-07-30 16:35:43','2026-07-30 16:53:20'),(403,'2047846',6.0000,0.0000,'2030-04-30',654,'2026-07-30 16:35:43','2026-07-30 16:35:43'),(404,'2074415',100.0000,0.0000,'2027-07-31',88,'2026-07-30 16:35:44','2026-07-30 16:35:44'),(405,'2069446',4.0000,0.0000,'2030-06-01',89,'2026-07-30 16:35:44','2026-07-30 16:35:44'),(406,'06ZH',1.0000,0.0000,'2029-09-01',847,'2026-07-30 16:35:44','2026-07-30 16:35:44'),(407,'2115355',90.0000,0.0000,'2028-11-30',848,'2026-07-30 16:35:44','2026-07-30 16:55:37');
COMMIT;

-- Dumped table `item_lots_group` with 405 row(s)
--

--
-- Table structure for table `item_lots_group_warehouse`
--

CREATE TABLE `item_lots_group_warehouse` (
  `id` bigint(20) unsigned NOT NULL AUTO_INCREMENT,
  `item_lot_group_id` int(10) unsigned NOT NULL,
  `warehouse_id` int(10) unsigned NOT NULL,
  `quantity` decimal(12,4) NOT NULL DEFAULT 0.0000,
  `old_quantity` decimal(12,4) DEFAULT NULL,
  `created_at` timestamp NULL DEFAULT NULL,
  `updated_at` timestamp NULL DEFAULT NULL,
  PRIMARY KEY (`id`),
  UNIQUE KEY `ilgw_unique` (`item_lot_group_id`,`warehouse_id`),
  KEY `ilgw_wh_idx` (`warehouse_id`,`item_lot_group_id`),
  CONSTRAINT `ilgw_lot_fk` FOREIGN KEY (`item_lot_group_id`) REFERENCES `item_lots_group` (`id`),
  CONSTRAINT `ilgw_wh_fk` FOREIGN KEY (`warehouse_id`) REFERENCES `warehouses` (`id`)
) ENGINE=InnoDB AUTO_INCREMENT=415 DEFAULT CHARSET=utf8mb4 COLLATE=utf8mb4_unicode_ci;

--
-- Dumping data for table `item_lots_group_warehouse`
--

SET autocommit=0;
INSERT INTO `item_lots_group_warehouse` VALUES (2,2,1,89.0000,NULL,'2026-07-21 14:39:32','2026-07-21 14:39:32'),(3,3,1,6.0000,NULL,'2026-07-21 14:46:03','2026-07-21 14:46:03'),(4,4,1,4.0000,NULL,'2026-07-21 14:50:37','2026-07-21 14:50:37'),(5,5,1,15.0000,NULL,'2026-07-21 14:58:25','2026-07-21 14:58:25'),(6,6,1,1.0000,NULL,'2026-07-21 14:59:52','2026-07-21 14:59:52'),(7,7,1,4.0000,NULL,'2026-07-21 15:01:20','2026-07-21 15:01:20'),(8,8,1,3.0000,NULL,'2026-07-21 15:12:42','2026-07-21 15:12:42'),(9,9,1,65.0000,NULL,'2026-07-21 15:14:13','2026-07-21 15:14:13'),(10,10,1,0.0000,NULL,'2026-07-21 15:34:23','2026-07-23 00:46:06'),(11,11,1,3.0000,NULL,'2026-07-21 15:37:26','2026-07-21 15:39:29'),(13,12,1,2.0000,NULL,'2026-07-21 15:51:23','2026-07-21 15:51:23'),(14,13,1,7.0000,NULL,'2026-07-21 15:59:28','2026-07-30 21:35:43'),(15,14,1,1.0000,NULL,'2026-07-21 16:00:45','2026-07-21 16:00:45'),(16,15,1,66.0000,NULL,'2026-07-21 16:02:26','2026-07-23 00:46:06'),(17,16,1,3.0000,NULL,'2026-07-21 16:04:54','2026-07-21 16:04:54'),(18,17,1,2.0000,NULL,'2026-07-21 16:05:42','2026-07-21 16:05:42'),(19,18,1,1.0000,NULL,'2026-07-21 16:07:17','2026-07-23 00:46:06'),(20,19,1,35.0000,NULL,'2026-07-21 16:09:18','2026-07-21 16:09:18'),(21,20,1,14.0000,NULL,'2026-07-21 16:15:10','2026-07-21 16:15:10'),(22,21,1,19.0000,NULL,'2026-07-21 16:19:11','2026-07-21 16:19:11'),(23,22,1,40.0000,NULL,'2026-07-21 16:21:00','2026-07-23 00:46:06'),(24,23,1,1.0000,NULL,'2026-07-21 16:25:38','2026-07-21 16:25:38'),(25,24,1,1.0000,NULL,'2026-07-21 16:28:28','2026-07-21 16:28:28'),(26,25,1,1.0000,NULL,'2026-07-21 16:31:43','2026-07-21 16:31:43'),(27,26,1,2.0000,NULL,'2026-07-21 16:34:04','2026-07-21 16:34:04'),(28,27,1,1.0000,NULL,'2026-07-21 16:36:43','2026-07-21 16:36:43'),(29,28,1,1.0000,NULL,'2026-07-21 16:38:32','2026-07-21 16:38:32'),(30,29,1,1.0000,NULL,'2026-07-21 16:39:44','2026-07-21 16:39:44'),(31,30,1,2.0000,NULL,'2026-07-21 16:43:23','2026-07-21 16:43:23'),(32,31,1,3.0000,NULL,'2026-07-21 16:45:40','2026-07-21 16:45:40'),(33,32,1,2.0000,NULL,'2026-07-21 16:46:36','2026-07-21 16:46:36'),(34,33,1,97.0000,NULL,'2026-07-21 16:48:08','2026-07-21 16:48:08'),(35,34,1,2.0000,NULL,'2026-07-21 16:48:47','2026-07-21 16:48:47'),(36,35,1,106.0000,NULL,'2026-07-21 16:49:43','2026-07-23 00:46:06'),(37,36,1,4.0000,NULL,'2026-07-21 16:51:02','2026-07-23 00:46:06'),(38,37,1,1.0000,NULL,'2026-07-21 16:53:03','2026-07-23 00:46:06'),(39,38,1,2.0000,NULL,'2026-07-21 16:54:47','2026-07-23 00:46:06'),(40,39,1,10.0000,NULL,'2026-07-21 16:56:48','2026-07-21 16:56:48'),(41,40,1,12.0000,NULL,'2026-07-21 16:57:58','2026-07-21 16:57:58'),(42,41,1,31.0000,NULL,'2026-07-21 17:00:08','2026-07-23 00:46:06'),(43,42,1,2.0000,NULL,'2026-07-21 17:01:42','2026-07-21 17:01:42'),(44,43,1,1.0000,NULL,'2026-07-21 17:02:47','2026-07-21 17:02:47'),(45,44,1,16.0000,NULL,'2026-07-21 17:04:40','2026-07-21 17:04:40'),(46,45,1,22.0000,NULL,'2026-07-21 17:05:51','2026-07-21 17:05:51'),(47,46,1,2.0000,NULL,'2026-07-21 17:07:23','2026-07-21 17:07:23'),(48,47,1,40.0000,NULL,'2026-07-21 17:12:34','2026-07-21 17:12:34'),(49,48,1,2.0000,NULL,'2026-07-21 17:13:45','2026-07-21 17:13:45'),(50,49,1,2.0000,NULL,'2026-07-21 17:15:25','2026-07-21 17:15:25'),(51,50,1,2.0000,NULL,'2026-07-21 17:16:09','2026-07-21 17:16:09'),(52,51,1,3.0000,NULL,'2026-07-21 17:19:06','2026-07-21 17:19:06'),(53,52,1,1.0000,NULL,'2026-07-21 17:22:53','2026-07-21 17:22:53'),(54,53,1,77.0000,NULL,'2026-07-21 17:28:32','2026-07-21 17:28:32'),(55,54,1,64.0000,NULL,'2026-07-21 17:30:22','2026-07-21 17:30:22'),(56,55,1,63.0000,NULL,'2026-07-21 17:31:50','2026-07-21 17:31:50'),(57,56,1,3.0000,NULL,'2026-07-21 17:34:59','2026-07-21 17:34:59'),(58,57,1,1.0000,NULL,'2026-07-21 17:35:58','2026-07-21 17:35:58'),(59,58,1,4.0000,NULL,'2026-07-21 17:37:42','2026-07-21 17:37:42'),(60,59,1,2.0000,NULL,'2026-07-21 17:38:54','2026-07-21 17:43:52'),(61,60,1,1.0000,NULL,'2026-07-21 17:41:39','2026-07-21 17:41:39'),(62,61,1,3.0000,NULL,'2026-07-21 17:42:26','2026-07-21 17:42:26'),(64,62,1,52.0000,NULL,'2026-07-21 17:49:03','2026-07-21 17:49:03'),(65,63,1,2.0000,NULL,'2026-07-21 17:50:07','2026-07-21 17:50:07'),(66,64,1,48.0000,NULL,'2026-07-21 17:52:02','2026-07-23 00:46:06'),(67,65,1,24.0000,NULL,'2026-07-21 17:53:13','2026-07-21 17:53:13'),(68,66,1,46.0000,NULL,'2026-07-21 17:55:34','2026-07-21 17:55:34'),(69,67,1,1.0000,NULL,'2026-07-21 17:59:05','2026-07-21 17:59:05'),(70,68,1,4.0000,NULL,'2026-07-21 18:00:27','2026-07-21 18:00:27'),(71,69,1,1.0000,NULL,'2026-07-21 18:03:44','2026-07-21 18:03:44'),(72,70,1,2.0000,NULL,'2026-07-21 18:04:59','2026-07-21 18:04:59'),(73,71,1,2.0000,NULL,'2026-07-21 18:08:15','2026-07-21 18:08:15'),(74,72,1,1.0000,NULL,'2026-07-21 18:10:00','2026-07-21 18:10:00'),(75,73,1,1.0000,NULL,'2026-07-21 18:11:09','2026-07-21 18:11:09'),(76,74,1,10.0000,NULL,'2026-07-21 18:12:13','2026-07-21 18:12:13'),(77,75,1,1.0000,NULL,'2026-07-21 18:13:07','2026-07-21 18:13:07'),(78,76,1,1.0000,NULL,'2026-07-21 18:14:18','2026-07-21 18:14:18'),(79,77,1,1.0000,NULL,'2026-07-21 18:15:07','2026-07-21 18:15:07'),(80,78,1,1.0000,NULL,'2026-07-21 18:15:56','2026-07-21 18:15:56'),(81,79,1,128.0000,NULL,'2026-07-21 18:17:33','2026-07-23 00:46:06'),(82,80,1,29.0000,NULL,'2026-07-21 18:18:31','2026-07-21 18:18:31'),(83,81,1,1.0000,NULL,'2026-07-21 18:19:20','2026-07-21 18:19:20'),(84,82,1,1.0000,NULL,'2026-07-21 18:21:00','2026-07-21 18:21:00'),(85,83,1,92.0000,NULL,'2026-07-21 18:22:28','2026-07-23 00:46:06'),(86,84,1,1.0000,NULL,'2026-07-21 18:27:37','2026-07-21 18:27:37'),(87,85,1,23.0000,NULL,'2026-07-21 18:29:59','2026-07-21 18:29:59'),(88,86,1,2.0000,NULL,'2026-07-21 18:31:12','2026-07-21 18:31:12'),(89,87,1,5.0000,NULL,'2026-07-21 18:32:28','2026-07-21 18:32:28'),(90,88,1,2.0000,NULL,'2026-07-21 18:35:16','2026-07-21 18:35:16'),(91,89,1,1.0000,NULL,'2026-07-21 18:36:36','2026-07-21 18:36:36'),(92,90,1,28.0000,NULL,'2026-07-21 18:38:03','2026-07-21 18:38:03'),(93,91,1,4.0000,NULL,'2026-07-21 18:39:18','2026-07-21 18:39:18'),(94,92,1,19.0000,NULL,'2026-07-21 18:41:37','2026-07-21 18:41:37'),(95,93,1,82.0000,NULL,'2026-07-21 18:44:02','2026-07-23 00:46:06'),(96,94,1,6.0000,NULL,'2026-07-21 18:45:32','2026-07-21 18:45:32'),(97,95,1,3.0000,NULL,'2026-07-21 18:46:39','2026-07-21 18:46:39'),(98,96,1,3.0000,NULL,'2026-07-21 18:47:40','2026-07-21 18:47:40'),(99,97,1,1.0000,NULL,'2026-07-21 18:50:39','2026-07-21 18:50:39'),(100,98,1,2.0000,NULL,'2026-07-21 18:54:22','2026-07-21 18:54:22'),(101,99,1,2.0000,NULL,'2026-07-21 18:55:53','2026-07-21 18:55:53'),(102,100,1,2.0000,NULL,'2026-07-21 18:57:34','2026-07-21 18:57:34'),(103,101,1,2.0000,NULL,'2026-07-21 18:59:07','2026-07-21 18:59:07'),(104,102,1,1.0000,NULL,'2026-07-21 19:43:54','2026-07-21 19:43:54'),(105,103,1,1.0000,NULL,'2026-07-21 19:45:48','2026-07-22 03:31:15'),(106,104,1,1.0000,NULL,'2026-07-21 19:50:54','2026-07-21 19:50:54'),(107,105,1,2.0000,NULL,'2026-07-21 19:52:24','2026-07-21 19:52:24'),(108,106,1,105.0000,NULL,'2026-07-21 19:54:42','2026-07-21 19:54:42'),(109,107,1,2.0000,NULL,'2026-07-21 19:57:34','2026-07-21 19:57:34'),(110,108,1,80.0000,NULL,'2026-07-21 19:58:40','2026-07-21 19:58:40'),(111,109,1,50.0000,NULL,'2026-07-21 20:02:51','2026-07-21 20:02:51'),(112,110,1,1.0000,NULL,'2026-07-21 20:03:52','2026-07-21 20:03:52'),(113,111,1,1.0000,NULL,'2026-07-21 20:04:36','2026-07-21 20:04:36'),(114,112,1,63.0000,NULL,'2026-07-21 20:05:54','2026-07-21 20:05:54'),(115,113,1,35.0000,NULL,'2026-07-21 20:07:26','2026-07-21 20:07:26'),(116,114,1,1.0000,NULL,'2026-07-21 20:10:03','2026-07-21 20:10:03'),(117,115,1,1.0000,NULL,'2026-07-21 20:17:15','2026-07-21 20:17:15'),(118,116,1,4.0000,NULL,'2026-07-21 20:19:18','2026-07-21 20:19:18'),(119,117,1,1.0000,NULL,'2026-07-21 20:21:34','2026-07-21 20:21:34'),(120,118,1,41.0000,NULL,'2026-07-21 20:23:32','2026-07-21 20:23:32'),(121,119,1,1.0000,NULL,'2026-07-21 20:24:20','2026-07-21 20:24:20'),(122,120,1,67.0000,NULL,'2026-07-21 20:28:52','2026-07-21 20:28:52'),(123,121,1,1.0000,NULL,'2026-07-21 20:29:45','2026-07-21 20:29:45'),(124,122,1,94.0000,NULL,'2026-07-21 20:36:25','2026-07-23 00:46:06'),(125,123,1,1.0000,NULL,'2026-07-21 20:38:52','2026-07-21 20:38:52'),(126,124,1,3.0000,NULL,'2026-07-21 20:40:11','2026-07-21 20:40:11'),(127,125,1,1.0000,NULL,'2026-07-21 20:41:17','2026-07-21 20:41:17'),(128,126,1,117.0000,NULL,'2026-07-21 20:42:35','2026-07-21 20:42:35'),(129,127,1,1.0000,NULL,'2026-07-21 20:44:29','2026-07-21 20:44:29'),(130,128,1,1.0000,NULL,'2026-07-21 20:45:39','2026-07-21 20:45:39'),(131,129,1,1.0000,NULL,'2026-07-21 20:47:32','2026-07-21 20:47:32'),(132,130,1,50.0000,NULL,'2026-07-21 20:49:15','2026-07-23 00:46:06'),(133,131,1,1.0000,NULL,'2026-07-21 20:51:11','2026-07-21 20:51:11'),(134,132,1,68.0000,NULL,'2026-07-21 20:59:05','2026-07-21 20:59:05'),(135,133,1,50.0000,NULL,'2026-07-21 21:02:03','2026-07-21 21:02:03'),(136,134,1,2.0000,NULL,'2026-07-21 21:05:37','2026-07-21 21:05:37'),(137,135,1,5.0000,NULL,'2026-07-21 21:11:28','2026-07-21 21:11:28'),(138,136,1,2.0000,NULL,'2026-07-21 21:13:26','2026-07-21 21:13:26'),(139,137,1,9.0000,NULL,'2026-07-21 21:14:17','2026-07-21 21:14:17'),(140,138,1,43.0000,NULL,'2026-07-21 21:18:26','2026-07-23 00:46:06'),(141,139,1,13.0000,NULL,'2026-07-21 21:19:58','2026-07-27 17:49:15'),(142,140,1,1.0000,NULL,'2026-07-21 21:20:52','2026-07-21 21:20:52'),(143,141,1,98.0000,NULL,'2026-07-21 21:30:03','2026-07-21 21:30:03'),(144,142,1,3.0000,NULL,'2026-07-21 21:31:08','2026-07-21 21:31:08'),(145,143,1,110.0000,NULL,'2026-07-21 21:32:39','2026-07-21 21:32:39'),(146,144,1,2.0000,NULL,'2026-07-21 21:33:42','2026-07-23 00:46:06'),(147,145,1,1.0000,NULL,'2026-07-21 21:34:58','2026-07-21 21:34:58'),(148,146,1,1.0000,NULL,'2026-07-21 21:36:38','2026-07-21 21:36:38'),(149,147,1,1.0000,NULL,'2026-07-21 21:38:30','2026-07-21 21:38:30'),(150,148,1,20.0000,NULL,'2026-07-21 21:39:58','2026-07-21 21:39:58'),(151,149,1,1.0000,NULL,'2026-07-21 21:42:39','2026-07-21 21:42:39'),(152,150,1,1.0000,NULL,'2026-07-21 21:43:31','2026-07-21 21:43:31'),(153,151,1,1.0000,NULL,'2026-07-21 21:44:49','2026-07-21 21:44:49'),(154,152,1,36.0000,NULL,'2026-07-21 21:52:51','2026-07-21 21:52:51'),(155,153,1,53.0000,NULL,'2026-07-21 21:57:05','2026-07-21 21:57:05'),(156,154,1,2.0000,NULL,'2026-07-21 21:59:18','2026-07-21 21:59:18'),(157,155,1,2.0000,NULL,'2026-07-21 22:01:30','2026-07-21 22:01:30'),(158,156,1,7.0000,NULL,'2026-07-21 22:02:32','2026-07-21 22:02:32'),(159,157,1,30.0000,NULL,'2026-07-21 22:04:30','2026-07-21 22:04:30'),(160,158,1,2.0000,NULL,'2026-07-21 22:05:43','2026-07-21 22:05:43'),(161,159,1,2.0000,NULL,'2026-07-21 22:07:05','2026-07-21 22:07:05'),(162,160,1,49.0000,NULL,'2026-07-21 22:09:34','2026-07-21 22:09:34'),(163,161,1,5.0000,NULL,'2026-07-21 22:11:37','2026-07-21 22:11:37'),(164,162,1,1.0000,NULL,'2026-07-21 22:15:14','2026-07-21 22:15:14'),(165,163,1,1.0000,NULL,'2026-07-21 22:16:15','2026-07-21 22:16:15'),(166,164,1,1.0000,NULL,'2026-07-21 22:16:58','2026-07-21 22:16:58'),(167,165,1,1.0000,NULL,'2026-07-21 22:19:33','2026-07-21 22:19:33'),(168,166,1,3.0000,NULL,'2026-07-21 22:22:26','2026-07-21 22:22:26'),(169,167,1,1.0000,NULL,'2026-07-21 22:24:48','2026-07-21 22:24:48'),(170,168,1,1.0000,NULL,'2026-07-21 22:26:12','2026-07-21 22:26:12'),(171,169,1,10.0000,NULL,'2026-07-21 22:27:42','2026-07-21 22:27:42'),(172,170,1,14.0000,NULL,'2026-07-21 22:29:31','2026-07-23 00:46:06'),(173,171,1,1.0000,NULL,'2026-07-21 22:31:14','2026-07-21 22:31:14'),(174,172,1,7.0000,NULL,'2026-07-21 22:32:53','2026-07-21 22:32:53'),(175,173,1,1.0000,NULL,'2026-07-21 22:33:31','2026-07-21 22:33:31'),(176,174,1,2.0000,NULL,'2026-07-21 22:42:26','2026-07-21 22:42:26'),(177,175,1,1.0000,NULL,'2026-07-21 22:44:21','2026-07-21 22:44:21'),(178,176,1,17.0000,NULL,'2026-07-21 22:45:05','2026-07-21 22:45:05'),(179,177,1,83.0000,NULL,'2026-07-21 22:46:52','2026-07-21 22:46:52'),(180,178,1,2.0000,NULL,'2026-07-21 22:47:34','2026-07-21 22:47:34'),(181,179,1,19.0000,NULL,'2026-07-21 22:48:46','2026-07-21 22:48:46'),(182,180,1,3.0000,NULL,'2026-07-21 22:49:59','2026-07-21 22:49:59'),(183,181,1,3.0000,NULL,'2026-07-21 22:51:04','2026-07-21 22:51:04'),(184,182,1,3.0000,NULL,'2026-07-21 22:51:52','2026-07-21 22:51:52'),(185,183,1,38.0000,NULL,'2026-07-21 22:52:30','2026-07-23 00:46:06'),(186,184,1,1.0000,NULL,'2026-07-21 22:53:10','2026-07-21 22:53:10'),(187,185,1,82.0000,NULL,'2026-07-21 22:56:44','2026-07-30 21:52:14'),(188,186,1,2.0000,NULL,'2026-07-21 22:57:24','2026-07-21 22:57:24'),(189,187,1,70.0000,NULL,'2026-07-21 22:58:57','2026-07-21 22:58:57'),(190,188,1,1.0000,NULL,'2026-07-21 23:00:58','2026-07-21 23:00:58'),(191,189,1,3.0000,NULL,'2026-07-21 23:01:39','2026-07-21 23:01:39'),(192,190,1,2.0000,NULL,'2026-07-21 23:02:49','2026-07-21 23:02:49'),(193,191,1,2.0000,NULL,'2026-07-21 23:03:53','2026-07-21 23:03:53'),(194,192,1,2.0000,NULL,'2026-07-21 23:04:41','2026-07-21 23:04:41'),(195,193,1,2.0000,NULL,'2026-07-21 23:05:44','2026-07-21 23:05:44'),(196,194,1,100.0000,NULL,'2026-07-21 23:07:35','2026-07-21 23:07:35'),(197,195,1,1.0000,NULL,'2026-07-21 23:09:36','2026-07-21 23:09:36'),(198,196,1,30.0000,NULL,'2026-07-21 23:10:22','2026-07-21 23:10:22'),(199,197,1,1.0000,NULL,'2026-07-21 23:11:13','2026-07-21 23:11:13'),(200,198,1,1.0000,NULL,'2026-07-21 23:11:43','2026-07-21 23:11:43'),(201,199,1,4.0000,NULL,'2026-07-21 23:13:50','2026-07-21 23:13:50'),(202,200,1,1.0000,NULL,'2026-07-21 23:16:24','2026-07-21 23:16:24'),(203,201,1,1.0000,NULL,'2026-07-21 23:18:00','2026-07-21 23:18:00'),(204,202,1,54.0000,NULL,'2026-07-21 23:19:39','2026-07-21 23:19:39'),(205,203,1,1.0000,NULL,'2026-07-21 23:22:03','2026-07-21 23:22:03'),(206,204,1,14.0000,NULL,'2026-07-21 23:23:07','2026-07-21 23:23:07'),(207,205,1,4.0000,NULL,'2026-07-21 23:24:51','2026-07-21 23:24:51'),(208,206,1,2.0000,NULL,'2026-07-21 23:27:40','2026-07-21 23:27:40'),(209,207,1,3.0000,NULL,'2026-07-21 23:33:14','2026-07-21 23:33:14'),(210,208,1,42.0000,NULL,'2026-07-21 23:38:07','2026-07-21 23:38:07'),(211,209,1,4.0000,NULL,'2026-07-21 23:45:13','2026-07-21 23:45:13'),(212,210,1,1.0000,NULL,'2026-07-21 23:47:14','2026-07-21 23:47:14'),(213,211,1,3.0000,NULL,'2026-07-21 23:48:42','2026-07-21 23:48:42'),(214,212,1,1.0000,NULL,'2026-07-21 23:50:11','2026-07-21 23:50:11'),(216,214,1,16.0000,NULL,'2026-07-21 23:58:14','2026-07-21 23:58:14'),(217,215,1,3.0000,NULL,'2026-07-21 23:59:20','2026-07-21 23:59:20'),(218,216,1,66.0000,NULL,'2026-07-22 00:00:30','2026-07-22 00:00:30'),(219,217,1,74.0000,NULL,'2026-07-22 00:02:19','2026-07-22 00:02:19'),(220,218,1,1.0000,NULL,'2026-07-22 00:03:54','2026-07-22 00:03:54'),(221,219,1,1.0000,NULL,'2026-07-22 00:05:14','2026-07-22 00:05:14'),(222,220,1,2.0000,NULL,'2026-07-22 00:07:31','2026-07-22 00:07:31'),(223,221,1,2.0000,NULL,'2026-07-22 00:08:06','2026-07-22 00:08:06'),(224,222,1,1.0000,NULL,'2026-07-22 00:09:19','2026-07-22 00:11:56'),(225,223,1,1.0000,NULL,'2026-07-22 00:14:16','2026-07-22 00:14:16'),(226,224,1,1.0000,NULL,'2026-07-22 00:15:22','2026-07-22 00:15:22'),(227,225,1,12.0000,NULL,'2026-07-22 00:16:33','2026-07-22 00:16:33'),(228,226,1,63.0000,NULL,'2026-07-22 00:20:02','2026-07-22 00:20:02'),(229,227,1,14.0000,NULL,'2026-07-22 00:21:56','2026-07-22 00:21:56'),(230,228,1,15.0000,NULL,'2026-07-22 00:22:53','2026-07-22 00:22:53'),(231,229,1,23.0000,NULL,'2026-07-22 00:24:10','2026-07-22 00:24:10'),(232,230,1,2.0000,NULL,'2026-07-22 00:24:52','2026-07-22 00:24:52'),(233,231,1,10.0000,NULL,'2026-07-22 00:26:37','2026-07-22 00:26:37'),(234,232,1,6.0000,NULL,'2026-07-22 00:27:21','2026-07-22 00:27:21'),(235,233,1,42.0000,NULL,'2026-07-22 00:29:04','2026-07-22 00:29:04'),(236,234,1,21.0000,NULL,'2026-07-22 00:29:40','2026-07-22 00:29:40'),(237,235,1,2.0000,NULL,'2026-07-22 00:31:43','2026-07-22 00:31:43'),(238,236,1,1.0000,NULL,'2026-07-22 00:32:15','2026-07-22 00:32:15'),(239,237,1,4.0000,NULL,'2026-07-22 00:34:47','2026-07-22 00:34:47'),(240,238,1,2.0000,NULL,'2026-07-22 00:36:02','2026-07-22 00:36:02'),(241,239,1,2.0000,NULL,'2026-07-22 00:36:46','2026-07-22 00:36:46'),(242,240,1,24.0000,NULL,'2026-07-22 00:39:42','2026-07-22 00:39:42'),(243,241,1,32.0000,NULL,'2026-07-22 00:40:21','2026-07-22 00:40:21'),(244,242,1,77.0000,NULL,'2026-07-22 00:45:56','2026-07-22 00:45:56'),(245,243,1,41.0000,NULL,'2026-07-22 00:47:24','2026-07-22 00:47:24'),(246,244,1,19.0000,NULL,'2026-07-22 00:49:22','2026-07-22 00:49:22'),(247,245,1,309.0000,NULL,'2026-07-22 00:52:00','2026-07-23 00:46:06'),(248,246,1,1.0000,NULL,'2026-07-22 00:53:39','2026-07-22 00:53:39'),(249,247,1,1.0000,NULL,'2026-07-22 00:58:17','2026-07-22 00:58:17'),(250,248,1,1.0000,NULL,'2026-07-22 00:59:45','2026-07-22 00:59:45'),(251,249,1,81.0000,NULL,'2026-07-22 01:03:22','2026-07-22 01:03:22'),(252,250,1,80.0000,NULL,'2026-07-22 01:05:57','2026-07-22 01:05:57'),(253,251,1,1.0000,NULL,'2026-07-22 01:06:49','2026-07-22 01:06:49'),(254,252,1,4.0000,NULL,'2026-07-22 01:08:48','2026-07-22 01:08:48'),(255,253,1,2.0000,NULL,'2026-07-22 01:09:50','2026-07-22 01:09:50'),(256,254,1,23.0000,NULL,'2026-07-22 01:11:05','2026-07-22 01:11:05'),(257,255,1,1.0000,NULL,'2026-07-22 01:12:25','2026-07-22 01:12:25'),(258,256,1,95.0000,NULL,'2026-07-22 01:19:44','2026-07-22 01:19:44'),(259,257,1,36.0000,NULL,'2026-07-22 01:20:25','2026-07-23 00:46:06'),(260,258,1,11.0000,NULL,'2026-07-22 01:23:13','2026-07-22 01:23:13'),(261,259,1,7.0000,NULL,'2026-07-22 01:24:19','2026-07-22 01:24:19'),(262,260,1,21.0000,NULL,'2026-07-22 01:31:00','2026-07-22 01:31:00'),(263,261,1,2.0000,NULL,'2026-07-22 01:36:20','2026-07-22 01:36:20'),(264,262,1,1.0000,NULL,'2026-07-22 01:37:31','2026-07-22 01:37:31'),(265,263,1,1.0000,NULL,'2026-07-22 01:38:18','2026-07-22 01:38:18'),(266,264,1,3.0000,NULL,'2026-07-22 01:40:29','2026-07-22 01:40:29'),(267,265,1,47.0000,NULL,'2026-07-22 01:42:11','2026-07-23 00:46:06'),(268,266,1,27.0000,NULL,'2026-07-22 01:44:13','2026-07-22 01:44:13'),(269,267,1,6.0000,NULL,'2026-07-22 01:48:19','2026-07-22 01:48:19'),(270,268,1,68.0000,NULL,'2026-07-22 01:52:43','2026-07-22 01:52:43'),(271,269,1,8.0000,NULL,'2026-07-22 02:00:00','2026-07-23 00:46:06'),(272,270,1,10.0000,NULL,'2026-07-22 02:02:34','2026-07-22 02:02:34'),(273,271,1,3.0000,NULL,'2026-07-22 02:05:12','2026-07-22 02:05:12'),(274,272,1,3.0000,NULL,'2026-07-22 02:07:05','2026-07-22 02:07:05'),(275,273,1,2.0000,NULL,'2026-07-22 02:08:48','2026-07-22 02:08:48'),(276,274,1,50.0000,NULL,'2026-07-22 02:11:18','2026-07-23 00:46:06'),(277,275,1,2.0000,NULL,'2026-07-22 02:11:55','2026-07-22 02:11:55'),(278,276,1,10.0000,NULL,'2026-07-22 02:12:39','2026-07-22 02:12:39'),(279,277,1,3.0000,NULL,'2026-07-22 02:13:46','2026-07-22 02:13:46'),(280,278,1,7.0000,NULL,'2026-07-22 02:15:32','2026-07-23 00:46:06'),(281,279,1,30.0000,NULL,'2026-07-22 02:17:18','2026-07-22 02:17:18'),(282,280,1,6.0000,NULL,'2026-07-22 02:20:58','2026-07-22 02:20:58'),(283,281,1,98.0000,NULL,'2026-07-22 02:21:44','2026-07-22 02:21:44'),(284,282,1,13.0000,NULL,'2026-07-22 02:22:29','2026-07-22 02:22:29'),(285,283,1,4.0000,NULL,'2026-07-22 02:24:19','2026-07-22 02:24:19'),(286,284,1,15.0000,NULL,'2026-07-22 02:27:24','2026-07-22 02:27:24'),(287,285,1,4.0000,NULL,'2026-07-22 02:28:18','2026-07-22 02:28:18'),(288,286,1,40.0000,NULL,'2026-07-22 02:29:56','2026-07-22 02:29:56'),(289,287,1,40.0000,NULL,'2026-07-22 02:32:07','2026-07-22 02:32:07'),(290,288,1,10.0000,NULL,'2026-07-22 02:36:36','2026-07-22 02:36:36'),(291,289,1,30.0000,NULL,'2026-07-22 02:37:47','2026-07-22 02:37:47'),(292,290,1,10.0000,NULL,'2026-07-22 02:39:48','2026-07-22 02:39:48'),(293,291,1,68.0000,NULL,'2026-07-22 02:41:08','2026-07-22 02:41:08'),(294,292,1,1.0000,NULL,'2026-07-22 02:41:57','2026-07-22 02:41:57'),(295,293,1,1.0000,NULL,'2026-07-22 02:43:38','2026-07-22 02:43:38'),(296,294,1,3.0000,NULL,'2026-07-22 02:51:07','2026-07-22 02:51:07'),(297,295,1,6.0000,NULL,'2026-07-22 02:56:13','2026-07-23 00:46:06'),(298,296,1,42.0000,NULL,'2026-07-22 02:58:47','2026-07-22 02:58:47'),(299,297,1,24.0000,NULL,'2026-07-22 02:59:53','2026-07-22 02:59:53'),(300,298,1,1.0000,NULL,'2026-07-22 03:08:13','2026-07-22 03:08:13'),(301,299,1,2.0000,NULL,'2026-07-22 03:09:45','2026-07-22 03:09:45'),(302,300,1,1.0000,NULL,'2026-07-22 03:10:55','2026-07-22 03:10:55'),(303,301,1,1.0000,NULL,'2026-07-22 03:11:25','2026-07-22 03:11:25'),(304,302,1,1.0000,NULL,'2026-07-22 03:12:16','2026-07-22 03:12:16'),(305,303,1,14.0000,NULL,'2026-07-22 03:14:38','2026-07-22 03:14:38'),(306,304,1,1.0000,NULL,'2026-07-22 03:16:05','2026-07-22 03:16:05'),(307,305,1,11.0000,NULL,'2026-07-22 03:17:25','2026-07-22 03:17:25'),(308,306,1,97.0000,NULL,'2026-07-22 03:19:30','2026-07-22 03:19:30'),(309,307,1,68.0000,NULL,'2026-07-22 03:20:30','2026-07-22 03:20:30'),(310,308,1,2.0000,NULL,'2026-07-22 03:21:51','2026-07-22 03:21:51'),(311,309,1,12.0000,NULL,'2026-07-22 03:23:56','2026-07-23 00:46:06'),(312,310,1,12.0000,NULL,'2026-07-22 03:26:17','2026-07-23 00:46:06'),(315,311,1,14.0000,NULL,'2026-07-22 20:31:35','2026-07-30 22:07:50'),(316,312,1,1.0000,NULL,'2026-07-22 21:00:21','2026-07-22 21:00:21'),(317,313,1,32.0000,NULL,'2026-07-22 21:03:11','2026-07-22 21:03:11'),(318,314,1,66.0000,NULL,'2026-07-22 21:08:08','2026-07-23 00:46:06'),(319,315,1,1.0000,NULL,'2026-07-22 21:18:02','2026-07-22 21:18:02'),(320,316,1,30.0000,NULL,'2026-07-22 21:29:44','2026-07-22 21:29:44'),(321,317,1,45.0000,NULL,'2026-07-22 21:34:34','2026-07-22 21:34:34'),(322,318,1,3.0000,NULL,'2026-07-22 21:47:29','2026-07-22 21:47:29'),(323,319,1,11.0000,NULL,'2026-07-22 21:55:52','2026-07-22 21:55:52'),(324,320,1,81.0000,NULL,'2026-07-22 21:58:49','2026-07-22 21:58:49'),(325,321,1,29.0000,NULL,'2026-07-22 22:15:08','2026-07-22 22:15:08'),(326,322,1,52.0000,NULL,'2026-07-22 22:31:26','2026-07-22 22:31:26'),(327,323,1,4.0000,NULL,'2026-07-22 22:41:52','2026-07-22 22:41:52'),(328,324,1,2.0000,NULL,'2026-07-22 22:51:00','2026-07-22 22:51:00'),(329,325,1,2.0000,NULL,'2026-07-22 22:55:50','2026-07-22 22:55:50'),(330,326,1,30.0000,NULL,'2026-07-23 01:43:24','2026-07-23 01:43:24'),(331,327,1,3.0000,NULL,'2026-07-23 01:47:23','2026-07-23 01:47:23'),(332,328,1,7.0000,NULL,'2026-07-23 01:50:34','2026-07-23 01:50:34'),(333,329,1,4.0000,NULL,'2026-07-23 01:53:40','2026-07-23 01:53:40'),(334,330,1,1.0000,NULL,'2026-07-23 02:00:43','2026-07-23 02:00:43'),(335,331,1,2.0000,NULL,'2026-07-23 02:01:34','2026-07-23 02:01:34'),(336,332,1,45.0000,NULL,'2026-07-23 02:14:10','2026-07-23 02:14:10'),(337,333,1,35.0000,NULL,'2026-07-23 02:17:13','2026-07-23 02:17:13'),(338,334,1,12.0000,NULL,'2026-07-23 02:19:05','2026-07-23 02:19:05'),(339,335,1,33.0000,NULL,'2026-07-23 02:22:30','2026-07-23 02:22:30'),(340,336,1,47.0000,NULL,'2026-07-23 02:27:27','2026-07-23 02:27:27'),(341,337,1,46.0000,NULL,'2026-07-23 02:47:39','2026-07-23 02:47:39'),(342,338,1,3.0000,NULL,'2026-07-23 02:52:07','2026-07-23 02:52:07'),(343,339,1,2.0000,NULL,'2026-07-23 03:08:29','2026-07-23 03:08:29'),(344,340,1,2.0000,NULL,'2026-07-23 03:11:27','2026-07-23 03:11:27'),(345,341,1,95.0000,NULL,'2026-07-23 03:13:26','2026-07-23 00:46:06'),(346,342,1,52.0000,NULL,'2026-07-23 03:16:17','2026-07-23 03:16:17'),(347,343,1,293.0000,NULL,'2026-07-23 03:20:19','2026-07-23 03:20:19'),(348,344,1,1.0000,NULL,'2026-07-23 03:23:34','2026-07-23 03:23:34'),(349,345,1,1.0000,NULL,'2026-07-23 03:25:25','2026-07-23 03:25:25'),(350,346,1,1.0000,NULL,'2026-07-23 03:26:54','2026-07-23 03:26:54'),(351,347,1,1.0000,NULL,'2026-07-23 03:34:19','2026-07-23 03:34:19'),(352,348,1,1.0000,NULL,'2026-07-23 03:35:53','2026-07-23 03:35:53'),(353,349,1,2.0000,NULL,'2026-07-23 03:38:17','2026-07-23 03:38:17'),(354,350,1,1.0000,NULL,'2026-07-23 03:44:49','2026-07-23 03:44:49'),(355,351,1,3.0000,NULL,'2026-07-23 03:47:48','2026-07-23 03:47:48'),(356,352,1,7.0000,NULL,'2026-07-23 03:53:00','2026-07-23 03:53:00'),(357,353,1,3.0000,NULL,'2026-07-23 03:54:56','2026-07-23 03:54:56'),(358,354,1,5.0000,NULL,'2026-07-23 03:56:03','2026-07-23 03:56:03'),(359,355,1,6.0000,NULL,'2026-07-23 03:57:28','2026-07-23 03:57:28'),(360,356,1,2.0000,NULL,'2026-07-24 00:33:16','2026-07-24 00:33:16'),(361,357,1,1.0000,NULL,'2026-07-24 00:57:39','2026-07-24 00:57:39'),(362,358,1,2.0000,NULL,'2026-07-24 02:05:17','2026-07-24 02:05:17'),(363,359,1,4.0000,NULL,'2026-07-24 02:06:52','2026-07-24 02:06:52'),(364,360,1,1.0000,NULL,'2026-07-24 02:08:28','2026-07-24 02:08:28'),(365,361,1,1.0000,NULL,'2026-07-24 02:09:56','2026-07-24 02:09:56'),(366,362,1,1.0000,NULL,'2026-07-24 02:11:02','2026-07-24 02:11:02'),(367,363,1,2.0000,NULL,'2026-07-24 02:12:17','2026-07-24 02:12:17'),(368,364,1,4.0000,NULL,'2026-07-24 02:18:25','2026-07-24 02:18:25'),(369,365,1,109.0000,NULL,'2026-07-24 03:37:09','2026-07-24 03:37:09'),(370,366,1,1.0000,NULL,'2026-07-24 20:48:26','2026-07-24 20:48:26'),(371,367,1,1.0000,NULL,'2026-07-24 20:52:43','2026-07-24 20:52:43'),(372,368,1,1.0000,NULL,'2026-07-24 20:57:11','2026-07-24 20:57:11'),(373,369,1,1.0000,NULL,'2026-07-24 21:00:26','2026-07-24 21:00:26'),(374,370,1,1.0000,NULL,'2026-07-24 21:02:44','2026-07-24 21:02:44'),(375,371,1,1.0000,NULL,'2026-07-24 21:20:02','2026-07-24 21:20:02'),(376,372,1,1.0000,NULL,'2026-07-24 21:22:10','2026-07-24 21:22:10'),(377,373,1,1.0000,NULL,'2026-07-24 21:24:38','2026-07-24 21:24:38'),(378,374,1,1.0000,NULL,'2026-07-24 21:26:23','2026-07-24 21:26:23'),(379,375,1,48.0000,NULL,'2026-07-24 21:30:29','2026-07-24 21:30:29'),(380,376,1,60.0000,NULL,'2026-07-25 03:23:00','2026-07-25 03:23:00'),(381,377,1,25.0000,NULL,'2026-07-25 03:45:30','2026-07-25 03:45:30'),(382,378,1,14.0000,NULL,'2026-07-25 04:43:24','2026-07-25 04:43:24'),(383,379,1,20.0000,NULL,'2026-07-25 21:36:45','2026-07-25 21:36:45'),(384,380,1,55.0000,NULL,'2026-07-26 02:26:45','2026-07-26 02:26:45'),(385,381,1,2.0000,NULL,'2026-07-26 02:43:33','2026-07-26 02:43:33'),(386,382,1,3.0000,NULL,'2026-07-27 00:25:03','2026-07-27 00:25:03'),(387,383,1,1.0000,NULL,'2026-07-27 01:29:11','2026-07-27 01:29:11'),(388,384,1,1.0000,NULL,'2026-07-27 01:32:49','2026-07-27 01:32:49'),(389,385,1,2.0000,NULL,'2026-07-27 17:15:40','2026-07-27 17:15:40'),(391,387,1,28.0000,NULL,'2026-07-27 19:03:41','2026-07-30 21:35:43'),(392,388,1,77.0000,NULL,'2026-07-29 02:13:22','2026-07-29 02:13:22'),(393,389,1,4.0000,NULL,'2026-07-30 21:35:41','2026-07-30 21:35:41'),(394,390,1,3.0000,NULL,'2026-07-30 21:35:41','2026-07-30 21:35:41'),(395,391,1,93.0000,NULL,'2026-07-30 21:35:41','2026-07-30 21:48:16'),(396,392,1,96.0000,NULL,'2026-07-30 21:35:41','2026-07-30 21:50:28'),(397,393,1,0.0000,NULL,'2026-07-30 21:35:41','2026-07-30 21:56:25'),(398,394,1,9.0000,NULL,'2026-07-30 21:35:42','2026-07-30 21:53:48'),(400,395,1,28.0000,NULL,'2026-07-30 21:35:42','2026-07-30 22:05:50'),(401,396,1,1.0000,NULL,'2026-07-30 21:35:42','2026-07-30 21:35:42'),(402,397,1,1.0000,NULL,'2026-07-30 21:35:42','2026-07-30 21:35:42'),(403,398,1,97.0000,NULL,'2026-07-30 21:35:42','2026-07-30 21:51:40'),(404,399,1,1.0000,NULL,'2026-07-30 21:35:43','2026-07-30 21:35:43'),(405,400,1,1.0000,NULL,'2026-07-30 21:35:43','2026-07-30 21:35:43'),(406,401,1,3.0000,NULL,'2026-07-30 21:35:43','2026-07-30 21:35:43'),(408,402,1,95.0000,NULL,'2026-07-30 21:35:43','2026-07-30 21:53:20'),(409,403,1,6.0000,NULL,'2026-07-30 21:35:43','2026-07-30 21:35:43'),(411,404,1,100.0000,NULL,'2026-07-30 21:35:44','2026-07-30 21:35:44'),(412,405,1,4.0000,NULL,'2026-07-30 21:35:44','2026-07-30 21:35:44'),(413,406,1,1.0000,NULL,'2026-07-30 21:35:44','2026-07-30 21:35:44'),(414,407,1,90.0000,NULL,'2026-07-30 21:35:44','2026-07-30 21:55:37');
COMMIT;

-- Dumped table `item_lots_group_warehouse` with 404 row(s)
--

--
-- Table structure for table `item_lot_movements`
--

CREATE TABLE `item_lot_movements` (
  `id` bigint(20) unsigned NOT NULL AUTO_INCREMENT,
  `item_id` bigint(20) unsigned NOT NULL,
  `item_lot_group_id` bigint(20) unsigned DEFAULT NULL,
  `lot_code_snapshot` varchar(120) DEFAULT NULL,
  `warehouse_id` bigint(20) unsigned DEFAULT NULL,
  `direction` varchar(20) NOT NULL,
  `movement_type` varchar(60) NOT NULL,
  `quantity` decimal(18,4) NOT NULL DEFAULT 0.0000,
  `unit_cost` decimal(18,6) DEFAULT NULL,
  `source_type` varchar(191) DEFAULT NULL,
  `source_id` bigint(20) unsigned DEFAULT NULL,
  `source_item_type` varchar(191) DEFAULT NULL,
  `source_item_id` bigint(20) unsigned DEFAULT NULL,
  `date_of_issue` date DEFAULT NULL,
  `person_id` bigint(20) unsigned DEFAULT NULL,
  `trace_confidence` varchar(20) NOT NULL DEFAULT 'exact',
  `movement_key` varchar(191) DEFAULT NULL,
  `meta` longtext CHARACTER SET utf8mb4 COLLATE utf8mb4_bin DEFAULT NULL CHECK (json_valid(`meta`)),
  `created_at` timestamp NULL DEFAULT NULL,
  `updated_at` timestamp NULL DEFAULT NULL,
  PRIMARY KEY (`id`),
  UNIQUE KEY `item_lot_movements_movement_key_unique` (`movement_key`),
  KEY `item_lot_movements_item_id_date_of_issue_index` (`item_id`,`date_of_issue`),
  KEY `item_lot_movements_item_lot_group_id_date_of_issue_index` (`item_lot_group_id`,`date_of_issue`),
  KEY `item_lot_movements_warehouse_id_date_of_issue_index` (`warehouse_id`,`date_of_issue`),
  KEY `item_lot_movements_source_type_source_id_index` (`source_type`,`source_id`),
  KEY `item_lot_movements_trace_confidence_index` (`trace_confidence`)
) ENGINE=InnoDB AUTO_INCREMENT=19 DEFAULT CHARSET=utf8mb4 COLLATE=utf8mb4_unicode_ci;

--
-- Dumping data for table `item_lot_movements`
--

SET autocommit=0;
INSERT INTO `item_lot_movements` VALUES (1,59,10,'2010076',1,'in','inventory_adjustment',10.0000,0.000000,'Modules\\Inventory\\Models\\Inventory',60,'Modules\\Inventory\\Models\\Inventory',60,'2026-07-21',NULL,'exact','inventory:60:in:0:10','{\"description\":\"Inventario inicial\",\"comments\":null,\"inventory_transaction_id\":\"16\"}','2026-07-21 10:34:23','2026-07-21 10:34:23'),(2,60,11,'2094335',1,'in','inventory_adjustment',1.0000,0.000000,'Modules\\Inventory\\Models\\Inventory',62,'Modules\\Inventory\\Models\\Inventory',62,'2026-07-21',NULL,'exact','inventory:62:in:0:11','{\"description\":\"Ingreso de producci\\u00f3n\",\"comments\":null,\"inventory_transaction_id\":\"19\"}','2026-07-21 10:38:30','2026-07-21 10:38:30'),(3,60,11,'2094335',1,'out','inventory_adjustment',1.0000,0.000000,'Modules\\Inventory\\Models\\Inventory',63,'Modules\\Inventory\\Models\\Inventory',63,'2026-07-21',NULL,'exact','inventory:63:out:0:11','{\"description\":\"Salida a producci\\u00f3n\",\"comments\":null,\"inventory_transaction_id\":\"10\"}','2026-07-21 10:39:29','2026-07-21 10:39:29'),(4,110,59,'20701855',1,'in','inventory_adjustment',1.0000,0.000000,'Modules\\Inventory\\Models\\Inventory',117,'Modules\\Inventory\\Models\\Inventory',117,'2026-07-21',NULL,'exact','inventory:117:in:0:59','{\"description\":\"Inventario inicial\",\"comments\":null,\"inventory_transaction_id\":\"16\"}','2026-07-21 12:43:52','2026-07-21 12:43:52'),(5,290,222,'2050095',1,'out','inventory_adjustment',1.0000,0.000000,'Modules\\Inventory\\Models\\Inventory',296,'Modules\\Inventory\\Models\\Inventory',296,'2026-07-21',NULL,'exact','inventory:296:out:0:222','{\"description\":\"Salida por identificaci\\u00f3n erronea\",\"comments\":null,\"inventory_transaction_id\":\"23\"}','2026-07-21 19:11:56','2026-07-21 19:11:56'),(6,156,103,'2111515',1,'out','inventory_adjustment',1.0000,0.000000,'Modules\\Inventory\\Models\\Inventory',421,'Modules\\Inventory\\Models\\Inventory',421,'2026-07-21',NULL,'exact','inventory:421:out:0:103','{\"description\":\"Salida por identificaci\\u00f3n erronea\",\"comments\":null,\"inventory_transaction_id\":\"23\"}','2026-07-21 22:31:15','2026-07-21 22:31:15'),(7,86,35,'2015216',1,'in','inventory_adjustment',1.0000,0.000000,'Modules\\Inventory\\Models\\Inventory',422,'Modules\\Inventory\\Models\\Inventory',422,'2026-07-21',NULL,'exact','inventory:422:in:0:35','{\"description\":\"Otros\",\"comments\":null,\"inventory_transaction_id\":\"99\"}','2026-07-21 22:56:21','2026-07-21 22:56:21'),(8,198,139,'2120274',1,'in','inventory_adjustment',9.0000,0.000000,'Modules\\Inventory\\Models\\Inventory',647,'Modules\\Inventory\\Models\\Inventory',647,'2026-07-27',NULL,'exact','inventory:647:in:0:139','{\"description\":\"Inventario inicial\",\"comments\":null,\"inventory_transaction_id\":\"16\"}','2026-07-27 12:49:15','2026-07-27 12:49:15'),(9,641,391,'212145',1,'out','inventory_adjustment',7.0000,0.165000,'Modules\\Inventory\\Models\\Inventory',864,'Modules\\Inventory\\Models\\Inventory',864,'2026-07-30',NULL,'exact','inventory:864:out:0:391','{\"description\":\"Retiro\",\"comments\":null,\"inventory_transaction_id\":\"12\"}','2026-07-30 16:48:16','2026-07-30 16:48:16'),(10,640,392,'2050066',1,'out','inventory_adjustment',4.0000,0.730000,'Modules\\Inventory\\Models\\Inventory',865,'Modules\\Inventory\\Models\\Inventory',865,'2026-07-30',NULL,'exact','inventory:865:out:0:392','{\"description\":\"Retiro\",\"comments\":null,\"inventory_transaction_id\":\"12\"}','2026-07-30 16:50:28','2026-07-30 16:50:28'),(11,650,398,'2030156',1,'out','inventory_adjustment',3.0000,0.110000,'Modules\\Inventory\\Models\\Inventory',866,'Modules\\Inventory\\Models\\Inventory',866,'2026-07-30',NULL,'exact','inventory:866:out:0:398','{\"description\":\"Retiro\",\"comments\":null,\"inventory_transaction_id\":\"12\"}','2026-07-30 16:51:40','2026-07-30 16:51:40'),(12,251,185,'20624585',1,'out','inventory_adjustment',1.0000,0.000000,'Modules\\Inventory\\Models\\Inventory',867,'Modules\\Inventory\\Models\\Inventory',867,'2026-07-30',NULL,'exact','inventory:867:out:0:185','{\"description\":\"Retiro\",\"comments\":null,\"inventory_transaction_id\":\"12\"}','2026-07-30 16:52:14','2026-07-30 16:52:14'),(13,389,402,'2047956',1,'out','inventory_adjustment',5.0000,0.090000,'Modules\\Inventory\\Models\\Inventory',868,'Modules\\Inventory\\Models\\Inventory',868,'2026-07-30',NULL,'exact','inventory:868:out:0:402','{\"description\":\"Retiro\",\"comments\":null,\"inventory_transaction_id\":\"12\"}','2026-07-30 16:53:20','2026-07-30 16:53:20'),(14,639,394,'198240702',1,'out','inventory_adjustment',1.0000,0.450000,'Modules\\Inventory\\Models\\Inventory',869,'Modules\\Inventory\\Models\\Inventory',869,'2026-07-30',NULL,'exact','inventory:869:out:0:394','{\"description\":\"Retiro\",\"comments\":null,\"inventory_transaction_id\":\"12\"}','2026-07-30 16:53:48','2026-07-30 16:53:48'),(15,848,407,'2115355',1,'out','inventory_adjustment',10.0000,0.305000,'Modules\\Inventory\\Models\\Inventory',870,'Modules\\Inventory\\Models\\Inventory',870,'2026-07-30',NULL,'exact','inventory:870:out:0:407','{\"description\":\"Retiro\",\"comments\":null,\"inventory_transaction_id\":\"12\"}','2026-07-30 16:55:37','2026-07-30 16:55:37'),(16,642,393,'20202796',1,'out','inventory_adjustment',1.0000,14.000000,'Modules\\Inventory\\Models\\Inventory',871,'Modules\\Inventory\\Models\\Inventory',871,'2026-07-30',NULL,'exact','inventory:871:out:0:393','{\"description\":\"Retiro\",\"comments\":null,\"inventory_transaction_id\":\"12\"}','2026-07-30 16:56:25','2026-07-30 16:56:25'),(17,646,395,'20300926',1,'out','inventory_adjustment',2.0000,0.000000,'Modules\\Inventory\\Models\\Inventory',876,'Modules\\Inventory\\Models\\Inventory',876,'2026-07-30',NULL,'exact','inventory:876:out:0:395','{\"description\":\"Retiro\",\"comments\":null,\"inventory_transaction_id\":\"12\"}','2026-07-30 17:05:50','2026-07-30 17:05:50'),(18,417,311,'61022',1,'out','inventory_adjustment',2.0000,3.680000,'Modules\\Inventory\\Models\\Inventory',877,'Modules\\Inventory\\Models\\Inventory',877,'2026-07-30',NULL,'exact','inventory:877:out:0:311','{\"description\":\"Retiro\",\"comments\":null,\"inventory_transaction_id\":\"12\"}','2026-07-30 17:07:50','2026-07-30 17:07:50');
COMMIT;

-- Dumped table `item_lot_movements` with 18 row(s)
--

--
-- Table structure for table `item_mold_cavities`
--

CREATE TABLE `item_mold_cavities` (
  `id` int(10) unsigned NOT NULL AUTO_INCREMENT,
  `item_id` int(10) unsigned NOT NULL,
  `cat_item_mold_cavities_id` int(10) unsigned NOT NULL,
  `active` tinyint(4) DEFAULT 1 COMMENT 'Define si se encuentra activo',
  `created_at` timestamp NULL DEFAULT NULL,
  `updated_at` timestamp NULL DEFAULT NULL,
  PRIMARY KEY (`id`)
) ENGINE=InnoDB DEFAULT CHARSET=utf8mb4 COLLATE=utf8mb4_unicode_ci;

--
-- Dumping data for table `item_mold_cavities`
--

SET autocommit=0;
COMMIT;

-- Dumped table `item_mold_cavities` with 0 row(s)
--

--
-- Table structure for table `item_mold_properties`
--

CREATE TABLE `item_mold_properties` (
  `id` int(10) unsigned NOT NULL AUTO_INCREMENT,
  `item_id` int(10) unsigned NOT NULL,
  `cat_item_mold_properties_id` int(10) unsigned NOT NULL,
  `active` tinyint(4) DEFAULT 1 COMMENT 'Define si se encuentra activo',
  `created_at` timestamp NULL DEFAULT NULL,
  `updated_at` timestamp NULL DEFAULT NULL,
  PRIMARY KEY (`id`)
) ENGINE=InnoDB DEFAULT CHARSET=utf8mb4 COLLATE=utf8mb4_unicode_ci;

--
-- Dumping data for table `item_mold_properties`
--

SET autocommit=0;
COMMIT;

-- Dumped table `item_mold_properties` with 0 row(s)
--

--
-- Table structure for table `item_movement`
--

CREATE TABLE `item_movement` (
  `id` int(10) unsigned NOT NULL AUTO_INCREMENT,
  `item_id` int(10) unsigned DEFAULT 0 COMMENT 'Relacion con item',
  `quantity` decimal(12,4) DEFAULT 0.0000 COMMENT 'Cantidad de venta del item',
  `date_of_movement` timestamp NULL DEFAULT NULL,
  `countable` tinyint(3) unsigned DEFAULT 0 COMMENT 'Define si se toma en cuenta para el conteo de inventario',
  `establishment_id` int(10) unsigned DEFAULT 0 COMMENT 'Relacion con la tabla',
  `contract_item_id` int(10) unsigned DEFAULT 0 COMMENT 'Relacion con la tabla',
  `devolution_item_id` int(10) unsigned DEFAULT 0 COMMENT 'Relacion con la tabla',
  `dispatch_item_id` int(10) unsigned DEFAULT 0 COMMENT 'Relacion con la tabla',
  `document_item_id` int(10) unsigned DEFAULT 0 COMMENT 'Relacion con la tabla',
  `expense_item_id` int(10) unsigned DEFAULT 0 COMMENT 'Relacion con la tabla',
  `fixed_asset_item_id` int(10) unsigned DEFAULT 0 COMMENT 'Relacion con la tabla',
  `fixed_asset_purchase_item_id` int(10) unsigned DEFAULT 0 COMMENT 'Relacion con la tabla',
  `order_form_item_id` int(10) unsigned DEFAULT 0 COMMENT 'Relacion con la tabla',
  `order_note_item_id` int(10) unsigned DEFAULT 0 COMMENT 'Relacion con la tabla',
  `purchase_item_id` int(10) unsigned DEFAULT 0 COMMENT 'Relacion con la tabla',
  `purchase_order_item_id` int(10) unsigned DEFAULT 0 COMMENT 'Relacion con la tabla',
  `purchase_quotation_item_id` int(10) unsigned DEFAULT 0 COMMENT 'Relacion con la tabla',
  `quotation_item_id` int(10) unsigned DEFAULT 0 COMMENT 'Relacion con la tabla',
  `sale_note_item_id` int(10) unsigned DEFAULT 0 COMMENT 'Relacion con la tabla',
  `sale_opportunity_item_id` int(10) unsigned DEFAULT 0 COMMENT 'Relacion con la tabla',
  `technical_service_item_id` int(10) unsigned DEFAULT 0 COMMENT 'Relacion con la tabla',
  `created_at` timestamp NULL DEFAULT NULL,
  `updated_at` timestamp NULL DEFAULT NULL,
  PRIMARY KEY (`id`)
) ENGINE=InnoDB AUTO_INCREMENT=1181 DEFAULT CHARSET=utf8mb4 COLLATE=utf8mb4_unicode_ci;

--
-- Dumping data for table `item_movement`
--

SET autocommit=0;
INSERT INTO `item_movement` VALUES (1,86,-1.0000,'2026-07-21 22:48:57',1,1,0,0,0,1,0,0,0,0,0,0,0,0,0,0,0,0,'2026-07-21 22:48:58','2026-07-21 22:48:58'),(2,86,-1.0000,'2026-07-21 22:49:51',1,1,0,0,0,0,0,0,0,0,0,0,0,0,0,1,0,0,'2026-07-21 22:49:51','2026-07-21 22:49:51'),(3,86,-1.0000,'2026-07-21 22:49:51',1,1,0,0,0,0,0,0,0,0,0,0,0,0,0,1,0,0,'2026-07-21 22:49:51','2026-07-21 22:49:51'),(4,86,-1.0000,'2026-07-21 22:49:51',1,1,0,0,0,0,0,0,0,0,0,0,0,0,0,1,0,0,'2026-07-21 22:49:51','2026-07-21 22:49:51'),(5,348,-2.0000,'2026-07-21 23:06:14',1,1,0,0,0,0,0,0,0,0,0,0,0,0,0,2,0,0,'2026-07-21 23:06:14','2026-07-21 23:06:14'),(6,348,-2.0000,'2026-07-21 23:06:14',1,1,0,0,0,0,0,0,0,0,0,0,0,0,0,2,0,0,'2026-07-21 23:06:14','2026-07-21 23:06:14'),(7,348,-2.0000,'2026-07-21 23:06:14',1,1,0,0,0,0,0,0,0,0,0,0,0,0,0,2,0,0,'2026-07-21 23:06:14','2026-07-21 23:06:14'),(8,235,-1.0000,'2026-07-21 23:06:14',1,1,0,0,0,0,0,0,0,0,0,0,0,0,0,3,0,0,'2026-07-21 23:06:14','2026-07-21 23:06:14'),(9,235,-1.0000,'2026-07-21 23:06:14',1,1,0,0,0,0,0,0,0,0,0,0,0,0,0,3,0,0,'2026-07-21 23:06:14','2026-07-21 23:06:14'),(10,198,-2.0000,'2026-07-21 23:06:14',1,1,0,0,0,0,0,0,0,0,0,0,0,0,0,4,0,0,'2026-07-21 23:06:14','2026-07-21 23:06:14'),(11,198,-2.0000,'2026-07-21 23:06:14',1,1,0,0,0,0,0,0,0,0,0,0,0,0,0,4,0,0,'2026-07-21 23:06:14','2026-07-21 23:06:14'),(12,198,-2.0000,'2026-07-21 23:06:14',1,1,0,0,0,0,0,0,0,0,0,0,0,0,0,4,0,0,'2026-07-21 23:06:14','2026-07-21 23:06:14'),(13,354,-2.0000,'2026-07-21 23:13:09',1,1,0,0,0,0,0,0,0,0,0,0,0,0,0,5,0,0,'2026-07-21 23:13:09','2026-07-21 23:13:09'),(14,354,-2.0000,'2026-07-21 23:13:09',1,1,0,0,0,0,0,0,0,0,0,0,0,0,0,5,0,0,'2026-07-21 23:13:09','2026-07-21 23:13:09'),(15,354,-2.0000,'2026-07-21 23:13:09',1,1,0,0,0,0,0,0,0,0,0,0,0,0,0,5,0,0,'2026-07-21 23:13:09','2026-07-21 23:13:09'),(16,331,-2.0000,'2026-07-21 23:13:09',1,1,0,0,0,0,0,0,0,0,0,0,0,0,0,6,0,0,'2026-07-21 23:13:09','2026-07-21 23:13:09'),(17,331,-2.0000,'2026-07-21 23:13:09',1,1,0,0,0,0,0,0,0,0,0,0,0,0,0,6,0,0,'2026-07-21 23:13:09','2026-07-21 23:13:09'),(18,331,-2.0000,'2026-07-21 23:13:09',1,1,0,0,0,0,0,0,0,0,0,0,0,0,0,6,0,0,'2026-07-21 23:13:09','2026-07-21 23:13:09'),(19,64,-2.0000,'2026-07-21 23:20:17',1,1,0,0,0,0,0,0,0,0,0,0,0,0,0,7,0,0,'2026-07-21 23:20:17','2026-07-21 23:20:17'),(20,64,-2.0000,'2026-07-21 23:20:17',1,1,0,0,0,0,0,0,0,0,0,0,0,0,0,7,0,0,'2026-07-21 23:20:17','2026-07-21 23:20:17'),(21,64,-2.0000,'2026-07-21 23:20:17',1,1,0,0,0,0,0,0,0,0,0,0,0,0,0,7,0,0,'2026-07-21 23:20:17','2026-07-21 23:20:17'),(22,197,-1.0000,'2026-07-21 23:20:17',1,1,0,0,0,0,0,0,0,0,0,0,0,0,0,8,0,0,'2026-07-21 23:20:17','2026-07-21 23:20:17'),(23,197,-1.0000,'2026-07-21 23:20:17',1,1,0,0,0,0,0,0,0,0,0,0,0,0,0,8,0,0,'2026-07-21 23:20:17','2026-07-21 23:20:17'),(24,197,-1.0000,'2026-07-21 23:20:17',1,1,0,0,0,0,0,0,0,0,0,0,0,0,0,8,0,0,'2026-07-21 23:20:17','2026-07-21 23:20:17'),(25,130,-2.0000,'2026-07-21 23:20:17',1,1,0,0,0,0,0,0,0,0,0,0,0,0,0,9,0,0,'2026-07-21 23:20:17','2026-07-21 23:20:17'),(26,130,-2.0000,'2026-07-21 23:20:17',1,1,0,0,0,0,0,0,0,0,0,0,0,0,0,9,0,0,'2026-07-21 23:20:17','2026-07-21 23:20:17'),(27,130,-2.0000,'2026-07-21 23:20:17',1,1,0,0,0,0,0,0,0,0,0,0,0,0,0,9,0,0,'2026-07-21 23:20:17','2026-07-21 23:20:17'),(28,179,-3.0000,'2026-07-22 23:08:51',1,1,0,0,0,0,0,0,0,0,0,0,0,0,0,10,0,0,'2026-07-22 23:08:51','2026-07-22 23:08:51'),(29,179,-3.0000,'2026-07-22 23:08:51',1,1,0,0,0,0,0,0,0,0,0,0,0,0,0,10,0,0,'2026-07-22 23:08:51','2026-07-22 23:08:51'),(30,179,-3.0000,'2026-07-22 23:08:51',1,1,0,0,0,0,0,0,0,0,0,0,0,0,0,10,0,0,'2026-07-22 23:08:51','2026-07-22 23:08:51'),(31,145,-3.0000,'2026-07-22 23:08:51',1,1,0,0,0,0,0,0,0,0,0,0,0,0,0,11,0,0,'2026-07-22 23:08:52','2026-07-22 23:08:52'),(32,145,-3.0000,'2026-07-22 23:08:51',1,1,0,0,0,0,0,0,0,0,0,0,0,0,0,11,0,0,'2026-07-22 23:08:52','2026-07-22 23:08:52'),(33,145,-3.0000,'2026-07-22 23:08:51',1,1,0,0,0,0,0,0,0,0,0,0,0,0,0,11,0,0,'2026-07-22 23:08:52','2026-07-22 23:08:52'),(34,134,-3.0000,'2026-07-22 23:08:51',1,1,0,0,0,0,0,0,0,0,0,0,0,0,0,12,0,0,'2026-07-22 23:08:52','2026-07-22 23:08:52'),(35,134,-3.0000,'2026-07-22 23:08:51',1,1,0,0,0,0,0,0,0,0,0,0,0,0,0,12,0,0,'2026-07-22 23:08:52','2026-07-22 23:08:52'),(36,134,-3.0000,'2026-07-22 23:08:51',1,1,0,0,0,0,0,0,0,0,0,0,0,0,0,12,0,0,'2026-07-22 23:08:52','2026-07-22 23:08:52'),(37,361,-1.0000,'2026-07-22 23:10:20',1,1,0,0,0,0,0,0,0,0,0,0,0,0,0,13,0,0,'2026-07-22 23:10:20','2026-07-22 23:10:20'),(38,361,-1.0000,'2026-07-22 23:10:20',1,1,0,0,0,0,0,0,0,0,0,0,0,0,0,13,0,0,'2026-07-22 23:10:20','2026-07-22 23:10:20'),(39,361,-1.0000,'2026-07-22 23:10:20',1,1,0,0,0,0,0,0,0,0,0,0,0,0,0,13,0,0,'2026-07-22 23:10:20','2026-07-22 23:10:20'),(40,418,-2.0000,'2026-07-22 23:10:20',1,1,0,0,0,0,0,0,0,0,0,0,0,0,0,14,0,0,'2026-07-22 23:10:20','2026-07-22 23:10:20'),(41,418,-2.0000,'2026-07-22 23:10:20',1,1,0,0,0,0,0,0,0,0,0,0,0,0,0,14,0,0,'2026-07-22 23:10:21','2026-07-22 23:10:21'),(42,59,-10.0000,'2026-07-22 23:32:10',1,1,0,0,0,0,0,0,0,0,0,0,0,0,0,15,0,0,'2026-07-22 23:32:10','2026-07-22 23:32:10'),(43,59,-10.0000,'2026-07-22 23:32:10',1,1,0,0,0,0,0,0,0,0,0,0,0,0,0,15,0,0,'2026-07-22 23:32:10','2026-07-22 23:32:10'),(44,59,-10.0000,'2026-07-22 23:32:10',1,1,0,0,0,0,0,0,0,0,0,0,0,0,0,15,0,0,'2026-07-22 23:32:10','2026-07-22 23:32:10'),(45,192,-1.0000,'2026-07-22 23:32:10',1,1,0,0,0,0,0,0,0,0,0,0,0,0,0,16,0,0,'2026-07-22 23:32:10','2026-07-22 23:32:10'),(46,192,-1.0000,'2026-07-22 23:32:10',1,1,0,0,0,0,0,0,0,0,0,0,0,0,0,16,0,0,'2026-07-22 23:32:10','2026-07-22 23:32:10'),(47,88,-1.0000,'2026-07-22 23:32:10',1,1,0,0,0,0,0,0,0,0,0,0,0,0,0,17,0,0,'2026-07-22 23:32:10','2026-07-22 23:32:10'),(48,88,-1.0000,'2026-07-22 23:32:10',1,1,0,0,0,0,0,0,0,0,0,0,0,0,0,17,0,0,'2026-07-22 23:32:10','2026-07-22 23:32:10'),(49,88,-1.0000,'2026-07-22 23:32:10',1,1,0,0,0,0,0,0,0,0,0,0,0,0,0,17,0,0,'2026-07-22 23:32:10','2026-07-22 23:32:10'),(50,73,-2.0000,'2026-07-22 23:32:10',1,1,0,0,0,0,0,0,0,0,0,0,0,0,0,18,0,0,'2026-07-22 23:32:10','2026-07-22 23:32:10'),(51,73,-2.0000,'2026-07-22 23:32:10',1,1,0,0,0,0,0,0,0,0,0,0,0,0,0,18,0,0,'2026-07-22 23:32:10','2026-07-22 23:32:10'),(52,73,-2.0000,'2026-07-22 23:32:10',1,1,0,0,0,0,0,0,0,0,0,0,0,0,0,18,0,0,'2026-07-22 23:32:11','2026-07-22 23:32:11'),(53,474,-1.0000,'2026-07-22 23:32:10',1,1,0,0,0,0,0,0,0,0,0,0,0,0,0,19,0,0,'2026-07-22 23:32:11','2026-07-22 23:32:11'),(54,474,-1.0000,'2026-07-22 23:32:10',1,1,0,0,0,0,0,0,0,0,0,0,0,0,0,19,0,0,'2026-07-22 23:32:11','2026-07-22 23:32:11'),(55,67,-1.0000,'2026-07-22 23:32:10',1,1,0,0,0,0,0,0,0,0,0,0,0,0,0,20,0,0,'2026-07-22 23:32:11','2026-07-22 23:32:11'),(56,67,-1.0000,'2026-07-22 23:32:10',1,1,0,0,0,0,0,0,0,0,0,0,0,0,0,20,0,0,'2026-07-22 23:32:11','2026-07-22 23:32:11'),(57,67,-1.0000,'2026-07-22 23:32:10',1,1,0,0,0,0,0,0,0,0,0,0,0,0,0,20,0,0,'2026-07-22 23:32:11','2026-07-22 23:32:11'),(58,115,-10.0000,'2026-07-22 23:32:10',1,1,0,0,0,0,0,0,0,0,0,0,0,0,0,21,0,0,'2026-07-22 23:32:11','2026-07-22 23:32:11'),(59,115,-10.0000,'2026-07-22 23:32:10',1,1,0,0,0,0,0,0,0,0,0,0,0,0,0,21,0,0,'2026-07-22 23:32:11','2026-07-22 23:32:11'),(60,115,-10.0000,'2026-07-22 23:32:10',1,1,0,0,0,0,0,0,0,0,0,0,0,0,0,21,0,0,'2026-07-22 23:32:11','2026-07-22 23:32:11'),(61,92,-1.0000,'2026-07-22 23:39:51',1,1,0,0,0,0,0,0,0,0,0,0,0,0,0,22,0,0,'2026-07-22 23:39:51','2026-07-22 23:39:51'),(62,92,-1.0000,'2026-07-22 23:39:51',1,1,0,0,0,0,0,0,0,0,0,0,0,0,0,22,0,0,'2026-07-22 23:39:51','2026-07-22 23:39:51'),(63,92,-1.0000,'2026-07-22 23:39:51',1,1,0,0,0,0,0,0,0,0,0,0,0,0,0,22,0,0,'2026-07-22 23:39:51','2026-07-22 23:39:51'),(64,354,-3.0000,'2026-07-22 23:39:51',1,1,0,0,0,0,0,0,0,0,0,0,0,0,0,23,0,0,'2026-07-22 23:39:51','2026-07-22 23:39:51'),(65,354,-3.0000,'2026-07-22 23:39:51',1,1,0,0,0,0,0,0,0,0,0,0,0,0,0,23,0,0,'2026-07-22 23:39:51','2026-07-22 23:39:51'),(66,354,-3.0000,'2026-07-22 23:39:51',1,1,0,0,0,0,0,0,0,0,0,0,0,0,0,23,0,0,'2026-07-22 23:39:51','2026-07-22 23:39:51'),(67,477,-1.0000,'2026-07-22 23:39:51',1,1,0,0,0,0,0,0,0,0,0,0,0,0,0,24,0,0,'2026-07-22 23:39:51','2026-07-22 23:39:51'),(68,477,-1.0000,'2026-07-22 23:39:51',1,1,0,0,0,0,0,0,0,0,0,0,0,0,0,24,0,0,'2026-07-22 23:39:51','2026-07-22 23:39:51'),(69,248,-1.0000,'2026-07-22 23:39:51',1,1,0,0,0,0,0,0,0,0,0,0,0,0,0,25,0,0,'2026-07-22 23:39:51','2026-07-22 23:39:51'),(70,248,-1.0000,'2026-07-22 23:39:51',1,1,0,0,0,0,0,0,0,0,0,0,0,0,0,25,0,0,'2026-07-22 23:39:51','2026-07-22 23:39:51'),(71,248,-1.0000,'2026-07-22 23:39:51',1,1,0,0,0,0,0,0,0,0,0,0,0,0,0,25,0,0,'2026-07-22 23:39:51','2026-07-22 23:39:51'),(72,389,-2.0000,'2026-07-22 23:39:51',1,1,0,0,0,0,0,0,0,0,0,0,0,0,0,26,0,0,'2026-07-22 23:39:51','2026-07-22 23:39:51'),(73,389,-2.0000,'2026-07-22 23:39:51',1,1,0,0,0,0,0,0,0,0,0,0,0,0,0,26,0,0,'2026-07-22 23:39:51','2026-07-22 23:39:51'),(74,389,-2.0000,'2026-07-22 23:39:51',1,1,0,0,0,0,0,0,0,0,0,0,0,0,0,26,0,0,'2026-07-22 23:39:51','2026-07-22 23:39:51'),(75,414,-2.0000,'2026-07-22 23:42:38',1,1,0,0,0,0,0,0,0,0,0,0,0,0,0,27,0,0,'2026-07-22 23:42:38','2026-07-22 23:42:38'),(76,414,-2.0000,'2026-07-22 23:42:38',1,1,0,0,0,0,0,0,0,0,0,0,0,0,0,27,0,0,'2026-07-22 23:42:38','2026-07-22 23:42:38'),(77,341,-1.0000,'2026-07-22 23:42:38',1,1,0,0,0,0,0,0,0,0,0,0,0,0,0,28,0,0,'2026-07-22 23:42:38','2026-07-22 23:42:38'),(78,341,-1.0000,'2026-07-22 23:42:38',1,1,0,0,0,0,0,0,0,0,0,0,0,0,0,28,0,0,'2026-07-22 23:42:38','2026-07-22 23:42:38'),(79,348,-6.0000,'2026-07-22 23:42:38',1,1,0,0,0,0,0,0,0,0,0,0,0,0,0,29,0,0,'2026-07-22 23:42:38','2026-07-22 23:42:38'),(80,348,-6.0000,'2026-07-22 23:42:38',1,1,0,0,0,0,0,0,0,0,0,0,0,0,0,29,0,0,'2026-07-22 23:42:38','2026-07-22 23:42:38'),(81,348,-6.0000,'2026-07-22 23:42:38',1,1,0,0,0,0,0,0,0,0,0,0,0,0,0,29,0,0,'2026-07-22 23:42:38','2026-07-22 23:42:38'),(82,389,-2.0000,'2026-07-22 23:42:38',1,1,0,0,0,0,0,0,0,0,0,0,0,0,0,30,0,0,'2026-07-22 23:42:38','2026-07-22 23:42:38'),(83,389,-2.0000,'2026-07-22 23:42:38',1,1,0,0,0,0,0,0,0,0,0,0,0,0,0,30,0,0,'2026-07-22 23:42:38','2026-07-22 23:42:38'),(84,389,-2.0000,'2026-07-22 23:42:38',1,1,0,0,0,0,0,0,0,0,0,0,0,0,0,30,0,0,'2026-07-22 23:42:38','2026-07-22 23:42:38'),(85,473,-2.0000,'2026-07-22 23:42:38',1,1,0,0,0,0,0,0,0,0,0,0,0,0,0,31,0,0,'2026-07-22 23:42:38','2026-07-22 23:42:38'),(86,473,-2.0000,'2026-07-22 23:42:38',1,1,0,0,0,0,0,0,0,0,0,0,0,0,0,31,0,0,'2026-07-22 23:42:38','2026-07-22 23:42:38'),(87,187,-10.0000,'2026-07-22 23:42:38',1,1,0,0,0,0,0,0,0,0,0,0,0,0,0,32,0,0,'2026-07-22 23:42:38','2026-07-22 23:42:38'),(88,187,-10.0000,'2026-07-22 23:42:38',1,1,0,0,0,0,0,0,0,0,0,0,0,0,0,32,0,0,'2026-07-22 23:42:38','2026-07-22 23:42:38'),(89,187,-10.0000,'2026-07-22 23:42:38',1,1,0,0,0,0,0,0,0,0,0,0,0,0,0,32,0,0,'2026-07-22 23:42:38','2026-07-22 23:42:38'),(90,475,-1.0000,'2026-07-22 23:48:13',1,1,0,0,0,0,0,0,0,0,0,0,0,0,0,33,0,0,'2026-07-22 23:48:13','2026-07-22 23:48:13'),(91,475,-1.0000,'2026-07-22 23:48:13',1,1,0,0,0,0,0,0,0,0,0,0,0,0,0,33,0,0,'2026-07-22 23:48:13','2026-07-22 23:48:13'),(92,203,-1.0000,'2026-07-22 23:48:13',1,1,0,0,0,0,0,0,0,0,0,0,0,0,0,34,0,0,'2026-07-22 23:48:13','2026-07-22 23:48:13'),(93,203,-1.0000,'2026-07-22 23:48:13',1,1,0,0,0,0,0,0,0,0,0,0,0,0,0,34,0,0,'2026-07-22 23:48:13','2026-07-22 23:48:13'),(94,203,-1.0000,'2026-07-22 23:48:13',1,1,0,0,0,0,0,0,0,0,0,0,0,0,0,34,0,0,'2026-07-22 23:48:13','2026-07-22 23:48:13'),(95,421,-1.0000,'2026-07-22 23:48:13',1,1,0,0,0,0,0,0,0,0,0,0,0,0,0,35,0,0,'2026-07-22 23:48:14','2026-07-22 23:48:14'),(96,421,-1.0000,'2026-07-22 23:48:13',1,1,0,0,0,0,0,0,0,0,0,0,0,0,0,35,0,0,'2026-07-22 23:48:14','2026-07-22 23:48:14'),(97,421,-1.0000,'2026-07-22 23:48:13',1,1,0,0,0,0,0,0,0,0,0,0,0,0,0,35,0,0,'2026-07-22 23:48:14','2026-07-22 23:48:14'),(98,389,-1.0000,'2026-07-22 23:48:13',1,1,0,0,0,0,0,0,0,0,0,0,0,0,0,36,0,0,'2026-07-22 23:48:14','2026-07-22 23:48:14'),(99,389,-1.0000,'2026-07-22 23:48:13',1,1,0,0,0,0,0,0,0,0,0,0,0,0,0,36,0,0,'2026-07-22 23:48:14','2026-07-22 23:48:14'),(100,389,-1.0000,'2026-07-22 23:48:13',1,1,0,0,0,0,0,0,0,0,0,0,0,0,0,36,0,0,'2026-07-22 23:48:14','2026-07-22 23:48:14'),(101,348,-2.0000,'2026-07-22 23:48:13',1,1,0,0,0,0,0,0,0,0,0,0,0,0,0,37,0,0,'2026-07-22 23:48:14','2026-07-22 23:48:14'),(102,348,-2.0000,'2026-07-22 23:48:13',1,1,0,0,0,0,0,0,0,0,0,0,0,0,0,37,0,0,'2026-07-22 23:48:14','2026-07-22 23:48:14'),(103,348,-2.0000,'2026-07-22 23:48:13',1,1,0,0,0,0,0,0,0,0,0,0,0,0,0,37,0,0,'2026-07-22 23:48:14','2026-07-22 23:48:14'),(104,145,-2.0000,'2026-07-22 23:48:13',1,1,0,0,0,0,0,0,0,0,0,0,0,0,0,38,0,0,'2026-07-22 23:48:14','2026-07-22 23:48:14'),(105,145,-2.0000,'2026-07-22 23:48:13',1,1,0,0,0,0,0,0,0,0,0,0,0,0,0,38,0,0,'2026-07-22 23:48:14','2026-07-22 23:48:14'),(106,145,-2.0000,'2026-07-22 23:48:13',1,1,0,0,0,0,0,0,0,0,0,0,0,0,0,38,0,0,'2026-07-22 23:48:14','2026-07-22 23:48:14'),(107,455,-1.0000,'2026-07-22 23:49:15',1,1,0,0,0,0,0,0,0,0,0,0,0,0,0,39,0,0,'2026-07-22 23:49:15','2026-07-22 23:49:15'),(108,455,-1.0000,'2026-07-22 23:49:15',1,1,0,0,0,0,0,0,0,0,0,0,0,0,0,39,0,0,'2026-07-22 23:49:15','2026-07-22 23:49:15'),(109,455,-1.0000,'2026-07-22 23:49:15',1,1,0,0,0,0,0,0,0,0,0,0,0,0,0,39,0,0,'2026-07-22 23:49:15','2026-07-22 23:49:15'),(110,476,-1.0000,'2026-07-22 23:49:15',1,1,0,0,0,0,0,0,0,0,0,0,0,0,0,40,0,0,'2026-07-22 23:49:15','2026-07-22 23:49:15'),(111,476,-1.0000,'2026-07-22 23:49:15',1,1,0,0,0,0,0,0,0,0,0,0,0,0,0,40,0,0,'2026-07-22 23:49:15','2026-07-22 23:49:15'),(112,87,-1.0000,'2026-07-22 23:53:53',1,1,0,0,0,0,0,0,0,0,0,0,0,0,0,41,0,0,'2026-07-22 23:53:53','2026-07-22 23:53:53'),(113,87,-1.0000,'2026-07-22 23:53:53',1,1,0,0,0,0,0,0,0,0,0,0,0,0,0,41,0,0,'2026-07-22 23:53:53','2026-07-22 23:53:53'),(114,87,-1.0000,'2026-07-22 23:53:53',1,1,0,0,0,0,0,0,0,0,0,0,0,0,0,41,0,0,'2026-07-22 23:53:53','2026-07-22 23:53:53'),(115,203,-2.0000,'2026-07-22 23:53:53',1,1,0,0,0,0,0,0,0,0,0,0,0,0,0,42,0,0,'2026-07-22 23:53:53','2026-07-22 23:53:53'),(116,203,-2.0000,'2026-07-22 23:53:53',1,1,0,0,0,0,0,0,0,0,0,0,0,0,0,42,0,0,'2026-07-22 23:53:53','2026-07-22 23:53:53'),(117,203,-2.0000,'2026-07-22 23:53:53',1,1,0,0,0,0,0,0,0,0,0,0,0,0,0,42,0,0,'2026-07-22 23:53:53','2026-07-22 23:53:53'),(118,316,-2.0000,'2026-07-22 23:53:53',1,1,0,0,0,0,0,0,0,0,0,0,0,0,0,43,0,0,'2026-07-22 23:53:53','2026-07-22 23:53:53'),(119,316,-2.0000,'2026-07-22 23:53:53',1,1,0,0,0,0,0,0,0,0,0,0,0,0,0,43,0,0,'2026-07-22 23:53:53','2026-07-22 23:53:53'),(120,316,-2.0000,'2026-07-22 23:53:53',1,1,0,0,0,0,0,0,0,0,0,0,0,0,0,43,0,0,'2026-07-22 23:53:53','2026-07-22 23:53:53'),(121,130,-2.0000,'2026-07-22 23:53:53',1,1,0,0,0,0,0,0,0,0,0,0,0,0,0,44,0,0,'2026-07-22 23:53:53','2026-07-22 23:53:53'),(122,130,-2.0000,'2026-07-22 23:53:53',1,1,0,0,0,0,0,0,0,0,0,0,0,0,0,44,0,0,'2026-07-22 23:53:53','2026-07-22 23:53:53'),(123,130,-2.0000,'2026-07-22 23:53:53',1,1,0,0,0,0,0,0,0,0,0,0,0,0,0,44,0,0,'2026-07-22 23:53:53','2026-07-22 23:53:53'),(124,331,-2.0000,'2026-07-22 23:53:53',1,1,0,0,0,0,0,0,0,0,0,0,0,0,0,45,0,0,'2026-07-22 23:53:53','2026-07-22 23:53:53'),(125,331,-2.0000,'2026-07-22 23:53:53',1,1,0,0,0,0,0,0,0,0,0,0,0,0,0,45,0,0,'2026-07-22 23:53:53','2026-07-22 23:53:53'),(126,331,-2.0000,'2026-07-22 23:53:53',1,1,0,0,0,0,0,0,0,0,0,0,0,0,0,45,0,0,'2026-07-22 23:53:54','2026-07-22 23:53:54'),(127,89,-1.0000,'2026-07-22 23:56:01',1,1,0,0,0,0,0,0,0,0,0,0,0,0,0,46,0,0,'2026-07-22 23:56:01','2026-07-22 23:56:01'),(128,89,-1.0000,'2026-07-22 23:56:01',1,1,0,0,0,0,0,0,0,0,0,0,0,0,0,46,0,0,'2026-07-22 23:56:01','2026-07-22 23:56:01'),(129,89,-1.0000,'2026-07-22 23:56:01',1,1,0,0,0,0,0,0,0,0,0,0,0,0,0,46,0,0,'2026-07-22 23:56:01','2026-07-22 23:56:01'),(130,478,-1.0000,'2026-07-22 23:56:01',1,1,0,0,0,0,0,0,0,0,0,0,0,0,0,47,0,0,'2026-07-22 23:56:01','2026-07-22 23:56:01'),(131,478,-1.0000,'2026-07-22 23:56:01',1,1,0,0,0,0,0,0,0,0,0,0,0,0,0,47,0,0,'2026-07-22 23:56:01','2026-07-22 23:56:01'),(132,413,-1.0000,'2026-07-22 23:56:01',1,1,0,0,0,0,0,0,0,0,0,0,0,0,0,48,0,0,'2026-07-22 23:56:01','2026-07-22 23:56:01'),(133,413,-1.0000,'2026-07-22 23:56:01',1,1,0,0,0,0,0,0,0,0,0,0,0,0,0,48,0,0,'2026-07-22 23:56:01','2026-07-22 23:56:01'),(134,413,-1.0000,'2026-07-22 23:56:01',1,1,0,0,0,0,0,0,0,0,0,0,0,0,0,48,0,0,'2026-07-22 23:56:01','2026-07-22 23:56:01'),(135,365,-1.0000,'2026-07-22 23:56:01',1,1,0,0,0,0,0,0,0,0,0,0,0,0,0,49,0,0,'2026-07-22 23:56:01','2026-07-22 23:56:01'),(136,365,-1.0000,'2026-07-22 23:56:01',1,1,0,0,0,0,0,0,0,0,0,0,0,0,0,49,0,0,'2026-07-22 23:56:02','2026-07-22 23:56:02'),(137,365,-1.0000,'2026-07-22 23:56:01',1,1,0,0,0,0,0,0,0,0,0,0,0,0,0,49,0,0,'2026-07-22 23:56:02','2026-07-22 23:56:02'),(138,231,-2.0000,'2026-07-22 23:56:01',1,1,0,0,0,0,0,0,0,0,0,0,0,0,0,50,0,0,'2026-07-22 23:56:02','2026-07-22 23:56:02'),(139,231,-2.0000,'2026-07-22 23:56:01',1,1,0,0,0,0,0,0,0,0,0,0,0,0,0,50,0,0,'2026-07-22 23:56:02','2026-07-22 23:56:02'),(140,231,-2.0000,'2026-07-22 23:56:01',1,1,0,0,0,0,0,0,0,0,0,0,0,0,0,50,0,0,'2026-07-22 23:56:02','2026-07-22 23:56:02'),(141,348,-2.0000,'2026-07-22 23:56:01',1,1,0,0,0,0,0,0,0,0,0,0,0,0,0,51,0,0,'2026-07-22 23:56:02','2026-07-22 23:56:02'),(142,348,-2.0000,'2026-07-22 23:56:01',1,1,0,0,0,0,0,0,0,0,0,0,0,0,0,51,0,0,'2026-07-22 23:56:02','2026-07-22 23:56:02'),(143,348,-2.0000,'2026-07-22 23:56:01',1,1,0,0,0,0,0,0,0,0,0,0,0,0,0,51,0,0,'2026-07-22 23:56:02','2026-07-22 23:56:02'),(144,480,-1.0000,'2026-07-22 23:57:57',1,1,0,0,0,0,0,0,0,0,0,0,0,0,0,52,0,0,'2026-07-22 23:57:57','2026-07-22 23:57:57'),(145,480,-1.0000,'2026-07-22 23:57:57',1,1,0,0,0,0,0,0,0,0,0,0,0,0,0,52,0,0,'2026-07-22 23:57:57','2026-07-22 23:57:57'),(146,412,-1.0000,'2026-07-22 23:57:57',1,1,0,0,0,0,0,0,0,0,0,0,0,0,0,53,0,0,'2026-07-22 23:57:57','2026-07-22 23:57:57'),(147,412,-1.0000,'2026-07-22 23:57:57',1,1,0,0,0,0,0,0,0,0,0,0,0,0,0,53,0,0,'2026-07-22 23:57:57','2026-07-22 23:57:57'),(148,412,-1.0000,'2026-07-22 23:57:57',1,1,0,0,0,0,0,0,0,0,0,0,0,0,0,53,0,0,'2026-07-22 23:57:57','2026-07-22 23:57:57'),(149,479,-1.0000,'2026-07-22 23:57:57',1,1,0,0,0,0,0,0,0,0,0,0,0,0,0,54,0,0,'2026-07-22 23:57:57','2026-07-22 23:57:57'),(150,479,-1.0000,'2026-07-22 23:57:57',1,1,0,0,0,0,0,0,0,0,0,0,0,0,0,54,0,0,'2026-07-22 23:57:57','2026-07-22 23:57:57'),(151,477,-2.0000,'2026-07-22 23:57:57',1,1,0,0,0,0,0,0,0,0,0,0,0,0,0,55,0,0,'2026-07-22 23:57:57','2026-07-22 23:57:57'),(152,477,-2.0000,'2026-07-22 23:57:57',1,1,0,0,0,0,0,0,0,0,0,0,0,0,0,55,0,0,'2026-07-22 23:57:57','2026-07-22 23:57:57'),(153,276,-10.0000,'2026-07-23 22:09:59',1,1,0,0,0,0,0,0,0,0,0,0,0,0,0,56,0,0,'2026-07-23 22:09:59','2026-07-23 22:09:59'),(154,276,-10.0000,'2026-07-23 22:09:59',1,1,0,0,0,0,0,0,0,0,0,0,0,0,0,56,0,0,'2026-07-23 22:09:59','2026-07-23 22:09:59'),(155,276,-10.0000,'2026-07-23 22:09:59',1,1,0,0,0,0,0,0,0,0,0,0,0,0,0,56,0,0,'2026-07-23 22:09:59','2026-07-23 22:09:59'),(156,456,-1.0000,'2026-07-23 22:09:59',1,1,0,0,0,0,0,0,0,0,0,0,0,0,0,57,0,0,'2026-07-23 22:09:59','2026-07-23 22:09:59'),(157,456,-1.0000,'2026-07-23 22:09:59',1,1,0,0,0,0,0,0,0,0,0,0,0,0,0,57,0,0,'2026-07-23 22:09:59','2026-07-23 22:09:59'),(158,456,-1.0000,'2026-07-23 22:09:59',1,1,0,0,0,0,0,0,0,0,0,0,0,0,0,57,0,0,'2026-07-23 22:09:59','2026-07-23 22:09:59'),(159,480,-2.0000,'2026-07-23 22:09:59',1,1,0,0,0,0,0,0,0,0,0,0,0,0,0,58,0,0,'2026-07-23 22:09:59','2026-07-23 22:09:59'),(160,480,-2.0000,'2026-07-23 22:09:59',1,1,0,0,0,0,0,0,0,0,0,0,0,0,0,58,0,0,'2026-07-23 22:09:59','2026-07-23 22:09:59'),(161,316,-1.0000,'2026-07-23 22:09:59',1,1,0,0,0,0,0,0,0,0,0,0,0,0,0,59,0,0,'2026-07-23 22:09:59','2026-07-23 22:09:59'),(162,316,-1.0000,'2026-07-23 22:09:59',1,1,0,0,0,0,0,0,0,0,0,0,0,0,0,59,0,0,'2026-07-23 22:09:59','2026-07-23 22:09:59'),(163,316,-1.0000,'2026-07-23 22:09:59',1,1,0,0,0,0,0,0,0,0,0,0,0,0,0,59,0,0,'2026-07-23 22:09:59','2026-07-23 22:09:59'),(164,198,-2.0000,'2026-07-23 22:09:59',1,1,0,0,0,0,0,0,0,0,0,0,0,0,0,60,0,0,'2026-07-23 22:09:59','2026-07-23 22:09:59'),(165,198,-2.0000,'2026-07-23 22:09:59',1,1,0,0,0,0,0,0,0,0,0,0,0,0,0,60,0,0,'2026-07-23 22:09:59','2026-07-23 22:09:59'),(166,198,-2.0000,'2026-07-23 22:09:59',1,1,0,0,0,0,0,0,0,0,0,0,0,0,0,60,0,0,'2026-07-23 22:09:59','2026-07-23 22:09:59'),(167,316,-2.0000,'2026-07-23 22:42:08',1,1,0,0,0,0,0,0,0,0,0,0,0,0,0,61,0,0,'2026-07-23 22:42:08','2026-07-23 22:42:08'),(168,316,-2.0000,'2026-07-23 22:42:08',1,1,0,0,0,0,0,0,0,0,0,0,0,0,0,61,0,0,'2026-07-23 22:42:08','2026-07-23 22:42:08'),(169,316,-2.0000,'2026-07-23 22:42:08',1,1,0,0,0,0,0,0,0,0,0,0,0,0,0,61,0,0,'2026-07-23 22:42:08','2026-07-23 22:42:08'),(170,92,-2.0000,'2026-07-23 22:42:08',1,1,0,0,0,0,0,0,0,0,0,0,0,0,0,62,0,0,'2026-07-23 22:42:08','2026-07-23 22:42:08'),(171,92,-2.0000,'2026-07-23 22:42:08',1,1,0,0,0,0,0,0,0,0,0,0,0,0,0,62,0,0,'2026-07-23 22:42:08','2026-07-23 22:42:08'),(172,92,-2.0000,'2026-07-23 22:42:08',1,1,0,0,0,0,0,0,0,0,0,0,0,0,0,62,0,0,'2026-07-23 22:42:08','2026-07-23 22:42:08'),(173,480,-2.0000,'2026-07-23 22:42:08',1,1,0,0,0,0,0,0,0,0,0,0,0,0,0,63,0,0,'2026-07-23 22:42:08','2026-07-23 22:42:08'),(174,480,-2.0000,'2026-07-23 22:42:08',1,1,0,0,0,0,0,0,0,0,0,0,0,0,0,63,0,0,'2026-07-23 22:42:08','2026-07-23 22:42:08'),(175,506,-10.0000,'2026-07-23 22:42:08',1,1,0,0,0,0,0,0,0,0,0,0,0,0,0,64,0,0,'2026-07-23 22:42:08','2026-07-23 22:42:08'),(176,506,-10.0000,'2026-07-23 22:42:08',1,1,0,0,0,0,0,0,0,0,0,0,0,0,0,64,0,0,'2026-07-23 22:42:08','2026-07-23 22:42:08'),(177,506,-10.0000,'2026-07-23 22:42:08',1,1,0,0,0,0,0,0,0,0,0,0,0,0,0,64,0,0,'2026-07-23 22:42:08','2026-07-23 22:42:08'),(178,348,-1.0000,'2026-07-23 22:46:21',1,1,0,0,0,0,0,0,0,0,0,0,0,0,0,65,0,0,'2026-07-23 22:46:21','2026-07-23 22:46:21'),(179,348,-1.0000,'2026-07-23 22:46:21',1,1,0,0,0,0,0,0,0,0,0,0,0,0,0,65,0,0,'2026-07-23 22:46:21','2026-07-23 22:46:21'),(180,348,-1.0000,'2026-07-23 22:46:21',1,1,0,0,0,0,0,0,0,0,0,0,0,0,0,65,0,0,'2026-07-23 22:46:21','2026-07-23 22:46:21'),(181,368,-1.0000,'2026-07-23 22:46:21',1,1,0,0,0,0,0,0,0,0,0,0,0,0,0,66,0,0,'2026-07-23 22:46:21','2026-07-23 22:46:21'),(182,368,-1.0000,'2026-07-23 22:46:21',1,1,0,0,0,0,0,0,0,0,0,0,0,0,0,66,0,0,'2026-07-23 22:46:21','2026-07-23 22:46:21'),(183,368,-1.0000,'2026-07-23 22:46:21',1,1,0,0,0,0,0,0,0,0,0,0,0,0,0,66,0,0,'2026-07-23 22:46:21','2026-07-23 22:46:21'),(184,479,-1.0000,'2026-07-23 22:46:21',1,1,0,0,0,0,0,0,0,0,0,0,0,0,0,67,0,0,'2026-07-23 22:46:21','2026-07-23 22:46:21'),(185,479,-1.0000,'2026-07-23 22:46:21',1,1,0,0,0,0,0,0,0,0,0,0,0,0,0,67,0,0,'2026-07-23 22:46:21','2026-07-23 22:46:21'),(186,507,-1.0000,'2026-07-23 22:46:21',1,1,0,0,0,0,0,0,0,0,0,0,0,0,0,68,0,0,'2026-07-23 22:46:22','2026-07-23 22:46:22'),(187,507,-1.0000,'2026-07-23 22:46:21',1,1,0,0,0,0,0,0,0,0,0,0,0,0,0,68,0,0,'2026-07-23 22:46:22','2026-07-23 22:46:22'),(188,92,-1.0000,'2026-07-23 22:46:21',1,1,0,0,0,0,0,0,0,0,0,0,0,0,0,69,0,0,'2026-07-23 22:46:22','2026-07-23 22:46:22'),(189,92,-1.0000,'2026-07-23 22:46:21',1,1,0,0,0,0,0,0,0,0,0,0,0,0,0,69,0,0,'2026-07-23 22:46:22','2026-07-23 22:46:22'),(190,92,-1.0000,'2026-07-23 22:46:21',1,1,0,0,0,0,0,0,0,0,0,0,0,0,0,69,0,0,'2026-07-23 22:46:22','2026-07-23 22:46:22'),(191,389,-1.0000,'2026-07-23 22:46:21',1,1,0,0,0,0,0,0,0,0,0,0,0,0,0,70,0,0,'2026-07-23 22:46:22','2026-07-23 22:46:22'),(192,389,-1.0000,'2026-07-23 22:46:21',1,1,0,0,0,0,0,0,0,0,0,0,0,0,0,70,0,0,'2026-07-23 22:46:22','2026-07-23 22:46:22'),(193,389,-1.0000,'2026-07-23 22:46:21',1,1,0,0,0,0,0,0,0,0,0,0,0,0,0,70,0,0,'2026-07-23 22:46:22','2026-07-23 22:46:22'),(194,491,-1.0000,'2026-07-23 22:53:22',1,1,0,0,0,0,0,0,0,0,0,0,0,0,0,71,0,0,'2026-07-23 22:53:22','2026-07-23 22:53:22'),(195,491,-1.0000,'2026-07-23 22:53:22',1,1,0,0,0,0,0,0,0,0,0,0,0,0,0,71,0,0,'2026-07-23 22:53:22','2026-07-23 22:53:22'),(196,348,-2.0000,'2026-07-23 22:53:22',1,1,0,0,0,0,0,0,0,0,0,0,0,0,0,72,0,0,'2026-07-23 22:53:23','2026-07-23 22:53:23'),(197,348,-2.0000,'2026-07-23 22:53:22',1,1,0,0,0,0,0,0,0,0,0,0,0,0,0,72,0,0,'2026-07-23 22:53:23','2026-07-23 22:53:23'),(198,348,-2.0000,'2026-07-23 22:53:22',1,1,0,0,0,0,0,0,0,0,0,0,0,0,0,72,0,0,'2026-07-23 22:53:23','2026-07-23 22:53:23'),(199,62,-1.0000,'2026-07-23 22:53:22',1,1,0,0,0,0,0,0,0,0,0,0,0,0,0,73,0,0,'2026-07-23 22:53:23','2026-07-23 22:53:23'),(200,62,-1.0000,'2026-07-23 22:53:22',1,1,0,0,0,0,0,0,0,0,0,0,0,0,0,73,0,0,'2026-07-23 22:53:23','2026-07-23 22:53:23'),(201,62,-1.0000,'2026-07-23 22:53:22',1,1,0,0,0,0,0,0,0,0,0,0,0,0,0,73,0,0,'2026-07-23 22:53:23','2026-07-23 22:53:23'),(202,117,-2.0000,'2026-07-23 22:53:22',1,1,0,0,0,0,0,0,0,0,0,0,0,0,0,74,0,0,'2026-07-23 22:53:23','2026-07-23 22:53:23'),(203,117,-2.0000,'2026-07-23 22:53:22',1,1,0,0,0,0,0,0,0,0,0,0,0,0,0,74,0,0,'2026-07-23 22:53:23','2026-07-23 22:53:23'),(204,117,-2.0000,'2026-07-23 22:53:22',1,1,0,0,0,0,0,0,0,0,0,0,0,0,0,74,0,0,'2026-07-23 22:53:23','2026-07-23 22:53:23'),(205,483,-1.0000,'2026-07-23 22:53:22',1,1,0,0,0,0,0,0,0,0,0,0,0,0,0,75,0,0,'2026-07-23 22:53:23','2026-07-23 22:53:23'),(206,483,-1.0000,'2026-07-23 22:53:22',1,1,0,0,0,0,0,0,0,0,0,0,0,0,0,75,0,0,'2026-07-23 22:53:23','2026-07-23 22:53:23'),(207,508,-1.0000,'2026-07-23 22:53:22',1,1,0,0,0,0,0,0,0,0,0,0,0,0,0,76,0,0,'2026-07-23 22:53:23','2026-07-23 22:53:23'),(208,508,-1.0000,'2026-07-23 22:53:22',1,1,0,0,0,0,0,0,0,0,0,0,0,0,0,76,0,0,'2026-07-23 22:53:23','2026-07-23 22:53:23'),(209,510,-1.0000,'2026-07-23 23:00:21',1,1,0,0,0,0,0,0,0,0,0,0,0,0,0,77,0,0,'2026-07-23 23:00:21','2026-07-23 23:00:21'),(210,510,-1.0000,'2026-07-23 23:00:21',1,1,0,0,0,0,0,0,0,0,0,0,0,0,0,77,0,0,'2026-07-23 23:00:21','2026-07-23 23:00:21'),(211,509,-1.0000,'2026-07-23 23:00:21',1,1,0,0,0,0,0,0,0,0,0,0,0,0,0,78,0,0,'2026-07-23 23:00:21','2026-07-23 23:00:21'),(212,509,-1.0000,'2026-07-23 23:00:21',1,1,0,0,0,0,0,0,0,0,0,0,0,0,0,78,0,0,'2026-07-23 23:00:21','2026-07-23 23:00:21'),(213,242,-1.0000,'2026-07-23 23:00:21',1,1,0,0,0,0,0,0,0,0,0,0,0,0,0,79,0,0,'2026-07-23 23:00:21','2026-07-23 23:00:21'),(214,242,-1.0000,'2026-07-23 23:00:21',1,1,0,0,0,0,0,0,0,0,0,0,0,0,0,79,0,0,'2026-07-23 23:00:21','2026-07-23 23:00:21'),(215,242,-1.0000,'2026-07-23 23:00:21',1,1,0,0,0,0,0,0,0,0,0,0,0,0,0,79,0,0,'2026-07-23 23:00:21','2026-07-23 23:00:21'),(216,321,-1.0000,'2026-07-23 23:00:21',1,1,0,0,0,0,0,0,0,0,0,0,0,0,0,80,0,0,'2026-07-23 23:00:21','2026-07-23 23:00:21'),(217,321,-1.0000,'2026-07-23 23:00:21',1,1,0,0,0,0,0,0,0,0,0,0,0,0,0,80,0,0,'2026-07-23 23:00:21','2026-07-23 23:00:21'),(218,321,-1.0000,'2026-07-23 23:00:21',1,1,0,0,0,0,0,0,0,0,0,0,0,0,0,80,0,0,'2026-07-23 23:00:21','2026-07-23 23:00:21'),(219,433,-1.0000,'2026-07-23 23:00:21',1,1,0,0,0,0,0,0,0,0,0,0,0,0,0,81,0,0,'2026-07-23 23:00:21','2026-07-23 23:00:21'),(220,433,-1.0000,'2026-07-23 23:00:21',1,1,0,0,0,0,0,0,0,0,0,0,0,0,0,81,0,0,'2026-07-23 23:00:21','2026-07-23 23:00:21'),(221,433,-1.0000,'2026-07-23 23:00:21',1,1,0,0,0,0,0,0,0,0,0,0,0,0,0,81,0,0,'2026-07-23 23:00:21','2026-07-23 23:00:21'),(222,316,-1.0000,'2026-07-23 23:05:33',1,1,0,0,0,0,0,0,0,0,0,0,0,0,0,82,0,0,'2026-07-23 23:05:33','2026-07-23 23:05:33'),(223,316,-1.0000,'2026-07-23 23:05:33',1,1,0,0,0,0,0,0,0,0,0,0,0,0,0,82,0,0,'2026-07-23 23:05:33','2026-07-23 23:05:33'),(224,316,-1.0000,'2026-07-23 23:05:33',1,1,0,0,0,0,0,0,0,0,0,0,0,0,0,82,0,0,'2026-07-23 23:05:33','2026-07-23 23:05:33'),(225,389,-1.0000,'2026-07-23 23:05:33',1,1,0,0,0,0,0,0,0,0,0,0,0,0,0,83,0,0,'2026-07-23 23:05:33','2026-07-23 23:05:33'),(226,389,-1.0000,'2026-07-23 23:05:33',1,1,0,0,0,0,0,0,0,0,0,0,0,0,0,83,0,0,'2026-07-23 23:05:33','2026-07-23 23:05:33'),(227,389,-1.0000,'2026-07-23 23:05:33',1,1,0,0,0,0,0,0,0,0,0,0,0,0,0,83,0,0,'2026-07-23 23:05:33','2026-07-23 23:05:33'),(228,353,-1.0000,'2026-07-23 23:05:33',1,1,0,0,0,0,0,0,0,0,0,0,0,0,0,84,0,0,'2026-07-23 23:05:33','2026-07-23 23:05:33'),(229,353,-1.0000,'2026-07-23 23:05:33',1,1,0,0,0,0,0,0,0,0,0,0,0,0,0,84,0,0,'2026-07-23 23:05:33','2026-07-23 23:05:33'),(230,353,-1.0000,'2026-07-23 23:05:33',1,1,0,0,0,0,0,0,0,0,0,0,0,0,0,84,0,0,'2026-07-23 23:05:33','2026-07-23 23:05:33'),(231,364,-2.0000,'2026-07-23 23:05:33',1,1,0,0,0,0,0,0,0,0,0,0,0,0,0,85,0,0,'2026-07-23 23:05:33','2026-07-23 23:05:33'),(232,364,-2.0000,'2026-07-23 23:05:33',1,1,0,0,0,0,0,0,0,0,0,0,0,0,0,85,0,0,'2026-07-23 23:05:33','2026-07-23 23:05:33'),(233,364,-2.0000,'2026-07-23 23:05:33',1,1,0,0,0,0,0,0,0,0,0,0,0,0,0,85,0,0,'2026-07-23 23:05:33','2026-07-23 23:05:33'),(234,284,-2.0000,'2026-07-23 23:05:33',1,1,0,0,0,0,0,0,0,0,0,0,0,0,0,86,0,0,'2026-07-23 23:05:33','2026-07-23 23:05:33'),(235,284,-2.0000,'2026-07-23 23:05:33',1,1,0,0,0,0,0,0,0,0,0,0,0,0,0,86,0,0,'2026-07-23 23:05:33','2026-07-23 23:05:33'),(236,284,-2.0000,'2026-07-23 23:05:33',1,1,0,0,0,0,0,0,0,0,0,0,0,0,0,86,0,0,'2026-07-23 23:05:33','2026-07-23 23:05:33'),(237,511,-1.0000,'2026-07-23 23:05:33',1,1,0,0,0,0,0,0,0,0,0,0,0,0,0,87,0,0,'2026-07-23 23:05:33','2026-07-23 23:05:33'),(238,511,-1.0000,'2026-07-23 23:05:33',1,1,0,0,0,0,0,0,0,0,0,0,0,0,0,87,0,0,'2026-07-23 23:05:33','2026-07-23 23:05:33'),(239,176,-10.0000,'2026-07-23 23:05:33',1,1,0,0,0,0,0,0,0,0,0,0,0,0,0,88,0,0,'2026-07-23 23:05:33','2026-07-23 23:05:33'),(240,176,-10.0000,'2026-07-23 23:05:33',1,1,0,0,0,0,0,0,0,0,0,0,0,0,0,88,0,0,'2026-07-23 23:05:33','2026-07-23 23:05:33'),(241,176,-10.0000,'2026-07-23 23:05:33',1,1,0,0,0,0,0,0,0,0,0,0,0,0,0,88,0,0,'2026-07-23 23:05:33','2026-07-23 23:05:33'),(242,231,-2.0000,'2026-07-23 23:05:33',1,1,0,0,0,0,0,0,0,0,0,0,0,0,0,89,0,0,'2026-07-23 23:05:33','2026-07-23 23:05:33'),(243,231,-2.0000,'2026-07-23 23:05:33',1,1,0,0,0,0,0,0,0,0,0,0,0,0,0,89,0,0,'2026-07-23 23:05:33','2026-07-23 23:05:33'),(244,231,-2.0000,'2026-07-23 23:05:33',1,1,0,0,0,0,0,0,0,0,0,0,0,0,0,89,0,0,'2026-07-23 23:05:33','2026-07-23 23:05:33'),(245,335,-2.0000,'2026-07-23 23:06:50',1,1,0,0,0,0,0,0,0,0,0,0,0,0,0,90,0,0,'2026-07-23 23:06:50','2026-07-23 23:06:50'),(246,335,-2.0000,'2026-07-23 23:06:50',1,1,0,0,0,0,0,0,0,0,0,0,0,0,0,90,0,0,'2026-07-23 23:06:50','2026-07-23 23:06:50'),(247,479,-1.0000,'2026-07-23 23:06:50',1,1,0,0,0,0,0,0,0,0,0,0,0,0,0,91,0,0,'2026-07-23 23:06:50','2026-07-23 23:06:50'),(248,479,-1.0000,'2026-07-23 23:06:50',1,1,0,0,0,0,0,0,0,0,0,0,0,0,0,91,0,0,'2026-07-23 23:06:50','2026-07-23 23:06:50'),(249,368,-1.0000,'2026-07-23 23:09:56',1,1,0,0,0,0,0,0,0,0,0,0,0,0,0,92,0,0,'2026-07-23 23:09:56','2026-07-23 23:09:56'),(250,368,-1.0000,'2026-07-23 23:09:56',1,1,0,0,0,0,0,0,0,0,0,0,0,0,0,92,0,0,'2026-07-23 23:09:56','2026-07-23 23:09:56'),(251,368,-1.0000,'2026-07-23 23:09:56',1,1,0,0,0,0,0,0,0,0,0,0,0,0,0,92,0,0,'2026-07-23 23:09:56','2026-07-23 23:09:56'),(252,348,-1.0000,'2026-07-23 23:09:56',1,1,0,0,0,0,0,0,0,0,0,0,0,0,0,93,0,0,'2026-07-23 23:09:56','2026-07-23 23:09:56'),(253,348,-1.0000,'2026-07-23 23:09:56',1,1,0,0,0,0,0,0,0,0,0,0,0,0,0,93,0,0,'2026-07-23 23:09:56','2026-07-23 23:09:56'),(254,348,-1.0000,'2026-07-23 23:09:56',1,1,0,0,0,0,0,0,0,0,0,0,0,0,0,93,0,0,'2026-07-23 23:09:56','2026-07-23 23:09:56'),(255,512,-1.0000,'2026-07-23 23:09:56',1,1,0,0,0,0,0,0,0,0,0,0,0,0,0,94,0,0,'2026-07-23 23:09:56','2026-07-23 23:09:56'),(256,512,-1.0000,'2026-07-23 23:09:56',1,1,0,0,0,0,0,0,0,0,0,0,0,0,0,94,0,0,'2026-07-23 23:09:56','2026-07-23 23:09:56'),(257,332,-2.0000,'2026-07-23 23:09:56',1,1,0,0,0,0,0,0,0,0,0,0,0,0,0,95,0,0,'2026-07-23 23:09:56','2026-07-23 23:09:56'),(258,332,-2.0000,'2026-07-23 23:09:56',1,1,0,0,0,0,0,0,0,0,0,0,0,0,0,95,0,0,'2026-07-23 23:09:56','2026-07-23 23:09:56'),(259,332,-2.0000,'2026-07-23 23:09:56',1,1,0,0,0,0,0,0,0,0,0,0,0,0,0,95,0,0,'2026-07-23 23:09:56','2026-07-23 23:09:56'),(260,284,-2.0000,'2026-07-23 23:09:56',1,1,0,0,0,0,0,0,0,0,0,0,0,0,0,96,0,0,'2026-07-23 23:09:56','2026-07-23 23:09:56'),(261,284,-2.0000,'2026-07-23 23:09:56',1,1,0,0,0,0,0,0,0,0,0,0,0,0,0,96,0,0,'2026-07-23 23:09:56','2026-07-23 23:09:56'),(262,284,-2.0000,'2026-07-23 23:09:56',1,1,0,0,0,0,0,0,0,0,0,0,0,0,0,96,0,0,'2026-07-23 23:09:56','2026-07-23 23:09:56'),(263,271,-1.0000,'2026-07-23 23:14:17',1,1,0,0,0,0,0,0,0,0,0,0,0,0,0,97,0,0,'2026-07-23 23:14:17','2026-07-23 23:14:17'),(264,271,-1.0000,'2026-07-23 23:14:17',1,1,0,0,0,0,0,0,0,0,0,0,0,0,0,97,0,0,'2026-07-23 23:14:17','2026-07-23 23:14:17'),(265,271,-1.0000,'2026-07-23 23:14:17',1,1,0,0,0,0,0,0,0,0,0,0,0,0,0,97,0,0,'2026-07-23 23:14:17','2026-07-23 23:14:17'),(266,417,-3.0000,'2026-07-23 23:14:17',1,1,0,0,0,0,0,0,0,0,0,0,0,0,0,98,0,0,'2026-07-23 23:14:17','2026-07-23 23:14:17'),(267,417,-3.0000,'2026-07-23 23:14:17',1,1,0,0,0,0,0,0,0,0,0,0,0,0,0,98,0,0,'2026-07-23 23:14:17','2026-07-23 23:14:17'),(268,417,-3.0000,'2026-07-23 23:14:17',1,1,0,0,0,0,0,0,0,0,0,0,0,0,0,98,0,0,'2026-07-23 23:14:17','2026-07-23 23:14:17'),(269,107,-1.0000,'2026-07-23 23:14:17',1,1,0,0,0,0,0,0,0,0,0,0,0,0,0,99,0,0,'2026-07-23 23:14:18','2026-07-23 23:14:18'),(270,107,-1.0000,'2026-07-23 23:14:17',1,1,0,0,0,0,0,0,0,0,0,0,0,0,0,99,0,0,'2026-07-23 23:14:18','2026-07-23 23:14:18'),(271,107,-1.0000,'2026-07-23 23:14:17',1,1,0,0,0,0,0,0,0,0,0,0,0,0,0,99,0,0,'2026-07-23 23:14:18','2026-07-23 23:14:18'),(272,513,-1.0000,'2026-07-23 23:17:37',1,1,0,0,0,0,0,0,0,0,0,0,0,0,0,100,0,0,'2026-07-23 23:17:38','2026-07-23 23:17:38'),(273,513,-1.0000,'2026-07-23 23:17:37',1,1,0,0,0,0,0,0,0,0,0,0,0,0,0,100,0,0,'2026-07-23 23:17:38','2026-07-23 23:17:38'),(274,354,-1.0000,'2026-07-23 23:17:37',1,1,0,0,0,0,0,0,0,0,0,0,0,0,0,101,0,0,'2026-07-23 23:17:38','2026-07-23 23:17:38'),(275,354,-1.0000,'2026-07-23 23:17:37',1,1,0,0,0,0,0,0,0,0,0,0,0,0,0,101,0,0,'2026-07-23 23:17:38','2026-07-23 23:17:38'),(276,354,-1.0000,'2026-07-23 23:17:37',1,1,0,0,0,0,0,0,0,0,0,0,0,0,0,101,0,0,'2026-07-23 23:17:38','2026-07-23 23:17:38'),(277,389,-1.0000,'2026-07-23 23:17:37',1,1,0,0,0,0,0,0,0,0,0,0,0,0,0,102,0,0,'2026-07-23 23:17:38','2026-07-23 23:17:38'),(278,389,-1.0000,'2026-07-23 23:17:37',1,1,0,0,0,0,0,0,0,0,0,0,0,0,0,102,0,0,'2026-07-23 23:17:38','2026-07-23 23:17:38'),(279,389,-1.0000,'2026-07-23 23:17:37',1,1,0,0,0,0,0,0,0,0,0,0,0,0,0,102,0,0,'2026-07-23 23:17:38','2026-07-23 23:17:38'),(280,409,-1.0000,'2026-07-23 23:17:37',1,1,0,0,0,0,0,0,0,0,0,0,0,0,0,103,0,0,'2026-07-23 23:17:38','2026-07-23 23:17:38'),(281,409,-1.0000,'2026-07-23 23:17:37',1,1,0,0,0,0,0,0,0,0,0,0,0,0,0,103,0,0,'2026-07-23 23:17:38','2026-07-23 23:17:38'),(282,409,-1.0000,'2026-07-23 23:17:37',1,1,0,0,0,0,0,0,0,0,0,0,0,0,0,103,0,0,'2026-07-23 23:17:38','2026-07-23 23:17:38'),(283,508,-1.0000,'2026-07-23 23:17:37',1,1,0,0,0,0,0,0,0,0,0,0,0,0,0,104,0,0,'2026-07-23 23:17:38','2026-07-23 23:17:38'),(284,508,-1.0000,'2026-07-23 23:17:37',1,1,0,0,0,0,0,0,0,0,0,0,0,0,0,104,0,0,'2026-07-23 23:17:38','2026-07-23 23:17:38'),(285,480,-1.0000,'2026-07-23 23:19:27',1,1,0,0,0,0,0,0,0,0,0,0,0,0,0,105,0,0,'2026-07-23 23:19:27','2026-07-23 23:19:27'),(286,480,-1.0000,'2026-07-23 23:19:27',1,1,0,0,0,0,0,0,0,0,0,0,0,0,0,105,0,0,'2026-07-23 23:19:27','2026-07-23 23:19:27'),(287,329,-2.0000,'2026-07-24 23:06:12',1,1,0,0,0,0,0,0,0,0,0,0,0,0,0,106,0,0,'2026-07-24 23:06:12','2026-07-24 23:06:12'),(288,329,-2.0000,'2026-07-24 23:06:12',1,1,0,0,0,0,0,0,0,0,0,0,0,0,0,106,0,0,'2026-07-24 23:06:12','2026-07-24 23:06:12'),(289,178,-1.0000,'2026-07-24 23:06:12',1,1,0,0,0,0,0,0,0,0,0,0,0,0,0,107,0,0,'2026-07-24 23:06:13','2026-07-24 23:06:13'),(290,178,-1.0000,'2026-07-24 23:06:12',1,1,0,0,0,0,0,0,0,0,0,0,0,0,0,107,0,0,'2026-07-24 23:06:13','2026-07-24 23:06:13'),(291,398,-2.0000,'2026-07-24 23:06:12',1,1,0,0,0,0,0,0,0,0,0,0,0,0,0,108,0,0,'2026-07-24 23:06:13','2026-07-24 23:06:13'),(292,398,-2.0000,'2026-07-24 23:06:12',1,1,0,0,0,0,0,0,0,0,0,0,0,0,0,108,0,0,'2026-07-24 23:06:13','2026-07-24 23:06:13'),(293,507,-5.0000,'2026-07-24 23:06:12',1,1,0,0,0,0,0,0,0,0,0,0,0,0,0,109,0,0,'2026-07-24 23:06:13','2026-07-24 23:06:13'),(294,507,-5.0000,'2026-07-24 23:06:12',1,1,0,0,0,0,0,0,0,0,0,0,0,0,0,109,0,0,'2026-07-24 23:06:13','2026-07-24 23:06:13'),(295,386,-1.0000,'2026-07-24 23:06:12',1,1,0,0,0,0,0,0,0,0,0,0,0,0,0,110,0,0,'2026-07-24 23:06:13','2026-07-24 23:06:13'),(296,386,-1.0000,'2026-07-24 23:06:12',1,1,0,0,0,0,0,0,0,0,0,0,0,0,0,110,0,0,'2026-07-24 23:06:13','2026-07-24 23:06:13'),(297,386,-1.0000,'2026-07-24 23:06:12',1,1,0,0,0,0,0,0,0,0,0,0,0,0,0,110,0,0,'2026-07-24 23:06:13','2026-07-24 23:06:13'),(298,535,-2.0000,'2026-07-24 23:06:12',1,1,0,0,0,0,0,0,0,0,0,0,0,0,0,111,0,0,'2026-07-24 23:06:13','2026-07-24 23:06:13'),(299,535,-2.0000,'2026-07-24 23:06:12',1,1,0,0,0,0,0,0,0,0,0,0,0,0,0,111,0,0,'2026-07-24 23:06:13','2026-07-24 23:06:13'),(300,445,-3.0000,'2026-07-24 23:22:01',1,1,0,0,0,0,0,0,0,0,0,0,0,0,0,112,0,0,'2026-07-24 23:22:01','2026-07-24 23:22:01'),(301,445,-3.0000,'2026-07-24 23:22:01',1,1,0,0,0,0,0,0,0,0,0,0,0,0,0,112,0,0,'2026-07-24 23:22:01','2026-07-24 23:22:01'),(302,445,-3.0000,'2026-07-24 23:22:01',1,1,0,0,0,0,0,0,0,0,0,0,0,0,0,112,0,0,'2026-07-24 23:22:01','2026-07-24 23:22:01'),(303,220,-1.0000,'2026-07-24 23:22:01',1,1,0,0,0,0,0,0,0,0,0,0,0,0,0,113,0,0,'2026-07-24 23:22:01','2026-07-24 23:22:01'),(304,220,-1.0000,'2026-07-24 23:22:01',1,1,0,0,0,0,0,0,0,0,0,0,0,0,0,113,0,0,'2026-07-24 23:22:01','2026-07-24 23:22:01'),(305,220,-1.0000,'2026-07-24 23:22:01',1,1,0,0,0,0,0,0,0,0,0,0,0,0,0,113,0,0,'2026-07-24 23:22:02','2026-07-24 23:22:02'),(306,324,-1.0000,'2026-07-24 23:22:01',1,1,0,0,0,0,0,0,0,0,0,0,0,0,0,114,0,0,'2026-07-24 23:22:02','2026-07-24 23:22:02'),(307,324,-1.0000,'2026-07-24 23:22:01',1,1,0,0,0,0,0,0,0,0,0,0,0,0,0,114,0,0,'2026-07-24 23:22:02','2026-07-24 23:22:02'),(308,324,-1.0000,'2026-07-24 23:22:01',1,1,0,0,0,0,0,0,0,0,0,0,0,0,0,114,0,0,'2026-07-24 23:22:02','2026-07-24 23:22:02'),(309,537,-1.0000,'2026-07-24 23:22:01',1,1,0,0,0,0,0,0,0,0,0,0,0,0,0,115,0,0,'2026-07-24 23:22:02','2026-07-24 23:22:02'),(310,537,-1.0000,'2026-07-24 23:22:01',1,1,0,0,0,0,0,0,0,0,0,0,0,0,0,115,0,0,'2026-07-24 23:22:02','2026-07-24 23:22:02'),(311,366,-1.0000,'2026-07-24 23:22:01',1,1,0,0,0,0,0,0,0,0,0,0,0,0,0,116,0,0,'2026-07-24 23:22:02','2026-07-24 23:22:02'),(312,366,-1.0000,'2026-07-24 23:22:01',1,1,0,0,0,0,0,0,0,0,0,0,0,0,0,116,0,0,'2026-07-24 23:22:02','2026-07-24 23:22:02'),(313,366,-1.0000,'2026-07-24 23:22:01',1,1,0,0,0,0,0,0,0,0,0,0,0,0,0,116,0,0,'2026-07-24 23:22:02','2026-07-24 23:22:02'),(314,236,-1.0000,'2026-07-24 23:22:01',1,1,0,0,0,0,0,0,0,0,0,0,0,0,0,117,0,0,'2026-07-24 23:22:02','2026-07-24 23:22:02'),(315,236,-1.0000,'2026-07-24 23:22:01',1,1,0,0,0,0,0,0,0,0,0,0,0,0,0,117,0,0,'2026-07-24 23:22:02','2026-07-24 23:22:02'),(316,536,-1.0000,'2026-07-24 23:22:01',1,1,0,0,0,0,0,0,0,0,0,0,0,0,0,118,0,0,'2026-07-24 23:22:02','2026-07-24 23:22:02'),(317,536,-1.0000,'2026-07-24 23:22:01',1,1,0,0,0,0,0,0,0,0,0,0,0,0,0,118,0,0,'2026-07-24 23:22:02','2026-07-24 23:22:02'),(318,73,-2.0000,'2026-07-24 23:22:01',1,1,0,0,0,0,0,0,0,0,0,0,0,0,0,119,0,0,'2026-07-24 23:22:02','2026-07-24 23:22:02'),(319,73,-2.0000,'2026-07-24 23:22:01',1,1,0,0,0,0,0,0,0,0,0,0,0,0,0,119,0,0,'2026-07-24 23:22:02','2026-07-24 23:22:02'),(320,73,-2.0000,'2026-07-24 23:22:01',1,1,0,0,0,0,0,0,0,0,0,0,0,0,0,119,0,0,'2026-07-24 23:22:02','2026-07-24 23:22:02'),(321,88,-1.0000,'2026-07-24 23:22:01',1,1,0,0,0,0,0,0,0,0,0,0,0,0,0,120,0,0,'2026-07-24 23:22:02','2026-07-24 23:22:02'),(322,88,-1.0000,'2026-07-24 23:22:01',1,1,0,0,0,0,0,0,0,0,0,0,0,0,0,120,0,0,'2026-07-24 23:22:02','2026-07-24 23:22:02'),(323,88,-1.0000,'2026-07-24 23:22:01',1,1,0,0,0,0,0,0,0,0,0,0,0,0,0,120,0,0,'2026-07-24 23:22:02','2026-07-24 23:22:02'),(324,169,-6.0000,'2026-07-24 23:22:01',1,1,0,0,0,0,0,0,0,0,0,0,0,0,0,121,0,0,'2026-07-24 23:22:02','2026-07-24 23:22:02'),(325,169,-6.0000,'2026-07-24 23:22:01',1,1,0,0,0,0,0,0,0,0,0,0,0,0,0,121,0,0,'2026-07-24 23:22:02','2026-07-24 23:22:02'),(326,169,-6.0000,'2026-07-24 23:22:01',1,1,0,0,0,0,0,0,0,0,0,0,0,0,0,121,0,0,'2026-07-24 23:22:02','2026-07-24 23:22:02'),(327,47,-10.0000,'2026-07-24 23:25:41',1,1,0,0,0,0,0,0,0,0,0,0,0,0,0,122,0,0,'2026-07-24 23:25:41','2026-07-24 23:25:41'),(328,47,-10.0000,'2026-07-24 23:25:41',1,1,0,0,0,0,0,0,0,0,0,0,0,0,0,122,0,0,'2026-07-24 23:25:41','2026-07-24 23:25:41'),(329,47,-10.0000,'2026-07-24 23:25:41',1,1,0,0,0,0,0,0,0,0,0,0,0,0,0,122,0,0,'2026-07-24 23:25:41','2026-07-24 23:25:41'),(330,368,-1.0000,'2026-07-24 23:25:41',1,1,0,0,0,0,0,0,0,0,0,0,0,0,0,123,0,0,'2026-07-24 23:25:41','2026-07-24 23:25:41'),(331,368,-1.0000,'2026-07-24 23:25:41',1,1,0,0,0,0,0,0,0,0,0,0,0,0,0,123,0,0,'2026-07-24 23:25:41','2026-07-24 23:25:41'),(332,368,-1.0000,'2026-07-24 23:25:41',1,1,0,0,0,0,0,0,0,0,0,0,0,0,0,123,0,0,'2026-07-24 23:25:41','2026-07-24 23:25:41'),(333,538,-1.0000,'2026-07-24 23:25:41',1,1,0,0,0,0,0,0,0,0,0,0,0,0,0,124,0,0,'2026-07-24 23:25:41','2026-07-24 23:25:41'),(334,538,-1.0000,'2026-07-24 23:25:41',1,1,0,0,0,0,0,0,0,0,0,0,0,0,0,124,0,0,'2026-07-24 23:25:41','2026-07-24 23:25:41'),(335,348,-2.0000,'2026-07-24 23:25:41',1,1,0,0,0,0,0,0,0,0,0,0,0,0,0,125,0,0,'2026-07-24 23:25:41','2026-07-24 23:25:41'),(336,348,-2.0000,'2026-07-24 23:25:41',1,1,0,0,0,0,0,0,0,0,0,0,0,0,0,125,0,0,'2026-07-24 23:25:41','2026-07-24 23:25:41'),(337,348,-2.0000,'2026-07-24 23:25:41',1,1,0,0,0,0,0,0,0,0,0,0,0,0,0,125,0,0,'2026-07-24 23:25:41','2026-07-24 23:25:41'),(338,248,-1.0000,'2026-07-24 23:32:00',1,1,0,0,0,0,0,0,0,0,0,0,0,0,0,126,0,0,'2026-07-24 23:32:00','2026-07-24 23:32:00'),(339,248,-1.0000,'2026-07-24 23:32:00',1,1,0,0,0,0,0,0,0,0,0,0,0,0,0,126,0,0,'2026-07-24 23:32:00','2026-07-24 23:32:00'),(340,248,-1.0000,'2026-07-24 23:32:00',1,1,0,0,0,0,0,0,0,0,0,0,0,0,0,126,0,0,'2026-07-24 23:32:00','2026-07-24 23:32:00'),(341,250,-1.0000,'2026-07-24 23:32:00',1,1,0,0,0,0,0,0,0,0,0,0,0,0,0,127,0,0,'2026-07-24 23:32:00','2026-07-24 23:32:00'),(342,250,-1.0000,'2026-07-24 23:32:00',1,1,0,0,0,0,0,0,0,0,0,0,0,0,0,127,0,0,'2026-07-24 23:32:00','2026-07-24 23:32:00'),(343,540,-1.0000,'2026-07-24 23:32:00',1,1,0,0,0,0,0,0,0,0,0,0,0,0,0,128,0,0,'2026-07-24 23:32:00','2026-07-24 23:32:00'),(344,540,-1.0000,'2026-07-24 23:32:00',1,1,0,0,0,0,0,0,0,0,0,0,0,0,0,128,0,0,'2026-07-24 23:32:00','2026-07-24 23:32:00'),(345,539,-1.0000,'2026-07-24 23:32:00',1,1,0,0,0,0,0,0,0,0,0,0,0,0,0,129,0,0,'2026-07-24 23:32:00','2026-07-24 23:32:00'),(346,539,-1.0000,'2026-07-24 23:32:00',1,1,0,0,0,0,0,0,0,0,0,0,0,0,0,129,0,0,'2026-07-24 23:32:00','2026-07-24 23:32:00'),(347,414,-2.0000,'2026-07-24 23:32:00',1,1,0,0,0,0,0,0,0,0,0,0,0,0,0,130,0,0,'2026-07-24 23:32:00','2026-07-24 23:32:00'),(348,414,-2.0000,'2026-07-24 23:32:00',1,1,0,0,0,0,0,0,0,0,0,0,0,0,0,130,0,0,'2026-07-24 23:32:00','2026-07-24 23:32:00'),(349,413,-1.0000,'2026-07-24 23:32:00',1,1,0,0,0,0,0,0,0,0,0,0,0,0,0,131,0,0,'2026-07-24 23:32:00','2026-07-24 23:32:00'),(350,413,-1.0000,'2026-07-24 23:32:00',1,1,0,0,0,0,0,0,0,0,0,0,0,0,0,131,0,0,'2026-07-24 23:32:00','2026-07-24 23:32:00'),(351,413,-1.0000,'2026-07-24 23:32:00',1,1,0,0,0,0,0,0,0,0,0,0,0,0,0,131,0,0,'2026-07-24 23:32:00','2026-07-24 23:32:00'),(352,421,-2.0000,'2026-07-24 23:37:46',1,1,0,0,0,0,0,0,0,0,0,0,0,0,0,132,0,0,'2026-07-24 23:37:46','2026-07-24 23:37:46'),(353,421,-2.0000,'2026-07-24 23:37:46',1,1,0,0,0,0,0,0,0,0,0,0,0,0,0,132,0,0,'2026-07-24 23:37:46','2026-07-24 23:37:46'),(354,421,-2.0000,'2026-07-24 23:37:46',1,1,0,0,0,0,0,0,0,0,0,0,0,0,0,132,0,0,'2026-07-24 23:37:46','2026-07-24 23:37:46'),(355,212,-2.0000,'2026-07-24 23:37:46',1,1,0,0,0,0,0,0,0,0,0,0,0,0,0,133,0,0,'2026-07-24 23:37:46','2026-07-24 23:37:46'),(356,212,-2.0000,'2026-07-24 23:37:46',1,1,0,0,0,0,0,0,0,0,0,0,0,0,0,133,0,0,'2026-07-24 23:37:46','2026-07-24 23:37:46'),(357,212,-2.0000,'2026-07-24 23:37:46',1,1,0,0,0,0,0,0,0,0,0,0,0,0,0,133,0,0,'2026-07-24 23:37:46','2026-07-24 23:37:46'),(358,368,-1.0000,'2026-07-24 23:37:46',1,1,0,0,0,0,0,0,0,0,0,0,0,0,0,134,0,0,'2026-07-24 23:37:46','2026-07-24 23:37:46'),(359,368,-1.0000,'2026-07-24 23:37:46',1,1,0,0,0,0,0,0,0,0,0,0,0,0,0,134,0,0,'2026-07-24 23:37:46','2026-07-24 23:37:46'),(360,368,-1.0000,'2026-07-24 23:37:46',1,1,0,0,0,0,0,0,0,0,0,0,0,0,0,134,0,0,'2026-07-24 23:37:46','2026-07-24 23:37:46'),(361,348,-1.0000,'2026-07-24 23:37:46',1,1,0,0,0,0,0,0,0,0,0,0,0,0,0,135,0,0,'2026-07-24 23:37:46','2026-07-24 23:37:46'),(362,348,-1.0000,'2026-07-24 23:37:46',1,1,0,0,0,0,0,0,0,0,0,0,0,0,0,135,0,0,'2026-07-24 23:37:46','2026-07-24 23:37:46'),(363,348,-1.0000,'2026-07-24 23:37:46',1,1,0,0,0,0,0,0,0,0,0,0,0,0,0,135,0,0,'2026-07-24 23:37:46','2026-07-24 23:37:46'),(364,361,-1.0000,'2026-07-24 23:37:46',1,1,0,0,0,0,0,0,0,0,0,0,0,0,0,136,0,0,'2026-07-24 23:37:46','2026-07-24 23:37:46'),(365,361,-1.0000,'2026-07-24 23:37:46',1,1,0,0,0,0,0,0,0,0,0,0,0,0,0,136,0,0,'2026-07-24 23:37:46','2026-07-24 23:37:46'),(366,361,-1.0000,'2026-07-24 23:37:46',1,1,0,0,0,0,0,0,0,0,0,0,0,0,0,136,0,0,'2026-07-24 23:37:46','2026-07-24 23:37:46'),(367,307,-3.0000,'2026-07-24 23:37:46',1,1,0,0,0,0,0,0,0,0,0,0,0,0,0,137,0,0,'2026-07-24 23:37:46','2026-07-24 23:37:46'),(368,307,-3.0000,'2026-07-24 23:37:46',1,1,0,0,0,0,0,0,0,0,0,0,0,0,0,137,0,0,'2026-07-24 23:37:46','2026-07-24 23:37:46'),(369,312,-1.0000,'2026-07-24 23:37:46',1,1,0,0,0,0,0,0,0,0,0,0,0,0,0,138,0,0,'2026-07-24 23:37:46','2026-07-24 23:37:46'),(370,312,-1.0000,'2026-07-24 23:37:46',1,1,0,0,0,0,0,0,0,0,0,0,0,0,0,138,0,0,'2026-07-24 23:37:46','2026-07-24 23:37:46'),(371,312,-1.0000,'2026-07-24 23:37:46',1,1,0,0,0,0,0,0,0,0,0,0,0,0,0,138,0,0,'2026-07-24 23:37:46','2026-07-24 23:37:46'),(372,89,-1.0000,'2026-07-24 23:44:57',1,1,0,0,0,0,0,0,0,0,0,0,0,0,0,139,0,0,'2026-07-24 23:44:57','2026-07-24 23:44:57'),(373,89,-1.0000,'2026-07-24 23:44:57',1,1,0,0,0,0,0,0,0,0,0,0,0,0,0,139,0,0,'2026-07-24 23:44:57','2026-07-24 23:44:57'),(374,89,-1.0000,'2026-07-24 23:44:57',1,1,0,0,0,0,0,0,0,0,0,0,0,0,0,139,0,0,'2026-07-24 23:44:57','2026-07-24 23:44:57'),(375,511,-1.0000,'2026-07-24 23:44:57',1,1,0,0,0,0,0,0,0,0,0,0,0,0,0,140,0,0,'2026-07-24 23:44:57','2026-07-24 23:44:57'),(376,511,-1.0000,'2026-07-24 23:44:57',1,1,0,0,0,0,0,0,0,0,0,0,0,0,0,140,0,0,'2026-07-24 23:44:57','2026-07-24 23:44:57'),(377,60,-1.0000,'2026-07-24 23:44:57',1,1,0,0,0,0,0,0,0,0,0,0,0,0,0,141,0,0,'2026-07-24 23:44:57','2026-07-24 23:44:57'),(378,60,-1.0000,'2026-07-24 23:44:57',1,1,0,0,0,0,0,0,0,0,0,0,0,0,0,141,0,0,'2026-07-24 23:44:57','2026-07-24 23:44:57'),(379,60,-1.0000,'2026-07-24 23:44:57',1,1,0,0,0,0,0,0,0,0,0,0,0,0,0,141,0,0,'2026-07-24 23:44:57','2026-07-24 23:44:57'),(380,543,-2.0000,'2026-07-24 23:44:57',1,1,0,0,0,0,0,0,0,0,0,0,0,0,0,142,0,0,'2026-07-24 23:44:57','2026-07-24 23:44:57'),(381,543,-2.0000,'2026-07-24 23:44:57',1,1,0,0,0,0,0,0,0,0,0,0,0,0,0,142,0,0,'2026-07-24 23:44:57','2026-07-24 23:44:57'),(382,543,-2.0000,'2026-07-24 23:44:57',1,1,0,0,0,0,0,0,0,0,0,0,0,0,0,142,0,0,'2026-07-24 23:44:57','2026-07-24 23:44:57'),(383,542,-1.0000,'2026-07-24 23:44:57',1,1,0,0,0,0,0,0,0,0,0,0,0,0,0,143,0,0,'2026-07-24 23:44:57','2026-07-24 23:44:57'),(384,542,-1.0000,'2026-07-24 23:44:57',1,1,0,0,0,0,0,0,0,0,0,0,0,0,0,143,0,0,'2026-07-24 23:44:57','2026-07-24 23:44:57'),(385,541,-1.0000,'2026-07-24 23:44:57',1,1,0,0,0,0,0,0,0,0,0,0,0,0,0,144,0,0,'2026-07-24 23:44:57','2026-07-24 23:44:57'),(386,541,-1.0000,'2026-07-24 23:44:57',1,1,0,0,0,0,0,0,0,0,0,0,0,0,0,144,0,0,'2026-07-24 23:44:57','2026-07-24 23:44:57'),(387,472,-1.0000,'2026-07-24 23:44:57',1,1,0,0,0,0,0,0,0,0,0,0,0,0,0,145,0,0,'2026-07-24 23:44:57','2026-07-24 23:44:57'),(388,472,-1.0000,'2026-07-24 23:44:57',1,1,0,0,0,0,0,0,0,0,0,0,0,0,0,145,0,0,'2026-07-24 23:44:57','2026-07-24 23:44:57'),(389,472,-1.0000,'2026-07-24 23:44:57',1,1,0,0,0,0,0,0,0,0,0,0,0,0,0,145,0,0,'2026-07-24 23:44:57','2026-07-24 23:44:57'),(390,544,-1.0000,'2026-07-24 23:49:03',1,1,0,0,0,0,0,0,0,0,0,0,0,0,0,146,0,0,'2026-07-24 23:49:03','2026-07-24 23:49:03'),(391,544,-1.0000,'2026-07-24 23:49:03',1,1,0,0,0,0,0,0,0,0,0,0,0,0,0,146,0,0,'2026-07-24 23:49:03','2026-07-24 23:49:03'),(392,530,-1.0000,'2026-07-24 23:49:03',1,1,0,0,0,0,0,0,0,0,0,0,0,0,0,147,0,0,'2026-07-24 23:49:03','2026-07-24 23:49:03'),(393,530,-1.0000,'2026-07-24 23:49:03',1,1,0,0,0,0,0,0,0,0,0,0,0,0,0,147,0,0,'2026-07-24 23:49:03','2026-07-24 23:49:03'),(394,137,-1.0000,'2026-07-24 23:51:04',1,1,0,0,0,0,0,0,0,0,0,0,0,0,0,148,0,0,'2026-07-24 23:51:04','2026-07-24 23:51:04'),(395,137,-1.0000,'2026-07-24 23:51:04',1,1,0,0,0,0,0,0,0,0,0,0,0,0,0,148,0,0,'2026-07-24 23:51:04','2026-07-24 23:51:04'),(396,137,-1.0000,'2026-07-24 23:51:04',1,1,0,0,0,0,0,0,0,0,0,0,0,0,0,148,0,0,'2026-07-24 23:51:04','2026-07-24 23:51:04'),(397,440,-7.0000,'2026-07-25 20:34:09',1,1,0,0,0,0,0,0,0,0,0,0,0,0,0,149,0,0,'2026-07-25 20:34:09','2026-07-25 20:34:09'),(398,440,-7.0000,'2026-07-25 20:34:09',1,1,0,0,0,0,0,0,0,0,0,0,0,0,0,149,0,0,'2026-07-25 20:34:09','2026-07-25 20:34:09'),(399,490,-1.0000,'2026-07-25 20:34:09',1,1,0,0,0,0,0,0,0,0,0,0,0,0,0,150,0,0,'2026-07-25 20:34:09','2026-07-25 20:34:09'),(400,490,-1.0000,'2026-07-25 20:34:09',1,1,0,0,0,0,0,0,0,0,0,0,0,0,0,150,0,0,'2026-07-25 20:34:09','2026-07-25 20:34:09'),(401,490,-1.0000,'2026-07-25 20:34:09',1,1,0,0,0,0,0,0,0,0,0,0,0,0,0,150,0,0,'2026-07-25 20:34:09','2026-07-25 20:34:09'),(402,389,-3.0000,'2026-07-25 20:34:09',1,1,0,0,0,0,0,0,0,0,0,0,0,0,0,151,0,0,'2026-07-25 20:34:09','2026-07-25 20:34:09'),(403,389,-3.0000,'2026-07-25 20:34:09',1,1,0,0,0,0,0,0,0,0,0,0,0,0,0,151,0,0,'2026-07-25 20:34:09','2026-07-25 20:34:09'),(404,389,-3.0000,'2026-07-25 20:34:09',1,1,0,0,0,0,0,0,0,0,0,0,0,0,0,151,0,0,'2026-07-25 20:34:09','2026-07-25 20:34:09'),(405,421,-3.0000,'2026-07-25 20:34:09',1,1,0,0,0,0,0,0,0,0,0,0,0,0,0,152,0,0,'2026-07-25 20:34:09','2026-07-25 20:34:09'),(406,421,-3.0000,'2026-07-25 20:34:09',1,1,0,0,0,0,0,0,0,0,0,0,0,0,0,152,0,0,'2026-07-25 20:34:09','2026-07-25 20:34:09'),(407,421,-3.0000,'2026-07-25 20:34:09',1,1,0,0,0,0,0,0,0,0,0,0,0,0,0,152,0,0,'2026-07-25 20:34:09','2026-07-25 20:34:09'),(408,440,-3.0000,'2026-07-25 20:41:25',1,1,0,0,0,0,0,0,0,0,0,0,0,0,0,153,0,0,'2026-07-25 20:41:25','2026-07-25 20:41:25'),(409,440,-3.0000,'2026-07-25 20:41:25',1,1,0,0,0,0,0,0,0,0,0,0,0,0,0,153,0,0,'2026-07-25 20:41:25','2026-07-25 20:41:25'),(410,445,-2.0000,'2026-07-25 20:41:25',1,1,0,0,0,0,0,0,0,0,0,0,0,0,0,154,0,0,'2026-07-25 20:41:25','2026-07-25 20:41:25'),(411,445,-2.0000,'2026-07-25 20:41:25',1,1,0,0,0,0,0,0,0,0,0,0,0,0,0,154,0,0,'2026-07-25 20:41:25','2026-07-25 20:41:25'),(412,445,-2.0000,'2026-07-25 20:41:25',1,1,0,0,0,0,0,0,0,0,0,0,0,0,0,154,0,0,'2026-07-25 20:41:25','2026-07-25 20:41:25'),(413,568,-1.0000,'2026-07-25 20:41:25',1,1,0,0,0,0,0,0,0,0,0,0,0,0,0,155,0,0,'2026-07-25 20:41:25','2026-07-25 20:41:25'),(414,568,-1.0000,'2026-07-25 20:41:25',1,1,0,0,0,0,0,0,0,0,0,0,0,0,0,155,0,0,'2026-07-25 20:41:25','2026-07-25 20:41:25'),(415,150,-1.0000,'2026-07-25 20:41:25',1,1,0,0,0,0,0,0,0,0,0,0,0,0,0,156,0,0,'2026-07-25 20:41:25','2026-07-25 20:41:25'),(416,150,-1.0000,'2026-07-25 20:41:25',1,1,0,0,0,0,0,0,0,0,0,0,0,0,0,156,0,0,'2026-07-25 20:41:25','2026-07-25 20:41:25'),(417,150,-1.0000,'2026-07-25 20:41:25',1,1,0,0,0,0,0,0,0,0,0,0,0,0,0,156,0,0,'2026-07-25 20:41:25','2026-07-25 20:41:25'),(418,572,-1.0000,'2026-07-25 20:58:23',1,1,0,0,0,0,0,0,0,0,0,0,0,0,0,157,0,0,'2026-07-25 20:58:23','2026-07-25 20:58:23'),(419,572,-1.0000,'2026-07-25 20:58:23',1,1,0,0,0,0,0,0,0,0,0,0,0,0,0,157,0,0,'2026-07-25 20:58:23','2026-07-25 20:58:23'),(420,571,-1.0000,'2026-07-25 20:58:23',1,1,0,0,0,0,0,0,0,0,0,0,0,0,0,158,0,0,'2026-07-25 20:58:23','2026-07-25 20:58:23'),(421,571,-1.0000,'2026-07-25 20:58:23',1,1,0,0,0,0,0,0,0,0,0,0,0,0,0,158,0,0,'2026-07-25 20:58:23','2026-07-25 20:58:23'),(422,570,-1.0000,'2026-07-25 20:58:23',1,1,0,0,0,0,0,0,0,0,0,0,0,0,0,159,0,0,'2026-07-25 20:58:23','2026-07-25 20:58:23'),(423,570,-1.0000,'2026-07-25 20:58:23',1,1,0,0,0,0,0,0,0,0,0,0,0,0,0,159,0,0,'2026-07-25 20:58:23','2026-07-25 20:58:23'),(424,363,-1.0000,'2026-07-25 20:58:23',1,1,0,0,0,0,0,0,0,0,0,0,0,0,0,160,0,0,'2026-07-25 20:58:23','2026-07-25 20:58:23'),(425,363,-1.0000,'2026-07-25 20:58:23',1,1,0,0,0,0,0,0,0,0,0,0,0,0,0,160,0,0,'2026-07-25 20:58:23','2026-07-25 20:58:23'),(426,363,-1.0000,'2026-07-25 20:58:23',1,1,0,0,0,0,0,0,0,0,0,0,0,0,0,160,0,0,'2026-07-25 20:58:23','2026-07-25 20:58:23'),(427,248,-2.0000,'2026-07-25 20:58:23',1,1,0,0,0,0,0,0,0,0,0,0,0,0,0,161,0,0,'2026-07-25 20:58:23','2026-07-25 20:58:23'),(428,248,-2.0000,'2026-07-25 20:58:23',1,1,0,0,0,0,0,0,0,0,0,0,0,0,0,161,0,0,'2026-07-25 20:58:23','2026-07-25 20:58:23'),(429,248,-2.0000,'2026-07-25 20:58:23',1,1,0,0,0,0,0,0,0,0,0,0,0,0,0,161,0,0,'2026-07-25 20:58:23','2026-07-25 20:58:23'),(430,421,-2.0000,'2026-07-25 20:58:23',1,1,0,0,0,0,0,0,0,0,0,0,0,0,0,162,0,0,'2026-07-25 20:58:23','2026-07-25 20:58:23'),(431,421,-2.0000,'2026-07-25 20:58:23',1,1,0,0,0,0,0,0,0,0,0,0,0,0,0,162,0,0,'2026-07-25 20:58:23','2026-07-25 20:58:23'),(432,421,-2.0000,'2026-07-25 20:58:23',1,1,0,0,0,0,0,0,0,0,0,0,0,0,0,162,0,0,'2026-07-25 20:58:23','2026-07-25 20:58:23'),(433,569,-3.0000,'2026-07-25 20:58:23',1,1,0,0,0,0,0,0,0,0,0,0,0,0,0,163,0,0,'2026-07-25 20:58:23','2026-07-25 20:58:23'),(434,569,-3.0000,'2026-07-25 20:58:23',1,1,0,0,0,0,0,0,0,0,0,0,0,0,0,163,0,0,'2026-07-25 20:58:24','2026-07-25 20:58:24'),(435,192,-2.0000,'2026-07-25 20:58:23',1,1,0,0,0,0,0,0,0,0,0,0,0,0,0,164,0,0,'2026-07-25 20:58:24','2026-07-25 20:58:24'),(436,192,-2.0000,'2026-07-25 20:58:23',1,1,0,0,0,0,0,0,0,0,0,0,0,0,0,164,0,0,'2026-07-25 20:58:24','2026-07-25 20:58:24'),(437,73,-2.0000,'2026-07-25 21:01:08',1,1,0,0,0,0,0,0,0,0,0,0,0,0,0,165,0,0,'2026-07-25 21:01:08','2026-07-25 21:01:08'),(438,73,-2.0000,'2026-07-25 21:01:08',1,1,0,0,0,0,0,0,0,0,0,0,0,0,0,165,0,0,'2026-07-25 21:01:08','2026-07-25 21:01:08'),(439,73,-2.0000,'2026-07-25 21:01:08',1,1,0,0,0,0,0,0,0,0,0,0,0,0,0,165,0,0,'2026-07-25 21:01:08','2026-07-25 21:01:08'),(440,455,-2.0000,'2026-07-25 21:01:08',1,1,0,0,0,0,0,0,0,0,0,0,0,0,0,166,0,0,'2026-07-25 21:01:08','2026-07-25 21:01:08'),(441,455,-2.0000,'2026-07-25 21:01:08',1,1,0,0,0,0,0,0,0,0,0,0,0,0,0,166,0,0,'2026-07-25 21:01:08','2026-07-25 21:01:08'),(442,455,-2.0000,'2026-07-25 21:01:08',1,1,0,0,0,0,0,0,0,0,0,0,0,0,0,166,0,0,'2026-07-25 21:01:08','2026-07-25 21:01:08'),(443,316,-2.0000,'2026-07-25 21:01:08',1,1,0,0,0,0,0,0,0,0,0,0,0,0,0,167,0,0,'2026-07-25 21:01:08','2026-07-25 21:01:08'),(444,316,-2.0000,'2026-07-25 21:01:08',1,1,0,0,0,0,0,0,0,0,0,0,0,0,0,167,0,0,'2026-07-25 21:01:08','2026-07-25 21:01:08'),(445,316,-2.0000,'2026-07-25 21:01:08',1,1,0,0,0,0,0,0,0,0,0,0,0,0,0,167,0,0,'2026-07-25 21:01:08','2026-07-25 21:01:08'),(446,197,-2.0000,'2026-07-25 21:01:08',1,1,0,0,0,0,0,0,0,0,0,0,0,0,0,168,0,0,'2026-07-25 21:01:08','2026-07-25 21:01:08'),(447,197,-2.0000,'2026-07-25 21:01:08',1,1,0,0,0,0,0,0,0,0,0,0,0,0,0,168,0,0,'2026-07-25 21:01:08','2026-07-25 21:01:08'),(448,197,-2.0000,'2026-07-25 21:01:08',1,1,0,0,0,0,0,0,0,0,0,0,0,0,0,168,0,0,'2026-07-25 21:01:08','2026-07-25 21:01:08'),(449,414,-2.0000,'2026-07-25 21:01:08',1,1,0,0,0,0,0,0,0,0,0,0,0,0,0,169,0,0,'2026-07-25 21:01:08','2026-07-25 21:01:08'),(450,414,-2.0000,'2026-07-25 21:01:08',1,1,0,0,0,0,0,0,0,0,0,0,0,0,0,169,0,0,'2026-07-25 21:01:08','2026-07-25 21:01:08'),(451,356,-1.0000,'2026-07-25 21:01:08',1,1,0,0,0,0,0,0,0,0,0,0,0,0,0,170,0,0,'2026-07-25 21:01:08','2026-07-25 21:01:08'),(452,356,-1.0000,'2026-07-25 21:01:08',1,1,0,0,0,0,0,0,0,0,0,0,0,0,0,170,0,0,'2026-07-25 21:01:08','2026-07-25 21:01:08'),(453,569,-3.0000,'2026-07-25 21:01:08',1,1,0,0,0,0,0,0,0,0,0,0,0,0,0,171,0,0,'2026-07-25 21:01:09','2026-07-25 21:01:09'),(454,569,-3.0000,'2026-07-25 21:01:08',1,1,0,0,0,0,0,0,0,0,0,0,0,0,0,171,0,0,'2026-07-25 21:01:09','2026-07-25 21:01:09'),(455,421,-2.0000,'2026-07-25 21:01:08',1,1,0,0,0,0,0,0,0,0,0,0,0,0,0,172,0,0,'2026-07-25 21:01:09','2026-07-25 21:01:09'),(456,421,-2.0000,'2026-07-25 21:01:08',1,1,0,0,0,0,0,0,0,0,0,0,0,0,0,172,0,0,'2026-07-25 21:01:09','2026-07-25 21:01:09'),(457,421,-2.0000,'2026-07-25 21:01:08',1,1,0,0,0,0,0,0,0,0,0,0,0,0,0,172,0,0,'2026-07-25 21:01:09','2026-07-25 21:01:09'),(458,354,-2.0000,'2026-07-25 21:06:42',1,1,0,0,0,0,0,0,0,0,0,0,0,0,0,173,0,0,'2026-07-25 21:06:42','2026-07-25 21:06:42'),(459,354,-2.0000,'2026-07-25 21:06:42',1,1,0,0,0,0,0,0,0,0,0,0,0,0,0,173,0,0,'2026-07-25 21:06:42','2026-07-25 21:06:42'),(460,354,-2.0000,'2026-07-25 21:06:42',1,1,0,0,0,0,0,0,0,0,0,0,0,0,0,173,0,0,'2026-07-25 21:06:42','2026-07-25 21:06:42'),(461,569,-3.0000,'2026-07-25 21:06:42',1,1,0,0,0,0,0,0,0,0,0,0,0,0,0,174,0,0,'2026-07-25 21:06:42','2026-07-25 21:06:42'),(462,569,-3.0000,'2026-07-25 21:06:42',1,1,0,0,0,0,0,0,0,0,0,0,0,0,0,174,0,0,'2026-07-25 21:06:42','2026-07-25 21:06:42'),(463,421,-2.0000,'2026-07-25 21:06:42',1,1,0,0,0,0,0,0,0,0,0,0,0,0,0,175,0,0,'2026-07-25 21:06:42','2026-07-25 21:06:42'),(464,421,-2.0000,'2026-07-25 21:06:42',1,1,0,0,0,0,0,0,0,0,0,0,0,0,0,175,0,0,'2026-07-25 21:06:42','2026-07-25 21:06:42'),(465,421,-2.0000,'2026-07-25 21:06:42',1,1,0,0,0,0,0,0,0,0,0,0,0,0,0,175,0,0,'2026-07-25 21:06:42','2026-07-25 21:06:42'),(466,21,-1.0000,'2026-07-25 21:06:42',1,1,0,0,0,0,0,0,0,0,0,0,0,0,0,176,0,0,'2026-07-25 21:06:42','2026-07-25 21:06:42'),(467,21,-1.0000,'2026-07-25 21:06:42',1,1,0,0,0,0,0,0,0,0,0,0,0,0,0,176,0,0,'2026-07-25 21:06:42','2026-07-25 21:06:42'),(468,566,-2.0000,'2026-07-25 21:29:31',1,1,0,0,0,0,0,0,0,0,0,0,0,0,0,177,0,0,'2026-07-25 21:29:31','2026-07-25 21:29:31'),(469,566,-2.0000,'2026-07-25 21:29:31',1,1,0,0,0,0,0,0,0,0,0,0,0,0,0,177,0,0,'2026-07-25 21:29:31','2026-07-25 21:29:31'),(470,574,-1.0000,'2026-07-25 21:29:31',1,1,0,0,0,0,0,0,0,0,0,0,0,0,0,178,0,0,'2026-07-25 21:29:31','2026-07-25 21:29:31'),(471,574,-1.0000,'2026-07-25 21:29:31',1,1,0,0,0,0,0,0,0,0,0,0,0,0,0,178,0,0,'2026-07-25 21:29:31','2026-07-25 21:29:31'),(472,574,-1.0000,'2026-07-25 21:29:31',1,1,0,0,0,0,0,0,0,0,0,0,0,0,0,178,0,0,'2026-07-25 21:29:31','2026-07-25 21:29:31'),(473,573,-1.0000,'2026-07-25 21:29:31',1,1,0,0,0,0,0,0,0,0,0,0,0,0,0,179,0,0,'2026-07-25 21:29:31','2026-07-25 21:29:31'),(474,573,-1.0000,'2026-07-25 21:29:31',1,1,0,0,0,0,0,0,0,0,0,0,0,0,0,179,0,0,'2026-07-25 21:29:31','2026-07-25 21:29:31'),(475,576,-1.0000,'2026-07-25 21:38:47',1,1,0,0,0,0,0,0,0,0,0,0,0,0,0,180,0,0,'2026-07-25 21:38:47','2026-07-25 21:38:47'),(476,576,-1.0000,'2026-07-25 21:38:47',1,1,0,0,0,0,0,0,0,0,0,0,0,0,0,180,0,0,'2026-07-25 21:38:47','2026-07-25 21:38:47'),(477,573,-1.0000,'2026-07-25 21:38:47',1,1,0,0,0,0,0,0,0,0,0,0,0,0,0,181,0,0,'2026-07-25 21:38:47','2026-07-25 21:38:47'),(478,573,-1.0000,'2026-07-25 21:38:47',1,1,0,0,0,0,0,0,0,0,0,0,0,0,0,181,0,0,'2026-07-25 21:38:47','2026-07-25 21:38:47'),(479,575,-1.0000,'2026-07-25 21:38:47',1,1,0,0,0,0,0,0,0,0,0,0,0,0,0,182,0,0,'2026-07-25 21:38:47','2026-07-25 21:38:47'),(480,575,-1.0000,'2026-07-25 21:38:47',1,1,0,0,0,0,0,0,0,0,0,0,0,0,0,182,0,0,'2026-07-25 21:38:47','2026-07-25 21:38:47'),(481,558,-2.0000,'2026-07-25 21:38:47',1,1,0,0,0,0,0,0,0,0,0,0,0,0,0,183,0,0,'2026-07-25 21:38:48','2026-07-25 21:38:48'),(482,558,-2.0000,'2026-07-25 21:38:47',1,1,0,0,0,0,0,0,0,0,0,0,0,0,0,183,0,0,'2026-07-25 21:38:48','2026-07-25 21:38:48'),(483,470,-1.0000,'2026-07-25 21:38:47',1,1,0,0,0,0,0,0,0,0,0,0,0,0,0,184,0,0,'2026-07-25 21:38:48','2026-07-25 21:38:48'),(484,470,-1.0000,'2026-07-25 21:38:47',1,1,0,0,0,0,0,0,0,0,0,0,0,0,0,184,0,0,'2026-07-25 21:38:48','2026-07-25 21:38:48'),(485,470,-1.0000,'2026-07-25 21:38:47',1,1,0,0,0,0,0,0,0,0,0,0,0,0,0,184,0,0,'2026-07-25 21:38:48','2026-07-25 21:38:48'),(486,566,-3.0000,'2026-07-25 21:38:47',1,1,0,0,0,0,0,0,0,0,0,0,0,0,0,185,0,0,'2026-07-25 21:38:48','2026-07-25 21:38:48'),(487,566,-3.0000,'2026-07-25 21:38:47',1,1,0,0,0,0,0,0,0,0,0,0,0,0,0,185,0,0,'2026-07-25 21:38:48','2026-07-25 21:38:48'),(488,144,-1.0000,'2026-07-25 21:38:47',1,1,0,0,0,0,0,0,0,0,0,0,0,0,0,186,0,0,'2026-07-25 21:38:48','2026-07-25 21:38:48'),(489,144,-1.0000,'2026-07-25 21:38:47',1,1,0,0,0,0,0,0,0,0,0,0,0,0,0,186,0,0,'2026-07-25 21:38:48','2026-07-25 21:38:48'),(490,144,-1.0000,'2026-07-25 21:38:47',1,1,0,0,0,0,0,0,0,0,0,0,0,0,0,186,0,0,'2026-07-25 21:38:48','2026-07-25 21:38:48'),(491,47,-1.0000,'2026-07-25 21:38:47',1,1,0,0,0,0,0,0,0,0,0,0,0,0,0,187,0,0,'2026-07-25 21:38:48','2026-07-25 21:38:48'),(492,47,-1.0000,'2026-07-25 21:38:47',1,1,0,0,0,0,0,0,0,0,0,0,0,0,0,187,0,0,'2026-07-25 21:38:48','2026-07-25 21:38:48'),(493,47,-1.0000,'2026-07-25 21:38:47',1,1,0,0,0,0,0,0,0,0,0,0,0,0,0,187,0,0,'2026-07-25 21:38:48','2026-07-25 21:38:48'),(494,578,-1.0000,'2026-07-25 21:46:54',1,1,0,0,0,0,0,0,0,0,0,0,0,0,0,188,0,0,'2026-07-25 21:46:54','2026-07-25 21:46:54'),(495,578,-1.0000,'2026-07-25 21:46:54',1,1,0,0,0,0,0,0,0,0,0,0,0,0,0,188,0,0,'2026-07-25 21:46:54','2026-07-25 21:46:54'),(496,578,-1.0000,'2026-07-25 21:46:54',1,1,0,0,0,0,0,0,0,0,0,0,0,0,0,188,0,0,'2026-07-25 21:46:54','2026-07-25 21:46:54'),(497,512,-2.0000,'2026-07-25 21:46:54',1,1,0,0,0,0,0,0,0,0,0,0,0,0,0,189,0,0,'2026-07-25 21:46:54','2026-07-25 21:46:54'),(498,512,-2.0000,'2026-07-25 21:46:54',1,1,0,0,0,0,0,0,0,0,0,0,0,0,0,189,0,0,'2026-07-25 21:46:54','2026-07-25 21:46:54'),(499,421,-1.0000,'2026-07-25 21:46:54',1,1,0,0,0,0,0,0,0,0,0,0,0,0,0,190,0,0,'2026-07-25 21:46:54','2026-07-25 21:46:54'),(500,421,-1.0000,'2026-07-25 21:46:54',1,1,0,0,0,0,0,0,0,0,0,0,0,0,0,190,0,0,'2026-07-25 21:46:54','2026-07-25 21:46:54'),(501,421,-1.0000,'2026-07-25 21:46:54',1,1,0,0,0,0,0,0,0,0,0,0,0,0,0,190,0,0,'2026-07-25 21:46:54','2026-07-25 21:46:54'),(502,248,-1.0000,'2026-07-25 21:46:54',1,1,0,0,0,0,0,0,0,0,0,0,0,0,0,191,0,0,'2026-07-25 21:46:54','2026-07-25 21:46:54'),(503,248,-1.0000,'2026-07-25 21:46:54',1,1,0,0,0,0,0,0,0,0,0,0,0,0,0,191,0,0,'2026-07-25 21:46:54','2026-07-25 21:46:54'),(504,248,-1.0000,'2026-07-25 21:46:54',1,1,0,0,0,0,0,0,0,0,0,0,0,0,0,191,0,0,'2026-07-25 21:46:54','2026-07-25 21:46:54'),(505,592,-3.0000,'2026-07-25 23:10:52',1,1,0,0,0,0,0,0,0,0,0,0,0,0,0,192,0,0,'2026-07-25 23:10:52','2026-07-25 23:10:52'),(506,592,-3.0000,'2026-07-25 23:10:52',1,1,0,0,0,0,0,0,0,0,0,0,0,0,0,192,0,0,'2026-07-25 23:10:52','2026-07-25 23:10:52'),(507,250,-2.0000,'2026-07-25 23:10:52',1,1,0,0,0,0,0,0,0,0,0,0,0,0,0,193,0,0,'2026-07-25 23:10:52','2026-07-25 23:10:52'),(508,250,-2.0000,'2026-07-25 23:10:52',1,1,0,0,0,0,0,0,0,0,0,0,0,0,0,193,0,0,'2026-07-25 23:10:52','2026-07-25 23:10:52'),(509,557,-1.0000,'2026-07-25 23:10:52',1,1,0,0,0,0,0,0,0,0,0,0,0,0,0,194,0,0,'2026-07-25 23:10:52','2026-07-25 23:10:52'),(510,557,-1.0000,'2026-07-25 23:10:52',1,1,0,0,0,0,0,0,0,0,0,0,0,0,0,194,0,0,'2026-07-25 23:10:52','2026-07-25 23:10:52'),(511,479,-1.0000,'2026-07-25 23:14:29',1,1,0,0,0,0,0,0,0,0,0,0,0,0,0,195,0,0,'2026-07-25 23:14:29','2026-07-25 23:14:29'),(512,479,-1.0000,'2026-07-25 23:14:29',1,1,0,0,0,0,0,0,0,0,0,0,0,0,0,195,0,0,'2026-07-25 23:14:29','2026-07-25 23:14:29'),(513,588,-1.0000,'2026-07-25 23:18:08',1,1,0,0,0,0,0,0,0,0,0,0,0,0,0,196,0,0,'2026-07-25 23:18:08','2026-07-25 23:18:08'),(514,588,-1.0000,'2026-07-25 23:18:08',1,1,0,0,0,0,0,0,0,0,0,0,0,0,0,196,0,0,'2026-07-25 23:18:08','2026-07-25 23:18:08'),(515,316,-1.0000,'2026-07-25 23:22:20',1,1,0,0,0,0,0,0,0,0,0,0,0,0,0,197,0,0,'2026-07-25 23:22:20','2026-07-25 23:22:20'),(516,316,-1.0000,'2026-07-25 23:22:20',1,1,0,0,0,0,0,0,0,0,0,0,0,0,0,197,0,0,'2026-07-25 23:22:20','2026-07-25 23:22:20'),(517,316,-1.0000,'2026-07-25 23:22:20',1,1,0,0,0,0,0,0,0,0,0,0,0,0,0,197,0,0,'2026-07-25 23:22:20','2026-07-25 23:22:20'),(518,146,-2.0000,'2026-07-26 22:37:58',1,1,0,0,0,0,0,0,0,0,0,0,0,0,0,198,0,0,'2026-07-26 22:37:58','2026-07-26 22:37:58'),(519,146,-2.0000,'2026-07-26 22:37:58',1,1,0,0,0,0,0,0,0,0,0,0,0,0,0,198,0,0,'2026-07-26 22:37:58','2026-07-26 22:37:58'),(520,146,-2.0000,'2026-07-26 22:37:58',1,1,0,0,0,0,0,0,0,0,0,0,0,0,0,198,0,0,'2026-07-26 22:37:58','2026-07-26 22:37:58'),(521,308,-1.0000,'2026-07-26 22:37:58',1,1,0,0,0,0,0,0,0,0,0,0,0,0,0,199,0,0,'2026-07-26 22:37:58','2026-07-26 22:37:58'),(522,308,-1.0000,'2026-07-26 22:37:58',1,1,0,0,0,0,0,0,0,0,0,0,0,0,0,199,0,0,'2026-07-26 22:37:58','2026-07-26 22:37:58'),(523,308,-1.0000,'2026-07-26 22:37:58',1,1,0,0,0,0,0,0,0,0,0,0,0,0,0,199,0,0,'2026-07-26 22:37:58','2026-07-26 22:37:58'),(524,80,-1.0000,'2026-07-26 22:37:58',1,1,0,0,0,0,0,0,0,0,0,0,0,0,0,200,0,0,'2026-07-26 22:37:58','2026-07-26 22:37:58'),(525,80,-1.0000,'2026-07-26 22:37:58',1,1,0,0,0,0,0,0,0,0,0,0,0,0,0,200,0,0,'2026-07-26 22:37:58','2026-07-26 22:37:58'),(526,80,-1.0000,'2026-07-26 22:37:58',1,1,0,0,0,0,0,0,0,0,0,0,0,0,0,200,0,0,'2026-07-26 22:37:58','2026-07-26 22:37:58'),(527,131,-3.0000,'2026-07-26 22:40:49',1,1,0,0,0,0,0,0,0,0,0,0,0,0,0,201,0,0,'2026-07-26 22:40:49','2026-07-26 22:40:49'),(528,131,-3.0000,'2026-07-26 22:40:49',1,1,0,0,0,0,0,0,0,0,0,0,0,0,0,201,0,0,'2026-07-26 22:40:49','2026-07-26 22:40:49'),(529,131,-3.0000,'2026-07-26 22:40:49',1,1,0,0,0,0,0,0,0,0,0,0,0,0,0,201,0,0,'2026-07-26 22:40:49','2026-07-26 22:40:49'),(530,473,-3.0000,'2026-07-26 22:40:49',1,1,0,0,0,0,0,0,0,0,0,0,0,0,0,202,0,0,'2026-07-26 22:40:49','2026-07-26 22:40:49'),(531,473,-3.0000,'2026-07-26 22:40:49',1,1,0,0,0,0,0,0,0,0,0,0,0,0,0,202,0,0,'2026-07-26 22:40:49','2026-07-26 22:40:49'),(532,212,-1.0000,'2026-07-26 22:40:49',1,1,0,0,0,0,0,0,0,0,0,0,0,0,0,203,0,0,'2026-07-26 22:40:50','2026-07-26 22:40:50'),(533,212,-1.0000,'2026-07-26 22:40:49',1,1,0,0,0,0,0,0,0,0,0,0,0,0,0,203,0,0,'2026-07-26 22:40:50','2026-07-26 22:40:50'),(534,212,-1.0000,'2026-07-26 22:40:49',1,1,0,0,0,0,0,0,0,0,0,0,0,0,0,203,0,0,'2026-07-26 22:40:50','2026-07-26 22:40:50'),(535,354,-4.0000,'2026-07-26 22:40:49',1,1,0,0,0,0,0,0,0,0,0,0,0,0,0,204,0,0,'2026-07-26 22:40:50','2026-07-26 22:40:50'),(536,354,-4.0000,'2026-07-26 22:40:49',1,1,0,0,0,0,0,0,0,0,0,0,0,0,0,204,0,0,'2026-07-26 22:40:50','2026-07-26 22:40:50'),(537,354,-4.0000,'2026-07-26 22:40:49',1,1,0,0,0,0,0,0,0,0,0,0,0,0,0,204,0,0,'2026-07-26 22:40:50','2026-07-26 22:40:50'),(538,87,-1.0000,'2026-07-26 22:46:26',1,1,0,0,0,0,0,0,0,0,0,0,0,0,0,205,0,0,'2026-07-26 22:46:26','2026-07-26 22:46:26'),(539,87,-1.0000,'2026-07-26 22:46:26',1,1,0,0,0,0,0,0,0,0,0,0,0,0,0,205,0,0,'2026-07-26 22:46:26','2026-07-26 22:46:26'),(540,87,-1.0000,'2026-07-26 22:46:26',1,1,0,0,0,0,0,0,0,0,0,0,0,0,0,205,0,0,'2026-07-26 22:46:26','2026-07-26 22:46:26'),(541,629,-1.0000,'2026-07-26 22:46:26',1,1,0,0,0,0,0,0,0,0,0,0,0,0,0,206,0,0,'2026-07-26 22:46:26','2026-07-26 22:46:26'),(542,629,-1.0000,'2026-07-26 22:46:26',1,1,0,0,0,0,0,0,0,0,0,0,0,0,0,206,0,0,'2026-07-26 22:46:26','2026-07-26 22:46:26'),(543,627,-2.0000,'2026-07-26 22:46:26',1,1,0,0,0,0,0,0,0,0,0,0,0,0,0,207,0,0,'2026-07-26 22:46:26','2026-07-26 22:46:26'),(544,627,-2.0000,'2026-07-26 22:46:26',1,1,0,0,0,0,0,0,0,0,0,0,0,0,0,207,0,0,'2026-07-26 22:46:26','2026-07-26 22:46:26'),(545,329,-2.0000,'2026-07-26 22:46:26',1,1,0,0,0,0,0,0,0,0,0,0,0,0,0,208,0,0,'2026-07-26 22:46:26','2026-07-26 22:46:26'),(546,329,-2.0000,'2026-07-26 22:46:26',1,1,0,0,0,0,0,0,0,0,0,0,0,0,0,208,0,0,'2026-07-26 22:46:26','2026-07-26 22:46:26'),(547,79,-1.0000,'2026-07-26 22:46:26',1,1,0,0,0,0,0,0,0,0,0,0,0,0,0,209,0,0,'2026-07-26 22:46:26','2026-07-26 22:46:26'),(548,79,-1.0000,'2026-07-26 22:46:26',1,1,0,0,0,0,0,0,0,0,0,0,0,0,0,209,0,0,'2026-07-26 22:46:26','2026-07-26 22:46:26'),(549,79,-1.0000,'2026-07-26 22:46:26',1,1,0,0,0,0,0,0,0,0,0,0,0,0,0,209,0,0,'2026-07-26 22:46:26','2026-07-26 22:46:26'),(550,368,-1.0000,'2026-07-26 22:49:41',1,1,0,0,0,0,0,0,0,0,0,0,0,0,0,210,0,0,'2026-07-26 22:49:41','2026-07-26 22:49:41'),(551,368,-1.0000,'2026-07-26 22:49:41',1,1,0,0,0,0,0,0,0,0,0,0,0,0,0,210,0,0,'2026-07-26 22:49:41','2026-07-26 22:49:41'),(552,368,-1.0000,'2026-07-26 22:49:41',1,1,0,0,0,0,0,0,0,0,0,0,0,0,0,210,0,0,'2026-07-26 22:49:41','2026-07-26 22:49:41'),(553,566,-1.0000,'2026-07-26 22:49:41',1,1,0,0,0,0,0,0,0,0,0,0,0,0,0,211,0,0,'2026-07-26 22:49:41','2026-07-26 22:49:41'),(554,566,-1.0000,'2026-07-26 22:49:41',1,1,0,0,0,0,0,0,0,0,0,0,0,0,0,211,0,0,'2026-07-26 22:49:41','2026-07-26 22:49:41'),(555,316,-2.0000,'2026-07-26 22:49:41',1,1,0,0,0,0,0,0,0,0,0,0,0,0,0,212,0,0,'2026-07-26 22:49:41','2026-07-26 22:49:41'),(556,316,-2.0000,'2026-07-26 22:49:41',1,1,0,0,0,0,0,0,0,0,0,0,0,0,0,212,0,0,'2026-07-26 22:49:41','2026-07-26 22:49:41'),(557,316,-2.0000,'2026-07-26 22:49:41',1,1,0,0,0,0,0,0,0,0,0,0,0,0,0,212,0,0,'2026-07-26 22:49:41','2026-07-26 22:49:41'),(558,348,-3.0000,'2026-07-26 22:49:41',1,1,0,0,0,0,0,0,0,0,0,0,0,0,0,213,0,0,'2026-07-26 22:49:41','2026-07-26 22:49:41'),(559,348,-3.0000,'2026-07-26 22:49:41',1,1,0,0,0,0,0,0,0,0,0,0,0,0,0,213,0,0,'2026-07-26 22:49:41','2026-07-26 22:49:41'),(560,348,-3.0000,'2026-07-26 22:49:41',1,1,0,0,0,0,0,0,0,0,0,0,0,0,0,213,0,0,'2026-07-26 22:49:41','2026-07-26 22:49:41'),(561,192,-2.0000,'2026-07-26 22:49:41',1,1,0,0,0,0,0,0,0,0,0,0,0,0,0,214,0,0,'2026-07-26 22:49:41','2026-07-26 22:49:41'),(562,192,-2.0000,'2026-07-26 22:49:41',1,1,0,0,0,0,0,0,0,0,0,0,0,0,0,214,0,0,'2026-07-26 22:49:41','2026-07-26 22:49:41'),(563,342,-2.0000,'2026-07-26 22:49:41',1,1,0,0,0,0,0,0,0,0,0,0,0,0,0,215,0,0,'2026-07-26 22:49:41','2026-07-26 22:49:41'),(564,342,-2.0000,'2026-07-26 22:49:41',1,1,0,0,0,0,0,0,0,0,0,0,0,0,0,215,0,0,'2026-07-26 22:49:41','2026-07-26 22:49:41'),(565,546,-1.0000,'2026-07-26 22:54:55',1,1,0,0,0,0,0,0,0,0,0,0,0,0,0,216,0,0,'2026-07-26 22:54:56','2026-07-26 22:54:56'),(566,546,-1.0000,'2026-07-26 22:54:55',1,1,0,0,0,0,0,0,0,0,0,0,0,0,0,216,0,0,'2026-07-26 22:54:56','2026-07-26 22:54:56'),(567,104,-1.0000,'2026-07-26 22:54:55',1,1,0,0,0,0,0,0,0,0,0,0,0,0,0,217,0,0,'2026-07-26 22:54:56','2026-07-26 22:54:56'),(568,104,-1.0000,'2026-07-26 22:54:55',1,1,0,0,0,0,0,0,0,0,0,0,0,0,0,217,0,0,'2026-07-26 22:54:56','2026-07-26 22:54:56'),(569,104,-1.0000,'2026-07-26 22:54:55',1,1,0,0,0,0,0,0,0,0,0,0,0,0,0,217,0,0,'2026-07-26 22:54:56','2026-07-26 22:54:56'),(570,412,-1.0000,'2026-07-26 22:54:55',1,1,0,0,0,0,0,0,0,0,0,0,0,0,0,218,0,0,'2026-07-26 22:54:56','2026-07-26 22:54:56'),(571,412,-1.0000,'2026-07-26 22:54:55',1,1,0,0,0,0,0,0,0,0,0,0,0,0,0,218,0,0,'2026-07-26 22:54:56','2026-07-26 22:54:56'),(572,412,-1.0000,'2026-07-26 22:54:55',1,1,0,0,0,0,0,0,0,0,0,0,0,0,0,218,0,0,'2026-07-26 22:54:56','2026-07-26 22:54:56'),(573,631,-1.0000,'2026-07-26 22:54:55',1,1,0,0,0,0,0,0,0,0,0,0,0,0,0,219,0,0,'2026-07-26 22:54:56','2026-07-26 22:54:56'),(574,631,-1.0000,'2026-07-26 22:54:55',1,1,0,0,0,0,0,0,0,0,0,0,0,0,0,219,0,0,'2026-07-26 22:54:56','2026-07-26 22:54:56'),(575,600,-1.0000,'2026-07-26 22:54:55',1,1,0,0,0,0,0,0,0,0,0,0,0,0,0,220,0,0,'2026-07-26 22:54:56','2026-07-26 22:54:56'),(576,600,-1.0000,'2026-07-26 22:54:55',1,1,0,0,0,0,0,0,0,0,0,0,0,0,0,220,0,0,'2026-07-26 22:54:56','2026-07-26 22:54:56'),(577,198,-2.0000,'2026-07-26 22:54:55',1,1,0,0,0,0,0,0,0,0,0,0,0,0,0,221,0,0,'2026-07-26 22:54:56','2026-07-26 22:54:56'),(578,198,-2.0000,'2026-07-26 22:54:55',1,1,0,0,0,0,0,0,0,0,0,0,0,0,0,221,0,0,'2026-07-26 22:54:56','2026-07-26 22:54:56'),(579,198,-2.0000,'2026-07-26 22:54:55',1,1,0,0,0,0,0,0,0,0,0,0,0,0,0,221,0,0,'2026-07-26 22:54:56','2026-07-26 22:54:56'),(580,630,-1.0000,'2026-07-26 22:54:55',1,1,0,0,0,0,0,0,0,0,0,0,0,0,0,222,0,0,'2026-07-26 22:54:56','2026-07-26 22:54:56'),(581,630,-1.0000,'2026-07-26 22:54:55',1,1,0,0,0,0,0,0,0,0,0,0,0,0,0,222,0,0,'2026-07-26 22:54:56','2026-07-26 22:54:56'),(582,584,-1.0000,'2026-07-26 22:57:14',1,1,0,0,0,0,0,0,0,0,0,0,0,0,0,223,0,0,'2026-07-26 22:57:14','2026-07-26 22:57:14'),(583,584,-1.0000,'2026-07-26 22:57:14',1,1,0,0,0,0,0,0,0,0,0,0,0,0,0,223,0,0,'2026-07-26 22:57:14','2026-07-26 22:57:14'),(584,248,-2.0000,'2026-07-26 22:57:14',1,1,0,0,0,0,0,0,0,0,0,0,0,0,0,224,0,0,'2026-07-26 22:57:14','2026-07-26 22:57:14'),(585,248,-2.0000,'2026-07-26 22:57:14',1,1,0,0,0,0,0,0,0,0,0,0,0,0,0,224,0,0,'2026-07-26 22:57:14','2026-07-26 22:57:14'),(586,248,-2.0000,'2026-07-26 22:57:14',1,1,0,0,0,0,0,0,0,0,0,0,0,0,0,224,0,0,'2026-07-26 22:57:14','2026-07-26 22:57:14'),(587,368,-2.0000,'2026-07-26 22:57:14',1,1,0,0,0,0,0,0,0,0,0,0,0,0,0,225,0,0,'2026-07-26 22:57:14','2026-07-26 22:57:14'),(588,368,-2.0000,'2026-07-26 22:57:14',1,1,0,0,0,0,0,0,0,0,0,0,0,0,0,225,0,0,'2026-07-26 22:57:14','2026-07-26 22:57:14'),(589,368,-2.0000,'2026-07-26 22:57:14',1,1,0,0,0,0,0,0,0,0,0,0,0,0,0,225,0,0,'2026-07-26 22:57:14','2026-07-26 22:57:14'),(590,169,-1.0000,'2026-07-26 22:57:14',1,1,0,0,0,0,0,0,0,0,0,0,0,0,0,226,0,0,'2026-07-26 22:57:14','2026-07-26 22:57:14'),(591,169,-1.0000,'2026-07-26 22:57:14',1,1,0,0,0,0,0,0,0,0,0,0,0,0,0,226,0,0,'2026-07-26 22:57:14','2026-07-26 22:57:14'),(592,169,-1.0000,'2026-07-26 22:57:14',1,1,0,0,0,0,0,0,0,0,0,0,0,0,0,226,0,0,'2026-07-26 22:57:14','2026-07-26 22:57:14'),(593,492,-1.0000,'2026-07-26 22:57:14',1,1,0,0,0,0,0,0,0,0,0,0,0,0,0,227,0,0,'2026-07-26 22:57:14','2026-07-26 22:57:14'),(594,492,-1.0000,'2026-07-26 22:57:14',1,1,0,0,0,0,0,0,0,0,0,0,0,0,0,227,0,0,'2026-07-26 22:57:14','2026-07-26 22:57:14'),(595,492,-1.0000,'2026-07-26 22:57:14',1,1,0,0,0,0,0,0,0,0,0,0,0,0,0,227,0,0,'2026-07-26 22:57:14','2026-07-26 22:57:14'),(596,556,-1.0000,'2026-07-26 22:58:48',1,1,0,0,0,0,0,0,0,0,0,0,0,0,0,228,0,0,'2026-07-26 22:58:48','2026-07-26 22:58:48'),(597,556,-1.0000,'2026-07-26 22:58:48',1,1,0,0,0,0,0,0,0,0,0,0,0,0,0,228,0,0,'2026-07-26 22:58:48','2026-07-26 22:58:48'),(598,628,-1.0000,'2026-07-26 22:58:48',1,1,0,0,0,0,0,0,0,0,0,0,0,0,0,229,0,0,'2026-07-26 22:58:49','2026-07-26 22:58:49'),(599,628,-1.0000,'2026-07-26 22:58:48',1,1,0,0,0,0,0,0,0,0,0,0,0,0,0,229,0,0,'2026-07-26 22:58:49','2026-07-26 22:58:49'),(600,574,-1.0000,'2026-07-26 22:58:48',1,1,0,0,0,0,0,0,0,0,0,0,0,0,0,230,0,0,'2026-07-26 22:58:49','2026-07-26 22:58:49'),(601,574,-1.0000,'2026-07-26 22:58:48',1,1,0,0,0,0,0,0,0,0,0,0,0,0,0,230,0,0,'2026-07-26 22:58:49','2026-07-26 22:58:49'),(602,574,-1.0000,'2026-07-26 22:58:48',1,1,0,0,0,0,0,0,0,0,0,0,0,0,0,230,0,0,'2026-07-26 22:58:49','2026-07-26 22:58:49'),(603,197,-1.0000,'2026-07-26 22:58:48',1,1,0,0,0,0,0,0,0,0,0,0,0,0,0,231,0,0,'2026-07-26 22:58:49','2026-07-26 22:58:49'),(604,197,-1.0000,'2026-07-26 22:58:48',1,1,0,0,0,0,0,0,0,0,0,0,0,0,0,231,0,0,'2026-07-26 22:58:49','2026-07-26 22:58:49'),(605,197,-1.0000,'2026-07-26 22:58:48',1,1,0,0,0,0,0,0,0,0,0,0,0,0,0,231,0,0,'2026-07-26 22:58:49','2026-07-26 22:58:49'),(606,248,-1.0000,'2026-07-26 22:58:48',1,1,0,0,0,0,0,0,0,0,0,0,0,0,0,232,0,0,'2026-07-26 22:58:49','2026-07-26 22:58:49'),(607,248,-1.0000,'2026-07-26 22:58:48',1,1,0,0,0,0,0,0,0,0,0,0,0,0,0,232,0,0,'2026-07-26 22:58:49','2026-07-26 22:58:49'),(608,248,-1.0000,'2026-07-26 22:58:48',1,1,0,0,0,0,0,0,0,0,0,0,0,0,0,232,0,0,'2026-07-26 22:58:49','2026-07-26 22:58:49'),(609,250,-1.0000,'2026-07-26 22:58:48',1,1,0,0,0,0,0,0,0,0,0,0,0,0,0,233,0,0,'2026-07-26 22:58:49','2026-07-26 22:58:49'),(610,250,-1.0000,'2026-07-26 22:58:48',1,1,0,0,0,0,0,0,0,0,0,0,0,0,0,233,0,0,'2026-07-26 22:58:49','2026-07-26 22:58:49'),(611,632,-1.0000,'2026-07-26 23:02:56',1,1,0,0,0,0,0,0,0,0,0,0,0,0,0,234,0,0,'2026-07-26 23:02:56','2026-07-26 23:02:56'),(612,632,-1.0000,'2026-07-26 23:02:56',1,1,0,0,0,0,0,0,0,0,0,0,0,0,0,234,0,0,'2026-07-26 23:02:56','2026-07-26 23:02:56'),(613,601,-1.0000,'2026-07-27 23:16:43',1,1,0,0,0,0,0,0,0,0,0,0,0,0,0,235,0,0,'2026-07-27 23:16:43','2026-07-27 23:16:43'),(614,601,-1.0000,'2026-07-27 23:16:43',1,1,0,0,0,0,0,0,0,0,0,0,0,0,0,235,0,0,'2026-07-27 23:16:43','2026-07-27 23:16:43'),(615,574,-1.0000,'2026-07-27 23:16:43',1,1,0,0,0,0,0,0,0,0,0,0,0,0,0,236,0,0,'2026-07-27 23:16:43','2026-07-27 23:16:43'),(616,574,-1.0000,'2026-07-27 23:16:43',1,1,0,0,0,0,0,0,0,0,0,0,0,0,0,236,0,0,'2026-07-27 23:16:43','2026-07-27 23:16:43'),(617,574,-1.0000,'2026-07-27 23:16:43',1,1,0,0,0,0,0,0,0,0,0,0,0,0,0,236,0,0,'2026-07-27 23:16:43','2026-07-27 23:16:43'),(618,436,-3.0000,'2026-07-27 23:16:43',1,1,0,0,0,0,0,0,0,0,0,0,0,0,0,237,0,0,'2026-07-27 23:16:43','2026-07-27 23:16:43'),(619,436,-3.0000,'2026-07-27 23:16:43',1,1,0,0,0,0,0,0,0,0,0,0,0,0,0,237,0,0,'2026-07-27 23:16:43','2026-07-27 23:16:43'),(620,436,-3.0000,'2026-07-27 23:16:43',1,1,0,0,0,0,0,0,0,0,0,0,0,0,0,237,0,0,'2026-07-27 23:16:43','2026-07-27 23:16:43'),(621,391,-3.0000,'2026-07-27 23:16:43',1,1,0,0,0,0,0,0,0,0,0,0,0,0,0,238,0,0,'2026-07-27 23:16:43','2026-07-27 23:16:43'),(622,391,-3.0000,'2026-07-27 23:16:43',1,1,0,0,0,0,0,0,0,0,0,0,0,0,0,238,0,0,'2026-07-27 23:16:43','2026-07-27 23:16:43'),(623,391,-3.0000,'2026-07-27 23:16:43',1,1,0,0,0,0,0,0,0,0,0,0,0,0,0,238,0,0,'2026-07-27 23:16:43','2026-07-27 23:16:43'),(624,558,-1.0000,'2026-07-27 23:16:43',1,1,0,0,0,0,0,0,0,0,0,0,0,0,0,239,0,0,'2026-07-27 23:16:43','2026-07-27 23:16:43'),(625,558,-1.0000,'2026-07-27 23:16:43',1,1,0,0,0,0,0,0,0,0,0,0,0,0,0,239,0,0,'2026-07-27 23:16:43','2026-07-27 23:16:43'),(626,657,-1.0000,'2026-07-27 23:16:43',1,1,0,0,0,0,0,0,0,0,0,0,0,0,0,240,0,0,'2026-07-27 23:16:43','2026-07-27 23:16:43'),(627,657,-1.0000,'2026-07-27 23:16:43',1,1,0,0,0,0,0,0,0,0,0,0,0,0,0,240,0,0,'2026-07-27 23:16:43','2026-07-27 23:16:43'),(628,276,-1.0000,'2026-07-27 23:16:43',1,1,0,0,0,0,0,0,0,0,0,0,0,0,0,241,0,0,'2026-07-27 23:16:43','2026-07-27 23:16:43'),(629,276,-1.0000,'2026-07-27 23:16:43',1,1,0,0,0,0,0,0,0,0,0,0,0,0,0,241,0,0,'2026-07-27 23:16:43','2026-07-27 23:16:43'),(630,276,-1.0000,'2026-07-27 23:16:43',1,1,0,0,0,0,0,0,0,0,0,0,0,0,0,241,0,0,'2026-07-27 23:16:43','2026-07-27 23:16:43'),(631,251,-1.0000,'2026-07-27 23:16:43',1,1,0,0,0,0,0,0,0,0,0,0,0,0,0,242,0,0,'2026-07-27 23:16:43','2026-07-27 23:16:43'),(632,251,-1.0000,'2026-07-27 23:16:43',1,1,0,0,0,0,0,0,0,0,0,0,0,0,0,242,0,0,'2026-07-27 23:16:43','2026-07-27 23:16:43'),(633,251,-1.0000,'2026-07-27 23:16:43',1,1,0,0,0,0,0,0,0,0,0,0,0,0,0,242,0,0,'2026-07-27 23:16:43','2026-07-27 23:16:43'),(634,316,-2.0000,'2026-07-27 23:16:43',1,1,0,0,0,0,0,0,0,0,0,0,0,0,0,243,0,0,'2026-07-27 23:16:43','2026-07-27 23:16:43'),(635,316,-2.0000,'2026-07-27 23:16:43',1,1,0,0,0,0,0,0,0,0,0,0,0,0,0,243,0,0,'2026-07-27 23:16:44','2026-07-27 23:16:44'),(636,316,-2.0000,'2026-07-27 23:16:43',1,1,0,0,0,0,0,0,0,0,0,0,0,0,0,243,0,0,'2026-07-27 23:16:44','2026-07-27 23:16:44'),(637,473,-1.0000,'2026-07-27 23:16:43',1,1,0,0,0,0,0,0,0,0,0,0,0,0,0,244,0,0,'2026-07-27 23:16:44','2026-07-27 23:16:44'),(638,473,-1.0000,'2026-07-27 23:16:43',1,1,0,0,0,0,0,0,0,0,0,0,0,0,0,244,0,0,'2026-07-27 23:16:44','2026-07-27 23:16:44'),(639,473,-1.0000,'2026-07-27 23:16:43',1,1,0,0,0,0,0,0,0,0,0,0,0,0,0,244,0,0,'2026-07-27 23:16:44','2026-07-27 23:16:44'),(640,348,-4.0000,'2026-07-27 23:16:43',1,1,0,0,0,0,0,0,0,0,0,0,0,0,0,245,0,0,'2026-07-27 23:16:44','2026-07-27 23:16:44'),(641,348,-4.0000,'2026-07-27 23:16:43',1,1,0,0,0,0,0,0,0,0,0,0,0,0,0,245,0,0,'2026-07-27 23:16:44','2026-07-27 23:16:44'),(642,348,-4.0000,'2026-07-27 23:16:43',1,1,0,0,0,0,0,0,0,0,0,0,0,0,0,245,0,0,'2026-07-27 23:16:44','2026-07-27 23:16:44'),(643,507,-2.0000,'2026-07-27 23:16:43',1,1,0,0,0,0,0,0,0,0,0,0,0,0,0,246,0,0,'2026-07-27 23:16:44','2026-07-27 23:16:44'),(644,507,-2.0000,'2026-07-27 23:16:43',1,1,0,0,0,0,0,0,0,0,0,0,0,0,0,246,0,0,'2026-07-27 23:16:44','2026-07-27 23:16:44'),(645,656,-2.0000,'2026-07-27 23:16:43',1,1,0,0,0,0,0,0,0,0,0,0,0,0,0,247,0,0,'2026-07-27 23:16:44','2026-07-27 23:16:44'),(646,656,-2.0000,'2026-07-27 23:16:43',1,1,0,0,0,0,0,0,0,0,0,0,0,0,0,247,0,0,'2026-07-27 23:16:44','2026-07-27 23:16:44'),(647,655,-1.0000,'2026-07-27 23:16:43',1,1,0,0,0,0,0,0,0,0,0,0,0,0,0,248,0,0,'2026-07-27 23:16:44','2026-07-27 23:16:44'),(648,655,-1.0000,'2026-07-27 23:16:43',1,1,0,0,0,0,0,0,0,0,0,0,0,0,0,248,0,0,'2026-07-27 23:16:44','2026-07-27 23:16:44'),(649,421,-2.0000,'2026-07-27 23:33:23',1,1,0,0,0,0,0,0,0,0,0,0,0,0,0,249,0,0,'2026-07-27 23:33:23','2026-07-27 23:33:23'),(650,421,-2.0000,'2026-07-27 23:33:23',1,1,0,0,0,0,0,0,0,0,0,0,0,0,0,249,0,0,'2026-07-27 23:33:23','2026-07-27 23:33:23'),(651,421,-2.0000,'2026-07-27 23:33:23',1,1,0,0,0,0,0,0,0,0,0,0,0,0,0,249,0,0,'2026-07-27 23:33:23','2026-07-27 23:33:23'),(652,473,-2.0000,'2026-07-27 23:33:23',1,1,0,0,0,0,0,0,0,0,0,0,0,0,0,250,0,0,'2026-07-27 23:33:23','2026-07-27 23:33:23'),(653,473,-2.0000,'2026-07-27 23:33:23',1,1,0,0,0,0,0,0,0,0,0,0,0,0,0,250,0,0,'2026-07-27 23:33:23','2026-07-27 23:33:23'),(654,473,-2.0000,'2026-07-27 23:33:23',1,1,0,0,0,0,0,0,0,0,0,0,0,0,0,250,0,0,'2026-07-27 23:33:23','2026-07-27 23:33:23'),(655,251,-2.0000,'2026-07-27 23:33:23',1,1,0,0,0,0,0,0,0,0,0,0,0,0,0,251,0,0,'2026-07-27 23:33:23','2026-07-27 23:33:23'),(656,251,-2.0000,'2026-07-27 23:33:23',1,1,0,0,0,0,0,0,0,0,0,0,0,0,0,251,0,0,'2026-07-27 23:33:23','2026-07-27 23:33:23'),(657,251,-2.0000,'2026-07-27 23:33:23',1,1,0,0,0,0,0,0,0,0,0,0,0,0,0,251,0,0,'2026-07-27 23:33:23','2026-07-27 23:33:23'),(658,308,-1.0000,'2026-07-27 23:33:23',1,1,0,0,0,0,0,0,0,0,0,0,0,0,0,252,0,0,'2026-07-27 23:33:24','2026-07-27 23:33:24'),(659,308,-1.0000,'2026-07-27 23:33:23',1,1,0,0,0,0,0,0,0,0,0,0,0,0,0,252,0,0,'2026-07-27 23:33:24','2026-07-27 23:33:24'),(660,308,-1.0000,'2026-07-27 23:33:23',1,1,0,0,0,0,0,0,0,0,0,0,0,0,0,252,0,0,'2026-07-27 23:33:24','2026-07-27 23:33:24'),(661,299,-10.0000,'2026-07-27 23:33:23',1,1,0,0,0,0,0,0,0,0,0,0,0,0,0,253,0,0,'2026-07-27 23:33:24','2026-07-27 23:33:24'),(662,299,-10.0000,'2026-07-27 23:33:23',1,1,0,0,0,0,0,0,0,0,0,0,0,0,0,253,0,0,'2026-07-27 23:33:24','2026-07-27 23:33:24'),(663,660,-1.0000,'2026-07-27 23:33:23',1,1,0,0,0,0,0,0,0,0,0,0,0,0,0,254,0,0,'2026-07-27 23:33:24','2026-07-27 23:33:24'),(664,660,-1.0000,'2026-07-27 23:33:23',1,1,0,0,0,0,0,0,0,0,0,0,0,0,0,254,0,0,'2026-07-27 23:33:24','2026-07-27 23:33:24'),(665,150,-1.0000,'2026-07-27 23:33:23',1,1,0,0,0,0,0,0,0,0,0,0,0,0,0,255,0,0,'2026-07-27 23:33:24','2026-07-27 23:33:24'),(666,150,-1.0000,'2026-07-27 23:33:23',1,1,0,0,0,0,0,0,0,0,0,0,0,0,0,255,0,0,'2026-07-27 23:33:24','2026-07-27 23:33:24'),(667,150,-1.0000,'2026-07-27 23:33:23',1,1,0,0,0,0,0,0,0,0,0,0,0,0,0,255,0,0,'2026-07-27 23:33:24','2026-07-27 23:33:24'),(668,659,-1.0000,'2026-07-27 23:33:23',1,1,0,0,0,0,0,0,0,0,0,0,0,0,0,256,0,0,'2026-07-27 23:33:24','2026-07-27 23:33:24'),(669,659,-1.0000,'2026-07-27 23:33:23',1,1,0,0,0,0,0,0,0,0,0,0,0,0,0,256,0,0,'2026-07-27 23:33:24','2026-07-27 23:33:24'),(670,658,-1.0000,'2026-07-27 23:33:23',1,1,0,0,0,0,0,0,0,0,0,0,0,0,0,257,0,0,'2026-07-27 23:33:24','2026-07-27 23:33:24'),(671,658,-1.0000,'2026-07-27 23:33:23',1,1,0,0,0,0,0,0,0,0,0,0,0,0,0,257,0,0,'2026-07-27 23:33:24','2026-07-27 23:33:24'),(672,203,-2.0000,'2026-07-27 23:39:02',1,1,0,0,0,0,0,0,0,0,0,0,0,0,0,258,0,0,'2026-07-27 23:39:02','2026-07-27 23:39:02'),(673,203,-2.0000,'2026-07-27 23:39:02',1,1,0,0,0,0,0,0,0,0,0,0,0,0,0,258,0,0,'2026-07-27 23:39:02','2026-07-27 23:39:02'),(674,203,-2.0000,'2026-07-27 23:39:02',1,1,0,0,0,0,0,0,0,0,0,0,0,0,0,258,0,0,'2026-07-27 23:39:02','2026-07-27 23:39:02'),(675,192,-1.0000,'2026-07-27 23:39:02',1,1,0,0,0,0,0,0,0,0,0,0,0,0,0,259,0,0,'2026-07-27 23:39:02','2026-07-27 23:39:02'),(676,192,-1.0000,'2026-07-27 23:39:02',1,1,0,0,0,0,0,0,0,0,0,0,0,0,0,259,0,0,'2026-07-27 23:39:02','2026-07-27 23:39:02'),(677,662,-1.0000,'2026-07-27 23:39:02',1,1,0,0,0,0,0,0,0,0,0,0,0,0,0,260,0,0,'2026-07-27 23:39:02','2026-07-27 23:39:02'),(678,662,-1.0000,'2026-07-27 23:39:02',1,1,0,0,0,0,0,0,0,0,0,0,0,0,0,260,0,0,'2026-07-27 23:39:02','2026-07-27 23:39:02'),(679,661,-1.0000,'2026-07-27 23:39:02',1,1,0,0,0,0,0,0,0,0,0,0,0,0,0,261,0,0,'2026-07-27 23:39:02','2026-07-27 23:39:02'),(680,661,-1.0000,'2026-07-27 23:39:02',1,1,0,0,0,0,0,0,0,0,0,0,0,0,0,261,0,0,'2026-07-27 23:39:02','2026-07-27 23:39:02'),(681,299,-10.0000,'2026-07-27 23:39:02',1,1,0,0,0,0,0,0,0,0,0,0,0,0,0,262,0,0,'2026-07-27 23:39:02','2026-07-27 23:39:02'),(682,299,-10.0000,'2026-07-27 23:39:02',1,1,0,0,0,0,0,0,0,0,0,0,0,0,0,262,0,0,'2026-07-27 23:39:02','2026-07-27 23:39:02'),(683,665,-1.0000,'2026-07-27 23:49:09',1,1,0,0,0,0,0,0,0,0,0,0,0,0,0,263,0,0,'2026-07-27 23:49:09','2026-07-27 23:49:09'),(684,665,-1.0000,'2026-07-27 23:49:09',1,1,0,0,0,0,0,0,0,0,0,0,0,0,0,263,0,0,'2026-07-27 23:49:09','2026-07-27 23:49:09'),(685,131,-1.0000,'2026-07-27 23:49:09',1,1,0,0,0,0,0,0,0,0,0,0,0,0,0,264,0,0,'2026-07-27 23:49:09','2026-07-27 23:49:09'),(686,131,-1.0000,'2026-07-27 23:49:09',1,1,0,0,0,0,0,0,0,0,0,0,0,0,0,264,0,0,'2026-07-27 23:49:09','2026-07-27 23:49:09'),(687,131,-1.0000,'2026-07-27 23:49:09',1,1,0,0,0,0,0,0,0,0,0,0,0,0,0,264,0,0,'2026-07-27 23:49:09','2026-07-27 23:49:09'),(688,134,-5.0000,'2026-07-27 23:49:09',1,1,0,0,0,0,0,0,0,0,0,0,0,0,0,265,0,0,'2026-07-27 23:49:09','2026-07-27 23:49:09'),(689,134,-5.0000,'2026-07-27 23:49:09',1,1,0,0,0,0,0,0,0,0,0,0,0,0,0,265,0,0,'2026-07-27 23:49:09','2026-07-27 23:49:09'),(690,134,-5.0000,'2026-07-27 23:49:09',1,1,0,0,0,0,0,0,0,0,0,0,0,0,0,265,0,0,'2026-07-27 23:49:09','2026-07-27 23:49:09'),(691,664,-1.0000,'2026-07-27 23:49:09',1,1,0,0,0,0,0,0,0,0,0,0,0,0,0,266,0,0,'2026-07-27 23:49:09','2026-07-27 23:49:09'),(692,664,-1.0000,'2026-07-27 23:49:09',1,1,0,0,0,0,0,0,0,0,0,0,0,0,0,266,0,0,'2026-07-27 23:49:09','2026-07-27 23:49:09'),(693,252,-2.0000,'2026-07-27 23:49:09',1,1,0,0,0,0,0,0,0,0,0,0,0,0,0,267,0,0,'2026-07-27 23:49:09','2026-07-27 23:49:09'),(694,252,-2.0000,'2026-07-27 23:49:09',1,1,0,0,0,0,0,0,0,0,0,0,0,0,0,267,0,0,'2026-07-27 23:49:09','2026-07-27 23:49:09'),(695,252,-2.0000,'2026-07-27 23:49:09',1,1,0,0,0,0,0,0,0,0,0,0,0,0,0,267,0,0,'2026-07-27 23:49:09','2026-07-27 23:49:09'),(696,566,-1.0000,'2026-07-27 23:49:09',1,1,0,0,0,0,0,0,0,0,0,0,0,0,0,268,0,0,'2026-07-27 23:49:09','2026-07-27 23:49:09'),(697,566,-1.0000,'2026-07-27 23:49:09',1,1,0,0,0,0,0,0,0,0,0,0,0,0,0,268,0,0,'2026-07-27 23:49:09','2026-07-27 23:49:09'),(698,601,-1.0000,'2026-07-27 23:49:09',1,1,0,0,0,0,0,0,0,0,0,0,0,0,0,269,0,0,'2026-07-27 23:49:09','2026-07-27 23:49:09'),(699,601,-1.0000,'2026-07-27 23:49:09',1,1,0,0,0,0,0,0,0,0,0,0,0,0,0,269,0,0,'2026-07-27 23:49:09','2026-07-27 23:49:09'),(700,663,-1.0000,'2026-07-27 23:49:09',1,1,0,0,0,0,0,0,0,0,0,0,0,0,0,270,0,0,'2026-07-27 23:49:09','2026-07-27 23:49:09'),(701,663,-1.0000,'2026-07-27 23:49:09',1,1,0,0,0,0,0,0,0,0,0,0,0,0,0,270,0,0,'2026-07-27 23:49:09','2026-07-27 23:49:09'),(702,216,-1.0000,'2026-07-27 23:49:09',1,1,0,0,0,0,0,0,0,0,0,0,0,0,0,271,0,0,'2026-07-27 23:49:09','2026-07-27 23:49:09'),(703,216,-1.0000,'2026-07-27 23:49:09',1,1,0,0,0,0,0,0,0,0,0,0,0,0,0,271,0,0,'2026-07-27 23:49:09','2026-07-27 23:49:09'),(704,216,-1.0000,'2026-07-27 23:49:09',1,1,0,0,0,0,0,0,0,0,0,0,0,0,0,271,0,0,'2026-07-27 23:49:09','2026-07-27 23:49:09'),(705,250,-1.0000,'2026-07-27 23:59:12',1,1,0,0,0,0,0,0,0,0,0,0,0,0,0,272,0,0,'2026-07-27 23:59:12','2026-07-27 23:59:12'),(706,250,-1.0000,'2026-07-27 23:59:12',1,1,0,0,0,0,0,0,0,0,0,0,0,0,0,272,0,0,'2026-07-27 23:59:12','2026-07-27 23:59:12'),(707,599,-1.0000,'2026-07-27 23:59:12',1,1,0,0,0,0,0,0,0,0,0,0,0,0,0,273,0,0,'2026-07-27 23:59:12','2026-07-27 23:59:12'),(708,599,-1.0000,'2026-07-27 23:59:12',1,1,0,0,0,0,0,0,0,0,0,0,0,0,0,273,0,0,'2026-07-27 23:59:12','2026-07-27 23:59:12'),(709,354,-1.0000,'2026-07-27 23:59:12',1,1,0,0,0,0,0,0,0,0,0,0,0,0,0,274,0,0,'2026-07-27 23:59:12','2026-07-27 23:59:12'),(710,354,-1.0000,'2026-07-27 23:59:12',1,1,0,0,0,0,0,0,0,0,0,0,0,0,0,274,0,0,'2026-07-27 23:59:12','2026-07-27 23:59:12'),(711,354,-1.0000,'2026-07-27 23:59:12',1,1,0,0,0,0,0,0,0,0,0,0,0,0,0,274,0,0,'2026-07-27 23:59:12','2026-07-27 23:59:12'),(712,119,-1.0000,'2026-07-27 23:59:12',1,1,0,0,0,0,0,0,0,0,0,0,0,0,0,275,0,0,'2026-07-27 23:59:12','2026-07-27 23:59:12'),(713,119,-1.0000,'2026-07-27 23:59:12',1,1,0,0,0,0,0,0,0,0,0,0,0,0,0,275,0,0,'2026-07-27 23:59:12','2026-07-27 23:59:12'),(714,119,-1.0000,'2026-07-27 23:59:12',1,1,0,0,0,0,0,0,0,0,0,0,0,0,0,275,0,0,'2026-07-27 23:59:12','2026-07-27 23:59:12'),(715,663,-1.0000,'2026-07-27 23:59:12',1,1,0,0,0,0,0,0,0,0,0,0,0,0,0,276,0,0,'2026-07-27 23:59:12','2026-07-27 23:59:12'),(716,663,-1.0000,'2026-07-27 23:59:12',1,1,0,0,0,0,0,0,0,0,0,0,0,0,0,276,0,0,'2026-07-27 23:59:12','2026-07-27 23:59:12'),(717,355,-1.0000,'2026-07-27 23:59:12',1,1,0,0,0,0,0,0,0,0,0,0,0,0,0,277,0,0,'2026-07-27 23:59:12','2026-07-27 23:59:12'),(718,355,-1.0000,'2026-07-27 23:59:12',1,1,0,0,0,0,0,0,0,0,0,0,0,0,0,277,0,0,'2026-07-27 23:59:12','2026-07-27 23:59:12'),(719,355,-1.0000,'2026-07-27 23:59:12',1,1,0,0,0,0,0,0,0,0,0,0,0,0,0,277,0,0,'2026-07-27 23:59:12','2026-07-27 23:59:12'),(720,336,-2.0000,'2026-07-27 23:59:12',1,1,0,0,0,0,0,0,0,0,0,0,0,0,0,278,0,0,'2026-07-27 23:59:12','2026-07-27 23:59:12'),(721,336,-2.0000,'2026-07-27 23:59:12',1,1,0,0,0,0,0,0,0,0,0,0,0,0,0,278,0,0,'2026-07-27 23:59:12','2026-07-27 23:59:12'),(722,336,-2.0000,'2026-07-27 23:59:12',1,1,0,0,0,0,0,0,0,0,0,0,0,0,0,278,0,0,'2026-07-27 23:59:12','2026-07-27 23:59:12'),(723,667,-1.0000,'2026-07-27 23:59:12',1,1,0,0,0,0,0,0,0,0,0,0,0,0,0,279,0,0,'2026-07-27 23:59:12','2026-07-27 23:59:12'),(724,667,-1.0000,'2026-07-27 23:59:12',1,1,0,0,0,0,0,0,0,0,0,0,0,0,0,279,0,0,'2026-07-27 23:59:12','2026-07-27 23:59:12'),(725,106,-2.0000,'2026-07-27 23:59:12',1,1,0,0,0,0,0,0,0,0,0,0,0,0,0,280,0,0,'2026-07-27 23:59:12','2026-07-27 23:59:12'),(726,106,-2.0000,'2026-07-27 23:59:12',1,1,0,0,0,0,0,0,0,0,0,0,0,0,0,280,0,0,'2026-07-27 23:59:12','2026-07-27 23:59:12'),(727,106,-2.0000,'2026-07-27 23:59:12',1,1,0,0,0,0,0,0,0,0,0,0,0,0,0,280,0,0,'2026-07-27 23:59:13','2026-07-27 23:59:13'),(728,373,-1.0000,'2026-07-27 23:59:12',1,1,0,0,0,0,0,0,0,0,0,0,0,0,0,281,0,0,'2026-07-27 23:59:13','2026-07-27 23:59:13'),(729,373,-1.0000,'2026-07-27 23:59:12',1,1,0,0,0,0,0,0,0,0,0,0,0,0,0,281,0,0,'2026-07-27 23:59:13','2026-07-27 23:59:13'),(730,373,-1.0000,'2026-07-27 23:59:12',1,1,0,0,0,0,0,0,0,0,0,0,0,0,0,281,0,0,'2026-07-27 23:59:13','2026-07-27 23:59:13'),(731,666,-3.0000,'2026-07-27 23:59:12',1,1,0,0,0,0,0,0,0,0,0,0,0,0,0,282,0,0,'2026-07-27 23:59:13','2026-07-27 23:59:13'),(732,666,-3.0000,'2026-07-27 23:59:12',1,1,0,0,0,0,0,0,0,0,0,0,0,0,0,282,0,0,'2026-07-27 23:59:13','2026-07-27 23:59:13'),(733,477,-5.0000,'2026-07-27 23:59:12',1,1,0,0,0,0,0,0,0,0,0,0,0,0,0,283,0,0,'2026-07-27 23:59:13','2026-07-27 23:59:13'),(734,477,-5.0000,'2026-07-27 23:59:12',1,1,0,0,0,0,0,0,0,0,0,0,0,0,0,283,0,0,'2026-07-27 23:59:13','2026-07-27 23:59:13'),(735,145,-1.0000,'2026-07-27 23:59:12',1,1,0,0,0,0,0,0,0,0,0,0,0,0,0,284,0,0,'2026-07-27 23:59:13','2026-07-27 23:59:13'),(736,145,-1.0000,'2026-07-27 23:59:12',1,1,0,0,0,0,0,0,0,0,0,0,0,0,0,284,0,0,'2026-07-27 23:59:13','2026-07-27 23:59:13'),(737,145,-1.0000,'2026-07-27 23:59:12',1,1,0,0,0,0,0,0,0,0,0,0,0,0,0,284,0,0,'2026-07-27 23:59:13','2026-07-27 23:59:13'),(738,47,-2.0000,'2026-07-27 23:59:12',1,1,0,0,0,0,0,0,0,0,0,0,0,0,0,285,0,0,'2026-07-27 23:59:13','2026-07-27 23:59:13'),(739,47,-2.0000,'2026-07-27 23:59:12',1,1,0,0,0,0,0,0,0,0,0,0,0,0,0,285,0,0,'2026-07-27 23:59:13','2026-07-27 23:59:13'),(740,47,-2.0000,'2026-07-27 23:59:12',1,1,0,0,0,0,0,0,0,0,0,0,0,0,0,285,0,0,'2026-07-27 23:59:13','2026-07-27 23:59:13'),(741,197,-3.0000,'2026-07-27 23:59:12',1,1,0,0,0,0,0,0,0,0,0,0,0,0,0,286,0,0,'2026-07-27 23:59:13','2026-07-27 23:59:13'),(742,197,-3.0000,'2026-07-27 23:59:12',1,1,0,0,0,0,0,0,0,0,0,0,0,0,0,286,0,0,'2026-07-27 23:59:13','2026-07-27 23:59:13'),(743,197,-3.0000,'2026-07-27 23:59:12',1,1,0,0,0,0,0,0,0,0,0,0,0,0,0,286,0,0,'2026-07-27 23:59:13','2026-07-27 23:59:13'),(744,134,-2.0000,'2026-07-27 23:59:12',1,1,0,0,0,0,0,0,0,0,0,0,0,0,0,287,0,0,'2026-07-27 23:59:13','2026-07-27 23:59:13'),(745,134,-2.0000,'2026-07-27 23:59:12',1,1,0,0,0,0,0,0,0,0,0,0,0,0,0,287,0,0,'2026-07-27 23:59:13','2026-07-27 23:59:13'),(746,134,-2.0000,'2026-07-27 23:59:12',1,1,0,0,0,0,0,0,0,0,0,0,0,0,0,287,0,0,'2026-07-27 23:59:13','2026-07-27 23:59:13'),(747,353,-2.0000,'2026-07-27 23:59:12',1,1,0,0,0,0,0,0,0,0,0,0,0,0,0,288,0,0,'2026-07-27 23:59:13','2026-07-27 23:59:13'),(748,353,-2.0000,'2026-07-27 23:59:12',1,1,0,0,0,0,0,0,0,0,0,0,0,0,0,288,0,0,'2026-07-27 23:59:13','2026-07-27 23:59:13'),(749,353,-2.0000,'2026-07-27 23:59:12',1,1,0,0,0,0,0,0,0,0,0,0,0,0,0,288,0,0,'2026-07-27 23:59:13','2026-07-27 23:59:13'),(750,237,-1.0000,'2026-07-28 18:42:03',1,1,0,0,0,0,0,0,0,0,0,0,0,0,0,289,0,0,'2026-07-28 18:42:03','2026-07-28 18:42:03'),(751,237,-1.0000,'2026-07-28 18:42:03',1,1,0,0,0,0,0,0,0,0,0,0,0,0,0,289,0,0,'2026-07-28 18:42:03','2026-07-28 18:42:03'),(752,207,-4.0000,'2026-07-28 18:42:03',1,1,0,0,0,0,0,0,0,0,0,0,0,0,0,290,0,0,'2026-07-28 18:42:03','2026-07-28 18:42:03'),(753,207,-4.0000,'2026-07-28 18:42:03',1,1,0,0,0,0,0,0,0,0,0,0,0,0,0,290,0,0,'2026-07-28 18:42:03','2026-07-28 18:42:03'),(754,207,-4.0000,'2026-07-28 18:42:03',1,1,0,0,0,0,0,0,0,0,0,0,0,0,0,290,0,0,'2026-07-28 18:42:03','2026-07-28 18:42:03'),(755,168,-10.0000,'2026-07-28 18:42:03',1,1,0,0,0,0,0,0,0,0,0,0,0,0,0,291,0,0,'2026-07-28 18:42:03','2026-07-28 18:42:03'),(756,168,-10.0000,'2026-07-28 18:42:03',1,1,0,0,0,0,0,0,0,0,0,0,0,0,0,291,0,0,'2026-07-28 18:42:03','2026-07-28 18:42:03'),(757,168,-10.0000,'2026-07-28 18:42:03',1,1,0,0,0,0,0,0,0,0,0,0,0,0,0,291,0,0,'2026-07-28 18:42:03','2026-07-28 18:42:03'),(758,366,-3.0000,'2026-07-28 18:42:03',1,1,0,0,0,0,0,0,0,0,0,0,0,0,0,292,0,0,'2026-07-28 18:42:03','2026-07-28 18:42:03'),(759,366,-3.0000,'2026-07-28 18:42:03',1,1,0,0,0,0,0,0,0,0,0,0,0,0,0,292,0,0,'2026-07-28 18:42:03','2026-07-28 18:42:03'),(760,366,-3.0000,'2026-07-28 18:42:03',1,1,0,0,0,0,0,0,0,0,0,0,0,0,0,292,0,0,'2026-07-28 18:42:03','2026-07-28 18:42:03'),(761,604,-1.0000,'2026-07-28 18:42:03',1,1,0,0,0,0,0,0,0,0,0,0,0,0,0,293,0,0,'2026-07-28 18:42:03','2026-07-28 18:42:03'),(762,604,-1.0000,'2026-07-28 18:42:03',1,1,0,0,0,0,0,0,0,0,0,0,0,0,0,293,0,0,'2026-07-28 18:42:03','2026-07-28 18:42:03'),(763,668,-1.0000,'2026-07-28 18:42:03',1,1,0,0,0,0,0,0,0,0,0,0,0,0,0,294,0,0,'2026-07-28 18:42:03','2026-07-28 18:42:03'),(764,668,-1.0000,'2026-07-28 18:42:03',1,1,0,0,0,0,0,0,0,0,0,0,0,0,0,294,0,0,'2026-07-28 18:42:03','2026-07-28 18:42:03'),(765,294,-3.0000,'2026-07-28 19:03:00',1,1,0,0,0,0,0,0,0,0,0,0,0,0,0,295,0,0,'2026-07-28 19:03:00','2026-07-28 19:03:00'),(766,294,-3.0000,'2026-07-28 19:03:00',1,1,0,0,0,0,0,0,0,0,0,0,0,0,0,295,0,0,'2026-07-28 19:03:00','2026-07-28 19:03:00'),(767,294,-3.0000,'2026-07-28 19:03:00',1,1,0,0,0,0,0,0,0,0,0,0,0,0,0,295,0,0,'2026-07-28 19:03:01','2026-07-28 19:03:01'),(768,250,-2.0000,'2026-07-28 19:03:00',1,1,0,0,0,0,0,0,0,0,0,0,0,0,0,296,0,0,'2026-07-28 19:03:01','2026-07-28 19:03:01'),(769,250,-2.0000,'2026-07-28 19:03:00',1,1,0,0,0,0,0,0,0,0,0,0,0,0,0,296,0,0,'2026-07-28 19:03:01','2026-07-28 19:03:01'),(770,453,-1.0000,'2026-07-28 19:03:00',1,1,0,0,0,0,0,0,0,0,0,0,0,0,0,297,0,0,'2026-07-28 19:03:01','2026-07-28 19:03:01'),(771,453,-1.0000,'2026-07-28 19:03:00',1,1,0,0,0,0,0,0,0,0,0,0,0,0,0,297,0,0,'2026-07-28 19:03:01','2026-07-28 19:03:01'),(772,453,-1.0000,'2026-07-28 19:03:00',1,1,0,0,0,0,0,0,0,0,0,0,0,0,0,297,0,0,'2026-07-28 19:03:01','2026-07-28 19:03:01'),(773,231,-1.0000,'2026-07-28 19:27:16',1,1,0,0,0,0,0,0,0,0,0,0,0,0,0,298,0,0,'2026-07-28 19:27:16','2026-07-28 19:27:16'),(774,231,-1.0000,'2026-07-28 19:27:16',1,1,0,0,0,0,0,0,0,0,0,0,0,0,0,298,0,0,'2026-07-28 19:27:16','2026-07-28 19:27:16'),(775,231,-1.0000,'2026-07-28 19:27:16',1,1,0,0,0,0,0,0,0,0,0,0,0,0,0,298,0,0,'2026-07-28 19:27:16','2026-07-28 19:27:16'),(776,62,-1.0000,'2026-07-28 19:27:16',1,1,0,0,0,0,0,0,0,0,0,0,0,0,0,299,0,0,'2026-07-28 19:27:16','2026-07-28 19:27:16'),(777,62,-1.0000,'2026-07-28 19:27:16',1,1,0,0,0,0,0,0,0,0,0,0,0,0,0,299,0,0,'2026-07-28 19:27:16','2026-07-28 19:27:16'),(778,62,-1.0000,'2026-07-28 19:27:16',1,1,0,0,0,0,0,0,0,0,0,0,0,0,0,299,0,0,'2026-07-28 19:27:16','2026-07-28 19:27:16'),(779,421,-2.0000,'2026-07-28 19:30:30',1,1,0,0,0,0,0,0,0,0,0,0,0,0,0,300,0,0,'2026-07-28 19:30:30','2026-07-28 19:30:30'),(780,421,-2.0000,'2026-07-28 19:30:30',1,1,0,0,0,0,0,0,0,0,0,0,0,0,0,300,0,0,'2026-07-28 19:30:30','2026-07-28 19:30:30'),(781,421,-2.0000,'2026-07-28 19:30:30',1,1,0,0,0,0,0,0,0,0,0,0,0,0,0,300,0,0,'2026-07-28 19:30:31','2026-07-28 19:30:31'),(782,212,-2.0000,'2026-07-28 19:30:30',1,1,0,0,0,0,0,0,0,0,0,0,0,0,0,301,0,0,'2026-07-28 19:30:31','2026-07-28 19:30:31'),(783,212,-2.0000,'2026-07-28 19:30:30',1,1,0,0,0,0,0,0,0,0,0,0,0,0,0,301,0,0,'2026-07-28 19:30:31','2026-07-28 19:30:31'),(784,212,-2.0000,'2026-07-28 19:30:30',1,1,0,0,0,0,0,0,0,0,0,0,0,0,0,301,0,0,'2026-07-28 19:30:31','2026-07-28 19:30:31'),(785,299,-10.0000,'2026-07-28 20:42:40',1,1,0,0,0,0,0,0,0,0,0,0,0,0,0,302,0,0,'2026-07-28 20:42:40','2026-07-28 20:42:40'),(786,299,-10.0000,'2026-07-28 20:42:40',1,1,0,0,0,0,0,0,0,0,0,0,0,0,0,302,0,0,'2026-07-28 20:42:40','2026-07-28 20:42:40'),(787,44,-1.0000,'2026-07-28 20:42:40',1,1,0,0,0,0,0,0,0,0,0,0,0,0,0,303,0,0,'2026-07-28 20:42:40','2026-07-28 20:42:40'),(788,44,-1.0000,'2026-07-28 20:42:40',1,1,0,0,0,0,0,0,0,0,0,0,0,0,0,303,0,0,'2026-07-28 20:42:40','2026-07-28 20:42:40'),(789,215,-1.0000,'2026-07-28 20:42:40',1,1,0,0,0,0,0,0,0,0,0,0,0,0,0,304,0,0,'2026-07-28 20:42:40','2026-07-28 20:42:40'),(790,215,-1.0000,'2026-07-28 20:42:40',1,1,0,0,0,0,0,0,0,0,0,0,0,0,0,304,0,0,'2026-07-28 20:42:40','2026-07-28 20:42:40'),(791,215,-1.0000,'2026-07-28 20:42:40',1,1,0,0,0,0,0,0,0,0,0,0,0,0,0,304,0,0,'2026-07-28 20:42:40','2026-07-28 20:42:40'),(792,190,-3.0000,'2026-07-28 20:42:40',1,1,0,0,0,0,0,0,0,0,0,0,0,0,0,305,0,0,'2026-07-28 20:42:40','2026-07-28 20:42:40'),(793,190,-3.0000,'2026-07-28 20:42:40',1,1,0,0,0,0,0,0,0,0,0,0,0,0,0,305,0,0,'2026-07-28 20:42:40','2026-07-28 20:42:40'),(794,190,-3.0000,'2026-07-28 20:42:40',1,1,0,0,0,0,0,0,0,0,0,0,0,0,0,305,0,0,'2026-07-28 20:42:40','2026-07-28 20:42:40'),(795,244,-3.0000,'2026-07-28 20:42:40',1,1,0,0,0,0,0,0,0,0,0,0,0,0,0,306,0,0,'2026-07-28 20:42:40','2026-07-28 20:42:40'),(796,244,-3.0000,'2026-07-28 20:42:40',1,1,0,0,0,0,0,0,0,0,0,0,0,0,0,306,0,0,'2026-07-28 20:42:40','2026-07-28 20:42:40'),(797,244,-3.0000,'2026-07-28 20:42:40',1,1,0,0,0,0,0,0,0,0,0,0,0,0,0,306,0,0,'2026-07-28 20:42:40','2026-07-28 20:42:40'),(798,506,-10.0000,'2026-07-28 20:42:40',1,1,0,0,0,0,0,0,0,0,0,0,0,0,0,307,0,0,'2026-07-28 20:42:40','2026-07-28 20:42:40'),(799,506,-10.0000,'2026-07-28 20:42:40',1,1,0,0,0,0,0,0,0,0,0,0,0,0,0,307,0,0,'2026-07-28 20:42:41','2026-07-28 20:42:41'),(800,506,-10.0000,'2026-07-28 20:42:40',1,1,0,0,0,0,0,0,0,0,0,0,0,0,0,307,0,0,'2026-07-28 20:42:41','2026-07-28 20:42:41'),(801,480,-4.0000,'2026-07-28 23:05:17',1,1,0,0,0,0,0,0,0,0,0,0,0,0,0,308,0,0,'2026-07-28 23:05:17','2026-07-28 23:05:17'),(802,480,-4.0000,'2026-07-28 23:05:17',1,1,0,0,0,0,0,0,0,0,0,0,0,0,0,308,0,0,'2026-07-28 23:05:17','2026-07-28 23:05:17'),(803,605,-1.0000,'2026-07-28 23:05:17',1,1,0,0,0,0,0,0,0,0,0,0,0,0,0,309,0,0,'2026-07-28 23:05:17','2026-07-28 23:05:17'),(804,605,-1.0000,'2026-07-28 23:05:17',1,1,0,0,0,0,0,0,0,0,0,0,0,0,0,309,0,0,'2026-07-28 23:05:17','2026-07-28 23:05:17'),(805,670,-1.0000,'2026-07-28 23:05:17',1,1,0,0,0,0,0,0,0,0,0,0,0,0,0,310,0,0,'2026-07-28 23:05:17','2026-07-28 23:05:17'),(806,670,-1.0000,'2026-07-28 23:05:17',1,1,0,0,0,0,0,0,0,0,0,0,0,0,0,310,0,0,'2026-07-28 23:05:17','2026-07-28 23:05:17'),(807,219,-3.0000,'2026-07-28 23:07:49',1,1,0,0,0,0,0,0,0,0,0,0,0,0,0,311,0,0,'2026-07-28 23:07:49','2026-07-28 23:07:49'),(808,219,-3.0000,'2026-07-28 23:07:49',1,1,0,0,0,0,0,0,0,0,0,0,0,0,0,311,0,0,'2026-07-28 23:07:49','2026-07-28 23:07:49'),(809,219,-3.0000,'2026-07-28 23:07:49',1,1,0,0,0,0,0,0,0,0,0,0,0,0,0,311,0,0,'2026-07-28 23:07:49','2026-07-28 23:07:49'),(810,339,-2.0000,'2026-07-28 23:07:49',1,1,0,0,0,0,0,0,0,0,0,0,0,0,0,312,0,0,'2026-07-28 23:07:49','2026-07-28 23:07:49'),(811,339,-2.0000,'2026-07-28 23:07:49',1,1,0,0,0,0,0,0,0,0,0,0,0,0,0,312,0,0,'2026-07-28 23:07:49','2026-07-28 23:07:49'),(812,569,-2.0000,'2026-07-28 23:07:49',1,1,0,0,0,0,0,0,0,0,0,0,0,0,0,313,0,0,'2026-07-28 23:07:49','2026-07-28 23:07:49'),(813,569,-2.0000,'2026-07-28 23:07:49',1,1,0,0,0,0,0,0,0,0,0,0,0,0,0,313,0,0,'2026-07-28 23:07:49','2026-07-28 23:07:49'),(814,599,-1.0000,'2026-07-28 23:07:49',1,1,0,0,0,0,0,0,0,0,0,0,0,0,0,314,0,0,'2026-07-28 23:07:49','2026-07-28 23:07:49'),(815,599,-1.0000,'2026-07-28 23:07:49',1,1,0,0,0,0,0,0,0,0,0,0,0,0,0,314,0,0,'2026-07-28 23:07:49','2026-07-28 23:07:49'),(816,597,-1.0000,'2026-07-28 23:07:49',1,1,0,0,0,0,0,0,0,0,0,0,0,0,0,315,0,0,'2026-07-28 23:07:49','2026-07-28 23:07:49'),(817,597,-1.0000,'2026-07-28 23:07:49',1,1,0,0,0,0,0,0,0,0,0,0,0,0,0,315,0,0,'2026-07-28 23:07:49','2026-07-28 23:07:49'),(818,632,-1.0000,'2026-07-28 23:07:49',1,1,0,0,0,0,0,0,0,0,0,0,0,0,0,316,0,0,'2026-07-28 23:07:49','2026-07-28 23:07:49'),(819,632,-1.0000,'2026-07-28 23:07:49',1,1,0,0,0,0,0,0,0,0,0,0,0,0,0,316,0,0,'2026-07-28 23:07:49','2026-07-28 23:07:49'),(820,363,-1.0000,'2026-07-28 23:12:07',1,1,0,0,0,0,0,0,0,0,0,0,0,0,0,317,0,0,'2026-07-28 23:12:07','2026-07-28 23:12:07'),(821,363,-1.0000,'2026-07-28 23:12:07',1,1,0,0,0,0,0,0,0,0,0,0,0,0,0,317,0,0,'2026-07-28 23:12:07','2026-07-28 23:12:07'),(822,363,-1.0000,'2026-07-28 23:12:07',1,1,0,0,0,0,0,0,0,0,0,0,0,0,0,317,0,0,'2026-07-28 23:12:07','2026-07-28 23:12:07'),(823,691,-1.0000,'2026-07-28 23:12:07',1,1,0,0,0,0,0,0,0,0,0,0,0,0,0,318,0,0,'2026-07-28 23:12:07','2026-07-28 23:12:07'),(824,691,-1.0000,'2026-07-28 23:12:07',1,1,0,0,0,0,0,0,0,0,0,0,0,0,0,318,0,0,'2026-07-28 23:12:07','2026-07-28 23:12:07'),(825,444,-2.0000,'2026-07-28 23:12:07',1,1,0,0,0,0,0,0,0,0,0,0,0,0,0,319,0,0,'2026-07-28 23:12:07','2026-07-28 23:12:07'),(826,444,-2.0000,'2026-07-28 23:12:07',1,1,0,0,0,0,0,0,0,0,0,0,0,0,0,319,0,0,'2026-07-28 23:12:07','2026-07-28 23:12:07'),(827,444,-2.0000,'2026-07-28 23:12:07',1,1,0,0,0,0,0,0,0,0,0,0,0,0,0,319,0,0,'2026-07-28 23:12:07','2026-07-28 23:12:07'),(828,448,-2.0000,'2026-07-28 23:12:07',1,1,0,0,0,0,0,0,0,0,0,0,0,0,0,320,0,0,'2026-07-28 23:12:08','2026-07-28 23:12:08'),(829,448,-2.0000,'2026-07-28 23:12:07',1,1,0,0,0,0,0,0,0,0,0,0,0,0,0,320,0,0,'2026-07-28 23:12:08','2026-07-28 23:12:08'),(830,448,-2.0000,'2026-07-28 23:12:07',1,1,0,0,0,0,0,0,0,0,0,0,0,0,0,320,0,0,'2026-07-28 23:12:08','2026-07-28 23:12:08'),(831,692,-1.0000,'2026-07-28 23:16:53',1,1,0,0,0,0,0,0,0,0,0,0,0,0,0,321,0,0,'2026-07-28 23:16:53','2026-07-28 23:16:53'),(832,692,-1.0000,'2026-07-28 23:16:53',1,1,0,0,0,0,0,0,0,0,0,0,0,0,0,321,0,0,'2026-07-28 23:16:53','2026-07-28 23:16:53'),(833,192,-2.0000,'2026-07-28 23:23:47',1,1,0,0,0,0,0,0,0,0,0,0,0,0,0,322,0,0,'2026-07-28 23:23:47','2026-07-28 23:23:47'),(834,192,-2.0000,'2026-07-28 23:23:47',1,1,0,0,0,0,0,0,0,0,0,0,0,0,0,322,0,0,'2026-07-28 23:23:47','2026-07-28 23:23:47'),(835,510,-1.0000,'2026-07-29 22:40:00',1,1,0,0,0,0,0,0,0,0,0,0,0,0,0,323,0,0,'2026-07-29 22:40:00','2026-07-29 22:40:00'),(836,510,-1.0000,'2026-07-29 22:40:00',1,1,0,0,0,0,0,0,0,0,0,0,0,0,0,323,0,0,'2026-07-29 22:40:01','2026-07-29 22:40:01'),(837,845,-1.0000,'2026-07-29 22:40:00',1,1,0,0,0,0,0,0,0,0,0,0,0,0,0,324,0,0,'2026-07-29 22:40:01','2026-07-29 22:40:01'),(838,845,-1.0000,'2026-07-29 22:40:00',1,1,0,0,0,0,0,0,0,0,0,0,0,0,0,324,0,0,'2026-07-29 22:40:01','2026-07-29 22:40:01'),(839,534,-1.0000,'2026-07-29 22:40:00',1,1,0,0,0,0,0,0,0,0,0,0,0,0,0,325,0,0,'2026-07-29 22:40:01','2026-07-29 22:40:01'),(840,534,-1.0000,'2026-07-29 22:40:00',1,1,0,0,0,0,0,0,0,0,0,0,0,0,0,325,0,0,'2026-07-29 22:40:01','2026-07-29 22:40:01'),(841,844,-1.0000,'2026-07-29 22:44:32',1,1,0,0,0,0,0,0,0,0,0,0,0,0,0,326,0,0,'2026-07-29 22:44:32','2026-07-29 22:44:32'),(842,844,-1.0000,'2026-07-29 22:44:32',1,1,0,0,0,0,0,0,0,0,0,0,0,0,0,326,0,0,'2026-07-29 22:44:32','2026-07-29 22:44:32'),(843,350,-1.0000,'2026-07-29 22:44:32',1,1,0,0,0,0,0,0,0,0,0,0,0,0,0,327,0,0,'2026-07-29 22:44:32','2026-07-29 22:44:32'),(844,350,-1.0000,'2026-07-29 22:44:32',1,1,0,0,0,0,0,0,0,0,0,0,0,0,0,327,0,0,'2026-07-29 22:44:32','2026-07-29 22:44:32'),(845,507,-2.0000,'2026-07-29 22:44:32',1,1,0,0,0,0,0,0,0,0,0,0,0,0,0,328,0,0,'2026-07-29 22:44:33','2026-07-29 22:44:33'),(846,507,-2.0000,'2026-07-29 22:44:32',1,1,0,0,0,0,0,0,0,0,0,0,0,0,0,328,0,0,'2026-07-29 22:44:33','2026-07-29 22:44:33'),(847,474,-1.0000,'2026-07-29 22:45:52',1,1,0,0,0,0,0,0,0,0,0,0,0,0,0,329,0,0,'2026-07-29 22:45:52','2026-07-29 22:45:52'),(848,474,-1.0000,'2026-07-29 22:45:52',1,1,0,0,0,0,0,0,0,0,0,0,0,0,0,329,0,0,'2026-07-29 22:45:52','2026-07-29 22:45:52'),(849,316,-1.0000,'2026-07-29 22:45:52',1,1,0,0,0,0,0,0,0,0,0,0,0,0,0,330,0,0,'2026-07-29 22:45:52','2026-07-29 22:45:52'),(850,316,-1.0000,'2026-07-29 22:45:52',1,1,0,0,0,0,0,0,0,0,0,0,0,0,0,330,0,0,'2026-07-29 22:45:52','2026-07-29 22:45:52'),(851,316,-1.0000,'2026-07-29 22:45:52',1,1,0,0,0,0,0,0,0,0,0,0,0,0,0,330,0,0,'2026-07-29 22:45:52','2026-07-29 22:45:52'),(852,276,-1.0000,'2026-07-29 22:45:52',1,1,0,0,0,0,0,0,0,0,0,0,0,0,0,331,0,0,'2026-07-29 22:45:52','2026-07-29 22:45:52'),(853,276,-1.0000,'2026-07-29 22:45:52',1,1,0,0,0,0,0,0,0,0,0,0,0,0,0,331,0,0,'2026-07-29 22:45:52','2026-07-29 22:45:52'),(854,276,-1.0000,'2026-07-29 22:45:52',1,1,0,0,0,0,0,0,0,0,0,0,0,0,0,331,0,0,'2026-07-29 22:45:52','2026-07-29 22:45:52'),(855,572,-1.0000,'2026-07-29 22:47:59',1,1,0,0,0,0,0,0,0,0,0,0,0,0,0,332,0,0,'2026-07-29 22:47:59','2026-07-29 22:47:59'),(856,572,-1.0000,'2026-07-29 22:47:59',1,1,0,0,0,0,0,0,0,0,0,0,0,0,0,332,0,0,'2026-07-29 22:47:59','2026-07-29 22:47:59'),(857,479,-1.0000,'2026-07-29 22:47:59',1,1,0,0,0,0,0,0,0,0,0,0,0,0,0,333,0,0,'2026-07-29 22:47:59','2026-07-29 22:47:59'),(858,479,-1.0000,'2026-07-29 22:47:59',1,1,0,0,0,0,0,0,0,0,0,0,0,0,0,333,0,0,'2026-07-29 22:47:59','2026-07-29 22:47:59'),(859,528,-1.0000,'2026-07-29 22:47:59',1,1,0,0,0,0,0,0,0,0,0,0,0,0,0,334,0,0,'2026-07-29 22:47:59','2026-07-29 22:47:59'),(860,528,-1.0000,'2026-07-29 22:47:59',1,1,0,0,0,0,0,0,0,0,0,0,0,0,0,334,0,0,'2026-07-29 22:47:59','2026-07-29 22:47:59'),(861,605,-1.0000,'2026-07-29 22:47:59',1,1,0,0,0,0,0,0,0,0,0,0,0,0,0,335,0,0,'2026-07-29 22:47:59','2026-07-29 22:47:59'),(862,605,-1.0000,'2026-07-29 22:47:59',1,1,0,0,0,0,0,0,0,0,0,0,0,0,0,335,0,0,'2026-07-29 22:47:59','2026-07-29 22:47:59'),(863,414,-4.0000,'2026-07-29 22:47:59',1,1,0,0,0,0,0,0,0,0,0,0,0,0,0,336,0,0,'2026-07-29 22:47:59','2026-07-29 22:47:59'),(864,414,-4.0000,'2026-07-29 22:47:59',1,1,0,0,0,0,0,0,0,0,0,0,0,0,0,336,0,0,'2026-07-29 22:47:59','2026-07-29 22:47:59'),(865,846,-1.0000,'2026-07-29 22:54:27',1,1,0,0,0,0,0,0,0,0,0,0,0,0,0,337,0,0,'2026-07-29 22:54:27','2026-07-29 22:54:27'),(866,846,-1.0000,'2026-07-29 22:54:27',1,1,0,0,0,0,0,0,0,0,0,0,0,0,0,337,0,0,'2026-07-29 22:54:27','2026-07-29 22:54:27'),(867,630,-2.0000,'2026-07-29 22:54:27',1,1,0,0,0,0,0,0,0,0,0,0,0,0,0,338,0,0,'2026-07-29 22:54:27','2026-07-29 22:54:27'),(868,630,-2.0000,'2026-07-29 22:54:27',1,1,0,0,0,0,0,0,0,0,0,0,0,0,0,338,0,0,'2026-07-29 22:54:27','2026-07-29 22:54:27'),(869,192,-2.0000,'2026-07-29 22:54:27',1,1,0,0,0,0,0,0,0,0,0,0,0,0,0,339,0,0,'2026-07-29 22:54:27','2026-07-29 22:54:27'),(870,192,-2.0000,'2026-07-29 22:54:27',1,1,0,0,0,0,0,0,0,0,0,0,0,0,0,339,0,0,'2026-07-29 22:54:27','2026-07-29 22:54:27'),(871,759,-1.0000,'2026-07-29 22:54:27',1,1,0,0,0,0,0,0,0,0,0,0,0,0,0,340,0,0,'2026-07-29 22:54:27','2026-07-29 22:54:27'),(872,759,-1.0000,'2026-07-29 22:54:27',1,1,0,0,0,0,0,0,0,0,0,0,0,0,0,340,0,0,'2026-07-29 22:54:27','2026-07-29 22:54:27'),(873,556,-1.0000,'2026-07-29 22:54:27',1,1,0,0,0,0,0,0,0,0,0,0,0,0,0,341,0,0,'2026-07-29 22:54:27','2026-07-29 22:54:27'),(874,556,-1.0000,'2026-07-29 22:54:27',1,1,0,0,0,0,0,0,0,0,0,0,0,0,0,341,0,0,'2026-07-29 22:54:27','2026-07-29 22:54:27'),(875,553,-1.0000,'2026-07-29 22:54:27',1,1,0,0,0,0,0,0,0,0,0,0,0,0,0,342,0,0,'2026-07-29 22:54:27','2026-07-29 22:54:27'),(876,553,-1.0000,'2026-07-29 22:54:27',1,1,0,0,0,0,0,0,0,0,0,0,0,0,0,342,0,0,'2026-07-29 22:54:27','2026-07-29 22:54:27'),(1049,212,-1.0000,'2026-07-30 13:12:53',1,1,0,0,0,0,0,0,0,0,0,0,0,0,0,409,0,0,'2026-07-30 13:12:54','2026-07-30 13:12:54'),(1050,212,-1.0000,'2026-07-30 13:12:53',1,1,0,0,0,0,0,0,0,0,0,0,0,0,0,409,0,0,'2026-07-30 13:12:54','2026-07-30 13:12:54'),(1051,212,-1.0000,'2026-07-30 13:12:53',1,1,0,0,0,0,0,0,0,0,0,0,0,0,0,409,0,0,'2026-07-30 13:12:54','2026-07-30 13:12:54'),(1052,421,-1.0000,'2026-07-30 13:12:53',1,1,0,0,0,0,0,0,0,0,0,0,0,0,0,410,0,0,'2026-07-30 13:12:54','2026-07-30 13:12:54'),(1053,421,-1.0000,'2026-07-30 13:12:53',1,1,0,0,0,0,0,0,0,0,0,0,0,0,0,410,0,0,'2026-07-30 13:12:54','2026-07-30 13:12:54'),(1054,421,-1.0000,'2026-07-30 13:12:53',1,1,0,0,0,0,0,0,0,0,0,0,0,0,0,410,0,0,'2026-07-30 13:12:54','2026-07-30 13:12:54'),(1055,104,-1.0000,'2026-07-30 13:12:53',1,1,0,0,0,0,0,0,0,0,0,0,0,0,0,411,0,0,'2026-07-30 13:12:54','2026-07-30 13:12:54'),(1056,104,-1.0000,'2026-07-30 13:12:53',1,1,0,0,0,0,0,0,0,0,0,0,0,0,0,411,0,0,'2026-07-30 13:12:54','2026-07-30 13:12:54'),(1057,104,-1.0000,'2026-07-30 13:12:53',1,1,0,0,0,0,0,0,0,0,0,0,0,0,0,411,0,0,'2026-07-30 13:12:54','2026-07-30 13:12:54'),(1058,331,-6.0000,'2026-07-30 13:12:53',1,1,0,0,0,0,0,0,0,0,0,0,0,0,0,412,0,0,'2026-07-30 13:12:54','2026-07-30 13:12:54'),(1059,331,-6.0000,'2026-07-30 13:12:53',1,1,0,0,0,0,0,0,0,0,0,0,0,0,0,412,0,0,'2026-07-30 13:12:54','2026-07-30 13:12:54'),(1060,331,-6.0000,'2026-07-30 13:12:53',1,1,0,0,0,0,0,0,0,0,0,0,0,0,0,412,0,0,'2026-07-30 13:12:54','2026-07-30 13:12:54'),(1061,86,-6.0000,'2026-07-30 13:12:53',1,1,0,0,0,0,0,0,0,0,0,0,0,0,0,413,0,0,'2026-07-30 13:12:54','2026-07-30 13:12:54'),(1062,86,-6.0000,'2026-07-30 13:12:53',1,1,0,0,0,0,0,0,0,0,0,0,0,0,0,413,0,0,'2026-07-30 13:12:54','2026-07-30 13:12:54'),(1063,86,-6.0000,'2026-07-30 13:12:53',1,1,0,0,0,0,0,0,0,0,0,0,0,0,0,413,0,0,'2026-07-30 13:12:54','2026-07-30 13:12:54'),(1064,266,-1.0000,'2026-07-30 13:20:42',1,1,0,0,0,0,0,0,0,0,0,0,0,0,0,414,0,0,'2026-07-30 13:20:42','2026-07-30 13:20:42'),(1065,266,-1.0000,'2026-07-30 13:20:42',1,1,0,0,0,0,0,0,0,0,0,0,0,0,0,414,0,0,'2026-07-30 13:20:42','2026-07-30 13:20:42'),(1066,266,-1.0000,'2026-07-30 13:20:42',1,1,0,0,0,0,0,0,0,0,0,0,0,0,0,414,0,0,'2026-07-30 13:20:42','2026-07-30 13:20:42'),(1067,215,-2.0000,'2026-07-30 13:20:42',1,1,0,0,0,0,0,0,0,0,0,0,0,0,0,415,0,0,'2026-07-30 13:20:42','2026-07-30 13:20:42'),(1068,215,-2.0000,'2026-07-30 13:20:42',1,1,0,0,0,0,0,0,0,0,0,0,0,0,0,415,0,0,'2026-07-30 13:20:42','2026-07-30 13:20:42'),(1069,215,-2.0000,'2026-07-30 13:20:42',1,1,0,0,0,0,0,0,0,0,0,0,0,0,0,415,0,0,'2026-07-30 13:20:42','2026-07-30 13:20:42'),(1070,566,-1.0000,'2026-07-30 13:20:42',1,1,0,0,0,0,0,0,0,0,0,0,0,0,0,416,0,0,'2026-07-30 13:20:42','2026-07-30 13:20:42'),(1071,566,-1.0000,'2026-07-30 13:20:42',1,1,0,0,0,0,0,0,0,0,0,0,0,0,0,416,0,0,'2026-07-30 13:20:42','2026-07-30 13:20:42'),(1072,194,-1.0000,'2026-07-30 13:20:42',1,1,0,0,0,0,0,0,0,0,0,0,0,0,0,417,0,0,'2026-07-30 13:20:43','2026-07-30 13:20:43'),(1073,194,-1.0000,'2026-07-30 13:20:42',1,1,0,0,0,0,0,0,0,0,0,0,0,0,0,417,0,0,'2026-07-30 13:20:43','2026-07-30 13:20:43'),(1074,194,-1.0000,'2026-07-30 13:20:42',1,1,0,0,0,0,0,0,0,0,0,0,0,0,0,417,0,0,'2026-07-30 13:20:43','2026-07-30 13:20:43'),(1075,477,-2.0000,'2026-07-30 13:20:42',1,1,0,0,0,0,0,0,0,0,0,0,0,0,0,418,0,0,'2026-07-30 13:20:43','2026-07-30 13:20:43'),(1076,477,-2.0000,'2026-07-30 13:20:42',1,1,0,0,0,0,0,0,0,0,0,0,0,0,0,418,0,0,'2026-07-30 13:20:43','2026-07-30 13:20:43'),(1077,474,-1.0000,'2026-07-30 13:20:42',1,1,0,0,0,0,0,0,0,0,0,0,0,0,0,419,0,0,'2026-07-30 13:20:43','2026-07-30 13:20:43'),(1078,474,-1.0000,'2026-07-30 13:20:42',1,1,0,0,0,0,0,0,0,0,0,0,0,0,0,419,0,0,'2026-07-30 13:20:43','2026-07-30 13:20:43'),(1079,803,-1.0000,'2026-07-30 13:20:42',1,1,0,0,0,0,0,0,0,0,0,0,0,0,0,420,0,0,'2026-07-30 13:20:43','2026-07-30 13:20:43'),(1080,803,-1.0000,'2026-07-30 13:20:42',1,1,0,0,0,0,0,0,0,0,0,0,0,0,0,420,0,0,'2026-07-30 13:20:43','2026-07-30 13:20:43'),(1081,400,-1.0000,'2026-07-30 13:20:42',1,1,0,0,0,0,0,0,0,0,0,0,0,0,0,421,0,0,'2026-07-30 13:20:43','2026-07-30 13:20:43'),(1082,400,-1.0000,'2026-07-30 13:20:42',1,1,0,0,0,0,0,0,0,0,0,0,0,0,0,421,0,0,'2026-07-30 13:20:43','2026-07-30 13:20:43'),(1083,400,-1.0000,'2026-07-30 13:20:42',1,1,0,0,0,0,0,0,0,0,0,0,0,0,0,421,0,0,'2026-07-30 13:20:43','2026-07-30 13:20:43'),(1084,604,-1.0000,'2026-07-30 13:20:42',1,1,0,0,0,0,0,0,0,0,0,0,0,0,0,422,0,0,'2026-07-30 13:20:43','2026-07-30 13:20:43'),(1085,604,-1.0000,'2026-07-30 13:20:42',1,1,0,0,0,0,0,0,0,0,0,0,0,0,0,422,0,0,'2026-07-30 13:20:43','2026-07-30 13:20:43'),(1086,190,-1.0000,'2026-07-30 13:31:28',1,1,0,0,0,0,0,0,0,0,0,0,0,0,0,423,0,0,'2026-07-30 13:31:28','2026-07-30 13:31:28'),(1087,190,-1.0000,'2026-07-30 13:31:28',1,1,0,0,0,0,0,0,0,0,0,0,0,0,0,423,0,0,'2026-07-30 13:31:28','2026-07-30 13:31:28'),(1088,190,-1.0000,'2026-07-30 13:31:28',1,1,0,0,0,0,0,0,0,0,0,0,0,0,0,423,0,0,'2026-07-30 13:31:28','2026-07-30 13:31:28'),(1089,528,-1.0000,'2026-07-30 13:31:28',1,1,0,0,0,0,0,0,0,0,0,0,0,0,0,424,0,0,'2026-07-30 13:31:28','2026-07-30 13:31:28'),(1090,528,-1.0000,'2026-07-30 13:31:28',1,1,0,0,0,0,0,0,0,0,0,0,0,0,0,424,0,0,'2026-07-30 13:31:28','2026-07-30 13:31:28'),(1091,850,-1.0000,'2026-07-30 13:31:28',1,1,0,0,0,0,0,0,0,0,0,0,0,0,0,425,0,0,'2026-07-30 13:31:29','2026-07-30 13:31:29'),(1092,850,-1.0000,'2026-07-30 13:31:28',1,1,0,0,0,0,0,0,0,0,0,0,0,0,0,425,0,0,'2026-07-30 13:31:29','2026-07-30 13:31:29'),(1093,667,-1.0000,'2026-07-30 13:31:28',1,1,0,0,0,0,0,0,0,0,0,0,0,0,0,426,0,0,'2026-07-30 13:31:29','2026-07-30 13:31:29'),(1094,667,-1.0000,'2026-07-30 13:31:28',1,1,0,0,0,0,0,0,0,0,0,0,0,0,0,426,0,0,'2026-07-30 13:31:29','2026-07-30 13:31:29'),(1095,443,-5.0000,'2026-07-30 13:31:28',1,1,0,0,0,0,0,0,0,0,0,0,0,0,0,427,0,0,'2026-07-30 13:31:29','2026-07-30 13:31:29'),(1096,443,-5.0000,'2026-07-30 13:31:28',1,1,0,0,0,0,0,0,0,0,0,0,0,0,0,427,0,0,'2026-07-30 13:31:29','2026-07-30 13:31:29'),(1097,849,-2.0000,'2026-07-30 13:31:28',1,1,0,0,0,0,0,0,0,0,0,0,0,0,0,428,0,0,'2026-07-30 13:31:29','2026-07-30 13:31:29'),(1098,849,-2.0000,'2026-07-30 13:31:28',1,1,0,0,0,0,0,0,0,0,0,0,0,0,0,428,0,0,'2026-07-30 13:31:29','2026-07-30 13:31:29'),(1099,507,-1.0000,'2026-07-30 13:31:28',1,1,0,0,0,0,0,0,0,0,0,0,0,0,0,429,0,0,'2026-07-30 13:31:29','2026-07-30 13:31:29'),(1100,507,-1.0000,'2026-07-30 13:31:28',1,1,0,0,0,0,0,0,0,0,0,0,0,0,0,429,0,0,'2026-07-30 13:31:29','2026-07-30 13:31:29'),(1101,537,-1.0000,'2026-07-30 13:31:28',1,1,0,0,0,0,0,0,0,0,0,0,0,0,0,430,0,0,'2026-07-30 13:31:29','2026-07-30 13:31:29'),(1102,537,-1.0000,'2026-07-30 13:31:28',1,1,0,0,0,0,0,0,0,0,0,0,0,0,0,430,0,0,'2026-07-30 13:31:29','2026-07-30 13:31:29'),(1103,409,-3.0000,'2026-07-30 13:31:28',1,1,0,0,0,0,0,0,0,0,0,0,0,0,0,431,0,0,'2026-07-30 13:31:29','2026-07-30 13:31:29'),(1104,409,-3.0000,'2026-07-30 13:31:28',1,1,0,0,0,0,0,0,0,0,0,0,0,0,0,431,0,0,'2026-07-30 13:31:29','2026-07-30 13:31:29'),(1105,409,-3.0000,'2026-07-30 13:31:28',1,1,0,0,0,0,0,0,0,0,0,0,0,0,0,431,0,0,'2026-07-30 13:31:29','2026-07-30 13:31:29'),(1106,131,-3.0000,'2026-07-30 13:31:28',1,1,0,0,0,0,0,0,0,0,0,0,0,0,0,432,0,0,'2026-07-30 13:31:29','2026-07-30 13:31:29'),(1107,131,-3.0000,'2026-07-30 13:31:28',1,1,0,0,0,0,0,0,0,0,0,0,0,0,0,432,0,0,'2026-07-30 13:31:29','2026-07-30 13:31:29'),(1108,131,-3.0000,'2026-07-30 13:31:28',1,1,0,0,0,0,0,0,0,0,0,0,0,0,0,432,0,0,'2026-07-30 13:31:29','2026-07-30 13:31:29'),(1109,417,-2.0000,'2026-07-30 13:34:58',1,1,0,0,0,0,0,0,0,0,0,0,0,0,0,433,0,0,'2026-07-30 13:34:58','2026-07-30 13:34:58'),(1110,417,-2.0000,'2026-07-30 13:34:58',1,1,0,0,0,0,0,0,0,0,0,0,0,0,0,433,0,0,'2026-07-30 13:34:58','2026-07-30 13:34:58'),(1111,417,-2.0000,'2026-07-30 13:34:58',1,1,0,0,0,0,0,0,0,0,0,0,0,0,0,433,0,0,'2026-07-30 13:34:58','2026-07-30 13:34:58'),(1112,786,-1.0000,'2026-07-30 13:34:58',1,1,0,0,0,0,0,0,0,0,0,0,0,0,0,434,0,0,'2026-07-30 13:34:58','2026-07-30 13:34:58'),(1113,786,-1.0000,'2026-07-30 13:34:58',1,1,0,0,0,0,0,0,0,0,0,0,0,0,0,434,0,0,'2026-07-30 13:34:58','2026-07-30 13:34:58'),(1114,480,-2.0000,'2026-07-30 13:34:58',1,1,0,0,0,0,0,0,0,0,0,0,0,0,0,435,0,0,'2026-07-30 13:34:58','2026-07-30 13:34:58'),(1115,480,-2.0000,'2026-07-30 13:34:58',1,1,0,0,0,0,0,0,0,0,0,0,0,0,0,435,0,0,'2026-07-30 13:34:58','2026-07-30 13:34:58'),(1116,541,-1.0000,'2026-07-30 13:34:58',1,1,0,0,0,0,0,0,0,0,0,0,0,0,0,436,0,0,'2026-07-30 13:34:58','2026-07-30 13:34:58'),(1117,541,-1.0000,'2026-07-30 13:34:58',1,1,0,0,0,0,0,0,0,0,0,0,0,0,0,436,0,0,'2026-07-30 13:34:58','2026-07-30 13:34:58'),(1118,412,-1.0000,'2026-07-30 13:34:58',1,1,0,0,0,0,0,0,0,0,0,0,0,0,0,437,0,0,'2026-07-30 13:34:58','2026-07-30 13:34:58'),(1119,412,-1.0000,'2026-07-30 13:34:58',1,1,0,0,0,0,0,0,0,0,0,0,0,0,0,437,0,0,'2026-07-30 13:34:58','2026-07-30 13:34:58'),(1120,412,-1.0000,'2026-07-30 13:34:58',1,1,0,0,0,0,0,0,0,0,0,0,0,0,0,437,0,0,'2026-07-30 13:34:58','2026-07-30 13:34:58'),(1121,190,-2.0000,'2026-07-30 13:34:58',1,1,0,0,0,0,0,0,0,0,0,0,0,0,0,438,0,0,'2026-07-30 13:34:58','2026-07-30 13:34:58'),(1122,190,-2.0000,'2026-07-30 13:34:58',1,1,0,0,0,0,0,0,0,0,0,0,0,0,0,438,0,0,'2026-07-30 13:34:58','2026-07-30 13:34:58'),(1123,190,-2.0000,'2026-07-30 13:34:58',1,1,0,0,0,0,0,0,0,0,0,0,0,0,0,438,0,0,'2026-07-30 13:34:58','2026-07-30 13:34:58'),(1124,479,-1.0000,'2026-07-30 13:34:58',1,1,0,0,0,0,0,0,0,0,0,0,0,0,0,439,0,0,'2026-07-30 13:34:58','2026-07-30 13:34:58'),(1125,479,-1.0000,'2026-07-30 13:34:58',1,1,0,0,0,0,0,0,0,0,0,0,0,0,0,439,0,0,'2026-07-30 13:34:58','2026-07-30 13:34:58'),(1126,638,1.0000,'2026-07-30 16:35:41',1,1,0,0,0,0,0,0,0,0,0,1,0,0,0,0,0,0,'2026-07-30 16:35:41','2026-07-30 16:35:41'),(1127,235,1.0000,'2026-07-30 16:35:41',1,1,0,0,0,0,0,0,0,0,0,2,0,0,0,0,0,0,'2026-07-30 16:35:41','2026-07-30 16:35:41'),(1128,474,3.0000,'2026-07-30 16:35:41',1,1,0,0,0,0,0,0,0,0,0,3,0,0,0,0,0,0,'2026-07-30 16:35:41','2026-07-30 16:35:41'),(1129,433,4.0000,'2026-07-30 16:35:41',1,1,0,0,0,0,0,0,0,0,0,4,0,0,0,0,0,0,'2026-07-30 16:35:41','2026-07-30 16:35:41'),(1130,433,4.0000,'2026-07-30 16:35:41',1,1,0,0,0,0,0,0,0,0,0,4,0,0,0,0,0,0,'2026-07-30 16:35:41','2026-07-30 16:35:41'),(1131,155,3.0000,'2026-07-30 16:35:41',1,1,0,0,0,0,0,0,0,0,0,5,0,0,0,0,0,0,'2026-07-30 16:35:41','2026-07-30 16:35:41'),(1132,155,3.0000,'2026-07-30 16:35:41',1,1,0,0,0,0,0,0,0,0,0,5,0,0,0,0,0,0,'2026-07-30 16:35:41','2026-07-30 16:35:41'),(1133,641,100.0000,'2026-07-30 16:35:41',1,1,0,0,0,0,0,0,0,0,0,6,0,0,0,0,0,0,'2026-07-30 16:35:41','2026-07-30 16:35:41'),(1134,641,100.0000,'2026-07-30 16:35:41',1,1,0,0,0,0,0,0,0,0,0,6,0,0,0,0,0,0,'2026-07-30 16:35:41','2026-07-30 16:35:41'),(1135,640,100.0000,'2026-07-30 16:35:41',1,1,0,0,0,0,0,0,0,0,0,7,0,0,0,0,0,0,'2026-07-30 16:35:41','2026-07-30 16:35:41'),(1136,640,100.0000,'2026-07-30 16:35:41',1,1,0,0,0,0,0,0,0,0,0,7,0,0,0,0,0,0,'2026-07-30 16:35:41','2026-07-30 16:35:41'),(1137,539,1.0000,'2026-07-30 16:35:41',1,1,0,0,0,0,0,0,0,0,0,8,0,0,0,0,0,0,'2026-07-30 16:35:41','2026-07-30 16:35:41'),(1138,642,1.0000,'2026-07-30 16:35:41',1,1,0,0,0,0,0,0,0,0,0,9,0,0,0,0,0,0,'2026-07-30 16:35:41','2026-07-30 16:35:41'),(1139,642,1.0000,'2026-07-30 16:35:41',1,1,0,0,0,0,0,0,0,0,0,9,0,0,0,0,0,0,'2026-07-30 16:35:41','2026-07-30 16:35:41'),(1140,639,10.0000,'2026-07-30 16:35:41',1,1,0,0,0,0,0,0,0,0,0,10,0,0,0,0,0,0,'2026-07-30 16:35:42','2026-07-30 16:35:42'),(1141,639,10.0000,'2026-07-30 16:35:41',1,1,0,0,0,0,0,0,0,0,0,10,0,0,0,0,0,0,'2026-07-30 16:35:42','2026-07-30 16:35:42'),(1142,643,1.0000,'2026-07-30 16:35:41',1,1,0,0,0,0,0,0,0,0,0,11,0,0,0,0,0,0,'2026-07-30 16:35:42','2026-07-30 16:35:42'),(1143,644,1.0000,'2026-07-30 16:35:41',1,1,0,0,0,0,0,0,0,0,0,12,0,0,0,0,0,0,'2026-07-30 16:35:42','2026-07-30 16:35:42'),(1144,645,2.0000,'2026-07-30 16:35:41',1,1,0,0,0,0,0,0,0,0,0,13,0,0,0,0,0,0,'2026-07-30 16:35:42','2026-07-30 16:35:42'),(1145,417,10.0000,'2026-07-30 16:35:41',1,1,0,0,0,0,0,0,0,0,0,14,0,0,0,0,0,0,'2026-07-30 16:35:42','2026-07-30 16:35:42'),(1146,417,10.0000,'2026-07-30 16:35:41',1,1,0,0,0,0,0,0,0,0,0,14,0,0,0,0,0,0,'2026-07-30 16:35:42','2026-07-30 16:35:42'),(1147,646,30.0000,'2026-07-30 16:35:41',1,1,0,0,0,0,0,0,0,0,0,15,0,0,0,0,0,0,'2026-07-30 16:35:42','2026-07-30 16:35:42'),(1148,646,30.0000,'2026-07-30 16:35:41',1,1,0,0,0,0,0,0,0,0,0,15,0,0,0,0,0,0,'2026-07-30 16:35:42','2026-07-30 16:35:42'),(1149,647,1.0000,'2026-07-30 16:35:41',1,1,0,0,0,0,0,0,0,0,0,16,0,0,0,0,0,0,'2026-07-30 16:35:42','2026-07-30 16:35:42'),(1150,647,1.0000,'2026-07-30 16:35:41',1,1,0,0,0,0,0,0,0,0,0,16,0,0,0,0,0,0,'2026-07-30 16:35:42','2026-07-30 16:35:42'),(1151,648,1.0000,'2026-07-30 16:35:41',1,1,0,0,0,0,0,0,0,0,0,17,0,0,0,0,0,0,'2026-07-30 16:35:42','2026-07-30 16:35:42'),(1152,649,1.0000,'2026-07-30 16:35:41',1,1,0,0,0,0,0,0,0,0,0,18,0,0,0,0,0,0,'2026-07-30 16:35:42','2026-07-30 16:35:42'),(1153,649,1.0000,'2026-07-30 16:35:41',1,1,0,0,0,0,0,0,0,0,0,18,0,0,0,0,0,0,'2026-07-30 16:35:42','2026-07-30 16:35:42'),(1154,650,100.0000,'2026-07-30 16:35:41',1,1,0,0,0,0,0,0,0,0,0,19,0,0,0,0,0,0,'2026-07-30 16:35:42','2026-07-30 16:35:42'),(1155,650,100.0000,'2026-07-30 16:35:41',1,1,0,0,0,0,0,0,0,0,0,19,0,0,0,0,0,0,'2026-07-30 16:35:42','2026-07-30 16:35:42'),(1156,651,1.0000,'2026-07-30 16:35:41',1,1,0,0,0,0,0,0,0,0,0,20,0,0,0,0,0,0,'2026-07-30 16:35:42','2026-07-30 16:35:42'),(1157,651,1.0000,'2026-07-30 16:35:41',1,1,0,0,0,0,0,0,0,0,0,20,0,0,0,0,0,0,'2026-07-30 16:35:43','2026-07-30 16:35:43'),(1158,652,1.0000,'2026-07-30 16:35:41',1,1,0,0,0,0,0,0,0,0,0,21,0,0,0,0,0,0,'2026-07-30 16:35:43','2026-07-30 16:35:43'),(1159,652,1.0000,'2026-07-30 16:35:41',1,1,0,0,0,0,0,0,0,0,0,21,0,0,0,0,0,0,'2026-07-30 16:35:43','2026-07-30 16:35:43'),(1160,161,3.0000,'2026-07-30 16:35:41',1,1,0,0,0,0,0,0,0,0,0,22,0,0,0,0,0,0,'2026-07-30 16:35:43','2026-07-30 16:35:43'),(1161,161,3.0000,'2026-07-30 16:35:41',1,1,0,0,0,0,0,0,0,0,0,22,0,0,0,0,0,0,'2026-07-30 16:35:43','2026-07-30 16:35:43'),(1162,237,1.0000,'2026-07-30 16:35:41',1,1,0,0,0,0,0,0,0,0,0,23,0,0,0,0,0,0,'2026-07-30 16:35:43','2026-07-30 16:35:43'),(1163,473,14.0000,'2026-07-30 16:35:41',1,1,0,0,0,0,0,0,0,0,0,24,0,0,0,0,0,0,'2026-07-30 16:35:43','2026-07-30 16:35:43'),(1164,473,14.0000,'2026-07-30 16:35:41',1,1,0,0,0,0,0,0,0,0,0,24,0,0,0,0,0,0,'2026-07-30 16:35:43','2026-07-30 16:35:43'),(1165,653,1.0000,'2026-07-30 16:35:41',1,1,0,0,0,0,0,0,0,0,0,25,0,0,0,0,0,0,'2026-07-30 16:35:43','2026-07-30 16:35:43'),(1166,389,100.0000,'2026-07-30 16:35:41',1,1,0,0,0,0,0,0,0,0,0,26,0,0,0,0,0,0,'2026-07-30 16:35:43','2026-07-30 16:35:43'),(1167,389,100.0000,'2026-07-30 16:35:41',1,1,0,0,0,0,0,0,0,0,0,26,0,0,0,0,0,0,'2026-07-30 16:35:43','2026-07-30 16:35:43'),(1168,654,6.0000,'2026-07-30 16:35:41',1,1,0,0,0,0,0,0,0,0,0,27,0,0,0,0,0,0,'2026-07-30 16:35:43','2026-07-30 16:35:43'),(1169,654,6.0000,'2026-07-30 16:35:41',1,1,0,0,0,0,0,0,0,0,0,27,0,0,0,0,0,0,'2026-07-30 16:35:43','2026-07-30 16:35:43'),(1170,62,3.0000,'2026-07-30 16:35:41',1,1,0,0,0,0,0,0,0,0,0,28,0,0,0,0,0,0,'2026-07-30 16:35:43','2026-07-30 16:35:43'),(1171,62,3.0000,'2026-07-30 16:35:41',1,1,0,0,0,0,0,0,0,0,0,28,0,0,0,0,0,0,'2026-07-30 16:35:43','2026-07-30 16:35:43'),(1172,88,100.0000,'2026-07-30 16:35:41',1,1,0,0,0,0,0,0,0,0,0,29,0,0,0,0,0,0,'2026-07-30 16:35:43','2026-07-30 16:35:43'),(1173,88,100.0000,'2026-07-30 16:35:41',1,1,0,0,0,0,0,0,0,0,0,29,0,0,0,0,0,0,'2026-07-30 16:35:44','2026-07-30 16:35:44'),(1174,89,4.0000,'2026-07-30 16:35:41',1,1,0,0,0,0,0,0,0,0,0,30,0,0,0,0,0,0,'2026-07-30 16:35:44','2026-07-30 16:35:44'),(1175,89,4.0000,'2026-07-30 16:35:41',1,1,0,0,0,0,0,0,0,0,0,30,0,0,0,0,0,0,'2026-07-30 16:35:44','2026-07-30 16:35:44'),(1176,667,100.0000,'2026-07-30 16:35:41',1,1,0,0,0,0,0,0,0,0,0,31,0,0,0,0,0,0,'2026-07-30 16:35:44','2026-07-30 16:35:44'),(1177,847,1.0000,'2026-07-30 16:35:41',1,1,0,0,0,0,0,0,0,0,0,32,0,0,0,0,0,0,'2026-07-30 16:35:44','2026-07-30 16:35:44'),(1178,847,1.0000,'2026-07-30 16:35:41',1,1,0,0,0,0,0,0,0,0,0,32,0,0,0,0,0,0,'2026-07-30 16:35:44','2026-07-30 16:35:44'),(1179,848,100.0000,'2026-07-30 16:35:41',1,1,0,0,0,0,0,0,0,0,0,33,0,0,0,0,0,0,'2026-07-30 16:35:44','2026-07-30 16:35:44'),(1180,848,100.0000,'2026-07-30 16:35:41',1,1,0,0,0,0,0,0,0,0,0,33,0,0,0,0,0,0,'2026-07-30 16:35:44','2026-07-30 16:35:44');
COMMIT;

-- Dumped table `item_movement` with 1008 row(s)
--

--
-- Table structure for table `item_movement_rel_extra`
--

CREATE TABLE `item_movement_rel_extra` (
  `id` int(10) unsigned NOT NULL AUTO_INCREMENT,
  `item_id` int(10) unsigned DEFAULT 0,
  `item_movement_id` int(10) unsigned DEFAULT 0,
  `item_color_id` int(10) unsigned DEFAULT 0,
  `item_status_id` int(10) unsigned DEFAULT 0,
  `item_unit_business_id` int(10) unsigned DEFAULT 0,
  `item_mold_cavities_id` int(10) unsigned DEFAULT 0,
  `item_package_measurements_id` int(10) unsigned DEFAULT 0,
  `item_units_per_package_id` int(10) unsigned DEFAULT 0,
  `item_mold_properties_id` int(10) unsigned DEFAULT 0,
  `item_product_family_id` int(10) unsigned DEFAULT 0,
  `item_size_id` int(10) unsigned DEFAULT 0,
  `created_at` timestamp NULL DEFAULT NULL,
  `updated_at` timestamp NULL DEFAULT NULL,
  PRIMARY KEY (`id`),
  KEY `item_movement_rel_extra_item_movement_id_foreign` (`item_movement_id`),
  KEY `index_item_status_id` (`item_status_id`),
  KEY `index_item_unit_business_id` (`item_unit_business_id`),
  KEY `index_item_mold_cavities_id` (`item_mold_cavities_id`),
  KEY `index_item_package_measurements_id` (`item_package_measurements_id`),
  KEY `index_item_units_per_package_id` (`item_units_per_package_id`),
  KEY `index_item_mold_properties_id` (`item_mold_properties_id`),
  KEY `index_item_product_family_id` (`item_product_family_id`),
  KEY `index_item_size_id` (`item_size_id`),
  CONSTRAINT `item_movement_rel_extra_item_movement_id_foreign` FOREIGN KEY (`item_movement_id`) REFERENCES `item_movement` (`id`)
) ENGINE=InnoDB AUTO_INCREMENT=56 DEFAULT CHARSET=utf8mb4 COLLATE=utf8mb4_unicode_ci;

--
-- Dumping data for table `item_movement_rel_extra`
--

SET autocommit=0;
INSERT INTO `item_movement_rel_extra` VALUES (1,638,1126,0,0,0,0,0,0,0,0,0,'2026-07-30 16:35:41','2026-07-30 16:35:41'),(2,235,1127,0,0,0,0,0,0,0,0,0,'2026-07-30 16:35:41','2026-07-30 16:35:41'),(3,474,1128,0,0,0,0,0,0,0,0,0,'2026-07-30 16:35:41','2026-07-30 16:35:41'),(4,433,1129,0,0,0,0,0,0,0,0,0,'2026-07-30 16:35:41','2026-07-30 16:35:41'),(5,433,1130,0,0,0,0,0,0,0,0,0,'2026-07-30 16:35:41','2026-07-30 16:35:41'),(6,155,1131,0,0,0,0,0,0,0,0,0,'2026-07-30 16:35:41','2026-07-30 16:35:41'),(7,155,1132,0,0,0,0,0,0,0,0,0,'2026-07-30 16:35:41','2026-07-30 16:35:41'),(8,641,1133,0,0,0,0,0,0,0,0,0,'2026-07-30 16:35:41','2026-07-30 16:35:41'),(9,641,1134,0,0,0,0,0,0,0,0,0,'2026-07-30 16:35:41','2026-07-30 16:35:41'),(10,640,1135,0,0,0,0,0,0,0,0,0,'2026-07-30 16:35:41','2026-07-30 16:35:41'),(11,640,1136,0,0,0,0,0,0,0,0,0,'2026-07-30 16:35:41','2026-07-30 16:35:41'),(12,539,1137,0,0,0,0,0,0,0,0,0,'2026-07-30 16:35:41','2026-07-30 16:35:41'),(13,642,1138,0,0,0,0,0,0,0,0,0,'2026-07-30 16:35:41','2026-07-30 16:35:41'),(14,642,1139,0,0,0,0,0,0,0,0,0,'2026-07-30 16:35:41','2026-07-30 16:35:41'),(15,639,1140,0,0,0,0,0,0,0,0,0,'2026-07-30 16:35:42','2026-07-30 16:35:42'),(16,639,1141,0,0,0,0,0,0,0,0,0,'2026-07-30 16:35:42','2026-07-30 16:35:42'),(17,643,1142,0,0,0,0,0,0,0,0,0,'2026-07-30 16:35:42','2026-07-30 16:35:42'),(18,644,1143,0,0,0,0,0,0,0,0,0,'2026-07-30 16:35:42','2026-07-30 16:35:42'),(19,645,1144,0,0,0,0,0,0,0,0,0,'2026-07-30 16:35:42','2026-07-30 16:35:42'),(20,417,1145,0,0,0,0,0,0,0,0,0,'2026-07-30 16:35:42','2026-07-30 16:35:42'),(21,417,1146,0,0,0,0,0,0,0,0,0,'2026-07-30 16:35:42','2026-07-30 16:35:42'),(22,646,1147,0,0,0,0,0,0,0,0,0,'2026-07-30 16:35:42','2026-07-30 16:35:42'),(23,646,1148,0,0,0,0,0,0,0,0,0,'2026-07-30 16:35:42','2026-07-30 16:35:42'),(24,647,1149,0,0,0,0,0,0,0,0,0,'2026-07-30 16:35:42','2026-07-30 16:35:42'),(25,647,1150,0,0,0,0,0,0,0,0,0,'2026-07-30 16:35:42','2026-07-30 16:35:42'),(26,648,1151,0,0,0,0,0,0,0,0,0,'2026-07-30 16:35:42','2026-07-30 16:35:42'),(27,649,1152,0,0,0,0,0,0,0,0,0,'2026-07-30 16:35:42','2026-07-30 16:35:42'),(28,649,1153,0,0,0,0,0,0,0,0,0,'2026-07-30 16:35:42','2026-07-30 16:35:42'),(29,650,1154,0,0,0,0,0,0,0,0,0,'2026-07-30 16:35:42','2026-07-30 16:35:42'),(30,650,1155,0,0,0,0,0,0,0,0,0,'2026-07-30 16:35:42','2026-07-30 16:35:42'),(31,651,1156,0,0,0,0,0,0,0,0,0,'2026-07-30 16:35:42','2026-07-30 16:35:42'),(32,651,1157,0,0,0,0,0,0,0,0,0,'2026-07-30 16:35:43','2026-07-30 16:35:43'),(33,652,1158,0,0,0,0,0,0,0,0,0,'2026-07-30 16:35:43','2026-07-30 16:35:43'),(34,652,1159,0,0,0,0,0,0,0,0,0,'2026-07-30 16:35:43','2026-07-30 16:35:43'),(35,161,1160,0,0,0,0,0,0,0,0,0,'2026-07-30 16:35:43','2026-07-30 16:35:43'),(36,161,1161,0,0,0,0,0,0,0,0,0,'2026-07-30 16:35:43','2026-07-30 16:35:43'),(37,237,1162,0,0,0,0,0,0,0,0,0,'2026-07-30 16:35:43','2026-07-30 16:35:43'),(38,473,1163,0,0,0,0,0,0,0,0,0,'2026-07-30 16:35:43','2026-07-30 16:35:43'),(39,473,1164,0,0,0,0,0,0,0,0,0,'2026-07-30 16:35:43','2026-07-30 16:35:43'),(40,653,1165,0,0,0,0,0,0,0,0,0,'2026-07-30 16:35:43','2026-07-30 16:35:43'),(41,389,1166,0,0,0,0,0,0,0,0,0,'2026-07-30 16:35:43','2026-07-30 16:35:43'),(42,389,1167,0,0,0,0,0,0,0,0,0,'2026-07-30 16:35:43','2026-07-30 16:35:43'),(43,654,1168,0,0,0,0,0,0,0,0,0,'2026-07-30 16:35:43','2026-07-30 16:35:43'),(44,654,1169,0,0,0,0,0,0,0,0,0,'2026-07-30 16:35:43','2026-07-30 16:35:43'),(45,62,1170,0,0,0,0,0,0,0,0,0,'2026-07-30 16:35:43','2026-07-30 16:35:43'),(46,62,1171,0,0,0,0,0,0,0,0,0,'2026-07-30 16:35:43','2026-07-30 16:35:43'),(47,88,1172,0,0,0,0,0,0,0,0,0,'2026-07-30 16:35:43','2026-07-30 16:35:43'),(48,88,1173,0,0,0,0,0,0,0,0,0,'2026-07-30 16:35:44','2026-07-30 16:35:44'),(49,89,1174,0,0,0,0,0,0,0,0,0,'2026-07-30 16:35:44','2026-07-30 16:35:44'),(50,89,1175,0,0,0,0,0,0,0,0,0,'2026-07-30 16:35:44','2026-07-30 16:35:44'),(51,667,1176,0,0,0,0,0,0,0,0,0,'2026-07-30 16:35:44','2026-07-30 16:35:44'),(52,847,1177,0,0,0,0,0,0,0,0,0,'2026-07-30 16:35:44','2026-07-30 16:35:44'),(53,847,1178,0,0,0,0,0,0,0,0,0,'2026-07-30 16:35:44','2026-07-30 16:35:44'),(54,848,1179,0,0,0,0,0,0,0,0,0,'2026-07-30 16:35:44','2026-07-30 16:35:44'),(55,848,1180,0,0,0,0,0,0,0,0,0,'2026-07-30 16:35:44','2026-07-30 16:35:44');
COMMIT;

-- Dumped table `item_movement_rel_extra` with 55 row(s)
--

--
-- Table structure for table `item_package_measurements`
--

CREATE TABLE `item_package_measurements` (
  `id` int(10) unsigned NOT NULL AUTO_INCREMENT,
  `item_id` int(10) unsigned NOT NULL,
  `cat_item_package_measurements_id` int(10) unsigned NOT NULL,
  `active` tinyint(4) DEFAULT 1 COMMENT 'Define si se encuentra activo',
  `created_at` timestamp NULL DEFAULT NULL,
  `updated_at` timestamp NULL DEFAULT NULL,
  PRIMARY KEY (`id`)
) ENGINE=InnoDB DEFAULT CHARSET=utf8mb4 COLLATE=utf8mb4_unicode_ci;

--
-- Dumping data for table `item_package_measurements`
--

SET autocommit=0;
COMMIT;

-- Dumped table `item_package_measurements` with 0 row(s)
--

--
-- Table structure for table `item_product_family`
--

CREATE TABLE `item_product_family` (
  `id` int(10) unsigned NOT NULL AUTO_INCREMENT,
  `item_id` int(10) unsigned NOT NULL,
  `cat_item_product_family_id` int(10) unsigned NOT NULL,
  `active` tinyint(4) DEFAULT 1 COMMENT 'Define si se encuentra activo',
  `created_at` timestamp NULL DEFAULT NULL,
  `updated_at` timestamp NULL DEFAULT NULL,
  PRIMARY KEY (`id`)
) ENGINE=InnoDB DEFAULT CHARSET=utf8mb4 COLLATE=utf8mb4_unicode_ci;

--
-- Dumping data for table `item_product_family`
--

SET autocommit=0;
COMMIT;

-- Dumped table `item_product_family` with 0 row(s)
--

--
-- Table structure for table `item_rel_suscription_plans`
--

CREATE TABLE `item_rel_suscription_plans` (
  `id` int(10) unsigned NOT NULL AUTO_INCREMENT,
  `item_id` int(10) unsigned DEFAULT 0 COMMENT 'Relacion con items',
  `item` longtext CHARACTER SET utf8mb4 COLLATE utf8mb4_bin DEFAULT NULL CHECK (json_valid(`item`)),
  `suscription_plan_id` int(10) unsigned DEFAULT 0 COMMENT 'Relacion con planes de suscripcion',
  `quantity` decimal(12,2) DEFAULT 0.00,
  `unit_value` decimal(16,2) DEFAULT 0.00,
  `affectation_igv_type_id` char(255) DEFAULT NULL,
  `total_base_igv` decimal(12,2) DEFAULT 0.00,
  `percentage_igv` decimal(12,2) DEFAULT 0.00,
  `total_igv` decimal(12,2) DEFAULT 0.00,
  `system_isc_type_id` char(255) DEFAULT NULL,
  `total_base_isc` decimal(12,2) DEFAULT 0.00,
  `percentage_isc` decimal(12,2) DEFAULT 0.00,
  `total_isc` decimal(12,2) DEFAULT 0.00,
  `total_base_other_taxes` decimal(12,2) DEFAULT 0.00,
  `percentage_other_taxes` decimal(12,2) DEFAULT 0.00,
  `total_other_taxes` decimal(12,2) DEFAULT 0.00,
  `total_taxes` decimal(12,2) DEFAULT 0.00,
  `price_type_id` char(255) DEFAULT NULL,
  `unit_price` decimal(16,6) DEFAULT 0.000000,
  `total_value` decimal(12,2) DEFAULT 0.00,
  `total_charge` decimal(12,2) DEFAULT 0.00,
  `total_discount` decimal(12,2) DEFAULT 0.00,
  `total` decimal(12,2) DEFAULT 0.00,
  `attributes` longtext CHARACTER SET utf8mb4 COLLATE utf8mb4_bin DEFAULT NULL CHECK (json_valid(`attributes`)),
  `discounts` longtext CHARACTER SET utf8mb4 COLLATE utf8mb4_bin DEFAULT NULL CHECK (json_valid(`discounts`)),
  `charges` longtext CHARACTER SET utf8mb4 COLLATE utf8mb4_bin DEFAULT NULL CHECK (json_valid(`charges`)),
  `additional_information` text DEFAULT NULL,
  `warehouse_id` int(10) unsigned DEFAULT 0,
  `name_product_pdf` longtext DEFAULT NULL,
  `created_at` timestamp NULL DEFAULT NULL,
  `updated_at` timestamp NULL DEFAULT NULL,
  PRIMARY KEY (`id`)
) ENGINE=InnoDB DEFAULT CHARSET=utf8mb4 COLLATE=utf8mb4_unicode_ci;

--
-- Dumping data for table `item_rel_suscription_plans`
--

SET autocommit=0;
COMMIT;

-- Dumped table `item_rel_suscription_plans` with 0 row(s)
--

--
-- Table structure for table `item_sets`
--

CREATE TABLE `item_sets` (
  `id` int(10) unsigned NOT NULL AUTO_INCREMENT,
  `item_id` int(10) unsigned NOT NULL,
  `individual_item_id` int(10) unsigned NOT NULL,
  `quantity` decimal(12,4) NOT NULL DEFAULT 1.0000,
  `created_at` timestamp NULL DEFAULT NULL,
  `updated_at` timestamp NULL DEFAULT NULL,
  PRIMARY KEY (`id`),
  KEY `item_sets_item_id_foreign` (`item_id`),
  KEY `item_sets_individual_item_id_foreign` (`individual_item_id`),
  CONSTRAINT `item_sets_individual_item_id_foreign` FOREIGN KEY (`individual_item_id`) REFERENCES `items` (`id`),
  CONSTRAINT `item_sets_item_id_foreign` FOREIGN KEY (`item_id`) REFERENCES `items` (`id`) ON DELETE CASCADE
) ENGINE=InnoDB DEFAULT CHARSET=utf8mb4 COLLATE=utf8mb4_unicode_ci;

--
-- Dumping data for table `item_sets`
--

SET autocommit=0;
COMMIT;

-- Dumped table `item_sets` with 0 row(s)
--

--
-- Table structure for table `item_size`
--

CREATE TABLE `item_size` (
  `id` int(10) unsigned NOT NULL AUTO_INCREMENT,
  `item_id` int(10) unsigned NOT NULL,
  `cat_item_size_id` int(10) unsigned NOT NULL,
  `active` tinyint(4) DEFAULT 1 COMMENT 'Define si se encuentra activo',
  `created_at` timestamp NULL DEFAULT NULL,
  `updated_at` timestamp NULL DEFAULT NULL,
  PRIMARY KEY (`id`)
) ENGINE=InnoDB DEFAULT CHARSET=utf8mb4 COLLATE=utf8mb4_unicode_ci;

--
-- Dumping data for table `item_size`
--

SET autocommit=0;
COMMIT;

-- Dumped table `item_size` with 0 row(s)
--

--
-- Table structure for table `item_status`
--

CREATE TABLE `item_status` (
  `id` int(10) unsigned NOT NULL AUTO_INCREMENT,
  `item_id` int(10) unsigned NOT NULL,
  `cat_item_status_id` int(10) unsigned NOT NULL,
  `active` tinyint(4) DEFAULT 1 COMMENT 'Define si se encuentra activo',
  `created_at` timestamp NULL DEFAULT NULL,
  `updated_at` timestamp NULL DEFAULT NULL,
  PRIMARY KEY (`id`)
) ENGINE=InnoDB DEFAULT CHARSET=utf8mb4 COLLATE=utf8mb4_unicode_ci;

--
-- Dumping data for table `item_status`
--

SET autocommit=0;
COMMIT;

-- Dumped table `item_status` with 0 row(s)
--

--
-- Table structure for table `item_supplies`
--

CREATE TABLE `item_supplies` (
  `id` int(10) unsigned NOT NULL AUTO_INCREMENT,
  `item_id` int(10) unsigned NOT NULL,
  `individual_item_id` int(10) unsigned NOT NULL,
  `quantity` decimal(13,3) NOT NULL,
  `unit_price` decimal(12,2) DEFAULT 0.00,
  `created_at` timestamp NULL DEFAULT NULL,
  `updated_at` timestamp NULL DEFAULT NULL,
  PRIMARY KEY (`id`),
  KEY `item_supplies_item_id_foreign` (`item_id`),
  KEY `item_supplies_individual_item_id_foreign` (`individual_item_id`),
  CONSTRAINT `item_supplies_individual_item_id_foreign` FOREIGN KEY (`individual_item_id`) REFERENCES `items` (`id`),
  CONSTRAINT `item_supplies_item_id_foreign` FOREIGN KEY (`item_id`) REFERENCES `items` (`id`) ON DELETE CASCADE
) ENGINE=InnoDB DEFAULT CHARSET=utf8mb4 COLLATE=utf8mb4_unicode_ci;

--
-- Dumping data for table `item_supplies`
--

SET autocommit=0;
COMMIT;

-- Dumped table `item_supplies` with 0 row(s)
--

--
-- Table structure for table `item_tags`
--

CREATE TABLE `item_tags` (
  `id` int(10) unsigned NOT NULL AUTO_INCREMENT,
  `item_id` int(10) unsigned NOT NULL,
  `tag_id` int(10) unsigned NOT NULL,
  `created_at` timestamp NULL DEFAULT NULL,
  `updated_at` timestamp NULL DEFAULT NULL,
  PRIMARY KEY (`id`),
  KEY `item_tags_item_id_foreign` (`item_id`),
  KEY `item_tags_tag_id_foreign` (`tag_id`),
  CONSTRAINT `item_tags_item_id_foreign` FOREIGN KEY (`item_id`) REFERENCES `items` (`id`) ON DELETE CASCADE,
  CONSTRAINT `item_tags_tag_id_foreign` FOREIGN KEY (`tag_id`) REFERENCES `tags` (`id`) ON DELETE CASCADE
) ENGINE=InnoDB DEFAULT CHARSET=utf8mb4 COLLATE=utf8mb4_unicode_ci;

--
-- Dumping data for table `item_tags`
--

SET autocommit=0;
COMMIT;

-- Dumped table `item_tags` with 0 row(s)
--

--
-- Table structure for table `item_types`
--

CREATE TABLE `item_types` (
  `id` char(2) NOT NULL,
  `description` varchar(255) NOT NULL,
  PRIMARY KEY (`id`)
) ENGINE=InnoDB DEFAULT CHARSET=utf8mb4 COLLATE=utf8mb4_unicode_ci;

--
-- Dumping data for table `item_types`
--

SET autocommit=0;
INSERT INTO `item_types` VALUES ('01','Producto'),('02','Servicio');
COMMIT;

-- Dumped table `item_types` with 2 row(s)
--

--
-- Table structure for table `item_units_per_package`
--

CREATE TABLE `item_units_per_package` (
  `id` int(10) unsigned NOT NULL AUTO_INCREMENT,
  `item_id` int(10) unsigned NOT NULL,
  `cat_item_units_per_package_id` int(10) unsigned NOT NULL,
  `active` tinyint(4) DEFAULT 1 COMMENT 'Define si se encuentra activo',
  `created_at` timestamp NULL DEFAULT NULL,
  `updated_at` timestamp NULL DEFAULT NULL,
  PRIMARY KEY (`id`)
) ENGINE=InnoDB DEFAULT CHARSET=utf8mb4 COLLATE=utf8mb4_unicode_ci;

--
-- Dumping data for table `item_units_per_package`
--

SET autocommit=0;
COMMIT;

-- Dumped table `item_units_per_package` with 0 row(s)
--

--
-- Table structure for table `item_unit_business`
--

CREATE TABLE `item_unit_business` (
  `id` int(10) unsigned NOT NULL AUTO_INCREMENT,
  `item_id` int(10) unsigned NOT NULL,
  `cat_item_unit_business_id` int(10) unsigned NOT NULL,
  `active` tinyint(4) DEFAULT 1 COMMENT 'Define si se encuentra activo',
  `created_at` timestamp NULL DEFAULT NULL,
  `updated_at` timestamp NULL DEFAULT NULL,
  PRIMARY KEY (`id`)
) ENGINE=InnoDB DEFAULT CHARSET=utf8mb4 COLLATE=utf8mb4_unicode_ci;

--
-- Dumping data for table `item_unit_business`
--

SET autocommit=0;
COMMIT;

-- Dumped table `item_unit_business` with 0 row(s)
--

--
-- Table structure for table `item_unit_types`
--

CREATE TABLE `item_unit_types` (
  `id` int(10) unsigned NOT NULL AUTO_INCREMENT,
  `description` varchar(255) NOT NULL,
  `item_id` int(10) unsigned NOT NULL,
  `unit_type_id` varchar(255) NOT NULL,
  `quantity_unit` decimal(12,4) NOT NULL,
  `price1` decimal(12,4) NOT NULL,
  `price2` decimal(12,4) NOT NULL,
  `price3` decimal(12,4) NOT NULL,
  `price_default` tinyint(1) NOT NULL DEFAULT 2,
  `barcode` varchar(150) DEFAULT NULL,
  `deleted_at` timestamp NULL DEFAULT NULL,
  PRIMARY KEY (`id`),
  UNIQUE KEY `item_unit_types_barcode_unique` (`barcode`),
  KEY `item_unit_types_unit_type_id_foreign` (`unit_type_id`),
  KEY `item_unit_types_item_id_foreign` (`item_id`),
  CONSTRAINT `item_unit_types_item_id_foreign` FOREIGN KEY (`item_id`) REFERENCES `items` (`id`),
  CONSTRAINT `item_unit_types_unit_type_id_foreign` FOREIGN KEY (`unit_type_id`) REFERENCES `cat_unit_types` (`id`)
) ENGINE=InnoDB AUTO_INCREMENT=1121 DEFAULT CHARSET=utf8mb4 COLLATE=utf8mb4_unicode_ci;

--
-- Dumping data for table `item_unit_types`
--

SET autocommit=0;
INSERT INTO `item_unit_types` VALUES (3,'Unidad',2,'NIU',1.0000,20.0000,0.0000,0.0000,1,'3NIU1',NULL),(4,'Unidad',3,'NIU',1.0000,58.0000,0.0000,0.0000,1,'4NIU1',NULL),(5,'Unidad',4,'NIU',1.0000,28.0000,0.0000,0.0000,1,'5NIU1',NULL),(6,'Unidad',5,'NIU',1.0000,28.0000,0.0000,0.0000,1,'6NIU1',NULL),(7,'Unidad',6,'NIU',1.0000,30.0000,0.0000,0.0000,1,'7NIU1',NULL),(8,'Unidad',7,'NIU',1.0000,45.0000,0.0000,0.0000,1,'8NIU1',NULL),(9,'Unidad',8,'NIU',1.0000,19.9000,0.0000,0.0000,1,'9NIU1',NULL),(10,'Unidad',9,'NIU',1.0000,30.0000,0.0000,0.0000,1,'10NIU1',NULL),(11,'Unidad',10,'NIU',1.0000,30.0000,0.0000,0.0000,1,'11NIU1',NULL),(12,'Unidad',11,'NIU',1.0000,39.0000,0.0000,0.0000,1,'12NIU1',NULL),(13,'Unidad',12,'NIU',1.0000,7.5000,0.0000,0.0000,1,'13NIU1',NULL),(14,'Unidad',13,'NIU',1.0000,23.0000,0.0000,0.0000,1,'14NIU1',NULL),(15,'Unidad',14,'NIU',1.0000,16.0000,0.0000,0.0000,1,'15NIU1',NULL),(16,'Unidad',15,'NIU',1.0000,12.0000,0.0000,0.0000,1,'16NIU1',NULL),(17,'Unidad',16,'NIU',1.0000,15.0000,0.0000,0.0000,1,'17NIU1',NULL),(18,'Unidad',17,'NIU',1.0000,25.0000,0.0000,0.0000,1,'18NIU1',NULL),(19,'Unidad',18,'NIU',1.0000,15.0000,0.0000,0.0000,1,'19NIU1',NULL),(20,'Unidad',19,'NIU',1.0000,3.0000,0.0000,0.0000,1,'20NIU1',NULL),(21,'Unidad',20,'NIU',1.0000,16.0000,0.0000,0.0000,1,'21NIU1',NULL),(22,'Unidad',21,'NIU',1.0000,45.0000,0.0000,0.0000,1,'22NIU1',NULL),(23,'Unidad',22,'NIU',1.0000,7.0000,0.0000,0.0000,1,'23NIU1',NULL),(24,'Unidad',23,'NIU',1.0000,9.5000,0.0000,0.0000,1,'24NIU1',NULL),(25,'Unidad',24,'NIU',1.0000,14.5000,0.0000,0.0000,1,'25NIU1',NULL),(26,'Unidad',25,'NIU',1.0000,4.0000,0.0000,0.0000,1,'26NIU1',NULL),(27,'Unidad',26,'NIU',1.0000,4.2000,0.0000,0.0000,1,'27NIU1',NULL),(28,'Unidad',27,'NIU',1.0000,39.0000,0.0000,0.0000,1,'28NIU1',NULL),(29,'Unidad',28,'NIU',1.0000,38.0000,0.0000,0.0000,1,'29NIU1',NULL),(30,'Unidad',29,'NIU',1.0000,28.0000,0.0000,0.0000,1,'30NIU1',NULL),(31,'Unidad',30,'NIU',1.0000,32.0000,0.0000,0.0000,1,'31NIU1',NULL),(32,'Unidad',31,'NIU',1.0000,17.0000,0.0000,0.0000,1,'32NIU1',NULL),(33,'Unidad',32,'NIU',1.0000,38.0000,0.0000,0.0000,1,'33NIU1',NULL),(34,'Unidad',33,'NIU',1.0000,29.0000,0.0000,0.0000,1,'34NIU1',NULL),(35,'Unidad',34,'NIU',1.0000,38.0000,0.0000,0.0000,1,'35NIU1',NULL),(36,'Unidad',35,'NIU',1.0000,38.0000,0.0000,0.0000,1,'36NIU1',NULL),(37,'Unidad',36,'NIU',1.0000,38.0000,0.0000,0.0000,1,'37NIU1',NULL),(38,'Unidad',37,'NIU',1.0000,25.0000,0.0000,0.0000,1,'38NIU1',NULL),(39,'Unidad',38,'NIU',1.0000,25.0000,0.0000,0.0000,1,'39NIU1',NULL),(40,'Unidad',39,'NIU',1.0000,25.0000,0.0000,0.0000,1,'40NIU1',NULL),(41,'Unidad',40,'NIU',1.0000,9.9000,0.0000,0.0000,1,'41NIU1',NULL),(42,'Unidad',41,'NIU',1.0000,19.9000,0.0000,0.0000,1,'42NIU1',NULL),(43,'Unidad',42,'NIU',1.0000,25.0000,0.0000,0.0000,1,'43NIU1',NULL),(44,'Unidad',43,'NIU',1.0000,30.0000,0.0000,0.0000,1,'44NIU1',NULL),(45,'Unidad',44,'NIU',1.0000,35.0000,0.0000,0.0000,1,'45NIU1',NULL),(46,'Unidad',45,'NIU',1.0000,20.0000,0.0000,0.0000,1,'46NIU1',NULL),(47,'Unidad',46,'NIU',1.0000,40.0000,0.0000,0.0000,1,'47NIU1',NULL),(48,'Blíster',47,'BL',10.0000,4.0000,0.0000,0.0000,1,'48BL10',NULL),(49,'Unidad',47,'NIU',1.0000,0.5000,0.0000,0.0000,1,'49NIU1',NULL),(50,'Unidad',48,'NIU',1.0000,7.0000,0.0000,0.0000,1,'50NIU1',NULL),(51,'Unidad',49,'NIU',1.0000,2.0000,0.0000,0.0000,1,'51NIU1',NULL),(52,'Unidad',50,'NIU',1.0000,10.0000,0.0000,0.0000,1,'52NIU1',NULL),(53,'Unidad',51,'NIU',1.0000,2.0000,0.0000,0.0000,1,'53NIU1',NULL),(54,'Caja',52,'BX',10.0000,0.0000,0.0000,0.0000,1,'54BX10',NULL),(55,'Unidad',52,'NIU',1.0000,15.0000,0.0000,0.0000,1,'55NIU1',NULL),(56,'Unidad',53,'NIU',1.0000,15.0000,0.0000,0.0000,1,'56NIU1',NULL),(57,'Unidad',54,'NIU',1.0000,7.0000,0.0000,0.0000,1,'57NIU1',NULL),(58,'Unidad',55,'NIU',1.0000,8.0000,0.0000,0.0000,1,'58NIU1',NULL),(59,'Caja',56,'BX',100.0000,0.0000,0.0000,0.0000,1,'59BX100',NULL),(60,'Blíster',56,'BL',10.0000,0.0000,0.0000,0.0000,1,'60BL10',NULL),(61,'Unidad',56,'NIU',1.0000,0.5000,0.0000,0.0000,1,'61NIU1',NULL),(66,'Blíster',59,'BL',10.0000,5.0000,0.0000,0.0000,1,'66BL10',NULL),(67,'Unidad',59,'NIU',1.0000,0.7000,0.0000,0.0000,1,'67NIU1',NULL),(68,'Caja',60,'BX',100.0000,0.0000,0.0000,0.0000,1,'68BX100',NULL),(69,'Blíster',60,'BL',10.0000,0.0000,0.0000,0.0000,1,'69BL10',NULL),(70,'Unidad',60,'NIU',1.0000,1.5000,0.0000,0.0000,1,'70NIU1',NULL),(71,'Blíster',61,'BL',1.0000,2.0000,0.0000,0.0000,1,'71BL1',NULL),(72,'Caja',61,'BX',10.0000,12.0000,0.0000,0.0000,0,'72BX10',NULL),(73,'Unidad',62,'NIU',1.0000,4.0000,0.0000,0.0000,1,'73NIU1',NULL),(74,'Unidad',63,'NIU',1.0000,12.0000,0.0000,0.0000,1,'74NIU1',NULL),(75,'Blíster',64,'BL',10.0000,4.0000,0.0000,0.0000,1,'75BL10',NULL),(76,'Unidad',64,'NIU',1.0000,0.5000,0.0000,0.0000,1,'76NIU1',NULL),(77,'Unidad',65,'NIU',1.0000,4.5000,0.0000,0.0000,1,'77NIU1',NULL),(78,'Unidad',66,'NIU',1.0000,7.0000,0.0000,0.0000,1,'78NIU1',NULL),(79,'Unidad',67,'NIU',1.0000,5.0000,0.0000,0.0000,1,'79NIU1',NULL),(80,'Blíster',68,'BL',10.0000,2.0000,0.0000,0.0000,1,'80BL10',NULL),(81,'Unidad',68,'NIU',1.0000,0.3000,0.0000,0.0000,1,'81NIU1',NULL),(82,'Unidad',69,'NIU',1.0000,2.0000,0.0000,0.0000,1,'82NIU1',NULL),(83,'Unidad',70,'NIU',1.0000,3.5000,0.0000,0.0000,1,'83NIU1',NULL),(84,'Caja',71,'BX',36.0000,0.0000,0.0000,0.0000,1,'84BX36',NULL),(85,'Blíster',71,'BL',10.0000,0.0000,0.0000,0.0000,1,'85BL10',NULL),(86,'Unidad',71,'NIU',1.0000,2.5000,0.0000,0.0000,1,'86NIU1',NULL),(87,'Caja',72,'BX',20.0000,0.0000,0.0000,0.0000,1,'87BX20',NULL),(88,'Blíster',72,'BL',10.0000,0.0000,0.0000,0.0000,1,'88BL10',NULL),(89,'Unidad',72,'NIU',1.0000,1.5000,0.0000,0.0000,1,'89NIU1',NULL),(90,'Caja',73,'BX',100.0000,0.0000,0.0000,0.0000,1,'90BX100',NULL),(91,'Blíster',73,'BL',10.0000,0.0000,0.0000,0.0000,1,'91BL10',NULL),(92,'Unidad',73,'NIU',1.0000,1.0000,0.0000,0.0000,1,'92NIU1',NULL),(93,'Unidad',74,'NIU',1.0000,32.0000,0.0000,0.0000,1,'93NIU1',NULL),(94,'Unidad',75,'NIU',1.0000,22.0000,0.0000,0.0000,1,'94NIU1',NULL),(95,'Unidad',76,'NIU',1.0000,29.0000,0.0000,0.0000,1,'95NIU1',NULL),(96,'Unidad',77,'NIU',1.0000,20.0000,0.0000,0.0000,1,'96NIU1',NULL),(97,'Unidad',78,'NIU',1.0000,29.5000,0.0000,0.0000,1,'97NIU1',NULL),(98,'Unidad',79,'NIU',1.0000,31.5000,0.0000,0.0000,1,'98NIU1',NULL),(99,'Unidad',80,'NIU',1.0000,32.0000,0.0000,0.0000,1,'99NIU1',NULL),(100,'Unidad',81,'NIU',1.0000,5.0000,0.0000,0.0000,1,'100NIU1',NULL),(101,'Unidad',82,'NIU',1.0000,6.0000,0.0000,0.0000,1,'101NIU1',NULL),(102,'Unidad',83,'NIU',1.0000,18.0000,0.0000,0.0000,1,'102NIU1',NULL),(103,'Blíster',84,'BL',10.0000,3.0000,0.0000,0.0000,1,'103BL10',NULL),(104,'Unidad',84,'NIU',1.0000,0.5000,0.0000,0.0000,1,'104NIU1',NULL),(105,'Unidad',85,'NIU',1.0000,25.0000,0.0000,0.0000,1,'105NIU1',NULL),(106,'Blíster',86,'BL',10.0000,4.0000,0.0000,0.0000,1,'106BL10',NULL),(107,'Unidad',86,'NIU',1.0000,0.5000,0.0000,0.0000,1,'107NIU1',NULL),(108,'Unidad',87,'NIU',1.0000,7.0000,0.0000,0.0000,1,'108NIU1',NULL),(109,'Blíster',88,'BL',10.0000,1.5000,0.0000,0.0000,1,'109BL10',NULL),(110,'Unidad',89,'NIU',1.0000,6.0000,0.0000,0.0000,1,'110NIU1',NULL),(111,'Caja',90,'BX',7.0000,0.0000,0.0000,0.0000,1,'111BX7',NULL),(112,'Unidad',90,'NIU',1.0000,4.5000,0.0000,0.0000,1,'112NIU1',NULL),(113,'Caja',91,'BX',100.0000,0.0000,0.0000,0.0000,1,'113BX100',NULL),(114,'Blíster',91,'BL',10.0000,0.0000,0.0000,0.0000,1,'114BL10',NULL),(115,'Unidad',91,'NIU',1.0000,3.5000,0.0000,0.0000,1,'115NIU1',NULL),(116,'Caja',92,'BX',100.0000,0.0000,0.0000,0.0000,1,'116BX100',NULL),(117,'Blíster',92,'BL',10.0000,0.0000,0.0000,0.0000,1,'117BL10',NULL),(118,'Unidad',92,'NIU',1.0000,2.0000,0.0000,0.0000,1,'118NIU1',NULL),(119,'Unidad',93,'NIU',1.0000,20.0000,0.0000,0.0000,1,'119NIU1',NULL),(120,'Unidad',94,'NIU',1.0000,37.0000,0.0000,0.0000,1,'120NIU1',NULL),(121,'Caja',95,'BX',10.0000,0.0000,0.0000,0.0000,1,'121BX10',NULL),(122,'Unidad',95,'NIU',1.0000,2.5000,0.0000,0.0000,1,'122NIU1',NULL),(123,'Caja',96,'BX',28.0000,0.0000,0.0000,0.0000,1,'123BX28',NULL),(124,'Blíster',96,'BL',7.0000,0.0000,0.0000,0.0000,1,'124BL7',NULL),(125,'Unidad',96,'NIU',1.0000,1.5000,0.0000,0.0000,1,'125NIU1',NULL),(126,'Unidad',97,'NIU',1.0000,8.0000,0.0000,0.0000,1,'126NIU1',NULL),(127,'Unidad',98,'NIU',1.0000,1.5000,0.0000,0.0000,1,'127NIU1',NULL),(128,'Caja',98,'BX',30.0000,17.9000,0.0000,0.0000,0,'128BX30',NULL),(129,'Blíster',98,'BL',10.0000,10.0000,0.0000,0.0000,0,'129BL10',NULL),(130,'Unidad',99,'NIU',1.0000,20.0000,0.0000,0.0000,1,'130NIU1',NULL),(131,'Unidad',100,'NIU',1.0000,18.0000,0.0000,0.0000,1,'131NIU1',NULL),(132,'Unidad',101,'NIU',1.0000,14.0000,0.0000,0.0000,1,'132NIU1',NULL),(133,'Unidad',102,'NIU',1.0000,23.0000,0.0000,0.0000,1,'133NIU1',NULL),(134,'Unidad',103,'NIU',1.0000,10.0000,0.0000,0.0000,1,'134NIU1',NULL),(135,'Unidad',104,'NIU',1.0000,2.8000,0.0000,0.0000,1,'135NIU1',NULL),(136,'Caja',105,'BX',100.0000,0.0000,0.0000,0.0000,1,'136BX100',NULL),(137,'Blíster',105,'BL',10.0000,0.0000,0.0000,0.0000,1,'137BL10',NULL),(138,'Unidad',105,'NIU',1.0000,1.0000,0.0000,0.0000,1,'138NIU1',NULL),(139,'Caja',106,'BX',26.0000,0.0000,0.0000,0.0000,1,'139BX26',NULL),(140,'Unidad',106,'NIU',1.0000,2.5000,0.0000,0.0000,1,'140NIU1',NULL),(141,'Unidad',107,'NIU',1.0000,19.5000,0.0000,0.0000,1,'141NIU1',NULL),(142,'Unidad',108,'NIU',1.0000,7.0000,0.0000,0.0000,1,'142NIU1',NULL),(143,'Unidad',109,'NIU',1.0000,19.0000,0.0000,0.0000,1,'143NIU1',NULL),(144,'Unidad',110,'NIU',1.0000,20.0000,0.0000,0.0000,1,'144NIU1',NULL),(145,'Unidad',111,'NIU',1.0000,10.0000,0.0000,0.0000,1,'145NIU1',NULL),(146,'Caja',112,'BX',120.0000,0.0000,0.0000,0.0000,1,'146BX120',NULL),(147,'Blíster',112,'BL',10.0000,0.0000,0.0000,0.0000,1,'147BL10',NULL),(148,'Unidad',112,'NIU',1.0000,1.5000,0.0000,0.0000,1,'148NIU1',NULL),(149,'Caja',113,'BX',52.0000,0.0000,0.0000,0.0000,1,'149BX52',NULL),(150,'Unidad',113,'NIU',1.0000,2.0000,0.0000,0.0000,1,'150NIU1',NULL),(151,'Unidad',114,'NIU',1.0000,7.0000,0.0000,0.0000,1,'151NIU1',NULL),(152,'Blíster',115,'BL',10.0000,3.0000,0.0000,0.0000,1,'152BL10',NULL),(153,'Unidad',115,'NIU',1.0000,0.5000,0.0000,0.0000,1,'153NIU1',NULL),(154,'Caja',116,'BX',24.0000,0.0000,0.0000,0.0000,1,'154BX24',NULL),(155,'Blíster',116,'BL',10.0000,0.0000,0.0000,0.0000,1,'155BL10',NULL),(156,'Unidad',116,'NIU',1.0000,1.8000,0.0000,0.0000,1,'156NIU1',NULL),(157,'Caja',117,'BX',100.0000,0.0000,0.0000,0.0000,1,'157BX100',NULL),(158,'Blíster',117,'BL',10.0000,0.0000,0.0000,0.0000,1,'158BL10',NULL),(159,'Unidad',117,'NIU',1.0000,2.0000,0.0000,0.0000,1,'159NIU1',NULL),(160,'Unidad',118,'NIU',1.0000,27.0000,0.0000,0.0000,1,'160NIU1',NULL),(161,'Caja',119,'BX',25.0000,0.0000,0.0000,0.0000,1,'161BX25',NULL),(162,'Blíster',119,'BL',5.0000,0.0000,0.0000,0.0000,1,'162BL5',NULL),(163,'Unidad',119,'NIU',1.0000,2.5000,0.0000,0.0000,1,'163NIU1',NULL),(164,'Unidad',120,'NIU',1.0000,18.5000,0.0000,0.0000,1,'164NIU1',NULL),(165,'Unidad',121,'NIU',1.0000,18.5000,0.0000,0.0000,1,'165NIU1',NULL),(166,'Unidad',122,'NIU',1.0000,22.0000,0.0000,0.0000,1,'166NIU1',NULL),(167,'Unidad',123,'NIU',1.0000,14.0000,0.0000,0.0000,1,'167NIU1',NULL),(168,'Unidad',124,'NIU',1.0000,27.0000,0.0000,0.0000,1,'168NIU1',NULL),(169,'Caja',125,'BX',10.0000,0.0000,0.0000,0.0000,1,'169BX10',NULL),(170,'Unidad',125,'NIU',1.0000,5.0000,0.0000,0.0000,1,'170NIU1',NULL),(171,'Unidad',126,'NIU',1.0000,17.5000,0.0000,0.0000,1,'171NIU1',NULL),(172,'Unidad',127,'NIU',1.0000,15.0000,0.0000,0.0000,1,'172NIU1',NULL),(173,'Unidad',128,'NIU',1.0000,34.5000,0.0000,0.0000,1,'173NIU1',NULL),(174,'Unidad',129,'NIU',1.0000,27.5000,0.0000,0.0000,1,'174NIU1',NULL),(175,'Caja',130,'BX',100.0000,0.0000,0.0000,0.0000,1,'175BX100',NULL),(176,'Blíster',130,'BL',10.0000,0.0000,0.0000,0.0000,1,'176BL10',NULL),(177,'Unidad',130,'NIU',1.0000,1.5000,0.0000,0.0000,1,'177NIU1',NULL),(178,'Caja',131,'BX',100.0000,0.0000,0.0000,0.0000,1,'178BX100',NULL),(179,'Blíster',131,'BL',10.0000,0.0000,0.0000,0.0000,1,'179BL10',NULL),(180,'Unidad',131,'NIU',1.0000,1.5000,0.0000,0.0000,1,'180NIU1',NULL),(181,'Unidad',132,'NIU',1.0000,18.5000,0.0000,0.0000,1,'181NIU1',NULL),(182,'Unidad',133,'NIU',1.0000,25.0000,0.0000,0.0000,1,'182NIU1',NULL),(183,'Caja',134,'BX',100.0000,0.0000,0.0000,0.0000,1,'183BX100',NULL),(184,'Blíster',134,'BL',10.0000,0.0000,0.0000,0.0000,1,'184BL10',NULL),(185,'Unidad',134,'NIU',1.0000,1.5000,0.0000,0.0000,1,'185NIU1',NULL),(186,'Unidad',135,'NIU',1.0000,18.0000,0.0000,0.0000,1,'186NIU1',NULL),(187,'Unidad',136,'NIU',1.0000,3.0000,0.0000,0.0000,1,'187NIU1',NULL),(188,'Unidad',137,'NIU',1.0000,14.0000,0.0000,0.0000,1,'188NIU1',NULL),(189,'Unidad',138,'NIU',1.0000,20.0000,0.0000,0.0000,1,'189NIU1',NULL),(190,'Unidad',139,'NIU',1.0000,120.0000,0.0000,0.0000,1,'190NIU1',NULL),(191,'Unidad',140,'NIU',1.0000,45.5000,0.0000,0.0000,1,'191NIU1',NULL),(192,'Caja',141,'BX',100.0000,0.0000,0.0000,0.0000,1,'192BX100',NULL),(193,'Blíster',141,'BL',10.0000,0.0000,0.0000,0.0000,1,'193BL10',NULL),(194,'Unidad',141,'NIU',1.0000,1.5000,0.0000,0.0000,1,'194NIU1',NULL),(195,'Caja',142,'BX',100.0000,0.0000,0.0000,0.0000,1,'195BX100',NULL),(196,'Blíster',142,'BL',10.0000,0.0000,0.0000,0.0000,1,'196BL10',NULL),(197,'Unidad',142,'NIU',1.0000,1.0000,0.0000,0.0000,1,'197NIU1',NULL),(198,'Unidad',143,'NIU',1.0000,17.5000,0.0000,0.0000,1,'198NIU1',NULL),(199,'Caja',144,'BX',5.0000,0.0000,0.0000,0.0000,1,'199BX5',NULL),(200,'Unidad',144,'NIU',1.0000,3.0000,0.0000,0.0000,1,'200NIU1',NULL),(201,'Caja',145,'BX',120.0000,0.0000,0.0000,0.0000,1,'201BX120',NULL),(202,'Blíster',145,'BL',10.0000,0.0000,0.0000,0.0000,1,'202BL10',NULL),(203,'Unidad',145,'NIU',1.0000,2.0000,0.0000,0.0000,1,'203NIU1',NULL),(204,'Caja',146,'BX',6.0000,0.0000,0.0000,0.0000,1,'204BX6',NULL),(205,'Unidad',146,'NIU',1.0000,3.5000,0.0000,0.0000,1,'205NIU1',NULL),(206,'Unidad',147,'NIU',1.0000,12.0000,0.0000,0.0000,1,'206NIU1',NULL),(207,'Unidad',148,'NIU',1.0000,10.0000,0.0000,0.0000,1,'207NIU1',NULL),(208,'Unidad',149,'NIU',1.0000,29.5000,0.0000,0.0000,1,'208NIU1',NULL),(209,'Unidad',150,'NIU',1.0000,15.0000,0.0000,0.0000,1,'209NIU1',NULL),(210,'Unidad',151,'NIU',1.0000,22.0000,0.0000,0.0000,1,'210NIU1',NULL),(211,'Unidad',152,'NIU',1.0000,20.0000,0.0000,0.0000,1,'211NIU1',NULL),(212,'Unidad',153,'NIU',1.0000,25.0000,0.0000,0.0000,1,'212NIU1',NULL),(213,'Unidad',154,'NIU',1.0000,21.5000,0.0000,0.0000,1,'213NIU1',NULL),(214,'Unidad',155,'NIU',1.0000,21.0000,0.0000,0.0000,1,'214NIU1',NULL),(215,'Unidad',156,'NIU',1.0000,5.0000,0.0000,0.0000,1,'215NIU1',NULL),(216,'Unidad',157,'NIU',1.0000,23.0000,0.0000,0.0000,1,'216NIU1',NULL),(217,'Unidad',158,'NIU',1.0000,6.5000,0.0000,0.0000,1,'217NIU1',NULL),(218,'Unidad',159,'NIU',1.0000,25.0000,0.0000,0.0000,1,'218NIU1',NULL),(219,'Unidad',160,'NIU',1.0000,1.0000,0.0000,0.0000,1,'219NIU1',NULL),(220,'Blíster',160,'BL',10.0000,8.0000,0.0000,0.0000,0,'220BL10',NULL),(221,'Unidad',161,'NIU',1.0000,12.0000,0.0000,0.0000,1,'221NIU1',NULL),(222,'Caja',162,'BX',100.0000,0.0000,0.0000,0.0000,1,'222BX100',NULL),(223,'Blíster',162,'BL',10.0000,0.0000,0.0000,0.0000,1,'223BL10',NULL),(224,'Unidad',162,'NIU',1.0000,0.3000,0.0000,0.0000,1,'224NIU1',NULL),(225,'Unidad',163,'NIU',1.0000,15.0000,0.0000,0.0000,1,'225NIU1',NULL),(226,'Unidad',164,'NIU',1.0000,7.0000,0.0000,0.0000,1,'226NIU1',NULL),(227,'Caja',165,'BX',100.0000,0.0000,0.0000,0.0000,1,'227BX100',NULL),(228,'Blíster',165,'BL',10.0000,5.0000,0.0000,0.0000,1,'228BL10',NULL),(229,'Unidad',165,'NIU',1.0000,0.7000,0.0000,0.0000,1,'229NIU1',NULL),(230,'Unidad',166,'NIU',1.0000,21.5000,0.0000,0.0000,1,'230NIU1',NULL),(231,'Unidad',167,'NIU',1.0000,19.5000,0.0000,0.0000,1,'231NIU1',NULL),(232,'Caja',168,'BX',100.0000,0.0000,0.0000,0.0000,1,'232BX100',NULL),(233,'Blíster',168,'BL',10.0000,7.0000,0.0000,0.0000,1,'233BL10',NULL),(234,'Unidad',168,'NIU',1.0000,1.0000,0.0000,0.0000,1,'234NIU1',NULL),(235,'Caja',169,'BX',100.0000,0.0000,0.0000,0.0000,1,'235BX100',NULL),(236,'Blíster',169,'BL',10.0000,0.0000,0.0000,0.0000,1,'236BL10',NULL),(237,'Unidad',169,'NIU',1.0000,1.5000,0.0000,0.0000,1,'237NIU1',NULL),(238,'Unidad',170,'NIU',1.0000,16.5000,0.0000,0.0000,1,'238NIU1',NULL),(239,'Unidad',171,'NIU',1.0000,13.5000,0.0000,0.0000,1,'239NIU1',NULL),(240,'Unidad',172,'NIU',1.0000,8.5000,0.0000,0.0000,1,'240NIU1',NULL),(241,'Unidad',173,'NIU',1.0000,20.0000,0.0000,0.0000,1,'241NIU1',NULL),(242,'Unidad',174,'NIU',1.0000,0.3000,0.0000,0.0000,1,'242NIU1',NULL),(243,'Blíster',174,'BL',10.0000,2.5000,0.0000,0.0000,0,'243BL10',NULL),(244,'Unidad',175,'NIU',1.0000,26.5000,0.0000,0.0000,1,'244NIU1',NULL),(245,'Unidad',176,'NIU',1.0000,0.3000,0.0000,0.0000,1,'245NIU1',NULL),(246,'Blíster',176,'BL',10.0000,3.0000,0.0000,0.0000,0,'246BL10',NULL),(247,'Unidad',177,'NIU',1.0000,28.5000,0.0000,0.0000,1,'247NIU1',NULL),(248,'Unidad',178,'NIU',1.0000,32.0000,0.0000,0.0000,1,'248NIU1',NULL),(249,'Blíster',179,'BL',10.0000,7.0000,0.0000,0.0000,1,'249BL10',NULL),(250,'Unidad',179,'NIU',1.0000,1.0000,0.0000,0.0000,1,'250NIU1',NULL),(251,'Unidad',180,'NIU',1.0000,28.5000,0.0000,0.0000,1,'251NIU1',NULL),(252,'Unidad',181,'NIU',1.0000,5.0000,0.0000,0.0000,1,'252NIU1',NULL),(253,'Unidad',182,'NIU',1.0000,24.5000,0.0000,0.0000,1,'253NIU1',NULL),(254,'Caja',183,'BX',100.0000,0.0000,0.0000,0.0000,1,'254BX100',NULL),(255,'Blíster',183,'BL',10.0000,2.0000,0.0000,0.0000,1,'255BL10',NULL),(256,'Unidad',183,'NIU',1.0000,0.2000,0.0000,0.0000,1,'256NIU1',NULL),(257,'Unidad',184,'NIU',1.0000,26.5000,0.0000,0.0000,1,'257NIU1',NULL),(258,'Unidad',185,'NIU',1.0000,14.0000,0.0000,0.0000,1,'258NIU1',NULL),(259,'Unidad',186,'NIU',1.0000,13.0000,0.0000,0.0000,1,'259NIU1',NULL),(260,'Caja',187,'BX',100.0000,0.0000,0.0000,0.0000,1,'260BX100',NULL),(261,'Blíster',187,'BL',10.0000,3.0000,0.0000,0.0000,1,'261BL10',NULL),(262,'Unidad',187,'NIU',1.0000,0.5000,0.0000,0.0000,1,'262NIU1',NULL),(263,'Unidad',188,'NIU',1.0000,26.5000,0.0000,0.0000,1,'263NIU1',NULL),(264,'Unidad',189,'NIU',1.0000,1.0000,0.0000,0.0000,1,'264NIU1',NULL),(265,'Unidad',189,'NIU',10.0000,7.0000,0.0000,0.0000,0,'265NIU10',NULL),(266,'Caja',190,'BX',100.0000,0.0000,0.0000,0.0000,1,'266BX100',NULL),(267,'Blíster',190,'BL',10.0000,0.0000,0.0000,0.0000,1,'267BL10',NULL),(268,'Unidad',190,'NIU',1.0000,1.5000,0.0000,0.0000,1,'268NIU1',NULL),(269,'Caja',191,'BX',30.0000,0.0000,0.0000,0.0000,1,'269BX30',NULL),(270,'Blíster',191,'BL',10.0000,0.0000,0.0000,0.0000,1,'270BL10',NULL),(271,'Unidad',191,'NIU',1.0000,0.3000,0.0000,0.0000,1,'271NIU1',NULL),(272,'Unidad',192,'NIU',1.0000,2.0000,0.0000,0.0000,1,'272NIU1',NULL),(273,'Unidad',193,'NIU',1.0000,8.0000,0.0000,0.0000,1,'273NIU1',NULL),(274,'Caja',194,'BX',100.0000,0.0000,0.0000,0.0000,1,'274BX100',NULL),(275,'Blíster',194,'BL',10.0000,0.0000,0.0000,0.0000,1,'275BL10',NULL),(276,'Unidad',194,'NIU',1.0000,3.0000,0.0000,0.0000,1,'276NIU1',NULL),(277,'Unidad',195,'NIU',1.0000,6.5000,0.0000,0.0000,1,'277NIU1',NULL),(278,'Unidad',196,'NIU',1.0000,4.5000,0.0000,0.0000,1,'278NIU1',NULL),(279,'Caja',197,'BX',100.0000,0.0000,0.0000,0.0000,1,'279BX100',NULL),(280,'Blíster',197,'BL',10.0000,4.0000,0.0000,0.0000,1,'280BL10',NULL),(281,'Unidad',197,'NIU',1.0000,0.5000,0.0000,0.0000,1,'281NIU1',NULL),(282,'Caja',198,'BX',100.0000,0.0000,0.0000,0.0000,1,'282BX100',NULL),(283,'Blíster',198,'BL',10.0000,0.0000,0.0000,0.0000,1,'283BL10',NULL),(284,'Unidad',198,'NIU',1.0000,2.0000,0.0000,0.0000,1,'284NIU1',NULL),(285,'Unidad',199,'NIU',1.0000,7.0000,0.0000,0.0000,1,'285NIU1',NULL),(286,'Caja',200,'BX',100.0000,0.0000,0.0000,0.0000,1,'286BX100',NULL),(287,'Blíster',200,'BL',10.0000,10.0000,0.0000,0.0000,1,'287BL10',NULL),(288,'Unidad',200,'NIU',1.0000,1.5000,0.0000,0.0000,1,'288NIU1',NULL),(289,'Unidad',201,'NIU',1.0000,7.0000,0.0000,0.0000,1,'289NIU1',NULL),(290,'Blíster',202,'BL',10.0000,2.0000,0.0000,0.0000,1,'290BL10',NULL),(291,'Unidad',202,'NIU',1.0000,0.2000,0.0000,0.0000,1,'291NIU1',NULL),(292,'Unidad',203,'NIU',1.0000,4.0000,0.0000,0.0000,1,'292NIU1',NULL),(293,'Unidad',204,'NIU',1.0000,3.5000,0.0000,0.0000,1,'293NIU1',NULL),(294,'Unidad',205,'NIU',1.0000,18.0000,0.0000,0.0000,1,'294NIU1',NULL),(295,'Unidad',206,'NIU',1.0000,23.5000,0.0000,0.0000,1,'295NIU1',NULL),(296,'Caja',207,'BX',100.0000,0.0000,0.0000,0.0000,1,'296BX100',NULL),(297,'Blíster',207,'BL',10.0000,0.0000,0.0000,0.0000,1,'297BL10',NULL),(298,'Unidad',207,'NIU',1.0000,1.5000,0.0000,0.0000,1,'298NIU1',NULL),(299,'Unidad',208,'NIU',1.0000,28.0000,0.0000,0.0000,1,'299NIU1',NULL),(300,'Unidad',209,'NIU',1.0000,19.5000,0.0000,0.0000,1,'300NIU1',NULL),(301,'Unidad',210,'NIU',1.0000,14.5000,0.0000,0.0000,1,'301NIU1',NULL),(302,'Unidad',211,'NIU',1.0000,2.0000,0.0000,0.0000,1,'302NIU1',NULL),(303,'Caja',211,'BX',30.0000,45.0000,0.0000,0.0000,0,'303BX30',NULL),(304,'Caja',212,'BX',50.0000,0.0000,0.0000,0.0000,1,'304BX50','2026-07-27 12:41:03'),(305,'Unidad',212,'NIU',1.0000,2.0000,0.0000,0.0000,1,'305NIU1',NULL),(306,'Unidad',213,'NIU',1.0000,12.0000,0.0000,0.0000,1,'306NIU1',NULL),(307,'Caja',214,'BX',50.0000,0.0000,0.0000,0.0000,1,'307BX50',NULL),(308,'Blíster',214,'BL',10.0000,0.0000,0.0000,0.0000,1,'308BL10',NULL),(309,'Unidad',214,'NIU',1.0000,2.0000,0.0000,0.0000,1,'309NIU1',NULL),(310,'Caja',215,'BX',10.0000,0.0000,0.0000,0.0000,1,'310BX10',NULL),(311,'Unidad',215,'NIU',1.0000,3.5000,0.0000,0.0000,1,'311NIU1',NULL),(312,'Caja',216,'BX',30.0000,0.0000,0.0000,0.0000,1,'312BX30',NULL),(313,'Blíster',216,'BL',10.0000,0.0000,0.0000,0.0000,1,'313BL10',NULL),(314,'Unidad',216,'NIU',1.0000,2.5000,0.0000,0.0000,1,'314NIU1',NULL),(315,'Unidad',217,'NIU',1.0000,18.5000,0.0000,0.0000,1,'315NIU1',NULL),(316,'Unidad',218,'NIU',1.0000,24.0000,0.0000,0.0000,1,'316NIU1',NULL),(317,'Unidad',219,'NIU',1.0000,1.5000,0.0000,0.0000,1,'317NIU1',NULL),(318,'Blíster',219,'BL',10.0000,12.0000,0.0000,0.0000,0,'318BL10',NULL),(319,'Unidad',220,'NIU',1.0000,5.0000,0.0000,0.0000,1,'319NIU1',NULL),(320,'Unidad',221,'NIU',1.0000,2.0000,0.0000,0.0000,1,'320NIU1',NULL),(321,'Unidad',222,'NIU',1.0000,20.5000,0.0000,0.0000,1,'321NIU1',NULL),(322,'Unidad',223,'NIU',1.0000,12.0000,0.0000,0.0000,1,'322NIU1',NULL),(323,'Unidad',224,'NIU',1.0000,18.5000,0.0000,0.0000,1,'323NIU1',NULL),(324,'Unidad',225,'NIU',1.0000,43.0000,0.0000,0.0000,1,'324NIU1',NULL),(325,'Blíster',226,'BL',10.0000,4.0000,0.0000,0.0000,1,'325BL10',NULL),(326,'Unidad',227,'NIU',1.0000,11.0000,0.0000,0.0000,1,'326NIU1',NULL),(327,'Unidad',228,'NIU',1.0000,6.5000,0.0000,0.0000,1,'327NIU1',NULL),(328,'Unidad',229,'NIU',1.0000,7.0000,0.0000,0.0000,1,'328NIU1',NULL),(329,'Caja',230,'BX',10.0000,0.0000,0.0000,0.0000,1,'329BX10',NULL),(330,'Unidad',230,'NIU',1.0000,2.2000,0.0000,0.0000,1,'330NIU1',NULL),(331,'Caja',231,'BX',10.0000,0.0000,0.0000,0.0000,1,'331BX10',NULL),(332,'Unidad',231,'NIU',1.0000,1.5000,0.0000,0.0000,1,'332NIU1',NULL),(333,'Unidad',232,'NIU',1.0000,36.0000,0.0000,0.0000,1,'333NIU1',NULL),(334,'Caja',233,'BX',10.0000,0.0000,0.0000,0.0000,1,'334BX10',NULL),(335,'Unidad',233,'NIU',1.0000,10.0000,0.0000,0.0000,1,'335NIU1',NULL),(336,'Unidad',234,'NIU',1.0000,12.0000,0.0000,0.0000,1,'336NIU1',NULL),(337,'Unidad',235,'NIU',1.0000,28.5000,0.0000,0.0000,1,'337NIU1',NULL),(338,'Unidad',236,'NIU',1.0000,9.5000,0.0000,0.0000,1,'338NIU1',NULL),(339,'Unidad',237,'NIU',1.0000,9.8000,0.0000,0.0000,1,'339NIU1',NULL),(340,'Blíster',238,'BL',10.0000,4.0000,0.0000,0.0000,1,'340BL10',NULL),(341,'Unidad',239,'NIU',1.0000,10.0000,0.0000,0.0000,1,'341NIU1',NULL),(342,'Unidad',240,'NIU',1.0000,5.0000,0.0000,0.0000,1,'342NIU1',NULL),(343,'Caja',241,'BX',10.0000,0.0000,0.0000,0.0000,1,'343BX10',NULL),(344,'Unidad',241,'NIU',1.0000,2.5000,0.0000,0.0000,1,'344NIU1',NULL),(345,'Caja',242,'BX',100.0000,0.0000,0.0000,0.0000,1,'345BX100',NULL),(346,'Blíster',242,'BL',10.0000,0.0000,0.0000,0.0000,1,'346BL10',NULL),(347,'Unidad',242,'NIU',1.0000,3.0000,0.0000,0.0000,1,'347NIU1',NULL),(348,'Unidad',243,'NIU',1.0000,8.0000,0.0000,0.0000,1,'348NIU1',NULL),(349,'Caja',244,'BX',10.0000,0.0000,0.0000,0.0000,1,'349BX10',NULL),(350,'Unidad',244,'NIU',1.0000,2.0000,0.0000,0.0000,1,'350NIU1',NULL),(351,'Unidad',245,'NIU',1.0000,12.0000,0.0000,0.0000,1,'351NIU1',NULL),(352,'Blíster',246,'BL',10.0000,4.0000,0.0000,0.0000,1,'352BL10',NULL),(353,'Unidad',246,'NIU',1.0000,0.5000,0.0000,0.0000,1,'353NIU1',NULL),(354,'Unidad',247,'NIU',1.0000,5.5000,0.0000,0.0000,1,'354NIU1',NULL),(355,'Caja',248,'BX',100.0000,0.0000,0.0000,0.0000,1,'355BX100',NULL),(356,'Blíster',248,'BL',10.0000,0.0000,0.0000,0.0000,1,'356BL10',NULL),(357,'Unidad',248,'NIU',1.0000,1.5000,0.0000,0.0000,1,'357NIU1',NULL),(358,'Unidad',249,'NIU',1.0000,9.0000,0.0000,0.0000,1,'358NIU1',NULL),(359,'Unidad',250,'NIU',1.0000,3.0000,0.0000,0.0000,1,'359NIU1',NULL),(360,'Blíster',251,'BL',10.0000,4.0000,0.0000,0.0000,1,'360BL10',NULL),(361,'Unidad',251,'NIU',1.0000,0.5000,0.0000,0.0000,1,'361NIU1',NULL),(362,'Caja',252,'BX',120.0000,0.0000,0.0000,0.0000,1,'362BX120',NULL),(363,'Blíster',252,'BL',10.0000,0.0000,0.0000,0.0000,1,'363BL10',NULL),(364,'Unidad',252,'NIU',1.0000,1.5000,0.0000,0.0000,1,'364NIU1',NULL),(365,'Blíster',253,'BL',10.0000,3.0000,0.0000,0.0000,1,'365BL10',NULL),(366,'Unidad',253,'NIU',1.0000,0.4000,0.0000,0.0000,1,'366NIU1',NULL),(367,'Unidad',254,'NIU',1.0000,15.0000,0.0000,0.0000,1,'367NIU1',NULL),(368,'Unidad',255,'NIU',1.0000,18.0000,0.0000,0.0000,1,'368NIU1',NULL),(369,'Unidad',256,'NIU',1.0000,22.0000,0.0000,0.0000,1,'369NIU1',NULL),(370,'Unidad',257,'NIU',1.0000,13.0000,0.0000,0.0000,1,'370NIU1',NULL),(371,'Unidad',258,'NIU',1.0000,24.0000,0.0000,0.0000,1,'371NIU1',NULL),(372,'Unidad',259,'NIU',1.0000,6.0000,0.0000,0.0000,1,'372NIU1',NULL),(373,'Unidad',260,'NIU',1.0000,12.0000,0.0000,0.0000,1,'373NIU1',NULL),(374,'Blíster',261,'BL',10.0000,3.0000,0.0000,0.0000,1,'374BL10',NULL),(375,'Unidad',261,'NIU',1.0000,0.4000,0.0000,0.0000,1,'375NIU1',NULL),(376,'Caja',262,'BX',30.0000,0.0000,0.0000,0.0000,1,'376BX30',NULL),(377,'Blíster',262,'BL',10.0000,0.0000,0.0000,0.0000,1,'377BL10',NULL),(378,'Unidad',262,'NIU',1.0000,32.0000,0.0000,0.0000,1,'378NIU1',NULL),(379,'Caja',263,'BX',100.0000,0.0000,0.0000,0.0000,1,'379BX100',NULL),(380,'Unidad',263,'NIU',1.0000,2.0000,0.0000,0.0000,1,'380NIU1',NULL),(381,'Unidad',264,'NIU',1.0000,25.0000,0.0000,0.0000,1,'381NIU1',NULL),(382,'Unidad',265,'NIU',1.0000,32.0000,0.0000,0.0000,1,'382NIU1',NULL),(383,'Caja',266,'BX',2.0000,0.0000,0.0000,0.0000,1,'383BX2',NULL),(384,'Unidad',266,'NIU',1.0000,3.0000,0.0000,0.0000,1,'384NIU1',NULL),(385,'Unidad',267,'NIU',1.0000,19.5000,0.0000,0.0000,1,'385NIU1',NULL),(386,'Caja',268,'BX',120.0000,0.0000,0.0000,0.0000,1,'386BX120',NULL),(387,'Blíster',268,'BL',10.0000,0.0000,0.0000,0.0000,1,'387BL10',NULL),(388,'Unidad',268,'NIU',1.0000,1.0000,0.0000,0.0000,1,'388NIU1',NULL),(389,'Unidad',269,'NIU',1.0000,24.5000,0.0000,0.0000,1,'389NIU1',NULL),(390,'Unidad',270,'NIU',1.0000,2.0000,0.0000,0.0000,1,'390NIU1',NULL),(391,'Unidad',271,'NIU',1.0000,26.0000,0.0000,0.0000,1,'391NIU1',NULL),(392,'Caja',272,'BX',60.0000,0.0000,0.0000,0.0000,1,'392BX60',NULL),(393,'Blíster',272,'BL',10.0000,0.0000,0.0000,0.0000,1,'393BL10',NULL),(394,'Unidad',272,'NIU',1.0000,2.0000,0.0000,0.0000,1,'394NIU1',NULL),(395,'Unidad',273,'NIU',1.0000,25.0000,0.0000,0.0000,1,'395NIU1',NULL),(396,'Unidad',274,'NIU',1.0000,14.0000,0.0000,0.0000,1,'396NIU1',NULL),(397,'Caja',275,'BX',2.0000,0.0000,0.0000,0.0000,1,'397BX2',NULL),(398,'Unidad',275,'NIU',1.0000,8.5000,0.0000,0.0000,1,'398NIU1',NULL),(399,'Caja',276,'BX',100.0000,0.0000,0.0000,0.0000,1,'399BX100',NULL),(400,'Blíster',276,'BL',10.0000,0.0000,0.0000,0.0000,1,'400BL10',NULL),(401,'Unidad',276,'NIU',1.0000,0.5000,0.0000,0.0000,1,'401NIU1',NULL),(402,'Unidad',277,'NIU',1.0000,10.0000,0.0000,0.0000,1,'402NIU1',NULL),(403,'Unidad',278,'NIU',1.0000,10.0000,0.0000,0.0000,1,'403NIU1',NULL),(404,'Unidad',279,'NIU',1.0000,12.0000,0.0000,0.0000,1,'404NIU1',NULL),(405,'Unidad',280,'NIU',1.0000,15.0000,0.0000,0.0000,1,'405NIU1',NULL),(406,'Unidad',281,'NIU',1.0000,8.5000,0.0000,0.0000,1,'406NIU1',NULL),(407,'Blíster',282,'BL',10.0000,8.0000,0.0000,0.0000,1,'407BL10',NULL),(408,'Unidad',282,'NIU',1.0000,1.0000,0.0000,0.0000,1,'408NIU1',NULL),(409,'Unidad',283,'NIU',1.0000,19.5000,0.0000,0.0000,1,'409NIU1',NULL),(410,'Caja',284,'BX',100.0000,0.0000,0.0000,0.0000,1,'410BX100',NULL),(411,'Blíster',284,'BL',10.0000,0.0000,0.0000,0.0000,1,'411BL10',NULL),(412,'Unidad',284,'NIU',1.0000,1.0000,0.0000,0.0000,1,'412NIU1',NULL),(413,'Caja',285,'BX',100.0000,0.0000,0.0000,0.0000,1,'413BX100',NULL),(414,'Blíster',285,'BL',10.0000,0.0000,0.0000,0.0000,1,'414BL10',NULL),(415,'Unidad',285,'NIU',1.0000,1.0000,0.0000,0.0000,1,'415NIU1',NULL),(416,'Unidad',286,'NIU',1.0000,34.0000,0.0000,0.0000,1,'416NIU1',NULL),(417,'Unidad',287,'NIU',1.0000,18.5000,0.0000,0.0000,1,'417NIU1',NULL),(418,'Unidad',288,'NIU',1.0000,16.5000,0.0000,0.0000,1,'418NIU1',NULL),(419,'Unidad',289,'NIU',1.0000,22.5000,0.0000,0.0000,1,'419NIU1',NULL),(420,'Unidad',290,'NIU',1.0000,19.5000,0.0000,0.0000,1,'420NIU1',NULL),(421,'Unidad',291,'NIU',1.0000,19.5000,0.0000,0.0000,1,'421NIU1',NULL),(422,'Unidad',292,'NIU',1.0000,19.5000,0.0000,0.0000,1,'422NIU1',NULL),(423,'Unidad',293,'NIU',1.0000,1.5000,0.0000,0.0000,1,'423NIU1',NULL),(424,'Caja',294,'BX',2.0000,0.0000,0.0000,0.0000,1,'424BX2',NULL),(425,'Unidad',294,'NIU',1.0000,1.5000,0.0000,0.0000,1,'425NIU1',NULL),(426,'Blíster',295,'BL',10.0000,4.0000,0.0000,0.0000,1,'426BL10',NULL),(427,'Unidad',295,'NIU',1.0000,0.5000,0.0000,0.0000,1,'427NIU1',NULL),(428,'Blíster',296,'BL',10.0000,7.0000,0.0000,0.0000,1,'428BL10',NULL),(429,'Unidad',296,'NIU',1.0000,1.0000,0.0000,0.0000,1,'429NIU1',NULL),(430,'Blíster',297,'BL',10.0000,7.0000,0.0000,0.0000,1,'430BL10',NULL),(431,'Unidad',297,'NIU',1.0000,1.0000,0.0000,0.0000,1,'431NIU1',NULL),(432,'Unidad',298,'NIU',1.0000,25.8000,0.0000,0.0000,1,'432NIU1',NULL),(433,'Unidad',299,'NIU',1.0000,0.5000,0.0000,0.0000,1,'433NIU1',NULL),(434,'Caja',300,'BX',100.0000,0.0000,0.0000,0.0000,1,'434BX100',NULL),(435,'Blíster',300,'BL',10.0000,0.0000,0.0000,0.0000,1,'435BL10',NULL),(436,'Unidad',300,'NIU',1.0000,1.5000,0.0000,0.0000,1,'436NIU1',NULL),(437,'Caja',301,'BX',100.0000,0.0000,0.0000,0.0000,1,'437BX100',NULL),(438,'Blíster',301,'BL',10.0000,0.0000,0.0000,0.0000,1,'438BL10',NULL),(439,'Unidad',301,'NIU',1.0000,1.5000,0.0000,0.0000,1,'439NIU1',NULL),(440,'Caja',302,'BX',30.0000,0.0000,0.0000,0.0000,1,'440BX30',NULL),(441,'Blíster',302,'BL',10.0000,0.0000,0.0000,0.0000,1,'441BL10',NULL),(442,'Unidad',302,'NIU',1.0000,1.5000,0.0000,0.0000,1,'442NIU1',NULL),(443,'Caja',303,'BX',100.0000,0.0000,0.0000,0.0000,1,'443BX100',NULL),(444,'Blíster',303,'BL',10.0000,0.0000,0.0000,0.0000,1,'444BL10',NULL),(445,'Unidad',303,'NIU',1.0000,1.5000,0.0000,0.0000,1,'445NIU1',NULL),(446,'Blíster',304,'BL',10.0000,7.0000,0.0000,0.0000,1,'446BL10',NULL),(447,'Unidad',304,'NIU',1.0000,1.0000,0.0000,0.0000,1,'447NIU1',NULL),(448,'Unidad',305,'NIU',1.0000,18.0000,0.0000,0.0000,1,'448NIU1',NULL),(449,'Unidad',306,'NIU',1.0000,19.5000,0.0000,0.0000,1,'449NIU1',NULL),(450,'Caja',307,'BX',100.0000,0.0000,0.0000,0.0000,1,'450BX100',NULL),(451,'Blíster',307,'BL',10.0000,0.0000,0.0000,0.0000,1,'451BL10',NULL),(452,'Unidad',307,'NIU',1.0000,1.0000,0.0000,0.0000,1,'452NIU1',NULL),(453,'Unidad',308,'NIU',1.0000,8.5000,0.0000,0.0000,1,'453NIU1',NULL),(454,'Unidad',309,'NIU',1.0000,12.0000,0.0000,0.0000,1,'454NIU1',NULL),(455,'Unidad',310,'NIU',1.0000,34.0000,0.0000,0.0000,1,'455NIU1',NULL),(456,'Unidad',311,'NIU',1.0000,3.5000,0.0000,0.0000,1,'456NIU1',NULL),(457,'Caja',312,'BX',100.0000,0.0000,0.0000,0.0000,1,'457BX100',NULL),(458,'Blíster',312,'BL',10.0000,0.0000,0.0000,0.0000,1,'458BL10',NULL),(459,'Unidad',312,'NIU',1.0000,2.0000,0.0000,0.0000,1,'459NIU1',NULL),(460,'Caja',313,'BX',100.0000,0.0000,0.0000,0.0000,1,'460BX100',NULL),(461,'Blíster',313,'BL',10.0000,0.0000,0.0000,0.0000,1,'461BL10',NULL),(462,'Unidad',313,'NIU',1.0000,2.5000,0.0000,0.0000,1,'462NIU1',NULL),(463,'Caja',314,'BX',100.0000,0.0000,0.0000,0.0000,1,'463BX100',NULL),(464,'Blíster',314,'BL',10.0000,0.0000,0.0000,0.0000,1,'464BL10',NULL),(465,'Unidad',314,'NIU',1.0000,1.5000,0.0000,0.0000,1,'465NIU1',NULL),(466,'Unidad',315,'NIU',1.0000,14.0000,0.0000,0.0000,1,'466NIU1',NULL),(467,'Caja',316,'BX',200.0000,0.0000,0.0000,0.0000,1,'467BX200',NULL),(468,'Blíster',316,'BL',10.0000,0.0000,0.0000,0.0000,1,'468BL10',NULL),(469,'Unidad',316,'NIU',1.0000,1.5000,0.0000,0.0000,1,'469NIU1',NULL),(470,'Unidad',317,'NIU',1.0000,23.0000,0.0000,0.0000,1,'470NIU1',NULL),(471,'Unidad',318,'NIU',1.0000,37.0000,0.0000,0.0000,1,'471NIU1',NULL),(472,'Unidad',319,'NIU',1.0000,28.5000,0.0000,0.0000,1,'472NIU1',NULL),(473,'Unidad',320,'NIU',1.0000,3.0000,0.0000,0.0000,1,'473NIU1',NULL),(474,'Unidad',321,'NIU',1.0000,4.0000,0.0000,0.0000,1,'474NIU1',NULL),(475,'Unidad',322,'NIU',1.0000,29.9000,0.0000,0.0000,1,'475NIU1',NULL),(476,'Unidad',323,'NIU',1.0000,14.0000,0.0000,0.0000,1,'476NIU1',NULL),(477,'Unidad',324,'NIU',1.0000,19.5000,0.0000,0.0000,1,'477NIU1',NULL),(478,'Caja',325,'BX',100.0000,0.0000,0.0000,0.0000,1,'478BX100',NULL),(479,'Blíster',325,'BL',10.0000,0.0000,0.0000,0.0000,1,'479BL10',NULL),(480,'Unidad',325,'NIU',1.0000,1.5000,0.0000,0.0000,1,'480NIU1',NULL),(481,'Unidad',326,'NIU',1.0000,25.0000,0.0000,0.0000,1,'481NIU1',NULL),(482,'Unidad',327,'NIU',1.0000,1.0000,0.0000,0.0000,1,'482NIU1',NULL),(483,'Unidad',328,'NIU',1.0000,50.0000,0.0000,0.0000,1,'483NIU1',NULL),(484,'Caja',329,'BX',50.0000,0.0000,0.0000,0.0000,1,'484BX50',NULL),(485,'Blíster',329,'BL',10.0000,0.0000,0.0000,0.0000,1,'485BL10',NULL),(486,'Unidad',329,'NIU',1.0000,2.2000,0.0000,0.0000,1,'486NIU1',NULL),(487,'Unidad',330,'NIU',1.0000,1.0000,0.0000,0.0000,1,'487NIU1',NULL),(488,'Caja',331,'BX',100.0000,0.0000,0.0000,0.0000,1,'488BX100',NULL),(489,'Blíster',331,'BL',10.0000,0.0000,0.0000,0.0000,1,'489BL10',NULL),(490,'Unidad',331,'NIU',1.0000,1.5000,0.0000,0.0000,1,'490NIU1',NULL),(491,'Unidad',332,'NIU',1.0000,6.0000,0.0000,0.0000,1,'491NIU1',NULL),(492,'Unidad',333,'NIU',1.0000,5.0000,0.0000,0.0000,1,'492NIU1',NULL),(493,'Unidad',334,'NIU',1.0000,1.0000,0.0000,0.0000,1,'493NIU1',NULL),(494,'Caja',334,'BX',33.0000,25.5000,0.0000,0.0000,0,'494BX33',NULL),(495,'Unidad',335,'NIU',1.0000,1.3000,0.0000,0.0000,1,'495NIU1',NULL),(496,'Caja',335,'BX',33.0000,33.0000,0.0000,0.0000,0,'496BX33',NULL),(497,'Unidad',336,'NIU',1.0000,2.0000,0.0000,0.0000,1,'497NIU1',NULL),(498,'Unidad',337,'NIU',1.0000,2.5000,0.0000,0.0000,1,'498NIU1',NULL),(499,'Unidad',338,'NIU',1.0000,1.0000,0.0000,0.0000,1,'499NIU1',NULL),(500,'Unidad',339,'NIU',1.0000,1.5000,0.0000,0.0000,1,'500NIU1',NULL),(501,'Unidad',340,'NIU',1.0000,4.0000,0.0000,0.0000,1,'501NIU1',NULL),(502,'Unidad',341,'NIU',1.0000,3.0000,0.0000,0.0000,1,'502NIU1',NULL),(503,'Unidad',342,'NIU',1.0000,1.5000,0.0000,0.0000,1,'503NIU1',NULL),(504,'Unidad',343,'NIU',1.0000,20.0000,0.0000,0.0000,1,'504NIU1',NULL),(505,'Unidad',344,'NIU',1.0000,26.0000,0.0000,0.0000,1,'505NIU1',NULL),(506,'Unidad',345,'NIU',1.0000,32.5000,0.0000,0.0000,1,'506NIU1',NULL),(507,'Unidad',346,'NIU',1.0000,15.0000,0.0000,0.0000,1,'507NIU1',NULL),(508,'Unidad',347,'NIU',1.0000,15.0000,0.0000,0.0000,1,'508NIU1',NULL),(509,'Caja',348,'BX',60.0000,0.0000,0.0000,0.0000,1,'509BX60',NULL),(510,'Blíster',348,'BL',10.0000,0.0000,0.0000,0.0000,1,'510BL10',NULL),(511,'Unidad',348,'NIU',1.0000,2.0000,0.0000,0.0000,1,'511NIU1',NULL),(512,'Unidad',349,'NIU',1.0000,1.5000,0.0000,0.0000,1,'512NIU1',NULL),(513,'Unidad',350,'NIU',1.0000,8.0000,0.0000,0.0000,1,'513NIU1',NULL),(514,'Unidad',351,'NIU',1.0000,5.0000,0.0000,0.0000,1,'514NIU1',NULL),(515,'Unidad',352,'NIU',1.0000,4.5000,0.0000,0.0000,1,'515NIU1',NULL),(516,'Blíster',353,'BL',10.0000,12.0000,0.0000,0.0000,1,'516BL10',NULL),(517,'Unidad',353,'NIU',1.0000,1.5000,0.0000,0.0000,1,'517NIU1',NULL),(518,'Caja',354,'BX',100.0000,0.0000,0.0000,0.0000,1,'518BX100',NULL),(519,'Blíster',354,'BL',10.0000,0.0000,0.0000,0.0000,1,'519BL10',NULL),(520,'Unidad',354,'NIU',1.0000,1.5000,0.0000,0.0000,1,'520NIU1',NULL),(521,'Unidad',355,'NIU',1.0000,3.0000,0.0000,0.0000,1,'521NIU1',NULL),(522,'Blíster',355,'BL',10.0000,27.0000,0.0000,0.0000,0,'522BL10',NULL),(523,'Unidad',356,'NIU',1.0000,2.0000,0.0000,0.0000,1,'523NIU1',NULL),(524,'Unidad',357,'NIU',1.0000,13.0000,0.0000,0.0000,1,'524NIU1',NULL),(525,'Unidad',358,'NIU',1.0000,2.0000,0.0000,0.0000,1,'525NIU1',NULL),(526,'Unidad',359,'NIU',1.0000,14.0000,0.0000,0.0000,1,'526NIU1',NULL),(527,'Unidad',360,'NIU',1.0000,12.0000,0.0000,0.0000,1,'527NIU1',NULL),(528,'Caja',361,'BX',100.0000,0.0000,0.0000,0.0000,1,'528BX100',NULL),(529,'Blíster',361,'BL',10.0000,0.0000,0.0000,0.0000,1,'529BL10',NULL),(530,'Unidad',361,'NIU',1.0000,1.5000,0.0000,0.0000,1,'530NIU1',NULL),(531,'Unidad',362,'NIU',1.0000,14.0000,0.0000,0.0000,1,'531NIU1',NULL),(532,'Caja',363,'BX',150.0000,0.0000,0.0000,0.0000,1,'532BX150',NULL),(533,'Blíster',363,'BL',10.0000,0.0000,0.0000,0.0000,1,'533BL10',NULL),(534,'Unidad',363,'NIU',1.0000,1.5000,0.0000,0.0000,1,'534NIU1',NULL),(535,'Caja',364,'BX',100.0000,0.0000,0.0000,0.0000,1,'535BX100',NULL),(536,'Blíster',364,'BL',10.0000,0.0000,0.0000,0.0000,1,'536BL10',NULL),(537,'Unidad',364,'NIU',1.0000,1.5000,0.0000,0.0000,1,'537NIU1',NULL),(538,'Unidad',365,'NIU',1.0000,5.0000,0.0000,0.0000,1,'538NIU1',NULL),(539,'Caja',366,'BX',50.0000,0.0000,0.0000,0.0000,1,'539BX50',NULL),(540,'Unidad',366,'NIU',1.0000,2.5000,0.0000,0.0000,1,'540NIU1',NULL),(541,'Unidad',367,'NIU',1.0000,5.0000,0.0000,0.0000,1,'541NIU1',NULL),(542,'Caja',368,'BX',100.0000,0.0000,0.0000,0.0000,1,'542BX100',NULL),(543,'Blíster',368,'BL',10.0000,0.0000,0.0000,0.0000,1,'543BL10',NULL),(544,'Unidad',368,'NIU',1.0000,2.0000,0.0000,0.0000,1,'544NIU1',NULL),(545,'Unidad',369,'NIU',1.0000,8.5000,0.0000,0.0000,1,'545NIU1',NULL),(546,'Caja',370,'BX',80.0000,0.0000,0.0000,0.0000,1,'546BX80',NULL),(547,'Blíster',370,'BL',10.0000,0.0000,0.0000,0.0000,1,'547BL10',NULL),(548,'Unidad',370,'NIU',1.0000,1.5000,0.0000,0.0000,1,'548NIU1',NULL),(549,'Unidad',371,'NIU',1.0000,4.0000,0.0000,0.0000,1,'549NIU1',NULL),(550,'Unidad',372,'NIU',1.0000,10.0000,0.0000,0.0000,1,'550NIU1',NULL),(551,'Caja',373,'BX',40.0000,0.0000,0.0000,0.0000,1,'551BX40',NULL),(552,'Unidad',373,'NIU',1.0000,2.5000,0.0000,0.0000,1,'552NIU1',NULL),(553,'Unidad',374,'NIU',1.0000,0.3000,0.0000,0.0000,1,'553NIU1',NULL),(554,'Caja',375,'BX',80.0000,0.0000,0.0000,0.0000,1,'554BX80',NULL),(555,'Unidad',375,'NIU',1.0000,2.5000,0.0000,0.0000,1,'555NIU1',NULL),(556,'Caja',376,'BX',100.0000,0.0000,0.0000,0.0000,1,'556BX100',NULL),(557,'Blíster',376,'BL',10.0000,0.0000,0.0000,0.0000,1,'557BL10',NULL),(558,'Unidad',376,'NIU',1.0000,0.5000,0.0000,0.0000,1,'558NIU1',NULL),(559,'Blíster',377,'BL',10.0000,3.0000,0.0000,0.0000,1,'559BL10',NULL),(560,'Caja',378,'BX',200.0000,0.0000,0.0000,0.0000,1,'560BX200',NULL),(561,'Blíster',378,'BL',10.0000,0.0000,0.0000,0.0000,1,'561BL10',NULL),(562,'Unidad',378,'NIU',1.0000,2.0000,0.0000,0.0000,1,'562NIU1',NULL),(563,'Caja',379,'BX',30.0000,0.0000,0.0000,0.0000,1,'563BX30',NULL),(564,'Blíster',379,'BL',10.0000,0.0000,0.0000,0.0000,1,'564BL10',NULL),(565,'Unidad',379,'NIU',1.0000,0.7000,0.0000,0.0000,1,'565NIU1',NULL),(566,'Caja',380,'BX',10.0000,0.0000,0.0000,0.0000,1,'566BX10',NULL),(567,'Unidad',380,'NIU',1.0000,2.0000,0.0000,0.0000,1,'567NIU1',NULL),(568,'Caja',381,'BX',100.0000,0.0000,0.0000,0.0000,1,'568BX100',NULL),(569,'Blíster',381,'BL',10.0000,0.0000,0.0000,0.0000,1,'569BL10',NULL),(570,'Unidad',381,'NIU',1.0000,1.5000,0.0000,0.0000,1,'570NIU1',NULL),(571,'Unidad',382,'NIU',1.0000,14.5000,0.0000,0.0000,1,'571NIU1',NULL),(572,'Unidad',383,'NIU',1.0000,3.5000,0.0000,0.0000,1,'572NIU1',NULL),(573,'Caja',384,'BX',4.0000,0.0000,0.0000,0.0000,1,'573BX4',NULL),(574,'Unidad',384,'NIU',1.0000,7.9000,0.0000,0.0000,1,'574NIU1',NULL),(575,'Unidad',385,'NIU',1.0000,1.5000,0.0000,0.0000,1,'575NIU1',NULL),(576,'Caja',386,'BX',30.0000,0.0000,0.0000,0.0000,1,'576BX30',NULL),(577,'Blíster',386,'BL',10.0000,0.0000,0.0000,0.0000,1,'577BL10',NULL),(578,'Unidad',386,'NIU',1.0000,3.0000,0.0000,0.0000,1,'578NIU1',NULL),(579,'Caja',387,'BX',200.0000,0.0000,0.0000,0.0000,1,'579BX200',NULL),(580,'Blíster',387,'BL',10.0000,0.0000,0.0000,0.0000,1,'580BL10',NULL),(581,'Unidad',387,'NIU',1.0000,1.5000,0.0000,0.0000,1,'581NIU1',NULL),(582,'Caja',388,'BX',48.0000,0.0000,0.0000,0.0000,1,'582BX48',NULL),(583,'Blíster',388,'BL',10.0000,0.0000,0.0000,0.0000,1,'583BL10',NULL),(584,'Unidad',388,'NIU',1.0000,2.5000,0.0000,0.0000,1,'584NIU1',NULL),(585,'Caja',389,'BX',10.0000,0.0000,0.0000,0.0000,1,'585BX10',NULL),(586,'Unidad',389,'NIU',1.0000,1.5000,0.0000,0.0000,1,'586NIU1',NULL),(587,'Unidad',390,'NIU',1.0000,2.0000,0.0000,0.0000,1,'587NIU1',NULL),(588,'Caja',391,'BX',30.0000,0.0000,0.0000,0.0000,1,'588BX30',NULL),(589,'Blíster',391,'BL',10.0000,0.0000,0.0000,0.0000,1,'589BL10',NULL),(590,'Unidad',391,'NIU',1.0000,1.5000,0.0000,0.0000,1,'590NIU1',NULL),(591,'Unidad',392,'NIU',1.0000,19.5000,0.0000,0.0000,1,'591NIU1',NULL),(592,'Unidad',393,'NIU',1.0000,18.0000,0.0000,0.0000,1,'592NIU1',NULL),(593,'Unidad',394,'NIU',1.0000,1.5000,0.0000,0.0000,1,'593NIU1',NULL),(594,'Unidad',395,'NIU',1.0000,2.5000,0.0000,0.0000,1,'594NIU1',NULL),(595,'Blíster',395,'BL',10.0000,12.0000,0.0000,0.0000,0,'595BL10',NULL),(596,'Blíster',396,'BL',1.0000,8.0000,0.0000,0.0000,1,'596BL1',NULL),(597,'Unidad',397,'NIU',1.0000,2.0000,0.0000,0.0000,1,'597NIU1',NULL),(598,'Unidad',398,'NIU',1.0000,1.5000,0.0000,0.0000,1,'598NIU1',NULL),(599,'Unidad',399,'NIU',1.0000,15.0000,0.0000,0.0000,1,'599NIU1',NULL),(600,'Unidad',400,'NIU',1.0000,9.0000,0.0000,0.0000,1,'600NIU1',NULL),(601,'Unidad',401,'NIU',1.0000,19.5000,0.0000,0.0000,1,'601NIU1',NULL),(602,'Unidad',402,'NIU',1.0000,13.5000,0.0000,0.0000,1,'602NIU1',NULL),(603,'Unidad',403,'NIU',1.0000,23.0000,0.0000,0.0000,1,'603NIU1',NULL),(604,'Unidad',404,'NIU',1.0000,20.0000,0.0000,0.0000,1,'604NIU1',NULL),(605,'Caja',405,'BX',14.0000,0.0000,0.0000,0.0000,1,'605BX14',NULL),(606,'Blíster',405,'BL',7.0000,0.0000,0.0000,0.0000,1,'606BL7',NULL),(607,'Unidad',405,'NIU',1.0000,4.0000,0.0000,0.0000,1,'607NIU1',NULL),(608,'Unidad',406,'NIU',1.0000,2.0000,0.0000,0.0000,1,'608NIU1',NULL),(609,'Unidad',407,'NIU',1.0000,18.0000,0.0000,0.0000,1,'609NIU1',NULL),(610,'Caja',408,'BX',10.0000,0.0000,0.0000,0.0000,1,'610BX10',NULL),(611,'Unidad',408,'NIU',1.0000,2.5000,0.0000,0.0000,1,'611NIU1',NULL),(612,'Caja',409,'BX',40.0000,0.0000,0.0000,0.0000,1,'612BX40',NULL),(613,'Blíster',409,'BL',10.0000,0.0000,0.0000,0.0000,1,'613BL10',NULL),(614,'Unidad',409,'NIU',1.0000,1.5000,0.0000,0.0000,1,'614NIU1',NULL),(615,'Caja',410,'BX',100.0000,0.0000,0.0000,0.0000,1,'615BX100',NULL),(616,'Blíster',410,'BL',10.0000,0.0000,0.0000,0.0000,1,'616BL10',NULL),(617,'Unidad',410,'NIU',1.0000,1.5000,0.0000,0.0000,1,'617NIU1',NULL),(618,'Caja',411,'BX',12.0000,0.0000,0.0000,0.0000,1,'618BX12',NULL),(619,'Blíster',411,'BL',10.0000,0.0000,0.0000,0.0000,1,'619BL10',NULL),(620,'Unidad',411,'NIU',1.0000,6.5000,0.0000,0.0000,1,'620NIU1',NULL),(621,'Unidad',412,'NIU',1.0000,4.0000,0.0000,0.0000,1,'621NIU1',NULL),(622,'Unidad',413,'NIU',1.0000,3.0000,0.0000,0.0000,1,'622NIU1',NULL),(623,'Unidad',414,'NIU',1.0000,0.5000,0.0000,0.0000,1,'623NIU1',NULL),(624,'Unidad',415,'NIU',1.0000,2.0000,0.0000,0.0000,1,'624NIU1',NULL),(625,'Unidad',416,'NIU',1.0000,1.5000,0.0000,0.0000,1,'625NIU1',NULL),(626,'Unidad',417,'NIU',1.0000,4.5000,0.0000,0.0000,1,'626NIU1',NULL),(627,'Unidad',418,'NIU',1.0000,3.0000,0.0000,0.0000,1,'627NIU1',NULL),(628,'Unidad',419,'NIU',1.0000,22.0000,0.0000,0.0000,1,'628NIU1',NULL),(629,'Caja',420,'BX',100.0000,0.0000,0.0000,0.0000,1,'629BX100',NULL),(630,'Blíster',420,'BL',10.0000,0.0000,0.0000,0.0000,1,'630BL10',NULL),(631,'Unidad',420,'NIU',1.0000,1.0000,0.0000,0.0000,1,'631NIU1',NULL),(632,'Caja',421,'BX',100.0000,0.0000,0.0000,0.0000,1,'632BX100',NULL),(633,'Blíster',421,'BL',10.0000,0.0000,0.0000,0.0000,1,'633BL10',NULL),(634,'Unidad',421,'NIU',1.0000,1.5000,0.0000,0.0000,1,'634NIU1',NULL),(635,'Unidad',422,'NIU',1.0000,18.5000,0.0000,0.0000,1,'635NIU1',NULL),(636,'Caja',423,'BX',100.0000,0.0000,0.0000,0.0000,1,'636BX100',NULL),(637,'Blíster',423,'BL',10.0000,0.0000,0.0000,0.0000,1,'637BL10',NULL),(638,'Unidad',423,'NIU',1.0000,1.5000,0.0000,0.0000,1,'638NIU1',NULL),(639,'Caja',424,'BX',30.0000,0.0000,0.0000,0.0000,1,'639BX30',NULL),(640,'Blíster',424,'BL',10.0000,0.0000,0.0000,0.0000,1,'640BL10',NULL),(641,'Unidad',424,'NIU',1.0000,2.0000,0.0000,0.0000,1,'641NIU1',NULL),(642,'Unidad',425,'NIU',1.0000,15.0000,0.0000,0.0000,1,'642NIU1',NULL),(643,'Unidad',426,'NIU',1.0000,1.0000,0.0000,0.0000,1,'643NIU1',NULL),(644,'Unidad',427,'NIU',1.0000,23.5000,0.0000,0.0000,1,'644NIU1',NULL),(645,'Caja',428,'BX',4.0000,0.0000,0.0000,0.0000,1,'645BX4',NULL),(646,'Unidad',428,'NIU',1.0000,5.0000,0.0000,0.0000,1,'646NIU1',NULL),(647,'Caja',429,'BX',100.0000,0.0000,0.0000,0.0000,1,'647BX100',NULL),(648,'Blíster',429,'BL',10.0000,0.0000,0.0000,0.0000,1,'648BL10',NULL),(649,'Unidad',429,'NIU',1.0000,1.0000,0.0000,0.0000,1,'649NIU1',NULL),(650,'Unidad',430,'NIU',1.0000,2.0000,0.0000,0.0000,1,'650NIU1',NULL),(651,'Caja',431,'BX',30.0000,0.0000,0.0000,0.0000,1,'651BX30',NULL),(652,'Blíster',431,'BL',10.0000,0.0000,0.0000,0.0000,1,'652BL10',NULL),(653,'Unidad',431,'NIU',1.0000,2.0000,0.0000,0.0000,1,'653NIU1',NULL),(654,'Caja',432,'BX',50.0000,0.0000,0.0000,0.0000,1,'654BX50',NULL),(655,'Blíster',432,'BL',10.0000,0.0000,0.0000,0.0000,1,'655BL10',NULL),(656,'Unidad',432,'NIU',1.0000,1.5000,0.0000,0.0000,1,'656NIU1',NULL),(657,'Unidad',433,'NIU',1.0000,15.0000,0.0000,0.0000,1,'657NIU1',NULL),(658,'Unidad',434,'NIU',1.0000,19.5000,0.0000,0.0000,1,'658NIU1',NULL),(659,'Unidad',435,'NIU',1.0000,17.0000,0.0000,0.0000,1,'659NIU1',NULL),(660,'Caja',436,'BX',100.0000,0.0000,0.0000,0.0000,1,'660BX100',NULL),(661,'Blíster',436,'BL',10.0000,0.0000,0.0000,0.0000,1,'661BL10',NULL),(662,'Unidad',436,'NIU',1.0000,1.5000,0.0000,0.0000,1,'662NIU1',NULL),(663,'Unidad',437,'NIU',1.0000,4.0000,0.0000,0.0000,1,'663NIU1',NULL),(664,'Caja',438,'BX',7.0000,0.0000,0.0000,0.0000,1,'664BX7',NULL),(665,'Unidad',438,'NIU',1.0000,3.5000,0.0000,0.0000,1,'665NIU1',NULL),(666,'Caja',439,'BX',14.0000,0.0000,0.0000,0.0000,1,'666BX14',NULL),(667,'Blíster',439,'BL',7.0000,0.0000,0.0000,0.0000,1,'667BL7',NULL),(668,'Unidad',439,'NIU',1.0000,2.5000,0.0000,0.0000,1,'668NIU1',NULL),(669,'Unidad',440,'NIU',1.0000,1.0000,0.0000,0.0000,1,'669NIU1',NULL),(670,'Unidad',441,'NIU',1.0000,25.0000,0.0000,0.0000,1,'670NIU1',NULL),(671,'Unidad',442,'NIU',1.0000,15.0000,0.0000,0.0000,1,'671NIU1',NULL),(672,'Unidad',443,'NIU',1.0000,0.1000,0.0000,0.0000,1,'672NIU1',NULL),(673,'Caja',444,'BX',60.0000,0.0000,0.0000,0.0000,1,'673BX60',NULL),(674,'Blíster',444,'BL',10.0000,0.0000,0.0000,0.0000,1,'674BL10',NULL),(675,'Unidad',444,'NIU',1.0000,2.0000,0.0000,0.0000,1,'675NIU1',NULL),(676,'Caja',445,'BX',60.0000,0.0000,0.0000,0.0000,1,'676BX60',NULL),(677,'Blíster',445,'BL',10.0000,0.0000,0.0000,0.0000,1,'677BL10',NULL),(678,'Unidad',445,'NIU',1.0000,2.0000,0.0000,0.0000,1,'678NIU1',NULL),(679,'Caja',446,'BX',60.0000,0.0000,0.0000,0.0000,1,'679BX60',NULL),(680,'Blíster',446,'BL',10.0000,0.0000,0.0000,0.0000,1,'680BL10',NULL),(681,'Unidad',446,'NIU',1.0000,1.5000,0.0000,0.0000,1,'681NIU1',NULL),(682,'Caja',447,'BX',60.0000,0.0000,0.0000,0.0000,1,'682BX60',NULL),(683,'Blíster',447,'BL',10.0000,0.0000,0.0000,0.0000,1,'683BL10',NULL),(684,'Unidad',447,'NIU',1.0000,1.5000,0.0000,0.0000,1,'684NIU1',NULL),(685,'Caja',448,'BX',60.0000,0.0000,0.0000,0.0000,1,'685BX60',NULL),(686,'Blíster',448,'BL',10.0000,0.0000,0.0000,0.0000,1,'686BL10',NULL),(687,'Unidad',448,'NIU',1.0000,2.0000,0.0000,0.0000,1,'687NIU1',NULL),(688,'Unidad',449,'NIU',1.0000,1.5000,0.0000,0.0000,1,'688NIU1',NULL),(689,'Caja',450,'BX',100.0000,0.0000,0.0000,0.0000,1,'689BX100',NULL),(690,'Unidad',450,'NIU',1.0000,1.5000,0.0000,0.0000,1,'690NIU1',NULL),(691,'Unidad',451,'NIU',1.0000,1.5000,0.0000,0.0000,1,'691NIU1',NULL),(692,'Unidad',452,'NIU',1.0000,15.0000,0.0000,0.0000,1,'692NIU1',NULL),(693,'Caja',453,'BX',60.0000,0.0000,0.0000,0.0000,1,'693BX60',NULL),(694,'Blíster',453,'BL',10.0000,0.0000,0.0000,0.0000,1,'694BL10',NULL),(695,'Unidad',453,'NIU',1.0000,15.0000,0.0000,0.0000,1,'695NIU1',NULL),(696,'Unidad',454,'NIU',1.0000,20.0000,0.0000,0.0000,1,'696NIU1',NULL),(697,'Caja',455,'BX',100.0000,0.0000,0.0000,0.0000,1,'697BX100',NULL),(698,'Unidad',455,'NIU',1.0000,1.5000,0.0000,0.0000,1,'698NIU1',NULL),(699,'Caja',456,'BX',100.0000,0.0000,0.0000,0.0000,1,'699BX100',NULL),(700,'Blíster',456,'BL',10.0000,0.0000,0.0000,0.0000,1,'700BL10',NULL),(701,'Unidad',456,'NIU',1.0000,1.5000,0.0000,0.0000,1,'701NIU1',NULL),(702,'Unidad',457,'NIU',1.0000,0.5000,0.0000,0.0000,1,'702NIU1',NULL),(703,'Unidad',458,'NIU',1.0000,15.0000,0.0000,0.0000,1,'703NIU1',NULL),(704,'Unidad',459,'NIU',1.0000,15.0000,0.0000,0.0000,1,'704NIU1',NULL),(705,'Unidad',460,'NIU',1.0000,12.0000,0.0000,0.0000,1,'705NIU1',NULL),(706,'Unidad',461,'NIU',1.0000,1.5000,0.0000,0.0000,1,'706NIU1',NULL),(707,'Unidad',462,'NIU',1.0000,23.5000,0.0000,0.0000,1,'707NIU1',NULL),(708,'Unidad',463,'NIU',1.0000,25.5000,0.0000,0.0000,1,'708NIU1',NULL),(709,'Caja',464,'BX',60.0000,0.0000,0.0000,0.0000,1,'709BX60',NULL),(710,'Blíster',464,'BL',10.0000,0.0000,0.0000,0.0000,1,'710BL10',NULL),(711,'Unidad',464,'NIU',1.0000,15.0000,0.0000,0.0000,1,'711NIU1',NULL),(712,'Caja',465,'BX',60.0000,0.0000,0.0000,0.0000,1,'712BX60',NULL),(713,'Blíster',465,'BL',10.0000,0.0000,0.0000,0.0000,1,'713BL10',NULL),(714,'Unidad',465,'NIU',1.0000,16.0000,0.0000,0.0000,1,'714NIU1',NULL),(715,'Caja',466,'BX',60.0000,0.0000,0.0000,0.0000,1,'715BX60',NULL),(716,'Blíster',466,'BL',10.0000,0.0000,0.0000,0.0000,1,'716BL10',NULL),(717,'Unidad',466,'NIU',1.0000,15.0000,0.0000,0.0000,1,'717NIU1',NULL),(718,'Unidad',467,'NIU',1.0000,10.0000,0.0000,0.0000,1,'718NIU1',NULL),(719,'Unidad',468,'NIU',1.0000,2.0000,0.0000,0.0000,1,'719NIU1',NULL),(720,'Unidad',469,'NIU',1.0000,18.0000,0.0000,0.0000,1,'720NIU1',NULL),(721,'Unidad',470,'NIU',1.0000,20.0000,0.0000,0.0000,1,'721NIU1',NULL),(722,'Caja',471,'BX',20.0000,0.0000,0.0000,0.0000,1,'722BX20',NULL),(723,'Blíster',471,'BL',10.0000,0.0000,0.0000,0.0000,1,'723BL10',NULL),(724,'Unidad',471,'NIU',1.0000,24.0000,0.0000,0.0000,1,'724NIU1',NULL),(725,'Caja',472,'BX',10.0000,0.0000,0.0000,0.0000,1,'725BX10',NULL),(726,'Unidad',472,'NIU',1.0000,15.0000,0.0000,0.0000,1,'726NIU1',NULL),(727,'Unidad',473,'NIU',1.0000,3.0000,0.0000,0.0000,1,'727NIU1',NULL),(728,'Unidad',474,'NIU',1.0000,9.0000,0.0000,0.0000,1,'728NIU1',NULL),(729,'Unidad',475,'NIU',1.0000,4.5000,0.0000,0.0000,1,'729NIU1',NULL),(730,'Unidad',476,'NIU',1.0000,4.0000,0.0000,0.0000,1,'730NIU1',NULL),(731,'Unidad',477,'NIU',1.0000,1.0000,0.0000,0.0000,1,'731NIU1',NULL),(732,'Unidad',478,'NIU',1.0000,1.5000,0.0000,0.0000,1,'732NIU1',NULL),(733,'Unidad',479,'NIU',1.0000,5.0000,0.0000,0.0000,1,'733NIU1',NULL),(734,'Unidad',480,'NIU',1.0000,1.2000,0.0000,0.0000,1,'734NIU1',NULL),(735,'Unidad',481,'NIU',1.0000,16.5000,0.0000,0.0000,1,'735NIU1',NULL),(736,'Unidad',482,'NIU',1.0000,31.0000,0.0000,0.0000,1,'736NIU1',NULL),(737,'Unidad',483,'NIU',1.0000,15.0000,0.0000,0.0000,1,'737NIU1',NULL),(738,'Unidad',484,'NIU',1.0000,18.5000,0.0000,0.0000,1,'738NIU1',NULL),(739,'Unidad',485,'NIU',1.0000,18.5000,0.0000,0.0000,1,'739NIU1',NULL),(740,'Unidad',486,'NIU',1.0000,14.0000,0.0000,0.0000,1,'740NIU1',NULL),(741,'Unidad',487,'NIU',1.0000,29.0000,0.0000,0.0000,1,'741NIU1',NULL),(742,'Unidad',488,'NIU',1.0000,29.0000,0.0000,0.0000,1,'742NIU1',NULL),(743,'Unidad',489,'NIU',1.0000,25.5000,0.0000,0.0000,1,'743NIU1',NULL),(744,'Unidad',490,'NIU',1.0000,15.0000,0.0000,0.0000,1,'744NIU1',NULL),(745,'Unidad',491,'NIU',1.0000,11.5000,0.0000,0.0000,1,'745NIU1',NULL),(746,'Unidad',492,'NIU',1.0000,11.0000,0.0000,0.0000,1,'746NIU1',NULL),(747,'Unidad',493,'NIU',1.0000,154.0000,0.0000,0.0000,1,'747NIU1',NULL),(748,'Unidad',494,'NIU',1.0000,102.0000,0.0000,0.0000,1,'748NIU1',NULL),(749,'Unidad',495,'NIU',1.0000,97.0000,0.0000,0.0000,1,'749NIU1',NULL),(750,'Unidad',496,'NIU',1.0000,62.0000,0.0000,0.0000,1,'750NIU1',NULL),(751,'Unidad',497,'NIU',1.0000,63.0000,0.0000,0.0000,1,'751NIU1',NULL),(752,'Unidad',498,'NIU',1.0000,11.5000,0.0000,0.0000,1,'752NIU1',NULL),(753,'Unidad',499,'NIU',1.0000,35.0000,0.0000,0.0000,1,'753NIU1',NULL),(754,'Unidad',500,'NIU',1.0000,35.0000,0.0000,0.0000,1,'754NIU1',NULL),(755,'Unidad',501,'NIU',1.0000,31.5000,0.0000,0.0000,1,'755NIU1',NULL),(756,'Unidad',502,'NIU',1.0000,64.0000,0.0000,0.0000,1,'756NIU1',NULL),(757,'Unidad',503,'NIU',1.0000,52.0000,0.0000,0.0000,1,'757NIU1',NULL),(758,'Unidad',504,'NIU',1.0000,36.0000,0.0000,0.0000,1,'758NIU1',NULL),(759,'Unidad',505,'NIU',1.0000,3.0000,0.0000,0.0000,1,'759NIU1',NULL),(760,'Caja',506,'BX',100.0000,0.0000,0.0000,0.0000,1,'760BX100','2026-07-30 16:57:22'),(761,'Blíster',506,'BL',10.0000,4.0000,0.0000,0.0000,1,'761BL10',NULL),(762,'Unidad',506,'NIU',1.0000,0.5000,0.0000,0.0000,1,'762NIU1',NULL),(763,'Unidad',507,'NIU',1.0000,1.5000,0.0000,0.0000,1,'763NIU1',NULL),(764,'Unidad',508,'NIU',1.0000,3.0000,0.0000,0.0000,1,'764NIU1',NULL),(765,'Unidad',509,'NIU',1.0000,0.7000,0.0000,0.0000,1,'765NIU1',NULL),(766,'Unidad',510,'NIU',1.0000,0.3000,0.0000,0.0000,1,'766NIU1',NULL),(767,'Unidad',511,'NIU',1.0000,2.0000,0.0000,0.0000,1,'767NIU1',NULL),(768,'Unidad',512,'NIU',1.0000,3.0000,0.0000,0.0000,1,'768NIU1',NULL),(769,'Unidad',513,'NIU',1.0000,12.5000,0.0000,0.0000,1,'769NIU1',NULL),(770,'Unidad',514,'NIU',1.0000,4.8000,0.0000,0.0000,1,'770NIU1',NULL),(771,'Unidad',515,'NIU',1.0000,4.0000,0.0000,0.0000,1,'771NIU1',NULL),(772,'Unidad',516,'NIU',1.0000,15.0000,0.0000,0.0000,1,'772NIU1',NULL),(773,'Unidad',517,'NIU',1.0000,7.5000,0.0000,0.0000,1,'773NIU1',NULL),(774,'Unidad',518,'NIU',1.0000,13.0000,0.0000,0.0000,1,'774NIU1',NULL),(775,'Unidad',519,'NIU',1.0000,15.0000,0.0000,0.0000,1,'775NIU1',NULL),(776,'Unidad',520,'NIU',1.0000,39.0000,0.0000,0.0000,1,'776NIU1',NULL),(777,'Unidad',521,'NIU',1.0000,12.0000,0.0000,0.0000,1,'777NIU1',NULL),(778,'Unidad',522,'NIU',1.0000,13.0000,0.0000,0.0000,1,'778NIU1',NULL),(779,'Unidad',523,'NIU',1.0000,13.0000,0.0000,0.0000,1,'779NIU1',NULL),(780,'Unidad',524,'NIU',1.0000,26.0000,0.0000,0.0000,1,'780NIU1',NULL),(781,'Unidad',525,'NIU',1.0000,15.0000,0.0000,0.0000,1,'781NIU1',NULL),(782,'Unidad',526,'NIU',1.0000,35.0000,0.0000,0.0000,1,'782NIU1',NULL),(783,'Caja',527,'BX',20.0000,0.0000,0.0000,0.0000,1,'783BX20',NULL),(784,'Unidad',527,'NIU',1.0000,1.5000,0.0000,0.0000,1,'784NIU1',NULL),(785,'Caja',528,'BX',50.0000,0.0000,0.0000,0.0000,1,'785BX50',NULL),(786,'Unidad',528,'NIU',1.0000,2.0000,0.0000,0.0000,1,'786NIU1',NULL),(787,'Unidad',529,'NIU',1.0000,2.0000,0.0000,0.0000,1,'787NIU1',NULL),(788,'Unidad',530,'NIU',1.0000,12.0000,0.0000,0.0000,1,'788NIU1',NULL),(789,'Unidad',531,'NIU',1.0000,1.5000,0.0000,0.0000,1,'789NIU1',NULL),(790,'Unidad',532,'NIU',1.0000,4.5000,0.0000,0.0000,1,'790NIU1',NULL),(791,'Caja',533,'BX',20.0000,0.0000,0.0000,0.0000,1,'791BX20',NULL),(792,'Blíster',533,'BL',10.0000,0.0000,0.0000,0.0000,1,'792BL10',NULL),(793,'Unidad',533,'NIU',1.0000,2.0000,0.0000,0.0000,1,'793NIU1',NULL),(794,'Unidad',534,'NIU',1.0000,24.0000,0.0000,0.0000,1,'794NIU1',NULL),(795,'Unidad',535,'NIU',1.0000,1.2000,0.0000,0.0000,1,'795NIU1',NULL),(796,'Unidad',536,'NIU',1.0000,30.0000,0.0000,0.0000,1,'796NIU1',NULL),(797,'Unidad',537,'NIU',1.0000,2.0000,0.0000,0.0000,1,'797NIU1',NULL),(798,'Unidad',538,'NIU',1.0000,1.5000,0.0000,0.0000,1,'798NIU1',NULL),(799,'Unidad',539,'NIU',1.0000,20.0000,0.0000,0.0000,1,'799NIU1',NULL),(800,'Unidad',540,'NIU',1.0000,3.5000,0.0000,0.0000,1,'800NIU1',NULL),(801,'Unidad',541,'NIU',1.0000,1.5000,0.0000,0.0000,1,'801NIU1',NULL),(802,'Unidad',542,'NIU',1.0000,2.5000,0.0000,0.0000,1,'802NIU1',NULL),(803,'Caja',543,'BX',100.0000,0.0000,0.0000,0.0000,1,'803BX100',NULL),(804,'Blíster',543,'BL',10.0000,0.0000,0.0000,0.0000,1,'804BL10',NULL),(805,'Unidad',543,'NIU',1.0000,2.5000,0.0000,0.0000,1,'805NIU1',NULL),(806,'Unidad',544,'NIU',1.0000,1.5000,0.0000,0.0000,1,'806NIU1',NULL),(807,'Unidad',545,'NIU',1.0000,1.5000,0.0000,0.0000,1,'807NIU1',NULL),(808,'Unidad',546,'NIU',1.0000,2.8000,0.0000,0.0000,1,'808NIU1',NULL),(809,'Unidad',547,'NIU',1.0000,1.5000,0.0000,0.0000,1,'809NIU1',NULL),(810,'Unidad',548,'NIU',1.0000,1.5000,0.0000,0.0000,1,'810NIU1',NULL),(811,'Unidad',549,'NIU',1.0000,1.5000,0.0000,0.0000,1,'811NIU1',NULL),(812,'Unidad',550,'NIU',1.0000,1.5000,0.0000,0.0000,1,'812NIU1',NULL),(813,'Unidad',551,'NIU',1.0000,1.5000,0.0000,0.0000,1,'813NIU1',NULL),(814,'Unidad',552,'NIU',1.0000,3.0000,0.0000,0.0000,1,'814NIU1',NULL),(815,'Unidad',553,'NIU',1.0000,2.0000,0.0000,0.0000,1,'815NIU1',NULL),(816,'Unidad',554,'NIU',1.0000,2.5000,0.0000,0.0000,1,'816NIU1',NULL),(817,'Unidad',555,'NIU',1.0000,1.5000,0.0000,0.0000,1,'817NIU1',NULL),(818,'Unidad',556,'NIU',1.0000,1.5000,0.0000,0.0000,1,'818NIU1',NULL),(819,'Unidad',557,'NIU',1.0000,1.0000,0.0000,0.0000,1,'819NIU1',NULL),(820,'Unidad',558,'NIU',1.0000,1.0000,0.0000,0.0000,1,'820NIU1',NULL),(821,'Unidad',559,'NIU',1.0000,1.0000,0.0000,0.0000,1,'821NIU1',NULL),(822,'Unidad',560,'NIU',1.0000,1.5000,0.0000,0.0000,1,'822NIU1',NULL),(823,'Unidad',561,'NIU',1.0000,1.5000,0.0000,0.0000,1,'823NIU1',NULL),(824,'Unidad',562,'NIU',1.0000,1.5000,0.0000,0.0000,1,'824NIU1',NULL),(825,'Unidad',563,'NIU',1.0000,1.2000,0.0000,0.0000,1,'825NIU1',NULL),(826,'Unidad',564,'NIU',1.0000,1.0000,0.0000,0.0000,1,'826NIU1',NULL),(827,'Unidad',565,'NIU',1.0000,2.5000,0.0000,0.0000,1,'827NIU1',NULL),(828,'Unidad',566,'NIU',1.0000,4.0000,0.0000,0.0000,1,'828NIU1',NULL),(829,'Unidad',567,'NIU',1.0000,3.0000,0.0000,0.0000,1,'829NIU1',NULL),(830,'Unidad',568,'NIU',1.0000,20.0000,0.0000,0.0000,1,'830NIU1',NULL),(831,'Unidad',569,'NIU',1.0000,1.0000,0.0000,0.0000,1,'831NIU1',NULL),(832,'Unidad',570,'NIU',1.0000,12.5000,0.0000,0.0000,1,'832NIU1',NULL),(833,'Unidad',571,'NIU',1.0000,12.0000,0.0000,0.0000,1,'833NIU1',NULL),(834,'Unidad',572,'NIU',1.0000,15.0000,0.0000,0.0000,1,'834NIU1',NULL),(835,'Unidad',573,'NIU',1.0000,3.5000,0.0000,0.0000,1,'835NIU1',NULL),(836,'Unidad',574,'NIU',1.0000,3.5000,0.0000,0.0000,1,'836NIU1',NULL),(837,'Unidad',575,'NIU',1.0000,2.5000,0.0000,0.0000,1,'837NIU1',NULL),(838,'Unidad',576,'NIU',1.0000,1.5000,0.0000,0.0000,1,'838NIU1',NULL),(839,'Unidad',577,'NIU',1.0000,2.0000,0.0000,0.0000,1,'839NIU1',NULL),(840,'Unidad',578,'NIU',1.0000,13.0000,0.0000,0.0000,1,'840NIU1',NULL),(841,'Unidad',579,'NIU',1.0000,4.0000,0.0000,0.0000,1,'841NIU1',NULL),(842,'Unidad',580,'NIU',1.0000,3.5000,0.0000,0.0000,1,'842NIU1',NULL),(843,'Unidad',581,'NIU',1.0000,2.0000,0.0000,0.0000,1,'843NIU1',NULL),(844,'Unidad',582,'NIU',1.0000,10.0000,0.0000,0.0000,1,'844NIU1',NULL),(845,'Unidad',583,'NIU',1.0000,15.0000,0.0000,0.0000,1,'845NIU1',NULL),(846,'Unidad',584,'NIU',1.0000,6.5000,0.0000,0.0000,1,'846NIU1',NULL),(847,'Unidad',585,'NIU',1.0000,11.9000,0.0000,0.0000,1,'847NIU1',NULL),(848,'Unidad',586,'NIU',1.0000,12.0000,0.0000,0.0000,1,'848NIU1',NULL),(849,'Unidad',587,'NIU',1.0000,10.0000,0.0000,0.0000,1,'849NIU1',NULL),(850,'Unidad',588,'NIU',1.0000,2.5000,0.0000,0.0000,1,'850NIU1',NULL),(851,'Unidad',589,'NIU',1.0000,2.5000,0.0000,0.0000,1,'851NIU1',NULL),(852,'Unidad',590,'NIU',1.0000,2.5000,0.0000,0.0000,1,'852NIU1',NULL),(853,'Unidad',591,'NIU',1.0000,2.5000,0.0000,0.0000,1,'853NIU1',NULL),(854,'Unidad',592,'NIU',1.0000,1.0000,0.0000,0.0000,1,'854NIU1',NULL),(855,'Unidad',593,'NIU',1.0000,3.0000,0.0000,0.0000,1,'855NIU1',NULL),(856,'Unidad',594,'NIU',1.0000,10.0000,0.0000,0.0000,1,'856NIU1',NULL),(857,'Unidad',595,'NIU',1.0000,12.0000,0.0000,0.0000,1,'857NIU1',NULL),(858,'Unidad',596,'NIU',1.0000,32.0000,0.0000,0.0000,1,'858NIU1',NULL),(859,'Unidad',597,'NIU',1.0000,4.0000,0.0000,0.0000,1,'859NIU1',NULL),(860,'Unidad',598,'NIU',1.0000,4.0000,0.0000,0.0000,1,'860NIU1',NULL),(861,'Unidad',599,'NIU',1.0000,4.5000,0.0000,0.0000,1,'861NIU1',NULL),(862,'Unidad',600,'NIU',1.0000,4.0000,0.0000,0.0000,1,'862NIU1',NULL),(863,'Unidad',601,'NIU',1.0000,9.0000,0.0000,0.0000,1,'863NIU1',NULL),(864,'Unidad',602,'NIU',1.0000,4.0000,0.0000,0.0000,1,'864NIU1',NULL),(865,'Unidad',603,'NIU',1.0000,5.0000,0.0000,0.0000,1,'865NIU1',NULL),(866,'Unidad',604,'NIU',1.0000,1.5000,0.0000,0.0000,1,'866NIU1',NULL),(867,'Unidad',605,'NIU',1.0000,1.5000,0.0000,0.0000,1,'867NIU1',NULL),(868,'Unidad',606,'NIU',1.0000,1.8000,0.0000,0.0000,1,'868NIU1',NULL),(869,'Unidad',607,'NIU',1.0000,3.5000,0.0000,0.0000,1,'869NIU1',NULL),(870,'Unidad',608,'NIU',1.0000,22.0000,0.0000,0.0000,1,'870NIU1',NULL),(871,'Unidad',609,'NIU',1.0000,35.0000,0.0000,0.0000,1,'871NIU1',NULL),(872,'Unidad',610,'NIU',1.0000,22.0000,0.0000,0.0000,1,'872NIU1',NULL),(873,'Unidad',611,'NIU',1.0000,17.0000,0.0000,0.0000,1,'873NIU1',NULL),(874,'Unidad',612,'NIU',1.0000,16.5000,0.0000,0.0000,1,'874NIU1',NULL),(875,'Unidad',613,'NIU',1.0000,10.5000,0.0000,0.0000,1,'875NIU1',NULL),(876,'Unidad',614,'NIU',1.0000,9.5000,0.0000,0.0000,1,'876NIU1',NULL),(877,'Unidad',615,'NIU',1.0000,15.5000,0.0000,0.0000,1,'877NIU1',NULL),(878,'Unidad',616,'NIU',1.0000,16.5000,0.0000,0.0000,1,'878NIU1',NULL),(879,'Unidad',617,'NIU',1.0000,17.5000,0.0000,0.0000,1,'879NIU1',NULL),(880,'Unidad',618,'NIU',1.0000,18.5000,0.0000,0.0000,1,'880NIU1',NULL),(881,'Unidad',619,'NIU',1.0000,18.0000,0.0000,0.0000,1,'881NIU1',NULL),(882,'Unidad',620,'NIU',1.0000,27.5000,0.0000,0.0000,1,'882NIU1',NULL),(883,'Unidad',621,'NIU',1.0000,25.0000,0.0000,0.0000,1,'883NIU1',NULL),(884,'Unidad',622,'NIU',1.0000,18.0000,0.0000,0.0000,1,'884NIU1',NULL),(885,'Unidad',623,'NIU',1.0000,17.5000,0.0000,0.0000,1,'885NIU1',NULL),(886,'Unidad',624,'NIU',1.0000,17.0000,0.0000,0.0000,1,'886NIU1',NULL),(887,'Unidad',625,'NIU',1.0000,12.5000,0.0000,0.0000,1,'887NIU1',NULL),(888,'Unidad',626,'NIU',1.0000,12.5000,0.0000,0.0000,1,'888NIU1',NULL),(889,'Unidad',627,'NIU',1.0000,1.8000,0.0000,0.0000,1,'889NIU1',NULL),(890,'Unidad',628,'NIU',1.0000,2.5000,0.0000,0.0000,1,'890NIU1',NULL),(891,'Unidad',629,'NIU',1.0000,2.0000,0.0000,0.0000,1,'891NIU1',NULL),(892,'Unidad',630,'NIU',1.0000,2.0000,0.0000,0.0000,1,'892NIU1',NULL),(893,'Unidad',631,'NIU',1.0000,4.5000,0.0000,0.0000,1,'893NIU1',NULL),(894,'Unidad',632,'NIU',1.0000,6.5000,0.0000,0.0000,1,'894NIU1',NULL),(895,'Unidad',633,'NIU',1.0000,15.0000,0.0000,0.0000,1,'895NIU1',NULL),(896,'Unidad',634,'NIU',1.0000,5.0000,0.0000,0.0000,1,'896NIU1',NULL),(897,'Unidad',635,'NIU',1.0000,5.0000,0.0000,0.0000,1,'897NIU1',NULL),(898,'Unidad',636,'NIU',1.0000,24.0000,0.0000,0.0000,1,'898NIU1',NULL),(899,'Unidad',637,'NIU',1.0000,15.0000,0.0000,0.0000,1,'899NIU1',NULL),(900,'Unidad',638,'NIU',1.0000,30.0000,0.0000,0.0000,1,'900NIU1',NULL),(901,'Unidad',639,'NIU',1.0000,8.0000,0.0000,0.0000,1,'901NIU1',NULL),(902,'Caja',640,'BX',100.0000,0.0000,0.0000,0.0000,1,'902BX100',NULL),(903,'Unidad',640,'NIU',1.0000,2.0000,0.0000,0.0000,1,'903NIU1',NULL),(904,'Blíster',641,'BL',10.0000,15.0000,0.0000,0.0000,1,'904BL10',NULL),(905,'Unidad',641,'NIU',1.0000,1.5000,0.0000,0.0000,1,'905NIU1',NULL),(906,'Unidad',642,'NIU',1.0000,17.5000,0.0000,0.0000,1,'906NIU1',NULL),(907,'Unidad',643,'NIU',1.0000,23.5000,0.0000,0.0000,1,'907NIU1',NULL),(908,'Unidad',644,'NIU',1.0000,20.0000,0.0000,0.0000,1,'908NIU1',NULL),(909,'Unidad',645,'NIU',1.0000,27.0000,0.0000,0.0000,1,'909NIU1',NULL),(910,'Blíster',646,'BL',10.0000,5.0000,0.0000,0.0000,1,'910BL10',NULL),(911,'Unidad',646,'NIU',1.0000,0.7000,0.0000,0.0000,1,'911NIU1',NULL),(912,'Unidad',647,'NIU',1.0000,19.5000,0.0000,0.0000,1,'912NIU1',NULL),(913,'Unidad',648,'NIU',1.0000,10.0000,0.0000,0.0000,1,'913NIU1',NULL),(914,'Unidad',649,'NIU',1.0000,14.5000,0.0000,0.0000,1,'914NIU1',NULL),(915,'Unidad',650,'NIU',1.0000,0.5000,0.0000,0.0000,1,'915NIU1',NULL),(916,'Blíster',650,'BL',10.0000,3.0000,0.0000,0.0000,0,'916BL10',NULL),(917,'Unidad',651,'NIU',1.0000,26.0000,0.0000,0.0000,1,'917NIU1',NULL),(918,'Unidad',652,'NIU',1.0000,28.0000,0.0000,0.0000,1,'918NIU1',NULL),(919,'Unidad',653,'NIU',1.0000,32.5000,0.0000,0.0000,1,'919NIU1',NULL),(920,'Unidad',654,'NIU',1.0000,4.0000,0.0000,0.0000,1,'920NIU1',NULL),(921,'Unidad',655,'NIU',1.0000,9.0000,0.0000,0.0000,1,'921NIU1',NULL),(922,'Unidad',656,'NIU',1.0000,0.7000,0.0000,0.0000,1,'922NIU1',NULL),(923,'Unidad',657,'NIU',1.0000,1.0000,0.0000,0.0000,1,'923NIU1',NULL),(924,'Unidad',658,'NIU',1.0000,4.5000,0.0000,0.0000,1,'924NIU1',NULL),(925,'Unidad',659,'NIU',1.0000,3.5000,0.0000,0.0000,1,'925NIU1',NULL),(926,'Unidad',660,'NIU',1.0000,19.0000,0.0000,0.0000,1,'926NIU1',NULL),(927,'Unidad',661,'NIU',1.0000,4.0000,0.0000,0.0000,1,'927NIU1',NULL),(928,'Unidad',662,'NIU',1.0000,4.0000,0.0000,0.0000,1,'928NIU1',NULL),(929,'Unidad',663,'NIU',1.0000,9.0000,0.0000,0.0000,1,'929NIU1',NULL),(930,'Unidad',664,'NIU',1.0000,5.5000,0.0000,0.0000,1,'930NIU1',NULL),(931,'Unidad',665,'NIU',1.0000,2.0000,0.0000,0.0000,1,'931NIU1',NULL),(932,'Unidad',666,'NIU',1.0000,0.5000,0.0000,0.0000,1,'932NIU1',NULL),(933,'Unidad',667,'NIU',1.0000,1.5000,0.0000,0.0000,1,'933NIU1',NULL),(934,'Unidad',668,'NIU',1.0000,4.5000,0.0000,0.0000,1,'934NIU1',NULL),(935,'Caja',669,'BX',98.0000,0.0000,0.0000,0.0000,1,'935BX98',NULL),(936,'Blíster',669,'BL',7.0000,0.0000,0.0000,0.0000,1,'936BL7',NULL),(937,'Unidad',669,'NIU',1.0000,2.5000,0.0000,0.0000,1,'937NIU1',NULL),(938,'Unidad',670,'NIU',1.0000,12.5000,0.0000,0.0000,1,'938NIU1',NULL),(939,'Unidad',671,'NIU',1.0000,12.5000,0.0000,0.0000,1,'939NIU1',NULL),(940,'Unidad',672,'NIU',1.0000,9.0000,0.0000,0.0000,1,'940NIU1',NULL),(941,'Unidad',673,'NIU',1.0000,8.5000,0.0000,0.0000,1,'941NIU1',NULL),(942,'Unidad',674,'NIU',1.0000,1.0000,0.0000,0.0000,1,'942NIU1',NULL),(943,'Unidad',675,'NIU',1.0000,14.5000,0.0000,0.0000,1,'943NIU1',NULL),(944,'Unidad',676,'NIU',1.0000,9.5000,0.0000,0.0000,1,'944NIU1',NULL),(945,'Unidad',677,'NIU',1.0000,13.0000,0.0000,0.0000,1,'945NIU1',NULL),(946,'Unidad',678,'NIU',1.0000,13.0000,0.0000,0.0000,1,'946NIU1',NULL),(947,'Unidad',679,'NIU',1.0000,4.5000,0.0000,0.0000,1,'947NIU1',NULL),(948,'Unidad',680,'NIU',1.0000,6.5000,0.0000,0.0000,1,'948NIU1',NULL),(949,'Unidad',681,'NIU',1.0000,14.0000,0.0000,0.0000,1,'949NIU1',NULL),(950,'Unidad',682,'NIU',1.0000,16.5000,0.0000,0.0000,1,'950NIU1',NULL),(951,'Unidad',683,'NIU',1.0000,11.0000,0.0000,0.0000,1,'951NIU1',NULL),(952,'Unidad',684,'NIU',1.0000,12.0000,0.0000,0.0000,1,'952NIU1',NULL),(953,'Unidad',685,'NIU',1.0000,29.0000,0.0000,0.0000,1,'953NIU1',NULL),(954,'Unidad',686,'NIU',1.0000,20.0000,0.0000,0.0000,1,'954NIU1',NULL),(955,'Unidad',687,'NIU',1.0000,19.9000,0.0000,0.0000,1,'955NIU1',NULL),(956,'Unidad',688,'NIU',1.0000,27.0000,0.0000,0.0000,1,'956NIU1',NULL),(957,'Unidad',689,'NIU',1.0000,29.0000,0.0000,0.0000,1,'957NIU1',NULL),(958,'Unidad',690,'NIU',1.0000,20.0000,0.0000,0.0000,1,'958NIU1',NULL),(959,'Unidad',691,'NIU',1.0000,5.5000,0.0000,0.0000,1,'959NIU1',NULL),(960,'Unidad',692,'NIU',1.0000,48.0000,0.0000,0.0000,1,'960NIU1',NULL),(961,'Unidad',693,'NIU',1.0000,15.0000,0.0000,0.0000,1,'961NIU1',NULL),(962,'Unidad',694,'NIU',1.0000,8.0000,0.0000,0.0000,1,'962NIU1',NULL),(963,'Unidad',695,'NIU',1.0000,6.8000,0.0000,0.0000,1,'963NIU1',NULL),(964,'Unidad',696,'NIU',1.0000,14.5000,0.0000,0.0000,1,'964NIU1',NULL),(965,'Unidad',697,'NIU',1.0000,16.9000,0.0000,0.0000,1,'965NIU1',NULL),(966,'Unidad',698,'NIU',1.0000,16.5000,0.0000,0.0000,1,'966NIU1',NULL),(967,'Unidad',699,'NIU',1.0000,8.5000,0.0000,0.0000,1,'967NIU1',NULL),(968,'Unidad',700,'NIU',1.0000,3.5000,0.0000,0.0000,1,'968NIU1',NULL),(969,'Unidad',701,'NIU',1.0000,10.0000,0.0000,0.0000,1,'969NIU1',NULL),(970,'Unidad',702,'NIU',1.0000,8.9000,0.0000,0.0000,1,'970NIU1',NULL),(971,'Unidad',703,'NIU',1.0000,10.0000,0.0000,0.0000,1,'971NIU1',NULL),(972,'Unidad',704,'NIU',1.0000,10.0000,0.0000,0.0000,1,'972NIU1',NULL),(973,'Unidad',705,'NIU',1.0000,15.5000,0.0000,0.0000,1,'973NIU1',NULL),(974,'Unidad',706,'NIU',1.0000,6.5000,0.0000,0.0000,1,'974NIU1',NULL),(975,'Unidad',707,'NIU',1.0000,4.5000,0.0000,0.0000,1,'975NIU1',NULL),(976,'Unidad',708,'NIU',1.0000,23.0000,0.0000,0.0000,1,'976NIU1',NULL),(977,'Unidad',709,'NIU',1.0000,27.0000,0.0000,0.0000,1,'977NIU1',NULL),(978,'Unidad',710,'NIU',1.0000,18.9000,0.0000,0.0000,1,'978NIU1',NULL),(979,'Unidad',711,'NIU',1.0000,20.0000,0.0000,0.0000,1,'979NIU1',NULL),(980,'Unidad',712,'NIU',1.0000,15.0000,0.0000,0.0000,1,'980NIU1',NULL),(981,'Unidad',713,'NIU',1.0000,14.9000,0.0000,0.0000,1,'981NIU1',NULL),(982,'Unidad',714,'NIU',1.0000,15.0000,0.0000,0.0000,1,'982NIU1',NULL),(983,'Unidad',715,'NIU',1.0000,9.9000,0.0000,0.0000,1,'983NIU1',NULL),(984,'Unidad',716,'NIU',1.0000,12.0000,0.0000,0.0000,1,'984NIU1',NULL),(985,'Unidad',717,'NIU',1.0000,14.0000,0.0000,0.0000,1,'985NIU1',NULL),(986,'Unidad',718,'NIU',1.0000,6.5000,0.0000,0.0000,1,'986NIU1',NULL),(987,'Unidad',719,'NIU',1.0000,35.0000,0.0000,0.0000,1,'987NIU1',NULL),(988,'Unidad',720,'NIU',1.0000,7.0000,0.0000,0.0000,1,'988NIU1',NULL),(989,'Unidad',721,'NIU',1.0000,14.9000,0.0000,0.0000,1,'989NIU1',NULL),(990,'Unidad',722,'NIU',1.0000,14.9000,0.0000,0.0000,1,'990NIU1',NULL),(991,'Unidad',723,'NIU',1.0000,10.9000,0.0000,0.0000,1,'991NIU1',NULL),(992,'Unidad',724,'NIU',1.0000,7.0000,0.0000,0.0000,1,'992NIU1',NULL),(993,'Unidad',725,'NIU',1.0000,13.0000,0.0000,0.0000,1,'993NIU1',NULL),(994,'Unidad',726,'NIU',1.0000,9.9900,0.0000,0.0000,1,'994NIU1',NULL),(995,'Unidad',727,'NIU',1.0000,10.9000,0.0000,0.0000,1,'995NIU1',NULL),(996,'Unidad',728,'NIU',1.0000,9.9000,0.0000,0.0000,1,'996NIU1',NULL),(997,'Unidad',729,'NIU',1.0000,10.9000,0.0000,0.0000,1,'997NIU1',NULL),(998,'Unidad',730,'NIU',1.0000,8.9000,0.0000,0.0000,1,'998NIU1',NULL),(999,'Unidad',731,'NIU',1.0000,12.9000,0.0000,0.0000,1,'999NIU1',NULL),(1000,'Unidad',732,'NIU',1.0000,7.9000,0.0000,0.0000,1,'1000NIU1',NULL),(1001,'Unidad',733,'NIU',1.0000,9.9000,0.0000,0.0000,1,'1001NIU1',NULL),(1002,'Unidad',734,'NIU',1.0000,9.9000,0.0000,0.0000,1,'1002NIU1',NULL),(1003,'Unidad',735,'NIU',1.0000,15.0000,0.0000,0.0000,1,'1003NIU1',NULL),(1004,'Unidad',736,'NIU',1.0000,9.9000,0.0000,0.0000,1,'1004NIU1',NULL),(1005,'Unidad',737,'NIU',1.0000,9.9000,0.0000,0.0000,1,'1005NIU1',NULL),(1006,'Unidad',738,'NIU',1.0000,9.9000,0.0000,0.0000,1,'1006NIU1',NULL),(1007,'Unidad',739,'NIU',1.0000,8.9000,0.0000,0.0000,1,'1007NIU1',NULL),(1008,'Unidad',740,'NIU',1.0000,15.9000,0.0000,0.0000,1,'1008NIU1',NULL),(1009,'Unidad',741,'NIU',1.0000,9.9000,0.0000,0.0000,1,'1009NIU1',NULL),(1010,'Unidad',742,'NIU',1.0000,10.9000,0.0000,0.0000,1,'1010NIU1',NULL),(1011,'Unidad',743,'NIU',1.0000,34.9000,0.0000,0.0000,1,'1011NIU1',NULL),(1012,'Unidad',744,'NIU',1.0000,18.0000,0.0000,0.0000,1,'1012NIU1',NULL),(1013,'Unidad',745,'NIU',1.0000,14.9900,0.0000,0.0000,1,'1013NIU1',NULL),(1014,'Unidad',746,'NIU',1.0000,35.9900,0.0000,0.0000,1,'1014NIU1',NULL),(1015,'Unidad',747,'NIU',1.0000,6.9000,0.0000,0.0000,1,'1015NIU1',NULL),(1016,'Unidad',748,'NIU',1.0000,9.9000,0.0000,0.0000,1,'1016NIU1',NULL),(1017,'Unidad',749,'NIU',1.0000,8.5000,0.0000,0.0000,1,'1017NIU1',NULL),(1018,'Unidad',750,'NIU',1.0000,14.5000,0.0000,0.0000,1,'1018NIU1',NULL),(1019,'Unidad',751,'NIU',1.0000,15.9000,0.0000,0.0000,1,'1019NIU1',NULL),(1020,'Unidad',752,'NIU',1.0000,8.5000,0.0000,0.0000,1,'1020NIU1',NULL),(1021,'Unidad',753,'NIU',1.0000,8.9000,0.0000,0.0000,1,'1021NIU1',NULL),(1022,'Unidad',754,'NIU',1.0000,7.9000,0.0000,0.0000,1,'1022NIU1',NULL),(1023,'Unidad',755,'NIU',1.0000,10.0000,0.0000,0.0000,1,'1023NIU1',NULL),(1024,'Unidad',756,'NIU',1.0000,1.0000,0.0000,0.0000,1,'1024NIU1',NULL),(1025,'Unidad',757,'NIU',1.0000,14.0000,0.0000,0.0000,1,'1025NIU1',NULL),(1026,'Unidad',758,'NIU',1.0000,8.5000,0.0000,0.0000,1,'1026NIU1',NULL),(1027,'Unidad',759,'NIU',1.0000,3.0000,0.0000,0.0000,1,'1027NIU1',NULL),(1028,'Unidad',760,'NIU',1.0000,2.5000,0.0000,0.0000,1,'1028NIU1',NULL),(1029,'Unidad',761,'NIU',1.0000,2.5000,0.0000,0.0000,1,'1029NIU1',NULL),(1030,'Unidad',762,'NIU',1.0000,6.0000,0.0000,0.0000,1,'1030NIU1',NULL),(1031,'Unidad',763,'NIU',1.0000,1.5000,0.0000,0.0000,1,'1031NIU1',NULL),(1032,'Unidad',764,'NIU',1.0000,14.9000,0.0000,0.0000,1,'1032NIU1',NULL),(1033,'Unidad',765,'NIU',1.0000,5.0000,0.0000,0.0000,1,'1033NIU1',NULL),(1034,'Unidad',766,'NIU',1.0000,1.5000,0.0000,0.0000,1,'1034NIU1',NULL),(1035,'Unidad',767,'NIU',1.0000,9.9900,0.0000,0.0000,1,'1035NIU1',NULL),(1036,'Unidad',768,'NIU',1.0000,4.0000,0.0000,0.0000,1,'1036NIU1',NULL),(1037,'Unidad',769,'NIU',1.0000,1.5000,0.0000,0.0000,1,'1037NIU1',NULL),(1038,'Unidad',770,'NIU',1.0000,9.0000,0.0000,0.0000,1,'1038NIU1',NULL),(1039,'Unidad',771,'NIU',1.0000,1.5000,0.0000,0.0000,1,'1039NIU1',NULL),(1040,'Unidad',772,'NIU',1.0000,2.5000,0.0000,0.0000,1,'1040NIU1',NULL),(1041,'Unidad',773,'NIU',1.0000,5.0000,0.0000,0.0000,1,'1041NIU1',NULL),(1042,'Unidad',774,'NIU',1.0000,25.0000,0.0000,0.0000,1,'1042NIU1',NULL),(1043,'Unidad',775,'NIU',1.0000,19.9000,0.0000,0.0000,1,'1043NIU1',NULL),(1044,'Unidad',776,'NIU',1.0000,1.5000,0.0000,0.0000,1,'1044NIU1',NULL),(1045,'Unidad',777,'NIU',1.0000,16.5000,0.0000,0.0000,1,'1045NIU1',NULL),(1046,'Unidad',778,'NIU',1.0000,4.0000,0.0000,0.0000,1,'1046NIU1',NULL),(1047,'Unidad',779,'NIU',1.0000,2.5000,0.0000,0.0000,1,'1047NIU1',NULL),(1048,'Unidad',780,'NIU',1.0000,7.5000,0.0000,0.0000,1,'1048NIU1',NULL),(1049,'Unidad',781,'NIU',1.0000,4.5000,0.0000,0.0000,1,'1049NIU1',NULL),(1050,'Unidad',782,'NIU',1.0000,4.8000,0.0000,0.0000,1,'1050NIU1',NULL),(1051,'Unidad',783,'NIU',1.0000,1.0000,0.0000,0.0000,1,'1051NIU1',NULL),(1052,'Unidad',784,'NIU',1.0000,4.5000,0.0000,0.0000,1,'1052NIU1',NULL),(1053,'Unidad',785,'NIU',1.0000,5.0000,0.0000,0.0000,1,'1053NIU1',NULL),(1054,'Unidad',786,'NIU',1.0000,7.5000,0.0000,0.0000,1,'1054NIU1',NULL),(1055,'Unidad',787,'NIU',1.0000,6.0000,0.0000,0.0000,1,'1055NIU1',NULL),(1056,'Unidad',788,'NIU',1.0000,14.5000,0.0000,0.0000,1,'1056NIU1',NULL),(1057,'Unidad',789,'NIU',1.0000,18.0000,0.0000,0.0000,1,'1057NIU1',NULL),(1058,'Unidad',790,'NIU',1.0000,9.5000,0.0000,0.0000,1,'1058NIU1',NULL),(1059,'Unidad',791,'NIU',1.0000,5.0000,0.0000,0.0000,1,'1059NIU1',NULL),(1060,'Unidad',792,'NIU',1.0000,5.8000,0.0000,0.0000,1,'1060NIU1',NULL),(1061,'Unidad',793,'NIU',1.0000,17.5000,0.0000,0.0000,1,'1061NIU1',NULL),(1062,'Unidad',794,'NIU',1.0000,16.5000,0.0000,0.0000,1,'1062NIU1',NULL),(1063,'Unidad',795,'NIU',1.0000,18.9000,0.0000,0.0000,1,'1063NIU1',NULL),(1064,'Unidad',796,'NIU',1.0000,19.9000,0.0000,0.0000,1,'1064NIU1',NULL),(1065,'Unidad',797,'NIU',1.0000,19.0000,0.0000,0.0000,1,'1065NIU1',NULL),(1066,'Unidad',798,'NIU',1.0000,15.9000,0.0000,0.0000,1,'1066NIU1',NULL),(1067,'Unidad',799,'NIU',1.0000,5.5000,0.0000,0.0000,1,'1067NIU1',NULL),(1068,'Unidad',800,'NIU',1.0000,14.9000,0.0000,0.0000,1,'1068NIU1',NULL),(1069,'Unidad',801,'NIU',1.0000,17.5000,0.0000,0.0000,1,'1069NIU1',NULL),(1070,'Unidad',802,'NIU',1.0000,15.9000,0.0000,0.0000,1,'1070NIU1',NULL),(1071,'Unidad',803,'NIU',1.0000,3.0000,0.0000,0.0000,1,'1071NIU1',NULL),(1072,'Unidad',804,'NIU',1.0000,1.0000,0.0000,0.0000,1,'1072NIU1',NULL),(1073,'Unidad',805,'NIU',1.0000,1.0000,0.0000,0.0000,1,'1073NIU1',NULL),(1074,'Unidad',806,'NIU',1.0000,6.5000,0.0000,0.0000,1,'1074NIU1',NULL),(1075,'Unidad',807,'NIU',1.0000,29.5000,0.0000,0.0000,1,'1075NIU1',NULL),(1076,'Unidad',808,'NIU',1.0000,1.0000,0.0000,0.0000,1,'1076NIU1',NULL),(1077,'Unidad',809,'NIU',1.0000,11.0000,0.0000,0.0000,1,'1077NIU1',NULL),(1078,'Unidad',810,'NIU',1.0000,10.9000,0.0000,0.0000,1,'1078NIU1',NULL),(1079,'Unidad',811,'NIU',1.0000,5.0000,0.0000,0.0000,1,'1079NIU1',NULL),(1080,'Unidad',812,'NIU',1.0000,17.5000,0.0000,0.0000,1,'1080NIU1',NULL),(1081,'Unidad',813,'NIU',1.0000,8.0000,0.0000,0.0000,1,'1081NIU1',NULL),(1082,'Unidad',814,'NIU',1.0000,5.0000,0.0000,0.0000,1,'1082NIU1',NULL),(1083,'Unidad',815,'NIU',1.0000,4.0000,0.0000,0.0000,1,'1083NIU1',NULL),(1084,'Unidad',816,'NIU',1.0000,5.0000,0.0000,0.0000,1,'1084NIU1',NULL),(1085,'Unidad',817,'NIU',1.0000,14.0000,0.0000,0.0000,1,'1085NIU1',NULL),(1086,'Unidad',818,'NIU',1.0000,12.5000,0.0000,0.0000,1,'1086NIU1',NULL),(1087,'Unidad',819,'NIU',1.0000,13.0000,0.0000,0.0000,1,'1087NIU1',NULL),(1088,'Unidad',820,'NIU',1.0000,13.0000,0.0000,0.0000,1,'1088NIU1',NULL),(1089,'Unidad',821,'NIU',1.0000,15.0000,0.0000,0.0000,1,'1089NIU1',NULL),(1090,'Unidad',822,'NIU',1.0000,14.0000,0.0000,0.0000,1,'1090NIU1',NULL),(1091,'Unidad',823,'NIU',1.0000,11.5000,0.0000,0.0000,1,'1091NIU1',NULL),(1092,'Unidad',824,'NIU',1.0000,5.0000,0.0000,0.0000,1,'1092NIU1',NULL),(1093,'Unidad',825,'NIU',1.0000,6.5000,0.0000,0.0000,1,'1093NIU1',NULL),(1094,'Unidad',826,'NIU',1.0000,11.5000,0.0000,0.0000,1,'1094NIU1',NULL),(1095,'Unidad',827,'NIU',1.0000,11.5000,0.0000,0.0000,1,'1095NIU1',NULL),(1096,'Unidad',828,'NIU',1.0000,12.5000,0.0000,0.0000,1,'1096NIU1',NULL),(1097,'Unidad',829,'NIU',1.0000,12.5000,0.0000,0.0000,1,'1097NIU1',NULL),(1098,'Unidad',830,'NIU',1.0000,12.5000,0.0000,0.0000,1,'1098NIU1',NULL),(1099,'Unidad',831,'NIU',1.0000,25.0000,0.0000,0.0000,1,'1099NIU1',NULL),(1100,'Unidad',832,'NIU',1.0000,16.5000,0.0000,0.0000,1,'1100NIU1',NULL),(1101,'Unidad',833,'NIU',1.0000,21.5000,0.0000,0.0000,1,'1101NIU1',NULL),(1102,'Unidad',834,'NIU',1.0000,11.0000,0.0000,0.0000,1,'1102NIU1',NULL),(1103,'Unidad',835,'NIU',1.0000,6.5000,0.0000,0.0000,1,'1103NIU1',NULL),(1104,'Unidad',836,'NIU',1.0000,12.0000,0.0000,0.0000,1,'1104NIU1',NULL),(1105,'Unidad',837,'NIU',1.0000,12.0000,0.0000,0.0000,1,'1105NIU1',NULL),(1106,'Unidad',838,'NIU',1.0000,4.0000,0.0000,0.0000,1,'1106NIU1',NULL),(1107,'Unidad',839,'NIU',1.0000,3.5000,0.0000,0.0000,1,'1107NIU1',NULL),(1108,'Unidad',840,'NIU',1.0000,3.5000,0.0000,0.0000,1,'1108NIU1',NULL),(1109,'Unidad',841,'NIU',1.0000,5.5000,0.0000,0.0000,1,'1109NIU1',NULL),(1110,'Unidad',842,'NIU',1.0000,6.5000,0.0000,0.0000,1,'1110NIU1',NULL),(1111,'Unidad',843,'NIU',1.0000,5.0000,0.0000,0.0000,1,'1111NIU1',NULL),(1112,'Unidad',844,'NIU',1.0000,0.5000,0.0000,0.0000,1,'1112NIU1',NULL),(1113,'Unidad',845,'NIU',1.0000,0.5000,0.0000,0.0000,1,'1113NIU1',NULL),(1114,'Unidad',846,'NIU',1.0000,1.5000,0.0000,0.0000,1,'1114NIU1',NULL),(1115,'Unidad',847,'NIU',1.0000,33.0000,27.5000,0.0000,1,'1115NIU1',NULL),(1116,'Caja',848,'BX',100.0000,0.0000,0.0000,0.0000,1,'1116BX100',NULL),(1117,'Blíster',848,'BL',10.0000,0.0000,0.0000,0.0000,1,'1117BL10',NULL),(1118,'Unidad',848,'NIU',1.0000,1.5000,0.0000,0.0000,1,'1118NIU1',NULL),(1119,'Unidad',849,'NIU',1.0000,3.0000,0.0000,0.0000,1,'1119NIU1',NULL),(1120,'Unidad',850,'NIU',1.0000,1.5000,0.0000,0.0000,1,'1120NIU1',NULL);
COMMIT;

-- Dumped table `item_unit_types` with 1114 row(s)
--

--
