-- Table structure for table `mill`
--

CREATE TABLE `mill` (
  `id` int(10) unsigned NOT NULL AUTO_INCREMENT,
  `date_start` date DEFAULT NULL,
  `time_start` time DEFAULT NULL,
  `date_end` date DEFAULT NULL,
  `time_end` time DEFAULT NULL,
  `user_id` int(10) unsigned DEFAULT 0,
  `soap_type_id` char(2) COLLATE utf8mb4_unicode_ci DEFAULT NULL,
  `created_at` timestamp NULL DEFAULT NULL,
  `updated_at` timestamp NULL DEFAULT NULL,
  `name` varchar(255) COLLATE utf8mb4_unicode_ci DEFAULT NULL,
  `comment` longtext COLLATE utf8mb4_unicode_ci DEFAULT NULL,
  `mill_name` varchar(255) COLLATE utf8mb4_unicode_ci DEFAULT NULL,
  `lot_code` varchar(255) COLLATE utf8mb4_unicode_ci DEFAULT NULL,
  PRIMARY KEY (`id`),
  KEY `mill_soap_type_id_foreign` (`soap_type_id`),
  CONSTRAINT `mill_soap_type_id_foreign` FOREIGN KEY (`soap_type_id`) REFERENCES `soap_types` (`id`)
) ENGINE=InnoDB DEFAULT CHARSET=utf8mb4 COLLATE=utf8mb4_unicode_ci;

--
-- Dumping data for table `mill`
--


--
-- Table structure for table `mill_items`
--

CREATE TABLE `mill_items` (
  `id` int(10) unsigned NOT NULL AUTO_INCREMENT,
  `item_id` int(10) unsigned DEFAULT 0,
  `mill_id` int(10) unsigned DEFAULT 0,
  `height_to_mill` decimal(12,3) DEFAULT 0.000 COMMENT 'Peso de entrada',
  `total_height` decimal(12,3) DEFAULT 0.000 COMMENT 'Peso dle insumo ',
  `created_at` timestamp NULL DEFAULT NULL,
  `updated_at` timestamp NULL DEFAULT NULL,
  `item` longtext CHARACTER SET utf8mb4 COLLATE utf8mb4_bin NOT NULL CHECK (json_valid(`item`)),
  `quantity` decimal(12,3) DEFAULT 0.000 COMMENT 'Peso dle insumo ',
  `item_extra_data` longtext CHARACTER SET utf8mb4 COLLATE utf8mb4_bin DEFAULT NULL CHECK (json_valid(`item_extra_data`)),
  PRIMARY KEY (`id`)
) ENGINE=InnoDB DEFAULT CHARSET=utf8mb4 COLLATE=utf8mb4_unicode_ci;

--
-- Dumping data for table `mill_items`
--


--
-- Table structure for table `module_level_user`
--

CREATE TABLE `module_level_user` (
  `id` int(10) unsigned NOT NULL AUTO_INCREMENT,
  `module_level_id` int(10) unsigned NOT NULL,
  `user_id` int(10) unsigned NOT NULL,
  PRIMARY KEY (`id`)
) ENGINE=InnoDB AUTO_INCREMENT=335 DEFAULT CHARSET=utf8mb4 COLLATE=utf8mb4_unicode_ci;

--
-- Dumping data for table `module_level_user`
--

INSERT INTO `module_level_user` VALUES (1,76,0),(2,77,0),(3,78,0),(95,1,1),(96,2,1),(97,3,1),(98,6,1),(99,7,1),(100,8,1),(101,9,1),(102,14,1),(103,15,1),(104,16,1),(105,23,1),(106,26,1),(107,27,1),(108,28,1),(109,29,1),(110,30,1),(111,31,1),(112,32,1),(113,33,1),(114,34,1),(115,35,1),(116,36,1),(117,37,1),(118,38,1),(119,39,1),(120,40,1),(121,41,1),(122,42,1),(123,43,1),(124,44,1),(125,45,1),(126,46,1),(127,48,1),(128,51,1),(129,52,1),(130,53,1),(131,54,1),(132,55,1),(133,56,1),(134,57,1),(135,58,1),(136,59,1),(137,60,1),(138,61,1),(139,75,1),(140,76,1),(141,77,1),(142,78,1),(143,1,2),(144,2,2),(145,3,2),(146,6,2),(147,7,2),(148,8,2),(149,9,2),(150,14,2),(151,15,2),(152,16,2),(153,23,2),(154,26,2),(155,27,2),(156,28,2),(157,29,2),(158,30,2),(159,31,2),(160,32,2),(161,33,2),(162,34,2),(163,35,2),(164,36,2),(165,37,2),(166,38,2),(167,39,2),(168,40,2),(169,41,2),(170,42,2),(171,43,2),(172,44,2),(173,75,2),(174,45,2),(175,46,2),(176,48,2),(177,51,2),(178,52,2),(179,53,2),(180,54,2),(181,55,2),(182,56,2),(183,57,2),(184,58,2),(185,59,2),(186,60,2),(187,76,2),(188,77,2),(189,78,2),(190,61,2),(191,1,3),(192,2,3),(193,3,3),(194,6,3),(195,7,3),(196,8,3),(197,9,3),(198,14,3),(199,15,3),(200,16,3),(201,23,3),(202,26,3),(203,27,3),(204,28,3),(205,29,3),(206,30,3),(207,31,3),(208,32,3),(209,33,3),(210,34,3),(211,35,3),(212,36,3),(213,37,3),(214,38,3),(215,39,3),(216,40,3),(217,41,3),(218,42,3),(219,43,3),(220,44,3),(221,75,3),(222,45,3),(223,46,3),(224,48,3),(225,51,3),(226,52,3),(227,53,3),(228,54,3),(229,55,3),(230,56,3),(231,57,3),(232,58,3),(233,59,3),(234,60,3),(235,76,3),(236,77,3),(237,78,3),(238,61,3),(239,1,2),(240,2,2),(241,3,2),(242,6,2),(243,7,2),(244,8,2),(245,9,2),(246,14,2),(247,15,2),(248,16,2),(249,23,2),(250,26,2),(251,27,2),(252,28,2),(253,29,2),(254,30,2),(255,31,2),(256,32,2),(257,33,2),(258,34,2),(259,35,2),(260,36,2),(261,37,2),(262,38,2),(263,39,2),(264,40,2),(265,41,2),(266,42,2),(267,43,2),(268,44,2),(269,75,2),(270,45,2),(271,46,2),(272,48,2),(273,51,2),(274,52,2),(275,53,2),(276,54,2),(277,55,2),(278,56,2),(279,57,2),(280,58,2),(281,59,2),(282,60,2),(283,76,2),(284,77,2),(285,78,2),(286,61,2),(287,1,3),(288,2,3),(289,3,3),(290,6,3),(291,7,3),(292,8,3),(293,9,3),(294,14,3),(295,15,3),(296,16,3),(297,23,3),(298,26,3),(299,27,3),(300,28,3),(301,29,3),(302,30,3),(303,31,3),(304,32,3),(305,33,3),(306,34,3),(307,35,3),(308,36,3),(309,37,3),(310,38,3),(311,39,3),(312,40,3),(313,41,3),(314,42,3),(315,43,3),(316,44,3),(317,75,3),(318,45,3),(319,46,3),(320,48,3),(321,51,3),(322,52,3),(323,53,3),(324,54,3),(325,55,3),(326,56,3),(327,57,3),(328,58,3),(329,59,3),(330,60,3),(331,76,3),(332,77,3),(333,78,3),(334,61,3);

--
-- Table structure for table `module_levels`
--

CREATE TABLE `module_levels` (
  `id` int(10) unsigned NOT NULL AUTO_INCREMENT,
  `value` varchar(255) COLLATE utf8mb4_unicode_ci NOT NULL,
  `description` varchar(255) COLLATE utf8mb4_unicode_ci NOT NULL,
  `module_id` int(10) unsigned NOT NULL,
  `route_name` varchar(255) COLLATE utf8mb4_unicode_ci DEFAULT NULL,
  `route_path` varchar(255) COLLATE utf8mb4_unicode_ci DEFAULT NULL,
  `label_menu` varchar(3) COLLATE utf8mb4_unicode_ci DEFAULT NULL,
  `created_at` timestamp NULL DEFAULT NULL,
  `updated_at` timestamp NULL DEFAULT NULL,
  PRIMARY KEY (`id`),
  KEY `module_levels_module_id_foreign` (`module_id`),
  CONSTRAINT `module_levels_module_id_foreign` FOREIGN KEY (`module_id`) REFERENCES `modules` (`id`)
) ENGINE=InnoDB AUTO_INCREMENT=85 DEFAULT CHARSET=utf8mb4 COLLATE=utf8mb4_unicode_ci;

--
-- Dumping data for table `module_levels`
--

INSERT INTO `module_levels` VALUES (1,'new_document','Nuevo comprobante',1,'tenant.documents.create','/documents/create','NC',NULL,NULL),(2,'list_document','L. Comprobantes',1,NULL,NULL,NULL,NULL,NULL),(3,'document_not_sent','Doc. No enviados',1,NULL,NULL,NULL,NULL,NULL),(4,'document_contingengy','Doc. Contingencia',1,NULL,NULL,NULL,NULL,NULL),(5,'catalogs','Catálogos',1,NULL,NULL,NULL,NULL,NULL),(6,'summary_voided','Resúmenes y Anulaciones',1,NULL,NULL,NULL,NULL,NULL),(7,'quotations','Cotizaciones',1,NULL,NULL,NULL,NULL,NULL),(8,'sale_notes','Notas de Venta',1,'tenant.sale_notes.index','/sale-notes','NV',NULL,NULL),(9,'incentives','Comisiones',1,NULL,NULL,NULL,NULL,NULL),(10,'sale-opportunity','Oportunidad de venta',1,NULL,NULL,NULL,NULL,NULL),(11,'contracts','Contratos',1,NULL,NULL,NULL,NULL,NULL),(12,'order-note','Pedidos',1,'tenant.order_notes.index','/order-notes','PED',NULL,NULL),(13,'technical-service','Servicios de soporte técnico',1,NULL,NULL,NULL,NULL,NULL),(14,'regularize_shipping','CPE pendientes de rectificación',1,NULL,NULL,NULL,NULL,NULL),(15,'pos','Punto de venta',6,'tenant.pos.index','/pos','POS',NULL,NULL),(16,'cash','Caja chica POS',6,NULL,NULL,NULL,NULL,NULL),(17,'ecommerce','Ir a la tienda',10,NULL,NULL,NULL,NULL,NULL),(18,'ecommerce_orders','Pedidos',10,NULL,NULL,NULL,NULL,NULL),(19,'ecommerce_items','Productos tienda virtual',10,NULL,NULL,NULL,NULL,NULL),(20,'ecommerce_tags','Etiquetas',10,NULL,NULL,NULL,NULL,NULL),(21,'ecommerce_promotions','Promociones - Banners',10,NULL,NULL,NULL,NULL,NULL),(22,'ecommerce_settings','Configuración',10,NULL,NULL,NULL,NULL,NULL),(23,'items','Productos',17,'tenant.items.index','/items','PRO',NULL,NULL),(24,'items_packs','Packs',17,NULL,NULL,NULL,NULL,NULL),(25,'items_services','Servicios',17,NULL,NULL,NULL,NULL,NULL),(26,'items_categories','Categorías',17,NULL,NULL,NULL,NULL,NULL),(27,'items_brands','Marcas',17,NULL,NULL,NULL,NULL,NULL),(28,'items_lots','Series',17,NULL,NULL,NULL,NULL,NULL),(29,'clients','Clientes',18,NULL,NULL,NULL,NULL,NULL),(30,'clients_types','Tipos de clientes',18,NULL,NULL,NULL,NULL,NULL),(31,'purchases_create','Nueva Compra',2,'tenant.purchases.create','/purchases/create','NC',NULL,NULL),(32,'purchases_list','Listado',2,NULL,NULL,NULL,NULL,NULL),(33,'purchases_orders','Ordenes de compra',2,NULL,NULL,NULL,NULL,NULL),(34,'purchases_expenses','Gastos diversos',2,NULL,NULL,NULL,NULL,NULL),(35,'purchases_suppliers','Proveedores',2,NULL,NULL,NULL,NULL,NULL),(36,'purchases_quotations','Solicitar cotización',2,NULL,NULL,NULL,NULL,NULL),(37,'purchases_fixed_assets_items','Activos fijos - Ítems',2,NULL,NULL,NULL,NULL,NULL),(38,'purchases_fixed_assets_purchases','Activos fijos - Compras',2,NULL,NULL,NULL,NULL,NULL),(39,'inventory','Movimientos',8,'inventory.index','/inventory','INV',NULL,NULL),(40,'inventory_transfers','Traslados',8,NULL,NULL,NULL,NULL,NULL),(41,'inventory_devolutions','Devoluciones',8,NULL,NULL,NULL,NULL,NULL),(42,'inventory_report_kardex','Reporte kardex',8,NULL,NULL,NULL,NULL,NULL),(43,'inventory_report','Reporte inventario',8,NULL,NULL,NULL,NULL,NULL),(44,'inventory_report_valued_kardex','Kardex valorizado',8,NULL,NULL,NULL,NULL,'2022-10-14 22:23:45'),(45,'users','Usuarios',14,'tenant.users.index','/users','USR',NULL,NULL),(46,'users_establishments','Establecimientos',14,'tenant.establishments.index','/establishments','ES',NULL,NULL),(47,'advanced_retentions','Retenciones',3,NULL,NULL,NULL,NULL,NULL),(48,'advanced_dispatches','Guías de remisión',3,NULL,NULL,NULL,NULL,NULL),(49,'advanced_perceptions','Percepciones',3,NULL,NULL,NULL,NULL,NULL),(50,'advanced_order_forms','Ordenes de pedido',3,NULL,NULL,NULL,NULL,NULL),(51,'account_report','Exportar reporte',9,NULL,NULL,NULL,NULL,NULL),(52,'account_formats','Exportar formatos',9,NULL,NULL,NULL,NULL,NULL),(53,'account_summary','Reporte resumido - Ventas',9,NULL,NULL,NULL,NULL,NULL),(54,'finances_movements','Movimientos',12,NULL,NULL,NULL,NULL,NULL),(55,'finances_incomes','Ingresos',12,NULL,NULL,NULL,NULL,NULL),(56,'finances_unpaid','Cuentas por cobrar',12,NULL,NULL,NULL,NULL,NULL),(57,'finances_to_pay','Cuentas por pagar',12,NULL,NULL,NULL,NULL,NULL),(58,'finances_payments','Pagos',12,NULL,NULL,NULL,NULL,NULL),(59,'finances_balance','Balance',12,NULL,NULL,NULL,NULL,NULL),(60,'finances_payment_method_types','Ingresos y Egresos - M. Pago',12,NULL,NULL,NULL,NULL,NULL),(61,'account_users_settings','Configuración',11,NULL,NULL,NULL,NULL,NULL),(62,'account_users_list','Lista de pagos',11,NULL,NULL,NULL,NULL,NULL),(63,'hotels_reception','Recepción',15,NULL,NULL,NULL,NULL,NULL),(64,'hotels_rates','Tarifas',15,NULL,NULL,NULL,NULL,NULL),(65,'hotels_floors','Pisos',15,NULL,NULL,NULL,NULL,NULL),(66,'hotels_cats','Categorías',15,NULL,NULL,NULL,NULL,NULL),(67,'hotels_rooms','Habitaciones',15,NULL,NULL,NULL,NULL,NULL),(68,'documentary_offices','Oficinas',16,NULL,NULL,NULL,NULL,NULL),(69,'documentary_process','Procesos',16,NULL,NULL,NULL,NULL,NULL),(70,'documentary_documents','Tipos de documento',16,NULL,NULL,NULL,NULL,NULL),(71,'documentary_actions','Acciones',16,NULL,NULL,NULL,NULL,NULL),(72,'documentary_files','Expedientes',16,NULL,NULL,NULL,NULL,NULL),(73,'digemid','Productos',19,NULL,NULL,NULL,'2022-03-14 20:59:07','2022-03-14 20:59:07'),(74,'documentary_requirements','Requerimientos',16,NULL,NULL,NULL,'2022-03-14 20:59:07','2022-03-14 20:59:07'),(75,'inventory_item_extra_data','Datos extra de items',8,NULL,NULL,NULL,NULL,NULL),(76,'configuration_company','Empresa',5,'tenant.companies.create','/companies/create','ME',NULL,NULL),(77,'configuration_advance','Avanzado',5,NULL,NULL,NULL,NULL,NULL),(78,'configuration_visual','Visual',5,NULL,NULL,NULL,NULL,NULL),(79,'advanced_purchase_settlements','Liquidaciones de compra',3,NULL,NULL,NULL,NULL,NULL),(80,'suscription_app_client','Cliente',21,NULL,NULL,NULL,NULL,NULL),(81,'suscription_app_service','Servicio',21,NULL,NULL,NULL,NULL,NULL),(82,'suscription_app_payments','Pagos',21,NULL,NULL,NULL,NULL,NULL),(83,'suscription_app_plans','Planes',21,NULL,NULL,NULL,NULL,NULL),(84,'pos_garage','Venta rapida',6,NULL,NULL,NULL,NULL,NULL);

--
-- Table structure for table `module_user`
--

CREATE TABLE `module_user` (
  `id` int(10) unsigned NOT NULL AUTO_INCREMENT,
  `module_id` int(10) unsigned NOT NULL,
  `user_id` int(10) unsigned NOT NULL,
  PRIMARY KEY (`id`)
) ENGINE=InnoDB AUTO_INCREMENT=96 DEFAULT CHARSET=utf8mb4 COLLATE=utf8mb4_unicode_ci;

--
-- Dumping data for table `module_user`
--

INSERT INTO `module_user` VALUES (26,1,1),(27,2,1),(28,3,1),(29,4,1),(30,5,1),(31,6,1),(32,7,1),(33,8,1),(34,9,1),(35,11,1),(36,12,1),(37,14,1),(38,17,1),(39,18,1),(40,7,2),(41,1,2),(42,6,2),(43,17,2),(44,18,2),(45,2,2),(46,8,2),(47,14,2),(48,3,2),(49,4,2),(50,9,2),(51,12,2),(52,5,2),(53,11,2),(54,7,3),(55,1,3),(56,6,3),(57,17,3),(58,18,3),(59,2,3),(60,8,3),(61,14,3),(62,3,3),(63,4,3),(64,9,3),(65,12,3),(66,5,3),(67,11,3),(68,7,2),(69,1,2),(70,6,2),(71,17,2),(72,18,2),(73,2,2),(74,8,2),(75,14,2),(76,3,2),(77,4,2),(78,9,2),(79,12,2),(80,5,2),(81,11,2),(82,7,3),(83,1,3),(84,6,3),(85,17,3),(86,18,3),(87,2,3),(88,8,3),(89,14,3),(90,3,3),(91,4,3),(92,9,3),(93,12,3),(94,5,3),(95,11,3);

--
-- Table structure for table `modules`
--

CREATE TABLE `modules` (
  `id` int(10) unsigned NOT NULL AUTO_INCREMENT,
  `value` varchar(255) COLLATE utf8mb4_unicode_ci NOT NULL,
  `description` varchar(255) COLLATE utf8mb4_unicode_ci NOT NULL,
  `order_menu` int(11) NOT NULL,
  `created_at` timestamp NULL DEFAULT NULL,
  `updated_at` timestamp NULL DEFAULT NULL,
  PRIMARY KEY (`id`)
) ENGINE=InnoDB AUTO_INCREMENT=27 DEFAULT CHARSET=utf8mb4 COLLATE=utf8mb4_unicode_ci;

--
-- Dumping data for table `modules`
--

INSERT INTO `modules` VALUES (1,'documents','Ventas',2,NULL,NULL),(2,'purchases','Compras',7,NULL,NULL),(3,'advanced','Documentos Avanzados',8,NULL,NULL),(4,'reports','Reportes',9,NULL,NULL),(5,'configuration','Configuration',12,NULL,NULL),(6,'pos','Punto de venta (POS)',3,NULL,NULL),(7,'dashboard','Dashboard',1,NULL,NULL),(8,'inventory','Inventario',7,NULL,NULL),(9,'accounting','Contabilidad',10,NULL,NULL),(10,'ecommerce','Ecommerce',4,NULL,NULL),(11,'cuenta','Cuenta',13,NULL,NULL),(12,'finance','Finanzas',11,NULL,NULL),(14,'establishments','Usuarios/Locales & Series',7,NULL,NULL),(15,'hotels','Hoteles',14,NULL,NULL),(16,'documentary-procedure','Trámite documentario',15,NULL,NULL),(17,'items','Productos/Servicios',5,NULL,NULL),(18,'persons','Clientes',6,NULL,NULL),(19,'digemid','Farmacia',15,'2022-03-14 20:59:07','2022-03-14 20:59:07'),(20,'apps','Apps',13,NULL,NULL),(21,'suscription_app','Suscriptiones',16,NULL,NULL),(22,'production_app','Producción',17,NULL,NULL),(23,'restaurant_app','Restaurante',18,NULL,NULL),(24,'full_suscription_app','Suscripción Servicios SAAS',17,NULL,NULL),(25,'generate_link_app','Generador de link de pago',19,NULL,NULL),(26,'app_2_generator','Generador APP 2.0',20,NULL,NULL);

--
-- Table structure for table `notes`
--

CREATE TABLE `notes` (
  `id` int(10) unsigned NOT NULL AUTO_INCREMENT,
  `document_id` int(10) unsigned NOT NULL,
  `note_type` enum('credit','debit') COLLATE utf8mb4_unicode_ci NOT NULL,
  `note_credit_type_id` varchar(255) COLLATE utf8mb4_unicode_ci DEFAULT NULL,
  `note_debit_type_id` varchar(255) COLLATE utf8mb4_unicode_ci DEFAULT NULL,
  `note_description` varchar(255) COLLATE utf8mb4_unicode_ci NOT NULL,
  `affected_document_id` int(10) unsigned DEFAULT NULL,
  `data_affected_document` longtext CHARACTER SET utf8mb4 COLLATE utf8mb4_bin DEFAULT NULL CHECK (json_valid(`data_affected_document`)),
  PRIMARY KEY (`id`),
  KEY `notes_document_id_foreign` (`document_id`),
  KEY `notes_note_credit_type_id_foreign` (`note_credit_type_id`),
  KEY `notes_note_debit_type_id_foreign` (`note_debit_type_id`),
  KEY `notes_affected_document_id_foreign` (`affected_document_id`),
  CONSTRAINT `notes_affected_document_id_foreign` FOREIGN KEY (`affected_document_id`) REFERENCES `documents` (`id`),
  CONSTRAINT `notes_document_id_foreign` FOREIGN KEY (`document_id`) REFERENCES `documents` (`id`) ON DELETE CASCADE,
  CONSTRAINT `notes_note_credit_type_id_foreign` FOREIGN KEY (`note_credit_type_id`) REFERENCES `cat_note_credit_types` (`id`),
  CONSTRAINT `notes_note_debit_type_id_foreign` FOREIGN KEY (`note_debit_type_id`) REFERENCES `cat_note_debit_types` (`id`)
) ENGINE=InnoDB AUTO_INCREMENT=6 DEFAULT CHARSET=utf8mb4 COLLATE=utf8mb4_unicode_ci;

--
-- Dumping data for table `notes`
--

INSERT INTO `notes` VALUES (1,177,'credit','01',NULL,'Error de digitación de valores de la mercadería.',135,NULL),(2,178,'credit','01',NULL,'Error de dijitacion de valores de la mercaderia.',136,NULL),(3,179,'credit','01',NULL,'Error de digitación del IGV.',157,NULL),(4,289,'credit','01',NULL,'Error en la exoneración del igv',261,NULL),(5,368,'credit','01',NULL,'Error con IGV',329,NULL);

--
-- Table structure for table `offline_configurations`
--

CREATE TABLE `offline_configurations` (
  `id` int(10) unsigned NOT NULL AUTO_INCREMENT,
  `is_client` tinyint(1) NOT NULL DEFAULT 0,
  `token_server` varchar(255) COLLATE utf8mb4_unicode_ci DEFAULT NULL,
  `url_server` varchar(255) COLLATE utf8mb4_unicode_ci DEFAULT NULL,
  `created_at` timestamp NULL DEFAULT NULL,
  `updated_at` timestamp NULL DEFAULT NULL,
  PRIMARY KEY (`id`)
) ENGINE=InnoDB AUTO_INCREMENT=2 DEFAULT CHARSET=utf8mb4 COLLATE=utf8mb4_unicode_ci;

--
-- Dumping data for table `offline_configurations`
--

INSERT INTO `offline_configurations` VALUES (1,0,NULL,NULL,NULL,NULL);

--
-- Table structure for table `order_form_items`
--

CREATE TABLE `order_form_items` (
  `id` int(10) unsigned NOT NULL AUTO_INCREMENT,
  `order_form_id` int(10) unsigned NOT NULL,
  `item_id` int(10) unsigned NOT NULL,
  `item` longtext CHARACTER SET utf8mb4 COLLATE utf8mb4_bin NOT NULL CHECK (json_valid(`item`)),
  `quantity` decimal(12,4) NOT NULL,
  PRIMARY KEY (`id`),
  KEY `order_form_items_order_form_id_foreign` (`order_form_id`),
  KEY `order_form_items_item_id_foreign` (`item_id`),
  CONSTRAINT `order_form_items_item_id_foreign` FOREIGN KEY (`item_id`) REFERENCES `items` (`id`),
  CONSTRAINT `order_form_items_order_form_id_foreign` FOREIGN KEY (`order_form_id`) REFERENCES `order_forms` (`id`) ON DELETE CASCADE
) ENGINE=InnoDB DEFAULT CHARSET=utf8mb4 COLLATE=utf8mb4_unicode_ci;

--
-- Dumping data for table `order_form_items`
--


--
-- Table structure for table `order_forms`
--

CREATE TABLE `order_forms` (
  `id` int(10) unsigned NOT NULL AUTO_INCREMENT,
  `user_id` int(10) unsigned NOT NULL,
  `external_id` char(36) COLLATE utf8mb4_unicode_ci NOT NULL,
  `establishment_id` int(10) unsigned NOT NULL,
  `establishment` longtext CHARACTER SET utf8mb4 COLLATE utf8mb4_bin NOT NULL CHECK (json_valid(`establishment`)),
  `soap_type_id` char(2) COLLATE utf8mb4_unicode_ci NOT NULL,
  `state_type_id` char(2) COLLATE utf8mb4_unicode_ci NOT NULL,
  `prefix` varchar(255) COLLATE utf8mb4_unicode_ci NOT NULL,
  `date_of_issue` date NOT NULL,
  `time_of_issue` time NOT NULL,
  `customer_id` int(10) unsigned NOT NULL,
  `customer` longtext CHARACTER SET utf8mb4 COLLATE utf8mb4_bin NOT NULL CHECK (json_valid(`customer`)),
  `observations` text COLLATE utf8mb4_unicode_ci NOT NULL,
  `transport_mode_type_id` varchar(255) COLLATE utf8mb4_unicode_ci NOT NULL,
  `transfer_reason_type_id` varchar(255) COLLATE utf8mb4_unicode_ci NOT NULL,
  `transfer_reason_description` varchar(255) COLLATE utf8mb4_unicode_ci NOT NULL,
  `date_of_shipping` date NOT NULL,
  `transshipment_indicator` tinyint(1) NOT NULL,
  `port_code` varchar(255) COLLATE utf8mb4_unicode_ci DEFAULT NULL,
  `unit_type_id` varchar(255) COLLATE utf8mb4_unicode_ci NOT NULL,
  `total_weight` decimal(10,2) NOT NULL,
  `packages_number` int(11) NOT NULL,
  `container_number` int(11) DEFAULT NULL,
  `origin` longtext CHARACTER SET utf8mb4 COLLATE utf8mb4_bin NOT NULL CHECK (json_valid(`origin`)),
  `delivery` longtext CHARACTER SET utf8mb4 COLLATE utf8mb4_bin NOT NULL CHECK (json_valid(`delivery`)),
  `dispatcher_id` int(10) unsigned NOT NULL,
  `driver_id` int(10) unsigned NOT NULL,
  `license_plates` longtext CHARACTER SET utf8mb4 COLLATE utf8mb4_bin DEFAULT NULL CHECK (json_valid(`license_plates`)),
  `legends` longtext CHARACTER SET utf8mb4 COLLATE utf8mb4_bin DEFAULT NULL CHECK (json_valid(`legends`)),
  `optional` longtext CHARACTER SET utf8mb4 COLLATE utf8mb4_bin DEFAULT NULL CHECK (json_valid(`optional`)),
  `filename` varchar(255) COLLATE utf8mb4_unicode_ci DEFAULT NULL,
  `qr` longtext COLLATE utf8mb4_unicode_ci DEFAULT NULL,
  `created_at` timestamp NULL DEFAULT NULL,
  `updated_at` timestamp NULL DEFAULT NULL,
  PRIMARY KEY (`id`),
  KEY `order_forms_dispatcher_id_foreign` (`dispatcher_id`),
  KEY `order_forms_driver_id_foreign` (`driver_id`),
  KEY `order_forms_user_id_foreign` (`user_id`),
  KEY `order_forms_establishment_id_foreign` (`establishment_id`),
  KEY `order_forms_soap_type_id_foreign` (`soap_type_id`),
  KEY `order_forms_state_type_id_foreign` (`state_type_id`),
  KEY `order_forms_customer_id_foreign` (`customer_id`),
  KEY `order_forms_unit_type_id_foreign` (`unit_type_id`),
  KEY `order_forms_transport_mode_type_id_foreign` (`transport_mode_type_id`),
  KEY `order_forms_transfer_reason_type_id_foreign` (`transfer_reason_type_id`),
  KEY `order_forms_date_of_issue_index` (`date_of_issue`),
  CONSTRAINT `order_forms_customer_id_foreign` FOREIGN KEY (`customer_id`) REFERENCES `persons` (`id`),
  CONSTRAINT `order_forms_dispatcher_id_foreign` FOREIGN KEY (`dispatcher_id`) REFERENCES `dispatchers` (`id`),
  CONSTRAINT `order_forms_driver_id_foreign` FOREIGN KEY (`driver_id`) REFERENCES `drivers` (`id`),
  CONSTRAINT `order_forms_establishment_id_foreign` FOREIGN KEY (`establishment_id`) REFERENCES `establishments` (`id`),
  CONSTRAINT `order_forms_soap_type_id_foreign` FOREIGN KEY (`soap_type_id`) REFERENCES `soap_types` (`id`),
  CONSTRAINT `order_forms_state_type_id_foreign` FOREIGN KEY (`state_type_id`) REFERENCES `state_types` (`id`),
  CONSTRAINT `order_forms_transfer_reason_type_id_foreign` FOREIGN KEY (`transfer_reason_type_id`) REFERENCES `cat_transfer_reason_types` (`id`),
  CONSTRAINT `order_forms_transport_mode_type_id_foreign` FOREIGN KEY (`transport_mode_type_id`) REFERENCES `cat_transport_mode_types` (`id`),
  CONSTRAINT `order_forms_unit_type_id_foreign` FOREIGN KEY (`unit_type_id`) REFERENCES `cat_unit_types` (`id`),
  CONSTRAINT `order_forms_user_id_foreign` FOREIGN KEY (`user_id`) REFERENCES `users` (`id`)
) ENGINE=InnoDB DEFAULT CHARSET=utf8mb4 COLLATE=utf8mb4_unicode_ci;

--
-- Dumping data for table `order_forms`
--


--
-- Table structure for table `order_note_items`
--

CREATE TABLE `order_note_items` (
  `id` int(10) unsigned NOT NULL AUTO_INCREMENT,
  `order_note_id` int(10) unsigned NOT NULL,
  `item_id` int(10) unsigned NOT NULL,
  `item` longtext CHARACTER SET utf8mb4 COLLATE utf8mb4_bin NOT NULL CHECK (json_valid(`item`)),
  `quantity` decimal(12,4) NOT NULL,
  `unit_value` decimal(16,6) NOT NULL,
  `affectation_igv_type_id` varchar(255) COLLATE utf8mb4_unicode_ci NOT NULL,
  `total_base_igv` decimal(12,2) NOT NULL,
  `percentage_igv` decimal(12,2) NOT NULL,
  `total_igv` decimal(12,2) NOT NULL,
  `system_isc_type_id` varchar(255) COLLATE utf8mb4_unicode_ci DEFAULT NULL,
  `total_base_isc` decimal(12,2) NOT NULL DEFAULT 0.00,
  `percentage_isc` decimal(12,2) NOT NULL DEFAULT 0.00,
  `total_isc` decimal(12,2) NOT NULL DEFAULT 0.00,
  `total_base_other_taxes` decimal(12,2) NOT NULL DEFAULT 0.00,
  `percentage_other_taxes` decimal(12,2) NOT NULL DEFAULT 0.00,
  `total_other_taxes` decimal(12,2) NOT NULL DEFAULT 0.00,
  `total_plastic_bag_taxes` decimal(6,2) DEFAULT 0.00 COMMENT 'Impuesto bolsa plastica',
  `total_taxes` decimal(12,2) NOT NULL,
  `price_type_id` varchar(255) COLLATE utf8mb4_unicode_ci NOT NULL,
  `unit_price` decimal(16,6) NOT NULL,
  `total_value` decimal(12,2) NOT NULL,
  `total_charge` decimal(12,2) NOT NULL DEFAULT 0.00,
  `total_discount` decimal(12,2) NOT NULL DEFAULT 0.00,
  `total` decimal(12,2) NOT NULL,
  `attributes` longtext CHARACTER SET utf8mb4 COLLATE utf8mb4_bin DEFAULT NULL CHECK (json_valid(`attributes`)),
  `discounts` longtext CHARACTER SET utf8mb4 COLLATE utf8mb4_bin DEFAULT NULL CHECK (json_valid(`discounts`)),
  `charges` longtext CHARACTER SET utf8mb4 COLLATE utf8mb4_bin DEFAULT NULL CHECK (json_valid(`charges`)),
  `additional_information` longtext COLLATE utf8mb4_unicode_ci DEFAULT NULL COMMENT 'Informacion adcional',
  `warehouse_id` int(10) unsigned DEFAULT NULL,
  `name_product_pdf` longtext COLLATE utf8mb4_unicode_ci DEFAULT NULL COMMENT 'Nombre del producto para el pdf',
  PRIMARY KEY (`id`),
  KEY `order_note_items_order_note_id_foreign` (`order_note_id`),
  KEY `order_note_items_item_id_foreign` (`item_id`),
  KEY `order_note_items_affectation_igv_type_id_foreign` (`affectation_igv_type_id`),
  KEY `order_note_items_system_isc_type_id_foreign` (`system_isc_type_id`),
  KEY `order_note_items_price_type_id_foreign` (`price_type_id`),
  KEY `order_note_items_warehouse_id_foreign` (`warehouse_id`),
  CONSTRAINT `order_note_items_affectation_igv_type_id_foreign` FOREIGN KEY (`affectation_igv_type_id`) REFERENCES `cat_affectation_igv_types` (`id`),
  CONSTRAINT `order_note_items_item_id_foreign` FOREIGN KEY (`item_id`) REFERENCES `items` (`id`),
  CONSTRAINT `order_note_items_order_note_id_foreign` FOREIGN KEY (`order_note_id`) REFERENCES `order_notes` (`id`) ON DELETE CASCADE,
  CONSTRAINT `order_note_items_price_type_id_foreign` FOREIGN KEY (`price_type_id`) REFERENCES `cat_price_types` (`id`),
  CONSTRAINT `order_note_items_system_isc_type_id_foreign` FOREIGN KEY (`system_isc_type_id`) REFERENCES `cat_system_isc_types` (`id`),
  CONSTRAINT `order_note_items_warehouse_id_foreign` FOREIGN KEY (`warehouse_id`) REFERENCES `warehouses` (`id`)
) ENGINE=InnoDB DEFAULT CHARSET=utf8mb4 COLLATE=utf8mb4_unicode_ci;

--
-- Dumping data for table `order_note_items`
--


--
-- Table structure for table `order_notes`
--

CREATE TABLE `order_notes` (
  `id` int(10) unsigned NOT NULL AUTO_INCREMENT,
  `user_id` int(10) unsigned NOT NULL,
  `external_id` char(36) COLLATE utf8mb4_unicode_ci NOT NULL,
  `establishment_id` int(10) unsigned NOT NULL,
  `establishment` longtext CHARACTER SET utf8mb4 COLLATE utf8mb4_bin NOT NULL CHECK (json_valid(`establishment`)),
  `soap_type_id` char(2) COLLATE utf8mb4_unicode_ci NOT NULL,
  `state_type_id` char(2) COLLATE utf8mb4_unicode_ci NOT NULL,
  `prefix` char(3) COLLATE utf8mb4_unicode_ci NOT NULL,
  `date_of_issue` date NOT NULL,
  `time_of_issue` time NOT NULL,
  `date_of_due` date DEFAULT NULL,
  `delivery_date` date DEFAULT NULL,
  `customer_id` int(10) unsigned NOT NULL,
  `customer` longtext CHARACTER SET utf8mb4 COLLATE utf8mb4_bin NOT NULL CHECK (json_valid(`customer`)),
  `shipping_address` text COLLATE utf8mb4_unicode_ci DEFAULT NULL,
  `currency_type_id` varchar(255) COLLATE utf8mb4_unicode_ci NOT NULL,
  `payment_method_type_id` char(2) COLLATE utf8mb4_unicode_ci DEFAULT NULL,
  `exchange_rate_sale` decimal(13,3) NOT NULL,
  `total_prepayment` decimal(12,2) NOT NULL DEFAULT 0.00,
  `total_charge` decimal(12,2) NOT NULL DEFAULT 0.00,
  `total_discount` decimal(12,2) NOT NULL DEFAULT 0.00,
  `total_exportation` decimal(12,2) NOT NULL DEFAULT 0.00,
  `total_free` decimal(12,2) NOT NULL DEFAULT 0.00,
  `total_taxed` decimal(12,2) NOT NULL DEFAULT 0.00,
  `total_unaffected` decimal(12,2) NOT NULL DEFAULT 0.00,
  `total_exonerated` decimal(12,2) NOT NULL DEFAULT 0.00,
  `total_igv` decimal(12,2) NOT NULL DEFAULT 0.00,
  `total_igv_free` decimal(12,2) NOT NULL DEFAULT 0.00,
  `total_base_isc` decimal(12,2) NOT NULL DEFAULT 0.00,
  `total_isc` decimal(12,2) NOT NULL DEFAULT 0.00,
  `total_base_other_taxes` decimal(12,2) NOT NULL DEFAULT 0.00,
  `total_other_taxes` decimal(12,2) NOT NULL DEFAULT 0.00,
  `total_taxes` decimal(12,2) NOT NULL DEFAULT 0.00,
  `total_value` decimal(12,2) NOT NULL DEFAULT 0.00,
  `total` decimal(12,2) NOT NULL,
  `charges` longtext CHARACTER SET utf8mb4 COLLATE utf8mb4_bin DEFAULT NULL CHECK (json_valid(`charges`)),
  `discounts` longtext CHARACTER SET utf8mb4 COLLATE utf8mb4_bin DEFAULT NULL CHECK (json_valid(`discounts`)),
  `prepayments` longtext CHARACTER SET utf8mb4 COLLATE utf8mb4_bin DEFAULT NULL CHECK (json_valid(`prepayments`)),
  `guides` longtext CHARACTER SET utf8mb4 COLLATE utf8mb4_bin DEFAULT NULL CHECK (json_valid(`guides`)),
  `related` longtext CHARACTER SET utf8mb4 COLLATE utf8mb4_bin DEFAULT NULL CHECK (json_valid(`related`)),
  `perception` longtext CHARACTER SET utf8mb4 COLLATE utf8mb4_bin DEFAULT NULL CHECK (json_valid(`perception`)),
  `detraction` longtext CHARACTER SET utf8mb4 COLLATE utf8mb4_bin DEFAULT NULL CHECK (json_valid(`detraction`)),
  `legends` longtext CHARACTER SET utf8mb4 COLLATE utf8mb4_bin DEFAULT NULL CHECK (json_valid(`legends`)),
  `additional_data` longtext CHARACTER SET utf8mb4 COLLATE utf8mb4_bin DEFAULT NULL CHECK (json_valid(`additional_data`)),
  `filename` varchar(255) COLLATE utf8mb4_unicode_ci DEFAULT NULL,
  `observation` text COLLATE utf8mb4_unicode_ci DEFAULT NULL,
  `created_at` timestamp NULL DEFAULT NULL,
  `updated_at` timestamp NULL DEFAULT NULL,
  `quotation_id` int(10) unsigned DEFAULT 0 COMMENT 'Relacion con cotizaciones',
  PRIMARY KEY (`id`),
  KEY `order_notes_user_id_foreign` (`user_id`),
  KEY `order_notes_establishment_id_foreign` (`establishment_id`),
  KEY `order_notes_customer_id_foreign` (`customer_id`),
  KEY `order_notes_soap_type_id_foreign` (`soap_type_id`),
  KEY `order_notes_state_type_id_foreign` (`state_type_id`),
  KEY `order_notes_currency_type_id_foreign` (`currency_type_id`),
  KEY `order_notes_payment_method_type_id_foreign` (`payment_method_type_id`),
  CONSTRAINT `order_notes_currency_type_id_foreign` FOREIGN KEY (`currency_type_id`) REFERENCES `cat_currency_types` (`id`),
  CONSTRAINT `order_notes_customer_id_foreign` FOREIGN KEY (`customer_id`) REFERENCES `persons` (`id`),
  CONSTRAINT `order_notes_establishment_id_foreign` FOREIGN KEY (`establishment_id`) REFERENCES `establishments` (`id`),
  CONSTRAINT `order_notes_payment_method_type_id_foreign` FOREIGN KEY (`payment_method_type_id`) REFERENCES `payment_method_types` (`id`),
  CONSTRAINT `order_notes_soap_type_id_foreign` FOREIGN KEY (`soap_type_id`) REFERENCES `soap_types` (`id`),
  CONSTRAINT `order_notes_state_type_id_foreign` FOREIGN KEY (`state_type_id`) REFERENCES `state_types` (`id`),
  CONSTRAINT `order_notes_user_id_foreign` FOREIGN KEY (`user_id`) REFERENCES `users` (`id`)
) ENGINE=InnoDB DEFAULT CHARSET=utf8mb4 COLLATE=utf8mb4_unicode_ci;

--
-- Dumping data for table `order_notes`
--


--
-- Table structure for table `orders`
--

CREATE TABLE `orders` (
  `id` int(10) unsigned NOT NULL AUTO_INCREMENT,
  `external_id` char(36) COLLATE utf8mb4_unicode_ci NOT NULL,
  `customer` longtext CHARACTER SET utf8mb4 COLLATE utf8mb4_bin NOT NULL CHECK (json_valid(`customer`)),
  `shipping_address` varchar(255) COLLATE utf8mb4_unicode_ci DEFAULT NULL,
  `items` longtext CHARACTER SET utf8mb4 COLLATE utf8mb4_bin NOT NULL CHECK (json_valid(`items`)),
  `total` decimal(12,2) NOT NULL,
  `reference_payment` varchar(255) COLLATE utf8mb4_unicode_ci NOT NULL,
  `document_external_id` char(36) COLLATE utf8mb4_unicode_ci DEFAULT NULL,
  `number_document` varchar(255) COLLATE utf8mb4_unicode_ci DEFAULT NULL,
  `status_order_id` tinyint(3) unsigned DEFAULT NULL,
  `purchase` longtext CHARACTER SET utf8mb4 COLLATE utf8mb4_bin DEFAULT NULL CHECK (json_valid(`purchase`)),
  `created_at` timestamp NULL DEFAULT NULL,
  `updated_at` timestamp NULL DEFAULT NULL,
  `deleted_at` timestamp NULL DEFAULT NULL,
  `apply_restaurant` tinyint(1) DEFAULT 0,
  PRIMARY KEY (`id`),
  KEY `orders_status_order_id_foreign` (`status_order_id`),
  CONSTRAINT `orders_status_order_id_foreign` FOREIGN KEY (`status_order_id`) REFERENCES `status_orders` (`id`)
) ENGINE=InnoDB DEFAULT CHARSET=utf8mb4 COLLATE=utf8mb4_unicode_ci;

--
-- Dumping data for table `orders`
--


--
-- Table structure for table `origin_addresses`
--

CREATE TABLE `origin_addresses` (
  `id` int(10) unsigned NOT NULL AUTO_INCREMENT,
  `address` varchar(255) COLLATE utf8mb4_unicode_ci NOT NULL,
  `location_id` longtext CHARACTER SET utf8mb4 COLLATE utf8mb4_bin NOT NULL CHECK (json_valid(`location_id`)),
  `is_default` tinyint(1) NOT NULL DEFAULT 0,
  `is_active` tinyint(1) NOT NULL DEFAULT 1,
  `created_at` timestamp NULL DEFAULT NULL,
  `updated_at` timestamp NULL DEFAULT NULL,
  PRIMARY KEY (`id`)
) ENGINE=InnoDB DEFAULT CHARSET=utf8mb4 COLLATE=utf8mb4_unicode_ci;

--
-- Dumping data for table `origin_addresses`
--


--
-- Table structure for table `packaging`
--

CREATE TABLE `packaging` (
  `id` int(10) unsigned NOT NULL AUTO_INCREMENT,
  `item_id` int(10) unsigned NOT NULL,
  `user_id` int(10) unsigned DEFAULT NULL,
  `soap_type_id` char(2) COLLATE utf8mb4_unicode_ci DEFAULT NULL,
  `item_extra_data` longtext CHARACTER SET utf8mb4 COLLATE utf8mb4_bin DEFAULT NULL CHECK (json_valid(`item_extra_data`)),
  `establishment_id` int(10) unsigned DEFAULT NULL,
  `quantity` decimal(8,2) DEFAULT 0.00,
  `number_packages` decimal(8,2) DEFAULT 0.00,
  `item` longtext CHARACTER SET utf8mb4 COLLATE utf8mb4_bin DEFAULT NULL CHECK (json_valid(`item`)),
  `observation` longtext COLLATE utf8mb4_unicode_ci DEFAULT NULL,
  `lot_code` varchar(255) COLLATE utf8mb4_unicode_ci DEFAULT NULL,
  `name` varchar(255) COLLATE utf8mb4_unicode_ci DEFAULT NULL,
  `date_start` date DEFAULT NULL,
  `time_start` time DEFAULT NULL,
  `date_end` date DEFAULT NULL,
  `time_end` time DEFAULT NULL,
  `created_at` timestamp NULL DEFAULT NULL,
  `updated_at` timestamp NULL DEFAULT NULL,
  `packaging_collaborator` text COLLATE utf8mb4_unicode_ci DEFAULT NULL,
  PRIMARY KEY (`id`),
  KEY `packaging_soap_type_id_foreign` (`soap_type_id`),
  CONSTRAINT `packaging_soap_type_id_foreign` FOREIGN KEY (`soap_type_id`) REFERENCES `soap_types` (`id`)
) ENGINE=InnoDB DEFAULT CHARSET=utf8mb4 COLLATE=utf8mb4_unicode_ci;

--
-- Dumping data for table `packaging`
--


--
-- Table structure for table `padrones`
--

CREATE TABLE `padrones` (
  `id` bigint(20) unsigned NOT NULL AUTO_INCREMENT,
  `ruc` varchar(255) COLLATE utf8mb4_unicode_ci NOT NULL,
  `nombre_razon_social` varchar(155) COLLATE utf8mb4_unicode_ci NOT NULL,
  `estado_contribuyente` varchar(100) COLLATE utf8mb4_unicode_ci NOT NULL,
  `condicion_domicilio` varchar(100) COLLATE utf8mb4_unicode_ci NOT NULL,
  `ubigeo` varchar(50) COLLATE utf8mb4_unicode_ci NOT NULL,
  `tipo_via` varchar(20) COLLATE utf8mb4_unicode_ci NOT NULL,
  `nombre_via` varchar(50) COLLATE utf8mb4_unicode_ci NOT NULL,
  `codigo_zona` varchar(155) COLLATE utf8mb4_unicode_ci NOT NULL,
  `tipo_zona` varchar(20) COLLATE utf8mb4_unicode_ci NOT NULL,
  `numero` varchar(155) COLLATE utf8mb4_unicode_ci NOT NULL,
  `interior` varchar(50) COLLATE utf8mb4_unicode_ci NOT NULL,
  `lote` varchar(20) COLLATE utf8mb4_unicode_ci NOT NULL,
  `departamento` varchar(100) COLLATE utf8mb4_unicode_ci NOT NULL,
  `manzana` varchar(20) COLLATE utf8mb4_unicode_ci NOT NULL,
  `kilometro` varchar(20) COLLATE utf8mb4_unicode_ci NOT NULL,
  `status` tinyint(4) NOT NULL DEFAULT 1,
  `created_at` timestamp NULL DEFAULT NULL,
  `updated_at` timestamp NULL DEFAULT NULL,
  PRIMARY KEY (`id`),
  KEY `padrones_ruc_index` (`ruc`)
) ENGINE=InnoDB DEFAULT CHARSET=utf8mb4 COLLATE=utf8mb4_unicode_ci;

--
-- Dumping data for table `padrones`
--


--
-- Table structure for table `payment_conditions`
--

CREATE TABLE `payment_conditions` (
  `id` varchar(255) COLLATE utf8mb4_unicode_ci NOT NULL,
  `name` varchar(255) COLLATE utf8mb4_unicode_ci NOT NULL,
  `days` int(11) NOT NULL DEFAULT 0,
  `is_locked` tinyint(1) NOT NULL DEFAULT 0,
  `is_active` tinyint(1) NOT NULL DEFAULT 1,
  KEY `payment_conditions_id_index` (`id`)
) ENGINE=InnoDB DEFAULT CHARSET=utf8mb4 COLLATE=utf8mb4_unicode_ci;

--
-- Dumping data for table `payment_conditions`
--

INSERT INTO `payment_conditions` VALUES ('01','Contado',0,1,1),('02','Crédito',0,1,1);

--
-- Table structure for table `payment_files`
--

CREATE TABLE `payment_files` (
  `id` int(10) unsigned NOT NULL AUTO_INCREMENT,
  `filename` varchar(255) COLLATE utf8mb4_unicode_ci NOT NULL,
  `payment_id` int(11) NOT NULL,
  `payment_type` varchar(255) COLLATE utf8mb4_unicode_ci NOT NULL,
  PRIMARY KEY (`id`),
  KEY `payment_index` (`payment_id`,`payment_type`)
) ENGINE=InnoDB DEFAULT CHARSET=utf8mb4 COLLATE=utf8mb4_unicode_ci;

--
-- Dumping data for table `payment_files`
--


--
-- Table structure for table `payment_link_types`
--

CREATE TABLE `payment_link_types` (
  `id` char(2) COLLATE utf8mb4_unicode_ci NOT NULL,
  `description` varchar(255) COLLATE utf8mb4_unicode_ci NOT NULL,
  PRIMARY KEY (`id`)
) ENGINE=InnoDB DEFAULT CHARSET=utf8mb4 COLLATE=utf8mb4_unicode_ci;

--
-- Dumping data for table `payment_link_types`
--

INSERT INTO `payment_link_types` VALUES ('01','Yape'),('02','Mercado Pago');

--
-- Table structure for table `payment_links`
--

CREATE TABLE `payment_links` (
  `id` int(10) unsigned NOT NULL AUTO_INCREMENT,
  `soap_type_id` char(2) COLLATE utf8mb4_unicode_ci NOT NULL,
  `uuid` char(36) COLLATE utf8mb4_unicode_ci NOT NULL,
  `user_id` int(10) unsigned NOT NULL,
  `payment_link_type_id` char(2) COLLATE utf8mb4_unicode_ci NOT NULL,
  `payment_id` int(11) DEFAULT NULL,
  `payment_type` varchar(255) COLLATE utf8mb4_unicode_ci DEFAULT NULL,
  `total` decimal(12,2) NOT NULL,
  `uploaded_filename` varchar(255) COLLATE utf8mb4_unicode_ci DEFAULT NULL,
  `query_transaction` tinyint(1) NOT NULL DEFAULT 0,
  `created_at` timestamp NULL DEFAULT NULL,
  `updated_at` timestamp NULL DEFAULT NULL,
  PRIMARY KEY (`id`),
  UNIQUE KEY `payment_links_uuid_unique` (`uuid`),
  KEY `payment_index` (`payment_id`,`payment_type`),
  KEY `payment_links_user_id_foreign` (`user_id`),
  KEY `payment_links_soap_type_id_foreign` (`soap_type_id`),
  KEY `payment_links_payment_link_type_id_foreign` (`payment_link_type_id`),
  CONSTRAINT `payment_links_payment_link_type_id_foreign` FOREIGN KEY (`payment_link_type_id`) REFERENCES `payment_link_types` (`id`),
  CONSTRAINT `payment_links_soap_type_id_foreign` FOREIGN KEY (`soap_type_id`) REFERENCES `soap_types` (`id`),
  CONSTRAINT `payment_links_user_id_foreign` FOREIGN KEY (`user_id`) REFERENCES `users` (`id`)
) ENGINE=InnoDB DEFAULT CHARSET=utf8mb4 COLLATE=utf8mb4_unicode_ci;

--
-- Dumping data for table `payment_links`
--


--
-- Table structure for table `payment_method_types`
--

CREATE TABLE `payment_method_types` (
  `id` char(2) COLLATE utf8mb4_unicode_ci NOT NULL,
  `description` varchar(255) COLLATE utf8mb4_unicode_ci NOT NULL,
  `has_card` tinyint(1) NOT NULL DEFAULT 0,
  `charge` decimal(12,2) DEFAULT NULL,
  `number_days` int(11) DEFAULT NULL,
  `is_credit` tinyint(1) NOT NULL DEFAULT 0 COMMENT 'Define si es tipo credito',
  `is_cash` tinyint(1) NOT NULL DEFAULT 0 COMMENT 'Define si es es efectivo',
  KEY `payment_method_types_id_index` (`id`),
  KEY `payment_method_types_is_credit_index` (`is_credit`)
) ENGINE=InnoDB DEFAULT CHARSET=utf8mb4 COLLATE=utf8mb4_unicode_ci;

--
-- Dumping data for table `payment_method_types`
--

INSERT INTO `payment_method_types` VALUES ('01','Efectivo',0,NULL,NULL,0,1),('02','Tarjeta de crédito',1,NULL,NULL,0,0),('03','Tarjeta de débito',1,NULL,NULL,0,0),('04','Transferencia',0,NULL,NULL,0,0),('05','Factura a 30 días',0,NULL,30,1,0),('06','Tarjeta crédito visa',1,3.68,NULL,0,0),('07','Contado contraentrega',0,NULL,NULL,0,0),('08','A 30 días',0,NULL,30,1,0),('09','Crédito',1,NULL,NULL,1,0),('10','Contado',0,NULL,NULL,0,1);

--
-- Table structure for table `perception_documents`
--

CREATE TABLE `perception_documents` (
  `id` int(10) unsigned NOT NULL AUTO_INCREMENT,
  `perception_id` int(10) unsigned NOT NULL,
  `document_type_id` varchar(255) COLLATE utf8mb4_unicode_ci NOT NULL,
  `number` varchar(255) COLLATE utf8mb4_unicode_ci NOT NULL,
  `date_of_issue` date NOT NULL,
  `date_of_perception` date NOT NULL,
  `currency_type_id` varchar(255) COLLATE utf8mb4_unicode_ci NOT NULL,
  `total_document` decimal(10,2) NOT NULL,
  `total_perception` decimal(10,2) NOT NULL,
  `payments` longtext CHARACTER SET utf8mb4 COLLATE utf8mb4_bin NOT NULL CHECK (json_valid(`payments`)),
  `series` varchar(255) COLLATE utf8mb4_unicode_ci NOT NULL,
  `exchange_rate` longtext CHARACTER SET utf8mb4 COLLATE utf8mb4_bin NOT NULL CHECK (json_valid(`exchange_rate`)),
  `total_to_pay` decimal(10,2) NOT NULL,
  `total_payment` decimal(10,2) NOT NULL,
  PRIMARY KEY (`id`),
  KEY `perception_details_perception_id_foreign` (`perception_id`),
  KEY `perception_documents_document_type_id_foreign` (`document_type_id`),
  KEY `perception_documents_currency_type_id_foreign` (`currency_type_id`),
  CONSTRAINT `perception_details_perception_id_foreign` FOREIGN KEY (`perception_id`) REFERENCES `perceptions` (`id`) ON DELETE CASCADE,
  CONSTRAINT `perception_documents_currency_type_id_foreign` FOREIGN KEY (`currency_type_id`) REFERENCES `cat_currency_types` (`id`),
  CONSTRAINT `perception_documents_document_type_id_foreign` FOREIGN KEY (`document_type_id`) REFERENCES `cat_document_types` (`id`)
) ENGINE=InnoDB DEFAULT CHARSET=utf8mb4 COLLATE=utf8mb4_unicode_ci;

--
-- Dumping data for table `perception_documents`
--


--
-- Table structure for table `person_address`
--

CREATE TABLE `person_address` (
  `id` int(10) unsigned NOT NULL AUTO_INCREMENT,
  `person_id` int(10) unsigned NOT NULL,
  `department_id` char(2) COLLATE utf8mb4_unicode_ci DEFAULT NULL,
  `province_id` char(4) COLLATE utf8mb4_unicode_ci DEFAULT NULL,
  `district_id` char(6) COLLATE utf8mb4_unicode_ci DEFAULT NULL,
  `address` varchar(255) COLLATE utf8mb4_unicode_ci DEFAULT NULL,
  PRIMARY KEY (`id`),
  KEY `person_address_person_id_foreign` (`person_id`),
  KEY `person_address_department_id_foreign` (`department_id`),
  KEY `person_address_province_id_foreign` (`province_id`),
  KEY `person_address_district_id_foreign` (`district_id`),
  CONSTRAINT `person_address_department_id_foreign` FOREIGN KEY (`department_id`) REFERENCES `departments` (`id`),
  CONSTRAINT `person_address_district_id_foreign` FOREIGN KEY (`district_id`) REFERENCES `districts` (`id`),
  CONSTRAINT `person_address_person_id_foreign` FOREIGN KEY (`person_id`) REFERENCES `persons` (`id`),
  CONSTRAINT `person_address_province_id_foreign` FOREIGN KEY (`province_id`) REFERENCES `provinces` (`id`)
) ENGINE=InnoDB DEFAULT CHARSET=utf8mb4 COLLATE=utf8mb4_unicode_ci;

--
-- Dumping data for table `person_address`
--


--
-- Table structure for table `person_addresses`
--

CREATE TABLE `person_addresses` (
  `id` int(10) unsigned NOT NULL AUTO_INCREMENT,
  `person_id` int(10) unsigned NOT NULL,
  `country_id` char(2) COLLATE utf8mb4_unicode_ci NOT NULL,
  `department_id` char(2) COLLATE utf8mb4_unicode_ci DEFAULT NULL,
  `province_id` char(4) COLLATE utf8mb4_unicode_ci DEFAULT NULL,
  `district_id` char(6) COLLATE utf8mb4_unicode_ci DEFAULT NULL,
  `address` varchar(255) COLLATE utf8mb4_unicode_ci DEFAULT NULL,
  `phone` varchar(255) COLLATE utf8mb4_unicode_ci DEFAULT NULL,
  `email` varchar(255) COLLATE utf8mb4_unicode_ci DEFAULT NULL,
  `main` tinyint(1) NOT NULL DEFAULT 0,
  PRIMARY KEY (`id`),
  KEY `person_addresses_person_id_foreign` (`person_id`),
  KEY `person_addresses_country_id_foreign` (`country_id`),
  KEY `person_addresses_department_id_foreign` (`department_id`),
  KEY `person_addresses_province_id_foreign` (`province_id`),
  KEY `person_addresses_district_id_foreign` (`district_id`),
  CONSTRAINT `person_addresses_country_id_foreign` FOREIGN KEY (`country_id`) REFERENCES `countries` (`id`),
  CONSTRAINT `person_addresses_department_id_foreign` FOREIGN KEY (`department_id`) REFERENCES `departments` (`id`),
  CONSTRAINT `person_addresses_district_id_foreign` FOREIGN KEY (`district_id`) REFERENCES `districts` (`id`),
  CONSTRAINT `person_addresses_person_id_foreign` FOREIGN KEY (`person_id`) REFERENCES `persons` (`id`),
  CONSTRAINT `person_addresses_province_id_foreign` FOREIGN KEY (`province_id`) REFERENCES `provinces` (`id`)
) ENGINE=InnoDB DEFAULT CHARSET=utf8mb4 COLLATE=utf8mb4_unicode_ci;

--
-- Dumping data for table `person_addresses`
--


--
-- Table structure for table `person_types`
--

CREATE TABLE `person_types` (
  `id` int(10) unsigned NOT NULL AUTO_INCREMENT,
  `description` text COLLATE utf8mb4_unicode_ci NOT NULL,
  `created_at` timestamp NULL DEFAULT NULL,
  `updated_at` timestamp NULL DEFAULT NULL,
  PRIMARY KEY (`id`)
) ENGINE=InnoDB AUTO_INCREMENT=3 DEFAULT CHARSET=utf8mb4 COLLATE=utf8mb4_unicode_ci;

--
-- Dumping data for table `person_types`
--

INSERT INTO `person_types` VALUES (1,'Interno','2022-03-14 20:58:58','2022-03-14 20:58:58'),(2,'Distribuidor','2022-03-14 20:58:58','2022-03-14 20:58:58');

--
-- Table structure for table `persons`
--

CREATE TABLE `persons` (
  `id` int(10) unsigned NOT NULL AUTO_INCREMENT,
  `type` enum('customers','suppliers') COLLATE utf8mb4_unicode_ci NOT NULL,
  `identity_document_type_id` varchar(255) COLLATE utf8mb4_unicode_ci NOT NULL,
  `number` varchar(255) COLLATE utf8mb4_unicode_ci NOT NULL,
  `name` varchar(255) COLLATE utf8mb4_unicode_ci NOT NULL,
  `trade_name` varchar(255) COLLATE utf8mb4_unicode_ci DEFAULT NULL,
  `internal_code` varchar(100) COLLATE utf8mb4_unicode_ci DEFAULT NULL,
  `barcode` varchar(150) COLLATE utf8mb4_unicode_ci DEFAULT NULL,
  `country_id` char(2) COLLATE utf8mb4_unicode_ci NOT NULL,
  `nationality_id` char(2) COLLATE utf8mb4_unicode_ci DEFAULT NULL,
  `department_id` char(2) COLLATE utf8mb4_unicode_ci DEFAULT NULL,
  `province_id` char(4) COLLATE utf8mb4_unicode_ci DEFAULT NULL,
  `district_id` char(6) COLLATE utf8mb4_unicode_ci DEFAULT NULL,
  `address_type_id` varchar(255) COLLATE utf8mb4_unicode_ci DEFAULT NULL,
  `address` varchar(255) COLLATE utf8mb4_unicode_ci DEFAULT NULL,
  `condition` varchar(255) COLLATE utf8mb4_unicode_ci DEFAULT NULL,
  `state` varchar(255) COLLATE utf8mb4_unicode_ci DEFAULT NULL,
  `email` varchar(255) COLLATE utf8mb4_unicode_ci DEFAULT NULL,
  `telephone` varchar(255) COLLATE utf8mb4_unicode_ci DEFAULT NULL,
  `accumulated_points` decimal(12,2) NOT NULL DEFAULT 0.00 COMMENT 'sistema por puntos',
  `perception_agent` tinyint(1) NOT NULL DEFAULT 0,
  `person_type_id` int(10) unsigned DEFAULT NULL,
  `contact` longtext CHARACTER SET utf8mb4 COLLATE utf8mb4_bin DEFAULT NULL CHECK (json_valid(`contact`)),
  `comment` varchar(255) COLLATE utf8mb4_unicode_ci DEFAULT NULL,
  `percentage_perception` decimal(12,2) DEFAULT NULL,
  `enabled` tinyint(1) NOT NULL DEFAULT 1,
  `website` text COLLATE utf8mb4_unicode_ci DEFAULT NULL COMMENT 'Sitio Web',
  `zone` longtext COLLATE utf8mb4_unicode_ci DEFAULT NULL COMMENT 'Zona',
  `observation` longtext COLLATE utf8mb4_unicode_ci DEFAULT NULL COMMENT 'Observaciones',
  `created_at` timestamp NULL DEFAULT NULL,
  `updated_at` timestamp NULL DEFAULT NULL,
  `status` tinyint(4) NOT NULL DEFAULT 1,
  `credit_days` int(10) unsigned DEFAULT 0 COMMENT 'establece los dias de credito',
  `optional_email` longtext COLLATE utf8mb4_unicode_ci DEFAULT NULL COMMENT 'Conjunto de correos de envio',
  `parent_id` int(10) unsigned DEFAULT 0 COMMENT 'Se relaciona con si mismo, numero mayor a 0 es el id del padre.',
  `zone_id` int(10) unsigned DEFAULT NULL,
  `seller_id` int(10) unsigned DEFAULT NULL,
  `has_discount` tinyint(1) NOT NULL DEFAULT 0,
  `discount_type` char(2) COLLATE utf8mb4_unicode_ci NOT NULL DEFAULT '01',
  `discount_amount` decimal(12,2) NOT NULL DEFAULT 0.00,
  PRIMARY KEY (`id`),
  KEY `persons_identity_document_type_id_foreign` (`identity_document_type_id`),
  KEY `persons_country_id_foreign` (`country_id`),
  KEY `persons_department_id_foreign` (`department_id`),
  KEY `persons_province_id_foreign` (`province_id`),
  KEY `persons_district_id_foreign` (`district_id`),
  KEY `persons_name_index` (`name`),
  KEY `persons_number_index` (`number`),
  KEY `persons_type_index` (`type`),
  KEY `persons_person_type_id_foreign` (`person_type_id`),
  KEY `persons_enabled_index` (`enabled`),
  KEY `persons_address_type_id_foreign` (`address_type_id`),
  KEY `persons_seller_id_index` (`seller_id`),
  KEY `persons_nationality_id_foreign` (`nationality_id`),
  CONSTRAINT `persons_address_type_id_foreign` FOREIGN KEY (`address_type_id`) REFERENCES `cat_address_types` (`id`),
  CONSTRAINT `persons_country_id_foreign` FOREIGN KEY (`country_id`) REFERENCES `countries` (`id`),
  CONSTRAINT `persons_department_id_foreign` FOREIGN KEY (`department_id`) REFERENCES `departments` (`id`),
  CONSTRAINT `persons_district_id_foreign` FOREIGN KEY (`district_id`) REFERENCES `districts` (`id`),
  CONSTRAINT `persons_identity_document_type_id_foreign` FOREIGN KEY (`identity_document_type_id`) REFERENCES `cat_identity_document_types` (`id`),
  CONSTRAINT `persons_nationality_id_foreign` FOREIGN KEY (`nationality_id`) REFERENCES `countries` (`id`),
  CONSTRAINT `persons_person_type_id_foreign` FOREIGN KEY (`person_type_id`) REFERENCES `person_types` (`id`),
  CONSTRAINT `persons_province_id_foreign` FOREIGN KEY (`province_id`) REFERENCES `provinces` (`id`)
) ENGINE=InnoDB AUTO_INCREMENT=204 DEFAULT CHARSET=utf8mb4 COLLATE=utf8mb4_unicode_ci;

--
-- Dumping data for table `persons`
--

INSERT INTO `persons` VALUES (1,'customers','1','75478910','VEGA SALAZAR, JEAN CLAUDE',NULL,NULL,NULL,'PE',NULL,NULL,NULL,NULL,NULL,NULL,NULL,NULL,NULL,NULL,0.00,0,NULL,'{\"full_name\":null,\"phone\":null}',NULL,0.00,1,NULL,NULL,NULL,'2022-03-14 21:37:19','2022-03-14 21:37:19',1,0,NULL,0,NULL,NULL,0,'01',0.00),(2,'customers','6','10432761091','CARRANZA SANCHEZ DAMIAN',NULL,NULL,NULL,'PE',NULL,NULL,NULL,NULL,NULL,NULL,'HABIDO','ACTIVO',NULL,NULL,0.00,0,NULL,'{\"full_name\":null,\"phone\":null}',NULL,0.00,1,NULL,NULL,NULL,'2022-03-15 10:28:28','2022-03-15 10:28:28',1,0,NULL,0,NULL,NULL,0,'01',0.00),(3,'customers','1','73738674','MONJA SILVA, MAYRA ALEJANDRA',NULL,NULL,NULL,'PE',NULL,NULL,NULL,NULL,NULL,NULL,NULL,NULL,NULL,NULL,0.00,0,1,'{\"full_name\":null,\"phone\":null}',NULL,0.00,1,NULL,NULL,NULL,'2022-03-19 20:49:14','2022-03-19 20:49:14',1,0,NULL,0,NULL,NULL,0,'01',0.00),(4,'customers','1','72498314','TERRONES CHAVEZ, JUAN STALIN',NULL,NULL,NULL,'PE',NULL,NULL,NULL,NULL,NULL,NULL,NULL,NULL,NULL,NULL,0.00,0,NULL,'{\"full_name\":null,\"phone\":null}',NULL,0.00,1,NULL,NULL,NULL,'2022-03-19 21:19:58','2022-03-19 21:19:58',1,0,NULL,0,NULL,NULL,0,'01',0.00),(5,'customers','1','80609604','SILVA VALQUI, ROSA VICTORIA',NULL,NULL,NULL,'PE',NULL,NULL,NULL,NULL,NULL,NULL,NULL,NULL,NULL,NULL,0.00,0,NULL,'{\"full_name\":null,\"phone\":null}',NULL,0.00,1,NULL,NULL,NULL,'2022-03-19 21:24:56','2022-03-19 21:24:56',1,0,NULL,0,NULL,NULL,0,'01',0.00),(6,'customers','1','43276109','CARRANZA SANCHEZ, DAMIAN',NULL,NULL,NULL,'PE',NULL,NULL,NULL,NULL,NULL,NULL,NULL,NULL,NULL,NULL,0.00,0,NULL,'{\"full_name\":null,\"phone\":null}',NULL,0.00,1,NULL,NULL,NULL,'2022-04-07 12:33:12','2022-04-07 12:33:12',1,0,NULL,0,NULL,NULL,0,'01',0.00),(7,'customers','1','74949855','GONZALES SILVA, JHONATAN DOUGLAS','I.E. INICAL 275 - TUTUMBEROS',NULL,NULL,'PE',NULL,'01','0102','010201',NULL,'JR. LA LIBERTAD 248',NULL,NULL,NULL,NULL,0.00,0,NULL,'{\"full_name\":null,\"phone\":null}',NULL,0.00,1,NULL,NULL,NULL,'2022-04-07 12:42:54','2022-05-25 15:46:36',1,0,NULL,0,NULL,NULL,0,'01',0.00),(8,'customers','1','42592417','PRETELL CORDOVA, RONAL GUILLERMO',NULL,NULL,NULL,'PE',NULL,NULL,NULL,NULL,NULL,NULL,NULL,NULL,NULL,NULL,0.00,0,NULL,'{\"full_name\":null,\"phone\":null}',NULL,0.00,1,NULL,NULL,NULL,'2022-04-07 13:18:35','2022-04-07 13:18:35',1,0,NULL,0,NULL,NULL,0,'01',0.00),(9,'customers','1','74632066','SANTOS RAMOS, JEAN CARLOS',NULL,NULL,NULL,'PE',NULL,NULL,NULL,NULL,NULL,NULL,NULL,NULL,NULL,NULL,0.00,0,NULL,'{\"full_name\":null,\"phone\":null}',NULL,0.00,1,NULL,NULL,NULL,'2022-04-07 16:06:50','2022-04-07 16:06:50',1,0,NULL,0,NULL,NULL,0,'01',0.00),(10,'customers','1','44726506','TORRES CHAPOÑAN, LENYN',NULL,NULL,NULL,'PE',NULL,NULL,NULL,NULL,NULL,NULL,NULL,NULL,NULL,NULL,0.00,0,NULL,'{\"full_name\":null,\"phone\":null}',NULL,0.00,1,NULL,NULL,NULL,'2022-04-08 17:30:09','2022-04-08 17:30:09',1,0,NULL,0,NULL,NULL,0,'01',0.00),(11,'customers','1','77016575','CORONADO TINEO, BEDER JOSE LUIS',NULL,NULL,NULL,'PE',NULL,NULL,NULL,NULL,NULL,NULL,NULL,NULL,NULL,NULL,0.00,0,NULL,'{\"full_name\":null,\"phone\":null}',NULL,0.00,1,NULL,NULL,NULL,'2022-04-09 11:26:20','2022-04-09 11:26:20',1,0,NULL,0,NULL,NULL,0,'01',0.00),(12,'customers','6','10703986370','ALBERCA CORTEZ ANTHONY',NULL,NULL,NULL,'PE',NULL,NULL,NULL,NULL,NULL,NULL,'HABIDO','ACTIVO',NULL,NULL,0.00,0,NULL,'{\"full_name\":null,\"phone\":null}',NULL,0.00,1,NULL,NULL,NULL,'2022-04-09 11:28:06','2022-04-09 11:28:06',1,0,NULL,0,NULL,NULL,0,'01',0.00),(13,'customers','6','20608724410','CONSORCIO RENACER',NULL,NULL,NULL,'PE',NULL,'01','0101','010101',NULL,'JR. BOLIVIA NRO. 715 - -','HABIDO','ACTIVO',NULL,NULL,0.00,0,NULL,'{\"full_name\":null,\"phone\":null}',NULL,0.00,1,NULL,NULL,NULL,'2022-04-09 11:51:52','2022-04-09 11:51:52',1,0,NULL,0,NULL,NULL,0,'01',0.00),(14,'customers','6','20479491497','CEPSM LA INMACULADA',NULL,NULL,NULL,'PE',NULL,'01','0102','010201',NULL,'JR. CAJAMARCA NRO. 850 - -','HABIDO','ACTIVO',NULL,NULL,0.00,0,NULL,'{\"full_name\":null,\"phone\":null}',NULL,0.00,1,NULL,NULL,NULL,'2022-04-11 09:35:30','2022-04-11 09:35:30',1,0,NULL,0,NULL,NULL,0,'01',0.00),(15,'customers','6','20561164437','UNIVERSIDAD NACIONAL INTERCULTURAL FABIOLA SALAZAR LEGUÍA DE BAGUA',NULL,NULL,NULL,'PE',NULL,'01','0102','010201',NULL,'JR. COMERCIO NRO. 128 - -','HABIDO','ACTIVO',NULL,NULL,0.00,0,NULL,'{\"full_name\":null,\"phone\":null}',NULL,0.00,1,NULL,NULL,NULL,'2022-04-11 15:42:53','2022-04-11 15:42:53',1,0,NULL,0,NULL,NULL,0,'01',0.00),(16,'customers','1','71851122','LLATAS RIVERA, EDWIN NILSON','COLEGIO MILITAR',NULL,NULL,'PE',NULL,NULL,NULL,NULL,NULL,NULL,NULL,NULL,NULL,NULL,0.00,0,NULL,'{\"full_name\":null,\"phone\":null}',NULL,0.00,1,NULL,NULL,NULL,'2022-04-12 11:59:41','2022-04-12 11:59:41',1,0,NULL,0,NULL,NULL,0,'01',0.00),(17,'customers','6','20480466498','INSTITUCIÓN EDUCATIVA MILITAR \"HEROES DEL CENEPA\"',NULL,NULL,NULL,'PE',NULL,'01','0102','010201',NULL,'CAL. TOMAQUE NRO. SN ---- SECTOR TOMAQUE','HABIDO','ACTIVO',NULL,NULL,0.00,0,NULL,'{\"full_name\":null,\"phone\":null}',NULL,0.00,1,NULL,NULL,NULL,'2022-04-12 17:08:52','2022-04-12 17:08:52',1,0,NULL,0,NULL,NULL,0,'01',0.00),(18,'customers','6','20538922723','REPUESTOS FULL MOTOR´S SOCIEDAD COMERCIAL DE RESPONSABILIDAD LIMITADA',NULL,NULL,NULL,'PE',NULL,'01','0102','010201',NULL,'AV. HEROES DEL CENEPA NRO. 404 ---- CENTRO DE BAGUA','HABIDO','ACTIVO',NULL,NULL,0.00,0,NULL,'{\"full_name\":null,\"phone\":null}',NULL,0.00,1,NULL,NULL,NULL,'2022-04-13 11:26:17','2022-04-13 11:26:17',1,0,NULL,0,NULL,NULL,0,'01',0.00),(19,'customers','1','42240761','BRIONES VILLACORTA, LUIS EDUARDO',NULL,NULL,NULL,'PE',NULL,NULL,NULL,NULL,NULL,NULL,NULL,NULL,NULL,NULL,0.00,0,NULL,'{\"full_name\":null,\"phone\":null}',NULL,0.00,1,NULL,NULL,NULL,'2022-04-14 15:22:51','2022-04-14 15:22:51',1,0,NULL,0,NULL,NULL,0,'01',0.00),(20,'customers','1','33560283','PAZ VALDIVIESO, CELINIA',NULL,NULL,NULL,'PE',NULL,NULL,NULL,NULL,NULL,NULL,NULL,NULL,NULL,NULL,0.00,0,NULL,'{\"full_name\":null,\"phone\":null}',NULL,0.00,1,NULL,NULL,NULL,'2022-04-17 12:19:14','2022-04-17 12:19:14',1,0,NULL,0,NULL,NULL,0,'01',0.00),(21,'customers','1','46499900','HERRERA DELGADO, HENRY',NULL,NULL,NULL,'PE',NULL,NULL,NULL,NULL,NULL,NULL,NULL,NULL,NULL,NULL,0.00,0,NULL,'{\"full_name\":null,\"phone\":null}',NULL,0.00,1,NULL,NULL,NULL,'2022-04-18 08:56:07','2022-04-18 08:56:07',1,0,NULL,0,NULL,NULL,0,'01',0.00),(22,'customers','0','99999999999999999999','IGLESIA LA HERMOSA',NULL,NULL,NULL,'PE',NULL,NULL,NULL,NULL,NULL,NULL,NULL,NULL,NULL,NULL,0.00,0,NULL,'{\"full_name\":null,\"phone\":null}',NULL,0.00,1,NULL,NULL,NULL,'2022-04-18 09:16:41','2022-04-18 09:16:41',1,0,NULL,0,NULL,NULL,0,'01',0.00),(23,'customers','0','99999999','MIGUEL CASTRO',NULL,NULL,NULL,'PE',NULL,NULL,NULL,NULL,NULL,NULL,NULL,NULL,NULL,NULL,0.00,0,NULL,'{\"full_name\":null,\"phone\":null}',NULL,0.00,1,NULL,NULL,NULL,'2022-04-18 09:26:43','2022-04-18 09:26:43',1,0,NULL,0,NULL,NULL,0,'01',0.00),(24,'customers','1','33592920','YNFANTE BARDALES, EDGAR',NULL,NULL,NULL,'PE',NULL,NULL,NULL,NULL,NULL,NULL,NULL,NULL,NULL,NULL,0.00,0,NULL,'{\"full_name\":null,\"phone\":null}',NULL,0.00,1,NULL,NULL,NULL,'2022-04-18 09:54:51','2022-04-18 09:54:51',1,0,NULL,0,NULL,NULL,0,'01',0.00),(25,'customers','1','44852515','SHAJIAN HIDALGO, FRANCO DENNYS',NULL,NULL,NULL,'PE',NULL,NULL,NULL,NULL,NULL,NULL,NULL,NULL,NULL,NULL,0.00,0,NULL,'{\"full_name\":null,\"phone\":null}',NULL,0.00,1,NULL,NULL,NULL,'2022-04-18 09:58:33','2022-04-18 09:58:33',1,0,NULL,0,NULL,NULL,0,'01',0.00),(26,'customers','0','999999998','I.E.N 16239','DISTRITO COPALLIN',NULL,NULL,'PE',NULL,NULL,NULL,NULL,NULL,NULL,NULL,NULL,NULL,NULL,0.00,0,NULL,'{\"full_name\":null,\"phone\":null}',NULL,0.00,1,NULL,NULL,NULL,'2022-04-19 09:13:11','2022-04-19 09:13:11',1,0,NULL,0,NULL,NULL,0,'01',0.00),(27,'customers','0','99989999','I.E.P.N 16248 JOROBAMBA',NULL,NULL,NULL,'PE',NULL,NULL,NULL,NULL,NULL,NULL,NULL,NULL,NULL,NULL,0.00,0,NULL,'{\"full_name\":null,\"phone\":null}',NULL,0.00,1,NULL,NULL,NULL,'2022-04-23 09:29:48','2022-04-23 09:29:48',1,0,NULL,0,NULL,NULL,0,'01',0.00),(28,'customers','6','20561382698','SJ & CHM CONTRATISTAS SOCIEDAD COMERCIAL DE RESPONSABILIDAD LIMITADA',NULL,NULL,NULL,'PE',NULL,'01','0102','010201',NULL,'AV. CIRCUNVALACION NRO. 1801 - -','HABIDO','ACTIVO',NULL,NULL,0.00,0,NULL,'{\"full_name\":null,\"phone\":null}',NULL,0.00,1,NULL,NULL,NULL,'2022-04-23 11:18:45','2022-04-23 11:18:45',1,0,NULL,0,NULL,NULL,0,'01',0.00),(29,'customers','6','20553322660','CENTRO TECNOLOGICO DE SISTEMAS DE INFORMACION GEOGRAFICA S.A.C. - CENTRO SIG S.A.C.',NULL,NULL,NULL,'PE',NULL,'15','1501','150120',NULL,'AV. MARISCAL SUCRE NRO. 453 - - DPTO. 403','HABIDO','ACTIVO',NULL,NULL,0.00,0,NULL,'{\"full_name\":null,\"phone\":null}',NULL,0.00,1,NULL,NULL,NULL,'2022-04-23 12:05:37','2022-04-23 12:05:37',1,0,NULL,0,NULL,NULL,0,'01',0.00),(30,'customers','0','1111111111','I.E.N 16590 DURAN','DURAN',NULL,NULL,'PE',NULL,NULL,NULL,NULL,NULL,NULL,NULL,NULL,NULL,NULL,0.00,0,NULL,'{\"full_name\":null,\"phone\":null}',NULL,0.00,1,NULL,NULL,NULL,'2022-04-23 18:16:40','2022-04-23 18:16:40',1,0,NULL,0,NULL,NULL,0,'01',0.00),(31,'customers','6','20479513300','AGA REPRESENTACIONES SAC',NULL,NULL,NULL,'PE',NULL,'06','0608','060801',NULL,'AV. PAKAMUROS NRO. 1108 ---- PUEBLO LIBRE','HABIDO','ACTIVO',NULL,NULL,0.00,0,NULL,'{\"full_name\":null,\"phone\":null}',NULL,0.00,1,NULL,NULL,NULL,'2022-04-25 16:00:24','2022-04-25 16:00:24',1,0,NULL,0,NULL,NULL,0,'01',0.00),(32,'customers','6','20479526207','CENTRO DE EDUCACION TECNICO PRODUCTIVA DANIEL ALCIDES CARRION',NULL,NULL,NULL,'PE',NULL,'01','0102','010201',NULL,'AV. CIRCUNVALACION NRO. 1700 ---- SECTOR 09','HABIDO','ACTIVO',NULL,NULL,0.00,0,NULL,'{\"full_name\":null,\"phone\":null}',NULL,0.00,1,NULL,NULL,NULL,'2022-04-25 17:26:27','2022-04-25 17:26:27',1,0,NULL,0,NULL,NULL,0,'01',0.00),(33,'customers','0','9999999956','I,E, MIGUEL MONTEZA TAFUR',NULL,NULL,NULL,'PE',NULL,NULL,NULL,NULL,NULL,NULL,NULL,NULL,NULL,NULL,0.00,0,NULL,'{\"full_name\":null,\"phone\":null}',NULL,0.00,1,NULL,NULL,NULL,'2022-04-25 17:55:07','2022-04-25 17:55:07',1,0,NULL,0,NULL,NULL,0,'01',0.00),(34,'customers','6','20604491160','JA LU IMPORTADORA FERRETERA E.I.R.L. - JA LU E.I.R.L.',NULL,NULL,NULL,'PE',NULL,'15','1501','150101',NULL,'PJ. 10 AV ARGENTINA NRO. 215 INT. AD-6 ---- C.C. NICOLINI','HABIDO','ACTIVO',NULL,NULL,0.00,0,NULL,'{\"full_name\":null,\"phone\":null}',NULL,0.00,1,NULL,NULL,NULL,'2022-04-26 17:06:22','2022-04-26 17:06:22',1,0,NULL,0,NULL,NULL,0,'01',0.00),(35,'customers','6','20493950518','JAYA OBRAS Y SERVICIOS E.I.R.L',NULL,NULL,NULL,'PE',NULL,'22','2209','220901',NULL,'AV. CIRCUNVALACION NRO. 2332 - -','HABIDO','ACTIVO',NULL,NULL,0.00,0,NULL,'{\"full_name\":null,\"phone\":null}',NULL,0.00,1,NULL,NULL,NULL,'2022-04-27 10:26:30','2022-04-27 10:26:30',1,0,NULL,0,NULL,NULL,0,'01',0.00),(36,'customers','6','20600138911','ESCUELA DE CONDUCTORES PROFESIONALES INTEGRALES EDMAR SOCIEDAD COMERCIAL DE RESPONSABILIDAD LIMITADA',NULL,NULL,NULL,'PE',NULL,'01','0102','010206',NULL,'JR. LIMA NRO. 336 ---- CENTRO DE BAGUA','HABIDO','ACTIVO',NULL,NULL,0.00,0,NULL,'{\"full_name\":null,\"phone\":null}',NULL,0.00,1,NULL,NULL,NULL,'2022-04-28 17:10:55','2022-04-28 17:10:55',1,0,NULL,0,NULL,NULL,0,'01',0.00),(37,'customers','1','74649207','LIZANA CORDOVA, ALEXIS OXALC',NULL,NULL,NULL,'PE',NULL,NULL,NULL,NULL,NULL,NULL,NULL,NULL,NULL,NULL,0.00,0,NULL,'{\"full_name\":null,\"phone\":null}',NULL,0.00,1,NULL,NULL,NULL,'2022-04-29 11:21:21','2022-04-29 11:21:21',1,0,NULL,0,NULL,NULL,0,'01',0.00),(38,'customers','0','9999999900','I.E.N. 16584 NARANJOS ARAMANGO',NULL,NULL,NULL,'PE',NULL,NULL,NULL,NULL,NULL,NULL,NULL,NULL,NULL,NULL,0.00,0,NULL,'{\"full_name\":null,\"phone\":null}',NULL,0.00,1,NULL,NULL,NULL,'2022-04-30 16:29:30','2022-04-30 16:29:30',1,0,NULL,0,NULL,NULL,0,'01',0.00),(39,'customers','0','999999999','I.E.NUESTRA SEÑORA DE GUADALUPE FE Y ALEGRIA N 31- LA PECA',NULL,NULL,NULL,'PE',NULL,NULL,NULL,NULL,NULL,NULL,NULL,NULL,NULL,NULL,0.00,0,NULL,'{\"full_name\":null,\"phone\":null}',NULL,0.00,1,NULL,NULL,NULL,'2022-04-30 16:39:38','2022-04-30 16:39:38',1,0,NULL,0,NULL,NULL,0,'01',0.00),(40,'customers','6','20607069299','CONSTRUCCIONES REUNIDAS E.I.R.L.',NULL,NULL,NULL,'PE',NULL,'13','1301','130104',NULL,'CAL. LAS BRISAS MZ. A LT. 4 - -','HABIDO','ACTIVO',NULL,NULL,0.00,0,NULL,'{\"full_name\":null,\"phone\":null}',NULL,0.00,1,NULL,NULL,NULL,'2022-05-02 18:02:16','2022-05-02 18:02:16',1,0,NULL,0,NULL,NULL,0,'01',0.00),(41,'customers','0','9999999978','I,E PARROQUIAL SANTA INES',NULL,NULL,NULL,'PE',NULL,NULL,NULL,NULL,NULL,NULL,NULL,NULL,NULL,NULL,0.00,0,NULL,'{\"full_name\":null,\"phone\":null}',NULL,0.00,1,NULL,NULL,NULL,'2022-05-02 18:04:02','2022-05-02 18:04:02',1,0,NULL,0,NULL,NULL,0,'01',0.00),(42,'customers','6','20487396959','BOTICAS OPEN FARMA S.A.C',NULL,NULL,NULL,'PE',NULL,'01','0102','010201',NULL,'JR. COMERCIO NRO. 594 - -','HABIDO','ACTIVO',NULL,NULL,0.00,0,NULL,'{\"full_name\":null,\"phone\":null}',NULL,0.00,1,NULL,NULL,NULL,'2022-05-02 20:35:48','2022-05-02 20:35:48',1,0,NULL,0,NULL,NULL,0,'01',0.00),(43,'customers','6','10483481263','AGUILAR MERINO CARLOS JOHNY',NULL,NULL,NULL,'PE',NULL,NULL,NULL,NULL,NULL,NULL,'HABIDO','ACTIVO',NULL,NULL,0.00,0,NULL,'{\"full_name\":null,\"phone\":null}',NULL,0.00,1,NULL,NULL,NULL,'2022-05-05 15:55:56','2022-05-05 15:55:56',1,0,NULL,0,NULL,NULL,0,'01',0.00),(44,'customers','0','9999999991','I.E.N. 17767 CORAZON DE MARIA - ARAMANGO',NULL,NULL,NULL,'PE',NULL,NULL,NULL,NULL,NULL,NULL,NULL,NULL,NULL,NULL,0.00,0,NULL,'{\"full_name\":null,\"phone\":null}',NULL,0.00,1,NULL,NULL,NULL,'2022-05-06 17:09:38','2022-05-06 17:09:38',1,0,NULL,0,NULL,NULL,0,'01',0.00),(45,'customers','1','33592403','P E 0313',NULL,NULL,NULL,'PE',NULL,NULL,NULL,NULL,NULL,NULL,NULL,NULL,NULL,NULL,0.00,0,NULL,'{\"full_name\":null,\"phone\":null}',NULL,0.00,1,NULL,NULL,NULL,'2022-05-06 18:22:43','2022-05-06 18:22:43',1,0,NULL,0,NULL,NULL,0,'01',0.00),(46,'customers','0','999999995','I.E.I.N. 275 TUTUMBEROS',NULL,NULL,NULL,'PE',NULL,NULL,NULL,NULL,NULL,NULL,NULL,NULL,NULL,NULL,0.00,0,NULL,'{\"full_name\":null,\"phone\":null}',NULL,0.00,1,NULL,NULL,NULL,'2022-05-07 11:48:03','2022-05-07 11:48:03',1,0,NULL,0,NULL,NULL,0,'01',0.00),(47,'customers','0','99999999376','I.E.N 275 TUTUMBEROS',NULL,NULL,NULL,'PE',NULL,NULL,NULL,NULL,NULL,NULL,NULL,NULL,NULL,NULL,0.00,0,NULL,'{\"full_name\":null,\"phone\":null}',NULL,0.00,1,NULL,NULL,NULL,'2022-05-07 12:49:56','2022-05-07 12:49:56',1,0,NULL,0,NULL,NULL,0,'01',0.00),(48,'customers','6','20603652852','SERVICIOS GENERALES BURGA MARTOS S.R.L.',NULL,NULL,NULL,'PE',NULL,'01','0102','010201',NULL,'AV. MARIANO MELGAR NRO. 750 - -','HABIDO','ACTIVO',NULL,NULL,0.00,0,NULL,'{\"full_name\":null,\"phone\":null}',NULL,0.00,1,NULL,NULL,NULL,'2022-05-07 16:40:59','2022-05-07 16:40:59',1,0,NULL,0,NULL,NULL,0,'01',0.00),(49,'customers','0','9999999937','I.E.I.N 315 DUELAC JAMALCA',NULL,NULL,NULL,'PE',NULL,NULL,NULL,NULL,NULL,NULL,NULL,NULL,NULL,NULL,0.00,0,NULL,'{\"full_name\":null,\"phone\":null}',NULL,0.00,1,NULL,NULL,NULL,'2022-05-09 09:07:23','2022-05-09 09:07:23',1,0,NULL,0,NULL,NULL,0,'01',0.00),(50,'customers','1','44267186','VASQUEZ MESIA, JUAN CARLOS',NULL,NULL,NULL,'PE',NULL,NULL,NULL,NULL,NULL,NULL,NULL,NULL,NULL,NULL,0.00,0,NULL,'{\"full_name\":null,\"phone\":null}',NULL,0.00,1,NULL,NULL,NULL,'2022-05-09 15:37:02','2022-05-09 15:37:02',1,0,NULL,0,NULL,NULL,0,'01',0.00),(51,'customers','6','20437286524','ASOCIACION DE PRODUCTORES DE ARROZ DE BAGUA',NULL,NULL,NULL,'PE',NULL,'01','0102','010201',NULL,'AV. HEROES DEL CENEPA NRO. 963 - -','HABIDO','ACTIVO',NULL,NULL,0.00,0,NULL,'{\"full_name\":null,\"phone\":null}',NULL,0.00,1,NULL,NULL,NULL,'2022-05-10 11:39:06','2022-05-10 11:39:06',1,0,NULL,0,NULL,NULL,0,'01',0.00),(52,'customers','1','33592914','SANCHEZ SALAZAR, TEODOLO',NULL,NULL,NULL,'PE',NULL,NULL,NULL,NULL,NULL,NULL,NULL,NULL,NULL,NULL,0.00,0,NULL,'{\"full_name\":null,\"phone\":null}',NULL,0.00,1,NULL,NULL,NULL,'2022-05-10 18:00:29','2022-05-10 18:00:29',1,0,NULL,0,NULL,NULL,0,'01',0.00),(53,'customers','6','20516233801','IFIT PERU S.A.C.',NULL,NULL,NULL,'PE',NULL,'07','0701','070104',NULL,'JR. LIMA NRO. 757 ---- LA PERLA','HABIDO','ACTIVO',NULL,NULL,0.00,0,NULL,'{\"full_name\":null,\"phone\":null}',NULL,0.00,1,NULL,NULL,NULL,'2022-05-11 16:24:05','2022-05-11 16:24:05',1,0,NULL,0,NULL,NULL,0,'01',0.00),(54,'customers','6','20604913200','SAN ANTONIO HOTELES S.A.C.',NULL,NULL,NULL,'PE',NULL,'01','0102','010201',NULL,'JR. AMAZONAS NRO. 456 - -','HABIDO','ACTIVO',NULL,NULL,0.00,0,NULL,'{\"full_name\":null,\"phone\":null}',NULL,0.00,1,NULL,NULL,NULL,'2022-05-12 10:07:46','2022-05-12 10:07:46',1,0,NULL,0,NULL,NULL,0,'01',0.00),(55,'customers','1','33586562','ORTIZ UGAZ, HORLANDO',NULL,NULL,NULL,'PE',NULL,NULL,NULL,NULL,NULL,NULL,NULL,NULL,NULL,NULL,0.00,0,NULL,'{\"full_name\":null,\"phone\":null}',NULL,0.00,1,NULL,NULL,NULL,'2022-05-13 10:27:42','2022-05-13 10:27:42',1,0,NULL,0,NULL,NULL,0,'01',0.00),(56,'customers','6','20601446741','INGENIERÍA PETR S.R.L.',NULL,NULL,NULL,'PE',NULL,'01','0103','010307',NULL,'JR. RICARDO PALMA NRO. S/N C.P. PEDRO RUIZ','HABIDO','ACTIVO',NULL,NULL,0.00,0,NULL,'{\"full_name\":null,\"phone\":null}',NULL,0.00,1,NULL,NULL,NULL,'2022-05-20 15:50:20','2022-05-20 15:50:20',1,0,NULL,0,NULL,NULL,0,'01',0.00),(57,'customers','0','9999999939','P.E. 0313',NULL,NULL,NULL,'PE',NULL,NULL,NULL,NULL,NULL,NULL,NULL,NULL,NULL,NULL,0.00,0,NULL,'{\"full_name\":null,\"phone\":null}',NULL,0.00,1,NULL,NULL,NULL,'2022-05-20 16:57:04','2022-05-20 16:57:04',1,0,NULL,0,NULL,NULL,0,'01',0.00),(58,'customers','0','99999999915','MERCADILLO',NULL,NULL,NULL,'PE',NULL,NULL,NULL,NULL,NULL,NULL,NULL,NULL,NULL,NULL,0.00,0,NULL,'{\"full_name\":null,\"phone\":null}',NULL,0.00,1,NULL,NULL,NULL,'2022-05-20 17:07:44','2022-05-20 17:07:44',1,0,NULL,0,NULL,NULL,0,'01',0.00),(59,'customers','1','47218297','CARRILLO ROJAS, GLADYS',NULL,NULL,NULL,'PE',NULL,NULL,NULL,NULL,NULL,NULL,NULL,NULL,NULL,NULL,0.00,0,NULL,'{\"full_name\":null,\"phone\":null}',NULL,0.00,1,NULL,NULL,NULL,'2022-05-21 13:43:23','2022-05-21 13:43:23',1,0,NULL,0,NULL,NULL,0,'01',0.00),(60,'customers','0','9999999974','CENTRO EDUCATIVO BASICO ESPECIAL Nro 001',NULL,NULL,NULL,'PE',NULL,NULL,NULL,NULL,NULL,NULL,NULL,NULL,NULL,NULL,0.00,0,NULL,'{\"full_name\":null,\"phone\":null}',NULL,0.00,1,NULL,NULL,NULL,'2022-05-23 17:25:50','2022-05-23 17:25:50',1,0,NULL,0,NULL,NULL,0,'01',0.00),(61,'customers','6','20609451689','CONSORCIO TOMAQUE BAGUA',NULL,NULL,NULL,'PE',NULL,'01','0102','010201',NULL,'JR. LIBERTAD NRO. 161 - -','HABIDO','ACTIVO',NULL,NULL,0.00,0,NULL,'{\"full_name\":null,\"phone\":null}',NULL,0.00,1,NULL,NULL,NULL,'2022-05-23 18:46:09','2022-05-23 18:46:09',1,0,NULL,0,NULL,NULL,0,'01',0.00),(62,'customers','6','10407193151','CERCADO TARRILLO LENIN ARQUIMEDES',NULL,NULL,NULL,'PE',NULL,NULL,NULL,NULL,NULL,NULL,'HABIDO','ACTIVO',NULL,NULL,0.00,0,NULL,'{\"full_name\":null,\"phone\":null}',NULL,0.00,1,NULL,NULL,NULL,'2022-05-23 18:53:53','2022-05-23 18:53:53',1,0,NULL,0,NULL,NULL,0,'01',0.00),(63,'customers','6','20201979278','EVELYN SAC',NULL,NULL,NULL,'PE',NULL,'22','2208','220804',NULL,'AV. CAJAMARCA SUR NRO. 153 - -','HABIDO','ACTIVO',NULL,NULL,0.00,0,NULL,'{\"full_name\":null,\"phone\":null}',NULL,0.00,1,NULL,NULL,NULL,'2022-05-24 10:59:33','2022-05-24 10:59:33',1,0,NULL,0,NULL,NULL,0,'01',0.00),(64,'customers','6','20479463361','COLEGIO MANUEL ANTONIO MESONES MURO',NULL,NULL,NULL,'PE',NULL,'01','0102','010201',NULL,'JR. MARIANO MELGAR NRO. 305 - -','HABIDO','ACTIVO',NULL,NULL,0.00,0,NULL,'{\"full_name\":null,\"phone\":null}',NULL,0.00,1,NULL,NULL,NULL,'2022-05-26 17:57:51','2022-05-26 17:57:51',1,0,NULL,0,NULL,NULL,0,'01',0.00),(65,'customers','6','20539046293','COMPLEJO DEPORTIVO BAILABLE MARACANA E.I.R.L.',NULL,NULL,NULL,'PE',NULL,'01','0102','010201',NULL,'JR. MOQUEGUA NRO. 900 ---- SECTOR 08','HABIDO','ACTIVO',NULL,NULL,0.00,0,NULL,'{\"full_name\":null,\"phone\":null}',NULL,0.00,1,NULL,NULL,NULL,'2022-05-28 11:44:55','2022-05-28 11:44:55',1,0,NULL,0,NULL,NULL,0,'01',0.00),(66,'customers','6','20608874357','CONSORCIO CESAR VALLEJO',NULL,NULL,NULL,'PE',NULL,'01','0102','010201',NULL,'JR. MOQUEGUA NRO. 320 - -','HABIDO','ACTIVO',NULL,NULL,0.00,0,NULL,'{\"full_name\":null,\"phone\":null}',NULL,0.00,1,NULL,NULL,NULL,'2022-05-30 08:56:02','2022-05-30 08:56:02',1,0,NULL,0,NULL,NULL,0,'01',0.00),(67,'customers','1','33564577','REYNA URTEAGA, ELSA','I.E. N° 228',NULL,NULL,'PE',NULL,'01','0102','010201',NULL,'LOS CEDROS 463',NULL,NULL,NULL,NULL,0.00,0,NULL,'{\"full_name\":null,\"phone\":null}',NULL,0.00,1,NULL,NULL,NULL,'2022-05-30 09:22:32','2022-05-30 09:22:32',1,0,NULL,0,NULL,NULL,0,'01',0.00),(68,'customers','0','99999999021','I.E 16194 NIVEL INICIAL',NULL,NULL,NULL,'PE',NULL,NULL,NULL,NULL,NULL,NULL,NULL,NULL,NULL,NULL,0.00,0,NULL,'{\"full_name\":null,\"phone\":null}',NULL,0.00,1,NULL,NULL,NULL,'2022-05-30 10:52:06','2022-05-30 10:52:06',1,0,NULL,0,NULL,NULL,0,'01',0.00),(69,'customers','1','33591641','DUAREZ BURGA, EVELINDA',NULL,NULL,NULL,'PE',NULL,'01','0102','010201',NULL,'LA VERDAD 1010',NULL,NULL,NULL,NULL,0.00,0,NULL,'{\"full_name\":null,\"phone\":null}',NULL,0.00,1,NULL,NULL,NULL,'2022-05-30 18:07:20','2022-05-30 18:07:20',1,0,NULL,0,NULL,NULL,0,'01',0.00),(70,'customers','1','72936018','SANCHEZ COSSIO, YAN ALBERTH',NULL,NULL,NULL,'PE',NULL,'01','0102','010201',NULL,'JR. LIBERTAD 735',NULL,NULL,NULL,NULL,0.00,0,NULL,'{\"full_name\":null,\"phone\":null}',NULL,0.00,1,NULL,NULL,NULL,'2022-05-30 18:21:00','2022-05-30 18:21:00',1,0,NULL,0,NULL,NULL,0,'01',0.00),(71,'customers','1','33597721','SANCHEZ CHANDORA, CARLOS',NULL,NULL,NULL,'PE',NULL,'01','0102','010205',NULL,'AV PRINCIPAL S/N C.P.CHIRIACO',NULL,NULL,NULL,NULL,0.00,0,NULL,'{\"full_name\":null,\"phone\":null}',NULL,0.00,1,NULL,NULL,NULL,'2022-06-01 10:02:12','2022-06-01 10:02:12',1,0,NULL,0,NULL,NULL,0,'01',0.00),(72,'customers','1','45564163','COLLAZOS IPANAQUE, WINDER',NULL,NULL,NULL,'PE',NULL,'01','0102','010201',NULL,'PJ. TUPAC AMARU 359-BAGUA',NULL,NULL,NULL,NULL,0.00,0,NULL,'{\"full_name\":null,\"phone\":null}',NULL,0.00,1,NULL,NULL,NULL,'2022-06-01 10:27:18','2022-06-01 10:27:18',1,0,NULL,0,NULL,NULL,0,'01',0.00),(73,'customers','1','72780341','CHINININ BAZAN, AARÓN ANTHONY',NULL,NULL,NULL,'PE',NULL,'01','0102','010201',NULL,'JR. HUANDOY 938 CENT. BAGUA',NULL,NULL,NULL,NULL,0.00,0,NULL,'{\"full_name\":null,\"phone\":null}',NULL,0.00,1,NULL,NULL,NULL,'2022-06-01 13:09:42','2022-06-01 13:09:42',1,0,NULL,0,NULL,NULL,0,'01',0.00),(74,'customers','1','33591173','MONTENEGRO TORRES, NILA SOFIA',NULL,NULL,NULL,'PE',NULL,'01','0102','010201',NULL,'JR. MIRAFLORES 500',NULL,NULL,NULL,NULL,0.00,0,NULL,'{\"full_name\":null,\"phone\":null}',NULL,0.00,1,NULL,NULL,NULL,'2022-06-02 17:31:14','2022-06-02 17:31:14',1,0,NULL,0,NULL,NULL,0,'01',0.00),(75,'customers','6','20605432922','CENTRO ODONTOLOGICO KRISTELL DENT E.I.R.L. - CLINICA KRISTELL DENT E.I.R.L.',NULL,NULL,NULL,'PE',NULL,'01','0102','010201',NULL,'JR. COMERCIO NRO. 367','HABIDO','ACTIVO',NULL,NULL,0.00,0,NULL,'{\"full_name\":null,\"phone\":null}',NULL,0.00,1,NULL,NULL,NULL,'2022-06-09 11:19:40','2022-06-09 11:19:40',1,0,NULL,0,NULL,NULL,0,'01',0.00),(76,'customers','6','20511268401','PROGRAMA NACIONAL DE APOYO DIRECTO A LOS MAS POBRES \"JUNTOS\"',NULL,NULL,NULL,'PE',NULL,'15','1501','150122',NULL,'CAL. SCHELL NRO. 310','HABIDO','ACTIVO',NULL,NULL,0.00,0,NULL,'{\"full_name\":null,\"phone\":null}',NULL,0.00,1,NULL,NULL,NULL,'2022-06-09 15:58:51','2022-06-09 15:58:51',1,0,NULL,0,NULL,NULL,0,'01',0.00),(77,'customers','6','20477401776','NK INGENIEROS E.I.R.L.',NULL,NULL,NULL,'PE',NULL,'01','0102','010201',NULL,'JR. 8 DE OCTUBRE NRO. 100','HABIDO','ACTIVO',NULL,NULL,0.00,0,NULL,'{\"full_name\":null,\"phone\":null}',NULL,0.00,1,NULL,NULL,NULL,'2022-06-09 17:35:10','2022-06-09 17:35:10',1,0,NULL,0,NULL,NULL,0,'01',0.00),(78,'customers','0','99999999541615','IE 17805 VILLA HERMOSA',NULL,NULL,NULL,'PE',NULL,NULL,NULL,NULL,NULL,NULL,NULL,NULL,NULL,NULL,0.00,0,NULL,'{\"full_name\":null,\"phone\":null}',NULL,0.00,1,NULL,NULL,NULL,'2022-06-09 18:03:59','2022-06-09 18:03:59',1,0,NULL,0,NULL,NULL,0,'01',0.00),(79,'customers','0','99999999789732','I,E, N. 17294 JOSE CRUZ FLORES GUERRERO',NULL,NULL,NULL,'PE',NULL,NULL,NULL,NULL,NULL,NULL,NULL,NULL,NULL,NULL,0.00,0,NULL,'{\"full_name\":null,\"phone\":null}',NULL,0.00,1,NULL,NULL,NULL,'2022-06-13 17:16:53','2022-06-13 17:16:53',1,0,NULL,0,NULL,NULL,0,'01',0.00),(80,'customers','0','999999995431','I.E. DIVINO MAESTRO_EL PARCO',NULL,NULL,NULL,'PE',NULL,NULL,NULL,NULL,NULL,NULL,NULL,NULL,NULL,NULL,0.00,0,NULL,'{\"full_name\":null,\"phone\":null}',NULL,0.00,1,NULL,NULL,NULL,'2022-06-13 17:39:22','2022-06-13 17:39:22',1,0,NULL,0,NULL,NULL,0,'01',0.00),(81,'customers','6','20606316977','FERNANDEZ CONSULTORES SG & ASOCIADOS EIRL',NULL,NULL,NULL,'PE',NULL,'01','0102','010201',NULL,'JR. 29 DE AGOSTO NRO. 423','HABIDO','ACTIVO',NULL,NULL,0.00,0,NULL,'{\"full_name\":null,\"phone\":null}',NULL,0.00,1,NULL,NULL,NULL,'2022-06-13 17:40:31','2022-06-13 17:40:31',1,0,NULL,0,NULL,NULL,0,'01',0.00),(82,'customers','0','999999994534534','I.E. JOSE GALVEZ',NULL,NULL,NULL,'PE',NULL,NULL,NULL,NULL,NULL,NULL,NULL,NULL,NULL,NULL,0.00,0,NULL,'{\"full_name\":null,\"phone\":null}',NULL,0.00,1,NULL,NULL,NULL,'2022-06-15 12:43:57','2022-06-15 12:43:57',1,0,NULL,0,NULL,NULL,0,'01',0.00),(83,'customers','0','99999995463125','I,E,I,N, 279 VISTA ALEGRE',NULL,NULL,NULL,'PE',NULL,NULL,NULL,NULL,NULL,NULL,NULL,NULL,NULL,NULL,0.00,0,NULL,'{\"full_name\":null,\"phone\":null}',NULL,0.00,1,NULL,NULL,NULL,'2022-06-18 10:33:55','2022-06-18 10:33:55',1,0,NULL,0,NULL,NULL,0,'01',0.00),(84,'customers','0','999999993649896','I.E.N 17297 CHUNGUINA BAJA',NULL,NULL,NULL,'PE',NULL,NULL,NULL,NULL,NULL,NULL,NULL,NULL,NULL,NULL,0.00,0,NULL,'{\"full_name\":null,\"phone\":null}',NULL,0.00,1,NULL,NULL,NULL,'2022-06-20 18:09:24','2022-06-20 18:09:24',1,0,NULL,0,NULL,NULL,0,'01',0.00),(85,'customers','6','20606625821','SERVICIO EN INGENIERIA, LOGISTICA, ECOLOGIA Y CONSTRUCCION SOCIEDAD ANONIMA CERRADA',NULL,NULL,NULL,'PE',NULL,'15','1501','150140',NULL,'AV. LOS VICUS NRO. 170 URB. LA CAPULLANA DPTO. 102','HABIDO','ACTIVO',NULL,NULL,0.00,0,NULL,'{\"full_name\":null,\"phone\":null}',NULL,0.00,1,NULL,NULL,NULL,'2022-06-21 08:44:51','2022-06-21 08:44:51',1,0,NULL,0,NULL,NULL,0,'01',0.00),(86,'customers','1','45436390','INOÑAN LOPEZ, HEISER',NULL,NULL,NULL,'PE',NULL,'01','0102','010201',NULL,'JR.MIRAFLORES 700',NULL,NULL,NULL,NULL,0.00,0,NULL,'{\"full_name\":null,\"phone\":null}',NULL,0.00,1,NULL,NULL,NULL,'2022-06-25 09:54:04','2022-06-25 09:54:04',1,0,NULL,0,NULL,NULL,0,'01',0.00),(87,'customers','6','20604769052','PROYECTOS E INVERSIONES SAN MIGUEL S.A.C',NULL,NULL,NULL,'PE',NULL,'15','1501','150136',NULL,'CAL. MARIA ESCOBAR NRO. 249 URB. PANDO 2DA ET.','HABIDO','ACTIVO',NULL,NULL,0.00,0,NULL,'{\"full_name\":null,\"phone\":null}',NULL,0.00,1,NULL,NULL,NULL,'2022-06-25 10:00:46','2022-06-25 10:00:46',1,0,NULL,0,NULL,NULL,0,'01',0.00),(88,'customers','0','99999999244','I.E. DIVINO MAESTRO _ EL PARCO',NULL,NULL,NULL,'PE',NULL,NULL,NULL,NULL,NULL,NULL,NULL,NULL,NULL,NULL,0.00,0,NULL,'{\"full_name\":null,\"phone\":null}',NULL,0.00,1,NULL,NULL,NULL,'2022-06-30 17:23:42','2022-06-30 17:23:42',1,0,NULL,0,NULL,NULL,0,'01',0.00),(89,'customers','6','20603752342','FUENTE DIVINA E.I.R.L.',NULL,NULL,NULL,'PE',NULL,'01','0102','010201',NULL,'JR. AMAZONAS NRO. 870','HABIDO','ACTIVO',NULL,NULL,0.00,0,NULL,'{\"full_name\":null,\"phone\":null}',NULL,0.00,1,NULL,NULL,NULL,'2022-07-01 07:55:49','2022-07-01 07:55:49',1,0,NULL,0,NULL,NULL,0,'01',0.00),(90,'customers','0','999999993415','I.E.P.N. 16993 CHEPEN _ LA PECA',NULL,NULL,NULL,'PE',NULL,NULL,NULL,NULL,NULL,NULL,NULL,NULL,NULL,NULL,0.00,0,NULL,'{\"full_name\":null,\"phone\":null}',NULL,0.00,1,NULL,NULL,NULL,'2022-07-01 17:46:33','2022-07-01 17:46:33',1,0,NULL,0,NULL,NULL,0,'01',0.00),(91,'customers','0','9999999948643545','IE 17187 EL CLAVEL ARAMANGO','IE 17187',NULL,NULL,'PE',NULL,NULL,NULL,NULL,NULL,NULL,NULL,NULL,NULL,NULL,0.00,0,NULL,'{\"full_name\":null,\"phone\":null}',NULL,0.00,1,NULL,NULL,NULL,'2022-07-04 18:28:14','2022-07-04 18:28:14',1,0,NULL,0,NULL,NULL,0,'01',0.00),(92,'customers','1','41968189','RODRIGUEZ RODAS, ALEJANDRO',NULL,NULL,NULL,'PE',NULL,'01','0102','010201',NULL,'JR. V.R. HAYA DE LA TORRE S/N SECTOR LA PRIMAVERA',NULL,NULL,NULL,NULL,0.00,0,NULL,'{\"full_name\":null,\"phone\":null}',NULL,0.00,1,NULL,NULL,NULL,'2022-07-05 17:42:35','2022-07-05 17:42:35',1,0,NULL,0,NULL,NULL,0,'01',0.00),(93,'customers','6','20479569861','GOBIERNO REGIONAL AMAZONAS',NULL,NULL,NULL,'PE',NULL,'01','0101','010101',NULL,'JR. ORTIZ ARRIETA NRO. 1250','HABIDO','ACTIVO',NULL,NULL,0.00,0,NULL,'{\"full_name\":null,\"phone\":null}',NULL,0.00,1,NULL,NULL,NULL,'2022-07-07 13:14:57','2022-07-07 13:14:57',1,0,NULL,0,NULL,NULL,0,'01',0.00),(94,'customers','1','33560392','REQUEJO MARQUINA, JOSE PONCIANO',NULL,NULL,NULL,'PE',NULL,'01','0102','010201',NULL,'JR.MESONES MURO NRO.745',NULL,NULL,NULL,NULL,0.00,0,NULL,'{\"full_name\":null,\"phone\":null}',NULL,0.00,1,NULL,NULL,NULL,'2022-07-08 18:16:03','2022-07-08 18:16:03',1,0,NULL,0,NULL,NULL,0,'01',0.00),(95,'customers','0','999999991346','I.E.N. 16273 EL PARCO',NULL,NULL,NULL,'PE',NULL,NULL,NULL,NULL,NULL,NULL,NULL,NULL,NULL,NULL,0.00,0,NULL,'{\"full_name\":null,\"phone\":null}',NULL,0.00,1,NULL,NULL,NULL,'2022-07-11 11:42:26','2022-07-11 11:42:26',1,0,NULL,0,NULL,NULL,0,'01',0.00),(96,'customers','0','9999999913856','I.E.N.I 16194',NULL,NULL,NULL,'PE',NULL,NULL,NULL,NULL,NULL,NULL,NULL,NULL,NULL,NULL,0.00,0,NULL,'{\"full_name\":null,\"phone\":null}',NULL,0.00,1,NULL,NULL,NULL,'2022-07-11 11:51:23','2022-07-11 11:51:23',1,0,NULL,0,NULL,NULL,0,'01',0.00),(97,'customers','6','20514231355','MP REDES INTEGRALES SOCIEDAD ANONIMA CERRADA - MP REDES INTEGRALES S.A.C.',NULL,NULL,NULL,'PE',NULL,'15','1501','150108',NULL,'PJ. 2 MZ. N LT. 10 A.H. SAN JUAN DE LA LIBERTAD','HABIDO','ACTIVO',NULL,NULL,0.00,0,NULL,'{\"full_name\":null,\"phone\":null}',NULL,0.00,1,NULL,NULL,NULL,'2022-07-12 10:51:46','2022-07-12 10:51:46',1,0,NULL,0,NULL,NULL,0,'01',0.00),(98,'customers','1','40622821','MALCA QUIROZ, FRANKLIN',NULL,NULL,NULL,'PE',NULL,'01','0102','010206',NULL,'JR.LIBERTAD NRO.230',NULL,NULL,NULL,NULL,0.00,0,NULL,'{\"full_name\":null,\"phone\":null}',NULL,0.00,1,NULL,NULL,NULL,'2022-07-12 14:11:50','2022-07-12 14:11:50',1,0,NULL,0,NULL,NULL,0,'01',0.00),(99,'customers','0','99999999354652','COMITE DE ELECTRIFICACION NUEVO BAGUA',NULL,NULL,NULL,'PE',NULL,NULL,NULL,NULL,NULL,NULL,NULL,NULL,NULL,NULL,0.00,0,NULL,'{\"full_name\":null,\"phone\":null}',NULL,0.00,1,NULL,NULL,NULL,'2022-07-13 11:23:01','2022-07-13 11:23:01',1,0,NULL,0,NULL,NULL,0,'01',0.00),(100,'customers','0','99999999123','Clientes - Varios',NULL,NULL,NULL,'PE',NULL,NULL,NULL,NULL,NULL,NULL,NULL,NULL,NULL,NULL,0.00,0,NULL,'{\"full_name\":null,\"phone\":null}',NULL,0.00,1,NULL,NULL,NULL,'2022-07-13 17:43:54','2022-07-13 17:43:54',1,0,NULL,0,NULL,NULL,0,'01',0.00),(101,'customers','0','9999999949563','I.E.N 17279 ARRAYAN',NULL,NULL,NULL,'PE',NULL,NULL,NULL,NULL,NULL,NULL,NULL,NULL,NULL,NULL,0.00,0,NULL,'{\"full_name\":null,\"phone\":null}',NULL,0.00,1,NULL,NULL,NULL,'2022-07-13 17:44:37','2022-07-13 17:44:37',1,0,NULL,0,NULL,NULL,0,'01',0.00),(102,'customers','0','999999993','I.E.N. 16752',NULL,NULL,NULL,'PE',NULL,NULL,NULL,NULL,NULL,NULL,NULL,NULL,NULL,NULL,0.00,0,NULL,'{\"full_name\":null,\"phone\":null}',NULL,0.00,1,NULL,NULL,NULL,'2022-07-13 19:00:03','2022-07-13 19:00:03',1,0,NULL,0,NULL,NULL,0,'01',0.00),(103,'customers','1','33588566','PORTAL MORALES, MANUEL',NULL,NULL,NULL,'PE',NULL,'01','0102','010201',NULL,'PSJ. TUPAC AMARU 103',NULL,NULL,NULL,NULL,0.00,0,NULL,'{\"full_name\":null,\"phone\":null}',NULL,0.00,1,NULL,NULL,NULL,'2022-07-14 08:41:06','2022-07-14 08:41:06',1,0,NULL,0,NULL,NULL,0,'01',0.00),(104,'customers','1','44875304','TORRES ALFARO, MILTON SANTIAGO',NULL,NULL,NULL,'PE',NULL,'01','0102','010201',NULL,'JR.TACNA 270',NULL,NULL,NULL,NULL,0.00,0,NULL,'{\"full_name\":null,\"phone\":null}',NULL,0.00,1,NULL,NULL,NULL,'2022-07-14 14:26:59','2022-07-14 14:26:59',1,0,NULL,0,NULL,NULL,0,'01',0.00),(105,'customers','6','20608433725','CONSORCIO SIC',NULL,NULL,NULL,'PE',NULL,'06','0608','060801',NULL,'CAL. LOS ROSALES NRO. 690 A.H. EL DORADO','HABIDO','ACTIVO',NULL,NULL,0.00,0,NULL,'{\"full_name\":null,\"phone\":null}',NULL,0.00,1,NULL,NULL,NULL,'2022-07-14 17:14:55','2022-07-14 17:14:55',1,0,NULL,0,NULL,NULL,0,'01',0.00),(106,'customers','6','20487551270','GEOTECNIA DEL PERÚ SOCIEDAD ANÓNIMA CERRADA',NULL,NULL,NULL,'PE',NULL,'01','0102','010201',NULL,'JR. SAN PEDRO NRO. 511','HABIDO','ACTIVO',NULL,NULL,0.00,0,NULL,'{\"full_name\":null,\"phone\":null}',NULL,0.00,1,NULL,NULL,NULL,'2022-07-16 09:57:53','2022-07-16 09:57:53',1,0,NULL,0,NULL,NULL,0,'01',0.00),(107,'customers','6','20487913791','TECHQUK S.A.C.',NULL,NULL,NULL,'PE',NULL,'14','1401','140101',NULL,'CAL. MANUEL MARIA IZAGA NRO. 556 INT. 302 CERCADO DE CHICLAYO','HABIDO','ACTIVO',NULL,NULL,0.00,0,NULL,'{\"full_name\":null,\"phone\":null}',NULL,0.00,1,NULL,NULL,NULL,'2022-07-20 15:19:16','2022-07-20 15:19:16',1,0,NULL,0,NULL,NULL,0,'01',0.00),(108,'customers','6','20600504500','CONSTRUCTORA & ESTUDIO INARCONST S.A.C.',NULL,NULL,NULL,'PE',NULL,'01','0103','010301',NULL,'JR. 26 DE DICIEMBRE NRO. 418','HABIDO','ACTIVO',NULL,NULL,0.00,0,NULL,'{\"full_name\":null,\"phone\":null}',NULL,0.00,1,NULL,NULL,NULL,'2022-07-21 17:44:34','2022-07-21 17:44:34',1,0,NULL,0,NULL,NULL,0,'01',0.00),(109,'customers','0','99999999321','I.E.N. 17 296 CHUNGUINA ALTA',NULL,NULL,NULL,'PE',NULL,NULL,NULL,NULL,NULL,NULL,NULL,NULL,NULL,NULL,0.00,0,NULL,'{\"full_name\":null,\"phone\":null}',NULL,0.00,1,NULL,NULL,NULL,'2022-07-21 18:33:28','2022-07-21 18:33:28',1,0,NULL,0,NULL,NULL,0,'01',0.00),(110,'customers','6','20608706276','CONSORCIO INCON',NULL,NULL,NULL,'PE',NULL,'01','0102','010201',NULL,'JR. LAMBAYEQUE NRO. 236','HABIDO','ACTIVO',NULL,NULL,0.00,0,NULL,'{\"full_name\":null,\"phone\":null}',NULL,0.00,1,NULL,NULL,NULL,'2022-07-21 19:53:11','2022-07-21 19:53:11',1,0,NULL,0,NULL,NULL,0,'01',0.00),(111,'customers','1','72210229','LEON MONTENEGRO, AIDA MILAGRITOS',NULL,NULL,NULL,'PE',NULL,'14','1401','140101',NULL,'URB LOS JARDINES DE SANTA ROSA MZ. I LT. 5',NULL,NULL,NULL,NULL,0.00,0,NULL,'{\"full_name\":null,\"phone\":null}',NULL,0.00,1,NULL,NULL,NULL,'2022-07-22 11:34:04','2022-07-22 11:34:04',1,0,NULL,0,NULL,NULL,0,'01',0.00),(112,'customers','1','40469927','TELLO SANTA CRUZ, BACKNER',NULL,NULL,NULL,'PE',NULL,'01','0102','010201',NULL,'JR.SARGENTO LORES NRO.412',NULL,NULL,NULL,NULL,0.00,0,NULL,'{\"full_name\":null,\"phone\":null}',NULL,0.00,1,NULL,NULL,NULL,'2022-07-23 12:54:54','2022-07-23 12:54:54',1,0,NULL,0,NULL,NULL,0,'01',0.00),(113,'customers','6','20288585408','COMUNIDAD CAMPESINA DE LA PECA',NULL,NULL,NULL,'PE',NULL,'01','0102','010206',NULL,'PLAZA DE ARMAS NRO. 171','HABIDO','ACTIVO',NULL,NULL,0.00,0,NULL,'{\"full_name\":null,\"phone\":null}',NULL,0.00,1,NULL,NULL,NULL,'2022-07-25 17:13:26','2022-07-25 17:13:26',1,0,NULL,0,NULL,NULL,0,'01',0.00),(114,'customers','0','9999999935334','I.E.N. 16 205 NUMPARKE ARAMANGO',NULL,NULL,NULL,'PE',NULL,NULL,NULL,NULL,NULL,NULL,NULL,NULL,NULL,NULL,0.00,0,NULL,'{\"full_name\":null,\"phone\":null}',NULL,0.00,1,NULL,NULL,NULL,'2022-07-25 18:35:17','2022-07-25 18:35:17',1,0,NULL,0,NULL,NULL,0,'01',0.00),(115,'customers','0','99999999234336','EMAPAB SA',NULL,NULL,NULL,'PE',NULL,NULL,NULL,NULL,NULL,NULL,NULL,NULL,NULL,NULL,0.00,0,NULL,'{\"full_name\":null,\"phone\":null}',NULL,0.00,1,NULL,NULL,NULL,'2022-07-25 19:29:40','2022-07-25 19:29:40',1,0,NULL,0,NULL,NULL,0,'01',0.00),(116,'customers','1','27723099','CHAVEZ BAZAN, GEORGINA HEBE',NULL,NULL,NULL,'PE',NULL,'01','0102','010201',NULL,'JR. VALCARCEL 06',NULL,NULL,NULL,NULL,0.00,0,NULL,'{\"full_name\":null,\"phone\":null}',NULL,0.00,1,NULL,NULL,NULL,'2022-08-01 17:16:57','2022-08-01 17:16:57',1,0,NULL,0,NULL,NULL,0,'01',0.00),(117,'customers','6','20538633021','ASOCIACION  IGLESIA ADVENTISTA DEL SEPTIMO DIA PERUANA  DEL NORTE',NULL,NULL,NULL,'PE',NULL,'15','1501','150107',NULL,'CAL. LOS ALAMOS NRO. 301 URB. LOS HALCONES','HABIDO','ACTIVO',NULL,NULL,0.00,0,NULL,'{\"full_name\":null,\"phone\":null}',NULL,0.00,1,NULL,NULL,NULL,'2022-08-02 09:04:32','2022-08-02 09:04:32',1,0,NULL,0,NULL,NULL,0,'01',0.00),(118,'customers','1','33563956','ALVAREZ RAMIREZ, GRIMALDO',NULL,NULL,NULL,'PE',NULL,'01','0102','010201',NULL,'AV.PRINCIPAL 1301',NULL,NULL,NULL,NULL,0.00,0,NULL,'{\"full_name\":null,\"phone\":null}',NULL,0.00,1,NULL,NULL,NULL,'2022-08-03 18:37:02','2022-08-03 18:37:02',1,0,NULL,0,NULL,NULL,0,'01',0.00),(119,'customers','6','10104040492','REGALADO ROQUE WILDER',NULL,NULL,NULL,'PE',NULL,'01','0102','010201',NULL,'JR. CAJAMARCA NRO. 930 SEC. CRUZ DE MOTUPE','HABIDO','ACTIVO',NULL,NULL,0.00,0,NULL,'{\"full_name\":null,\"phone\":null}',NULL,0.00,1,NULL,NULL,NULL,'2022-08-04 15:48:31','2022-08-04 15:48:31',1,0,NULL,0,NULL,NULL,0,'01',0.00),(120,'customers','1','47127893','ALAYA CASTREJON, JESUS',NULL,NULL,NULL,'PE',NULL,'01','0102','010204',NULL,'AV.TUPAC AMARU 785',NULL,NULL,NULL,NULL,0.00,0,NULL,'{\"full_name\":null,\"phone\":null}',NULL,0.00,1,NULL,NULL,NULL,'2022-08-09 10:54:34','2022-08-09 10:54:34',1,0,NULL,0,NULL,NULL,0,'01',0.00),(121,'customers','1','76154742','CHINCHAY HUAMAN, ELSER',NULL,NULL,NULL,'PE',NULL,'01','0102','010201',NULL,'JR. ITALIA 330 SECTOR SAN JUAN',NULL,NULL,NULL,NULL,0.00,0,NULL,'{\"full_name\":null,\"phone\":null}',NULL,0.00,1,NULL,NULL,NULL,'2022-08-10 10:14:41','2022-08-10 10:14:41',1,0,NULL,0,NULL,NULL,0,'01',0.00),(122,'customers','0','99999999463','I.E.P.N. 17032 TABACALERA EL VALOR',NULL,NULL,NULL,'PE',NULL,NULL,NULL,NULL,NULL,NULL,NULL,NULL,NULL,NULL,0.00,0,NULL,'{\"full_name\":null,\"phone\":null}',NULL,0.00,1,NULL,NULL,NULL,'2022-08-11 18:04:22','2022-08-11 18:04:22',1,0,NULL,0,NULL,NULL,0,'01',0.00),(123,'customers','6','20105087978','EMPRESA MUNICIPAL DE AGUA POTABLE Y ALCANTARILLADO DE BAGUA S.A.',NULL,NULL,NULL,'PE',NULL,'01','0102','010201',NULL,'JR. SAN PEDRO NRO. 297','HABIDO','ACTIVO',NULL,NULL,0.00,0,NULL,'{\"full_name\":null,\"phone\":null}',NULL,0.00,1,NULL,NULL,NULL,'2022-08-18 08:58:39','2022-08-18 08:58:39',1,0,NULL,0,NULL,NULL,0,'01',0.00),(124,'customers','6','20561145564','CONSULTORA Y CONSTRUCTORA NOR ORIENTAL DEL MARAÑON SOCIEDAD COMERCIAL DE RESPONSABILIDAD LIMITADA',NULL,NULL,NULL,'PE',NULL,'01','0102','010201',NULL,'JR. 29 DE AGOSTO CENTRO DE NRO. S/N','HABIDO','ACTIVO',NULL,NULL,0.00,0,NULL,'{\"full_name\":null,\"phone\":null}',NULL,0.00,1,NULL,NULL,NULL,'2022-08-20 14:00:22','2022-08-20 14:00:22',1,0,NULL,0,NULL,NULL,0,'01',0.00),(125,'customers','6','20606582839','CORPORACION & SERVICIOS FUNERARIOS CASTRO E.I.R.L.',NULL,NULL,NULL,'PE',NULL,'01','0102','010201',NULL,'AV. HEROES DEL CENEPA NRO. 743','HABIDO','ACTIVO',NULL,NULL,0.00,0,NULL,'{\"full_name\":null,\"phone\":null}',NULL,0.00,1,NULL,NULL,NULL,'2022-08-24 10:40:06','2022-08-24 10:40:06',1,0,NULL,0,NULL,NULL,0,'01',0.00),(126,'customers','1','46921676','PIEDRA AGUILAR, MARCO ELISEO',NULL,NULL,NULL,'PE',NULL,'01','0102','010201',NULL,'JR. 29 DE AGOSTO 131',NULL,NULL,NULL,NULL,0.00,0,NULL,'{\"full_name\":null,\"phone\":null}',NULL,0.00,1,NULL,NULL,NULL,'2022-08-30 13:51:12','2022-08-30 13:51:12',1,0,NULL,0,NULL,NULL,0,'01',0.00),(127,'customers','1','42643285','GARCIA CHENTA, JOSE HECTOR',NULL,NULL,NULL,'PE',NULL,'06','0606','060603',NULL,'CASERIO LA UNION',NULL,NULL,NULL,NULL,0.00,0,NULL,'{\"full_name\":null,\"phone\":null}',NULL,0.00,1,NULL,NULL,NULL,'2022-08-30 18:30:36','2022-08-30 18:30:36',1,0,NULL,0,NULL,NULL,0,'01',0.00),(128,'customers','0','99999999324231345','I.E.N. 16193','I.E.N. 16193',NULL,NULL,'PE',NULL,NULL,NULL,NULL,NULL,NULL,NULL,NULL,NULL,NULL,0.00,0,NULL,'{\"full_name\":null,\"phone\":null}',NULL,0.00,1,NULL,NULL,NULL,'2022-08-30 18:34:31','2022-08-30 18:34:31',1,0,NULL,0,NULL,NULL,0,'01',0.00),(129,'customers','1','44755104','VEGA FERNANDEZ, VICTOR HUGO',NULL,NULL,NULL,'PE',NULL,'01','0102','010201',NULL,'PJ MAGISTERIAL 0115 CENT BAGUA',NULL,NULL,NULL,NULL,0.00,0,NULL,'{\"full_name\":null,\"phone\":null}',NULL,0.00,1,NULL,NULL,NULL,'2022-08-31 11:55:24','2022-08-31 11:55:24',1,0,NULL,0,NULL,NULL,0,'01',0.00),(130,'customers','6','20531341571','NAZCASA CONTRATISTAS & SERVICIOS GENERALES S.R.L.',NULL,NULL,NULL,'PE',NULL,'22','2209','220901',NULL,'JR. BOLOGNESI NRO. 133 INT. 201 SEC. BARRIO SUCHICHE','HABIDO','ACTIVO',NULL,NULL,0.00,0,NULL,'{\"full_name\":null,\"phone\":null}',NULL,0.00,1,NULL,NULL,NULL,'2022-09-01 17:43:11','2022-09-01 17:43:11',1,0,NULL,0,NULL,NULL,0,'01',0.00),(131,'customers','0','99999999413453','comision de usuarios limonyacucondavid',NULL,NULL,NULL,'PE',NULL,NULL,NULL,NULL,NULL,NULL,NULL,NULL,NULL,NULL,0.00,0,NULL,'{\"full_name\":null,\"phone\":null}',NULL,0.00,1,NULL,NULL,NULL,'2022-09-01 19:27:29','2022-09-01 19:27:29',1,0,NULL,0,NULL,NULL,0,'01',0.00),(132,'customers','6','20600025725','JAMEKA SOCIEDAD ANONIMA CERRADA',NULL,NULL,NULL,'PE',NULL,'01','0106','010601',NULL,'AV. ALONSO DE ALVARADO NRO. S/N','HABIDO','ACTIVO',NULL,NULL,0.00,0,NULL,'{\"full_name\":null,\"phone\":null}',NULL,0.00,1,NULL,NULL,NULL,'2022-09-05 09:39:44','2022-09-05 09:39:44',1,0,NULL,0,NULL,NULL,0,'01',0.00),(133,'customers','6','10335670545','MONTENEGRO DELGADO ITALO',NULL,NULL,NULL,'PE',NULL,'01','0102','010201',NULL,'JR. SAN PEDRO NRO. 465','HABIDO','ACTIVO',NULL,NULL,0.00,0,NULL,'{\"full_name\":null,\"phone\":null}',NULL,0.00,1,NULL,NULL,NULL,'2022-09-05 10:37:50','2022-09-05 10:37:50',1,0,NULL,0,NULL,NULL,0,'01',0.00),(134,'customers','6','10410336249','JARAMILLO GONZALES SEGUNDO WILIAM',NULL,NULL,NULL,'PE',NULL,'01','0102','010201',NULL,'AV. CIRCUNVALACIÓN NRO. 1131 SECTOR 06','HABIDO','ACTIVO',NULL,NULL,0.00,0,NULL,'{\"full_name\":null,\"phone\":null}',NULL,0.00,1,NULL,NULL,NULL,'2022-09-05 17:05:28','2022-09-05 17:05:28',1,0,NULL,0,NULL,NULL,0,'01',0.00),(135,'customers','6','10102847429','ARIAS MANTERO LINA BEATRIZ',NULL,NULL,NULL,'PE',NULL,'01','0102','010201',NULL,'JR. JR. COMERCIO NRO. 383','HABIDO','ACTIVO',NULL,NULL,0.00,0,NULL,'{\"full_name\":null,\"phone\":null}',NULL,0.00,1,NULL,NULL,NULL,'2022-09-10 10:58:29','2022-09-10 10:58:29',1,0,NULL,0,NULL,NULL,0,'01',0.00),(136,'customers','6','20561239542','CONSTRUCCIONES RAYED SOCIEDAD COMERCIAL DE RESPONSABILIDAD LIMITADA',NULL,NULL,NULL,'PE',NULL,'01','0102','010201',NULL,'JR. LAMBAYEQUE NRO. 236','HABIDO','ACTIVO',NULL,NULL,0.00,0,NULL,'{\"full_name\":null,\"phone\":null}',NULL,0.00,1,NULL,NULL,NULL,'2022-09-13 09:11:46','2022-09-13 09:11:46',1,0,NULL,0,NULL,NULL,0,'01',0.00),(137,'customers','6','20609635429','CONSORCIO VIAL MONTENEGRO',NULL,NULL,NULL,'PE',NULL,'01','0102','010201',NULL,'JR. LAMBAYEQUE NRO. 236','HABIDO','ACTIVO',NULL,NULL,0.00,0,NULL,'{\"full_name\":null,\"phone\":null}',NULL,0.00,1,NULL,NULL,NULL,'2022-09-13 09:12:48','2022-09-13 09:12:48',1,0,NULL,0,NULL,NULL,0,'01',0.00),(138,'customers','6','20543729907','ESCARCENA S.A.C',NULL,NULL,NULL,'PE',NULL,'15','1501','150103',NULL,'PJ. MANCO INCA NRO. 159 URB. SALAMANCA','HABIDO','ACTIVO',NULL,NULL,0.00,0,NULL,'{\"full_name\":null,\"phone\":null}',NULL,0.00,1,NULL,NULL,NULL,'2022-09-13 09:39:53','2022-09-13 09:39:53',1,0,NULL,0,NULL,NULL,0,'01',0.00),(139,'customers','6','20605801332','INSTITUTO DE CIENCIA Y TECNOLOGIA GLOBAL SOCIEDAD ANONIMA CERRADA - INCITEG S.A.C.',NULL,NULL,NULL,'PE',NULL,'01','0102','010201',NULL,'JR. SARGENTO LORES NRO. 523 INT. B','HABIDO','ACTIVO',NULL,NULL,0.00,0,NULL,'{\"full_name\":null,\"phone\":null}',NULL,0.00,1,NULL,NULL,NULL,'2022-09-14 19:00:40','2022-09-14 19:00:40',1,0,NULL,0,NULL,NULL,0,'01',0.00),(140,'customers','1','41559981','BENAVIDES MONTENEGRO, MARIA JOSEFINA',NULL,NULL,NULL,'PE',NULL,'01','0102','010201',NULL,'AV.HEROES DEL CENEPA 316 BAGUA',NULL,NULL,NULL,NULL,0.00,0,NULL,'{\"full_name\":null,\"phone\":null}',NULL,0.00,1,NULL,NULL,NULL,'2022-09-22 09:02:29','2022-09-22 09:02:29',1,0,NULL,0,NULL,NULL,0,'01',0.00),(141,'customers','1','20640684','CAMACHO DELGADO, FREDDY MANUEL',NULL,NULL,NULL,'PE',NULL,'01','0102','010201',NULL,'HEROES DEL CENEPA 1841 - 2DO PISO',NULL,NULL,NULL,NULL,0.00,0,NULL,'{\"full_name\":null,\"phone\":null}',NULL,0.00,1,NULL,NULL,NULL,'2022-09-22 09:14:28','2022-09-22 09:14:28',1,0,NULL,0,NULL,NULL,0,'01',0.00),(142,'customers','6','20602116671','\"INCOVA INGENIEROS\" E.I.R.L.',NULL,NULL,NULL,'PE',NULL,'01','0102','010201',NULL,'JR. 29 DE AGOSTO NRO. 950','HABIDO','ACTIVO',NULL,NULL,0.00,0,NULL,'{\"full_name\":null,\"phone\":null}',NULL,0.00,1,NULL,NULL,NULL,'2022-09-22 09:35:46','2022-09-22 09:35:46',1,0,NULL,0,NULL,NULL,0,'01',0.00),(143,'customers','6','20605015990','AMAZING INGENIEROS E.I.R.L.',NULL,NULL,NULL,'PE',NULL,'01','0102','010201',NULL,'JR. AREQUIPA NRO. 438 OTR. BAGUA','HABIDO','ACTIVO',NULL,NULL,0.00,0,NULL,'{\"full_name\":null,\"phone\":null}',NULL,0.00,1,NULL,NULL,NULL,'2022-09-24 09:40:48','2022-09-24 09:40:48',1,0,NULL,0,NULL,NULL,0,'01',0.00),(144,'customers','6','10700684992','CERNA RAMIREZ PIERRE EDSON',NULL,NULL,NULL,'PE',NULL,'01','0102','010201',NULL,'AV. CIRCUNVALACION NRO. 1687','HABIDO','ACTIVO',NULL,NULL,0.00,0,NULL,'{\"full_name\":null,\"phone\":null}',NULL,0.00,1,NULL,NULL,NULL,'2022-10-06 18:17:51','2022-10-06 18:17:51',1,0,NULL,0,NULL,NULL,0,'01',0.00),(145,'customers','1','46718968','PAUKAI DETEN, FIONA IPAK',NULL,NULL,NULL,'PE',NULL,'01','0104','010401',NULL,'BARRIO FRANCISCO RODRIGUEZ CONTRERAS',NULL,NULL,NULL,NULL,0.00,0,NULL,'{\"full_name\":null,\"phone\":null}',NULL,0.00,1,NULL,NULL,NULL,'2022-10-11 10:48:39','2022-10-11 10:48:39',1,0,NULL,0,NULL,NULL,0,'01',0.00),(146,'customers','6','20508386410','CORPORACION CAMARIS E.I.R.L.',NULL,NULL,NULL,'PE',NULL,'15','1501','150135',NULL,'MZ. A LT. 6 ASC. NUESTRA SEÑORA DE LA SOLE','HABIDO','ACTIVO',NULL,NULL,0.00,0,NULL,'{\"full_name\":null,\"phone\":null}',NULL,0.00,1,NULL,NULL,NULL,'2022-10-11 17:38:55','2022-10-11 17:38:55',1,0,NULL,0,NULL,NULL,0,'01',0.00),(147,'customers','6','20603107242','CORPORACIÓN INGENIO CONSTRUCTORES SOCIEDAD ANONIMA CERRADA - CORPORACIÓN INGENIO CONSTRUCTORES S.A.C',NULL,NULL,NULL,'PE',NULL,'06','0608','060801',NULL,'CAL. SAN MARTÍN NRO. 1603','HABIDO','ACTIVO',NULL,NULL,0.00,0,NULL,'{\"full_name\":null,\"phone\":null}',NULL,0.00,1,NULL,NULL,NULL,'2022-10-13 10:02:00','2022-10-13 10:02:00',1,0,NULL,0,NULL,NULL,0,'01',0.00),(148,'customers','6','20609838320','CONSORCIO ARAMANGO',NULL,NULL,NULL,'PE',NULL,'01','0102','010201',NULL,'PJ. LAS PALMERAS NRO. 370','HABIDO','ACTIVO',NULL,NULL,0.00,0,NULL,'{\"full_name\":null,\"phone\":null}',NULL,0.00,1,NULL,NULL,NULL,'2022-10-14 15:35:05','2022-10-14 15:35:05',1,0,NULL,0,NULL,NULL,0,'01',0.00),(149,'customers','1','33590321','LIZANA LOPEZ, DANIEL DARIO',NULL,NULL,NULL,'PE','PE','01','0102','010201',NULL,'AV. MANUEL SEOANE S/N SECTOR LA PRIMAVERA',NULL,NULL,NULL,NULL,0.00,0,NULL,'{\"full_name\":null,\"phone\":null}',NULL,0.00,1,NULL,NULL,NULL,'2022-10-15 18:38:20','2022-10-15 18:38:20',1,0,NULL,0,NULL,NULL,0,'01',0.00),(150,'customers','6','10407497347','REQUEJO ROJAS NILTON CESAR',NULL,NULL,NULL,'PE','PE','01','0102','010201',NULL,'JR. BARRANTES LINGAN NRO. SN SEC. LAS CASUARINAS','HABIDO','ACTIVO',NULL,NULL,0.00,0,NULL,'{\"full_name\":null,\"phone\":null}',NULL,0.00,1,NULL,NULL,NULL,'2022-10-17 09:20:05','2022-10-17 09:20:05',1,0,NULL,0,NULL,NULL,0,'01',0.00),(151,'customers','6','20176211734','COMUNIDAD CAMPESINA COPALLIN',NULL,NULL,NULL,'PE','PE','01','0102','010203',NULL,'AV. SAN MARTIN NRO. 400','HABIDO','ACTIVO',NULL,NULL,0.00,0,NULL,'{\"full_name\":null,\"phone\":null}',NULL,0.00,1,NULL,NULL,NULL,'2022-10-20 10:29:42','2022-10-20 10:29:42',1,0,NULL,0,NULL,NULL,0,'01',0.00),(152,'customers','0','999999990','PE 0542','PE 0542',NULL,NULL,'PE','PE',NULL,NULL,NULL,NULL,NULL,NULL,NULL,NULL,NULL,0.00,0,NULL,'{\"full_name\":null,\"phone\":null}',NULL,0.00,1,NULL,NULL,NULL,'2022-10-21 19:06:05','2022-10-21 19:06:05',1,0,NULL,0,NULL,NULL,0,'01',0.00),(153,'customers','1','33566095','MARTOS DIAZ, MARIA LEONOR',NULL,NULL,NULL,'PE','PE','01','0102','010201',NULL,'JR.MESONES MURO 745',NULL,NULL,NULL,NULL,0.00,0,NULL,'{\"full_name\":null,\"phone\":null}',NULL,0.00,1,NULL,NULL,NULL,'2022-10-25 15:52:31','2022-10-25 15:52:31',1,0,NULL,0,NULL,NULL,0,'01',0.00),(154,'customers','6','10335894711','GUERRERO ROJAS CRIZOSTOMO',NULL,NULL,NULL,'PE','PE','01','0102','010201',NULL,'JR. 28 DE JULIO NRO. 557','HABIDO','ACTIVO',NULL,NULL,0.00,0,NULL,'{\"full_name\":null,\"phone\":null}',NULL,0.00,1,NULL,NULL,NULL,'2022-10-25 16:40:39','2022-10-25 16:40:39',1,0,NULL,0,NULL,NULL,0,'01',0.00),(155,'customers','6','20199419570','INSTITUTO DE EDUCACION SUPERIOR TECNOLOGICO PUBLICO BAGUA',NULL,NULL,NULL,'PE','PE','01','0102','010201',NULL,'CAR. A COPALLIN NRO. S/N CAS. TOMAQUE','HABIDO','ACTIVO',NULL,NULL,0.00,0,NULL,'{\"full_name\":null,\"phone\":null}',NULL,0.00,1,NULL,NULL,NULL,'2022-10-26 09:26:14','2022-10-26 09:26:14',1,0,NULL,0,NULL,NULL,0,'01',0.00),(156,'customers','1','33566637','LOPEZ CAMPOS, SEGUNDO AGUSTIN',NULL,NULL,NULL,'PE','PE','01','0102','010201',NULL,'SECTOR LA PRIMAVERA',NULL,NULL,NULL,NULL,0.00,0,NULL,'{\"full_name\":null,\"phone\":null}',NULL,0.00,1,NULL,NULL,NULL,'2022-10-26 16:18:47','2022-10-26 16:18:47',1,0,NULL,0,NULL,NULL,0,'01',0.00),(157,'customers','6','20608900072','CONSORCIO EJECUTOR ARAMANGO 01',NULL,NULL,NULL,'PE','PE','22','2201','220101',NULL,'JR. 2 DE MAYO NRO. 588','HABIDO','ACTIVO',NULL,NULL,0.00,0,NULL,'{\"full_name\":null,\"phone\":null}',NULL,0.00,1,NULL,NULL,NULL,'2022-10-27 14:45:29','2022-10-27 14:45:29',1,0,NULL,0,NULL,NULL,0,'01',0.00),(158,'customers','6','20549503579','CLEAN PACIFIC S.A.C.',NULL,NULL,NULL,'PE','PE','07','0701','070101',NULL,'JR. FRANCISCO DE ZELA NRO. 265','HABIDO','ACTIVO',NULL,NULL,0.00,0,NULL,'{\"full_name\":null,\"phone\":null}',NULL,0.00,1,NULL,NULL,NULL,'2022-10-28 11:34:18','2022-10-28 11:34:18',1,0,NULL,0,NULL,NULL,0,'01',0.00),(159,'customers','6','20537613484','AYESA PERU SOCIEDAD ANONIMA CERRADA',NULL,NULL,NULL,'PE','PE','15','1501','150131',NULL,'AV. REPUBLICA DE PANAMA NRO. 3420 INT. 801 URB. LIMATAMBO','HABIDO','ACTIVO',NULL,NULL,0.00,0,NULL,'{\"full_name\":null,\"phone\":null}',NULL,0.00,1,NULL,NULL,NULL,'2022-10-28 20:00:19','2022-10-28 20:00:19',1,0,NULL,0,NULL,NULL,0,'01',0.00),(160,'customers','1','45422735','MOYA MENDOZA, OSCAR LENYN',NULL,NULL,NULL,'PE','PE','01','0102','010201',NULL,'SECTOR 18 DE ENERO',NULL,NULL,NULL,NULL,0.00,0,NULL,'{\"full_name\":null,\"phone\":null}',NULL,0.00,1,NULL,NULL,NULL,'2022-10-29 11:49:54','2022-10-29 11:49:54',1,0,NULL,0,NULL,NULL,0,'01',0.00),(161,'customers','6','10434689690','AYLAS CANCHO ROLINDO TOMAS',NULL,NULL,NULL,'PE','PE','01','0102','010201',NULL,'JR. JR. AREQUIPA 250 MZA. 1 DPTO. 1 LOTE. 250 SEC. BAGUA','HABIDO','ACTIVO',NULL,NULL,0.00,0,NULL,'{\"full_name\":null,\"phone\":null}',NULL,0.00,1,NULL,NULL,NULL,'2022-11-02 13:48:06','2022-11-02 13:48:06',1,0,NULL,0,NULL,NULL,0,'01',0.00),(162,'customers','0','9999999924545','I.E.N. 17032 TABACALERA EL VALOR',NULL,NULL,NULL,'PE','PE',NULL,NULL,NULL,NULL,NULL,NULL,NULL,NULL,NULL,0.00,0,NULL,'{\"full_name\":null,\"phone\":null}',NULL,0.00,1,NULL,NULL,NULL,'2022-11-02 17:21:00','2022-11-02 17:21:00',1,0,NULL,0,NULL,NULL,0,'01',0.00),(163,'customers','1','33564937','VIDAL INGA, ROSINA',NULL,NULL,NULL,'PE','PE','01','0102','010201',NULL,'JR.UTCUBAMBA 399',NULL,NULL,NULL,NULL,0.00,0,NULL,'{\"full_name\":null,\"phone\":null}',NULL,0.00,1,NULL,NULL,NULL,'2022-11-03 16:49:33','2022-11-03 16:49:33',1,0,NULL,0,NULL,NULL,0,'01',0.00),(164,'customers','6','20608326155','CONSORCIO FERDID@J',NULL,NULL,NULL,'PE','PE','06','0608','060801',NULL,'JR. ALFREDO BASTOS NRO. 1133 SEC. LAS PALMERAS','HABIDO','ACTIVO',NULL,NULL,0.00,0,NULL,'{\"full_name\":null,\"phone\":null}',NULL,0.00,1,NULL,NULL,NULL,'2022-11-03 19:28:16','2022-11-03 19:28:16',1,0,NULL,0,NULL,NULL,0,'01',0.00),(165,'customers','6','10430226024','MONSALVE ALEJANDRIA JUAN',NULL,NULL,NULL,'PE','PE','01','0102','010201',NULL,'JR. CERRO DE PASCO NRO. 655','HABIDO','ACTIVO',NULL,NULL,0.00,0,NULL,'{\"full_name\":null,\"phone\":null}',NULL,0.00,1,NULL,NULL,NULL,'2022-11-09 11:08:37','2022-11-09 11:08:37',1,0,NULL,0,NULL,NULL,0,'01',0.00),(166,'customers','6','20600067461','IRIS CONTRATISTAS GENERALES EMPRESA INDIVIDUAL DE RESPONSABILIDAD LIMITADA',NULL,NULL,NULL,'PE','PE','01','0101','010101',NULL,'AV. SALAMANCA NRO. 263 URB. CHACHAPOYAS','HABIDO','ACTIVO',NULL,NULL,0.00,0,NULL,'{\"full_name\":null,\"phone\":null}',NULL,0.00,1,NULL,NULL,NULL,'2022-11-10 18:24:33','2022-11-10 18:24:33',1,0,NULL,0,NULL,NULL,0,'01',0.00),(167,'customers','6','20539023919','MICALLA CONTRATISTAS GENERALES E.I.R.L.',NULL,NULL,NULL,'PE','PE','01','0102','010201',NULL,'JR. COMERCIO NRO. 1068','HABIDO','ACTIVO',NULL,NULL,0.00,0,NULL,'{\"full_name\":null,\"phone\":null}',NULL,0.00,1,NULL,NULL,NULL,'2022-11-11 07:34:00','2022-11-11 07:34:00',1,0,NULL,0,NULL,NULL,0,'01',0.00),(168,'customers','4','00000394','PE 394',NULL,NULL,NULL,'PE','PE',NULL,NULL,NULL,NULL,NULL,NULL,NULL,NULL,NULL,0.00,0,NULL,'{\"full_name\":null,\"phone\":null}',NULL,0.00,1,NULL,NULL,NULL,'2022-11-14 13:29:14','2022-11-14 13:29:14',1,0,NULL,0,NULL,NULL,0,'01',0.00),(169,'customers','1','27858724','NÚÑEZ QUEVEDO, IGNACIA ARACELI',NULL,NULL,NULL,'PE','PE','22','2209','220901',NULL,'JR. MARTINEZ DE COMPAGÑON 379',NULL,NULL,NULL,NULL,0.00,0,NULL,'{\"full_name\":null,\"phone\":null}',NULL,0.00,1,NULL,NULL,NULL,'2022-11-14 16:47:26','2022-11-14 16:47:26',1,0,NULL,0,NULL,NULL,0,'01',0.00),(170,'customers','0','99999999520103','P E 394',NULL,NULL,NULL,'PE','PE',NULL,NULL,NULL,NULL,NULL,NULL,NULL,NULL,NULL,0.00,0,NULL,'{\"full_name\":null,\"phone\":null}',NULL,0.00,1,NULL,NULL,NULL,'2022-11-23 10:26:15','2022-11-23 10:26:15',1,0,NULL,0,NULL,NULL,0,'01',0.00),(171,'customers','0','99999999203','COMITE VECINAL DEL SECTOR SAN JUAN-BAGUA',NULL,NULL,NULL,'PE','PE',NULL,NULL,NULL,NULL,NULL,NULL,NULL,NULL,NULL,0.00,0,NULL,'{\"full_name\":null,\"phone\":null}',NULL,0.00,1,NULL,NULL,NULL,'2022-11-26 11:42:42','2022-11-26 11:42:42',1,0,NULL,0,NULL,NULL,0,'01',0.00),(172,'customers','6','10455641638','COLLAZOS IPANAQUE WINDER',NULL,NULL,NULL,'PE','PE','01','0102','010201',NULL,'PJ. TUPAC AMARU NRO. 359','HABIDO','ACTIVO',NULL,NULL,0.00,0,NULL,'{\"full_name\":null,\"phone\":null}',NULL,0.00,1,NULL,NULL,NULL,'2022-12-01 18:39:06','2022-12-01 18:39:06',1,0,NULL,0,NULL,NULL,0,'01',0.00),(173,'customers','6','20602970052','ALL TELL E.I.R.L.',NULL,NULL,NULL,'PE','PE','04','0401','040103',NULL,'PJ. PIURA MZ. A LT. 1 ASOC ANDRES AVELINO CACER','HABIDO','ACTIVO',NULL,NULL,0.00,0,NULL,'{\"full_name\":null,\"phone\":null}',NULL,0.00,1,NULL,NULL,NULL,'2022-12-05 08:24:56','2022-12-05 08:24:56',1,0,NULL,0,NULL,NULL,0,'01',0.00),(174,'customers','6','20610036920','CONSORCIO TUPAC',NULL,NULL,NULL,'PE','PE','01','0102','010201',NULL,'CAL. LIBERTADORES NRO. C02','HABIDO','ACTIVO',NULL,NULL,0.00,0,NULL,'{\"full_name\":null,\"phone\":null}',NULL,0.00,1,NULL,NULL,NULL,'2022-12-06 18:07:21','2022-12-06 18:07:21',1,0,NULL,0,NULL,NULL,0,'01',0.00),(175,'customers','6','20380419247','PROVIAS DESCENTRALIZADO',NULL,NULL,NULL,'PE','PE','15','1501','150101',NULL,'JR. CAMANA NRO. 678','HABIDO','ACTIVO',NULL,NULL,0.00,0,NULL,'{\"full_name\":null,\"phone\":null}',NULL,0.00,1,NULL,NULL,NULL,'2022-12-13 12:33:16','2022-12-13 12:33:16',1,0,NULL,0,NULL,NULL,0,'01',0.00),(176,'customers','6','20392293311','DIRECCION REGIONAL AGRARIA AMAZONAS',NULL,NULL,NULL,'PE','PE','01','0101','010101',NULL,'JR. JR ORTIZ ARRIETA NRO. 1250','HABIDO','ACTIVO',NULL,NULL,0.00,0,NULL,'{\"full_name\":null,\"phone\":null}',NULL,0.00,1,NULL,NULL,NULL,'2022-12-13 16:20:36','2022-12-13 16:20:36',1,0,NULL,0,NULL,NULL,0,'01',0.00),(177,'customers','6','10437382137','VASQUEZ LEIVA MARIBEL',NULL,NULL,NULL,'PE','PE','01','0102','010201',NULL,'AV. CIRCUNVALACION NRO. 1010','HABIDO','ACTIVO',NULL,NULL,0.00,0,NULL,'{\"full_name\":null,\"phone\":null}',NULL,0.00,1,NULL,NULL,NULL,'2022-12-21 09:57:57','2022-12-21 09:57:57',1,0,NULL,0,NULL,NULL,0,'01',0.00),(178,'customers','0','99999999453','comite de administracion de agua sector la primavera',NULL,NULL,NULL,'PE','PE',NULL,NULL,NULL,NULL,NULL,NULL,NULL,NULL,NULL,0.00,0,NULL,'{\"full_name\":null,\"phone\":null}',NULL,0.00,1,NULL,NULL,NULL,'2022-12-26 15:29:09','2022-12-26 15:29:09',1,0,NULL,0,NULL,NULL,0,'01',0.00),(179,'customers','6','20603459289','INCOSUP CONTRATISTAS Y SERVICIOS GENERALES SOCIEDAD COMERCIAL DE RESPONSABILIDAD LIMITADA',NULL,NULL,NULL,'PE','PE','01','0102','010201',NULL,'AV. AGROPECUARIO NRO. 747','HABIDO','ACTIVO',NULL,NULL,0.00,0,NULL,'{\"full_name\":null,\"phone\":null}',NULL,0.00,1,NULL,NULL,NULL,'2022-12-26 15:40:46','2022-12-26 15:40:46',1,0,NULL,0,NULL,NULL,0,'01',0.00),(180,'customers','6','20480416717','CONSTRUCTORA \" R & L\" EMPRESA INDIVIDUAL DE RESPONSABILIDAD LIMITADA',NULL,NULL,NULL,'PE','PE','01','0102','010201',NULL,'JR. ALFONSO BARRANTES LINGAN NRO. 100','HABIDO','ACTIVO',NULL,NULL,0.00,0,NULL,'{\"full_name\":null,\"phone\":null}',NULL,0.00,1,NULL,NULL,NULL,'2022-12-30 19:02:02','2022-12-30 19:02:02',1,0,NULL,0,NULL,NULL,0,'01',0.00),(181,'customers','1','33669362','RODRIGUEZ VALLADARES, JUAN ADALBERTO',NULL,NULL,NULL,'PE','PE','01','0102','010201',NULL,'PSJ. SAN MARTIN 200',NULL,NULL,NULL,NULL,0.00,0,NULL,'{\"full_name\":null,\"phone\":null}',NULL,0.00,1,NULL,NULL,NULL,'2023-01-02 17:26:23','2023-01-02 17:26:23',1,0,NULL,0,NULL,NULL,0,'01',0.00),(182,'customers','6','20392424785','LLANOS CONTRATISTAS GENERALES EIRL.',NULL,NULL,NULL,'PE','PE','01','0102','010201',NULL,'AV. HEROES DEL CENEPA NRO. 720  CENTRO DE BAGUA','HABIDO','ACTIVO',NULL,NULL,0.00,0,NULL,'{\"full_name\":null,\"phone\":null}',NULL,0.00,1,NULL,NULL,NULL,'2023-01-02 17:31:41','2023-01-02 17:31:41',1,0,NULL,0,NULL,NULL,0,'01',0.00),(183,'customers','6','10335880221','PANTA PULACHE SEGUNDO NOE',NULL,NULL,NULL,'PE','PE','01','0102','010201',NULL,'AV. 28 DE JULIO NRO. 100 SECTOR 01','HABIDO','ACTIVO',NULL,NULL,0.00,0,NULL,'{\"full_name\":null,\"phone\":null}',NULL,0.00,1,NULL,NULL,NULL,'2023-01-05 12:41:45','2023-01-05 12:41:45',1,0,NULL,0,NULL,NULL,0,'01',0.00),(184,'customers','0','999999991321','INSTITUTO SUPERIOR PEDAGOGICO PUBLICO CESAR ABRAHAM VALLEJO MENDOZA_BAGUA',NULL,NULL,NULL,'PE','PE',NULL,NULL,NULL,NULL,NULL,NULL,NULL,NULL,NULL,0.00,0,NULL,'{\"full_name\":null,\"phone\":null}',NULL,0.00,1,NULL,NULL,NULL,'2023-01-07 10:41:12','2023-01-07 10:41:12',1,0,NULL,0,NULL,NULL,0,'01',0.00),(185,'customers','6','20609439310','FERNANDEZ & FERNANDEZ CONSTRUCTORA S.R.L',NULL,NULL,NULL,'PE','PE',NULL,NULL,NULL,NULL,NULL,NULL,NULL,NULL,NULL,0.00,0,NULL,'{\"full_name\":null,\"phone\":null}',NULL,0.00,1,NULL,NULL,NULL,'2023-01-12 11:20:45','2023-01-12 11:20:45',1,0,NULL,0,NULL,NULL,0,'01',0.00),(186,'customers','1','33575499','CORONEL TORRES, ANGEL',NULL,NULL,NULL,'PE','PE','01','0102','010203',NULL,'CASERIO SANTA CRUZ DE MOROCHAL',NULL,NULL,NULL,NULL,0.00,0,NULL,'{\"full_name\":null,\"phone\":null}',NULL,0.00,1,NULL,NULL,NULL,'2023-01-13 13:13:32','2023-01-13 13:13:32',1,0,NULL,0,NULL,NULL,0,'01',0.00),(187,'customers','1','33590542','RIVERA ALCANTARA, LEONIDAS DIOMEDES',NULL,NULL,NULL,'PE','PE','01','0102','010201',NULL,'JR.LA VERDAD 1280',NULL,NULL,NULL,NULL,0.00,0,NULL,'{\"full_name\":null,\"phone\":null}',NULL,0.00,1,NULL,NULL,NULL,'2023-01-13 16:03:25','2023-01-13 16:03:25',1,0,NULL,0,NULL,NULL,0,'01',0.00),(188,'customers','1','33564871','FLORES AGUILAR, MARIA ELENA',NULL,NULL,NULL,'PE','PE','01','0102','010201',NULL,'JR. AREQUIPA 225 CENT BAGUA',NULL,NULL,NULL,NULL,0.00,0,NULL,'{\"full_name\":null,\"phone\":null}',NULL,0.00,1,NULL,NULL,NULL,'2023-01-17 15:07:10','2023-01-17 15:07:10',1,0,NULL,0,NULL,NULL,0,'01',0.00),(189,'customers','4','621985','Colegio Militar Héroes del Cenepa',NULL,NULL,NULL,'PE','PE',NULL,NULL,NULL,NULL,NULL,NULL,NULL,NULL,NULL,0.00,0,NULL,'{\"full_name\":null,\"phone\":null}',NULL,0.00,1,NULL,NULL,NULL,'2023-01-18 19:43:32','2023-01-18 19:43:32',1,0,NULL,0,NULL,NULL,0,'01',0.00),(190,'customers','6','20609745631','CONSORCIO EJECUTOR BAGUA',NULL,NULL,NULL,'PE','PE','01','0102','010201',NULL,'JR. MOQUEGUA NRO. 320','HABIDO','ACTIVO',NULL,NULL,0.00,0,NULL,'{\"full_name\":null,\"phone\":null}',NULL,0.00,1,NULL,NULL,NULL,'2023-01-30 11:39:30','2023-01-30 11:39:30',1,0,NULL,0,NULL,NULL,0,'01',0.00),(191,'customers','1','12345678','MUNICIPALIDAD PROVINCIAL DE BAGUA','MUNICIPALIDAD PROVINCIAL DE BAGUA',NULL,NULL,'PE','PE',NULL,NULL,NULL,NULL,NULL,NULL,NULL,NULL,NULL,0.00,0,NULL,'{\"full_name\":null,\"phone\":null}',NULL,0.00,1,NULL,NULL,NULL,'2023-01-30 13:20:49','2023-01-30 13:20:49',1,0,NULL,0,NULL,NULL,0,'01',0.00),(192,'customers','0','999999990021','I.E.N_17 193',NULL,NULL,NULL,'PE','PE',NULL,NULL,NULL,NULL,NULL,NULL,NULL,NULL,NULL,0.00,0,NULL,'{\"full_name\":null,\"phone\":null}',NULL,0.00,1,NULL,NULL,NULL,'2023-01-31 18:35:26','2023-01-31 18:35:26',1,0,NULL,0,NULL,NULL,0,'01',0.00),(193,'customers','0','999999990056','I.E.N_16 586',NULL,NULL,NULL,'PE','PE',NULL,NULL,NULL,NULL,NULL,NULL,NULL,NULL,NULL,0.00,0,NULL,'{\"full_name\":null,\"phone\":null}',NULL,0.00,1,NULL,NULL,NULL,'2023-01-31 18:44:19','2023-01-31 18:44:19',1,0,NULL,0,NULL,NULL,0,'01',0.00),(194,'customers','4','99999999006897','I.E.N_16 586 SOLDADO OLIVA','SOLDADO OLIVA',NULL,NULL,'PE','PE',NULL,NULL,NULL,NULL,NULL,NULL,NULL,NULL,NULL,0.00,0,NULL,'{\"full_name\":null,\"phone\":null}',NULL,0.00,1,NULL,NULL,NULL,'2023-01-31 18:46:44','2023-01-31 19:00:59',1,0,NULL,0,NULL,NULL,0,'01',0.00),(195,'customers','0','9999999903312','I.E.N_17 193 EL PARAISO _ LA PECA',NULL,NULL,NULL,'PE','PE',NULL,NULL,NULL,NULL,NULL,NULL,NULL,NULL,NULL,0.00,0,NULL,'{\"full_name\":null,\"phone\":null}',NULL,0.00,1,NULL,NULL,NULL,'2023-02-04 09:45:18','2023-02-04 09:45:18',1,0,NULL,0,NULL,NULL,0,'01',0.00),(196,'customers','1','80611033','MAZZONI MESIA, JUAN CARLOS',NULL,NULL,NULL,'PE','PE','01','0102','010201',NULL,'JR.MIRAFLORES 426',NULL,NULL,NULL,NULL,0.00,0,NULL,'{\"full_name\":null,\"phone\":null}',NULL,0.00,1,NULL,NULL,NULL,'2023-02-09 11:51:12','2023-02-09 11:51:12',1,0,NULL,0,NULL,NULL,0,'01',0.00),(197,'customers','0','999999990033345','I.E. AGROPECUARIO T.R.M',NULL,NULL,NULL,'PE','PE',NULL,NULL,NULL,NULL,NULL,NULL,NULL,NULL,NULL,0.00,0,NULL,'{\"full_name\":null,\"phone\":null}',NULL,0.00,1,NULL,NULL,NULL,'2023-02-13 09:27:01','2023-02-13 09:27:01',1,0,NULL,0,NULL,NULL,0,'01',0.00),(198,'customers','6','20480038267','NORCENTRO S.A.C',NULL,NULL,NULL,'PE','PE','06','0608','060801',NULL,'CAL. DIEGO PALOMINO NRO. 1500 OTR. MONTEGRANDE','HABIDO','ACTIVO',NULL,NULL,0.00,0,NULL,'{\"full_name\":null,\"phone\":null}',NULL,0.00,1,NULL,NULL,NULL,'2023-02-13 11:13:56','2023-02-13 11:13:56',1,0,NULL,0,NULL,NULL,0,'01',0.00),(199,'customers','0','999999990021113','I.E.N. 16584 NARAJNJOS_ARAMANGO',NULL,NULL,NULL,'PE','PE',NULL,NULL,NULL,NULL,NULL,NULL,NULL,NULL,NULL,0.00,0,NULL,'{\"full_name\":null,\"phone\":null}',NULL,0.00,1,NULL,NULL,NULL,'2023-02-13 16:52:20','2023-02-13 16:52:20',1,0,NULL,0,NULL,NULL,0,'01',0.00),(200,'customers','1','13579679','IEI 273 PECA PALACIOS',NULL,NULL,NULL,'PE','PE',NULL,NULL,NULL,NULL,NULL,NULL,NULL,NULL,NULL,0.00,0,NULL,'{\"full_name\":null,\"phone\":null}',NULL,0.00,1,NULL,NULL,NULL,'2023-02-24 13:38:24','2023-02-24 13:38:24',1,0,NULL,0,NULL,NULL,0,'01',0.00),(201,'customers','6','20608799941','CONSORCIO AMAZONAS',NULL,NULL,NULL,'PE','PE','12','1203','120301',NULL,'JR. ARICA NRO. 290 URB. LA MERCED','HABIDO','ACTIVO',NULL,NULL,0.00,0,NULL,'{\"full_name\":null,\"phone\":null}',NULL,0.00,1,NULL,NULL,NULL,'2023-02-24 15:55:57','2023-02-24 15:55:57',1,0,NULL,0,NULL,NULL,0,'01',0.00),(202,'customers','0','9999999900021112','I E N 16293 EL PALTO YAMON',NULL,NULL,NULL,'PE','PE',NULL,NULL,NULL,NULL,NULL,NULL,NULL,NULL,NULL,0.00,0,NULL,'{\"full_name\":null,\"phone\":null}',NULL,0.00,1,NULL,NULL,NULL,'2023-02-25 08:42:37','2023-02-25 08:42:37',1,0,NULL,0,NULL,NULL,0,'01',0.00),(203,'customers','6','20500985322','MACHU PICCHU FOODS S.A.C.',NULL,NULL,NULL,'PE','PE','15','1501','150131',NULL,'AV. CÁDIZ NRO. 206 INT. 208 URB. COUNTRY CLUB','HABIDO','ACTIVO',NULL,NULL,0.00,0,NULL,'{\"full_name\":null,\"phone\":null}',NULL,0.00,1,NULL,NULL,NULL,'2023-02-28 12:29:20','2023-02-28 12:29:20',1,0,NULL,0,NULL,NULL,0,'01',0.00);

--
-- Table structure for table `preprinted_format_templates`
--

CREATE TABLE `preprinted_format_templates` (
  `id` int(10) unsigned NOT NULL AUTO_INCREMENT,
  `formats` varchar(255) COLLATE utf8mb4_unicode_ci NOT NULL,
  PRIMARY KEY (`id`)
) ENGINE=InnoDB DEFAULT CHARSET=utf8mb4 COLLATE=utf8mb4_unicode_ci;

--
-- Dumping data for table `preprinted_format_templates`
--


--
-- Table structure for table `production`
--

CREATE TABLE `production` (
  `id` int(10) unsigned NOT NULL AUTO_INCREMENT,
  `user_id` int(10) unsigned DEFAULT 0,
  `soap_type_id` char(2) COLLATE utf8mb4_unicode_ci DEFAULT NULL,
  `item_id` int(10) unsigned DEFAULT 0,
  `inventory_id_reference` int(10) unsigned DEFAULT NULL,
  `quantity` decimal(12,4) DEFAULT 0.0000 COMMENT 'Peso dle insumo ',
  `created_at` timestamp NULL DEFAULT NULL,
  `updated_at` timestamp NULL DEFAULT NULL,
  `machine_id` int(10) unsigned NOT NULL DEFAULT 0,
  `production_order` varchar(255) COLLATE utf8mb4_unicode_ci DEFAULT NULL,
  `name` varchar(255) COLLATE utf8mb4_unicode_ci DEFAULT NULL,
  `comment` longtext COLLATE utf8mb4_unicode_ci DEFAULT NULL,
  `date_start` date DEFAULT NULL,
  `time_start` time DEFAULT NULL,
  `date_end` date DEFAULT NULL,
  `time_end` time DEFAULT NULL,
  `lot_code` varchar(255) COLLATE utf8mb4_unicode_ci DEFAULT NULL,
  `item_extra_data` longtext CHARACTER SET utf8mb4 COLLATE utf8mb4_bin DEFAULT NULL CHECK (json_valid(`item_extra_data`)),
  `mix_date_start` date DEFAULT NULL,
  `mix_time_start` time DEFAULT NULL,
  `mix_date_end` date DEFAULT NULL,
  `mix_time_end` time DEFAULT NULL,
  `informative` tinyint(3) unsigned DEFAULT 0,
  `agreed` decimal(8,2) DEFAULT 0.00,
  `imperfect` decimal(8,2) DEFAULT 0.00,
  `proccess_type` longtext COLLATE utf8mb4_unicode_ci DEFAULT NULL,
  `production_collaborator` text COLLATE utf8mb4_unicode_ci DEFAULT NULL,
  `mix_collaborator` text COLLATE utf8mb4_unicode_ci DEFAULT NULL,
  PRIMARY KEY (`id`),
  KEY `production_soap_type_id_foreign` (`soap_type_id`),
  CONSTRAINT `production_soap_type_id_foreign` FOREIGN KEY (`soap_type_id`) REFERENCES `soap_types` (`id`)
) ENGINE=InnoDB DEFAULT CHARSET=utf8mb4 COLLATE=utf8mb4_unicode_ci;

--
-- Dumping data for table `production`
--


--
-- Table structure for table `promotions`
--

CREATE TABLE `promotions` (
  `id` int(10) unsigned NOT NULL AUTO_INCREMENT,
  `name` varchar(255) COLLATE utf8mb4_unicode_ci NOT NULL,
  `description` varchar(255) COLLATE utf8mb4_unicode_ci NOT NULL,
  `type` varchar(255) COLLATE utf8mb4_unicode_ci DEFAULT NULL,
  `image` varchar(255) COLLATE utf8mb4_unicode_ci NOT NULL,
  `item_id` int(10) unsigned NOT NULL,
  `status` tinyint(1) NOT NULL DEFAULT 1,
  `created_at` timestamp NULL DEFAULT NULL,
  `updated_at` timestamp NULL DEFAULT NULL,
  `apply_restaurant` tinyint(1) DEFAULT 0,
  PRIMARY KEY (`id`),
  KEY `promotions_item_id_foreign` (`item_id`),
  CONSTRAINT `promotions_item_id_foreign` FOREIGN KEY (`item_id`) REFERENCES `items` (`id`)
) ENGINE=InnoDB DEFAULT CHARSET=utf8mb4 COLLATE=utf8mb4_unicode_ci;

--
-- Dumping data for table `promotions`
--


--
-- Table structure for table `provinces`
--

CREATE TABLE `provinces` (
  `id` char(4) COLLATE utf8mb4_unicode_ci NOT NULL,
  `department_id` char(2) COLLATE utf8mb4_unicode_ci NOT NULL,
  `description` varchar(255) COLLATE utf8mb4_unicode_ci NOT NULL,
  `active` tinyint(1) NOT NULL DEFAULT 1,
  KEY `provinces_department_id_foreign` (`department_id`),
  KEY `provinces_id_index` (`id`),
  CONSTRAINT `provinces_department_id_foreign` FOREIGN KEY (`department_id`) REFERENCES `departments` (`id`)
) ENGINE=InnoDB DEFAULT CHARSET=utf8mb4 COLLATE=utf8mb4_unicode_ci;

--
-- Dumping data for table `provinces`
--

INSERT INTO `provinces` VALUES ('0101','01','Chachapoyas',1),('0102','01','Bagua',1),('0103','01','Bongará',1),('0104','01','Condorcanqui',1),('0105','01','Luya',1),('0106','01','Rodríguez de Mendoza',1),('0107','01','Utcubamba',1),('0201','02','Huaraz',1),('0202','02','Aija',1),('0203','02','Antonio Raymondi',1),('0204','02','Asunción',1),('0205','02','Bolognesi',1),('0206','02','Carhuaz',1),('0207','02','Carlos Fermín Fitzcarrald',1),('0208','02','Casma',1),('0209','02','Corongo',1),('0210','02','Huari',1),('0211','02','Huarmey',1),('0212','02','Huaylas',1),('0213','02','Mariscal Luzuriaga',1),('0214','02','Ocros',1),('0215','02','Pallasca',1),('0216','02','Pomabamba',1),('0217','02','Recuay',1),('0218','02','Santa',1),('0219','02','Sihuas',1),('0220','02','Yungay',1),('0301','03','Abancay',1),('0302','03','Andahuaylas',1),('0303','03','Antabamba',1),('0304','03','Aymaraes',1),('0305','03','Cotabambas',1),('0306','03','Chincheros',1),('0307','03','Grau',1),('0401','04','Arequipa',1),('0402','04','Camaná',1),('0403','04','Caravelí',1),('0404','04','Castilla',1),('0405','04','Caylloma',1),('0406','04','Condesuyos',1),('0407','04','Islay',1),('0408','04','La Uniòn',1),('0501','05','Huamanga',1),('0502','05','Cangallo',1),('0503','05','Huanca Sancos',1),('0504','05','Huanta',1),('0505','05','La Mar',1),('0506','05','Lucanas',1),('0507','05','Parinacochas',1),('0508','05','Pàucar del Sara Sara',1),('0509','05','Sucre',1),('0510','05','Víctor Fajardo',1),('0511','05','Vilcas Huamán',1),('0601','06','Cajamarca',1),('0602','06','Cajabamba',1),('0603','06','Celendín',1),('0604','06','Chota',1),('0605','06','Contumazá',1),('0606','06','Cutervo',1),('0607','06','Hualgayoc',1),('0608','06','Jaén',1),('0609','06','San Ignacio',1),('0610','06','San Marcos',1),('0611','06','San Miguel',1),('0612','06','San Pablo',1),('0613','06','Santa Cruz',1),('0701','07','Prov. Const. del Callao',1),('0801','08','Cusco',1),('0802','08','Acomayo',1),('0803','08','Anta',1),('0804','08','Calca',1),('0805','08','Canas',1),('0806','08','Canchis',1),('0807','08','Chumbivilcas',1),('0808','08','Espinar',1),('0809','08','La Convención',1),('0810','08','Paruro',1),('0811','08','Paucartambo',1),('0812','08','Quispicanchi',1),('0813','08','Urubamba',1),('0901','09','Huancavelica',1),('0902','09','Acobamba',1),('0903','09','Angaraes',1),('0904','09','Castrovirreyna',1),('0905','09','Churcampa',1),('0906','09','Huaytará',1),('0907','09','Tayacaja',1),('1001','10','Huánuco',1),('1002','10','Ambo',1),('1003','10','Dos de Mayo',1),('1004','10','Huacaybamba',1),('1005','10','Huamalíes',1),('1006','10','Leoncio Prado',1),('1007','10','Marañón',1),('1008','10','Pachitea',1),('1009','10','Puerto Inca',1),('1010','10','Lauricocha',1),('1011','10','Yarowilca',1),('1101','11','Ica',1),('1102','11','Chincha',1),('1103','11','Nasca',1),('1104','11','Palpa',1),('1105','11','Pisco',1),('1201','12','Huancayo',1),('1202','12','Concepción',1),('1203','12','Chanchamayo',1),('1204','12','Jauja',1),('1205','12','Junín',1),('1206','12','Satipo',1),('1207','12','Tarma',1),('1208','12','Yauli',1),('1209','12','Chupaca',1),('1301','13','Trujillo',1),('1302','13','Ascope',1),('1303','13','Bolívar',1),('1304','13','Chepén',1),('1305','13','Julcán',1),('1306','13','Otuzco',1),('1307','13','Pacasmayo',1),('1308','13','Pataz',1),('1309','13','Sánchez Carrión',1),('1310','13','Santiago de Chuco',1),('1311','13','Gran Chimú',1),('1312','13','Virú',1),('1401','14','Chiclayo',1),('1402','14','Ferreñafe',1),('1403','14','Lambayeque',1),('1501','15','Lima',1),('1502','15','Barranca',1),('1503','15','Cajatambo',1),('1504','15','Canta',1),('1505','15','Cañete',1),('1506','15','Huaral',1),('1507','15','Huarochirí',1),('1508','15','Huaura',1),('1509','15','Oyón',1),('1510','15','Yauyos',1),('1601','16','Maynas',1),('1602','16','Alto Amazonas',1),('1603','16','Loreto',1),('1604','16','Mariscal Ramón Castilla',1),('1605','16','Requena',1),('1606','16','Ucayali',1),('1607','16','Datem del Marañón',1),('1608','16','Putumayo',1),('1701','17','Tambopata',1),('1702','17','Manu',1),('1703','17','Tahuamanu',1),('1801','18','Mariscal Nieto',1),('1802','18','General Sánchez Cerro',1),('1803','18','Ilo',1),('1901','19','Pasco',1),('1902','19','Daniel Alcides Carrión',1),('1903','19','Oxapampa',1),('2001','20','Piura',1),('2002','20','Ayabaca',1),('2003','20','Huancabamba',1),('2004','20','Morropón',1),('2005','20','Paita',1),('2006','20','Sullana',1),('2007','20','Talara',1),('2008','20','Sechura',1),('2101','21','Puno',1),('2102','21','Azángaro',1),('2103','21','Carabaya',1),('2104','21','Chucuito',1),('2105','21','El Collao',1),('2106','21','Huancané',1),('2107','21','Lampa',1),('2108','21','Melgar',1),('2109','21','Moho',1),('2110','21','San Antonio de Putina',1),('2111','21','San Román',1),('2112','21','Sandia',1),('2113','21','Yunguyo',1),('2201','22','Moyobamba',1),('2202','22','Bellavista',1),('2203','22','El Dorado',1),('2204','22','Huallaga',1),('2205','22','Lamas',1),('2206','22','Mariscal Cáceres',1),('2207','22','Picota',1),('2208','22','Rioja',1),('2209','22','San Martín',1),('2210','22','Tocache',1),('2301','23','Tacna',1),('2302','23','Candarave',1),('2303','23','Jorge Basadre',1),('2304','23','Tarata',1),('2401','24','Tumbes',1),('2402','24','Contralmirante Villar',1),('2403','24','Zarumilla',1),('2501','25','Coronel Portillo',1),('2502','25','Atalaya',1),('2503','25','Padre Abad',1),('2504','25','Purús',1);

--
-- Table structure for table `purchase_fee`
--

CREATE TABLE `purchase_fee` (
  `id` int(10) unsigned NOT NULL AUTO_INCREMENT,
  `purchase_id` int(10) unsigned NOT NULL,
  `date` date NOT NULL,
  `currency_type_id` varchar(255) COLLATE utf8mb4_unicode_ci NOT NULL,
  `amount` decimal(12,2) NOT NULL,
  `payment_method_type_id` char(2) COLLATE utf8mb4_unicode_ci DEFAULT NULL,
  PRIMARY KEY (`id`),
  KEY `purchase_fee_purchase_id_foreign` (`purchase_id`),
  KEY `purchase_fee_currency_type_id_foreign` (`currency_type_id`),
  KEY `purchase_fee_payment_method_type_id_foreign` (`payment_method_type_id`),
  CONSTRAINT `purchase_fee_currency_type_id_foreign` FOREIGN KEY (`currency_type_id`) REFERENCES `cat_currency_types` (`id`),
  CONSTRAINT `purchase_fee_payment_method_type_id_foreign` FOREIGN KEY (`payment_method_type_id`) REFERENCES `payment_method_types` (`id`),
  CONSTRAINT `purchase_fee_purchase_id_foreign` FOREIGN KEY (`purchase_id`) REFERENCES `purchases` (`id`) ON DELETE CASCADE
) ENGINE=InnoDB DEFAULT CHARSET=utf8mb4 COLLATE=utf8mb4_unicode_ci;

--
-- Dumping data for table `purchase_fee`
--


--
-- Table structure for table `purchase_items`
--

CREATE TABLE `purchase_items` (
  `id` int(10) unsigned NOT NULL AUTO_INCREMENT,
  `purchase_id` int(10) unsigned NOT NULL,
  `item_id` int(10) unsigned NOT NULL,
  `item` longtext CHARACTER SET utf8mb4 COLLATE utf8mb4_bin NOT NULL CHECK (json_valid(`item`)),
  `item_lot_group_id` int(10) unsigned DEFAULT NULL,
  `lot_code` varchar(255) COLLATE utf8mb4_unicode_ci DEFAULT NULL,
  `quantity` decimal(12,4) NOT NULL,
  `unit_value` decimal(16,6) NOT NULL,
  `date_of_due` date DEFAULT NULL,
  `affectation_igv_type_id` varchar(255) COLLATE utf8mb4_unicode_ci NOT NULL,
  `total_base_igv` decimal(12,2) NOT NULL,
  `percentage_igv` decimal(12,2) NOT NULL,
  `total_igv` decimal(12,2) NOT NULL,
  `system_isc_type_id` varchar(255) COLLATE utf8mb4_unicode_ci DEFAULT NULL,
  `total_base_isc` decimal(12,2) NOT NULL DEFAULT 0.00,
  `percentage_isc` decimal(12,2) NOT NULL DEFAULT 0.00,
  `total_isc` decimal(12,2) NOT NULL DEFAULT 0.00,
  `total_base_other_taxes` decimal(12,2) NOT NULL DEFAULT 0.00,
  `percentage_other_taxes` decimal(12,2) NOT NULL DEFAULT 0.00,
  `total_other_taxes` decimal(12,2) NOT NULL DEFAULT 0.00,
  `total_taxes` decimal(12,2) NOT NULL,
  `price_type_id` varchar(255) COLLATE utf8mb4_unicode_ci NOT NULL,
  `unit_price` decimal(16,6) NOT NULL,
  `total_value` decimal(12,2) NOT NULL,
  `total_charge` decimal(12,2) NOT NULL DEFAULT 0.00,
  `total_discount` decimal(12,2) NOT NULL DEFAULT 0.00,
  `total` decimal(12,2) NOT NULL,
  `attributes` longtext CHARACTER SET utf8mb4 COLLATE utf8mb4_bin DEFAULT NULL CHECK (json_valid(`attributes`)),
  `discounts` longtext CHARACTER SET utf8mb4 COLLATE utf8mb4_bin DEFAULT NULL CHECK (json_valid(`discounts`)),
  `charges` longtext CHARACTER SET utf8mb4 COLLATE utf8mb4_bin DEFAULT NULL CHECK (json_valid(`charges`)),
  `warehouse_id` int(10) unsigned DEFAULT NULL,
  `name_product_pdf` longtext COLLATE utf8mb4_unicode_ci DEFAULT NULL,
  PRIMARY KEY (`id`),
  KEY `purchase_items_purchase_id_foreign` (`purchase_id`),
  KEY `purchase_items_item_id_foreign` (`item_id`),
  KEY `purchase_items_affectation_igv_type_id_foreign` (`affectation_igv_type_id`),
  KEY `purchase_items_system_isc_type_id_foreign` (`system_isc_type_id`),
  KEY `purchase_items_price_type_id_foreign` (`price_type_id`),
  KEY `purchase_items_warehouse_id_foreign` (`warehouse_id`),
  KEY `purchase_items_item_lot_group_id_index` (`item_lot_group_id`),
  CONSTRAINT `purchase_items_affectation_igv_type_id_foreign` FOREIGN KEY (`affectation_igv_type_id`) REFERENCES `cat_affectation_igv_types` (`id`),
  CONSTRAINT `purchase_items_item_id_foreign` FOREIGN KEY (`item_id`) REFERENCES `items` (`id`),
  CONSTRAINT `purchase_items_price_type_id_foreign` FOREIGN KEY (`price_type_id`) REFERENCES `cat_price_types` (`id`),
  CONSTRAINT `purchase_items_purchase_id_foreign` FOREIGN KEY (`purchase_id`) REFERENCES `purchases` (`id`) ON DELETE CASCADE,
  CONSTRAINT `purchase_items_system_isc_type_id_foreign` FOREIGN KEY (`system_isc_type_id`) REFERENCES `cat_system_isc_types` (`id`),
  CONSTRAINT `purchase_items_warehouse_id_foreign` FOREIGN KEY (`warehouse_id`) REFERENCES `warehouses` (`id`)
) ENGINE=InnoDB DEFAULT CHARSET=utf8mb4 COLLATE=utf8mb4_unicode_ci;

--
-- Dumping data for table `purchase_items`
--


--
-- Table structure for table `purchase_order_items`
--

CREATE TABLE `purchase_order_items` (
  `id` int(10) unsigned NOT NULL AUTO_INCREMENT,
  `purchase_order_id` int(10) unsigned NOT NULL,
  `item_id` int(10) unsigned NOT NULL,
  `item` longtext CHARACTER SET utf8mb4 COLLATE utf8mb4_bin NOT NULL CHECK (json_valid(`item`)),
  `quantity` int(11) NOT NULL,
  `unit_value` decimal(16,6) NOT NULL,
  `affectation_igv_type_id` varchar(255) COLLATE utf8mb4_unicode_ci NOT NULL,
  `total_base_igv` decimal(12,2) NOT NULL,
  `percentage_igv` decimal(12,2) NOT NULL,
  `total_igv` decimal(12,2) NOT NULL,
  `system_isc_type_id` varchar(255) COLLATE utf8mb4_unicode_ci DEFAULT NULL,
  `total_base_isc` decimal(12,2) NOT NULL DEFAULT 0.00,
  `percentage_isc` decimal(12,2) NOT NULL DEFAULT 0.00,
  `total_isc` decimal(12,2) NOT NULL DEFAULT 0.00,
  `total_base_other_taxes` decimal(12,2) NOT NULL DEFAULT 0.00,
  `percentage_other_taxes` decimal(12,2) NOT NULL DEFAULT 0.00,
  `total_other_taxes` decimal(12,2) NOT NULL DEFAULT 0.00,
  `total_taxes` decimal(12,2) NOT NULL,
  `price_type_id` varchar(255) COLLATE utf8mb4_unicode_ci NOT NULL,
  `unit_price` decimal(16,6) NOT NULL,
  `total_value` decimal(12,2) NOT NULL,
  `total_charge` decimal(12,2) NOT NULL DEFAULT 0.00,
  `total_discount` decimal(12,2) NOT NULL DEFAULT 0.00,
  `total` decimal(12,2) NOT NULL,
  `attributes` longtext CHARACTER SET utf8mb4 COLLATE utf8mb4_bin DEFAULT NULL CHECK (json_valid(`attributes`)),
  `discounts` longtext CHARACTER SET utf8mb4 COLLATE utf8mb4_bin DEFAULT NULL CHECK (json_valid(`discounts`)),
  `charges` longtext CHARACTER SET utf8mb4 COLLATE utf8mb4_bin DEFAULT NULL CHECK (json_valid(`charges`)),
  PRIMARY KEY (`id`),
  KEY `purchase_order_items_purchase_order_id_foreign` (`purchase_order_id`),
  KEY `purchase_order_items_item_id_foreign` (`item_id`),
  KEY `purchase_order_items_affectation_igv_type_id_foreign` (`affectation_igv_type_id`),
  KEY `purchase_order_items_system_isc_type_id_foreign` (`system_isc_type_id`),
  KEY `purchase_order_items_price_type_id_foreign` (`price_type_id`),
  CONSTRAINT `purchase_order_items_affectation_igv_type_id_foreign` FOREIGN KEY (`affectation_igv_type_id`) REFERENCES `cat_affectation_igv_types` (`id`),
  CONSTRAINT `purchase_order_items_item_id_foreign` FOREIGN KEY (`item_id`) REFERENCES `items` (`id`),
  CONSTRAINT `purchase_order_items_price_type_id_foreign` FOREIGN KEY (`price_type_id`) REFERENCES `cat_price_types` (`id`),
  CONSTRAINT `purchase_order_items_purchase_order_id_foreign` FOREIGN KEY (`purchase_order_id`) REFERENCES `purchase_orders` (`id`) ON DELETE CASCADE,
  CONSTRAINT `purchase_order_items_system_isc_type_id_foreign` FOREIGN KEY (`system_isc_type_id`) REFERENCES `cat_system_isc_types` (`id`)
) ENGINE=InnoDB DEFAULT CHARSET=utf8mb4 COLLATE=utf8mb4_unicode_ci;

--
-- Dumping data for table `purchase_order_items`
--


--
-- Table structure for table `purchase_orders`
--

CREATE TABLE `purchase_orders` (
  `id` int(10) unsigned NOT NULL AUTO_INCREMENT,
  `user_id` int(10) unsigned NOT NULL,
  `external_id` char(36) COLLATE utf8mb4_unicode_ci NOT NULL,
  `establishment_id` int(10) unsigned NOT NULL,
  `soap_type_id` char(2) COLLATE utf8mb4_unicode_ci NOT NULL,
  `state_type_id` char(2) COLLATE utf8mb4_unicode_ci NOT NULL,
  `prefix` varchar(255) COLLATE utf8mb4_unicode_ci NOT NULL DEFAULT 'OC',
  `date_of_issue` date NOT NULL,
  `date_of_due` date DEFAULT NULL,
  `time_of_issue` time NOT NULL,
  `supplier_id` int(10) unsigned NOT NULL,
  `supplier` longtext CHARACTER SET utf8mb4 COLLATE utf8mb4_bin NOT NULL CHECK (json_valid(`supplier`)),
  `currency_type_id` varchar(255) COLLATE utf8mb4_unicode_ci NOT NULL,
  `exchange_rate_sale` decimal(13,3) NOT NULL,
  `total_prepayment` decimal(12,2) NOT NULL DEFAULT 0.00,
  `total_charge` decimal(12,2) NOT NULL DEFAULT 0.00,
  `total_discount` decimal(12,2) NOT NULL DEFAULT 0.00,
  `total_exportation` decimal(12,2) NOT NULL DEFAULT 0.00,
  `total_free` decimal(12,2) NOT NULL DEFAULT 0.00,
  `total_taxed` decimal(12,2) NOT NULL DEFAULT 0.00,
  `total_unaffected` decimal(12,2) NOT NULL DEFAULT 0.00,
  `total_exonerated` decimal(12,2) NOT NULL DEFAULT 0.00,
  `total_igv` decimal(12,2) NOT NULL DEFAULT 0.00,
  `total_base_isc` decimal(12,2) NOT NULL DEFAULT 0.00,
  `total_isc` decimal(12,2) NOT NULL DEFAULT 0.00,
  `total_base_other_taxes` decimal(12,2) NOT NULL DEFAULT 0.00,
  `total_other_taxes` decimal(12,2) NOT NULL DEFAULT 0.00,
  `total_taxes` decimal(12,2) NOT NULL DEFAULT 0.00,
  `total_value` decimal(12,2) NOT NULL DEFAULT 0.00,
  `total` decimal(12,2) NOT NULL,
  `filename` varchar(255) COLLATE utf8mb4_unicode_ci DEFAULT NULL,
  `upload_filename` varchar(255) COLLATE utf8mb4_unicode_ci DEFAULT NULL,
  `purchase_quotation_id` int(10) unsigned DEFAULT NULL,
  `sale_opportunity_id` int(10) unsigned DEFAULT NULL,
  `payment_method_type_id` char(2) COLLATE utf8mb4_unicode_ci NOT NULL,
  `created_at` timestamp NULL DEFAULT NULL,
  `updated_at` timestamp NULL DEFAULT NULL,
  PRIMARY KEY (`id`),
  KEY `purchase_orders_purchase_quotation_id_foreign` (`purchase_quotation_id`),
  KEY `purchase_orders_user_id_foreign` (`user_id`),
  KEY `purchase_orders_establishment_id_foreign` (`establishment_id`),
  KEY `purchase_orders_supplier_id_foreign` (`supplier_id`),
  KEY `purchase_orders_soap_type_id_foreign` (`soap_type_id`),
  KEY `purchase_orders_state_type_id_foreign` (`state_type_id`),
  KEY `purchase_orders_currency_type_id_foreign` (`currency_type_id`),
  KEY `purchase_orders_payment_method_type_id_foreign` (`payment_method_type_id`),
  KEY `purchase_orders_sale_opportunity_id_foreign` (`sale_opportunity_id`),
  CONSTRAINT `purchase_orders_currency_type_id_foreign` FOREIGN KEY (`currency_type_id`) REFERENCES `cat_currency_types` (`id`),
  CONSTRAINT `purchase_orders_establishment_id_foreign` FOREIGN KEY (`establishment_id`) REFERENCES `establishments` (`id`),
  CONSTRAINT `purchase_orders_payment_method_type_id_foreign` FOREIGN KEY (`payment_method_type_id`) REFERENCES `payment_method_types` (`id`),
  CONSTRAINT `purchase_orders_purchase_quotation_id_foreign` FOREIGN KEY (`purchase_quotation_id`) REFERENCES `purchase_quotations` (`id`),
  CONSTRAINT `purchase_orders_sale_opportunity_id_foreign` FOREIGN KEY (`sale_opportunity_id`) REFERENCES `sale_opportunities` (`id`),
  CONSTRAINT `purchase_orders_soap_type_id_foreign` FOREIGN KEY (`soap_type_id`) REFERENCES `soap_types` (`id`),
  CONSTRAINT `purchase_orders_state_type_id_foreign` FOREIGN KEY (`state_type_id`) REFERENCES `state_types` (`id`),
  CONSTRAINT `purchase_orders_supplier_id_foreign` FOREIGN KEY (`supplier_id`) REFERENCES `persons` (`id`),
  CONSTRAINT `purchase_orders_user_id_foreign` FOREIGN KEY (`user_id`) REFERENCES `users` (`id`)
) ENGINE=InnoDB DEFAULT CHARSET=utf8mb4 COLLATE=utf8mb4_unicode_ci;

--
-- Dumping data for table `purchase_orders`
--


--
-- Table structure for table `purchase_payments`
--

CREATE TABLE `purchase_payments` (
  `id` int(10) unsigned NOT NULL AUTO_INCREMENT,
  `purchase_id` int(10) unsigned NOT NULL,
  `date_of_payment` date NOT NULL,
  `payment_method_type_id` char(2) COLLATE utf8mb4_unicode_ci NOT NULL,
  `has_card` tinyint(1) NOT NULL DEFAULT 0,
  `card_brand_id` char(2) COLLATE utf8mb4_unicode_ci DEFAULT NULL,
  `reference` varchar(255) COLLATE utf8mb4_unicode_ci DEFAULT NULL,
  `payment` decimal(12,2) NOT NULL,
  PRIMARY KEY (`id`),
  KEY `purchase_payments_purchase_id_foreign` (`purchase_id`),
  KEY `purchase_payments_card_brand_id_foreign` (`card_brand_id`),
  KEY `purchase_payments_payment_method_type_id_foreign` (`payment_method_type_id`),
  KEY `purchase_payments_date_of_payment_index` (`date_of_payment`),
  CONSTRAINT `purchase_payments_card_brand_id_foreign` FOREIGN KEY (`card_brand_id`) REFERENCES `card_brands` (`id`),
  CONSTRAINT `purchase_payments_payment_method_type_id_foreign` FOREIGN KEY (`payment_method_type_id`) REFERENCES `payment_method_types` (`id`),
  CONSTRAINT `purchase_payments_purchase_id_foreign` FOREIGN KEY (`purchase_id`) REFERENCES `purchases` (`id`) ON DELETE CASCADE
) ENGINE=InnoDB DEFAULT CHARSET=utf8mb4 COLLATE=utf8mb4_unicode_ci;

--
-- Dumping data for table `purchase_payments`
--


--
-- Table structure for table `purchase_quotation_items`
--

CREATE TABLE `purchase_quotation_items` (
  `id` int(10) unsigned NOT NULL AUTO_INCREMENT,
  `purchase_quotation_id` int(10) unsigned NOT NULL,
  `item_id` int(10) unsigned NOT NULL,
  `item` longtext CHARACTER SET utf8mb4 COLLATE utf8mb4_bin NOT NULL CHECK (json_valid(`item`)),
  `quantity` decimal(12,4) NOT NULL,
  PRIMARY KEY (`id`),
  KEY `purchase_quotation_items_purchase_quotation_id_foreign` (`purchase_quotation_id`),
  KEY `purchase_quotation_items_item_id_foreign` (`item_id`),
  CONSTRAINT `purchase_quotation_items_item_id_foreign` FOREIGN KEY (`item_id`) REFERENCES `items` (`id`),
  CONSTRAINT `purchase_quotation_items_purchase_quotation_id_foreign` FOREIGN KEY (`purchase_quotation_id`) REFERENCES `purchase_quotations` (`id`) ON DELETE CASCADE
) ENGINE=InnoDB DEFAULT CHARSET=utf8mb4 COLLATE=utf8mb4_unicode_ci;

--
-- Dumping data for table `purchase_quotation_items`
--


--
-- Table structure for table `purchase_quotations`
--

CREATE TABLE `purchase_quotations` (
  `id` int(10) unsigned NOT NULL AUTO_INCREMENT,
  `user_id` int(10) unsigned NOT NULL,
  `external_id` char(36) COLLATE utf8mb4_unicode_ci NOT NULL,
  `establishment_id` int(10) unsigned NOT NULL,
  `establishment` longtext CHARACTER SET utf8mb4 COLLATE utf8mb4_bin NOT NULL CHECK (json_valid(`establishment`)),
  `soap_type_id` char(2) COLLATE utf8mb4_unicode_ci NOT NULL,
  `state_type_id` char(2) COLLATE utf8mb4_unicode_ci NOT NULL,
  `prefix` varchar(255) COLLATE utf8mb4_unicode_ci NOT NULL,
  `date_of_issue` date NOT NULL,
  `time_of_issue` time NOT NULL,
  `suppliers` longtext CHARACTER SET utf8mb4 COLLATE utf8mb4_bin NOT NULL CHECK (json_valid(`suppliers`)),
  `filename` varchar(255) COLLATE utf8mb4_unicode_ci DEFAULT NULL,
  `created_at` timestamp NULL DEFAULT NULL,
  `updated_at` timestamp NULL DEFAULT NULL,
  PRIMARY KEY (`id`),
  KEY `purchase_quotations_user_id_foreign` (`user_id`),
  KEY `purchase_quotations_establishment_id_foreign` (`establishment_id`),
  KEY `purchase_quotations_soap_type_id_foreign` (`soap_type_id`),
  KEY `purchase_quotations_state_type_id_foreign` (`state_type_id`),
  CONSTRAINT `purchase_quotations_establishment_id_foreign` FOREIGN KEY (`establishment_id`) REFERENCES `establishments` (`id`),
  CONSTRAINT `purchase_quotations_soap_type_id_foreign` FOREIGN KEY (`soap_type_id`) REFERENCES `soap_types` (`id`),
  CONSTRAINT `purchase_quotations_state_type_id_foreign` FOREIGN KEY (`state_type_id`) REFERENCES `state_types` (`id`),
  CONSTRAINT `purchase_quotations_user_id_foreign` FOREIGN KEY (`user_id`) REFERENCES `users` (`id`)
) ENGINE=InnoDB DEFAULT CHARSET=utf8mb4 COLLATE=utf8mb4_unicode_ci;

--
-- Dumping data for table `purchase_quotations`
--


--
-- Table structure for table `purchase_settlement_items`
--

CREATE TABLE `purchase_settlement_items` (
  `id` int(10) unsigned NOT NULL AUTO_INCREMENT,
  `purchase_settlement_id` int(10) unsigned NOT NULL,
  `item_id` int(10) unsigned NOT NULL,
  `item` longtext CHARACTER SET utf8mb4 COLLATE utf8mb4_bin NOT NULL CHECK (json_valid(`item`)),
  `quantity` decimal(12,2) NOT NULL,
  `unit_value` decimal(12,2) NOT NULL,
  `affectation_igv_type_id` varchar(255) COLLATE utf8mb4_unicode_ci NOT NULL,
  `total_base_igv` decimal(12,2) NOT NULL,
  `percentage_igv` decimal(12,2) NOT NULL,
  `total_igv` decimal(12,2) NOT NULL,
  `total_taxes` decimal(12,2) NOT NULL,
  `price_type_id` varchar(255) COLLATE utf8mb4_unicode_ci NOT NULL,
  `unit_price` decimal(12,2) NOT NULL,
  `total_value` decimal(12,2) NOT NULL,
  `total` decimal(12,2) NOT NULL,
  `income_tax_affectation_igv_type_id` varchar(255) COLLATE utf8mb4_unicode_ci DEFAULT NULL,
  `income_retention_percentage` decimal(12,2) NOT NULL DEFAULT 0.00,
  `income_retention_amount` decimal(12,2) NOT NULL DEFAULT 0.00,
  PRIMARY KEY (`id`),
  KEY `purchase_settlement_items_purchase_settlement_id_foreign` (`purchase_settlement_id`),
  KEY `purchase_settlement_items_item_id_foreign` (`item_id`),
  KEY `p_s_i_income_tax_affectation_igv_type_id_fk` (`income_tax_affectation_igv_type_id`),
  KEY `purchase_settlement_items_affectation_igv_type_id_foreign` (`affectation_igv_type_id`),
  KEY `purchase_settlement_items_price_type_id_foreign` (`price_type_id`),
  CONSTRAINT `p_s_i_income_tax_affectation_igv_type_id_fk` FOREIGN KEY (`income_tax_affectation_igv_type_id`) REFERENCES `cat_affectation_igv_types` (`id`),
  CONSTRAINT `purchase_settlement_items_affectation_igv_type_id_foreign` FOREIGN KEY (`affectation_igv_type_id`) REFERENCES `cat_affectation_igv_types` (`id`),
  CONSTRAINT `purchase_settlement_items_item_id_foreign` FOREIGN KEY (`item_id`) REFERENCES `items` (`id`),
  CONSTRAINT `purchase_settlement_items_price_type_id_foreign` FOREIGN KEY (`price_type_id`) REFERENCES `cat_price_types` (`id`),
  CONSTRAINT `purchase_settlement_items_purchase_settlement_id_foreign` FOREIGN KEY (`purchase_settlement_id`) REFERENCES `purchase_settlements` (`id`) ON DELETE CASCADE
) ENGINE=InnoDB DEFAULT CHARSET=utf8mb4 COLLATE=utf8mb4_unicode_ci;

--
-- Dumping data for table `purchase_settlement_items`
--


--
-- Table structure for table `purchase_settlement_payments`
--

CREATE TABLE `purchase_settlement_payments` (
  `id` int(10) unsigned NOT NULL AUTO_INCREMENT,
  `purchase_settlement_id` int(10) unsigned NOT NULL,
  `date_of_payment` date NOT NULL,
  `payment_method_type_id` char(2) COLLATE utf8mb4_unicode_ci NOT NULL,
  `reference` varchar(255) COLLATE utf8mb4_unicode_ci DEFAULT NULL,
  `change` decimal(12,2) NOT NULL DEFAULT 0.00,
  `payment` decimal(12,2) NOT NULL,
  PRIMARY KEY (`id`),
  KEY `purchase_settlement_payments_purchase_settlement_id_foreign` (`purchase_settlement_id`),
  KEY `purchase_settlement_payments_payment_method_type_id_foreign` (`payment_method_type_id`),
  CONSTRAINT `purchase_settlement_payments_payment_method_type_id_foreign` FOREIGN KEY (`payment_method_type_id`) REFERENCES `payment_method_types` (`id`),
  CONSTRAINT `purchase_settlement_payments_purchase_settlement_id_foreign` FOREIGN KEY (`purchase_settlement_id`) REFERENCES `purchase_settlements` (`id`) ON DELETE CASCADE
) ENGINE=InnoDB DEFAULT CHARSET=utf8mb4 COLLATE=utf8mb4_unicode_ci;

--
-- Dumping data for table `purchase_settlement_payments`
--


--
-- Table structure for table `purchases`
--

CREATE TABLE `purchases` (
  `id` int(10) unsigned NOT NULL AUTO_INCREMENT,
  `user_id` int(10) unsigned NOT NULL,
  `external_id` char(36) COLLATE utf8mb4_unicode_ci NOT NULL,
  `establishment_id` int(10) unsigned NOT NULL,
  `soap_type_id` char(2) COLLATE utf8mb4_unicode_ci NOT NULL,
  `state_type_id` char(2) COLLATE utf8mb4_unicode_ci NOT NULL,
  `group_id` char(2) COLLATE utf8mb4_unicode_ci NOT NULL,
  `document_type_id` varchar(255) COLLATE utf8mb4_unicode_ci NOT NULL,
  `series` char(4) COLLATE utf8mb4_unicode_ci NOT NULL,
  `number` int(11) NOT NULL,
  `date_of_issue` date NOT NULL,
  `date_of_due` date DEFAULT NULL,
  `time_of_issue` time NOT NULL,
  `supplier_id` int(10) unsigned NOT NULL,
  `supplier` longtext CHARACTER SET utf8mb4 COLLATE utf8mb4_bin NOT NULL CHECK (json_valid(`supplier`)),
  `purchase_order_id` int(10) unsigned DEFAULT NULL,
  `currency_type_id` varchar(255) COLLATE utf8mb4_unicode_ci NOT NULL,
  `payment_condition_id` varchar(255) COLLATE utf8mb4_unicode_ci DEFAULT NULL,
  `observation` text COLLATE utf8mb4_unicode_ci DEFAULT NULL,
  `exchange_rate_sale` decimal(13,3) NOT NULL,
  `total_prepayment` decimal(12,2) NOT NULL DEFAULT 0.00,
  `total_charge` decimal(12,2) NOT NULL DEFAULT 0.00,
  `total_discount` decimal(12,2) NOT NULL DEFAULT 0.00,
  `total_exportation` decimal(12,2) NOT NULL DEFAULT 0.00,
  `total_free` decimal(12,2) NOT NULL DEFAULT 0.00,
  `total_taxed` decimal(12,2) NOT NULL DEFAULT 0.00,
  `total_unaffected` decimal(12,2) NOT NULL DEFAULT 0.00,
  `total_exonerated` decimal(12,2) NOT NULL DEFAULT 0.00,
  `total_igv` decimal(12,2) NOT NULL DEFAULT 0.00,
  `total_base_isc` decimal(12,2) NOT NULL DEFAULT 0.00,
  `total_isc` decimal(12,2) NOT NULL DEFAULT 0.00,
  `total_base_other_taxes` decimal(12,2) NOT NULL DEFAULT 0.00,
  `total_other_taxes` decimal(12,2) NOT NULL DEFAULT 0.00,
  `total_taxes` decimal(12,2) NOT NULL DEFAULT 0.00,
  `total_value` decimal(12,2) NOT NULL DEFAULT 0.00,
  `total` decimal(12,2) NOT NULL,
  `filename` varchar(255) COLLATE utf8mb4_unicode_ci DEFAULT NULL,
  `total_canceled` tinyint(1) NOT NULL DEFAULT 0,
  `customer_id` int(10) unsigned DEFAULT NULL,
  `perception_date` date DEFAULT NULL,
  `perception_number` int(11) DEFAULT NULL,
  `total_perception` decimal(12,2) DEFAULT NULL,
  `charges` longtext CHARACTER SET utf8mb4 COLLATE utf8mb4_bin DEFAULT NULL CHECK (json_valid(`charges`)),
  `discounts` longtext CHARACTER SET utf8mb4 COLLATE utf8mb4_bin DEFAULT NULL CHECK (json_valid(`discounts`)),
  `prepayments` longtext CHARACTER SET utf8mb4 COLLATE utf8mb4_bin DEFAULT NULL CHECK (json_valid(`prepayments`)),
  `guides` longtext CHARACTER SET utf8mb4 COLLATE utf8mb4_bin DEFAULT NULL CHECK (json_valid(`guides`)),
  `related` longtext CHARACTER SET utf8mb4 COLLATE utf8mb4_bin DEFAULT NULL CHECK (json_valid(`related`)),
  `perception` longtext CHARACTER SET utf8mb4 COLLATE utf8mb4_bin DEFAULT NULL CHECK (json_valid(`perception`)),
  `detraction` longtext CHARACTER SET utf8mb4 COLLATE utf8mb4_bin DEFAULT NULL CHECK (json_valid(`detraction`)),
  `legends` longtext CHARACTER SET utf8mb4 COLLATE utf8mb4_bin DEFAULT NULL CHECK (json_valid(`legends`)),
  `created_at` timestamp NULL DEFAULT NULL,
  `updated_at` timestamp NULL DEFAULT NULL,
  `deleted_at` timestamp NULL DEFAULT NULL,
  PRIMARY KEY (`id`),
  KEY `purchases_user_id_foreign` (`user_id`),
  KEY `purchases_establishment_id_foreign` (`establishment_id`),
  KEY `purchases_supplier_id_foreign` (`supplier_id`),
  KEY `purchases_soap_type_id_foreign` (`soap_type_id`),
  KEY `purchases_state_type_id_foreign` (`state_type_id`),
  KEY `purchases_group_id_foreign` (`group_id`),
  KEY `purchases_document_type_id_foreign` (`document_type_id`),
  KEY `purchases_currency_type_id_foreign` (`currency_type_id`),
  KEY `purchases_purchase_order_id_foreign` (`purchase_order_id`),
  KEY `purchases_customer_id_foreign` (`customer_id`),
  KEY `purchases_payment_condition_id_foreign` (`payment_condition_id`),
  CONSTRAINT `purchases_currency_type_id_foreign` FOREIGN KEY (`currency_type_id`) REFERENCES `cat_currency_types` (`id`),
  CONSTRAINT `purchases_customer_id_foreign` FOREIGN KEY (`customer_id`) REFERENCES `persons` (`id`),
  CONSTRAINT `purchases_document_type_id_foreign` FOREIGN KEY (`document_type_id`) REFERENCES `cat_document_types` (`id`),
  CONSTRAINT `purchases_establishment_id_foreign` FOREIGN KEY (`establishment_id`) REFERENCES `establishments` (`id`),
  CONSTRAINT `purchases_group_id_foreign` FOREIGN KEY (`group_id`) REFERENCES `groups` (`id`),
  CONSTRAINT `purchases_payment_condition_id_foreign` FOREIGN KEY (`payment_condition_id`) REFERENCES `general_payment_conditions` (`id`),
  CONSTRAINT `purchases_purchase_order_id_foreign` FOREIGN KEY (`purchase_order_id`) REFERENCES `purchase_orders` (`id`),
  CONSTRAINT `purchases_soap_type_id_foreign` FOREIGN KEY (`soap_type_id`) REFERENCES `soap_types` (`id`),
  CONSTRAINT `purchases_state_type_id_foreign` FOREIGN KEY (`state_type_id`) REFERENCES `state_types` (`id`),
  CONSTRAINT `purchases_supplier_id_foreign` FOREIGN KEY (`supplier_id`) REFERENCES `persons` (`id`),
  CONSTRAINT `purchases_user_id_foreign` FOREIGN KEY (`user_id`) REFERENCES `users` (`id`)
) ENGINE=InnoDB DEFAULT CHARSET=utf8mb4 COLLATE=utf8mb4_unicode_ci;

--
-- Dumping data for table `purchases`
--


--
-- Table structure for table `quotation_items`
--

CREATE TABLE `quotation_items` (
  `id` int(10) unsigned NOT NULL AUTO_INCREMENT,
  `quotation_id` int(10) unsigned NOT NULL,
  `item_id` int(10) unsigned NOT NULL,
  `item` longtext CHARACTER SET utf8mb4 COLLATE utf8mb4_bin NOT NULL CHECK (json_valid(`item`)),
  `quantity` decimal(12,4) NOT NULL,
  `unit_value` decimal(16,6) NOT NULL,
  `affectation_igv_type_id` varchar(255) COLLATE utf8mb4_unicode_ci NOT NULL,
  `total_base_igv` decimal(12,2) NOT NULL,
  `percentage_igv` decimal(12,2) NOT NULL,
  `total_igv` decimal(12,2) NOT NULL,
  `system_isc_type_id` varchar(255) COLLATE utf8mb4_unicode_ci DEFAULT NULL,
  `total_base_isc` decimal(12,2) NOT NULL DEFAULT 0.00,
  `percentage_isc` decimal(12,2) NOT NULL DEFAULT 0.00,
  `total_isc` decimal(12,2) NOT NULL DEFAULT 0.00,
  `total_base_other_taxes` decimal(12,2) NOT NULL DEFAULT 0.00,
  `percentage_other_taxes` decimal(12,2) NOT NULL DEFAULT 0.00,
  `total_other_taxes` decimal(12,2) NOT NULL DEFAULT 0.00,
  `total_taxes` decimal(12,2) NOT NULL,
  `price_type_id` varchar(255) COLLATE utf8mb4_unicode_ci NOT NULL,
  `unit_price` decimal(16,6) NOT NULL,
  `total_value` decimal(12,2) NOT NULL,
  `total_charge` decimal(12,2) NOT NULL DEFAULT 0.00,
  `total_discount` decimal(12,2) NOT NULL DEFAULT 0.00,
  `total` decimal(12,2) NOT NULL,
  `attributes` longtext CHARACTER SET utf8mb4 COLLATE utf8mb4_bin DEFAULT NULL CHECK (json_valid(`attributes`)),
  `discounts` longtext CHARACTER SET utf8mb4 COLLATE utf8mb4_bin DEFAULT NULL CHECK (json_valid(`discounts`)),
  `charges` longtext CHARACTER SET utf8mb4 COLLATE utf8mb4_bin DEFAULT NULL CHECK (json_valid(`charges`)),
  `additional_information` longtext COLLATE utf8mb4_unicode_ci DEFAULT NULL COMMENT 'Informacion adicional',
  `warehouse_id` int(10) unsigned DEFAULT 0 COMMENT 'Id de warehouse',
  `name_product_pdf` longtext COLLATE utf8mb4_unicode_ci DEFAULT NULL COMMENT 'Nombre de producto en el pdf',
  PRIMARY KEY (`id`),
  KEY `quotation_items_quotation_id_foreign` (`quotation_id`),
  KEY `quotation_items_item_id_foreign` (`item_id`),
  KEY `quotation_items_affectation_igv_type_id_foreign` (`affectation_igv_type_id`),
  KEY `quotation_items_system_isc_type_id_foreign` (`system_isc_type_id`),
  KEY `quotation_items_price_type_id_foreign` (`price_type_id`),
  CONSTRAINT `quotation_items_affectation_igv_type_id_foreign` FOREIGN KEY (`affectation_igv_type_id`) REFERENCES `cat_affectation_igv_types` (`id`),
  CONSTRAINT `quotation_items_item_id_foreign` FOREIGN KEY (`item_id`) REFERENCES `items` (`id`),
  CONSTRAINT `quotation_items_price_type_id_foreign` FOREIGN KEY (`price_type_id`) REFERENCES `cat_price_types` (`id`),
  CONSTRAINT `quotation_items_quotation_id_foreign` FOREIGN KEY (`quotation_id`) REFERENCES `quotations` (`id`) ON DELETE CASCADE,
  CONSTRAINT `quotation_items_system_isc_type_id_foreign` FOREIGN KEY (`system_isc_type_id`) REFERENCES `cat_system_isc_types` (`id`)
) ENGINE=InnoDB DEFAULT CHARSET=utf8mb4 COLLATE=utf8mb4_unicode_ci;

--
-- Dumping data for table `quotation_items`
--


--
-- Table structure for table `quotation_payments`
--

CREATE TABLE `quotation_payments` (
  `id` int(10) unsigned NOT NULL AUTO_INCREMENT,
  `quotation_id` int(10) unsigned NOT NULL,
  `date_of_payment` date NOT NULL,
  `payment_method_type_id` char(2) COLLATE utf8mb4_unicode_ci NOT NULL,
  `has_card` tinyint(1) NOT NULL DEFAULT 0,
  `card_brand_id` char(2) COLLATE utf8mb4_unicode_ci DEFAULT NULL,
  `reference` varchar(255) COLLATE utf8mb4_unicode_ci DEFAULT NULL,
  `change` decimal(12,2) DEFAULT NULL,
  `payment` decimal(12,2) NOT NULL,
  PRIMARY KEY (`id`),
  KEY `quotation_payments_quotation_id_foreign` (`quotation_id`),
  KEY `quotation_payments_card_brand_id_foreign` (`card_brand_id`),
  KEY `quotation_payments_payment_method_type_id_foreign` (`payment_method_type_id`),
  CONSTRAINT `quotation_payments_card_brand_id_foreign` FOREIGN KEY (`card_brand_id`) REFERENCES `card_brands` (`id`),
  CONSTRAINT `quotation_payments_payment_method_type_id_foreign` FOREIGN KEY (`payment_method_type_id`) REFERENCES `payment_method_types` (`id`),
  CONSTRAINT `quotation_payments_quotation_id_foreign` FOREIGN KEY (`quotation_id`) REFERENCES `quotations` (`id`) ON DELETE CASCADE
) ENGINE=InnoDB DEFAULT CHARSET=utf8mb4 COLLATE=utf8mb4_unicode_ci;

--
-- Dumping data for table `quotation_payments`
--


--
-- Table structure for table `quotations`
--

CREATE TABLE `quotations` (
  `id` int(10) unsigned NOT NULL AUTO_INCREMENT,
  `user_id` int(10) unsigned NOT NULL,
  `seller_id` int(10) unsigned DEFAULT NULL,
  `external_id` char(36) COLLATE utf8mb4_unicode_ci NOT NULL,
  `establishment_id` int(10) unsigned NOT NULL,
  `establishment` longtext CHARACTER SET utf8mb4 COLLATE utf8mb4_bin NOT NULL CHECK (json_valid(`establishment`)),
  `soap_type_id` char(2) COLLATE utf8mb4_unicode_ci NOT NULL,
  `state_type_id` char(2) COLLATE utf8mb4_unicode_ci NOT NULL,
  `prefix` char(3) COLLATE utf8mb4_unicode_ci NOT NULL,
  `date_of_issue` date NOT NULL,
  `time_of_issue` time NOT NULL,
  `date_of_due` varchar(255) COLLATE utf8mb4_unicode_ci DEFAULT NULL,
  `delivery_date` varchar(255) COLLATE utf8mb4_unicode_ci DEFAULT NULL,
  `customer_id` int(10) unsigned NOT NULL,
  `customer` longtext CHARACTER SET utf8mb4 COLLATE utf8mb4_bin NOT NULL CHECK (json_valid(`customer`)),
  `shipping_address` text COLLATE utf8mb4_unicode_ci DEFAULT NULL,
  `currency_type_id` varchar(255) COLLATE utf8mb4_unicode_ci NOT NULL,
  `payment_method_type_id` char(2) COLLATE utf8mb4_unicode_ci DEFAULT NULL,
  `exchange_rate_sale` decimal(13,3) NOT NULL,
  `total_prepayment` decimal(12,2) NOT NULL DEFAULT 0.00,
  `total_charge` decimal(12,2) NOT NULL DEFAULT 0.00,
  `total_discount` decimal(12,2) NOT NULL DEFAULT 0.00,
  `total_exportation` decimal(12,2) NOT NULL DEFAULT 0.00,
  `total_free` decimal(12,2) NOT NULL DEFAULT 0.00,
  `total_taxed` decimal(12,2) NOT NULL DEFAULT 0.00,
  `total_unaffected` decimal(12,2) NOT NULL DEFAULT 0.00,
  `total_exonerated` decimal(12,2) NOT NULL DEFAULT 0.00,
  `total_igv` decimal(12,2) NOT NULL DEFAULT 0.00,
  `total_igv_free` decimal(12,2) NOT NULL DEFAULT 0.00,
  `total_base_isc` decimal(12,2) NOT NULL DEFAULT 0.00,
  `total_isc` decimal(12,2) NOT NULL DEFAULT 0.00,
  `total_base_other_taxes` decimal(12,2) NOT NULL DEFAULT 0.00,
  `total_other_taxes` decimal(12,2) NOT NULL DEFAULT 0.00,
  `total_taxes` decimal(12,2) NOT NULL DEFAULT 0.00,
  `total_value` decimal(12,2) NOT NULL DEFAULT 0.00,
  `subtotal` decimal(12,2) NOT NULL DEFAULT 0.00,
  `total` decimal(12,2) NOT NULL,
  `charges` longtext CHARACTER SET utf8mb4 COLLATE utf8mb4_bin DEFAULT NULL CHECK (json_valid(`charges`)),
  `discounts` longtext CHARACTER SET utf8mb4 COLLATE utf8mb4_bin DEFAULT NULL CHECK (json_valid(`discounts`)),
  `prepayments` longtext CHARACTER SET utf8mb4 COLLATE utf8mb4_bin DEFAULT NULL CHECK (json_valid(`prepayments`)),
  `guides` longtext CHARACTER SET utf8mb4 COLLATE utf8mb4_bin DEFAULT NULL CHECK (json_valid(`guides`)),
  `related` longtext CHARACTER SET utf8mb4 COLLATE utf8mb4_bin DEFAULT NULL CHECK (json_valid(`related`)),
  `perception` longtext CHARACTER SET utf8mb4 COLLATE utf8mb4_bin DEFAULT NULL CHECK (json_valid(`perception`)),
  `detraction` longtext CHARACTER SET utf8mb4 COLLATE utf8mb4_bin DEFAULT NULL CHECK (json_valid(`detraction`)),
  `legends` longtext CHARACTER SET utf8mb4 COLLATE utf8mb4_bin DEFAULT NULL CHECK (json_valid(`legends`)),
  `filename` varchar(255) COLLATE utf8mb4_unicode_ci DEFAULT NULL,
  `terms_condition` text COLLATE utf8mb4_unicode_ci DEFAULT NULL,
  `referential_information` varchar(100) COLLATE utf8mb4_unicode_ci DEFAULT NULL,
  `account_number` varchar(255) COLLATE utf8mb4_unicode_ci DEFAULT NULL,
  `phone` varchar(255) COLLATE utf8mb4_unicode_ci DEFAULT NULL,
  `contact` varchar(255) COLLATE utf8mb4_unicode_ci DEFAULT NULL,
  `changed` tinyint(1) NOT NULL DEFAULT 0,
  `sale_opportunity_id` int(10) unsigned DEFAULT NULL,
  `created_at` timestamp NULL DEFAULT NULL,
  `updated_at` timestamp NULL DEFAULT NULL,
  `description` varchar(1000) COLLATE utf8mb4_unicode_ci DEFAULT NULL,
  PRIMARY KEY (`id`),
  KEY `quotations_user_id_foreign` (`user_id`),
  KEY `quotations_establishment_id_foreign` (`establishment_id`),
  KEY `quotations_customer_id_foreign` (`customer_id`),
  KEY `quotations_soap_type_id_foreign` (`soap_type_id`),
  KEY `quotations_state_type_id_foreign` (`state_type_id`),
  KEY `quotations_currency_type_id_foreign` (`currency_type_id`),
  KEY `quotations_payment_method_type_id_foreign` (`payment_method_type_id`),
  KEY `quotations_sale_opportunity_id_foreign` (`sale_opportunity_id`),
  CONSTRAINT `quotations_currency_type_id_foreign` FOREIGN KEY (`currency_type_id`) REFERENCES `cat_currency_types` (`id`),
  CONSTRAINT `quotations_customer_id_foreign` FOREIGN KEY (`customer_id`) REFERENCES `persons` (`id`),
  CONSTRAINT `quotations_establishment_id_foreign` FOREIGN KEY (`establishment_id`) REFERENCES `establishments` (`id`),
  CONSTRAINT `quotations_payment_method_type_id_foreign` FOREIGN KEY (`payment_method_type_id`) REFERENCES `payment_method_types` (`id`),
  CONSTRAINT `quotations_sale_opportunity_id_foreign` FOREIGN KEY (`sale_opportunity_id`) REFERENCES `sale_opportunities` (`id`),
  CONSTRAINT `quotations_soap_type_id_foreign` FOREIGN KEY (`soap_type_id`) REFERENCES `soap_types` (`id`),
  CONSTRAINT `quotations_state_type_id_foreign` FOREIGN KEY (`state_type_id`) REFERENCES `state_types` (`id`),
  CONSTRAINT `quotations_user_id_foreign` FOREIGN KEY (`user_id`) REFERENCES `users` (`id`)
) ENGINE=InnoDB DEFAULT CHARSET=utf8mb4 COLLATE=utf8mb4_unicode_ci;

--
-- Dumping data for table `quotations`
--


--
-- Table structure for table `rel_user_to_documentary_offices`
--

CREATE TABLE `rel_user_to_documentary_offices` (
  `id` int(10) unsigned NOT NULL AUTO_INCREMENT,
  `active` tinyint(3) unsigned NOT NULL DEFAULT 0,
  `user_id` int(10) unsigned NOT NULL DEFAULT 0 COMMENT 'usuario asociado',
  `documentary_office_id` int(10) unsigned NOT NULL DEFAULT 0 COMMENT 'etapa asociada',
  `created_at` timestamp NULL DEFAULT NULL,
  `updated_at` timestamp NULL DEFAULT NULL,
  PRIMARY KEY (`id`)
) ENGINE=InnoDB DEFAULT CHARSET=utf8mb4 COLLATE=utf8mb4_unicode_ci;

--
-- Dumping data for table `rel_user_to_documentary_offices`
--


--
-- Table structure for table `report_configurations`
--

CREATE TABLE `report_configurations` (
  `id` int(10) unsigned NOT NULL AUTO_INCREMENT,
  `route_name` varchar(255) COLLATE utf8mb4_unicode_ci NOT NULL,
  `route_path` varchar(255) COLLATE utf8mb4_unicode_ci NOT NULL,
  `name` varchar(255) COLLATE utf8mb4_unicode_ci NOT NULL,
  `convert_pen` tinyint(1) NOT NULL DEFAULT 0,
  `created_at` timestamp NULL DEFAULT NULL,
  `updated_at` timestamp NULL DEFAULT NULL,
  PRIMARY KEY (`id`),
  UNIQUE KEY `report_configurations_route_name_unique` (`route_name`),
  UNIQUE KEY `report_configurations_route_path_unique` (`route_path`)
) ENGINE=InnoDB AUTO_INCREMENT=4 DEFAULT CHARSET=utf8mb4 COLLATE=utf8mb4_unicode_ci;

--
-- Dumping data for table `report_configurations`
--

INSERT INTO `report_configurations` VALUES (1,'tenant.reports.general_items.index','reports/general-items','Ventas - Reporte general de productos',0,'2022-05-06 09:50:05','2022-05-06 09:50:05'),(2,'tenant.reports.purchases.general_items.index','reports/purchases/general_items','Compras - Reporte general de productos',0,'2022-05-06 09:50:05','2022-05-06 09:50:05'),(3,'tenant.reports.purchases.index','reports/purchases','Compras - Compras totales',0,'2022-05-06 09:50:05','2022-05-06 09:50:05');

--
-- Table structure for table `restaurant_configurations`
--

CREATE TABLE `restaurant_configurations` (
  `id` int(10) unsigned NOT NULL AUTO_INCREMENT,
  `menu_pos` tinyint(1) NOT NULL,
  `menu_order` tinyint(1) NOT NULL,
  `menu_tables` tinyint(1) NOT NULL,
  `first_menu` varchar(255) COLLATE utf8mb4_unicode_ci NOT NULL,
  `tables_quantity` int(11) NOT NULL DEFAULT 15,
  `menu_bar` tinyint(1) NOT NULL DEFAULT 1,
  `menu_kitchen` tinyint(1) NOT NULL DEFAULT 1,
  `items_maintenance` tinyint(1) NOT NULL DEFAULT 0,
  `enabled_environment_1` tinyint(1) NOT NULL DEFAULT 1,
  `enabled_environment_2` tinyint(1) NOT NULL DEFAULT 0,
  `tables_quantity_environment_2` int(11) NOT NULL DEFAULT 5,
  `enabled_environment_3` tinyint(1) NOT NULL DEFAULT 0,
  `tables_quantity_environment_3` int(11) NOT NULL DEFAULT 5,
  `enabled_environment_4` tinyint(1) NOT NULL DEFAULT 0,
  `tables_quantity_environment_4` int(11) NOT NULL DEFAULT 5,
  PRIMARY KEY (`id`)
) ENGINE=InnoDB AUTO_INCREMENT=2 DEFAULT CHARSET=utf8mb4 COLLATE=utf8mb4_unicode_ci;

--
-- Dumping data for table `restaurant_configurations`
--

INSERT INTO `restaurant_configurations` VALUES (1,1,1,1,'POS',15,1,1,0,1,0,5,0,5,0,5);

--
-- Table structure for table `restaurant_notes`
--

CREATE TABLE `restaurant_notes` (
  `id` int(10) unsigned NOT NULL AUTO_INCREMENT,
  `description` varchar(255) COLLATE utf8mb4_unicode_ci NOT NULL,
  PRIMARY KEY (`id`)
) ENGINE=InnoDB DEFAULT CHARSET=utf8mb4 COLLATE=utf8mb4_unicode_ci;

--
-- Dumping data for table `restaurant_notes`
--


--
-- Table structure for table `restaurant_roles`
--

CREATE TABLE `restaurant_roles` (
  `id` int(10) unsigned NOT NULL AUTO_INCREMENT,
  `code` varchar(255) COLLATE utf8mb4_unicode_ci NOT NULL,
  `name` varchar(255) COLLATE utf8mb4_unicode_ci NOT NULL,
  `description` varchar(255) COLLATE utf8mb4_unicode_ci NOT NULL,
  `created_at` timestamp NULL DEFAULT NULL,
  `updated_at` timestamp NULL DEFAULT NULL,
  PRIMARY KEY (`id`)
) ENGINE=InnoDB AUTO_INCREMENT=7 DEFAULT CHARSET=utf8mb4 COLLATE=utf8mb4_unicode_ci;

--
-- Dumping data for table `restaurant_roles`
--

INSERT INTO `restaurant_roles` VALUES (1,'MOZO','Mozo','Usuario que genera pedidos en mesas',NULL,NULL),(2,'CAJA','Caja','Usuario que genera pago de pedidos',NULL,NULL),(3,'ADM','Administrador','Usuario con permisos totales',NULL,NULL),(6,'KITBAR','Cocina/Bar','Usuario con acceso a cocina y bar',NULL,NULL);

--
-- Table structure for table `restaurant_table_envs`
--

CREATE TABLE `restaurant_table_envs` (
  `id` int(10) unsigned NOT NULL,
  `name` varchar(255) COLLATE utf8mb4_unicode_ci NOT NULL,
  `active` tinyint(1) NOT NULL,
  `tables_quantity` int(11) NOT NULL,
  PRIMARY KEY (`id`)
) ENGINE=InnoDB DEFAULT CHARSET=utf8mb4 COLLATE=utf8mb4_unicode_ci;

--
-- Dumping data for table `restaurant_table_envs`
--

INSERT INTO `restaurant_table_envs` VALUES (1,'Ambiente 1',1,25),(2,'Ambiente 2',1,25),(3,'Ambiente 3',1,25),(4,'Ambiente 4',1,25);

--
-- Table structure for table `restaurant_tables`
--

CREATE TABLE `restaurant_tables` (
  `id` int(10) unsigned NOT NULL AUTO_INCREMENT,
  `status` varchar(255) COLLATE utf8mb4_unicode_ci NOT NULL,
  `products` longtext CHARACTER SET utf8mb4 COLLATE utf8mb4_bin DEFAULT NULL CHECK (json_valid(`products`)),
  `total` decimal(12,2) NOT NULL,
  `personas` int(11) NOT NULL,
  `cliente` varchar(255) COLLATE utf8mb4_unicode_ci DEFAULT NULL,
  `comentarios` varchar(255) COLLATE utf8mb4_unicode_ci DEFAULT NULL,
  `label` varchar(255) COLLATE utf8mb4_unicode_ci NOT NULL,
  `shape` varchar(255) COLLATE utf8mb4_unicode_ci NOT NULL,
  `environment` varchar(255) COLLATE utf8mb4_unicode_ci NOT NULL,
  `waiter` varchar(255) COLLATE utf8mb4_unicode_ci DEFAULT NULL,
  PRIMARY KEY (`id`)
) ENGINE=InnoDB DEFAULT CHARSET=utf8mb4 COLLATE=utf8mb4_unicode_ci;

--
-- Dumping data for table `restaurant_tables`
--


--
-- Table structure for table `retention_documents`
--

CREATE TABLE `retention_documents` (
  `id` int(10) unsigned NOT NULL AUTO_INCREMENT,
  `retention_id` int(10) unsigned NOT NULL,
  `document_type_id` varchar(255) COLLATE utf8mb4_unicode_ci NOT NULL,
  `series` varchar(255) COLLATE utf8mb4_unicode_ci NOT NULL,
  `number` varchar(255) COLLATE utf8mb4_unicode_ci NOT NULL,
  `date_of_issue` date NOT NULL,
  `currency_type_id` varchar(255) COLLATE utf8mb4_unicode_ci NOT NULL,
  `total_document` decimal(10,2) NOT NULL,
  `payments` longtext CHARACTER SET utf8mb4 COLLATE utf8mb4_bin NOT NULL CHECK (json_valid(`payments`)),
  `exchange_rate` longtext CHARACTER SET utf8mb4 COLLATE utf8mb4_bin NOT NULL CHECK (json_valid(`exchange_rate`)),
  `date_of_retention` date NOT NULL,
  `total_retention` decimal(10,2) NOT NULL,
  `total_to_pay` decimal(10,2) NOT NULL,
  `total_payment` decimal(10,2) NOT NULL,
  PRIMARY KEY (`id`),
  KEY `retention_documents_retention_id_foreign` (`retention_id`),
  KEY `retention_documents_document_type_id_foreign` (`document_type_id`),
  KEY `retention_documents_currency_type_id_foreign` (`currency_type_id`),
  CONSTRAINT `retention_documents_currency_type_id_foreign` FOREIGN KEY (`currency_type_id`) REFERENCES `cat_currency_types` (`id`),
  CONSTRAINT `retention_documents_document_type_id_foreign` FOREIGN KEY (`document_type_id`) REFERENCES `cat_document_types` (`id`),
  CONSTRAINT `retention_documents_retention_id_foreign` FOREIGN KEY (`retention_id`) REFERENCES `retentions` (`id`) ON DELETE CASCADE
) ENGINE=InnoDB DEFAULT CHARSET=utf8mb4 COLLATE=utf8mb4_unicode_ci;

--
-- Dumping data for table `retention_documents`
--


--
-- Table structure for table `sale_note_items`
--

CREATE TABLE `sale_note_items` (
  `id` int(10) unsigned NOT NULL AUTO_INCREMENT,
  `sale_note_id` int(10) unsigned NOT NULL,
  `item_id` int(10) unsigned NOT NULL,
  `item` longtext CHARACTER SET utf8mb4 COLLATE utf8mb4_bin NOT NULL CHECK (json_valid(`item`)),
  `quantity` decimal(12,4) NOT NULL,
  `unit_value` decimal(16,6) NOT NULL,
  `affectation_igv_type_id` varchar(255) COLLATE utf8mb4_unicode_ci NOT NULL,
  `total_base_igv` decimal(12,2) NOT NULL,
  `percentage_igv` decimal(12,2) NOT NULL,
  `total_igv` decimal(12,2) NOT NULL,
  `system_isc_type_id` varchar(255) COLLATE utf8mb4_unicode_ci DEFAULT NULL,
  `total_base_isc` decimal(12,2) NOT NULL DEFAULT 0.00,
  `percentage_isc` decimal(12,2) NOT NULL DEFAULT 0.00,
  `total_isc` decimal(12,2) NOT NULL DEFAULT 0.00,
  `total_base_other_taxes` decimal(12,2) NOT NULL DEFAULT 0.00,
  `percentage_other_taxes` decimal(12,2) NOT NULL DEFAULT 0.00,
  `total_other_taxes` decimal(12,2) NOT NULL DEFAULT 0.00,
  `total_plastic_bag_taxes` decimal(6,2) NOT NULL DEFAULT 0.00,
  `total_taxes` decimal(12,2) NOT NULL,
  `price_type_id` varchar(255) COLLATE utf8mb4_unicode_ci NOT NULL,
  `unit_price` decimal(16,6) NOT NULL,
  `total_value` decimal(12,2) NOT NULL,
  `total_charge` decimal(12,2) NOT NULL DEFAULT 0.00,
  `total_discount` decimal(12,2) NOT NULL DEFAULT 0.00,
  `total` decimal(12,2) NOT NULL,
  `attributes` longtext CHARACTER SET utf8mb4 COLLATE utf8mb4_bin DEFAULT NULL CHECK (json_valid(`attributes`)),
  `discounts` longtext CHARACTER SET utf8mb4 COLLATE utf8mb4_bin DEFAULT NULL CHECK (json_valid(`discounts`)),
  `charges` longtext CHARACTER SET utf8mb4 COLLATE utf8mb4_bin DEFAULT NULL CHECK (json_valid(`charges`)),
  `additional_information` text COLLATE utf8mb4_unicode_ci DEFAULT NULL,
  `inventory_kardex_id` int(10) unsigned DEFAULT NULL,
  `warehouse_id` int(10) unsigned DEFAULT NULL,
  `name_product_pdf` longtext COLLATE utf8mb4_unicode_ci DEFAULT NULL,
  PRIMARY KEY (`id`),
  KEY `sale_note_items_sale_note_id_foreign` (`sale_note_id`),
  KEY `sale_note_items_item_id_foreign` (`item_id`),
  KEY `sale_note_items_affectation_igv_type_id_foreign` (`affectation_igv_type_id`),
  KEY `sale_note_items_system_isc_type_id_foreign` (`system_isc_type_id`),
  KEY `sale_note_items_price_type_id_foreign` (`price_type_id`),
  KEY `sale_note_items_inventory_kardex_id_foreign` (`inventory_kardex_id`),
  KEY `sale_note_items_warehouse_id_foreign` (`warehouse_id`),
  CONSTRAINT `sale_note_items_affectation_igv_type_id_foreign` FOREIGN KEY (`affectation_igv_type_id`) REFERENCES `cat_affectation_igv_types` (`id`),
  CONSTRAINT `sale_note_items_inventory_kardex_id_foreign` FOREIGN KEY (`inventory_kardex_id`) REFERENCES `inventory_kardex` (`id`),
  CONSTRAINT `sale_note_items_item_id_foreign` FOREIGN KEY (`item_id`) REFERENCES `items` (`id`),
  CONSTRAINT `sale_note_items_price_type_id_foreign` FOREIGN KEY (`price_type_id`) REFERENCES `cat_price_types` (`id`),
  CONSTRAINT `sale_note_items_sale_note_id_foreign` FOREIGN KEY (`sale_note_id`) REFERENCES `sale_notes` (`id`) ON DELETE CASCADE,
  CONSTRAINT `sale_note_items_system_isc_type_id_foreign` FOREIGN KEY (`system_isc_type_id`) REFERENCES `cat_system_isc_types` (`id`),
  CONSTRAINT `sale_note_items_warehouse_id_foreign` FOREIGN KEY (`warehouse_id`) REFERENCES `warehouses` (`id`)
) ENGINE=InnoDB AUTO_INCREMENT=121 DEFAULT CHARSET=utf8mb4 COLLATE=utf8mb4_unicode_ci;

--
-- Dumping data for table `sale_note_items`
--

INSERT INTO `sale_note_items` VALUES (27,16,371,'{\"stock\":\"8.0000\",\"id\":371,\"item_id\":371,\"full_description\":\"ACOPLE COMPRENSION PVC 1\\/2 \\\"\",\"name\":null,\"second_name\":null,\"description\":\"ACOPLE COMPRENSION PVC 1\\/2 \\\"\",\"currency_type_id\":\"PEN\",\"internal_id\":null,\"currency_type_symbol\":\"S\\/\",\"sale_unit_price\":\"12.00\",\"purchase_unit_price\":\"5.810000\",\"unit_type_id\":\"NIU\",\"sale_affectation_igv_type_id\":\"20\",\"purchase_affectation_igv_type_id\":\"20\",\"calculate_quantity\":false,\"has_igv\":true,\"is_set\":false,\"active\":1,\"edit_unit_price\":false,\"aux_quantity\":1,\"edit_sale_unit_price\":\"12.00\",\"aux_sale_unit_price\":\"12.00\",\"image_url\":\"https:\\/\\/dariana.softlte.net.pe\\/logo\\/imagen-no-disponible.jpg\",\"warehouses\":[{\"warehouse_description\":\"Almac\\u00e9n Oficina Principal\",\"stock\":\"8.0000\"}],\"category_id\":0,\"sets\":[],\"unit_type\":[],\"category\":null,\"brand\":null,\"has_plastic_bag_taxes\":false,\"amount_plastic_bag_taxes\":\"0.10\",\"has_isc\":false,\"system_isc_type_id\":null,\"percentage_isc\":\"0.00\",\"unit_price\":\"12.00\"}',1.0000,12.000000,'20',12.00,18.00,0.00,NULL,0.00,0.00,0.00,0.00,0.00,0.00,0.00,0.00,'01',12.000000,12.00,0.00,0.00,12.00,'[]','[]','[]',NULL,798,NULL,NULL),(28,17,323,'{\"stock\":\"200.0000\",\"id\":323,\"item_id\":323,\"full_description\":\"ASK08821 - DISCO DE CORTE P\\/ACERO INOX 115MMX 22.23MM\",\"name\":null,\"second_name\":null,\"description\":\"DISCO DE CORTE P\\/ACERO INOX 115MMX 22.23MM  - ASAKI\",\"currency_type_id\":\"PEN\",\"internal_id\":\"ASK08821\",\"currency_type_symbol\":\"S\\/\",\"sale_unit_price\":\"4.00\",\"purchase_unit_price\":\"1.300000\",\"unit_type_id\":\"NIU\",\"sale_affectation_igv_type_id\":\"20\",\"purchase_affectation_igv_type_id\":\"20\",\"calculate_quantity\":false,\"has_igv\":true,\"is_set\":false,\"active\":1,\"edit_unit_price\":false,\"aux_quantity\":\"6\",\"edit_sale_unit_price\":\"4.00\",\"aux_sale_unit_price\":\"4.00\",\"image_url\":\"https:\\/\\/dariana.softlte.net.pe\\/logo\\/imagen-no-disponible.jpg\",\"warehouses\":[{\"warehouse_description\":\"Almac\\u00e9n Oficina Principal\",\"stock\":\"200.0000\"}],\"category_id\":0,\"sets\":[],\"unit_type\":[],\"category\":null,\"brand\":\"ASAKI\",\"has_plastic_bag_taxes\":false,\"amount_plastic_bag_taxes\":\"0.10\",\"has_isc\":false,\"system_isc_type_id\":null,\"percentage_isc\":\"0.00\",\"unit_price\":\"4.00\"}',6.0000,4.000000,'20',24.00,18.00,0.00,NULL,0.00,0.00,0.00,0.00,0.00,0.00,0.00,0.00,'01',4.000000,24.00,0.00,0.00,24.00,'[]','[]','[]',NULL,800,NULL,NULL),(29,17,352,'{\"stock\":\"20.0000\",\"id\":352,\"item_id\":352,\"full_description\":\"DISCOS DIAMANTADOS CONTINUOS 4-1\\/2\\\", ACABADO FINO\",\"name\":null,\"second_name\":null,\"description\":\"DISCOS DIAMANTADOS CONTINUOS 4-1\\/2\\\", ACABADO FINO\",\"currency_type_id\":\"PEN\",\"internal_id\":null,\"currency_type_symbol\":\"S\\/\",\"sale_unit_price\":\"37.00\",\"purchase_unit_price\":\"17.750000\",\"unit_type_id\":\"NIU\",\"sale_affectation_igv_type_id\":\"20\",\"purchase_affectation_igv_type_id\":\"20\",\"calculate_quantity\":false,\"has_igv\":true,\"is_set\":false,\"active\":1,\"edit_unit_price\":false,\"aux_quantity\":\"4\",\"edit_sale_unit_price\":\"37.00\",\"aux_sale_unit_price\":\"37.00\",\"image_url\":\"https:\\/\\/dariana.softlte.net.pe\\/logo\\/imagen-no-disponible.jpg\",\"warehouses\":[{\"warehouse_description\":\"Almac\\u00e9n Oficina Principal\",\"stock\":\"20.0000\"}],\"category_id\":0,\"sets\":[],\"unit_type\":[],\"category\":null,\"brand\":null,\"has_plastic_bag_taxes\":false,\"amount_plastic_bag_taxes\":\"0.10\",\"has_isc\":false,\"system_isc_type_id\":null,\"percentage_isc\":\"0.00\",\"unit_price\":\"37.00\"}',4.0000,37.000000,'20',148.00,18.00,0.00,NULL,0.00,0.00,0.00,0.00,0.00,0.00,0.00,0.00,'01',37.000000,148.00,0.00,0.00,148.00,'[]','[]','[]',NULL,801,NULL,NULL),(30,18,353,'{\"stock\":\"30.0000\",\"id\":353,\"item_id\":353,\"full_description\":\"TUBO LED T8 18W 120 CM LUZ DIA BLANCO\",\"name\":null,\"second_name\":null,\"description\":\"TUBO LED T8 18W 120 CM LUZ DIA BLANCO\",\"currency_type_id\":\"PEN\",\"internal_id\":null,\"currency_type_symbol\":\"S\\/\",\"sale_unit_price\":\"12.00\",\"purchase_unit_price\":\"7.200000\",\"unit_type_id\":\"NIU\",\"sale_affectation_igv_type_id\":\"20\",\"purchase_affectation_igv_type_id\":\"20\",\"calculate_quantity\":false,\"has_igv\":true,\"is_set\":false,\"active\":1,\"edit_unit_price\":false,\"aux_quantity\":\"4\",\"edit_sale_unit_price\":\"12.00\",\"aux_sale_unit_price\":\"12.00\",\"image_url\":\"https:\\/\\/dariana.softlte.net.pe\\/logo\\/imagen-no-disponible.jpg\",\"warehouses\":[{\"warehouse_description\":\"Almac\\u00e9n Oficina Principal\",\"stock\":\"30.0000\"}],\"category_id\":0,\"sets\":[],\"unit_type\":[],\"category\":null,\"brand\":null,\"has_plastic_bag_taxes\":false,\"amount_plastic_bag_taxes\":\"0.10\",\"has_isc\":false,\"system_isc_type_id\":null,\"percentage_isc\":\"0.00\",\"unit_price\":\"12.00\"}',4.0000,12.000000,'20',48.00,18.00,0.00,NULL,0.00,0.00,0.00,0.00,0.00,0.00,0.00,0.00,'01',12.000000,48.00,0.00,0.00,48.00,'[]','[]','[]',NULL,802,NULL,NULL),(31,19,355,'{\"stock\":\"12.0000\",\"id\":355,\"item_id\":355,\"full_description\":\"LLAVE MIXTA 11MM\",\"name\":null,\"second_name\":null,\"description\":\"LLAVE MIXTA 11MM\",\"currency_type_id\":\"PEN\",\"internal_id\":null,\"currency_type_symbol\":\"S\\/\",\"sale_unit_price\":\"5.00\",\"purchase_unit_price\":\"2.310000\",\"unit_type_id\":\"NIU\",\"sale_affectation_igv_type_id\":\"20\",\"purchase_affectation_igv_type_id\":\"20\",\"calculate_quantity\":false,\"has_igv\":true,\"is_set\":false,\"active\":1,\"edit_unit_price\":false,\"aux_quantity\":\"4\",\"edit_sale_unit_price\":\"5.00\",\"aux_sale_unit_price\":\"5.00\",\"image_url\":\"https:\\/\\/dariana.softlte.net.pe\\/logo\\/imagen-no-disponible.jpg\",\"warehouses\":[{\"warehouse_description\":\"Almac\\u00e9n Oficina Principal\",\"stock\":\"12.0000\"}],\"category_id\":0,\"sets\":[],\"unit_type\":[],\"category\":null,\"brand\":null,\"has_plastic_bag_taxes\":false,\"amount_plastic_bag_taxes\":\"0.10\",\"has_isc\":false,\"system_isc_type_id\":null,\"percentage_isc\":\"0.00\",\"unit_price\":\"5.00\"}',4.0000,5.000000,'20',20.00,18.00,0.00,NULL,0.00,0.00,0.00,0.00,0.00,0.00,0.00,0.00,'01',5.000000,20.00,0.00,0.00,20.00,'[]','[]','[]',NULL,803,NULL,NULL),(32,19,338,'{\"stock\":\"12.0000\",\"id\":338,\"item_id\":338,\"full_description\":\"PLANCHA P\\/EMPASTAR USO MANGO PVC AZUL \\\" DENACET\\\"\",\"name\":null,\"second_name\":null,\"description\":\"PLANCHA P\\/EMPASTAR USO MANGO PVC AZUL \\\" DENACET\\\"\",\"currency_type_id\":\"PEN\",\"internal_id\":null,\"currency_type_symbol\":\"S\\/\",\"sale_unit_price\":\"13.00\",\"purchase_unit_price\":\"100.800000\",\"unit_type_id\":\"NIU\",\"sale_affectation_igv_type_id\":\"20\",\"purchase_affectation_igv_type_id\":\"20\",\"calculate_quantity\":false,\"has_igv\":true,\"is_set\":false,\"active\":1,\"edit_unit_price\":false,\"aux_quantity\":\"4\",\"edit_sale_unit_price\":\"13.00\",\"aux_sale_unit_price\":\"13.00\",\"image_url\":\"https:\\/\\/dariana.softlte.net.pe\\/logo\\/imagen-no-disponible.jpg\",\"warehouses\":[{\"warehouse_description\":\"Almac\\u00e9n Oficina Principal\",\"stock\":\"12.0000\"}],\"category_id\":0,\"sets\":[],\"unit_type\":[],\"category\":null,\"brand\":null,\"has_plastic_bag_taxes\":false,\"amount_plastic_bag_taxes\":\"0.10\",\"has_isc\":false,\"system_isc_type_id\":null,\"percentage_isc\":\"0.00\",\"unit_price\":\"13.00\"}',4.0000,13.000000,'20',52.00,18.00,0.00,NULL,0.00,0.00,0.00,0.00,0.00,0.00,0.00,0.00,'01',13.000000,52.00,0.00,0.00,52.00,'[]','[]','[]',NULL,804,NULL,NULL),(33,19,344,'{\"stock\":\"12.0000\",\"id\":344,\"item_id\":344,\"full_description\":\"ESPATULA FLEXIBLE M\\/GOMA 2P (140472)\",\"name\":null,\"second_name\":null,\"description\":\"ESPATULA FLEXIBLE M\\/GOMA 2P (140472)\",\"currency_type_id\":\"PEN\",\"internal_id\":null,\"currency_type_symbol\":\"S\\/\",\"sale_unit_price\":\"6.00\",\"purchase_unit_price\":\"2.800000\",\"unit_type_id\":\"NIU\",\"sale_affectation_igv_type_id\":\"20\",\"purchase_affectation_igv_type_id\":\"20\",\"calculate_quantity\":false,\"has_igv\":true,\"is_set\":false,\"active\":1,\"edit_unit_price\":false,\"aux_quantity\":\"4\",\"edit_sale_unit_price\":\"6.00\",\"aux_sale_unit_price\":\"6.00\",\"image_url\":\"https:\\/\\/dariana.softlte.net.pe\\/logo\\/imagen-no-disponible.jpg\",\"warehouses\":[{\"warehouse_description\":\"Almac\\u00e9n Oficina Principal\",\"stock\":\"12.0000\"}],\"category_id\":0,\"sets\":[],\"unit_type\":[],\"category\":null,\"brand\":null,\"has_plastic_bag_taxes\":false,\"amount_plastic_bag_taxes\":\"0.10\",\"has_isc\":false,\"system_isc_type_id\":null,\"percentage_isc\":\"0.00\",\"unit_price\":\"6.00\"}',4.0000,6.000000,'20',24.00,18.00,0.00,NULL,0.00,0.00,0.00,0.00,0.00,0.00,0.00,0.00,'01',6.000000,24.00,0.00,0.00,24.00,'[]','[]','[]',NULL,805,NULL,NULL),(34,19,352,'{\"stock\":\"16.0000\",\"id\":352,\"item_id\":352,\"full_description\":\"DISCOS DIAMANTADOS CONTINUOS 4-1\\/2\\\", ACABADO FINO\",\"name\":null,\"second_name\":null,\"description\":\"DISCOS DIAMANTADOS CONTINUOS 4-1\\/2\\\", ACABADO FINO\",\"currency_type_id\":\"PEN\",\"internal_id\":null,\"currency_type_symbol\":\"S\\/\",\"sale_unit_price\":\"37.00\",\"purchase_unit_price\":\"17.750000\",\"unit_type_id\":\"NIU\",\"sale_affectation_igv_type_id\":\"20\",\"purchase_affectation_igv_type_id\":\"20\",\"calculate_quantity\":false,\"has_igv\":true,\"is_set\":false,\"active\":1,\"edit_unit_price\":false,\"aux_quantity\":\"4\",\"edit_sale_unit_price\":\"37.00\",\"aux_sale_unit_price\":\"37.00\",\"image_url\":\"https:\\/\\/dariana.softlte.net.pe\\/logo\\/imagen-no-disponible.jpg\",\"warehouses\":[{\"warehouse_description\":\"Almac\\u00e9n Oficina Principal\",\"stock\":\"16.0000\"}],\"category_id\":0,\"sets\":[],\"unit_type\":[],\"category\":null,\"brand\":null,\"has_plastic_bag_taxes\":false,\"amount_plastic_bag_taxes\":\"0.10\",\"has_isc\":false,\"system_isc_type_id\":null,\"percentage_isc\":\"0.00\",\"unit_price\":\"37.00\"}',4.0000,37.000000,'20',148.00,18.00,0.00,NULL,0.00,0.00,0.00,0.00,0.00,0.00,0.00,0.00,'01',37.000000,148.00,0.00,0.00,148.00,'[]','[]','[]',NULL,806,NULL,NULL),(35,19,323,'{\"stock\":\"194.0000\",\"id\":323,\"item_id\":323,\"full_description\":\"ASK08821 - DISCO DE CORTE P\\/ACERO INOX 115MMX 22.23MM\",\"name\":null,\"second_name\":null,\"description\":\"DISCO DE CORTE P\\/ACERO INOX 115MMX 22.23MM  - ASAKI\",\"currency_type_id\":\"PEN\",\"internal_id\":\"ASK08821\",\"currency_type_symbol\":\"S\\/\",\"sale_unit_price\":\"4.00\",\"purchase_unit_price\":\"1.300000\",\"unit_type_id\":\"NIU\",\"sale_affectation_igv_type_id\":\"20\",\"purchase_affectation_igv_type_id\":\"20\",\"calculate_quantity\":false,\"has_igv\":true,\"is_set\":false,\"active\":1,\"edit_unit_price\":false,\"aux_quantity\":\"6\",\"edit_sale_unit_price\":\"4.00\",\"aux_sale_unit_price\":\"4.00\",\"image_url\":\"https:\\/\\/dariana.softlte.net.pe\\/logo\\/imagen-no-disponible.jpg\",\"warehouses\":[{\"warehouse_description\":\"Almac\\u00e9n Oficina Principal\",\"stock\":\"194.0000\"}],\"category_id\":0,\"sets\":[],\"unit_type\":[],\"category\":null,\"brand\":\"ASAKI\",\"has_plastic_bag_taxes\":false,\"amount_plastic_bag_taxes\":\"0.10\",\"has_isc\":false,\"system_isc_type_id\":null,\"percentage_isc\":\"0.00\",\"unit_price\":\"4.00\"}',6.0000,4.000000,'20',24.00,18.00,0.00,NULL,0.00,0.00,0.00,0.00,0.00,0.00,0.00,0.00,'01',4.000000,24.00,0.00,0.00,24.00,'[]','[]','[]',NULL,807,NULL,NULL),(36,20,760,'{\"stock\":\"30.0000\",\"id\":760,\"item_id\":760,\"full_description\":\"precinto de nylon\",\"name\":null,\"second_name\":null,\"description\":\"precinto de nylon\",\"currency_type_id\":\"PEN\",\"internal_id\":null,\"currency_type_symbol\":\"S\\/\",\"sale_unit_price\":\"10.00\",\"purchase_unit_price\":\"2.600000\",\"unit_type_id\":\"NIU\",\"sale_affectation_igv_type_id\":\"20\",\"purchase_affectation_igv_type_id\":\"20\",\"calculate_quantity\":false,\"has_igv\":true,\"is_set\":false,\"active\":1,\"edit_unit_price\":false,\"aux_quantity\":\"2\",\"edit_sale_unit_price\":\"10.00\",\"aux_sale_unit_price\":\"10.00\",\"image_url\":\"https:\\/\\/dariana.softlte.net.pe\\/logo\\/imagen-no-disponible.jpg\",\"warehouses\":[{\"warehouse_description\":\"Almac\\u00e9n Oficina Principal\",\"stock\":\"30.0000\"}],\"category_id\":0,\"sets\":[],\"unit_type\":[],\"category\":null,\"brand\":null,\"has_plastic_bag_taxes\":false,\"amount_plastic_bag_taxes\":\"0.10\",\"has_isc\":false,\"system_isc_type_id\":null,\"percentage_isc\":\"0.00\",\"unit_price\":\"10.00\"}',2.0000,10.000000,'20',20.00,18.00,0.00,NULL,0.00,0.00,0.00,0.00,0.00,0.00,0.00,0.00,'01',10.000000,20.00,0.00,0.00,20.00,'[]','[]','[]',NULL,830,NULL,NULL),(37,20,513,'{\"stock\":\"190.0000\",\"id\":513,\"item_id\":513,\"full_description\":\"TOMA EMPOTRADO DOBLE BTICINO DOMINO SENCIA\",\"name\":null,\"second_name\":null,\"description\":\"TOMA EMPOTRADO DOBLE BTICINO DOMINO SENCIA\",\"currency_type_id\":\"PEN\",\"internal_id\":null,\"currency_type_symbol\":\"S\\/\",\"sale_unit_price\":\"10.00\",\"purchase_unit_price\":\"3.500000\",\"unit_type_id\":\"NIU\",\"sale_affectation_igv_type_id\":\"20\",\"purchase_affectation_igv_type_id\":\"20\",\"calculate_quantity\":false,\"has_igv\":true,\"is_set\":false,\"active\":1,\"edit_unit_price\":false,\"aux_quantity\":\"12\",\"edit_sale_unit_price\":\"10.00\",\"aux_sale_unit_price\":\"10.00\",\"image_url\":\"https:\\/\\/dariana.softlte.net.pe\\/logo\\/imagen-no-disponible.jpg\",\"warehouses\":[{\"warehouse_description\":\"Almac\\u00e9n Oficina Principal\",\"stock\":\"190.0000\"}],\"category_id\":0,\"sets\":[],\"unit_type\":[],\"category\":null,\"brand\":null,\"has_plastic_bag_taxes\":false,\"amount_plastic_bag_taxes\":\"0.10\",\"has_isc\":false,\"system_isc_type_id\":null,\"percentage_isc\":\"0.00\",\"unit_price\":\"10.00\"}',12.0000,10.000000,'20',120.00,18.00,0.00,NULL,0.00,0.00,0.00,0.00,0.00,0.00,0.00,0.00,'01',10.000000,120.00,0.00,0.00,120.00,'[]','[]','[]',NULL,831,NULL,NULL),(38,21,416,'{\"stock\":\"3.0000\",\"id\":416,\"item_id\":416,\"full_description\":\"ESCALERA DE TIJERA TIPO II, 7 PELA\\u00d1OS\",\"name\":null,\"second_name\":null,\"description\":\"ESCALERA DE TIJERA TIPO II, 7 PELA\\u00d1OS\",\"currency_type_id\":\"PEN\",\"internal_id\":null,\"currency_type_symbol\":\"S\\/\",\"sale_unit_price\":\"430.00\",\"purchase_unit_price\":\"957.810000\",\"unit_type_id\":\"NIU\",\"sale_affectation_igv_type_id\":\"20\",\"purchase_affectation_igv_type_id\":\"20\",\"calculate_quantity\":false,\"has_igv\":true,\"is_set\":false,\"active\":1,\"edit_unit_price\":false,\"aux_quantity\":\"2\",\"edit_sale_unit_price\":\"430.00\",\"aux_sale_unit_price\":\"430.00\",\"image_url\":\"https:\\/\\/dariana.softlte.net.pe\\/storage\\/uploads\\/items\\/escalera-de-tijera-tipo-ii-7-pelanos-20220413113335.jpg\",\"warehouses\":[{\"warehouse_description\":\"Almac\\u00e9n Oficina Principal\",\"stock\":\"3.0000\"}],\"category_id\":0,\"sets\":[],\"unit_type\":[],\"category\":null,\"brand\":null,\"has_plastic_bag_taxes\":false,\"amount_plastic_bag_taxes\":\"0.10\",\"has_isc\":false,\"system_isc_type_id\":null,\"percentage_isc\":\"0.00\",\"unit_price\":\"430.00\"}',2.0000,430.000000,'20',860.00,18.00,0.00,NULL,0.00,0.00,0.00,0.00,0.00,0.00,0.00,0.00,'01',430.000000,860.00,0.00,0.00,860.00,'[]','[]','[]',NULL,872,NULL,NULL),(39,22,777,'{\"stock\":\"200.0000\",\"id\":777,\"item_id\":777,\"full_description\":\"ALAMBRE QUEMADO #16\",\"name\":null,\"second_name\":null,\"description\":\"ALAMBRE QUEMADO #16\",\"currency_type_id\":\"PEN\",\"internal_id\":null,\"currency_type_symbol\":\"S\\/\",\"sale_unit_price\":\"7.00\",\"purchase_unit_price\":\"5.750000\",\"unit_type_id\":\"KGM\",\"sale_affectation_igv_type_id\":\"20\",\"purchase_affectation_igv_type_id\":\"20\",\"calculate_quantity\":false,\"has_igv\":true,\"is_set\":false,\"active\":1,\"edit_unit_price\":false,\"aux_quantity\":\"5\",\"edit_sale_unit_price\":\"7.00\",\"aux_sale_unit_price\":\"7.00\",\"image_url\":\"https:\\/\\/dariana.softlte.net.pe\\/storage\\/uploads\\/items\\/alambre-quemado-16-20220413092405.jpg\",\"warehouses\":[{\"warehouse_description\":\"Almac\\u00e9n Oficina Principal\",\"stock\":\"200.0000\"}],\"category_id\":0,\"sets\":[],\"unit_type\":[],\"category\":null,\"brand\":null,\"has_plastic_bag_taxes\":false,\"amount_plastic_bag_taxes\":\"0.10\",\"has_isc\":false,\"system_isc_type_id\":null,\"percentage_isc\":\"0.00\",\"unit_price\":\"7.00\"}',5.0000,7.000000,'20',35.00,18.00,0.00,NULL,0.00,0.00,0.00,0.00,0.00,0.00,0.00,0.00,'01',7.000000,35.00,0.00,0.00,35.00,'[]','[]','[]',NULL,883,NULL,NULL),(40,23,784,'{\"stock\":\"20.0000\",\"id\":784,\"item_id\":784,\"full_description\":\"RODEL PARA CERAMICA\",\"name\":null,\"second_name\":null,\"description\":\"RODEL PARA CERAMICA\",\"currency_type_id\":\"PEN\",\"internal_id\":null,\"currency_type_symbol\":\"S\\/\",\"sale_unit_price\":\"50.00\",\"purchase_unit_price\":\"16.500000\",\"unit_type_id\":\"NIU\",\"sale_affectation_igv_type_id\":\"20\",\"purchase_affectation_igv_type_id\":\"20\",\"calculate_quantity\":false,\"has_igv\":true,\"is_set\":false,\"active\":1,\"edit_unit_price\":false,\"aux_quantity\":1,\"edit_sale_unit_price\":\"50.00\",\"aux_sale_unit_price\":\"50.00\",\"image_url\":\"https:\\/\\/dariana.softlte.net.pe\\/logo\\/imagen-no-disponible.jpg\",\"warehouses\":[{\"warehouse_description\":\"Almac\\u00e9n Oficina Principal\",\"stock\":\"20.0000\"}],\"category_id\":0,\"sets\":[],\"unit_type\":[],\"category\":null,\"brand\":null,\"has_plastic_bag_taxes\":false,\"amount_plastic_bag_taxes\":\"0.10\",\"has_isc\":false,\"system_isc_type_id\":null,\"percentage_isc\":\"0.00\",\"unit_price\":\"50.00\"}',1.0000,50.000000,'20',50.00,18.00,0.00,NULL,0.00,0.00,0.00,0.00,0.00,0.00,0.00,0.00,'01',50.000000,50.00,0.00,0.00,50.00,'[]','[]','[]',NULL,890,NULL,NULL),(41,24,303,'{\"id\":303,\"item_id\":303,\"full_description\":\"ACCESORIO PLASTICO TB PARA INODORO 7\\/8\\\"\",\"description\":\"ACCESORIO PLASTICO TB PARA INODORO 7\\/8\\\" - SANIF\",\"currency_type_id\":\"PEN\",\"internal_id\":null,\"currency_type_symbol\":\"S\\/\",\"sale_unit_price\":\"28.00\",\"purchase_unit_price\":\"17.530000\",\"unit_type_id\":\"NIU\",\"sale_affectation_igv_type_id\":\"20\",\"purchase_affectation_igv_type_id\":\"20\",\"calculate_quantity\":false,\"has_igv\":true,\"is_set\":false,\"edit_unit_price\":false,\"aux_quantity\":1,\"edit_sale_unit_price\":\"28.00\",\"aux_sale_unit_price\":\"28.00\",\"image_url\":\"https:\\/\\/dariana.softlte.net.pe\\/storage\\/uploads\\/items\\/accesorio-plastico-tb-para-inodoro-78-20220412094047.jpg\",\"warehouses\":[{\"warehouse_description\":\"Almac\\u00e9n Oficina Principal\",\"stock\":\"24.0000\"}],\"category_id\":0,\"sets\":[],\"unit_type\":[],\"category\":null,\"brand\":\"SANIF\",\"has_plastic_bag_taxes\":false,\"amount_plastic_bag_taxes\":\"0.10\",\"has_isc\":false,\"system_isc_type_id\":null,\"percentage_isc\":\"0.00\",\"unit_price\":\"28.00\"}',1.0000,28.000000,'20',28.00,18.00,0.00,NULL,0.00,0.00,0.00,0.00,0.00,0.00,0.00,0.00,'01',28.000000,28.00,0.00,0.00,28.00,'[]','[]','[]',NULL,906,NULL,NULL),(42,24,543,'{\"stock\":\"200.0000\",\"id\":543,\"item_id\":543,\"full_description\":\"CRUZETAS 3MM  X 100 UND P \\/ CERAMICA\",\"name\":null,\"second_name\":null,\"description\":\"CRUZETAS 3MM  X 100 UND P \\/ CERAMICA\",\"currency_type_id\":\"PEN\",\"internal_id\":null,\"currency_type_symbol\":\"S\\/\",\"sale_unit_price\":\"4.00\",\"purchase_unit_price\":\"1.500000\",\"unit_type_id\":\"NIU\",\"sale_affectation_igv_type_id\":\"20\",\"purchase_affectation_igv_type_id\":\"20\",\"calculate_quantity\":false,\"has_igv\":true,\"is_set\":false,\"active\":1,\"edit_unit_price\":false,\"aux_quantity\":\"2\",\"edit_sale_unit_price\":\"4.00\",\"aux_sale_unit_price\":\"4.00\",\"image_url\":\"https:\\/\\/dariana.softlte.net.pe\\/storage\\/uploads\\/items\\/cruzetas-3mm-x-100-und-p-ceramica-20220413120358.jpg\",\"warehouses\":[{\"warehouse_description\":\"Almac\\u00e9n Oficina Principal\",\"stock\":\"200.0000\"}],\"category_id\":0,\"sets\":[],\"unit_type\":[],\"category\":null,\"brand\":null,\"has_plastic_bag_taxes\":false,\"amount_plastic_bag_taxes\":\"0.10\",\"has_isc\":false,\"system_isc_type_id\":null,\"percentage_isc\":\"0.00\",\"unit_price\":\"4.00\"}',2.0000,4.000000,'20',8.00,18.00,0.00,NULL,0.00,0.00,0.00,0.00,0.00,0.00,0.00,0.00,'01',4.000000,8.00,0.00,0.00,8.00,'[]','[]','[]',NULL,907,NULL,NULL),(43,24,572,'{\"stock\":\"135.0000\",\"id\":572,\"item_id\":572,\"full_description\":\"PEGAMENTO BLANCO FLEXIBLE P\\/PORCELANATO\",\"name\":null,\"second_name\":null,\"description\":\"PEGAMENTO BLANCO FLEXIBLE P\\/PORCELANATO\",\"currency_type_id\":\"PEN\",\"internal_id\":null,\"currency_type_symbol\":\"S\\/\",\"sale_unit_price\":\"25.00\",\"purchase_unit_price\":\"15.500000\",\"unit_type_id\":\"NIU\",\"sale_affectation_igv_type_id\":\"20\",\"purchase_affectation_igv_type_id\":\"20\",\"calculate_quantity\":false,\"has_igv\":true,\"is_set\":false,\"active\":1,\"edit_unit_price\":false,\"aux_quantity\":\"5\",\"edit_sale_unit_price\":\"25.00\",\"aux_sale_unit_price\":\"25.00\",\"image_url\":\"https:\\/\\/dariana.softlte.net.pe\\/logo\\/imagen-no-disponible.jpg\",\"warehouses\":[{\"warehouse_description\":\"Almac\\u00e9n Oficina Principal\",\"stock\":\"135.0000\"}],\"category_id\":0,\"sets\":[],\"unit_type\":[],\"category\":null,\"brand\":null,\"has_plastic_bag_taxes\":false,\"amount_plastic_bag_taxes\":\"0.10\",\"has_isc\":false,\"system_isc_type_id\":null,\"percentage_isc\":\"0.00\",\"unit_price\":\"25.00\"}',5.0000,25.000000,'20',125.00,18.00,0.00,NULL,0.00,0.00,0.00,0.00,0.00,0.00,0.00,0.00,'01',25.000000,125.00,0.00,0.00,125.00,'[]','[]','[]',NULL,908,NULL,NULL),(44,24,571,'{\"stock\":\"138.0000\",\"id\":571,\"item_id\":571,\"full_description\":\"PEGAMENTO GRIS P\\/ CERAMICA\",\"name\":null,\"second_name\":null,\"description\":\"PEGAMENTO GRIS P\\/ CERAMICA\",\"currency_type_id\":\"PEN\",\"internal_id\":null,\"currency_type_symbol\":\"S\\/\",\"sale_unit_price\":\"13.00\",\"purchase_unit_price\":\"8.500000\",\"unit_type_id\":\"NIU\",\"sale_affectation_igv_type_id\":\"20\",\"purchase_affectation_igv_type_id\":\"20\",\"calculate_quantity\":false,\"has_igv\":true,\"is_set\":false,\"active\":1,\"edit_unit_price\":false,\"aux_quantity\":\"20\",\"edit_sale_unit_price\":\"13.00\",\"aux_sale_unit_price\":\"13.00\",\"image_url\":\"https:\\/\\/dariana.softlte.net.pe\\/logo\\/imagen-no-disponible.jpg\",\"warehouses\":[{\"warehouse_description\":\"Almac\\u00e9n Oficina Principal\",\"stock\":\"138.0000\"}],\"category_id\":0,\"sets\":[],\"unit_type\":[],\"category\":null,\"brand\":null,\"has_plastic_bag_taxes\":false,\"amount_plastic_bag_taxes\":\"0.10\",\"has_isc\":false,\"system_isc_type_id\":null,\"percentage_isc\":\"0.00\",\"unit_price\":\"13.00\"}',20.0000,13.000000,'20',260.00,18.00,0.00,NULL,0.00,0.00,0.00,0.00,0.00,0.00,0.00,0.00,'01',13.000000,260.00,0.00,0.00,260.00,'[]','[]','[]',NULL,909,NULL,NULL),(45,25,802,'{\"stock\":\"30.0000\",\"id\":802,\"item_id\":802,\"full_description\":\"LLAVE LABATORIO PALOMA\",\"name\":null,\"second_name\":null,\"description\":\"LLAVE LABATORIO PALOMA\",\"currency_type_id\":\"PEN\",\"internal_id\":null,\"currency_type_symbol\":\"S\\/\",\"sale_unit_price\":\"25.00\",\"purchase_unit_price\":\"13.000000\",\"unit_type_id\":\"NIU\",\"sale_affectation_igv_type_id\":\"20\",\"purchase_affectation_igv_type_id\":\"20\",\"calculate_quantity\":false,\"has_igv\":true,\"is_set\":false,\"active\":1,\"edit_unit_price\":false,\"aux_quantity\":1,\"edit_sale_unit_price\":\"25.00\",\"aux_sale_unit_price\":\"25.00\",\"image_url\":\"https:\\/\\/dariana.softlte.net.pe\\/storage\\/uploads\\/items\\/llave-labatorio-paloma-20220423175815.jpg\",\"warehouses\":[{\"warehouse_description\":\"Almac\\u00e9n Oficina Principal\",\"stock\":\"30.0000\"}],\"category_id\":0,\"sets\":[],\"unit_type\":[],\"category\":null,\"brand\":null,\"has_plastic_bag_taxes\":false,\"amount_plastic_bag_taxes\":\"0.10\",\"has_isc\":false,\"system_isc_type_id\":null,\"percentage_isc\":\"0.00\",\"unit_price\":\"25.00\"}',1.0000,25.000000,'20',25.00,18.00,0.00,NULL,0.00,0.00,0.00,0.00,0.00,0.00,0.00,0.00,'01',25.000000,25.00,0.00,0.00,25.00,'[]','[]','[]',NULL,933,NULL,NULL),(46,25,274,'{\"stock\":\"30.0000\",\"id\":274,\"item_id\":274,\"full_description\":\"LLAVE DE LAVADERO PARED P\\/CHCOFLEXZ\",\"name\":null,\"second_name\":null,\"description\":\"LLAVE DE LAVADERO PARED P\\/CHCOFLEXZ  - C&A\",\"currency_type_id\":\"PEN\",\"internal_id\":null,\"currency_type_symbol\":\"S\\/\",\"sale_unit_price\":\"45.00\",\"purchase_unit_price\":\"18.470000\",\"unit_type_id\":\"NIU\",\"sale_affectation_igv_type_id\":\"20\",\"purchase_affectation_igv_type_id\":\"20\",\"calculate_quantity\":false,\"has_igv\":true,\"is_set\":false,\"active\":1,\"edit_unit_price\":false,\"aux_quantity\":1,\"edit_sale_unit_price\":\"45.00\",\"aux_sale_unit_price\":\"45.00\",\"image_url\":\"https:\\/\\/dariana.softlte.net.pe\\/logo\\/imagen-no-disponible.jpg\",\"warehouses\":[{\"warehouse_description\":\"Almac\\u00e9n Oficina Principal\",\"stock\":\"30.0000\"}],\"category_id\":0,\"sets\":[],\"unit_type\":[],\"category\":null,\"brand\":\"C&A\",\"has_plastic_bag_taxes\":false,\"amount_plastic_bag_taxes\":\"0.10\",\"has_isc\":false,\"system_isc_type_id\":null,\"percentage_isc\":\"0.00\",\"unit_price\":\"45.00\"}',1.0000,45.000000,'20',45.00,18.00,0.00,NULL,0.00,0.00,0.00,0.00,0.00,0.00,0.00,0.00,'01',45.000000,45.00,0.00,0.00,45.00,'[]','[]','[]',NULL,934,NULL,NULL),(47,25,801,'{\"stock\":\"25.0000\",\"id\":801,\"item_id\":801,\"full_description\":\"PEGAMENTO TIGRE 1\\/16\",\"name\":null,\"second_name\":null,\"description\":\"PEGAMENTO TIGRE 1\\/16\",\"currency_type_id\":\"PEN\",\"internal_id\":null,\"currency_type_symbol\":\"S\\/\",\"sale_unit_price\":\"16.00\",\"purchase_unit_price\":\"6.800000\",\"unit_type_id\":\"NIU\",\"sale_affectation_igv_type_id\":\"20\",\"purchase_affectation_igv_type_id\":\"20\",\"calculate_quantity\":false,\"has_igv\":true,\"is_set\":false,\"active\":1,\"edit_unit_price\":false,\"aux_quantity\":1,\"edit_sale_unit_price\":\"16.00\",\"aux_sale_unit_price\":\"16.00\",\"image_url\":\"https:\\/\\/dariana.softlte.net.pe\\/storage\\/uploads\\/items\\/pegamento-tigre-116-20220423175517.jpg\",\"warehouses\":[{\"warehouse_description\":\"Almac\\u00e9n Oficina Principal\",\"stock\":\"25.0000\"}],\"category_id\":0,\"sets\":[],\"unit_type\":[],\"category\":null,\"brand\":null,\"has_plastic_bag_taxes\":false,\"amount_plastic_bag_taxes\":\"0.10\",\"has_isc\":false,\"system_isc_type_id\":null,\"percentage_isc\":\"0.00\",\"unit_price\":\"16.00\"}',1.0000,16.000000,'20',16.00,18.00,0.00,NULL,0.00,0.00,0.00,0.00,0.00,0.00,0.00,0.00,'01',16.000000,16.00,0.00,0.00,16.00,'[]','[]','[]',NULL,935,NULL,NULL),(48,25,489,'{\"stock\":\"110.0000\",\"id\":489,\"item_id\":489,\"full_description\":\"TUBO 2X3 DESAGUE PLASTICO GRIS\",\"name\":null,\"second_name\":null,\"description\":\"TUBO 2X3 DESAGUE PLASTICO GRIS\",\"currency_type_id\":\"PEN\",\"internal_id\":null,\"currency_type_symbol\":\"S\\/\",\"sale_unit_price\":\"16.00\",\"purchase_unit_price\":\"12.300000\",\"unit_type_id\":\"NIU\",\"sale_affectation_igv_type_id\":\"20\",\"purchase_affectation_igv_type_id\":\"20\",\"calculate_quantity\":false,\"has_igv\":true,\"is_set\":false,\"active\":1,\"edit_unit_price\":false,\"aux_quantity\":1,\"edit_sale_unit_price\":\"16.00\",\"aux_sale_unit_price\":\"17.00\",\"image_url\":\"https:\\/\\/dariana.softlte.net.pe\\/logo\\/imagen-no-disponible.jpg\",\"warehouses\":[{\"warehouse_description\":\"Almac\\u00e9n Oficina Principal\",\"stock\":\"110.0000\"}],\"category_id\":0,\"sets\":[],\"unit_type\":[],\"category\":null,\"brand\":null,\"has_plastic_bag_taxes\":false,\"amount_plastic_bag_taxes\":\"0.10\",\"has_isc\":false,\"system_isc_type_id\":null,\"percentage_isc\":\"0.00\",\"unit_price\":\"16.00\"}',1.0000,16.000000,'20',16.00,18.00,0.00,NULL,0.00,0.00,0.00,0.00,0.00,0.00,0.00,0.00,'01',16.000000,16.00,0.00,0.00,16.00,'[]','[]','[]',NULL,936,NULL,NULL),(49,25,571,'{\"stock\":\"100.0000\",\"id\":571,\"item_id\":571,\"full_description\":\"PEGAMENTO GRIS P\\/ CERAMICA\",\"name\":null,\"second_name\":null,\"description\":\"PEGAMENTO GRIS P\\/ CERAMICA\",\"currency_type_id\":\"PEN\",\"internal_id\":null,\"currency_type_symbol\":\"S\\/\",\"sale_unit_price\":\"13.00\",\"purchase_unit_price\":\"8.500000\",\"unit_type_id\":\"NIU\",\"sale_affectation_igv_type_id\":\"20\",\"purchase_affectation_igv_type_id\":\"20\",\"calculate_quantity\":false,\"has_igv\":true,\"is_set\":false,\"active\":1,\"edit_unit_price\":false,\"aux_quantity\":\"10\",\"edit_sale_unit_price\":\"13.00\",\"aux_sale_unit_price\":\"13.00\",\"image_url\":\"https:\\/\\/dariana.softlte.net.pe\\/logo\\/imagen-no-disponible.jpg\",\"warehouses\":[{\"warehouse_description\":\"Almac\\u00e9n Oficina Principal\",\"stock\":\"100.0000\"}],\"category_id\":0,\"sets\":[],\"unit_type\":[],\"category\":null,\"brand\":null,\"has_plastic_bag_taxes\":false,\"amount_plastic_bag_taxes\":\"0.10\",\"has_isc\":false,\"system_isc_type_id\":null,\"percentage_isc\":\"0.00\",\"unit_price\":\"13.00\"}',10.0000,13.000000,'20',130.00,18.00,0.00,NULL,0.00,0.00,0.00,0.00,0.00,0.00,0.00,0.00,'01',13.000000,130.00,0.00,0.00,130.00,'[]','[]','[]',NULL,937,NULL,NULL),(50,25,800,'{\"stock\":\"100.0000\",\"id\":800,\"item_id\":800,\"full_description\":\"LAPIZ DE VIDRIO 60CM\",\"name\":null,\"second_name\":null,\"description\":\"LAPIZ DE VIDRIO 60CM\",\"currency_type_id\":\"PEN\",\"internal_id\":null,\"currency_type_symbol\":\"S\\/\",\"sale_unit_price\":\"6.00\",\"purchase_unit_price\":\"3.000000\",\"unit_type_id\":\"NIU\",\"sale_affectation_igv_type_id\":\"20\",\"purchase_affectation_igv_type_id\":\"20\",\"calculate_quantity\":false,\"has_igv\":true,\"is_set\":false,\"active\":1,\"edit_unit_price\":false,\"aux_quantity\":\"14\",\"edit_sale_unit_price\":\"6.00\",\"aux_sale_unit_price\":\"6.00\",\"image_url\":\"https:\\/\\/dariana.softlte.net.pe\\/logo\\/imagen-no-disponible.jpg\",\"warehouses\":[{\"warehouse_description\":\"Almac\\u00e9n Oficina Principal\",\"stock\":\"100.0000\"}],\"category_id\":0,\"sets\":[],\"unit_type\":[],\"category\":null,\"brand\":null,\"has_plastic_bag_taxes\":false,\"amount_plastic_bag_taxes\":\"0.10\",\"has_isc\":false,\"system_isc_type_id\":null,\"percentage_isc\":\"0.00\",\"unit_price\":\"6.00\"}',14.0000,6.000000,'20',84.00,18.00,0.00,NULL,0.00,0.00,0.00,0.00,0.00,0.00,0.00,0.00,'01',6.000000,84.00,0.00,0.00,84.00,'[]','[]','[]',NULL,938,NULL,NULL),(51,25,799,'{\"stock\":\"46.0000\",\"id\":799,\"item_id\":799,\"full_description\":\"LISTELO 6X40 GAVIOTA TURQUEZA\",\"name\":null,\"second_name\":null,\"description\":\"LISTELO 6X40 GAVIOTA TURQUEZA\",\"currency_type_id\":\"PEN\",\"internal_id\":null,\"currency_type_symbol\":\"S\\/\",\"sale_unit_price\":\"6.00\",\"purchase_unit_price\":\"3.000000\",\"unit_type_id\":\"NIU\",\"sale_affectation_igv_type_id\":\"20\",\"purchase_affectation_igv_type_id\":\"20\",\"calculate_quantity\":false,\"has_igv\":true,\"is_set\":false,\"active\":1,\"edit_unit_price\":false,\"aux_quantity\":\"10\",\"edit_sale_unit_price\":\"6.00\",\"aux_sale_unit_price\":\"6.00\",\"image_url\":\"https:\\/\\/dariana.softlte.net.pe\\/logo\\/imagen-no-disponible.jpg\",\"warehouses\":[{\"warehouse_description\":\"Almac\\u00e9n Oficina Principal\",\"stock\":\"46.0000\"}],\"category_id\":0,\"sets\":[],\"unit_type\":[],\"category\":null,\"brand\":null,\"has_plastic_bag_taxes\":false,\"amount_plastic_bag_taxes\":\"0.10\",\"has_isc\":false,\"system_isc_type_id\":null,\"percentage_isc\":\"0.00\",\"unit_price\":\"6.00\"}',10.0000,6.000000,'20',60.00,18.00,0.00,NULL,0.00,0.00,0.00,0.00,0.00,0.00,0.00,0.00,'01',6.000000,60.00,0.00,0.00,60.00,'[]','[]','[]',NULL,939,NULL,NULL),(52,25,394,'{\"stock\":\"401.0000\",\"id\":394,\"item_id\":394,\"full_description\":\"PERFIL ALUMINIO  11.5 X 2 MTS BRILLANTE\",\"name\":null,\"second_name\":null,\"description\":\"PERFIL ALUMINIO  11.5 X 2 MTS BRILLANTE\",\"currency_type_id\":\"PEN\",\"internal_id\":null,\"currency_type_symbol\":\"S\\/\",\"sale_unit_price\":\"14.00\",\"purchase_unit_price\":\"9.000000\",\"unit_type_id\":\"NIU\",\"sale_affectation_igv_type_id\":\"20\",\"purchase_affectation_igv_type_id\":\"20\",\"calculate_quantity\":false,\"has_igv\":true,\"is_set\":false,\"active\":1,\"edit_unit_price\":false,\"aux_quantity\":\"18\",\"edit_sale_unit_price\":\"14.00\",\"aux_sale_unit_price\":\"14.00\",\"image_url\":\"https:\\/\\/dariana.softlte.net.pe\\/logo\\/imagen-no-disponible.jpg\",\"warehouses\":[{\"warehouse_description\":\"Almac\\u00e9n Oficina Principal\",\"stock\":\"401.0000\"}],\"category_id\":0,\"sets\":[],\"unit_type\":[],\"category\":null,\"brand\":null,\"has_plastic_bag_taxes\":false,\"amount_plastic_bag_taxes\":\"0.10\",\"has_isc\":false,\"system_isc_type_id\":null,\"percentage_isc\":\"0.00\",\"unit_price\":\"14.00\"}',18.0000,14.000000,'20',252.00,18.00,0.00,NULL,0.00,0.00,0.00,0.00,0.00,0.00,0.00,0.00,'01',14.000000,252.00,0.00,0.00,252.00,'[]','[]','[]',NULL,940,NULL,NULL),(53,25,542,'{\"stock\":\"200.0000\",\"id\":542,\"item_id\":542,\"full_description\":\"CRUZETAS 2MM  X 100 UND P \\/ CERAMICA\",\"name\":null,\"second_name\":null,\"description\":\"CRUZETAS 2MM  X 100 UND P \\/ CERAMICA\",\"currency_type_id\":\"PEN\",\"internal_id\":null,\"currency_type_symbol\":\"S\\/\",\"sale_unit_price\":\"4.00\",\"purchase_unit_price\":\"1.500000\",\"unit_type_id\":\"NIU\",\"sale_affectation_igv_type_id\":\"20\",\"purchase_affectation_igv_type_id\":\"20\",\"calculate_quantity\":false,\"has_igv\":true,\"is_set\":false,\"active\":1,\"edit_unit_price\":false,\"aux_quantity\":\"2\",\"edit_sale_unit_price\":\"4.00\",\"aux_sale_unit_price\":\"4.00\",\"image_url\":\"https:\\/\\/dariana.softlte.net.pe\\/storage\\/uploads\\/items\\/cruzetas-2mm-x-100-und-p-ceramica-20220413120316.jpg\",\"warehouses\":[{\"warehouse_description\":\"Almac\\u00e9n Oficina Principal\",\"stock\":\"200.0000\"}],\"category_id\":0,\"sets\":[],\"unit_type\":[],\"category\":null,\"brand\":null,\"has_plastic_bag_taxes\":false,\"amount_plastic_bag_taxes\":\"0.10\",\"has_isc\":false,\"system_isc_type_id\":null,\"percentage_isc\":\"0.00\",\"unit_price\":\"4.00\"}',2.0000,4.000000,'20',8.00,18.00,0.00,NULL,0.00,0.00,0.00,0.00,0.00,0.00,0.00,0.00,'01',4.000000,8.00,0.00,0.00,8.00,'[]','[]','[]',NULL,941,NULL,NULL),(54,25,535,'{\"stock\":\"50.0000\",\"id\":535,\"item_id\":535,\"full_description\":\"FRAGUA SANSON X 1 KG BLANCA\",\"name\":null,\"second_name\":null,\"description\":\"FRAGUA SANSON X 1 KG BLANCA\",\"currency_type_id\":\"PEN\",\"internal_id\":null,\"currency_type_symbol\":\"S\\/\",\"sale_unit_price\":\"5.00\",\"purchase_unit_price\":\"2.700000\",\"unit_type_id\":\"KGM\",\"sale_affectation_igv_type_id\":\"20\",\"purchase_affectation_igv_type_id\":\"20\",\"calculate_quantity\":false,\"has_igv\":true,\"is_set\":false,\"active\":1,\"edit_unit_price\":false,\"aux_quantity\":\"6\",\"edit_sale_unit_price\":\"5.00\",\"aux_sale_unit_price\":\"5.00\",\"image_url\":\"https:\\/\\/dariana.softlte.net.pe\\/logo\\/imagen-no-disponible.jpg\",\"warehouses\":[{\"warehouse_description\":\"Almac\\u00e9n Oficina Principal\",\"stock\":\"50.0000\"}],\"category_id\":0,\"sets\":[],\"unit_type\":[],\"category\":null,\"brand\":null,\"has_plastic_bag_taxes\":false,\"amount_plastic_bag_taxes\":\"0.10\",\"has_isc\":false,\"system_isc_type_id\":null,\"percentage_isc\":\"0.00\",\"unit_price\":\"5.00\"}',6.0000,5.000000,'20',30.00,18.00,0.00,NULL,0.00,0.00,0.00,0.00,0.00,0.00,0.00,0.00,'01',5.000000,30.00,0.00,0.00,30.00,'[]','[]','[]',NULL,942,NULL,NULL),(55,25,666,'{\"stock\":\"51.3000\",\"id\":666,\"item_id\":666,\"full_description\":\"160001702 - CERAMICA  25 X 40  BLANCO BRILLANTE\",\"name\":null,\"second_name\":null,\"description\":\"CERAMICA  25 X 40  BLANCO BRILLANTE\",\"currency_type_id\":\"PEN\",\"internal_id\":\"160001702\",\"currency_type_symbol\":\"S\\/\",\"sale_unit_price\":\"36.00\",\"purchase_unit_price\":\"25.000000\",\"unit_type_id\":\"MTR\",\"sale_affectation_igv_type_id\":\"20\",\"purchase_affectation_igv_type_id\":\"20\",\"calculate_quantity\":false,\"has_igv\":true,\"is_set\":false,\"active\":1,\"edit_unit_price\":false,\"aux_quantity\":\"17\",\"edit_sale_unit_price\":\"36.00\",\"aux_sale_unit_price\":\"36.00\",\"image_url\":\"https:\\/\\/dariana.softlte.net.pe\\/storage\\/uploads\\/items\\/ceramica-25-x-40-blanco-brillante-20220414115056.jpg\",\"warehouses\":[{\"warehouse_description\":\"Almac\\u00e9n Oficina Principal\",\"stock\":\"51.3000\"}],\"category_id\":0,\"sets\":[],\"unit_type\":[],\"category\":null,\"brand\":null,\"has_plastic_bag_taxes\":false,\"amount_plastic_bag_taxes\":\"0.10\",\"has_isc\":false,\"system_isc_type_id\":null,\"percentage_isc\":\"0.00\",\"unit_price\":\"36.00\"}',17.0000,36.000000,'20',612.00,18.00,0.00,NULL,0.00,0.00,0.00,0.00,0.00,0.00,0.00,0.00,'01',36.000000,612.00,0.00,0.00,612.00,'[]','[]','[]',NULL,943,NULL,NULL),(56,26,662,'{\"stock\":\"113.3000\",\"id\":662,\"item_id\":662,\"full_description\":\"160008979 - CERAMICA  25 X 40  PERLADO BLANCO\",\"name\":null,\"second_name\":null,\"description\":\"CERAMICA  25 X 40  PERLADO BLANCO\",\"currency_type_id\":\"PEN\",\"internal_id\":\"160008979\",\"currency_type_symbol\":\"S\\/\",\"sale_unit_price\":\"35.00\",\"purchase_unit_price\":\"24.300000\",\"unit_type_id\":\"MTR\",\"sale_affectation_igv_type_id\":\"20\",\"purchase_affectation_igv_type_id\":\"20\",\"calculate_quantity\":false,\"has_igv\":true,\"is_set\":false,\"active\":1,\"edit_unit_price\":false,\"aux_quantity\":\"17\",\"edit_sale_unit_price\":\"35.00\",\"aux_sale_unit_price\":\"35.00\",\"image_url\":\"https:\\/\\/dariana.softlte.net.pe\\/logo\\/imagen-no-disponible.jpg\",\"warehouses\":[{\"warehouse_description\":\"Almac\\u00e9n Oficina Principal\",\"stock\":\"113.3000\"}],\"category_id\":0,\"sets\":[],\"unit_type\":[],\"category\":null,\"brand\":null,\"has_plastic_bag_taxes\":false,\"amount_plastic_bag_taxes\":\"0.10\",\"has_isc\":false,\"system_isc_type_id\":null,\"percentage_isc\":\"0.00\",\"unit_price\":\"35.00\"}',17.0000,35.000000,'20',595.00,18.00,0.00,NULL,0.00,0.00,0.00,0.00,0.00,0.00,0.00,0.00,'01',35.000000,595.00,0.00,0.00,595.00,'[]','[]','[]',NULL,944,NULL,NULL),(57,26,535,'{\"stock\":\"44.0000\",\"id\":535,\"item_id\":535,\"full_description\":\"FRAGUA SANSON X 1 KG BLANCA\",\"name\":null,\"second_name\":null,\"description\":\"FRAGUA SANSON X 1 KG BLANCA\",\"currency_type_id\":\"PEN\",\"internal_id\":null,\"currency_type_symbol\":\"S\\/\",\"sale_unit_price\":\"5.00\",\"purchase_unit_price\":\"2.700000\",\"unit_type_id\":\"KGM\",\"sale_affectation_igv_type_id\":\"20\",\"purchase_affectation_igv_type_id\":\"20\",\"calculate_quantity\":false,\"has_igv\":true,\"is_set\":false,\"active\":1,\"edit_unit_price\":false,\"aux_quantity\":\"6\",\"edit_sale_unit_price\":\"5.00\",\"aux_sale_unit_price\":\"5.00\",\"image_url\":\"https:\\/\\/dariana.softlte.net.pe\\/logo\\/imagen-no-disponible.jpg\",\"warehouses\":[{\"warehouse_description\":\"Almac\\u00e9n Oficina Principal\",\"stock\":\"44.0000\"}],\"category_id\":0,\"sets\":[],\"unit_type\":[],\"category\":null,\"brand\":null,\"has_plastic_bag_taxes\":false,\"amount_plastic_bag_taxes\":\"0.10\",\"has_isc\":false,\"system_isc_type_id\":null,\"percentage_isc\":\"0.00\",\"unit_price\":\"5.00\"}',6.0000,5.000000,'20',30.00,18.00,0.00,NULL,0.00,0.00,0.00,0.00,0.00,0.00,0.00,0.00,'01',5.000000,30.00,0.00,0.00,30.00,'[]','[]','[]',NULL,945,NULL,NULL),(58,26,542,'{\"stock\":\"198.0000\",\"id\":542,\"item_id\":542,\"full_description\":\"CRUZETAS 2MM  X 100 UND P \\/ CERAMICA\",\"name\":null,\"second_name\":null,\"description\":\"CRUZETAS 2MM  X 100 UND P \\/ CERAMICA\",\"currency_type_id\":\"PEN\",\"internal_id\":null,\"currency_type_symbol\":\"S\\/\",\"sale_unit_price\":\"4.00\",\"purchase_unit_price\":\"1.500000\",\"unit_type_id\":\"NIU\",\"sale_affectation_igv_type_id\":\"20\",\"purchase_affectation_igv_type_id\":\"20\",\"calculate_quantity\":false,\"has_igv\":true,\"is_set\":false,\"active\":1,\"edit_unit_price\":false,\"aux_quantity\":\"2\",\"edit_sale_unit_price\":\"4.00\",\"aux_sale_unit_price\":\"4.00\",\"image_url\":\"https:\\/\\/dariana.softlte.net.pe\\/storage\\/uploads\\/items\\/cruzetas-2mm-x-100-und-p-ceramica-20220413120316.jpg\",\"warehouses\":[{\"warehouse_description\":\"Almac\\u00e9n Oficina Principal\",\"stock\":\"198.0000\"}],\"category_id\":0,\"sets\":[],\"unit_type\":[],\"category\":null,\"brand\":null,\"has_plastic_bag_taxes\":false,\"amount_plastic_bag_taxes\":\"0.10\",\"has_isc\":false,\"system_isc_type_id\":null,\"percentage_isc\":\"0.00\",\"unit_price\":\"4.00\"}',2.0000,4.000000,'20',8.00,18.00,0.00,NULL,0.00,0.00,0.00,0.00,0.00,0.00,0.00,0.00,'01',4.000000,8.00,0.00,0.00,8.00,'[]','[]','[]',NULL,946,NULL,NULL),(59,26,394,'{\"stock\":\"383.0000\",\"id\":394,\"item_id\":394,\"full_description\":\"PERFIL ALUMINIO  11.5 X 2 MTS BRILLANTE\",\"name\":null,\"second_name\":null,\"description\":\"PERFIL ALUMINIO  11.5 X 2 MTS BRILLANTE\",\"currency_type_id\":\"PEN\",\"internal_id\":null,\"currency_type_symbol\":\"S\\/\",\"sale_unit_price\":\"14.00\",\"purchase_unit_price\":\"9.000000\",\"unit_type_id\":\"NIU\",\"sale_affectation_igv_type_id\":\"20\",\"purchase_affectation_igv_type_id\":\"20\",\"calculate_quantity\":false,\"has_igv\":true,\"is_set\":false,\"active\":1,\"edit_unit_price\":false,\"aux_quantity\":\"18\",\"edit_sale_unit_price\":\"14.00\",\"aux_sale_unit_price\":\"14.00\",\"image_url\":\"https:\\/\\/dariana.softlte.net.pe\\/logo\\/imagen-no-disponible.jpg\",\"warehouses\":[{\"warehouse_description\":\"Almac\\u00e9n Oficina Principal\",\"stock\":\"383.0000\"}],\"category_id\":0,\"sets\":[],\"unit_type\":[],\"category\":null,\"brand\":null,\"has_plastic_bag_taxes\":false,\"amount_plastic_bag_taxes\":\"0.10\",\"has_isc\":false,\"system_isc_type_id\":null,\"percentage_isc\":\"0.00\",\"unit_price\":\"14.00\"}',18.0000,14.000000,'20',252.00,18.00,0.00,NULL,0.00,0.00,0.00,0.00,0.00,0.00,0.00,0.00,'01',14.000000,252.00,0.00,0.00,252.00,'[]','[]','[]',NULL,947,NULL,NULL),(60,26,799,'{\"stock\":\"36.0000\",\"id\":799,\"item_id\":799,\"full_description\":\"LISTELO 6X40 GAVIOTA TURQUEZA\",\"name\":null,\"second_name\":null,\"description\":\"LISTELO 6X40 GAVIOTA TURQUEZA\",\"currency_type_id\":\"PEN\",\"internal_id\":null,\"currency_type_symbol\":\"S\\/\",\"sale_unit_price\":\"6.00\",\"purchase_unit_price\":\"3.000000\",\"unit_type_id\":\"NIU\",\"sale_affectation_igv_type_id\":\"20\",\"purchase_affectation_igv_type_id\":\"20\",\"calculate_quantity\":false,\"has_igv\":true,\"is_set\":false,\"active\":1,\"edit_unit_price\":false,\"aux_quantity\":\"10\",\"edit_sale_unit_price\":\"6.00\",\"aux_sale_unit_price\":\"6.00\",\"image_url\":\"https:\\/\\/dariana.softlte.net.pe\\/logo\\/imagen-no-disponible.jpg\",\"warehouses\":[{\"warehouse_description\":\"Almac\\u00e9n Oficina Principal\",\"stock\":\"36.0000\"}],\"category_id\":0,\"sets\":[],\"unit_type\":[],\"category\":null,\"brand\":null,\"has_plastic_bag_taxes\":false,\"amount_plastic_bag_taxes\":\"0.10\",\"has_isc\":false,\"system_isc_type_id\":null,\"percentage_isc\":\"0.00\",\"unit_price\":\"6.00\"}',10.0000,6.000000,'20',60.00,18.00,0.00,NULL,0.00,0.00,0.00,0.00,0.00,0.00,0.00,0.00,'01',6.000000,60.00,0.00,0.00,60.00,'[]','[]','[]',NULL,948,NULL,NULL),(61,26,800,'{\"stock\":\"86.0000\",\"id\":800,\"item_id\":800,\"full_description\":\"LAPIZ DE VIDRIO 60CM\",\"name\":null,\"second_name\":null,\"description\":\"LAPIZ DE VIDRIO 60CM\",\"currency_type_id\":\"PEN\",\"internal_id\":null,\"currency_type_symbol\":\"S\\/\",\"sale_unit_price\":\"6.00\",\"purchase_unit_price\":\"3.000000\",\"unit_type_id\":\"NIU\",\"sale_affectation_igv_type_id\":\"20\",\"purchase_affectation_igv_type_id\":\"20\",\"calculate_quantity\":false,\"has_igv\":true,\"is_set\":false,\"active\":1,\"edit_unit_price\":false,\"aux_quantity\":\"14\",\"edit_sale_unit_price\":\"6.00\",\"aux_sale_unit_price\":\"6.00\",\"image_url\":\"https:\\/\\/dariana.softlte.net.pe\\/logo\\/imagen-no-disponible.jpg\",\"warehouses\":[{\"warehouse_description\":\"Almac\\u00e9n Oficina Principal\",\"stock\":\"86.0000\"}],\"category_id\":0,\"sets\":[],\"unit_type\":[],\"category\":null,\"brand\":null,\"has_plastic_bag_taxes\":false,\"amount_plastic_bag_taxes\":\"0.10\",\"has_isc\":false,\"system_isc_type_id\":null,\"percentage_isc\":\"0.00\",\"unit_price\":\"6.00\"}',14.0000,6.000000,'20',84.00,18.00,0.00,NULL,0.00,0.00,0.00,0.00,0.00,0.00,0.00,0.00,'01',6.000000,84.00,0.00,0.00,84.00,'[]','[]','[]',NULL,949,NULL,NULL),(62,26,571,'{\"stock\":\"90.0000\",\"id\":571,\"item_id\":571,\"full_description\":\"PEGAMENTO GRIS P\\/ CERAMICA\",\"name\":null,\"second_name\":null,\"description\":\"PEGAMENTO GRIS P\\/ CERAMICA\",\"currency_type_id\":\"PEN\",\"internal_id\":null,\"currency_type_symbol\":\"S\\/\",\"sale_unit_price\":\"13.00\",\"purchase_unit_price\":\"8.500000\",\"unit_type_id\":\"NIU\",\"sale_affectation_igv_type_id\":\"20\",\"purchase_affectation_igv_type_id\":\"20\",\"calculate_quantity\":false,\"has_igv\":true,\"is_set\":false,\"active\":1,\"edit_unit_price\":false,\"aux_quantity\":\"10\",\"edit_sale_unit_price\":\"13.00\",\"aux_sale_unit_price\":\"13.00\",\"image_url\":\"https:\\/\\/dariana.softlte.net.pe\\/logo\\/imagen-no-disponible.jpg\",\"warehouses\":[{\"warehouse_description\":\"Almac\\u00e9n Oficina Principal\",\"stock\":\"90.0000\"}],\"category_id\":0,\"sets\":[],\"unit_type\":[],\"category\":null,\"brand\":null,\"has_plastic_bag_taxes\":false,\"amount_plastic_bag_taxes\":\"0.10\",\"has_isc\":false,\"system_isc_type_id\":null,\"percentage_isc\":\"0.00\",\"unit_price\":\"13.00\"}',10.0000,13.000000,'20',130.00,18.00,0.00,NULL,0.00,0.00,0.00,0.00,0.00,0.00,0.00,0.00,'01',13.000000,130.00,0.00,0.00,130.00,'[]','[]','[]',NULL,950,NULL,NULL),(63,26,489,'{\"stock\":\"109.0000\",\"id\":489,\"item_id\":489,\"full_description\":\"TUBO 2X3 DESAGUE PLASTICO GRIS\",\"name\":null,\"second_name\":null,\"description\":\"TUBO 2X3 DESAGUE PLASTICO GRIS\",\"currency_type_id\":\"PEN\",\"internal_id\":null,\"currency_type_symbol\":\"S\\/\",\"sale_unit_price\":\"16.00\",\"purchase_unit_price\":\"12.300000\",\"unit_type_id\":\"NIU\",\"sale_affectation_igv_type_id\":\"20\",\"purchase_affectation_igv_type_id\":\"20\",\"calculate_quantity\":false,\"has_igv\":true,\"is_set\":false,\"active\":1,\"edit_unit_price\":false,\"aux_quantity\":1,\"edit_sale_unit_price\":\"16.00\",\"aux_sale_unit_price\":\"17.00\",\"image_url\":\"https:\\/\\/dariana.softlte.net.pe\\/logo\\/imagen-no-disponible.jpg\",\"warehouses\":[{\"warehouse_description\":\"Almac\\u00e9n Oficina Principal\",\"stock\":\"109.0000\"}],\"category_id\":0,\"sets\":[],\"unit_type\":[],\"category\":null,\"brand\":null,\"has_plastic_bag_taxes\":false,\"amount_plastic_bag_taxes\":\"0.10\",\"has_isc\":false,\"system_isc_type_id\":null,\"percentage_isc\":\"0.00\",\"unit_price\":\"16.00\"}',1.0000,16.000000,'20',16.00,18.00,0.00,NULL,0.00,0.00,0.00,0.00,0.00,0.00,0.00,0.00,'01',16.000000,16.00,0.00,0.00,16.00,'[]','[]','[]',NULL,951,NULL,NULL),(64,26,801,'{\"stock\":\"24.0000\",\"id\":801,\"item_id\":801,\"full_description\":\"PEGAMENTO TIGRE 1\\/16\",\"name\":null,\"second_name\":null,\"description\":\"PEGAMENTO TIGRE 1\\/16\",\"currency_type_id\":\"PEN\",\"internal_id\":null,\"currency_type_symbol\":\"S\\/\",\"sale_unit_price\":\"16.00\",\"purchase_unit_price\":\"6.800000\",\"unit_type_id\":\"NIU\",\"sale_affectation_igv_type_id\":\"20\",\"purchase_affectation_igv_type_id\":\"20\",\"calculate_quantity\":false,\"has_igv\":true,\"is_set\":false,\"active\":1,\"edit_unit_price\":false,\"aux_quantity\":1,\"edit_sale_unit_price\":\"16.00\",\"aux_sale_unit_price\":\"16.00\",\"image_url\":\"https:\\/\\/dariana.softlte.net.pe\\/storage\\/uploads\\/items\\/pegamento-tigre-116-20220423175517.jpg\",\"warehouses\":[{\"warehouse_description\":\"Almac\\u00e9n Oficina Principal\",\"stock\":\"24.0000\"}],\"category_id\":0,\"sets\":[],\"unit_type\":[],\"category\":null,\"brand\":null,\"has_plastic_bag_taxes\":false,\"amount_plastic_bag_taxes\":\"0.10\",\"has_isc\":false,\"system_isc_type_id\":null,\"percentage_isc\":\"0.00\",\"unit_price\":\"16.00\"}',1.0000,16.000000,'20',16.00,18.00,0.00,NULL,0.00,0.00,0.00,0.00,0.00,0.00,0.00,0.00,'01',16.000000,16.00,0.00,0.00,16.00,'[]','[]','[]',NULL,952,NULL,NULL),(65,26,274,'{\"stock\":\"29.0000\",\"id\":274,\"item_id\":274,\"full_description\":\"LLAVE DE LAVADERO PARED P\\/CHCOFLEXZ\",\"name\":null,\"second_name\":null,\"description\":\"LLAVE DE LAVADERO PARED P\\/CHCOFLEXZ  - C&A\",\"currency_type_id\":\"PEN\",\"internal_id\":null,\"currency_type_symbol\":\"S\\/\",\"sale_unit_price\":\"45.00\",\"purchase_unit_price\":\"18.470000\",\"unit_type_id\":\"NIU\",\"sale_affectation_igv_type_id\":\"20\",\"purchase_affectation_igv_type_id\":\"20\",\"calculate_quantity\":false,\"has_igv\":true,\"is_set\":false,\"active\":1,\"edit_unit_price\":false,\"aux_quantity\":1,\"edit_sale_unit_price\":\"45.00\",\"aux_sale_unit_price\":\"45.00\",\"image_url\":\"https:\\/\\/dariana.softlte.net.pe\\/logo\\/imagen-no-disponible.jpg\",\"warehouses\":[{\"warehouse_description\":\"Almac\\u00e9n Oficina Principal\",\"stock\":\"29.0000\"}],\"category_id\":0,\"sets\":[],\"unit_type\":[],\"category\":null,\"brand\":\"C&A\",\"has_plastic_bag_taxes\":false,\"amount_plastic_bag_taxes\":\"0.10\",\"has_isc\":false,\"system_isc_type_id\":null,\"percentage_isc\":\"0.00\",\"unit_price\":\"45.00\"}',1.0000,45.000000,'20',45.00,18.00,0.00,NULL,0.00,0.00,0.00,0.00,0.00,0.00,0.00,0.00,'01',45.000000,45.00,0.00,0.00,45.00,'[]','[]','[]',NULL,953,NULL,NULL),(66,26,802,'{\"stock\":\"29.0000\",\"id\":802,\"item_id\":802,\"full_description\":\"LLAVE LABATORIO PALOMA\",\"name\":null,\"second_name\":null,\"description\":\"LLAVE LABATORIO PALOMA\",\"currency_type_id\":\"PEN\",\"internal_id\":null,\"currency_type_symbol\":\"S\\/\",\"sale_unit_price\":\"25.00\",\"purchase_unit_price\":\"13.000000\",\"unit_type_id\":\"NIU\",\"sale_affectation_igv_type_id\":\"20\",\"purchase_affectation_igv_type_id\":\"20\",\"calculate_quantity\":false,\"has_igv\":true,\"is_set\":false,\"active\":1,\"edit_unit_price\":false,\"aux_quantity\":1,\"edit_sale_unit_price\":\"25.00\",\"aux_sale_unit_price\":\"25.00\",\"image_url\":\"https:\\/\\/dariana.softlte.net.pe\\/storage\\/uploads\\/items\\/llave-labatorio-paloma-20220423175815.jpg\",\"warehouses\":[{\"warehouse_description\":\"Almac\\u00e9n Oficina Principal\",\"stock\":\"29.0000\"}],\"category_id\":0,\"sets\":[],\"unit_type\":[],\"category\":null,\"brand\":null,\"has_plastic_bag_taxes\":false,\"amount_plastic_bag_taxes\":\"0.10\",\"has_isc\":false,\"system_isc_type_id\":null,\"percentage_isc\":\"0.00\",\"unit_price\":\"25.00\"}',1.0000,25.000000,'20',25.00,18.00,0.00,NULL,0.00,0.00,0.00,0.00,0.00,0.00,0.00,0.00,'01',25.000000,25.00,0.00,0.00,25.00,'[]','[]','[]',NULL,954,NULL,NULL),(67,27,569,'{\"stock\":\"136.0000\",\"id\":569,\"item_id\":569,\"full_description\":\"PEGAMENTO GRIS TWYFORD P\\/ CERAMICA\",\"name\":null,\"second_name\":null,\"description\":\"PEGAMENTO GRIS TWYFORD P\\/ CERAMICA\",\"currency_type_id\":\"PEN\",\"internal_id\":null,\"currency_type_symbol\":\"S\\/\",\"sale_unit_price\":\"16.00\",\"purchase_unit_price\":\"10.500000\",\"unit_type_id\":\"NIU\",\"sale_affectation_igv_type_id\":\"20\",\"purchase_affectation_igv_type_id\":\"20\",\"calculate_quantity\":false,\"has_igv\":true,\"is_set\":false,\"active\":1,\"edit_unit_price\":false,\"aux_quantity\":\"5\",\"edit_sale_unit_price\":\"16.00\",\"aux_sale_unit_price\":\"16.00\",\"image_url\":\"https:\\/\\/dariana.softlte.net.pe\\/storage\\/uploads\\/items\\/pegamento-gris-twyford-p-ceramica-20220412095450.jpg\",\"warehouses\":[{\"warehouse_description\":\"Almac\\u00e9n Oficina Principal\",\"stock\":\"136.0000\"}],\"category_id\":0,\"sets\":[],\"unit_type\":[],\"category\":null,\"brand\":null,\"has_plastic_bag_taxes\":false,\"amount_plastic_bag_taxes\":\"0.10\",\"has_isc\":false,\"system_isc_type_id\":null,\"percentage_isc\":\"0.00\",\"unit_price\":\"16.00\"}',5.0000,16.000000,'20',80.00,18.00,0.00,NULL,0.00,0.00,0.00,0.00,0.00,0.00,0.00,0.00,'01',16.000000,80.00,0.00,0.00,80.00,'[]','[]','[]',NULL,1111,NULL,NULL),(68,27,585,'{\"stock\":\"96.0000\",\"id\":585,\"item_id\":585,\"full_description\":\"CERAMICA 45 X 45 MADERA BRILLANTE\",\"name\":null,\"second_name\":null,\"description\":\"CERAMICA 45 X 45 MADERA BRILLANTE\",\"currency_type_id\":\"PEN\",\"internal_id\":null,\"currency_type_symbol\":\"S\\/\",\"sale_unit_price\":\"42.00\",\"purchase_unit_price\":\"29.300000\",\"unit_type_id\":\"MTR\",\"sale_affectation_igv_type_id\":\"20\",\"purchase_affectation_igv_type_id\":\"20\",\"calculate_quantity\":false,\"has_igv\":true,\"is_set\":false,\"active\":1,\"edit_unit_price\":false,\"aux_quantity\":\"5\",\"edit_sale_unit_price\":\"42.00\",\"aux_sale_unit_price\":\"42.00\",\"image_url\":\"https:\\/\\/dariana.softlte.net.pe\\/logo\\/imagen-no-disponible.jpg\",\"warehouses\":[{\"warehouse_description\":\"Almac\\u00e9n Oficina Principal\",\"stock\":\"96.0000\"}],\"category_id\":0,\"sets\":[],\"unit_type\":[],\"category\":null,\"brand\":null,\"has_plastic_bag_taxes\":false,\"amount_plastic_bag_taxes\":\"0.10\",\"has_isc\":false,\"system_isc_type_id\":null,\"percentage_isc\":\"0.00\",\"unit_price\":\"42.00\"}',5.0000,42.000000,'20',210.00,18.00,0.00,NULL,0.00,0.00,0.00,0.00,0.00,0.00,0.00,0.00,'01',42.000000,210.00,0.00,0.00,210.00,'[]','[]','[]',NULL,1112,NULL,NULL),(69,27,841,'{\"stock\":\"19.0000\",\"id\":841,\"item_id\":841,\"full_description\":\"CAJA DE PASO 150X150 PVC\",\"name\":null,\"second_name\":null,\"description\":\"CAJA DE PASO 150X150 PVC\",\"currency_type_id\":\"PEN\",\"internal_id\":null,\"currency_type_symbol\":\"S\\/\",\"sale_unit_price\":\"18.00\",\"purchase_unit_price\":\"8.000000\",\"unit_type_id\":\"NIU\",\"sale_affectation_igv_type_id\":\"20\",\"purchase_affectation_igv_type_id\":\"20\",\"calculate_quantity\":false,\"has_igv\":true,\"is_set\":false,\"active\":1,\"edit_unit_price\":false,\"aux_quantity\":\"1\",\"edit_sale_unit_price\":\"18.00\",\"aux_sale_unit_price\":\"18.00\",\"image_url\":\"https:\\/\\/dariana.softlte.net.pe\\/logo\\/imagen-no-disponible.jpg\",\"warehouses\":[{\"warehouse_description\":\"Almac\\u00e9n Oficina Principal\",\"stock\":\"19.0000\"}],\"category_id\":0,\"sets\":[],\"unit_type\":[],\"category\":null,\"brand\":null,\"has_plastic_bag_taxes\":false,\"amount_plastic_bag_taxes\":\"0.10\",\"has_isc\":false,\"system_isc_type_id\":null,\"percentage_isc\":\"0.00\",\"unit_price\":\"18.00\"}',1.0000,18.000000,'20',18.00,18.00,0.00,NULL,0.00,0.00,0.00,0.00,0.00,0.00,0.00,0.00,'01',18.000000,18.00,0.00,0.00,18.00,'[]','[]','[]',NULL,1113,NULL,NULL),(70,27,849,'{\"stock\":\"100.0000\",\"id\":849,\"item_id\":849,\"full_description\":\"CAJA OCTAGONA NICOL GRIS\",\"name\":null,\"second_name\":null,\"description\":\"CAJA OCTAGONA NICOL GRIS\",\"currency_type_id\":\"PEN\",\"internal_id\":null,\"currency_type_symbol\":\"S\\/\",\"sale_unit_price\":\"3.50\",\"purchase_unit_price\":\"2.200000\",\"unit_type_id\":\"NIU\",\"sale_affectation_igv_type_id\":\"20\",\"purchase_affectation_igv_type_id\":\"20\",\"calculate_quantity\":false,\"has_igv\":true,\"is_set\":false,\"active\":1,\"edit_unit_price\":false,\"aux_quantity\":\"5\",\"edit_sale_unit_price\":\"3.50\",\"aux_sale_unit_price\":\"3.50\",\"image_url\":\"https:\\/\\/dariana.softlte.net.pe\\/logo\\/imagen-no-disponible.jpg\",\"warehouses\":[{\"warehouse_description\":\"Almac\\u00e9n Oficina Principal\",\"stock\":\"100.0000\"}],\"category_id\":0,\"sets\":[],\"unit_type\":[],\"category\":null,\"brand\":null,\"has_plastic_bag_taxes\":false,\"amount_plastic_bag_taxes\":\"0.10\",\"has_isc\":false,\"system_isc_type_id\":null,\"percentage_isc\":\"0.00\",\"unit_price\":\"3.50\"}',5.0000,3.500000,'20',17.50,18.00,0.00,NULL,0.00,0.00,0.00,0.00,0.00,0.00,0.00,0.00,'01',3.500000,17.50,0.00,0.00,17.50,'[]','[]','[]',NULL,1114,NULL,NULL),(71,27,848,'{\"stock\":\"500.0000\",\"id\":848,\"item_id\":848,\"full_description\":\"CURVA SEL 3\\/4 NICOL\",\"name\":null,\"second_name\":null,\"description\":\"CURVA SEL 3\\/4 NICOL\",\"currency_type_id\":\"PEN\",\"internal_id\":null,\"currency_type_symbol\":\"S\\/\",\"sale_unit_price\":\"1.20\",\"purchase_unit_price\":\"0.600000\",\"unit_type_id\":\"NIU\",\"sale_affectation_igv_type_id\":\"20\",\"purchase_affectation_igv_type_id\":\"20\",\"calculate_quantity\":false,\"has_igv\":true,\"is_set\":false,\"active\":1,\"edit_unit_price\":false,\"aux_quantity\":\"7\",\"edit_sale_unit_price\":\"1.20\",\"aux_sale_unit_price\":\"1.20\",\"image_url\":\"https:\\/\\/dariana.softlte.net.pe\\/logo\\/imagen-no-disponible.jpg\",\"warehouses\":[{\"warehouse_description\":\"Almac\\u00e9n Oficina Principal\",\"stock\":\"500.0000\"}],\"category_id\":0,\"sets\":[],\"unit_type\":[],\"category\":null,\"brand\":null,\"has_plastic_bag_taxes\":false,\"amount_plastic_bag_taxes\":\"0.10\",\"has_isc\":false,\"system_isc_type_id\":null,\"percentage_isc\":\"0.00\",\"unit_price\":\"1.20\"}',7.0000,1.200000,'20',8.40,18.00,0.00,NULL,0.00,0.00,0.00,0.00,0.00,0.00,0.00,0.00,'01',1.200000,8.40,0.00,0.00,8.40,'[]','[]','[]',NULL,1115,NULL,NULL),(72,27,290,'{\"stock\":\"290.0000\",\"id\":290,\"item_id\":290,\"full_description\":\"TUBO SEL 3\\/4\\\" X 3MT PVC\",\"name\":null,\"second_name\":null,\"description\":\"TUBO SEL 3\\/4\\\" X 3MT PVC - NICOLL\",\"currency_type_id\":\"PEN\",\"internal_id\":null,\"currency_type_symbol\":\"S\\/\",\"sale_unit_price\":\"8.50\",\"purchase_unit_price\":\"5.250000\",\"unit_type_id\":\"NIU\",\"sale_affectation_igv_type_id\":\"20\",\"purchase_affectation_igv_type_id\":\"20\",\"calculate_quantity\":false,\"has_igv\":true,\"is_set\":false,\"active\":1,\"edit_unit_price\":false,\"aux_quantity\":\"4\",\"edit_sale_unit_price\":\"8.50\",\"aux_sale_unit_price\":\"8.50\",\"image_url\":\"https:\\/\\/dariana.softlte.net.pe\\/storage\\/uploads\\/items\\/tubo-sel-34-x-3mt-pvc-20220426101942.jpg\",\"warehouses\":[{\"warehouse_description\":\"Almac\\u00e9n Oficina Principal\",\"stock\":\"290.0000\"}],\"category_id\":0,\"sets\":[],\"unit_type\":[],\"category\":null,\"brand\":\"NICOLL\",\"has_plastic_bag_taxes\":false,\"amount_plastic_bag_taxes\":\"0.10\",\"has_isc\":false,\"system_isc_type_id\":null,\"percentage_isc\":\"0.00\",\"unit_price\":\"8.50\"}',4.0000,8.500000,'20',34.00,18.00,0.00,NULL,0.00,0.00,0.00,0.00,0.00,0.00,0.00,0.00,'01',8.500000,34.00,0.00,0.00,34.00,'[]','[]','[]',NULL,1116,NULL,NULL),(73,27,847,'{\"stock\":\"30.0000\",\"id\":847,\"item_id\":847,\"full_description\":\"CAJA DE PASO DE 100 X100\",\"name\":null,\"second_name\":null,\"description\":\"CAJA DE PASO DE 100 X100\",\"currency_type_id\":\"PEN\",\"internal_id\":null,\"currency_type_symbol\":\"S\\/\",\"sale_unit_price\":\"13.00\",\"purchase_unit_price\":\"6.000000\",\"unit_type_id\":\"NIU\",\"sale_affectation_igv_type_id\":\"20\",\"purchase_affectation_igv_type_id\":\"20\",\"calculate_quantity\":false,\"has_igv\":true,\"is_set\":false,\"active\":1,\"edit_unit_price\":false,\"aux_quantity\":\"2\",\"edit_sale_unit_price\":\"13.00\",\"aux_sale_unit_price\":\"13.00\",\"image_url\":\"https:\\/\\/dariana.softlte.net.pe\\/logo\\/imagen-no-disponible.jpg\",\"warehouses\":[{\"warehouse_description\":\"Almac\\u00e9n Oficina Principal\",\"stock\":\"30.0000\"}],\"category_id\":0,\"sets\":[],\"unit_type\":[],\"category\":null,\"brand\":null,\"has_plastic_bag_taxes\":false,\"amount_plastic_bag_taxes\":\"0.10\",\"has_isc\":false,\"system_isc_type_id\":null,\"percentage_isc\":\"0.00\",\"unit_price\":\"13.00\"}',2.0000,13.000000,'20',26.00,18.00,0.00,NULL,0.00,0.00,0.00,0.00,0.00,0.00,0.00,0.00,'01',13.000000,26.00,0.00,0.00,26.00,'[]','[]','[]',NULL,1117,NULL,NULL),(74,27,845,'{\"stock\":\"150.0000\",\"id\":845,\"item_id\":845,\"full_description\":\"TUBO SEL 1X3 PLASTICA\",\"name\":null,\"second_name\":null,\"description\":\"TUBO SEL 1X3 PLASTICA\",\"currency_type_id\":\"PEN\",\"internal_id\":null,\"currency_type_symbol\":\"S\\/\",\"sale_unit_price\":\"10.00\",\"purchase_unit_price\":\"6.500000\",\"unit_type_id\":\"NIU\",\"sale_affectation_igv_type_id\":\"20\",\"purchase_affectation_igv_type_id\":\"20\",\"calculate_quantity\":false,\"has_igv\":true,\"is_set\":false,\"active\":1,\"edit_unit_price\":false,\"aux_quantity\":\"1\",\"edit_sale_unit_price\":\"10.00\",\"aux_sale_unit_price\":\"10.00\",\"image_url\":\"https:\\/\\/dariana.softlte.net.pe\\/logo\\/imagen-no-disponible.jpg\",\"warehouses\":[{\"warehouse_description\":\"Almac\\u00e9n Oficina Principal\",\"stock\":\"150.0000\"}],\"category_id\":0,\"sets\":[],\"unit_type\":[],\"category\":null,\"brand\":null,\"has_plastic_bag_taxes\":false,\"amount_plastic_bag_taxes\":\"0.10\",\"has_isc\":false,\"system_isc_type_id\":null,\"percentage_isc\":\"0.00\",\"unit_price\":\"10.00\"}',1.0000,10.000000,'20',10.00,18.00,0.00,NULL,0.00,0.00,0.00,0.00,0.00,0.00,0.00,0.00,'01',10.000000,10.00,0.00,0.00,10.00,'[]','[]','[]',NULL,1118,NULL,NULL),(75,28,659,'{\"stock\":\"49.5000\",\"id\":659,\"item_id\":659,\"full_description\":\"160024529 - CERAMICA  25 X 40 NEBRAZCA NEGRO\",\"name\":null,\"second_name\":null,\"description\":\"CERAMICA  25 X 40 NEBRAZCA NEGRO\",\"currency_type_id\":\"PEN\",\"internal_id\":\"160024529\",\"currency_type_symbol\":\"S\\/\",\"sale_unit_price\":\"35.00\",\"purchase_unit_price\":\"24.300000\",\"unit_type_id\":\"MTR\",\"sale_affectation_igv_type_id\":\"20\",\"purchase_affectation_igv_type_id\":\"20\",\"calculate_quantity\":false,\"has_igv\":true,\"is_set\":false,\"active\":1,\"edit_unit_price\":false,\"aux_quantity\":\"23\",\"edit_sale_unit_price\":\"35.00\",\"aux_sale_unit_price\":\"36.00\",\"image_url\":\"https:\\/\\/dariana.softlte.net.pe\\/logo\\/imagen-no-disponible.jpg\",\"warehouses\":[{\"warehouse_description\":\"Almac\\u00e9n Oficina Principal\",\"stock\":\"49.5000\"}],\"category_id\":0,\"sets\":[],\"unit_type\":[],\"category\":null,\"brand\":null,\"has_plastic_bag_taxes\":false,\"amount_plastic_bag_taxes\":\"0.10\",\"has_isc\":false,\"system_isc_type_id\":null,\"percentage_isc\":\"0.00\",\"unit_price\":\"35.00\"}',23.0000,35.000000,'20',805.00,18.00,0.00,NULL,0.00,0.00,0.00,0.00,0.00,0.00,0.00,0.00,'01',35.000000,805.00,0.00,0.00,805.00,'[]','[]','[]',NULL,1168,NULL,NULL),(76,29,854,'{\"stock\":\"4.0000\",\"id\":854,\"item_id\":854,\"full_description\":\"CHEMA CLEAN 1LTRO\",\"name\":null,\"second_name\":null,\"description\":\"CHEMA CLEAN 1LTRO\",\"currency_type_id\":\"PEN\",\"internal_id\":null,\"currency_type_symbol\":\"S\\/\",\"sale_unit_price\":\"45.00\",\"purchase_unit_price\":\"19.000000\",\"unit_type_id\":\"NIU\",\"sale_affectation_igv_type_id\":\"20\",\"purchase_affectation_igv_type_id\":\"20\",\"calculate_quantity\":false,\"has_igv\":true,\"is_set\":false,\"active\":1,\"edit_unit_price\":false,\"aux_quantity\":\"2\",\"edit_sale_unit_price\":\"45.00\",\"aux_sale_unit_price\":\"45.00\",\"image_url\":\"https:\\/\\/dariana.softlte.net.pe\\/logo\\/imagen-no-disponible.jpg\",\"warehouses\":[{\"warehouse_description\":\"Almac\\u00e9n Oficina Principal\",\"stock\":\"4.0000\"}],\"category_id\":0,\"sets\":[],\"unit_type\":[],\"category\":null,\"brand\":null,\"has_plastic_bag_taxes\":false,\"amount_plastic_bag_taxes\":\"0.10\",\"has_isc\":false,\"system_isc_type_id\":null,\"percentage_isc\":\"0.00\",\"unit_price\":\"45.00\"}',2.0000,45.000000,'20',90.00,18.00,0.00,NULL,0.00,0.00,0.00,0.00,0.00,0.00,0.00,0.00,'01',45.000000,90.00,0.00,0.00,90.00,'[]','[]','[]',NULL,1175,NULL,NULL),(77,30,655,'{\"stock\":\"3.5000\",\"id\":655,\"item_id\":655,\"full_description\":\"160030747 - CERAMICA  25 X 40 AMARIS BEIGE\",\"name\":null,\"second_name\":null,\"description\":\"CERAMICA  25 X 40 AMARIS BEIGE - TWFORD\",\"currency_type_id\":\"PEN\",\"internal_id\":\"160030747\",\"currency_type_symbol\":\"S\\/\",\"sale_unit_price\":\"36.00\",\"purchase_unit_price\":\"24.300000\",\"unit_type_id\":\"MTR\",\"sale_affectation_igv_type_id\":\"20\",\"purchase_affectation_igv_type_id\":\"20\",\"calculate_quantity\":false,\"has_igv\":true,\"is_set\":false,\"active\":1,\"edit_unit_price\":false,\"aux_quantity\":\"23\",\"edit_sale_unit_price\":\"36.00\",\"aux_sale_unit_price\":\"36.00\",\"image_url\":\"https:\\/\\/dariana.softlte.net.pe\\/logo\\/imagen-no-disponible.jpg\",\"warehouses\":[{\"warehouse_description\":\"Almac\\u00e9n Oficina Principal\",\"stock\":\"3.5000\"}],\"category_id\":0,\"sets\":[],\"unit_type\":[],\"category\":null,\"brand\":\"TWFORD\",\"has_plastic_bag_taxes\":false,\"amount_plastic_bag_taxes\":\"0.10\",\"has_isc\":false,\"system_isc_type_id\":null,\"percentage_isc\":\"0.00\",\"unit_price\":\"36.00\"}',23.0000,36.000000,'20',828.00,18.00,0.00,NULL,0.00,0.00,0.00,0.00,0.00,0.00,0.00,0.00,'01',36.000000,828.00,0.00,0.00,828.00,'[]','[]','[]',NULL,1321,NULL,NULL),(78,31,569,'{\"stock\":\"131.0000\",\"id\":569,\"item_id\":569,\"full_description\":\"PEGAMENTO GRIS TWYFORD P\\/ CERAMICA\",\"name\":null,\"second_name\":null,\"description\":\"PEGAMENTO GRIS TWYFORD P\\/ CERAMICA\",\"currency_type_id\":\"PEN\",\"internal_id\":null,\"currency_type_symbol\":\"S\\/\",\"sale_unit_price\":\"16.00\",\"purchase_unit_price\":\"10.500000\",\"unit_type_id\":\"NIU\",\"sale_affectation_igv_type_id\":\"20\",\"purchase_affectation_igv_type_id\":\"20\",\"calculate_quantity\":false,\"has_igv\":true,\"is_set\":false,\"active\":1,\"edit_unit_price\":false,\"aux_quantity\":1,\"edit_sale_unit_price\":\"16.00\",\"aux_sale_unit_price\":\"16.00\",\"image_url\":\"https:\\/\\/dariana.softlte.net.pe\\/storage\\/uploads\\/items\\/pegamento-gris-twyford-p-ceramica-20220412095450.jpg\",\"warehouses\":[{\"warehouse_description\":\"Almac\\u00e9n Oficina Principal\",\"stock\":\"131.0000\"}],\"category_id\":0,\"sets\":[],\"unit_type\":[],\"category\":null,\"brand\":null,\"has_plastic_bag_taxes\":false,\"amount_plastic_bag_taxes\":\"0.10\",\"has_isc\":false,\"system_isc_type_id\":null,\"percentage_isc\":\"0.00\",\"unit_price\":\"16.00\"}',1.0000,16.000000,'20',16.00,18.00,0.00,NULL,0.00,0.00,0.00,0.00,0.00,0.00,0.00,0.00,'01',16.000000,16.00,0.00,0.00,16.00,'[]','[]','[]',NULL,1356,NULL,NULL),(79,32,932,'{\"stock\":\"23.0000\",\"id\":932,\"item_id\":932,\"full_description\":\"ceramica 25x40 estela marfil\",\"name\":null,\"second_name\":null,\"description\":\"ceramica 25x40 estela marfil\",\"currency_type_id\":\"PEN\",\"internal_id\":null,\"currency_type_symbol\":\"S\\/\",\"sale_unit_price\":\"36.00\",\"purchase_unit_price\":\"25.000000\",\"unit_type_id\":\"MTR\",\"sale_affectation_igv_type_id\":\"20\",\"purchase_affectation_igv_type_id\":\"20\",\"calculate_quantity\":false,\"has_igv\":true,\"is_set\":false,\"active\":1,\"edit_unit_price\":false,\"aux_quantity\":\"17\",\"edit_sale_unit_price\":\"36.00\",\"aux_sale_unit_price\":\"35.00\",\"image_url\":\"https:\\/\\/dariana.softlte.net.pe\\/logo\\/imagen-no-disponible.jpg\",\"warehouses\":[{\"warehouse_description\":\"Almac\\u00e9n Oficina Principal\",\"stock\":\"23.0000\"}],\"category_id\":0,\"sets\":[],\"unit_type\":[],\"category\":null,\"brand\":null,\"has_plastic_bag_taxes\":false,\"amount_plastic_bag_taxes\":\"0.10\",\"has_isc\":false,\"system_isc_type_id\":null,\"percentage_isc\":\"0.00\",\"unit_price\":\"36.00\"}',17.0000,36.000000,'20',612.00,18.00,0.00,NULL,0.00,0.00,0.00,0.00,0.00,0.00,0.00,0.00,'01',36.000000,612.00,0.00,0.00,612.00,'[]','[]','[]',NULL,1417,NULL,NULL),(80,32,525,'{\"stock\":\"49.0000\",\"id\":525,\"item_id\":525,\"full_description\":\"FRAGUA SANSON X 1 KG BLANCA\",\"name\":null,\"second_name\":null,\"description\":\"FRAGUA SANSON X 1 KG BLANCA\",\"currency_type_id\":\"PEN\",\"internal_id\":null,\"currency_type_symbol\":\"S\\/\",\"sale_unit_price\":\"5.00\",\"purchase_unit_price\":\"3.000000\",\"unit_type_id\":\"KGM\",\"sale_affectation_igv_type_id\":\"20\",\"purchase_affectation_igv_type_id\":\"20\",\"calculate_quantity\":false,\"has_igv\":true,\"is_set\":false,\"active\":1,\"edit_unit_price\":false,\"aux_quantity\":\"6\",\"edit_sale_unit_price\":\"5.00\",\"aux_sale_unit_price\":\"6.00\",\"image_url\":\"https:\\/\\/dariana.softlte.net.pe\\/logo\\/imagen-no-disponible.jpg\",\"warehouses\":[{\"warehouse_description\":\"Almac\\u00e9n Oficina Principal\",\"stock\":\"49.0000\"}],\"category_id\":0,\"sets\":[],\"unit_type\":[],\"category\":null,\"brand\":null,\"has_plastic_bag_taxes\":false,\"amount_plastic_bag_taxes\":\"0.10\",\"has_isc\":false,\"system_isc_type_id\":null,\"percentage_isc\":\"0.00\",\"unit_price\":\"5.00\"}',6.0000,5.000000,'20',30.00,18.00,0.00,NULL,0.00,0.00,0.00,0.00,0.00,0.00,0.00,0.00,'01',5.000000,30.00,0.00,0.00,30.00,'[]','[]','[]',NULL,1418,NULL,NULL),(81,32,542,'{\"stock\":\"191.0000\",\"id\":542,\"item_id\":542,\"full_description\":\"CRUZETAS 2MM  X 100 UND P \\/ CERAMICA\",\"name\":null,\"second_name\":null,\"description\":\"CRUZETAS 2MM  X 100 UND P \\/ CERAMICA\",\"currency_type_id\":\"PEN\",\"internal_id\":null,\"currency_type_symbol\":\"S\\/\",\"sale_unit_price\":\"4.00\",\"purchase_unit_price\":\"1.500000\",\"unit_type_id\":\"NIU\",\"sale_affectation_igv_type_id\":\"20\",\"purchase_affectation_igv_type_id\":\"20\",\"calculate_quantity\":false,\"has_igv\":true,\"is_set\":false,\"active\":1,\"edit_unit_price\":false,\"aux_quantity\":\"2\",\"edit_sale_unit_price\":\"4.00\",\"aux_sale_unit_price\":\"4.00\",\"image_url\":\"https:\\/\\/dariana.softlte.net.pe\\/storage\\/uploads\\/items\\/cruzetas-2mm-x-100-und-p-ceramica-20220413120316.jpg\",\"warehouses\":[{\"warehouse_description\":\"Almac\\u00e9n Oficina Principal\",\"stock\":\"191.0000\"}],\"category_id\":0,\"sets\":[],\"unit_type\":[],\"category\":null,\"brand\":null,\"has_plastic_bag_taxes\":false,\"amount_plastic_bag_taxes\":\"0.10\",\"has_isc\":false,\"system_isc_type_id\":null,\"percentage_isc\":\"0.00\",\"unit_price\":\"4.00\"}',2.0000,4.000000,'20',8.00,18.00,0.00,NULL,0.00,0.00,0.00,0.00,0.00,0.00,0.00,0.00,'01',4.000000,8.00,0.00,0.00,8.00,'[]','[]','[]',NULL,1419,NULL,NULL),(82,32,394,'{\"stock\":\"359.0000\",\"id\":394,\"item_id\":394,\"full_description\":\"PERFIL ALUMINIO  11.5 X 2 MTS BRILLANTE\",\"name\":null,\"second_name\":null,\"description\":\"PERFIL ALUMINIO  11.5 X 2 MTS BRILLANTE\",\"currency_type_id\":\"PEN\",\"internal_id\":null,\"currency_type_symbol\":\"S\\/\",\"sale_unit_price\":\"14.00\",\"purchase_unit_price\":\"9.000000\",\"unit_type_id\":\"NIU\",\"sale_affectation_igv_type_id\":\"20\",\"purchase_affectation_igv_type_id\":\"20\",\"calculate_quantity\":false,\"has_igv\":true,\"is_set\":false,\"active\":1,\"edit_unit_price\":false,\"aux_quantity\":\"18\",\"edit_sale_unit_price\":\"14.00\",\"aux_sale_unit_price\":\"14.00\",\"image_url\":\"https:\\/\\/dariana.softlte.net.pe\\/logo\\/imagen-no-disponible.jpg\",\"warehouses\":[{\"warehouse_description\":\"Almac\\u00e9n Oficina Principal\",\"stock\":\"359.0000\"}],\"category_id\":0,\"sets\":[],\"unit_type\":[],\"category\":null,\"brand\":null,\"has_plastic_bag_taxes\":false,\"amount_plastic_bag_taxes\":\"0.10\",\"has_isc\":false,\"system_isc_type_id\":null,\"percentage_isc\":\"0.00\",\"unit_price\":\"14.00\"}',18.0000,14.000000,'20',252.00,18.00,0.00,NULL,0.00,0.00,0.00,0.00,0.00,0.00,0.00,0.00,'01',14.000000,252.00,0.00,0.00,252.00,'[]','[]','[]',NULL,1420,NULL,NULL),(83,32,799,'{\"stock\":\"26.0000\",\"id\":799,\"item_id\":799,\"full_description\":\"LISTELO 6X40 GAVIOTA TURQUEZA\",\"name\":null,\"second_name\":null,\"description\":\"LISTELO 6X40 GAVIOTA TURQUEZA\",\"currency_type_id\":\"PEN\",\"internal_id\":null,\"currency_type_symbol\":\"S\\/\",\"sale_unit_price\":\"6.00\",\"purchase_unit_price\":\"3.000000\",\"unit_type_id\":\"NIU\",\"sale_affectation_igv_type_id\":\"20\",\"purchase_affectation_igv_type_id\":\"20\",\"calculate_quantity\":false,\"has_igv\":true,\"is_set\":false,\"active\":1,\"edit_unit_price\":false,\"aux_quantity\":\"10\",\"edit_sale_unit_price\":\"6.00\",\"aux_sale_unit_price\":\"6.00\",\"image_url\":\"https:\\/\\/dariana.softlte.net.pe\\/logo\\/imagen-no-disponible.jpg\",\"warehouses\":[{\"warehouse_description\":\"Almac\\u00e9n Oficina Principal\",\"stock\":\"26.0000\"}],\"category_id\":0,\"sets\":[],\"unit_type\":[],\"category\":null,\"brand\":null,\"has_plastic_bag_taxes\":false,\"amount_plastic_bag_taxes\":\"0.10\",\"has_isc\":false,\"system_isc_type_id\":null,\"percentage_isc\":\"0.00\",\"unit_price\":\"6.00\"}',10.0000,6.000000,'20',60.00,18.00,0.00,NULL,0.00,0.00,0.00,0.00,0.00,0.00,0.00,0.00,'01',6.000000,60.00,0.00,0.00,60.00,'[]','[]','[]',NULL,1421,NULL,NULL),(84,32,800,'{\"stock\":\"72.0000\",\"id\":800,\"item_id\":800,\"full_description\":\"LAPIZ DE VIDRIO 60CM\",\"name\":null,\"second_name\":null,\"description\":\"LAPIZ DE VIDRIO 60CM\",\"currency_type_id\":\"PEN\",\"internal_id\":null,\"currency_type_symbol\":\"S\\/\",\"sale_unit_price\":\"6.00\",\"purchase_unit_price\":\"3.000000\",\"unit_type_id\":\"NIU\",\"sale_affectation_igv_type_id\":\"20\",\"purchase_affectation_igv_type_id\":\"20\",\"calculate_quantity\":false,\"has_igv\":true,\"is_set\":false,\"active\":1,\"edit_unit_price\":false,\"aux_quantity\":\"14\",\"edit_sale_unit_price\":\"6.00\",\"aux_sale_unit_price\":\"6.00\",\"image_url\":\"https:\\/\\/dariana.softlte.net.pe\\/logo\\/imagen-no-disponible.jpg\",\"warehouses\":[{\"warehouse_description\":\"Almac\\u00e9n Oficina Principal\",\"stock\":\"72.0000\"}],\"category_id\":0,\"sets\":[],\"unit_type\":[],\"category\":null,\"brand\":null,\"has_plastic_bag_taxes\":false,\"amount_plastic_bag_taxes\":\"0.10\",\"has_isc\":false,\"system_isc_type_id\":null,\"percentage_isc\":\"0.00\",\"unit_price\":\"6.00\"}',14.0000,6.000000,'20',84.00,18.00,0.00,NULL,0.00,0.00,0.00,0.00,0.00,0.00,0.00,0.00,'01',6.000000,84.00,0.00,0.00,84.00,'[]','[]','[]',NULL,1422,NULL,NULL),(85,32,571,'{\"stock\":\"19.0000\",\"id\":571,\"item_id\":571,\"full_description\":\"PEGAMENTO GRIS P\\/ CERAMICA\",\"name\":null,\"second_name\":null,\"description\":\"PEGAMENTO GRIS P\\/ CERAMICA\",\"currency_type_id\":\"PEN\",\"internal_id\":null,\"currency_type_symbol\":\"S\\/\",\"sale_unit_price\":\"13.00\",\"purchase_unit_price\":\"8.500000\",\"unit_type_id\":\"NIU\",\"sale_affectation_igv_type_id\":\"20\",\"purchase_affectation_igv_type_id\":\"20\",\"calculate_quantity\":false,\"has_igv\":true,\"is_set\":false,\"active\":1,\"edit_unit_price\":false,\"aux_quantity\":\"10\",\"edit_sale_unit_price\":\"13.00\",\"aux_sale_unit_price\":\"13.00\",\"image_url\":\"https:\\/\\/dariana.softlte.net.pe\\/logo\\/imagen-no-disponible.jpg\",\"warehouses\":[{\"warehouse_description\":\"Almac\\u00e9n Oficina Principal\",\"stock\":\"19.0000\"}],\"category_id\":0,\"sets\":[],\"unit_type\":[],\"category\":null,\"brand\":null,\"has_plastic_bag_taxes\":false,\"amount_plastic_bag_taxes\":\"0.10\",\"has_isc\":false,\"system_isc_type_id\":null,\"percentage_isc\":\"0.00\",\"unit_price\":\"13.00\"}',10.0000,13.000000,'20',130.00,18.00,0.00,NULL,0.00,0.00,0.00,0.00,0.00,0.00,0.00,0.00,'01',13.000000,130.00,0.00,0.00,130.00,'[]','[]','[]',NULL,1423,NULL,NULL),(86,32,489,'{\"stock\":\"105.0000\",\"id\":489,\"item_id\":489,\"full_description\":\"TUBO 2X3 DESAGUE PLASTICO GRIS\",\"name\":null,\"second_name\":null,\"description\":\"TUBO 2X3 DESAGUE PLASTICO GRIS\",\"currency_type_id\":\"PEN\",\"internal_id\":null,\"currency_type_symbol\":\"S\\/\",\"sale_unit_price\":\"16.00\",\"purchase_unit_price\":\"12.300000\",\"unit_type_id\":\"NIU\",\"sale_affectation_igv_type_id\":\"20\",\"purchase_affectation_igv_type_id\":\"20\",\"calculate_quantity\":false,\"has_igv\":true,\"is_set\":false,\"active\":1,\"edit_unit_price\":false,\"aux_quantity\":1,\"edit_sale_unit_price\":\"16.00\",\"aux_sale_unit_price\":\"17.00\",\"image_url\":\"https:\\/\\/dariana.softlte.net.pe\\/logo\\/imagen-no-disponible.jpg\",\"warehouses\":[{\"warehouse_description\":\"Almac\\u00e9n Oficina Principal\",\"stock\":\"105.0000\"}],\"category_id\":0,\"sets\":[],\"unit_type\":[],\"category\":null,\"brand\":null,\"has_plastic_bag_taxes\":false,\"amount_plastic_bag_taxes\":\"0.10\",\"has_isc\":false,\"system_isc_type_id\":null,\"percentage_isc\":\"0.00\",\"unit_price\":\"16.00\"}',1.0000,16.000000,'20',16.00,18.00,0.00,NULL,0.00,0.00,0.00,0.00,0.00,0.00,0.00,0.00,'01',16.000000,16.00,0.00,0.00,16.00,'[]','[]','[]',NULL,1424,NULL,NULL),(87,32,801,'{\"stock\":\"18.0000\",\"id\":801,\"item_id\":801,\"full_description\":\"PEGAMENTO TIGRE 1\\/16\",\"name\":null,\"second_name\":null,\"description\":\"PEGAMENTO TIGRE 1\\/16\",\"currency_type_id\":\"PEN\",\"internal_id\":null,\"currency_type_symbol\":\"S\\/\",\"sale_unit_price\":\"16.00\",\"purchase_unit_price\":\"6.800000\",\"unit_type_id\":\"NIU\",\"sale_affectation_igv_type_id\":\"20\",\"purchase_affectation_igv_type_id\":\"20\",\"calculate_quantity\":false,\"has_igv\":true,\"is_set\":false,\"active\":1,\"edit_unit_price\":false,\"aux_quantity\":1,\"edit_sale_unit_price\":\"16.00\",\"aux_sale_unit_price\":\"16.00\",\"image_url\":\"https:\\/\\/dariana.softlte.net.pe\\/storage\\/uploads\\/items\\/pegamento-tigre-116-20220423175517.jpg\",\"warehouses\":[{\"warehouse_description\":\"Almac\\u00e9n Oficina Principal\",\"stock\":\"18.0000\"}],\"category_id\":0,\"sets\":[],\"unit_type\":[],\"category\":null,\"brand\":null,\"has_plastic_bag_taxes\":false,\"amount_plastic_bag_taxes\":\"0.10\",\"has_isc\":false,\"system_isc_type_id\":null,\"percentage_isc\":\"0.00\",\"unit_price\":\"16.00\"}',1.0000,16.000000,'20',16.00,18.00,0.00,NULL,0.00,0.00,0.00,0.00,0.00,0.00,0.00,0.00,'01',16.000000,16.00,0.00,0.00,16.00,'[]','[]','[]',NULL,1425,NULL,NULL),(88,32,274,'{\"stock\":\"28.0000\",\"id\":274,\"item_id\":274,\"full_description\":\"LLAVE DE LAVADERO PARED P\\/CHCOFLEXZ\",\"name\":null,\"second_name\":null,\"description\":\"LLAVE DE LAVADERO PARED P\\/CHCOFLEXZ  - C&A\",\"currency_type_id\":\"PEN\",\"internal_id\":null,\"currency_type_symbol\":\"S\\/\",\"sale_unit_price\":\"45.00\",\"purchase_unit_price\":\"18.470000\",\"unit_type_id\":\"NIU\",\"sale_affectation_igv_type_id\":\"20\",\"purchase_affectation_igv_type_id\":\"20\",\"calculate_quantity\":false,\"has_igv\":true,\"is_set\":false,\"active\":1,\"edit_unit_price\":false,\"aux_quantity\":1,\"edit_sale_unit_price\":\"45.00\",\"aux_sale_unit_price\":\"45.00\",\"image_url\":\"https:\\/\\/dariana.softlte.net.pe\\/logo\\/imagen-no-disponible.jpg\",\"warehouses\":[{\"warehouse_description\":\"Almac\\u00e9n Oficina Principal\",\"stock\":\"28.0000\"}],\"category_id\":0,\"sets\":[],\"unit_type\":[],\"category\":null,\"brand\":\"C&A\",\"has_plastic_bag_taxes\":false,\"amount_plastic_bag_taxes\":\"0.10\",\"has_isc\":false,\"system_isc_type_id\":null,\"percentage_isc\":\"0.00\",\"unit_price\":\"45.00\"}',1.0000,45.000000,'20',45.00,18.00,0.00,NULL,0.00,0.00,0.00,0.00,0.00,0.00,0.00,0.00,'01',45.000000,45.00,0.00,0.00,45.00,'[]','[]','[]',NULL,1426,NULL,NULL),(89,32,802,'{\"stock\":\"28.0000\",\"id\":802,\"item_id\":802,\"full_description\":\"LLAVE LABATORIO PALOMA\",\"name\":null,\"second_name\":null,\"description\":\"LLAVE LABATORIO PALOMA\",\"currency_type_id\":\"PEN\",\"internal_id\":null,\"currency_type_symbol\":\"S\\/\",\"sale_unit_price\":\"25.00\",\"purchase_unit_price\":\"13.000000\",\"unit_type_id\":\"NIU\",\"sale_affectation_igv_type_id\":\"20\",\"purchase_affectation_igv_type_id\":\"20\",\"calculate_quantity\":false,\"has_igv\":true,\"is_set\":false,\"active\":1,\"edit_unit_price\":false,\"aux_quantity\":1,\"edit_sale_unit_price\":\"25.00\",\"aux_sale_unit_price\":\"25.00\",\"image_url\":\"https:\\/\\/dariana.softlte.net.pe\\/storage\\/uploads\\/items\\/llave-labatorio-paloma-20220423175815.jpg\",\"warehouses\":[{\"warehouse_description\":\"Almac\\u00e9n Oficina Principal\",\"stock\":\"28.0000\"}],\"category_id\":0,\"sets\":[],\"unit_type\":[],\"category\":null,\"brand\":null,\"has_plastic_bag_taxes\":false,\"amount_plastic_bag_taxes\":\"0.10\",\"has_isc\":false,\"system_isc_type_id\":null,\"percentage_isc\":\"0.00\",\"unit_price\":\"25.00\"}',1.0000,25.000000,'20',25.00,18.00,0.00,NULL,0.00,0.00,0.00,0.00,0.00,0.00,0.00,0.00,'01',25.000000,25.00,0.00,0.00,25.00,'[]','[]','[]',NULL,1427,NULL,NULL),(90,33,555,'{\"stock\":\"120.0000\",\"id\":555,\"item_id\":555,\"full_description\":\"FOCO LED 9 WATS GLOBO PHELIX\",\"name\":null,\"second_name\":null,\"description\":\"FOCO LED 9 WATS GLOBO PHELIX\",\"currency_type_id\":\"PEN\",\"internal_id\":null,\"currency_type_symbol\":\"S\\/\",\"sale_unit_price\":\"4.000\",\"purchase_unit_price\":\"5.000000\",\"unit_type_id\":\"NIU\",\"sale_affectation_igv_type_id\":\"20\",\"purchase_affectation_igv_type_id\":\"20\",\"calculate_quantity\":false,\"has_igv\":true,\"is_set\":false,\"active\":1,\"edit_unit_price\":false,\"aux_quantity\":1,\"edit_sale_unit_price\":\"4.000\",\"aux_sale_unit_price\":\"10.00\",\"image_url\":\"https:\\/\\/dariana.softlte.net.pe\\/logo\\/imagen-no-disponible.jpg\",\"warehouses\":[{\"warehouse_description\":\"Almac\\u00e9n Oficina Principal\",\"stock\":\"120.0000\"}],\"category_id\":0,\"sets\":[],\"unit_type\":[],\"category\":null,\"brand\":null,\"has_plastic_bag_taxes\":false,\"amount_plastic_bag_taxes\":\"0.10\",\"has_isc\":false,\"system_isc_type_id\":null,\"percentage_isc\":\"0.00\",\"unit_price\":\"4.000\",\"IdLoteSelected\":null}',1.0000,4.000000,'20',4.00,18.00,0.00,NULL,0.00,0.00,0.00,0.00,0.00,0.00,0.00,0.00,'01',4.000000,4.00,0.00,0.00,4.00,'[]','[]','[]',NULL,1795,NULL,NULL),(91,33,548,'{\"stock\":\"81.0000\",\"id\":548,\"item_id\":548,\"full_description\":\"FOCO LED BOTELLA 18 WATS HOME LIGHT\",\"name\":null,\"second_name\":null,\"description\":\"FOCO LED BOTELLA 18 WATS HOME LIGHT\",\"currency_type_id\":\"PEN\",\"internal_id\":null,\"currency_type_symbol\":\"S\\/\",\"sale_unit_price\":\"17.00\",\"purchase_unit_price\":\"6.200000\",\"unit_type_id\":\"NIU\",\"sale_affectation_igv_type_id\":\"20\",\"purchase_affectation_igv_type_id\":\"20\",\"calculate_quantity\":false,\"has_igv\":true,\"is_set\":false,\"active\":1,\"edit_unit_price\":false,\"aux_quantity\":\"6\",\"edit_sale_unit_price\":\"17.00\",\"aux_sale_unit_price\":\"13.00\",\"image_url\":\"https:\\/\\/dariana.softlte.net.pe\\/logo\\/imagen-no-disponible.jpg\",\"warehouses\":[{\"warehouse_description\":\"Almac\\u00e9n Oficina Principal\",\"stock\":\"81.0000\"}],\"category_id\":0,\"sets\":[],\"unit_type\":[],\"category\":null,\"brand\":null,\"has_plastic_bag_taxes\":false,\"amount_plastic_bag_taxes\":\"0.10\",\"has_isc\":false,\"system_isc_type_id\":null,\"percentage_isc\":\"0.00\",\"unit_price\":\"17.00\",\"IdLoteSelected\":null}',6.0000,17.000000,'20',102.00,18.00,0.00,NULL,0.00,0.00,0.00,0.00,0.00,0.00,0.00,0.00,'01',17.000000,102.00,0.00,0.00,102.00,'[]','[]','[]',NULL,1796,NULL,NULL),(92,34,768,'{\"stock\":\"928.0000\",\"id\":768,\"item_id\":768,\"full_description\":\"tarugos verde 1\\/4\",\"name\":null,\"second_name\":null,\"description\":\"tarugos verde 1\\/4\",\"currency_type_id\":\"PEN\",\"internal_id\":null,\"currency_type_symbol\":\"S\\/\",\"sale_unit_price\":\"0.10\",\"purchase_unit_price\":\"0.050000\",\"unit_type_id\":\"NIU\",\"sale_affectation_igv_type_id\":\"20\",\"purchase_affectation_igv_type_id\":\"20\",\"calculate_quantity\":false,\"has_igv\":true,\"is_set\":false,\"active\":1,\"edit_unit_price\":false,\"aux_quantity\":\"25\",\"edit_sale_unit_price\":\"0.10\",\"aux_sale_unit_price\":\"0.10\",\"image_url\":\"https:\\/\\/dariana.softlte.net.pe\\/logo\\/imagen-no-disponible.jpg\",\"warehouses\":[{\"warehouse_description\":\"Almac\\u00e9n Oficina Principal\",\"stock\":\"928.0000\"}],\"category_id\":0,\"sets\":[],\"unit_type\":[],\"category\":null,\"brand\":null,\"has_plastic_bag_taxes\":false,\"amount_plastic_bag_taxes\":\"0.10\",\"has_isc\":false,\"system_isc_type_id\":null,\"percentage_isc\":\"0.00\",\"unit_price\":\"0.10\",\"IdLoteSelected\":null}',25.0000,0.100000,'20',2.50,18.00,0.00,NULL,0.00,0.00,0.00,0.00,0.00,0.00,0.00,0.00,'01',0.100000,2.50,0.00,0.00,2.50,'[]','[]','[]',NULL,1876,NULL,NULL),(93,34,1012,'{\"stock\":\"15.0000\",\"id\":1012,\"item_id\":1012,\"full_description\":\"CAJA MODULAR\",\"name\":null,\"second_name\":null,\"description\":\"CAJA MODULAR\",\"currency_type_id\":\"PEN\",\"internal_id\":null,\"currency_type_symbol\":\"S\\/\",\"sale_unit_price\":\"5.00\",\"purchase_unit_price\":\"2.500000\",\"unit_type_id\":\"NIU\",\"sale_affectation_igv_type_id\":\"20\",\"purchase_affectation_igv_type_id\":\"20\",\"calculate_quantity\":false,\"has_igv\":true,\"is_set\":false,\"active\":1,\"edit_unit_price\":false,\"aux_quantity\":1,\"edit_sale_unit_price\":\"5.00\",\"aux_sale_unit_price\":\"5.00\",\"image_url\":\"https:\\/\\/dariana.softlte.net.pe\\/logo\\/imagen-no-disponible.jpg\",\"warehouses\":[{\"warehouse_description\":\"Almac\\u00e9n Oficina Principal\",\"stock\":\"15.0000\"}],\"category_id\":0,\"sets\":[],\"unit_type\":[],\"category\":null,\"brand\":null,\"has_plastic_bag_taxes\":false,\"amount_plastic_bag_taxes\":\"0.10\",\"has_isc\":false,\"system_isc_type_id\":null,\"percentage_isc\":\"0.00\",\"unit_price\":\"5.00\",\"IdLoteSelected\":null}',1.0000,5.000000,'20',5.00,18.00,0.00,NULL,0.00,0.00,0.00,0.00,0.00,0.00,0.00,0.00,'01',5.000000,5.00,0.00,0.00,5.00,'[]','[]','[]',NULL,1877,NULL,NULL),(94,34,898,'{\"stock\":\"120.0000\",\"id\":898,\"item_id\":898,\"full_description\":\"CANALETA 10X20 PVC C\\/PEG 2M HOME LIGH\",\"name\":null,\"second_name\":null,\"description\":\"CANALETA 10X20 PVC C\\/PEG 2M HOME LIGH\",\"currency_type_id\":\"PEN\",\"internal_id\":null,\"currency_type_symbol\":\"S\\/\",\"sale_unit_price\":\"4.00\",\"purchase_unit_price\":\"1.800000\",\"unit_type_id\":\"NIU\",\"sale_affectation_igv_type_id\":\"20\",\"purchase_affectation_igv_type_id\":\"20\",\"calculate_quantity\":false,\"has_igv\":true,\"is_set\":false,\"active\":1,\"edit_unit_price\":false,\"aux_quantity\":\"4\",\"edit_sale_unit_price\":\"4.00\",\"aux_sale_unit_price\":\"4.00\",\"image_url\":\"https:\\/\\/dariana.softlte.net.pe\\/logo\\/imagen-no-disponible.jpg\",\"warehouses\":[{\"warehouse_description\":\"Almac\\u00e9n Oficina Principal\",\"stock\":\"120.0000\"}],\"category_id\":0,\"sets\":[],\"unit_type\":[],\"category\":null,\"brand\":null,\"has_plastic_bag_taxes\":false,\"amount_plastic_bag_taxes\":\"0.10\",\"has_isc\":false,\"system_isc_type_id\":null,\"percentage_isc\":\"0.00\",\"unit_price\":\"4.00\",\"IdLoteSelected\":null}',4.0000,4.000000,'20',16.00,18.00,0.00,NULL,0.00,0.00,0.00,0.00,0.00,0.00,0.00,0.00,'01',4.000000,16.00,0.00,0.00,16.00,'[]','[]','[]',NULL,1878,NULL,NULL),(95,34,502,'{\"stock\":\"100.0000\",\"id\":502,\"item_id\":502,\"full_description\":\"TOMA EMPOTRADO BLANCO  HOME LIGH LUXURY\",\"name\":null,\"second_name\":null,\"description\":\"TOMA EMPOTRADO BLANCO  HOME LIGH LUXURY\",\"currency_type_id\":\"PEN\",\"internal_id\":null,\"currency_type_symbol\":\"S\\/\",\"sale_unit_price\":\"8.00\",\"purchase_unit_price\":\"2.800000\",\"unit_type_id\":\"NIU\",\"sale_affectation_igv_type_id\":\"20\",\"purchase_affectation_igv_type_id\":\"20\",\"calculate_quantity\":false,\"has_igv\":true,\"is_set\":false,\"active\":1,\"edit_unit_price\":false,\"aux_quantity\":\"2\",\"edit_sale_unit_price\":\"8.00\",\"aux_sale_unit_price\":\"8.00\",\"image_url\":\"https:\\/\\/dariana.softlte.net.pe\\/logo\\/imagen-no-disponible.jpg\",\"warehouses\":[{\"warehouse_description\":\"Almac\\u00e9n Oficina Principal\",\"stock\":\"100.0000\"}],\"category_id\":0,\"sets\":[],\"unit_type\":[],\"category\":null,\"brand\":null,\"has_plastic_bag_taxes\":false,\"amount_plastic_bag_taxes\":\"0.10\",\"has_isc\":false,\"system_isc_type_id\":null,\"percentage_isc\":\"0.00\",\"unit_price\":\"8.00\",\"IdLoteSelected\":null}',2.0000,8.000000,'20',16.00,18.00,0.00,NULL,0.00,0.00,0.00,0.00,0.00,0.00,0.00,0.00,'01',8.000000,16.00,0.00,0.00,16.00,'[]','[]','[]',NULL,1879,NULL,NULL),(98,37,303,'{\"stock\":\"18.0000\",\"id\":303,\"item_id\":303,\"full_description\":\"ACCESORIO PLASTICO TB PARA INODORO 7\\/8\\\"\",\"name\":null,\"second_name\":null,\"description\":\"ACCESORIO PLASTICO TB PARA INODORO 7\\/8\\\" - SANIF\",\"currency_type_id\":\"PEN\",\"internal_id\":null,\"currency_type_symbol\":\"S\\/\",\"sale_unit_price\":\"28.00\",\"purchase_unit_price\":17.53,\"unit_type_id\":\"NIU\",\"sale_affectation_igv_type_id\":\"20\",\"purchase_affectation_igv_type_id\":\"20\",\"calculate_quantity\":false,\"has_igv\":true,\"is_set\":false,\"active\":1,\"edit_unit_price\":false,\"aux_quantity\":1,\"edit_sale_unit_price\":\"28.00\",\"aux_sale_unit_price\":\"28.00\",\"image_url\":\"https:\\/\\/dariana.softlte.net.pe\\/storage\\/uploads\\/items\\/accesorio-plastico-tb-para-inodoro-78-20220412094047.jpg\",\"warehouses\":[{\"warehouse_description\":\"Almac\\u00e9n Oficina Principal\",\"stock\":\"18.0000\"}],\"category_id\":0,\"sets\":[],\"unit_type\":[],\"category\":null,\"brand\":\"SANIF\",\"has_plastic_bag_taxes\":false,\"amount_plastic_bag_taxes\":\"0.10\",\"has_isc\":false,\"system_isc_type_id\":null,\"percentage_isc\":\"0.00\",\"exchange_points\":false,\"quantity_of_points\":0,\"exchanged_for_points\":false,\"used_points_for_exchange\":null,\"original_affectation_igv_type_id\":\"20\",\"unit_price\":\"28.00\",\"IdLoteSelected\":null}',1.0000,28.000000,'20',28.00,18.00,0.00,NULL,0.00,0.00,0.00,0.00,0.00,0.00,0.00,0.00,'01',28.000000,28.00,0.00,0.00,28.00,'[]','[]','[]',NULL,2433,NULL,NULL),(99,38,1096,'{\"stock\":\"6.0000\",\"id\":1096,\"item_id\":1096,\"full_description\":\"REFLECTOR LED 400 WATS\",\"name\":null,\"second_name\":null,\"description\":\"REFLECTOR LED 400 WATS\",\"currency_type_id\":\"PEN\",\"internal_id\":null,\"currency_type_symbol\":\"S\\/\",\"sale_unit_price\":\"370.00\",\"purchase_unit_price\":220,\"unit_type_id\":\"NIU\",\"sale_affectation_igv_type_id\":\"20\",\"purchase_affectation_igv_type_id\":\"20\",\"calculate_quantity\":false,\"has_igv\":true,\"is_set\":false,\"active\":1,\"edit_unit_price\":false,\"aux_quantity\":\"4\",\"edit_sale_unit_price\":\"370.00\",\"aux_sale_unit_price\":\"370.00\",\"image_url\":\"https:\\/\\/dariana.softlte.net.pe\\/logo\\/imagen-no-disponible.jpg\",\"warehouses\":[{\"warehouse_description\":\"Almac\\u00e9n Oficina Principal\",\"stock\":\"6.0000\"}],\"category_id\":0,\"sets\":[],\"unit_type\":[],\"category\":null,\"brand\":null,\"has_plastic_bag_taxes\":false,\"amount_plastic_bag_taxes\":\"0.10\",\"has_isc\":false,\"system_isc_type_id\":null,\"percentage_isc\":\"0.00\",\"exchange_points\":false,\"quantity_of_points\":0,\"exchanged_for_points\":false,\"used_points_for_exchange\":null,\"original_affectation_igv_type_id\":\"20\",\"unit_price\":\"370.00\",\"IdLoteSelected\":null}',4.0000,370.000000,'20',1480.00,18.00,0.00,NULL,0.00,0.00,0.00,0.00,0.00,0.00,0.00,0.00,'01',370.000000,1480.00,0.00,0.00,1480.00,'[]','[]','[]',NULL,2496,NULL,NULL),(100,39,1106,'{\"stock\":\"30.0000\",\"id\":1106,\"item_id\":1106,\"full_description\":\"CU\\u00d1A DE NIVELACION P\\/PORCELANATO TORREWS\",\"name\":null,\"second_name\":null,\"description\":\"CU\\u00d1A DE NIVELACION P\\/PORCELANATO TORREWS\",\"currency_type_id\":\"PEN\",\"internal_id\":null,\"currency_type_symbol\":\"S\\/\",\"sale_unit_price\":\"28.00\",\"purchase_unit_price\":14,\"unit_type_id\":\"NIU\",\"aux_unit_type_id\":\"NIU\",\"sale_affectation_igv_type_id\":\"20\",\"purchase_affectation_igv_type_id\":\"20\",\"calculate_quantity\":false,\"has_igv\":true,\"is_set\":false,\"active\":1,\"edit_unit_price\":false,\"aux_quantity\":\"2\",\"edit_sale_unit_price\":\"28.00\",\"aux_sale_unit_price\":\"28.00\",\"image_url\":\"https:\\/\\/dariana.softlte.net.pe\\/logo\\/imagen-no-disponible.jpg\",\"warehouses\":[{\"warehouse_description\":\"Almac\\u00e9n Oficina Principal\",\"stock\":\"30.0000\"}],\"category_id\":0,\"sets\":[],\"unit_type\":[],\"category\":null,\"brand\":null,\"has_plastic_bag_taxes\":false,\"amount_plastic_bag_taxes\":\"0.10\",\"has_isc\":false,\"system_isc_type_id\":null,\"percentage_isc\":\"0.00\",\"exchange_points\":false,\"quantity_of_points\":0,\"exchanged_for_points\":false,\"used_points_for_exchange\":null,\"original_affectation_igv_type_id\":\"20\",\"unit_price\":\"28.00\",\"IdLoteSelected\":null}',2.0000,28.000000,'20',56.00,18.00,0.00,NULL,0.00,0.00,0.00,0.00,0.00,0.00,0.00,0.00,'01',28.000000,56.00,0.00,0.00,56.00,'[]','[]','[]',NULL,2641,NULL,NULL),(101,39,1105,'{\"stock\":\"30.0000\",\"id\":1105,\"item_id\":1105,\"full_description\":\"CRUZETA NIVELADORA DE PORCELANATO\",\"name\":null,\"second_name\":null,\"description\":\"CRUZETA NIVELADORA DE PORCELANATO\",\"currency_type_id\":\"PEN\",\"internal_id\":null,\"currency_type_symbol\":\"S\\/\",\"sale_unit_price\":\"22.00\",\"purchase_unit_price\":10,\"unit_type_id\":\"NIU\",\"aux_unit_type_id\":\"NIU\",\"sale_affectation_igv_type_id\":\"20\",\"purchase_affectation_igv_type_id\":\"20\",\"calculate_quantity\":false,\"has_igv\":true,\"is_set\":false,\"active\":1,\"edit_unit_price\":false,\"aux_quantity\":\"2\",\"edit_sale_unit_price\":\"22.00\",\"aux_sale_unit_price\":\"22.00\",\"image_url\":\"https:\\/\\/dariana.softlte.net.pe\\/logo\\/imagen-no-disponible.jpg\",\"warehouses\":[{\"warehouse_description\":\"Almac\\u00e9n Oficina Principal\",\"stock\":\"30.0000\"}],\"category_id\":0,\"sets\":[],\"unit_type\":[],\"category\":null,\"brand\":null,\"has_plastic_bag_taxes\":false,\"amount_plastic_bag_taxes\":\"0.10\",\"has_isc\":false,\"system_isc_type_id\":null,\"percentage_isc\":\"0.00\",\"exchange_points\":false,\"quantity_of_points\":0,\"exchanged_for_points\":false,\"used_points_for_exchange\":null,\"original_affectation_igv_type_id\":\"20\",\"unit_price\":\"22.00\",\"IdLoteSelected\":null}',2.0000,22.000000,'20',44.00,18.00,0.00,NULL,0.00,0.00,0.00,0.00,0.00,0.00,0.00,0.00,'01',22.000000,44.00,0.00,0.00,44.00,'[]','[]','[]',NULL,2642,NULL,NULL),(102,40,829,'{\"stock\":\"87.0000\",\"id\":829,\"item_id\":829,\"full_description\":\"CINTA AISLANTE 3M GRANDE\",\"name\":null,\"second_name\":null,\"description\":\"CINTA AISLANTE 3M GRANDE\",\"currency_type_id\":\"PEN\",\"internal_id\":null,\"currency_type_symbol\":\"S\\/\",\"sale_unit_price\":\"6.00\",\"purchase_unit_price\":3.6,\"unit_type_id\":\"NIU\",\"aux_unit_type_id\":\"NIU\",\"sale_affectation_igv_type_id\":\"20\",\"purchase_affectation_igv_type_id\":\"20\",\"calculate_quantity\":false,\"has_igv\":true,\"is_set\":false,\"active\":1,\"edit_unit_price\":false,\"aux_quantity\":1,\"edit_sale_unit_price\":\"6.00\",\"aux_sale_unit_price\":\"6.00\",\"image_url\":\"https:\\/\\/dariana.softlte.net.pe\\/storage\\/uploads\\/items\\/cinta-aislante-3m-grande-20220502163821.jpg\",\"warehouses\":[{\"warehouse_description\":\"Almac\\u00e9n Oficina Principal\",\"stock\":\"87.0000\"}],\"category_id\":0,\"sets\":[],\"unit_type\":[],\"category\":null,\"brand\":null,\"has_plastic_bag_taxes\":false,\"amount_plastic_bag_taxes\":\"0.10\",\"has_isc\":false,\"system_isc_type_id\":null,\"percentage_isc\":\"0.00\",\"exchange_points\":false,\"quantity_of_points\":0,\"exchanged_for_points\":false,\"used_points_for_exchange\":null,\"original_affectation_igv_type_id\":\"20\",\"unit_price\":\"6.00\",\"IdLoteSelected\":null}',1.0000,6.000000,'20',6.00,18.00,0.00,NULL,0.00,0.00,0.00,0.00,0.00,0.00,0.00,0.00,'01',6.000000,6.00,0.00,0.00,6.00,'[]','[]','[]',NULL,2709,NULL,NULL),(103,40,475,'{\"stock\":\"239.0000\",\"id\":475,\"item_id\":475,\"full_description\":\"WALL SOCKET PLAFON BLANCO BTICINO\",\"name\":null,\"second_name\":null,\"description\":\"WALL SOCKET PLAFON BLANCO BTICINO\",\"currency_type_id\":\"PEN\",\"internal_id\":null,\"currency_type_symbol\":\"S\\/\",\"sale_unit_price\":\"8.00\",\"purchase_unit_price\":4,\"unit_type_id\":\"NIU\",\"aux_unit_type_id\":\"NIU\",\"sale_affectation_igv_type_id\":\"20\",\"purchase_affectation_igv_type_id\":\"20\",\"calculate_quantity\":false,\"has_igv\":true,\"is_set\":false,\"active\":1,\"edit_unit_price\":false,\"aux_quantity\":\"4\",\"edit_sale_unit_price\":\"8.00\",\"aux_sale_unit_price\":\"12.00\",\"image_url\":\"https:\\/\\/dariana.softlte.net.pe\\/storage\\/uploads\\/items\\/wall-socket-plafon-blanco-bticino-20220426102652.jpg\",\"warehouses\":[{\"warehouse_description\":\"Almac\\u00e9n Oficina Principal\",\"stock\":\"239.0000\"}],\"category_id\":0,\"sets\":[],\"unit_type\":[],\"category\":null,\"brand\":null,\"has_plastic_bag_taxes\":false,\"amount_plastic_bag_taxes\":\"0.10\",\"has_isc\":false,\"system_isc_type_id\":null,\"percentage_isc\":\"0.00\",\"exchange_points\":false,\"quantity_of_points\":0,\"exchanged_for_points\":false,\"used_points_for_exchange\":null,\"original_affectation_igv_type_id\":\"20\",\"unit_price\":\"8.00\",\"IdLoteSelected\":null}',4.0000,8.000000,'20',32.00,18.00,0.00,NULL,0.00,0.00,0.00,0.00,0.00,0.00,0.00,0.00,'01',8.000000,32.00,0.00,0.00,32.00,'[]','[]','[]',NULL,2710,NULL,NULL),(104,40,290,'{\"stock\":\"183.0000\",\"id\":290,\"item_id\":290,\"full_description\":\"TUBO SEL 3\\/4\\\" X 3MT PVC\",\"name\":null,\"second_name\":null,\"description\":\"TUBO SEL 3\\/4\\\" X 3MT PVC - NICOLL\",\"currency_type_id\":\"PEN\",\"internal_id\":null,\"currency_type_symbol\":\"S\\/\",\"sale_unit_price\":\"6.00\",\"purchase_unit_price\":5.25,\"unit_type_id\":\"NIU\",\"aux_unit_type_id\":\"NIU\",\"sale_affectation_igv_type_id\":\"20\",\"purchase_affectation_igv_type_id\":\"20\",\"calculate_quantity\":false,\"has_igv\":true,\"is_set\":false,\"active\":1,\"edit_unit_price\":false,\"aux_quantity\":\"12\",\"edit_sale_unit_price\":\"6.00\",\"aux_sale_unit_price\":\"8.50\",\"image_url\":\"https:\\/\\/dariana.softlte.net.pe\\/storage\\/uploads\\/items\\/tubo-sel-34-x-3mt-pvc-20220426101942.jpg\",\"warehouses\":[{\"warehouse_description\":\"Almac\\u00e9n Oficina Principal\",\"stock\":\"183.0000\"}],\"category_id\":0,\"sets\":[],\"unit_type\":[],\"category\":null,\"brand\":\"NICOLL\",\"has_plastic_bag_taxes\":false,\"amount_plastic_bag_taxes\":\"0.10\",\"has_isc\":false,\"system_isc_type_id\":null,\"percentage_isc\":\"0.00\",\"exchange_points\":false,\"quantity_of_points\":0,\"exchanged_for_points\":false,\"used_points_for_exchange\":null,\"original_affectation_igv_type_id\":\"20\",\"unit_price\":\"6.00\",\"IdLoteSelected\":null}',12.0000,6.000000,'20',72.00,18.00,0.00,NULL,0.00,0.00,0.00,0.00,0.00,0.00,0.00,0.00,'01',6.000000,72.00,0.00,0.00,72.00,'[]','[]','[]',NULL,2711,NULL,NULL),(105,40,563,'{\"stock\":\"22.0000\",\"id\":563,\"item_id\":563,\"full_description\":\"FOCO BOTELLA 40 WATS DARLUZ\",\"name\":null,\"second_name\":null,\"description\":\"FOCO BOTELLA 40 WATS DARLUZ\",\"currency_type_id\":\"PEN\",\"internal_id\":null,\"currency_type_symbol\":\"S\\/\",\"sale_unit_price\":\"30.00\",\"purchase_unit_price\":11,\"unit_type_id\":\"NIU\",\"aux_unit_type_id\":\"NIU\",\"sale_affectation_igv_type_id\":\"20\",\"purchase_affectation_igv_type_id\":\"20\",\"calculate_quantity\":false,\"has_igv\":true,\"is_set\":false,\"active\":1,\"edit_unit_price\":false,\"aux_quantity\":\"4\",\"edit_sale_unit_price\":\"30.00\",\"aux_sale_unit_price\":\"27.00\",\"image_url\":\"https:\\/\\/dariana.softlte.net.pe\\/logo\\/imagen-no-disponible.jpg\",\"warehouses\":[{\"warehouse_description\":\"Almac\\u00e9n Oficina Principal\",\"stock\":\"22.0000\"}],\"category_id\":0,\"sets\":[],\"unit_type\":[],\"category\":null,\"brand\":null,\"has_plastic_bag_taxes\":false,\"amount_plastic_bag_taxes\":\"0.10\",\"has_isc\":false,\"system_isc_type_id\":null,\"percentage_isc\":\"0.00\",\"exchange_points\":false,\"quantity_of_points\":0,\"exchanged_for_points\":false,\"used_points_for_exchange\":null,\"original_affectation_igv_type_id\":\"20\",\"unit_price\":\"30.00\",\"IdLoteSelected\":null}',4.0000,30.000000,'20',120.00,18.00,0.00,NULL,0.00,0.00,0.00,0.00,0.00,0.00,0.00,0.00,'01',30.000000,120.00,0.00,0.00,120.00,'[]','[]','[]',NULL,2712,NULL,NULL),(106,40,900,'{\"stock\":\"23.0000\",\"id\":900,\"item_id\":900,\"full_description\":\"INTERRUPTOR SIMPLE P\\/EMP DELUXE HOME LAIGH\",\"name\":null,\"second_name\":null,\"description\":\"INTERRUPTOR SIMPLE P\\/EMP DELUXE HOME LAIGH\",\"currency_type_id\":\"PEN\",\"internal_id\":null,\"currency_type_symbol\":\"S\\/\",\"sale_unit_price\":\"12.00\",\"purchase_unit_price\":2.1,\"unit_type_id\":\"NIU\",\"aux_unit_type_id\":\"NIU\",\"sale_affectation_igv_type_id\":\"20\",\"purchase_affectation_igv_type_id\":\"20\",\"calculate_quantity\":false,\"has_igv\":true,\"is_set\":false,\"active\":1,\"edit_unit_price\":false,\"aux_quantity\":\"2\",\"edit_sale_unit_price\":\"12.00\",\"aux_sale_unit_price\":\"6.00\",\"image_url\":\"https:\\/\\/dariana.softlte.net.pe\\/logo\\/imagen-no-disponible.jpg\",\"warehouses\":[{\"warehouse_description\":\"Almac\\u00e9n Oficina Principal\",\"stock\":\"23.0000\"}],\"category_id\":0,\"sets\":[],\"unit_type\":[],\"category\":null,\"brand\":null,\"has_plastic_bag_taxes\":false,\"amount_plastic_bag_taxes\":\"0.10\",\"has_isc\":false,\"system_isc_type_id\":null,\"percentage_isc\":\"0.00\",\"exchange_points\":false,\"quantity_of_points\":0,\"exchanged_for_points\":false,\"used_points_for_exchange\":null,\"original_affectation_igv_type_id\":\"20\",\"unit_price\":\"12.00\",\"IdLoteSelected\":null}',2.0000,12.000000,'20',24.00,18.00,0.00,NULL,0.00,0.00,0.00,0.00,0.00,0.00,0.00,0.00,'01',12.000000,24.00,0.00,0.00,24.00,'[]','[]','[]',NULL,2713,NULL,NULL),(107,40,513,'{\"stock\":\"157.0000\",\"id\":513,\"item_id\":513,\"full_description\":\"TOMA EMPOTRADO DOBLE BTICINO DOMINO SENCIA\",\"name\":null,\"second_name\":null,\"description\":\"TOMA EMPOTRADO DOBLE BTICINO DOMINO SENCIA\",\"currency_type_id\":\"PEN\",\"internal_id\":null,\"currency_type_symbol\":\"S\\/\",\"sale_unit_price\":\"12.00\",\"purchase_unit_price\":3.5,\"unit_type_id\":\"NIU\",\"aux_unit_type_id\":\"NIU\",\"sale_affectation_igv_type_id\":\"20\",\"purchase_affectation_igv_type_id\":\"20\",\"calculate_quantity\":false,\"has_igv\":true,\"is_set\":false,\"active\":1,\"edit_unit_price\":false,\"aux_quantity\":\"14\",\"edit_sale_unit_price\":\"12.00\",\"aux_sale_unit_price\":\"10.00\",\"image_url\":\"https:\\/\\/dariana.softlte.net.pe\\/logo\\/imagen-no-disponible.jpg\",\"warehouses\":[{\"warehouse_description\":\"Almac\\u00e9n Oficina Principal\",\"stock\":\"157.0000\"}],\"category_id\":0,\"sets\":[],\"unit_type\":[],\"category\":null,\"brand\":null,\"has_plastic_bag_taxes\":false,\"amount_plastic_bag_taxes\":\"0.10\",\"has_isc\":false,\"system_isc_type_id\":null,\"percentage_isc\":\"0.00\",\"exchange_points\":false,\"quantity_of_points\":0,\"exchanged_for_points\":false,\"used_points_for_exchange\":null,\"original_affectation_igv_type_id\":\"20\",\"unit_price\":\"12.00\",\"IdLoteSelected\":null}',14.0000,12.000000,'20',168.00,18.00,0.00,NULL,0.00,0.00,0.00,0.00,0.00,0.00,0.00,0.00,'01',12.000000,168.00,0.00,0.00,168.00,'[]','[]','[]',NULL,2714,NULL,NULL),(108,40,627,'{\"stock\":\"46.1400\",\"id\":627,\"item_id\":627,\"full_description\":\"CABLE THW 14 \\/ 90 INDECO\",\"name\":null,\"second_name\":null,\"description\":\"CABLE THW 14 \\/ 90 INDECO\",\"currency_type_id\":\"PEN\",\"internal_id\":null,\"currency_type_symbol\":\"S\\/\",\"sale_unit_price\":\"170.00\",\"purchase_unit_price\":90,\"unit_type_id\":\"NIU\",\"aux_unit_type_id\":\"NIU\",\"sale_affectation_igv_type_id\":\"20\",\"purchase_affectation_igv_type_id\":\"20\",\"calculate_quantity\":false,\"has_igv\":true,\"is_set\":false,\"active\":1,\"edit_unit_price\":false,\"aux_quantity\":\"2\",\"edit_sale_unit_price\":\"170.00\",\"aux_sale_unit_price\":\"150.00\",\"image_url\":\"https:\\/\\/dariana.softlte.net.pe\\/storage\\/uploads\\/items\\/cable-thw-14-90-indeco-20220412170510.jpg\",\"warehouses\":[{\"warehouse_description\":\"Almac\\u00e9n Oficina Principal\",\"stock\":\"46.1400\"}],\"category_id\":0,\"sets\":[],\"unit_type\":[],\"category\":null,\"brand\":null,\"has_plastic_bag_taxes\":false,\"amount_plastic_bag_taxes\":\"0.10\",\"has_isc\":false,\"system_isc_type_id\":null,\"percentage_isc\":\"0.00\",\"exchange_points\":false,\"quantity_of_points\":0,\"exchanged_for_points\":false,\"used_points_for_exchange\":null,\"original_affectation_igv_type_id\":\"20\",\"unit_price\":\"170.00\",\"IdLoteSelected\":null}',2.0000,170.000000,'20',340.00,18.00,0.00,NULL,0.00,0.00,0.00,0.00,0.00,0.00,0.00,0.00,'01',170.000000,340.00,0.00,0.00,340.00,'[]','[]','[]',NULL,2715,NULL,NULL),(109,41,569,'{\"stock\":\"-266.0000\",\"id\":569,\"item_id\":569,\"full_description\":\"PEGAMENTO GRIS TWYFORD P\\/ CERAMICA\",\"name\":null,\"second_name\":null,\"description\":\"PEGAMENTO GRIS TWYFORD P\\/ CERAMICA\",\"currency_type_id\":\"PEN\",\"internal_id\":null,\"currency_type_symbol\":\"S\\/\",\"sale_unit_price\":\"16.00\",\"purchase_unit_price\":10.5,\"unit_type_id\":\"NIU\",\"aux_unit_type_id\":\"NIU\",\"sale_affectation_igv_type_id\":\"20\",\"purchase_affectation_igv_type_id\":\"20\",\"calculate_quantity\":false,\"has_igv\":true,\"is_set\":false,\"active\":1,\"edit_unit_price\":false,\"aux_quantity\":\"6\",\"edit_sale_unit_price\":\"16.00\",\"aux_sale_unit_price\":\"16.00\",\"image_url\":\"https:\\/\\/dariana.softlte.net.pe\\/storage\\/uploads\\/items\\/pegamento-gris-twyford-p-ceramica-20220412095450.jpg\",\"warehouses\":[{\"warehouse_description\":\"Almac\\u00e9n Oficina Principal\",\"stock\":\"-266.0000\"}],\"category_id\":0,\"sets\":[],\"unit_type\":[],\"category\":null,\"brand\":null,\"has_plastic_bag_taxes\":false,\"amount_plastic_bag_taxes\":\"0.10\",\"has_isc\":false,\"system_isc_type_id\":null,\"percentage_isc\":\"0.00\",\"exchange_points\":false,\"quantity_of_points\":0,\"exchanged_for_points\":false,\"used_points_for_exchange\":null,\"original_affectation_igv_type_id\":\"20\",\"unit_price\":\"16.00\",\"IdLoteSelected\":null}',6.0000,16.000000,'20',96.00,18.00,0.00,NULL,0.00,0.00,0.00,0.00,0.00,0.00,0.00,0.00,'01',16.000000,96.00,0.00,0.00,96.00,'[]','[]','[]',NULL,2801,NULL,NULL),(110,41,542,'{\"stock\":\"164.0000\",\"id\":542,\"item_id\":542,\"full_description\":\"CRUZETAS 2MM  X 100 UND P \\/ CERAMICA\",\"name\":null,\"second_name\":null,\"description\":\"CRUZETAS 2MM  X 100 UND P \\/ CERAMICA\",\"currency_type_id\":\"PEN\",\"internal_id\":null,\"currency_type_symbol\":\"S\\/\",\"sale_unit_price\":\"4.00\",\"purchase_unit_price\":1.5,\"unit_type_id\":\"NIU\",\"aux_unit_type_id\":\"NIU\",\"sale_affectation_igv_type_id\":\"20\",\"purchase_affectation_igv_type_id\":\"20\",\"calculate_quantity\":false,\"has_igv\":true,\"is_set\":false,\"active\":1,\"edit_unit_price\":false,\"aux_quantity\":1,\"edit_sale_unit_price\":\"4.00\",\"aux_sale_unit_price\":\"4.00\",\"image_url\":\"https:\\/\\/dariana.softlte.net.pe\\/storage\\/uploads\\/items\\/cruzetas-2mm-x-100-und-p-ceramica-20220413120316.jpg\",\"warehouses\":[{\"warehouse_description\":\"Almac\\u00e9n Oficina Principal\",\"stock\":\"164.0000\"}],\"category_id\":0,\"sets\":[],\"unit_type\":[],\"category\":null,\"brand\":null,\"has_plastic_bag_taxes\":false,\"amount_plastic_bag_taxes\":\"0.10\",\"has_isc\":false,\"system_isc_type_id\":null,\"percentage_isc\":\"0.00\",\"exchange_points\":false,\"quantity_of_points\":0,\"exchanged_for_points\":false,\"used_points_for_exchange\":null,\"original_affectation_igv_type_id\":\"20\",\"unit_price\":\"4.00\",\"IdLoteSelected\":null}',1.0000,4.000000,'20',4.00,18.00,0.00,NULL,0.00,0.00,0.00,0.00,0.00,0.00,0.00,0.00,'01',4.000000,4.00,0.00,0.00,4.00,'[]','[]','[]',NULL,2802,NULL,NULL),(111,41,524,'{\"stock\":\"90.0000\",\"id\":524,\"item_id\":524,\"full_description\":\"FRAGUA SANSON X 1KL MADERA\",\"name\":null,\"second_name\":null,\"description\":\"FRAGUA SANSON X 1KL MADERA\",\"currency_type_id\":\"PEN\",\"internal_id\":null,\"currency_type_symbol\":\"S\\/\",\"sale_unit_price\":\"7.00\",\"purchase_unit_price\":3.6,\"unit_type_id\":\"KGM\",\"aux_unit_type_id\":\"KGM\",\"sale_affectation_igv_type_id\":\"20\",\"purchase_affectation_igv_type_id\":\"20\",\"calculate_quantity\":false,\"has_igv\":true,\"is_set\":false,\"active\":1,\"edit_unit_price\":false,\"aux_quantity\":\"10\",\"edit_sale_unit_price\":\"7.00\",\"aux_sale_unit_price\":\"7.00\",\"image_url\":\"https:\\/\\/dariana.softlte.net.pe\\/logo\\/imagen-no-disponible.jpg\",\"warehouses\":[{\"warehouse_description\":\"Almac\\u00e9n Oficina Principal\",\"stock\":\"90.0000\"}],\"category_id\":0,\"sets\":[],\"unit_type\":[],\"category\":null,\"brand\":null,\"has_plastic_bag_taxes\":false,\"amount_plastic_bag_taxes\":\"0.10\",\"has_isc\":false,\"system_isc_type_id\":null,\"percentage_isc\":\"0.00\",\"exchange_points\":false,\"quantity_of_points\":0,\"exchanged_for_points\":false,\"used_points_for_exchange\":null,\"original_affectation_igv_type_id\":\"20\",\"unit_price\":\"7.00\",\"IdLoteSelected\":null}',10.0000,7.000000,'20',70.00,18.00,0.00,NULL,0.00,0.00,0.00,0.00,0.00,0.00,0.00,0.00,'01',7.000000,70.00,0.00,0.00,70.00,'[]','[]','[]',NULL,2803,NULL,NULL),(112,41,850,'{\"stock\":\"65.0000\",\"id\":850,\"item_id\":850,\"full_description\":\"CERAMICA DE 45X45 MADERA BRAZILERA BRILLANTE\",\"name\":null,\"second_name\":null,\"description\":\"CERAMICA DE 45X45 MADERA BRAZILERA BRILLANTE\",\"currency_type_id\":\"PEN\",\"internal_id\":null,\"currency_type_symbol\":\"S\\/\",\"sale_unit_price\":\"43.00\",\"purchase_unit_price\":32,\"unit_type_id\":\"MTR\",\"aux_unit_type_id\":\"MTR\",\"sale_affectation_igv_type_id\":\"20\",\"purchase_affectation_igv_type_id\":\"20\",\"calculate_quantity\":false,\"has_igv\":true,\"is_set\":false,\"active\":1,\"edit_unit_price\":false,\"aux_quantity\":\"17\",\"edit_sale_unit_price\":\"43.00\",\"aux_sale_unit_price\":\"40.00\",\"image_url\":\"https:\\/\\/dariana.softlte.net.pe\\/logo\\/imagen-no-disponible.jpg\",\"warehouses\":[{\"warehouse_description\":\"Almac\\u00e9n Oficina Principal\",\"stock\":\"65.0000\"}],\"category_id\":0,\"sets\":[],\"unit_type\":[],\"category\":null,\"brand\":null,\"has_plastic_bag_taxes\":false,\"amount_plastic_bag_taxes\":\"0.10\",\"has_isc\":false,\"system_isc_type_id\":null,\"percentage_isc\":\"0.00\",\"exchange_points\":false,\"quantity_of_points\":0,\"exchanged_for_points\":false,\"used_points_for_exchange\":null,\"original_affectation_igv_type_id\":\"20\",\"unit_price\":\"43.00\",\"IdLoteSelected\":null}',17.0000,43.000000,'20',731.00,18.00,0.00,NULL,0.00,0.00,0.00,0.00,0.00,0.00,0.00,0.00,'01',43.000000,731.00,0.00,0.00,731.00,'[]','[]','[]',NULL,2804,NULL,NULL),(113,42,850,'{\"stock\":\"48.0000\",\"id\":850,\"item_id\":850,\"full_description\":\"CERAMICA DE 45X45 MADERA BRAZILERA BRILLANTE\",\"name\":null,\"second_name\":null,\"description\":\"CERAMICA DE 45X45 MADERA BRAZILERA BRILLANTE\",\"currency_type_id\":\"PEN\",\"internal_id\":null,\"currency_type_symbol\":\"S\\/\",\"sale_unit_price\":\"43.00\",\"purchase_unit_price\":32,\"unit_type_id\":\"MTR\",\"aux_unit_type_id\":\"MTR\",\"sale_affectation_igv_type_id\":\"20\",\"purchase_affectation_igv_type_id\":\"20\",\"calculate_quantity\":false,\"has_igv\":true,\"is_set\":false,\"active\":1,\"edit_unit_price\":false,\"aux_quantity\":\"17\",\"edit_sale_unit_price\":\"43.00\",\"aux_sale_unit_price\":\"40.00\",\"image_url\":\"https:\\/\\/dariana.softlte.net.pe\\/logo\\/imagen-no-disponible.jpg\",\"warehouses\":[{\"warehouse_description\":\"Almac\\u00e9n Oficina Principal\",\"stock\":\"48.0000\"}],\"category_id\":0,\"sets\":[],\"unit_type\":[],\"category\":null,\"brand\":null,\"has_plastic_bag_taxes\":false,\"amount_plastic_bag_taxes\":\"0.10\",\"has_isc\":false,\"system_isc_type_id\":null,\"percentage_isc\":\"0.00\",\"exchange_points\":false,\"quantity_of_points\":0,\"exchanged_for_points\":false,\"used_points_for_exchange\":null,\"original_affectation_igv_type_id\":\"20\",\"unit_price\":\"43.00\",\"IdLoteSelected\":null}',17.0000,43.000000,'20',731.00,18.00,0.00,NULL,0.00,0.00,0.00,0.00,0.00,0.00,0.00,0.00,'01',43.000000,731.00,0.00,0.00,731.00,'[]','[]','[]',NULL,2805,NULL,NULL),(114,42,569,'{\"stock\":\"-266.0000\",\"id\":569,\"item_id\":569,\"full_description\":\"PEGAMENTO GRIS TWYFORD P\\/ CERAMICA\",\"name\":null,\"second_name\":null,\"description\":\"PEGAMENTO GRIS TWYFORD P\\/ CERAMICA\",\"currency_type_id\":\"PEN\",\"internal_id\":null,\"currency_type_symbol\":\"S\\/\",\"sale_unit_price\":\"16.00\",\"purchase_unit_price\":10.5,\"unit_type_id\":\"NIU\",\"aux_unit_type_id\":\"NIU\",\"sale_affectation_igv_type_id\":\"20\",\"purchase_affectation_igv_type_id\":\"20\",\"calculate_quantity\":false,\"has_igv\":true,\"is_set\":false,\"active\":1,\"edit_unit_price\":false,\"aux_quantity\":\"9\",\"edit_sale_unit_price\":\"16.00\",\"aux_sale_unit_price\":\"16.00\",\"image_url\":\"https:\\/\\/dariana.softlte.net.pe\\/storage\\/uploads\\/items\\/pegamento-gris-twyford-p-ceramica-20220412095450.jpg\",\"warehouses\":[{\"warehouse_description\":\"Almac\\u00e9n Oficina Principal\",\"stock\":\"-266.0000\"}],\"category_id\":0,\"sets\":[],\"unit_type\":[],\"category\":null,\"brand\":null,\"has_plastic_bag_taxes\":false,\"amount_plastic_bag_taxes\":\"0.10\",\"has_isc\":false,\"system_isc_type_id\":null,\"percentage_isc\":\"0.00\",\"exchange_points\":false,\"quantity_of_points\":0,\"exchanged_for_points\":false,\"used_points_for_exchange\":null,\"original_affectation_igv_type_id\":\"20\",\"unit_price\":\"16.00\",\"IdLoteSelected\":null}',9.0000,16.000000,'20',144.00,18.00,0.00,NULL,0.00,0.00,0.00,0.00,0.00,0.00,0.00,0.00,'01',16.000000,144.00,0.00,0.00,144.00,'[]','[]','[]',NULL,2806,NULL,NULL),(115,43,859,'{\"stock\":\"60.0000\",\"id\":859,\"item_id\":859,\"full_description\":\"FRAGUA SANSON BEIGE 1 KILO\",\"name\":null,\"second_name\":null,\"description\":\"FRAGUA SANSON BEIGE 1 KILO\",\"currency_type_id\":\"PEN\",\"internal_id\":null,\"currency_type_symbol\":\"S\\/\",\"sale_unit_price\":\"7.00\",\"purchase_unit_price\":3,\"unit_type_id\":\"NIU\",\"aux_unit_type_id\":\"NIU\",\"sale_affectation_igv_type_id\":\"20\",\"purchase_affectation_igv_type_id\":\"20\",\"calculate_quantity\":false,\"has_igv\":true,\"is_set\":false,\"active\":1,\"edit_unit_price\":false,\"aux_quantity\":\"7\",\"edit_sale_unit_price\":\"7.00\",\"aux_sale_unit_price\":\"6.00\",\"image_url\":\"https:\\/\\/dariana.softlte.net.pe\\/logo\\/imagen-no-disponible.jpg\",\"warehouses\":[{\"warehouse_description\":\"Almac\\u00e9n Oficina Principal\",\"stock\":\"60.0000\"}],\"category_id\":0,\"sets\":[],\"unit_type\":[],\"category\":null,\"brand\":null,\"has_plastic_bag_taxes\":false,\"amount_plastic_bag_taxes\":\"0.10\",\"has_isc\":false,\"system_isc_type_id\":null,\"percentage_isc\":\"0.00\",\"exchange_points\":false,\"quantity_of_points\":0,\"exchanged_for_points\":false,\"used_points_for_exchange\":null,\"original_affectation_igv_type_id\":\"20\",\"unit_price\":\"7.00\",\"IdLoteSelected\":null}',7.0000,7.000000,'20',49.00,18.00,0.00,NULL,0.00,0.00,0.00,0.00,0.00,0.00,0.00,0.00,'01',7.000000,49.00,0.00,0.00,49.00,'[]','[]','[]',NULL,2821,NULL,NULL),(116,43,569,'{\"stock\":\"-281.0000\",\"id\":569,\"item_id\":569,\"full_description\":\"PEGAMENTO GRIS TWYFORD P\\/ CERAMICA\",\"name\":null,\"second_name\":null,\"description\":\"PEGAMENTO GRIS TWYFORD P\\/ CERAMICA\",\"currency_type_id\":\"PEN\",\"internal_id\":null,\"currency_type_symbol\":\"S\\/\",\"sale_unit_price\":\"16.00\",\"purchase_unit_price\":10.5,\"unit_type_id\":\"NIU\",\"aux_unit_type_id\":\"NIU\",\"sale_affectation_igv_type_id\":\"20\",\"purchase_affectation_igv_type_id\":\"20\",\"calculate_quantity\":false,\"has_igv\":true,\"is_set\":false,\"active\":1,\"edit_unit_price\":false,\"aux_quantity\":\"7\",\"edit_sale_unit_price\":\"16.00\",\"aux_sale_unit_price\":\"16.00\",\"image_url\":\"https:\\/\\/dariana.softlte.net.pe\\/storage\\/uploads\\/items\\/pegamento-gris-twyford-p-ceramica-20220412095450.jpg\",\"warehouses\":[{\"warehouse_description\":\"Almac\\u00e9n Oficina Principal\",\"stock\":\"-281.0000\"}],\"category_id\":0,\"sets\":[],\"unit_type\":[],\"category\":null,\"brand\":null,\"has_plastic_bag_taxes\":false,\"amount_plastic_bag_taxes\":\"0.10\",\"has_isc\":false,\"system_isc_type_id\":null,\"percentage_isc\":\"0.00\",\"exchange_points\":false,\"quantity_of_points\":0,\"exchanged_for_points\":false,\"used_points_for_exchange\":null,\"original_affectation_igv_type_id\":\"20\",\"unit_price\":\"16.00\",\"IdLoteSelected\":null}',7.0000,16.000000,'20',112.00,18.00,0.00,NULL,0.00,0.00,0.00,0.00,0.00,0.00,0.00,0.00,'01',16.000000,112.00,0.00,0.00,112.00,'[]','[]','[]',NULL,2822,NULL,NULL),(117,43,580,'{\"stock\":\"21.3700\",\"id\":580,\"item_id\":580,\"full_description\":\"160032619 - CERAMICA 45 X 45 BRAZILERA AURORA VERDE\",\"name\":null,\"second_name\":null,\"description\":\"CERAMICA 45 X 45 BRAZILERA AURORA VERDE\",\"currency_type_id\":\"PEN\",\"internal_id\":\"160032619\",\"currency_type_symbol\":\"S\\/\",\"sale_unit_price\":\"44.00\",\"purchase_unit_price\":32,\"unit_type_id\":\"MTR\",\"aux_unit_type_id\":\"MTR\",\"sale_affectation_igv_type_id\":\"20\",\"purchase_affectation_igv_type_id\":\"20\",\"calculate_quantity\":false,\"has_igv\":true,\"is_set\":false,\"active\":1,\"edit_unit_price\":false,\"aux_quantity\":\"14\",\"edit_sale_unit_price\":\"44.00\",\"aux_sale_unit_price\":\"43.00\",\"image_url\":\"https:\\/\\/dariana.softlte.net.pe\\/logo\\/imagen-no-disponible.jpg\",\"warehouses\":[{\"warehouse_description\":\"Almac\\u00e9n Oficina Principal\",\"stock\":\"21.3700\"}],\"category_id\":0,\"sets\":[],\"unit_type\":[],\"category\":null,\"brand\":null,\"has_plastic_bag_taxes\":false,\"amount_plastic_bag_taxes\":\"0.10\",\"has_isc\":false,\"system_isc_type_id\":null,\"percentage_isc\":\"0.00\",\"exchange_points\":false,\"quantity_of_points\":0,\"exchanged_for_points\":false,\"used_points_for_exchange\":null,\"original_affectation_igv_type_id\":\"20\",\"unit_price\":\"44.00\",\"IdLoteSelected\":null}',14.0000,44.000000,'20',616.00,18.00,0.00,NULL,0.00,0.00,0.00,0.00,0.00,0.00,0.00,0.00,'01',44.000000,616.00,0.00,0.00,616.00,'[]','[]','[]',NULL,2823,NULL,NULL),(118,44,542,'{\"stock\":\"163.0000\",\"id\":542,\"item_id\":542,\"full_description\":\"CRUZETAS 2MM  X 100 UND P \\/ CERAMICA\",\"name\":null,\"second_name\":null,\"description\":\"CRUZETAS 2MM  X 100 UND P \\/ CERAMICA\",\"currency_type_id\":\"PEN\",\"internal_id\":null,\"currency_type_symbol\":\"S\\/\",\"sale_unit_price\":\"4.00\",\"purchase_unit_price\":1.5,\"unit_type_id\":\"NIU\",\"aux_unit_type_id\":\"NIU\",\"sale_affectation_igv_type_id\":\"20\",\"purchase_affectation_igv_type_id\":\"20\",\"calculate_quantity\":false,\"has_igv\":true,\"is_set\":false,\"active\":1,\"edit_unit_price\":false,\"aux_quantity\":1,\"edit_sale_unit_price\":\"4.00\",\"aux_sale_unit_price\":\"4.00\",\"image_url\":\"https:\\/\\/dariana.softlte.net.pe\\/storage\\/uploads\\/items\\/cruzetas-2mm-x-100-und-p-ceramica-20220413120316.jpg\",\"warehouses\":[{\"warehouse_description\":\"Almac\\u00e9n Oficina Principal\",\"stock\":\"163.0000\"}],\"category_id\":0,\"sets\":[],\"unit_type\":[],\"category\":null,\"brand\":null,\"has_plastic_bag_taxes\":false,\"amount_plastic_bag_taxes\":\"0.10\",\"has_isc\":false,\"system_isc_type_id\":null,\"percentage_isc\":\"0.00\",\"exchange_points\":false,\"quantity_of_points\":0,\"exchanged_for_points\":false,\"used_points_for_exchange\":null,\"original_affectation_igv_type_id\":\"20\",\"unit_price\":\"4.00\",\"IdLoteSelected\":null}',1.0000,4.000000,'20',4.00,18.00,0.00,NULL,0.00,0.00,0.00,0.00,0.00,0.00,0.00,0.00,'01',4.000000,4.00,0.00,0.00,4.00,'[]','[]','[]',NULL,2824,NULL,NULL),(119,44,569,'{\"stock\":\"-288.0000\",\"id\":569,\"item_id\":569,\"full_description\":\"PEGAMENTO GRIS TWYFORD P\\/ CERAMICA\",\"name\":null,\"second_name\":null,\"description\":\"PEGAMENTO GRIS TWYFORD P\\/ CERAMICA\",\"currency_type_id\":\"PEN\",\"internal_id\":null,\"currency_type_symbol\":\"S\\/\",\"sale_unit_price\":\"16.00\",\"purchase_unit_price\":10.5,\"unit_type_id\":\"NIU\",\"aux_unit_type_id\":\"NIU\",\"sale_affectation_igv_type_id\":\"20\",\"purchase_affectation_igv_type_id\":\"20\",\"calculate_quantity\":false,\"has_igv\":true,\"is_set\":false,\"active\":1,\"edit_unit_price\":false,\"aux_quantity\":\"7\",\"edit_sale_unit_price\":\"16.00\",\"aux_sale_unit_price\":\"16.00\",\"image_url\":\"https:\\/\\/dariana.softlte.net.pe\\/storage\\/uploads\\/items\\/pegamento-gris-twyford-p-ceramica-20220412095450.jpg\",\"warehouses\":[{\"warehouse_description\":\"Almac\\u00e9n Oficina Principal\",\"stock\":\"-288.0000\"}],\"category_id\":0,\"sets\":[],\"unit_type\":[],\"category\":null,\"brand\":null,\"has_plastic_bag_taxes\":false,\"amount_plastic_bag_taxes\":\"0.10\",\"has_isc\":false,\"system_isc_type_id\":null,\"percentage_isc\":\"0.00\",\"exchange_points\":false,\"quantity_of_points\":0,\"exchanged_for_points\":false,\"used_points_for_exchange\":null,\"original_affectation_igv_type_id\":\"20\",\"unit_price\":\"16.00\",\"IdLoteSelected\":null}',7.0000,16.000000,'20',112.00,18.00,0.00,NULL,0.00,0.00,0.00,0.00,0.00,0.00,0.00,0.00,'01',16.000000,112.00,0.00,0.00,112.00,'[]','[]','[]',NULL,2825,NULL,NULL),(120,44,580,'{\"stock\":\"7.3700\",\"id\":580,\"item_id\":580,\"full_description\":\"160032619 - CERAMICA 45 X 45 BRAZILERA AURORA VERDE\",\"name\":null,\"second_name\":null,\"description\":\"CERAMICA 45 X 45 BRAZILERA AURORA VERDE\",\"currency_type_id\":\"PEN\",\"internal_id\":\"160032619\",\"currency_type_symbol\":\"S\\/\",\"sale_unit_price\":\"44.00\",\"purchase_unit_price\":32,\"unit_type_id\":\"MTR\",\"aux_unit_type_id\":\"MTR\",\"sale_affectation_igv_type_id\":\"20\",\"purchase_affectation_igv_type_id\":\"20\",\"calculate_quantity\":false,\"has_igv\":true,\"is_set\":false,\"active\":1,\"edit_unit_price\":false,\"aux_quantity\":\"14\",\"edit_sale_unit_price\":\"44.00\",\"aux_sale_unit_price\":\"43.00\",\"image_url\":\"https:\\/\\/dariana.softlte.net.pe\\/logo\\/imagen-no-disponible.jpg\",\"warehouses\":[{\"warehouse_description\":\"Almac\\u00e9n Oficina Principal\",\"stock\":\"7.3700\"}],\"category_id\":0,\"sets\":[],\"unit_type\":[],\"category\":null,\"brand\":null,\"has_plastic_bag_taxes\":false,\"amount_plastic_bag_taxes\":\"0.10\",\"has_isc\":false,\"system_isc_type_id\":null,\"percentage_isc\":\"0.00\",\"exchange_points\":false,\"quantity_of_points\":0,\"exchanged_for_points\":false,\"used_points_for_exchange\":null,\"original_affectation_igv_type_id\":\"20\",\"unit_price\":\"44.00\",\"IdLoteSelected\":null}',14.0000,44.000000,'20',616.00,18.00,0.00,NULL,0.00,0.00,0.00,0.00,0.00,0.00,0.00,0.00,'01',44.000000,616.00,0.00,0.00,616.00,'[]','[]','[]',NULL,2826,NULL,NULL);

--
