-- Table structure for table `sale_note_migration`
--

CREATE TABLE `sale_note_migration` (
  `id` int(10) unsigned NOT NULL AUTO_INCREMENT,
  `sale_notes_id` int(10) unsigned NOT NULL,
  `user_id` int(10) unsigned NOT NULL,
  `success` tinyint(3) unsigned NOT NULL DEFAULT 0,
  `url` varchar(255) COLLATE utf8mb4_unicode_ci NOT NULL,
  `remote_id` int(10) unsigned NOT NULL DEFAULT 0,
  `number` varchar(255) COLLATE utf8mb4_unicode_ci DEFAULT NULL,
  `data` longtext COLLATE utf8mb4_unicode_ci DEFAULT NULL,
  `created_at` timestamp NULL DEFAULT NULL,
  `updated_at` timestamp NULL DEFAULT NULL,
  PRIMARY KEY (`id`)
) ENGINE=InnoDB DEFAULT CHARSET=utf8mb4 COLLATE=utf8mb4_unicode_ci;

--
-- Dumping data for table `sale_note_migration`
--


--
-- Table structure for table `sale_note_payments`
--

CREATE TABLE `sale_note_payments` (
  `id` int(10) unsigned NOT NULL AUTO_INCREMENT,
  `sale_note_id` int(10) unsigned NOT NULL,
  `date_of_payment` date NOT NULL,
  `payment_method_type_id` char(2) COLLATE utf8mb4_unicode_ci NOT NULL,
  `has_card` tinyint(1) NOT NULL DEFAULT 0,
  `card_brand_id` char(2) COLLATE utf8mb4_unicode_ci DEFAULT NULL,
  `reference` varchar(255) COLLATE utf8mb4_unicode_ci DEFAULT NULL,
  `change` decimal(12,2) DEFAULT NULL,
  `payment` decimal(12,2) NOT NULL,
  PRIMARY KEY (`id`),
  KEY `sale_note_payments_sale_note_id_foreign` (`sale_note_id`),
  KEY `sale_note_payments_card_brand_id_foreign` (`card_brand_id`),
  KEY `sale_note_payments_payment_method_type_id_foreign` (`payment_method_type_id`),
  KEY `sale_note_payments_date_of_payment_index` (`date_of_payment`),
  CONSTRAINT `sale_note_payments_card_brand_id_foreign` FOREIGN KEY (`card_brand_id`) REFERENCES `card_brands` (`id`),
  CONSTRAINT `sale_note_payments_payment_method_type_id_foreign` FOREIGN KEY (`payment_method_type_id`) REFERENCES `payment_method_types` (`id`),
  CONSTRAINT `sale_note_payments_sale_note_id_foreign` FOREIGN KEY (`sale_note_id`) REFERENCES `sale_notes` (`id`) ON DELETE CASCADE
) ENGINE=InnoDB AUTO_INCREMENT=45 DEFAULT CHARSET=utf8mb4 COLLATE=utf8mb4_unicode_ci;

--
-- Dumping data for table `sale_note_payments`
--

INSERT INTO `sale_note_payments` VALUES (16,16,'2022-04-09','01',0,NULL,NULL,NULL,12.00),(17,17,'2022-04-08','01',0,NULL,NULL,NULL,172.00),(18,18,'2022-04-09','01',0,NULL,NULL,NULL,48.00),(19,19,'2022-04-09','01',0,NULL,NULL,NULL,268.00),(20,20,'2022-04-11','01',0,NULL,NULL,NULL,140.00),(21,21,'2022-04-13','01',0,NULL,NULL,NULL,860.00),(22,22,'2022-04-18','01',0,NULL,NULL,NULL,35.00),(23,23,'2022-04-18','01',0,NULL,NULL,NULL,50.00),(24,24,'2022-04-21','01',0,NULL,NULL,NULL,421.00),(25,25,'2022-04-23','01',0,NULL,NULL,NULL,1278.00),(26,26,'2022-04-23','01',0,NULL,NULL,NULL,1261.00),(27,27,'2022-05-02','01',0,NULL,NULL,NULL,403.90),(28,28,'2022-05-07','01',0,NULL,NULL,NULL,805.00),(29,29,'2022-05-09','01',0,NULL,NULL,NULL,90.00),(30,30,'2022-05-25','01',0,NULL,NULL,NULL,828.00),(31,31,'2022-05-30','01',0,NULL,NULL,NULL,16.00),(32,32,'2022-06-02','01',0,NULL,NULL,NULL,1278.00),(33,33,'2022-07-11','01',0,NULL,NULL,NULL,106.00),(34,34,'2022-07-14','01',0,NULL,NULL,NULL,39.50),(37,37,'2022-11-14','01',0,NULL,NULL,NULL,28.00),(38,38,'2022-11-26','01',0,NULL,NULL,NULL,1480.00),(39,39,'2023-01-16','01',0,NULL,NULL,NULL,100.00),(40,40,'2023-01-31','01',0,NULL,NULL,NULL,762.00),(41,41,'2023-02-13','01',0,NULL,NULL,NULL,901.00),(42,42,'2023-02-13','01',0,NULL,NULL,NULL,875.00),(43,43,'2023-02-23','01',0,NULL,NULL,NULL,777.00),(44,44,'2023-02-23','01',0,NULL,NULL,NULL,732.00);

--
-- Table structure for table `sale_notes`
--

CREATE TABLE `sale_notes` (
  `id` int(10) unsigned NOT NULL AUTO_INCREMENT,
  `user_id` int(10) unsigned NOT NULL,
  `external_id` char(36) COLLATE utf8mb4_unicode_ci NOT NULL,
  `establishment_id` int(10) unsigned NOT NULL,
  `establishment` longtext CHARACTER SET utf8mb4 COLLATE utf8mb4_bin NOT NULL CHECK (json_valid(`establishment`)),
  `soap_type_id` char(2) COLLATE utf8mb4_unicode_ci NOT NULL,
  `state_type_id` char(2) COLLATE utf8mb4_unicode_ci NOT NULL,
  `prefix` char(2) COLLATE utf8mb4_unicode_ci NOT NULL,
  `series` varchar(255) COLLATE utf8mb4_unicode_ci DEFAULT NULL,
  `number` int(11) DEFAULT NULL,
  `date_of_issue` date NOT NULL,
  `time_of_issue` time NOT NULL,
  `customer_id` int(10) unsigned NOT NULL,
  `customer` longtext CHARACTER SET utf8mb4 COLLATE utf8mb4_bin NOT NULL CHECK (json_valid(`customer`)),
  `currency_type_id` varchar(255) COLLATE utf8mb4_unicode_ci NOT NULL,
  `payment_method_type_id` char(2) COLLATE utf8mb4_unicode_ci DEFAULT NULL,
  `exchange_rate_sale` decimal(13,3) NOT NULL,
  `point_system` tinyint(1) NOT NULL DEFAULT 0 COMMENT 'indica si se uso en sistema por puntos',
  `point_system_data` longtext CHARACTER SET utf8mb4 COLLATE utf8mb4_bin DEFAULT NULL COMMENT 'datos de sistema por puntos' CHECK (json_valid(`point_system_data`)),
  `created_from_pos` tinyint(1) NOT NULL DEFAULT 0 COMMENT 'indica si se registro desde pos',
  `apply_concurrency` tinyint(1) NOT NULL DEFAULT 0,
  `enabled_concurrency` tinyint(1) NOT NULL DEFAULT 0,
  `automatic_date_of_issue` date DEFAULT NULL,
  `quantity_period` int(11) DEFAULT NULL,
  `type_period` varchar(255) COLLATE utf8mb4_unicode_ci DEFAULT NULL,
  `total_prepayment` decimal(12,2) NOT NULL DEFAULT 0.00,
  `total_charge` decimal(12,2) NOT NULL DEFAULT 0.00,
  `total_discount` decimal(12,2) NOT NULL DEFAULT 0.00,
  `total_exportation` decimal(12,2) NOT NULL DEFAULT 0.00,
  `total_free` decimal(12,2) NOT NULL DEFAULT 0.00,
  `total_taxed` decimal(12,2) NOT NULL DEFAULT 0.00,
  `total_unaffected` decimal(12,2) NOT NULL DEFAULT 0.00,
  `total_exonerated` decimal(12,2) NOT NULL DEFAULT 0.00,
  `total_igv` decimal(12,2) NOT NULL DEFAULT 0.00,
  `total_igv_free` decimal(12,2) NOT NULL DEFAULT 0.00,
  `total_base_isc` decimal(12,2) NOT NULL DEFAULT 0.00,
  `total_isc` decimal(12,2) NOT NULL DEFAULT 0.00,
  `total_base_other_taxes` decimal(12,2) NOT NULL DEFAULT 0.00,
  `total_other_taxes` decimal(12,2) NOT NULL DEFAULT 0.00,
  `total_plastic_bag_taxes` decimal(6,2) NOT NULL DEFAULT 0.00,
  `total_taxes` decimal(12,2) NOT NULL DEFAULT 0.00,
  `total_value` decimal(12,2) NOT NULL DEFAULT 0.00,
  `subtotal` decimal(12,2) NOT NULL DEFAULT 0.00,
  `total` decimal(12,2) NOT NULL,
  `dispatch_ticket_pdf` tinyint(1) NOT NULL DEFAULT 0,
  `charges` longtext CHARACTER SET utf8mb4 COLLATE utf8mb4_bin DEFAULT NULL CHECK (json_valid(`charges`)),
  `discounts` longtext CHARACTER SET utf8mb4 COLLATE utf8mb4_bin DEFAULT NULL CHECK (json_valid(`discounts`)),
  `prepayments` longtext CHARACTER SET utf8mb4 COLLATE utf8mb4_bin DEFAULT NULL CHECK (json_valid(`prepayments`)),
  `guides` longtext CHARACTER SET utf8mb4 COLLATE utf8mb4_bin DEFAULT NULL CHECK (json_valid(`guides`)),
  `related` longtext CHARACTER SET utf8mb4 COLLATE utf8mb4_bin DEFAULT NULL CHECK (json_valid(`related`)),
  `perception` longtext CHARACTER SET utf8mb4 COLLATE utf8mb4_bin DEFAULT NULL CHECK (json_valid(`perception`)),
  `detraction` longtext CHARACTER SET utf8mb4 COLLATE utf8mb4_bin DEFAULT NULL CHECK (json_valid(`detraction`)),
  `legends` longtext CHARACTER SET utf8mb4 COLLATE utf8mb4_bin DEFAULT NULL CHECK (json_valid(`legends`)),
  `additional_information` text COLLATE utf8mb4_unicode_ci DEFAULT NULL,
  `filename` varchar(255) COLLATE utf8mb4_unicode_ci DEFAULT NULL,
  `unique_filename` varchar(255) COLLATE utf8mb4_unicode_ci DEFAULT NULL,
  `quotation_id` int(10) unsigned DEFAULT NULL,
  `order_note_id` int(10) unsigned DEFAULT NULL,
  `technical_service_id` int(10) unsigned DEFAULT NULL,
  `order_id` int(10) unsigned DEFAULT NULL,
  `total_canceled` tinyint(1) NOT NULL DEFAULT 0,
  `changed` tinyint(1) NOT NULL DEFAULT 0,
  `paid` tinyint(1) NOT NULL DEFAULT 0,
  `license_plate` varchar(255) COLLATE utf8mb4_unicode_ci DEFAULT NULL,
  `plate_number` varchar(255) COLLATE utf8mb4_unicode_ci DEFAULT NULL,
  `reference_data` varchar(500) COLLATE utf8mb4_unicode_ci DEFAULT NULL,
  `agent_id` int(10) unsigned DEFAULT NULL,
  `observation` text COLLATE utf8mb4_unicode_ci DEFAULT NULL,
  `purchase_order` varchar(50) COLLATE utf8mb4_unicode_ci DEFAULT NULL,
  `document_id` int(10) unsigned DEFAULT NULL,
  `user_rel_suscription_plan_id` int(10) unsigned DEFAULT 0 COMMENT 'Relacion con suscripciones',
  `due_date` date DEFAULT NULL COMMENT 'Fecha de vencimiento',
  `created_at` timestamp NULL DEFAULT NULL,
  `updated_at` timestamp NULL DEFAULT NULL,
  `seller_id` int(10) unsigned DEFAULT 0,
  `grade` text COLLATE utf8mb4_unicode_ci DEFAULT NULL COMMENT 'Grado designado - utilizado en matricula',
  `section` text COLLATE utf8mb4_unicode_ci DEFAULT NULL COMMENT 'Seccion designado - utilizado en matricula',
  `terms_condition` text COLLATE utf8mb4_unicode_ci DEFAULT NULL,
  PRIMARY KEY (`id`),
  UNIQUE KEY `sale_notes_unique_filename_unique` (`unique_filename`),
  KEY `sale_notes_user_id_foreign` (`user_id`),
  KEY `sale_notes_establishment_id_foreign` (`establishment_id`),
  KEY `sale_notes_customer_id_foreign` (`customer_id`),
  KEY `sale_notes_soap_type_id_foreign` (`soap_type_id`),
  KEY `sale_notes_state_type_id_foreign` (`state_type_id`),
  KEY `sale_notes_currency_type_id_foreign` (`currency_type_id`),
  KEY `sale_notes_quotation_id_foreign` (`quotation_id`),
  KEY `sale_notes_apply_concurrency_index` (`apply_concurrency`),
  KEY `sale_notes_type_period_index` (`type_period`),
  KEY `sale_notes_quantity_period_index` (`quantity_period`),
  KEY `sale_notes_automatic_date_of_issue_index` (`automatic_date_of_issue`),
  KEY `sale_notes_enabled_concurrency_index` (`enabled_concurrency`),
  KEY `sale_notes_order_note_id_foreign` (`order_note_id`),
  KEY `sale_notes_payment_method_type_id_foreign` (`payment_method_type_id`),
  KEY `sale_notes_order_id_foreign` (`order_id`),
  KEY `sale_notes_technical_service_id_foreign` (`technical_service_id`),
  KEY `sale_notes_agent_id_foreign` (`agent_id`),
  KEY `sale_notes_changed_index` (`changed`),
  CONSTRAINT `sale_notes_agent_id_foreign` FOREIGN KEY (`agent_id`) REFERENCES `agents` (`id`),
  CONSTRAINT `sale_notes_currency_type_id_foreign` FOREIGN KEY (`currency_type_id`) REFERENCES `cat_currency_types` (`id`),
  CONSTRAINT `sale_notes_customer_id_foreign` FOREIGN KEY (`customer_id`) REFERENCES `persons` (`id`),
  CONSTRAINT `sale_notes_establishment_id_foreign` FOREIGN KEY (`establishment_id`) REFERENCES `establishments` (`id`),
  CONSTRAINT `sale_notes_order_id_foreign` FOREIGN KEY (`order_id`) REFERENCES `orders` (`id`),
  CONSTRAINT `sale_notes_order_note_id_foreign` FOREIGN KEY (`order_note_id`) REFERENCES `order_notes` (`id`),
  CONSTRAINT `sale_notes_payment_method_type_id_foreign` FOREIGN KEY (`payment_method_type_id`) REFERENCES `payment_method_types` (`id`),
  CONSTRAINT `sale_notes_quotation_id_foreign` FOREIGN KEY (`quotation_id`) REFERENCES `quotations` (`id`),
  CONSTRAINT `sale_notes_soap_type_id_foreign` FOREIGN KEY (`soap_type_id`) REFERENCES `soap_types` (`id`),
  CONSTRAINT `sale_notes_state_type_id_foreign` FOREIGN KEY (`state_type_id`) REFERENCES `state_types` (`id`),
  CONSTRAINT `sale_notes_technical_service_id_foreign` FOREIGN KEY (`technical_service_id`) REFERENCES `technical_services` (`id`),
  CONSTRAINT `sale_notes_user_id_foreign` FOREIGN KEY (`user_id`) REFERENCES `users` (`id`)
) ENGINE=InnoDB AUTO_INCREMENT=45 DEFAULT CHARSET=utf8mb4 COLLATE=utf8mb4_unicode_ci;

--
-- Dumping data for table `sale_notes`
--

INSERT INTO `sale_notes` VALUES (16,1,'461a4467-d0a3-4b8a-9bc9-ff0de36e7e3d',1,'{\"country_id\":\"PE\",\"country\":{\"id\":\"PE\",\"description\":\"PERU\"},\"department_id\":\"01\",\"department\":{\"id\":\"01\",\"description\":\"AMAZONAS\"},\"province_id\":\"0102\",\"province\":{\"id\":\"0102\",\"description\":\"Bagua\"},\"district_id\":\"010201\",\"district\":{\"id\":\"010201\",\"description\":\"Bagua\"},\"urbanization\":null,\"address\":\"AV. CIRCUNVALACI\\u00d3N N\\u00b0 1211\",\"email\":\"dariana@gmail.com\",\"telephone\":\"938447807\",\"code\":\"0000\",\"trade_address\":null,\"web_address\":null,\"aditional_information\":\"VENTA DE HERRAMIENTAS, MATERIALES EL\\u00c9CTRICOS, TUBO DE LUZ, AGUA Y DESAGUE, CERAMICA, PORCELANATO, DECORADOS PARA EL HOGAR,  PEGAMENTOS PARA CERAMICA Y PORCELANATO Y FERRETERIA EN GENERAL\",\"logo\":null}','02','01','NV','NV01',1,'2022-04-09','09:25:04',2,'{\"identity_document_type_id\":\"6\",\"identity_document_type\":{\"id\":\"6\",\"description\":\"RUC\"},\"number\":\"10432761091\",\"name\":\"CARRANZA SANCHEZ DAMIAN\",\"trade_name\":null,\"country_id\":\"PE\",\"country\":{\"id\":\"PE\",\"description\":\"PERU\"},\"department_id\":null,\"department\":{\"id\":null,\"description\":null},\"province_id\":null,\"province\":{\"id\":null,\"description\":null},\"district_id\":null,\"district\":{\"id\":null,\"description\":null},\"address\":null,\"email\":null,\"telephone\":null,\"perception_agent\":false,\"address_id\":null,\"internal_code\":null,\"address_type_id\":null,\"address_type\":{\"id\":null,\"description\":null}}','PEN',NULL,3.714,0,NULL,0,0,0,NULL,NULL,NULL,0.00,0.00,0.00,0.00,0.00,0.00,0.00,12.00,0.00,0.00,0.00,0.00,0.00,0.00,0.00,0.00,12.00,12.00,12.00,0,'[]','[]',NULL,'[]',NULL,NULL,NULL,NULL,'','NV01-1-20220409',NULL,NULL,NULL,NULL,NULL,1,0,1,NULL,NULL,NULL,NULL,NULL,NULL,NULL,0,NULL,'2022-04-09 09:25:23','2022-04-09 09:25:24',1,NULL,NULL,NULL),(17,1,'c3171e73-4362-4a4b-8fd1-bef958845dc0',1,'{\"country_id\":\"PE\",\"country\":{\"id\":\"PE\",\"description\":\"PERU\"},\"department_id\":\"01\",\"department\":{\"id\":\"01\",\"description\":\"AMAZONAS\"},\"province_id\":\"0102\",\"province\":{\"id\":\"0102\",\"description\":\"Bagua\"},\"district_id\":\"010201\",\"district\":{\"id\":\"010201\",\"description\":\"Bagua\"},\"urbanization\":null,\"address\":\"AV. CIRCUNVALACI\\u00d3N N\\u00b0 1211\",\"email\":\"dariana@gmail.com\",\"telephone\":\"938447807\",\"code\":\"0000\",\"trade_address\":null,\"web_address\":null,\"aditional_information\":\"VENTA DE HERRAMIENTAS, MATERIALES EL\\u00c9CTRICOS, TUBO DE LUZ, AGUA Y DESAGUE, CERAMICA, PORCELANATO, DECORADOS PARA EL HOGAR,  PEGAMENTOS PARA CERAMICA Y PORCELANATO Y FERRETERIA EN GENERAL\",\"logo\":null}','02','01','NV','NV01',2,'2022-04-09','11:04:35',7,'{\"identity_document_type_id\":\"1\",\"identity_document_type\":{\"id\":\"1\",\"description\":\"DNI\"},\"number\":\"74949855\",\"name\":\"GONZALES SILVA, JHONATAN DOUGLAS\",\"trade_name\":null,\"country_id\":\"PE\",\"country\":{\"id\":\"PE\",\"description\":\"PERU\"},\"department_id\":null,\"department\":{\"id\":null,\"description\":null},\"province_id\":null,\"province\":{\"id\":null,\"description\":null},\"district_id\":null,\"district\":{\"id\":null,\"description\":null},\"address\":null,\"email\":null,\"telephone\":null,\"perception_agent\":false,\"address_id\":null,\"internal_code\":null,\"address_type_id\":null,\"address_type\":{\"id\":null,\"description\":null}}','PEN',NULL,3.714,0,NULL,0,0,0,NULL,NULL,NULL,0.00,0.00,0.00,0.00,0.00,0.00,0.00,172.00,0.00,0.00,0.00,0.00,0.00,0.00,0.00,0.00,172.00,172.00,172.00,0,'[]','[]',NULL,'[]',NULL,NULL,NULL,NULL,'','NV01-2-20220409',NULL,NULL,NULL,NULL,NULL,1,0,1,NULL,NULL,NULL,NULL,NULL,NULL,NULL,0,NULL,'2022-04-09 11:04:49','2022-04-09 11:04:52',1,NULL,NULL,NULL),(18,1,'d801c0a5-0680-43a3-bdff-a5745114e938',1,'{\"country_id\":\"PE\",\"country\":{\"id\":\"PE\",\"description\":\"PERU\"},\"department_id\":\"01\",\"department\":{\"id\":\"01\",\"description\":\"AMAZONAS\"},\"province_id\":\"0102\",\"province\":{\"id\":\"0102\",\"description\":\"Bagua\"},\"district_id\":\"010201\",\"district\":{\"id\":\"010201\",\"description\":\"Bagua\"},\"urbanization\":null,\"address\":\"AV. CIRCUNVALACI\\u00d3N N\\u00b0 1211\",\"email\":\"dariana@gmail.com\",\"telephone\":\"938447807\",\"code\":\"0000\",\"trade_address\":null,\"web_address\":null,\"aditional_information\":\"VENTA DE HERRAMIENTAS, MATERIALES EL\\u00c9CTRICOS, TUBO DE LUZ, AGUA Y DESAGUE, CERAMICA, PORCELANATO, DECORADOS PARA EL HOGAR,  PEGAMENTOS PARA CERAMICA Y PORCELANATO Y FERRETERIA EN GENERAL\",\"logo\":null}','02','01','NV','NV01',3,'2022-04-09','11:27:24',12,'{\"identity_document_type_id\":\"6\",\"identity_document_type\":{\"id\":\"6\",\"description\":\"RUC\"},\"number\":\"10703986370\",\"name\":\"ALBERCA CORTEZ ANTHONY\",\"trade_name\":null,\"country_id\":\"PE\",\"country\":{\"id\":\"PE\",\"description\":\"PERU\"},\"department_id\":null,\"department\":{\"id\":null,\"description\":null},\"province_id\":null,\"province\":{\"id\":null,\"description\":null},\"district_id\":null,\"district\":{\"id\":null,\"description\":null},\"address\":null,\"email\":null,\"telephone\":null,\"perception_agent\":false,\"address_id\":null,\"internal_code\":null,\"address_type_id\":null,\"address_type\":{\"id\":null,\"description\":null}}','PEN',NULL,3.714,0,NULL,0,0,0,NULL,NULL,NULL,0.00,0.00,0.00,0.00,0.00,0.00,0.00,48.00,0.00,0.00,0.00,0.00,0.00,0.00,0.00,0.00,48.00,48.00,48.00,0,'[]','[]',NULL,'[]',NULL,NULL,NULL,NULL,'','NV01-3-20220409',NULL,NULL,NULL,NULL,NULL,1,0,1,NULL,NULL,NULL,NULL,NULL,NULL,NULL,0,NULL,'2022-04-09 11:28:12','2022-04-09 11:28:14',1,NULL,NULL,NULL),(19,1,'57d2874d-cc9a-4957-8cf9-6d7c264c4446',1,'{\"country_id\":\"PE\",\"country\":{\"id\":\"PE\",\"description\":\"PERU\"},\"department_id\":\"01\",\"department\":{\"id\":\"01\",\"description\":\"AMAZONAS\"},\"province_id\":\"0102\",\"province\":{\"id\":\"0102\",\"description\":\"Bagua\"},\"district_id\":\"010201\",\"district\":{\"id\":\"010201\",\"description\":\"Bagua\"},\"urbanization\":null,\"address\":\"AV. CIRCUNVALACI\\u00d3N N\\u00b0 1211\",\"email\":\"dariana@gmail.com\",\"telephone\":\"938447807\",\"code\":\"0000\",\"trade_address\":null,\"web_address\":null,\"aditional_information\":\"VENTA DE HERRAMIENTAS, MATERIALES EL\\u00c9CTRICOS, TUBO DE LUZ, AGUA Y DESAGUE, CERAMICA, PORCELANATO, DECORADOS PARA EL HOGAR,  PEGAMENTOS PARA CERAMICA Y PORCELANATO Y FERRETERIA EN GENERAL\",\"logo\":null}','02','01','NV','NV01',4,'2022-04-09','11:50:08',13,'{\"identity_document_type_id\":\"6\",\"identity_document_type\":{\"id\":\"6\",\"description\":\"RUC\"},\"number\":\"20608724410\",\"name\":\"CONSORCIO RENACER\",\"trade_name\":null,\"country_id\":\"PE\",\"country\":{\"id\":\"PE\",\"description\":\"PERU\"},\"department_id\":\"01\",\"department\":{\"id\":\"01\",\"description\":\"AMAZONAS\"},\"province_id\":\"0101\",\"province\":{\"id\":\"0101\",\"description\":\"Chachapoyas\"},\"district_id\":\"010101\",\"district\":{\"id\":\"010101\",\"description\":\"Chachapoyas\"},\"address\":\"JR. BOLIVIA NRO. 715 - -\",\"email\":null,\"telephone\":null,\"perception_agent\":false,\"address_id\":null,\"internal_code\":null,\"address_type_id\":null,\"address_type\":{\"id\":null,\"description\":null}}','PEN',NULL,3.714,0,NULL,0,0,0,NULL,NULL,NULL,0.00,0.00,0.00,0.00,0.00,0.00,0.00,268.00,0.00,0.00,0.00,0.00,0.00,0.00,0.00,0.00,268.00,268.00,268.00,0,'[]','[]',NULL,'[]',NULL,NULL,NULL,NULL,'','NV01-4-20220409',NULL,NULL,NULL,NULL,NULL,1,0,1,NULL,NULL,NULL,NULL,NULL,NULL,NULL,0,NULL,'2022-04-09 11:52:04','2022-04-09 11:52:05',1,NULL,NULL,NULL),(20,1,'fd58854d-34ba-48ec-98de-edbe7f1c5ad2',1,'{\"country_id\":\"PE\",\"country\":{\"id\":\"PE\",\"description\":\"PERU\"},\"department_id\":\"01\",\"department\":{\"id\":\"01\",\"description\":\"AMAZONAS\"},\"province_id\":\"0102\",\"province\":{\"id\":\"0102\",\"description\":\"Bagua\"},\"district_id\":\"010201\",\"district\":{\"id\":\"010201\",\"description\":\"Bagua\"},\"urbanization\":null,\"address\":\"AV. CIRCUNVALACI\\u00d3N N\\u00b0 1211\",\"email\":\"dariana@gmail.com\",\"telephone\":\"938447807\",\"code\":\"0000\",\"trade_address\":null,\"web_address\":null,\"aditional_information\":\"VENTA DE HERRAMIENTAS, MATERIALES EL\\u00c9CTRICOS, TUBO DE LUZ, AGUA Y DESAGUE, CERAMICA, PORCELANATO, DECORADOS PARA EL HOGAR,  PEGAMENTOS PARA CERAMICA Y PORCELANATO Y FERRETERIA EN GENERAL\",\"logo\":null}','02','01','NV','NV01',5,'2022-04-11','15:43:31',15,'{\"identity_document_type_id\":\"6\",\"identity_document_type\":{\"id\":\"6\",\"description\":\"RUC\"},\"number\":\"20561164437\",\"name\":\"UNIVERSIDAD NACIONAL INTERCULTURAL FABIOLA SALAZAR LEGU\\u00cdA DE BAGUA\",\"trade_name\":null,\"country_id\":\"PE\",\"country\":{\"id\":\"PE\",\"description\":\"PERU\"},\"department_id\":\"01\",\"department\":{\"id\":\"01\",\"description\":\"AMAZONAS\"},\"province_id\":\"0102\",\"province\":{\"id\":\"0102\",\"description\":\"Bagua\"},\"district_id\":\"010201\",\"district\":{\"id\":\"010201\",\"description\":\"Bagua\"},\"address\":\"JR. COMERCIO NRO. 128 - -\",\"email\":null,\"telephone\":null,\"perception_agent\":false,\"address_id\":null,\"internal_code\":null,\"address_type_id\":null,\"address_type\":{\"id\":null,\"description\":null}}','PEN',NULL,3.714,0,NULL,0,0,0,NULL,NULL,NULL,0.00,0.00,0.00,0.00,0.00,0.00,0.00,140.00,0.00,0.00,0.00,0.00,0.00,0.00,0.00,0.00,140.00,140.00,140.00,0,'[]','[]',NULL,'[]',NULL,NULL,NULL,NULL,'','NV01-5-20220411',NULL,NULL,NULL,NULL,NULL,1,0,1,NULL,NULL,NULL,NULL,NULL,NULL,NULL,0,NULL,'2022-04-11 15:47:00','2022-04-11 15:47:00',1,NULL,NULL,NULL),(21,1,'4c6b421b-90c7-477e-a6d7-5c31b5134fd6',1,'{\"country_id\":\"PE\",\"country\":{\"id\":\"PE\",\"description\":\"PERU\"},\"department_id\":\"01\",\"department\":{\"id\":\"01\",\"description\":\"AMAZONAS\"},\"province_id\":\"0102\",\"province\":{\"id\":\"0102\",\"description\":\"Bagua\"},\"district_id\":\"010201\",\"district\":{\"id\":\"010201\",\"description\":\"Bagua\"},\"urbanization\":null,\"address\":\"AV. CIRCUNVALACI\\u00d3N N\\u00b0 1211\",\"email\":\"dariana@gmail.com\",\"telephone\":\"938447807\",\"code\":\"0000\",\"trade_address\":null,\"web_address\":null,\"aditional_information\":\"VENTA DE HERRAMIENTAS, MATERIALES EL\\u00c9CTRICOS, TUBO DE LUZ, AGUA Y DESAGUE, CERAMICA, PORCELANATO, DECORADOS PARA EL HOGAR,  PEGAMENTOS PARA CERAMICA Y PORCELANATO Y FERRETERIA EN GENERAL\",\"logo\":null}','02','01','NV','NV01',6,'2022-04-13','11:34:46',18,'{\"identity_document_type_id\":\"6\",\"identity_document_type\":{\"id\":\"6\",\"description\":\"RUC\"},\"number\":\"20538922723\",\"name\":\"REPUESTOS FULL MOTOR\\u00b4S SOCIEDAD COMERCIAL DE RESPONSABILIDAD LIMITADA\",\"trade_name\":null,\"country_id\":\"PE\",\"country\":{\"id\":\"PE\",\"description\":\"PERU\"},\"department_id\":\"01\",\"department\":{\"id\":\"01\",\"description\":\"AMAZONAS\"},\"province_id\":\"0102\",\"province\":{\"id\":\"0102\",\"description\":\"Bagua\"},\"district_id\":\"010201\",\"district\":{\"id\":\"010201\",\"description\":\"Bagua\"},\"address\":\"AV. HEROES DEL CENEPA NRO. 404 ---- CENTRO DE BAGUA\",\"email\":null,\"telephone\":null,\"perception_agent\":false,\"address_id\":null,\"internal_code\":null,\"address_type_id\":null,\"address_type\":{\"id\":null,\"description\":null}}','PEN',NULL,3.721,0,NULL,0,0,0,NULL,NULL,NULL,0.00,0.00,0.00,0.00,0.00,0.00,0.00,860.00,0.00,0.00,0.00,0.00,0.00,0.00,0.00,0.00,860.00,860.00,860.00,0,'[]','[]',NULL,'[]',NULL,NULL,NULL,NULL,'','NV01-6-20220413',NULL,NULL,NULL,NULL,NULL,1,0,1,NULL,NULL,NULL,NULL,NULL,NULL,NULL,0,NULL,'2022-04-13 11:37:54','2022-04-13 11:37:55',1,NULL,NULL,NULL),(22,1,'340207a3-a07f-4778-9925-bd00c9cec24a',1,'{\"country_id\":\"PE\",\"country\":{\"id\":\"PE\",\"description\":\"PERU\"},\"department_id\":\"01\",\"department\":{\"id\":\"01\",\"description\":\"AMAZONAS\"},\"province_id\":\"0102\",\"province\":{\"id\":\"0102\",\"description\":\"Bagua\"},\"district_id\":\"010201\",\"district\":{\"id\":\"010201\",\"description\":\"Bagua\"},\"urbanization\":null,\"address\":\"AV. CIRCUNVALACI\\u00d3N N\\u00b0 1211\",\"email\":\"dariana@gmail.com\",\"telephone\":\"938447807\",\"code\":\"0000\",\"trade_address\":null,\"web_address\":null,\"aditional_information\":\"VENTA DE HERRAMIENTAS, MATERIALES EL\\u00c9CTRICOS, TUBO DE LUZ, AGUA Y DESAGUE, CERAMICA, PORCELANATO, DECORADOS PARA EL HOGAR,  PEGAMENTOS PARA CERAMICA Y PORCELANATO Y FERRETERIA EN GENERAL\",\"logo\":null}','02','01','NV','NV01',7,'2022-04-18','09:18:05',23,'{\"identity_document_type_id\":\"0\",\"identity_document_type\":{\"id\":\"0\",\"description\":\"Doc.trib.no.dom.sin.ruc\"},\"number\":\"99999999\",\"name\":\"MIGUEL CASTRO\",\"trade_name\":null,\"country_id\":\"PE\",\"country\":{\"id\":\"PE\",\"description\":\"PERU\"},\"department_id\":null,\"department\":{\"id\":null,\"description\":null},\"province_id\":null,\"province\":{\"id\":null,\"description\":null},\"district_id\":null,\"district\":{\"id\":null,\"description\":null},\"address\":null,\"email\":null,\"telephone\":null,\"perception_agent\":false,\"address_id\":null,\"internal_code\":null,\"address_type_id\":null,\"address_type\":{\"id\":null,\"description\":null}}','PEN',NULL,3.736,0,NULL,0,0,0,NULL,NULL,NULL,0.00,0.00,0.00,0.00,0.00,0.00,0.00,35.00,0.00,0.00,0.00,0.00,0.00,0.00,0.00,0.00,35.00,35.00,35.00,0,'[]','[]',NULL,'[]',NULL,NULL,NULL,NULL,'','NV01-7-20220418',NULL,NULL,NULL,NULL,NULL,1,0,1,NULL,NULL,NULL,NULL,NULL,NULL,NULL,0,NULL,'2022-04-18 09:26:52','2022-04-18 09:26:54',1,NULL,NULL,NULL),(23,1,'834be69f-18bb-49ff-853b-7458fda9479a',1,'{\"country_id\":\"PE\",\"country\":{\"id\":\"PE\",\"description\":\"PERU\"},\"department_id\":\"01\",\"department\":{\"id\":\"01\",\"description\":\"AMAZONAS\"},\"province_id\":\"0102\",\"province\":{\"id\":\"0102\",\"description\":\"Bagua\"},\"district_id\":\"010201\",\"district\":{\"id\":\"010201\",\"description\":\"Bagua\"},\"urbanization\":null,\"address\":\"AV. CIRCUNVALACI\\u00d3N N\\u00b0 1211\",\"email\":\"dariana@gmail.com\",\"telephone\":\"938447807\",\"code\":\"0000\",\"trade_address\":null,\"web_address\":null,\"aditional_information\":\"VENTA DE HERRAMIENTAS, MATERIALES EL\\u00c9CTRICOS, TUBO DE LUZ, AGUA Y DESAGUE, CERAMICA, PORCELANATO, DECORADOS PARA EL HOGAR,  PEGAMENTOS PARA CERAMICA Y PORCELANATO Y FERRETERIA EN GENERAL\",\"logo\":null}','02','01','NV','NV01',8,'2022-04-18','09:56:20',25,'{\"identity_document_type_id\":\"1\",\"identity_document_type\":{\"id\":\"1\",\"description\":\"DNI\"},\"number\":\"44852515\",\"name\":\"SHAJIAN HIDALGO, FRANCO DENNYS\",\"trade_name\":null,\"country_id\":\"PE\",\"country\":{\"id\":\"PE\",\"description\":\"PERU\"},\"department_id\":null,\"department\":{\"id\":null,\"description\":null},\"province_id\":null,\"province\":{\"id\":null,\"description\":null},\"district_id\":null,\"district\":{\"id\":null,\"description\":null},\"address\":null,\"email\":null,\"telephone\":null,\"perception_agent\":false,\"address_id\":null,\"internal_code\":null,\"address_type_id\":null,\"address_type\":{\"id\":null,\"description\":null}}','PEN',NULL,3.736,0,NULL,0,0,0,NULL,NULL,NULL,0.00,0.00,0.00,0.00,0.00,0.00,0.00,50.00,0.00,0.00,0.00,0.00,0.00,0.00,0.00,0.00,50.00,50.00,50.00,0,'[]','[]',NULL,'[]',NULL,NULL,NULL,NULL,'','NV01-8-20220418',NULL,NULL,NULL,NULL,NULL,1,0,1,NULL,NULL,NULL,NULL,NULL,NULL,NULL,0,NULL,'2022-04-18 09:58:39','2022-04-18 09:58:39',1,NULL,NULL,NULL),(24,1,'f9d4cf06-6c0f-4de6-80c8-1e6563b08cdb',1,'{\"country_id\":\"PE\",\"country\":{\"id\":\"PE\",\"description\":\"PERU\"},\"department_id\":\"01\",\"department\":{\"id\":\"01\",\"description\":\"AMAZONAS\"},\"province_id\":\"0102\",\"province\":{\"id\":\"0102\",\"description\":\"Bagua\"},\"district_id\":\"010201\",\"district\":{\"id\":\"010201\",\"description\":\"Bagua\"},\"urbanization\":null,\"address\":\"AV. CIRCUNVALACI\\u00d3N N\\u00b0 1211\",\"email\":\"dariana@gmail.com\",\"telephone\":\"938447807\",\"code\":\"0000\",\"trade_address\":null,\"web_address\":null,\"aditional_information\":\"VENTA DE HERRAMIENTAS, MATERIALES EL\\u00c9CTRICOS, TUBO DE LUZ, AGUA Y DESAGUE, CERAMICA, PORCELANATO, DECORADOS PARA EL HOGAR,  PEGAMENTOS PARA CERAMICA Y PORCELANATO Y FERRETERIA EN GENERAL\",\"logo\":null}','02','01','NV','NV01',9,'2022-04-21','13:35:08',12,'{\"identity_document_type_id\":\"6\",\"identity_document_type\":{\"id\":\"6\",\"description\":\"RUC\"},\"number\":\"10703986370\",\"name\":\"ALBERCA CORTEZ ANTHONY\",\"trade_name\":null,\"country_id\":\"PE\",\"country\":{\"id\":\"PE\",\"description\":\"PERU\"},\"department_id\":null,\"department\":{\"id\":null,\"description\":null},\"province_id\":null,\"province\":{\"id\":null,\"description\":null},\"district_id\":null,\"district\":{\"id\":null,\"description\":null},\"address\":null,\"email\":null,\"telephone\":null,\"perception_agent\":false,\"address_id\":null,\"internal_code\":null,\"address_type_id\":null,\"address_type\":{\"id\":null,\"description\":null}}','PEN',NULL,3.736,0,NULL,0,0,0,NULL,NULL,NULL,0.00,0.00,0.00,0.00,0.00,0.00,0.00,421.00,0.00,0.00,0.00,0.00,0.00,0.00,0.00,0.00,421.00,421.00,421.00,0,'[]','[]',NULL,'[]',NULL,NULL,NULL,NULL,'','NV01-9-20220421','NV01-9-20220421',NULL,NULL,NULL,NULL,1,0,1,NULL,NULL,NULL,NULL,NULL,NULL,NULL,0,NULL,'2022-04-21 13:39:25','2022-04-21 13:39:26',1,NULL,NULL,NULL),(25,1,'71c90482-4764-406d-9f10-0f8efc20bd75',1,'{\"country_id\":\"PE\",\"country\":{\"id\":\"PE\",\"description\":\"PERU\"},\"department_id\":\"01\",\"department\":{\"id\":\"01\",\"description\":\"AMAZONAS\"},\"province_id\":\"0102\",\"province\":{\"id\":\"0102\",\"description\":\"Bagua\"},\"district_id\":\"010201\",\"district\":{\"id\":\"010201\",\"description\":\"Bagua\"},\"urbanization\":null,\"address\":\"AV. CIRCUNVALACI\\u00d3N N\\u00b0 1211\",\"email\":\"dariana@gmail.com\",\"telephone\":\"938447807\",\"code\":\"0000\",\"trade_address\":null,\"web_address\":null,\"aditional_information\":\"VENTA DE HERRAMIENTAS, MATERIALES EL\\u00c9CTRICOS, TUBO DE LUZ, AGUA Y DESAGUE, CERAMICA, PORCELANATO, DECORADOS PARA EL HOGAR,  PEGAMENTOS PARA CERAMICA Y PORCELANATO Y FERRETERIA EN GENERAL\",\"logo\":null}','02','01','NV','NV01',10,'2022-04-23','17:43:21',30,'{\"identity_document_type_id\":\"0\",\"identity_document_type\":{\"id\":\"0\",\"description\":\"Doc.trib.no.dom.sin.ruc\"},\"number\":\"1111111111\",\"name\":\"I.E.N 16590 DURAN\",\"trade_name\":\"DURAN\",\"country_id\":\"PE\",\"country\":{\"id\":\"PE\",\"description\":\"PERU\"},\"department_id\":null,\"department\":{\"id\":null,\"description\":null},\"province_id\":null,\"province\":{\"id\":null,\"description\":null},\"district_id\":null,\"district\":{\"id\":null,\"description\":null},\"address\":null,\"email\":null,\"telephone\":null,\"perception_agent\":false,\"address_id\":null,\"internal_code\":null,\"address_type_id\":null,\"address_type\":{\"id\":null,\"description\":null}}','PEN',NULL,3.766,0,NULL,0,0,0,NULL,NULL,NULL,0.00,0.00,0.00,0.00,0.00,0.00,0.00,1278.00,0.00,0.00,0.00,0.00,0.00,0.00,0.00,0.00,1278.00,1278.00,1278.00,0,'[]','[]',NULL,'[]',NULL,NULL,NULL,NULL,'','NV01-10-20220423','NV01-10-20220423',NULL,NULL,NULL,NULL,1,0,1,NULL,NULL,NULL,NULL,NULL,NULL,NULL,0,NULL,'2022-04-23 18:20:43','2022-04-23 18:20:45',1,NULL,NULL,NULL),(26,1,'3bc44b19-2fea-48cc-81e7-bb271b2a43e8',1,'{\"country_id\":\"PE\",\"country\":{\"id\":\"PE\",\"description\":\"PERU\"},\"department_id\":\"01\",\"department\":{\"id\":\"01\",\"description\":\"AMAZONAS\"},\"province_id\":\"0102\",\"province\":{\"id\":\"0102\",\"description\":\"Bagua\"},\"district_id\":\"010201\",\"district\":{\"id\":\"010201\",\"description\":\"Bagua\"},\"urbanization\":null,\"address\":\"AV. CIRCUNVALACI\\u00d3N N\\u00b0 1211\",\"email\":\"dariana@gmail.com\",\"telephone\":\"938447807\",\"code\":\"0000\",\"trade_address\":null,\"web_address\":null,\"aditional_information\":\"VENTA DE HERRAMIENTAS, MATERIALES EL\\u00c9CTRICOS, TUBO DE LUZ, AGUA Y DESAGUE, CERAMICA, PORCELANATO, DECORADOS PARA EL HOGAR,  PEGAMENTOS PARA CERAMICA Y PORCELANATO Y FERRETERIA EN GENERAL\",\"logo\":null}','02','01','NV','NV01',11,'2022-04-23','18:23:13',30,'{\"identity_document_type_id\":\"0\",\"identity_document_type\":{\"id\":\"0\",\"description\":\"Doc.trib.no.dom.sin.ruc\"},\"number\":\"1111111111\",\"name\":\"I.E.N 16590 DURAN\",\"trade_name\":\"DURAN\",\"country_id\":\"PE\",\"country\":{\"id\":\"PE\",\"description\":\"PERU\"},\"department_id\":null,\"department\":{\"id\":null,\"description\":null},\"province_id\":null,\"province\":{\"id\":null,\"description\":null},\"district_id\":null,\"district\":{\"id\":null,\"description\":null},\"address\":null,\"email\":null,\"telephone\":null,\"perception_agent\":false,\"address_id\":null,\"internal_code\":null,\"address_type_id\":null,\"address_type\":{\"id\":null,\"description\":null}}','PEN',NULL,3.766,0,NULL,0,0,0,NULL,NULL,NULL,0.00,0.00,0.00,0.00,0.00,0.00,0.00,1261.00,0.00,0.00,0.00,0.00,0.00,0.00,0.00,0.00,1261.00,1261.00,1261.00,0,'[]','[]',NULL,'[]',NULL,NULL,NULL,NULL,'','NV01-11-20220423','NV01-11-20220423',NULL,NULL,NULL,NULL,1,0,1,NULL,NULL,NULL,NULL,NULL,NULL,NULL,0,NULL,'2022-04-23 18:31:43','2022-04-23 18:31:44',1,NULL,NULL,NULL),(27,1,'764764b9-05bd-4a4f-8618-07910cef725d',1,'{\"country_id\":\"PE\",\"country\":{\"id\":\"PE\",\"description\":\"PERU\"},\"department_id\":\"01\",\"department\":{\"id\":\"01\",\"description\":\"AMAZONAS\"},\"province_id\":\"0102\",\"province\":{\"id\":\"0102\",\"description\":\"Bagua\"},\"district_id\":\"010201\",\"district\":{\"id\":\"010201\",\"description\":\"Bagua\"},\"urbanization\":null,\"address\":\"AV. CIRCUNVALACI\\u00d3N N\\u00b0 1211\",\"email\":\"dariana@gmail.com\",\"telephone\":\"938447807\",\"code\":\"0000\",\"trade_address\":null,\"web_address\":null,\"aditional_information\":\"VENTA DE HERRAMIENTAS, MATERIALES EL\\u00c9CTRICOS, TUBO DE LUZ, AGUA Y DESAGUE, CERAMICA, PORCELANATO, DECORADOS PARA EL HOGAR,  PEGAMENTOS PARA CERAMICA Y PORCELANATO Y FERRETERIA EN GENERAL\",\"logo\":null}','02','01','NV','NV01',12,'2022-05-02','22:31:06',42,'{\"identity_document_type_id\":\"6\",\"identity_document_type\":{\"id\":\"6\",\"description\":\"RUC\"},\"number\":\"20487396959\",\"name\":\"BOTICAS OPEN FARMA S.A.C\",\"trade_name\":null,\"country_id\":\"PE\",\"country\":{\"id\":\"PE\",\"description\":\"PERU\"},\"department_id\":\"01\",\"department\":{\"id\":\"01\",\"description\":\"AMAZONAS\"},\"province_id\":\"0102\",\"province\":{\"id\":\"0102\",\"description\":\"Bagua\"},\"district_id\":\"010201\",\"district\":{\"id\":\"010201\",\"description\":\"Bagua\"},\"address\":\"JR. COMERCIO NRO. 594 - -\",\"email\":null,\"telephone\":null,\"perception_agent\":false,\"address_id\":null,\"internal_code\":null,\"address_type_id\":null,\"address_type\":{\"id\":null,\"description\":null}}','PEN',NULL,3.838,0,NULL,0,0,0,NULL,NULL,NULL,0.00,0.00,0.00,0.00,0.00,0.00,0.00,403.90,0.00,0.00,0.00,0.00,0.00,0.00,0.00,0.00,403.90,403.90,403.90,0,'[]','[]',NULL,'[]',NULL,NULL,NULL,NULL,'','NV01-12-20220502','NV01-12-20220502',NULL,NULL,NULL,NULL,1,1,1,NULL,NULL,NULL,NULL,NULL,NULL,54,0,NULL,'2022-05-02 22:56:05','2022-05-03 10:58:26',1,NULL,NULL,NULL),(28,1,'508d606d-e3c2-4325-be88-3bc75f2ae675',1,'{\"country_id\":\"PE\",\"country\":{\"id\":\"PE\",\"description\":\"PERU\"},\"department_id\":\"01\",\"department\":{\"id\":\"01\",\"description\":\"AMAZONAS\"},\"province_id\":\"0102\",\"province\":{\"id\":\"0102\",\"description\":\"Bagua\"},\"district_id\":\"010201\",\"district\":{\"id\":\"010201\",\"description\":\"Bagua\"},\"urbanization\":null,\"address\":\"AV. CIRCUNVALACI\\u00d3N N\\u00b0 1211\",\"email\":\"dariana@gmail.com\",\"telephone\":\"938447807\",\"code\":\"0000\",\"trade_address\":null,\"web_address\":null,\"aditional_information\":\"VENTA DE HERRAMIENTAS, MATERIALES EL\\u00c9CTRICOS, TUBO DE LUZ, AGUA Y DESAGUE, CERAMICA, PORCELANATO, DECORADOS PARA EL HOGAR,  PEGAMENTOS PARA CERAMICA Y PORCELANATO Y FERRETERIA EN GENERAL\",\"logo\":null}','02','01','NV','NV01',13,'2022-05-07','12:45:21',46,'{\"identity_document_type_id\":\"0\",\"identity_document_type\":{\"id\":\"0\",\"description\":\"Doc.trib.no.dom.sin.ruc\"},\"number\":\"999999995\",\"name\":\"I.E.I.N. 275 TUTUMBEROS\",\"trade_name\":null,\"country_id\":\"PE\",\"country\":{\"id\":\"PE\",\"description\":\"PERU\"},\"department_id\":null,\"department\":{\"id\":null,\"description\":null},\"province_id\":null,\"province\":{\"id\":null,\"description\":null},\"district_id\":null,\"district\":{\"id\":null,\"description\":null},\"address\":null,\"email\":null,\"telephone\":null,\"perception_agent\":false,\"address_id\":null,\"internal_code\":null,\"address_type_id\":null,\"address_type\":{\"id\":null,\"description\":null}}','PEN',NULL,3.811,0,NULL,0,0,0,NULL,NULL,NULL,0.00,0.00,0.00,0.00,0.00,0.00,0.00,805.00,0.00,0.00,0.00,0.00,0.00,0.00,0.00,0.00,805.00,805.00,805.00,0,'[]','[]',NULL,'[]',NULL,NULL,NULL,NULL,'','NV01-13-20220507','NV01-13-20220507',NULL,NULL,NULL,NULL,1,0,1,NULL,NULL,NULL,NULL,NULL,NULL,NULL,0,NULL,'2022-05-07 12:48:14','2022-05-07 12:48:14',1,NULL,NULL,NULL),(29,1,'052244ca-3db6-4c29-a790-f7411adb19da',1,'{\"country_id\":\"PE\",\"country\":{\"id\":\"PE\",\"description\":\"PERU\"},\"department_id\":\"01\",\"department\":{\"id\":\"01\",\"description\":\"AMAZONAS\"},\"province_id\":\"0102\",\"province\":{\"id\":\"0102\",\"description\":\"Bagua\"},\"district_id\":\"010201\",\"district\":{\"id\":\"010201\",\"description\":\"Bagua\"},\"urbanization\":null,\"address\":\"AV. CIRCUNVALACI\\u00d3N N\\u00b0 1211\",\"email\":\"dariana@gmail.com\",\"telephone\":\"938447807\",\"code\":\"0000\",\"trade_address\":null,\"web_address\":null,\"aditional_information\":\"VENTA DE HERRAMIENTAS, MATERIALES EL\\u00c9CTRICOS, TUBO DE LUZ, AGUA Y DESAGUE, CERAMICA, PORCELANATO, DECORADOS PARA EL HOGAR,  PEGAMENTOS PARA CERAMICA Y PORCELANATO Y FERRETERIA EN GENERAL\",\"logo\":null}','02','01','NV','NV01',14,'2022-05-09','09:07:47',49,'{\"identity_document_type_id\":\"0\",\"identity_document_type\":{\"id\":\"0\",\"description\":\"Doc.trib.no.dom.sin.ruc\"},\"number\":\"9999999937\",\"name\":\"I.E.I.N 315 DUELAC JAMALCA\",\"trade_name\":null,\"country_id\":\"PE\",\"country\":{\"id\":\"PE\",\"description\":\"PERU\"},\"department_id\":null,\"department\":{\"id\":null,\"description\":null},\"province_id\":null,\"province\":{\"id\":null,\"description\":null},\"district_id\":null,\"district\":{\"id\":null,\"description\":null},\"address\":null,\"email\":null,\"telephone\":null,\"perception_agent\":false,\"address_id\":null,\"internal_code\":null,\"address_type_id\":null,\"address_type\":{\"id\":null,\"description\":null}}','PEN',NULL,3.811,0,NULL,0,0,0,NULL,NULL,NULL,0.00,0.00,0.00,0.00,0.00,0.00,0.00,90.00,0.00,0.00,0.00,0.00,0.00,0.00,0.00,0.00,90.00,90.00,90.00,0,'[]','[]',NULL,'[]',NULL,NULL,NULL,NULL,'','NV01-14-20220509','NV01-14-20220509',NULL,NULL,NULL,NULL,1,0,1,NULL,NULL,NULL,NULL,NULL,NULL,NULL,0,NULL,'2022-05-09 11:09:08','2022-05-09 11:09:10',1,NULL,NULL,NULL),(30,1,'571e2ebe-7009-449f-bba7-8a0daad6d010',1,'{\"country_id\":\"PE\",\"country\":{\"id\":\"PE\",\"description\":\"PERU\"},\"department_id\":\"01\",\"department\":{\"id\":\"01\",\"description\":\"AMAZONAS\"},\"province_id\":\"0102\",\"province\":{\"id\":\"0102\",\"description\":\"Bagua\"},\"district_id\":\"010201\",\"district\":{\"id\":\"010201\",\"description\":\"Bagua\"},\"urbanization\":null,\"address\":\"AV. CIRCUNVALACI\\u00d3N N\\u00b0 1211\",\"email\":\"dariana@gmail.com\",\"telephone\":\"938447807\",\"code\":\"0000\",\"trade_address\":null,\"web_address\":null,\"aditional_information\":\"VENTA DE HERRAMIENTAS, MATERIALES EL\\u00c9CTRICOS, TUBO DE LUZ, AGUA Y DESAGUE, CERAMICA, PORCELANATO, DECORADOS PARA EL HOGAR,  PEGAMENTOS PARA CERAMICA Y PORCELANATO Y FERRETERIA EN GENERAL\",\"logo\":null}','02','01','NV','NV01',15,'2022-05-25','12:27:51',47,'{\"identity_document_type_id\":\"0\",\"identity_document_type\":{\"id\":\"0\",\"description\":\"Doc.trib.no.dom.sin.ruc\"},\"number\":\"99999999376\",\"name\":\"I.E.N 275 TUTUMBEROS\",\"trade_name\":null,\"country_id\":\"PE\",\"country\":{\"id\":\"PE\",\"description\":\"PERU\"},\"department_id\":null,\"department\":{\"id\":null,\"description\":null},\"province_id\":null,\"province\":{\"id\":null,\"description\":null},\"district_id\":null,\"district\":{\"id\":null,\"description\":null},\"address\":null,\"email\":null,\"telephone\":null,\"perception_agent\":false,\"address_id\":null,\"internal_code\":null,\"address_type_id\":null,\"address_type\":{\"id\":null,\"description\":null}}','PEN',NULL,3.719,0,NULL,0,0,0,NULL,NULL,NULL,0.00,0.00,0.00,0.00,0.00,0.00,0.00,828.00,0.00,0.00,0.00,0.00,0.00,0.00,0.00,0.00,828.00,828.00,828.00,0,'[]','[]',NULL,'[]',NULL,NULL,NULL,NULL,'','NV01-15-20220525','NV01-15-20220525',NULL,NULL,NULL,NULL,1,0,1,NULL,NULL,NULL,NULL,NULL,NULL,NULL,0,NULL,'2022-05-25 12:36:59','2022-05-25 12:36:59',1,NULL,NULL,NULL),(31,1,'e59496a1-0df0-4b20-96f1-6b007b4bec2e',1,'{\"country_id\":\"PE\",\"country\":{\"id\":\"PE\",\"description\":\"PERU\"},\"department_id\":\"01\",\"department\":{\"id\":\"01\",\"description\":\"AMAZONAS\"},\"province_id\":\"0102\",\"province\":{\"id\":\"0102\",\"description\":\"Bagua\"},\"district_id\":\"010201\",\"district\":{\"id\":\"010201\",\"description\":\"Bagua\"},\"urbanization\":null,\"address\":\"AV. CIRCUNVALACI\\u00d3N N\\u00b0 1211\",\"email\":\"dariana@gmail.com\",\"telephone\":\"938447807\",\"code\":\"0000\",\"trade_address\":null,\"web_address\":null,\"aditional_information\":\"VENTA DE HERRAMIENTAS, MATERIALES EL\\u00c9CTRICOS, TUBO DE LUZ, AGUA Y DESAGUE, CERAMICA, PORCELANATO, DECORADOS PARA EL HOGAR,  PEGAMENTOS PARA CERAMICA Y PORCELANATO Y FERRETERIA EN GENERAL\",\"logo\":null}','02','01','NV','NV01',16,'2022-05-30','18:20:17',70,'{\"identity_document_type_id\":\"1\",\"identity_document_type\":{\"id\":\"1\",\"description\":\"DNI\"},\"number\":\"72936018\",\"name\":\"SANCHEZ COSSIO, YAN ALBERTH\",\"trade_name\":null,\"country_id\":\"PE\",\"country\":{\"id\":\"PE\",\"description\":\"PERU\"},\"department_id\":\"01\",\"department\":{\"id\":\"01\",\"description\":\"AMAZONAS\"},\"province_id\":\"0102\",\"province\":{\"id\":\"0102\",\"description\":\"Bagua\"},\"district_id\":\"010201\",\"district\":{\"id\":\"010201\",\"description\":\"Bagua\"},\"address\":\"JR. LIBERTAD 735\",\"email\":null,\"telephone\":null,\"perception_agent\":false,\"address_id\":null,\"internal_code\":null,\"address_type_id\":null,\"address_type\":{\"id\":null,\"description\":null}}','PEN',NULL,3.669,0,NULL,0,0,0,NULL,NULL,NULL,0.00,0.00,0.00,0.00,0.00,0.00,0.00,16.00,0.00,0.00,0.00,0.00,0.00,0.00,0.00,0.00,16.00,16.00,16.00,0,'[]','[]',NULL,'[]',NULL,NULL,NULL,NULL,'','NV01-16-20220530','NV01-16-20220530',NULL,NULL,NULL,NULL,1,1,1,NULL,NULL,NULL,NULL,NULL,NULL,107,0,NULL,'2022-05-30 18:21:11','2022-06-02 17:22:30',1,NULL,NULL,NULL),(32,1,'9ecfba87-5a04-4db9-9080-8281a79d362f',1,'{\"country_id\":\"PE\",\"country\":{\"id\":\"PE\",\"description\":\"PERU\"},\"department_id\":\"01\",\"department\":{\"id\":\"01\",\"description\":\"AMAZONAS\"},\"province_id\":\"0102\",\"province\":{\"id\":\"0102\",\"description\":\"Bagua\"},\"district_id\":\"010201\",\"district\":{\"id\":\"010201\",\"description\":\"Bagua\"},\"urbanization\":null,\"address\":\"AV. CIRCUNVALACI\\u00d3N N\\u00b0 1211\",\"email\":\"dariana@gmail.com\",\"telephone\":\"938447807\",\"code\":\"0000\",\"trade_address\":null,\"web_address\":null,\"aditional_information\":\"VENTA DE HERRAMIENTAS, MATERIALES EL\\u00c9CTRICOS, TUBO DE LUZ, AGUA Y DESAGUE, CERAMICA, PORCELANATO, DECORADOS PARA EL HOGAR,  PEGAMENTOS PARA CERAMICA Y PORCELANATO Y FERRETERIA EN GENERAL\",\"logo\":null}','02','01','NV','NV01',17,'2022-06-02','17:25:49',74,'{\"identity_document_type_id\":\"1\",\"identity_document_type\":{\"id\":\"1\",\"description\":\"DNI\"},\"number\":\"33591173\",\"name\":\"MONTENEGRO TORRES, NILA SOFIA\",\"trade_name\":null,\"country_id\":\"PE\",\"country\":{\"id\":\"PE\",\"description\":\"PERU\"},\"department_id\":\"01\",\"department\":{\"id\":\"01\",\"description\":\"AMAZONAS\"},\"province_id\":\"0102\",\"province\":{\"id\":\"0102\",\"description\":\"Bagua\"},\"district_id\":\"010201\",\"district\":{\"id\":\"010201\",\"description\":\"Bagua\"},\"address\":\"JR. MIRAFLORES 500\",\"email\":null,\"telephone\":null,\"perception_agent\":false,\"address_id\":null,\"internal_code\":null,\"address_type_id\":null,\"address_type\":{\"id\":null,\"description\":null}}','PEN',NULL,3.726,0,NULL,0,0,0,NULL,NULL,NULL,0.00,0.00,0.00,0.00,0.00,0.00,0.00,1278.00,0.00,0.00,0.00,0.00,0.00,0.00,0.00,0.00,1278.00,1278.00,1278.00,0,'[]','[]',NULL,'[]',NULL,NULL,NULL,NULL,'','NV01-17-20220602','NV01-17-20220602',NULL,NULL,NULL,NULL,1,1,1,NULL,NULL,'I.E.N. 16590 DURAN',NULL,NULL,NULL,108,0,NULL,'2022-06-02 17:32:10','2022-06-02 17:34:52',1,NULL,NULL,NULL),(33,1,'bc23469a-9d47-4949-91da-0b2721685243',1,'{\"country_id\":\"PE\",\"country\":{\"id\":\"PE\",\"description\":\"PERU\"},\"department_id\":\"01\",\"department\":{\"id\":\"01\",\"description\":\"AMAZONAS\"},\"province_id\":\"0102\",\"province\":{\"id\":\"0102\",\"description\":\"Bagua\"},\"district_id\":\"010201\",\"district\":{\"id\":\"010201\",\"description\":\"Bagua\"},\"urbanization\":null,\"address\":\"AV. CIRCUNVALACI\\u00d3N N\\u00b0 1211\",\"email\":\"dariana@gmail.com\",\"telephone\":\"938447807\",\"code\":\"0000\",\"trade_address\":null,\"web_address\":null,\"aditional_information\":\"VENTA DE HERRAMIENTAS, MATERIALES EL\\u00c9CTRICOS, TUBO DE LUZ, AGUA Y DESAGUE, CERAMICA, PORCELANATO, DECORADOS PARA EL HOGAR,  PEGAMENTOS PARA CERAMICA Y PORCELANATO Y FERRETERIA EN GENERAL\",\"logo\":null}','02','01','NV','NV01',18,'2022-07-11','11:43:09',95,'{\"identity_document_type_id\":\"0\",\"identity_document_type\":{\"id\":\"0\",\"description\":\"Doc.trib.no.dom.sin.ruc\"},\"number\":\"999999991346\",\"name\":\"I.E.N. 16273 EL PARCO\",\"trade_name\":null,\"country_id\":\"PE\",\"country\":{\"id\":\"PE\",\"description\":\"PERU\"},\"department_id\":null,\"department\":{\"id\":null,\"description\":null},\"province_id\":null,\"province\":{\"id\":null,\"description\":null},\"district_id\":null,\"district\":{\"id\":null,\"description\":null},\"address\":null,\"email\":null,\"telephone\":null,\"perception_agent\":false,\"address_id\":null,\"internal_code\":null,\"address_type_id\":null,\"address_type\":{\"id\":null,\"description\":null}}','PEN',NULL,3.905,0,NULL,0,0,0,NULL,NULL,NULL,0.00,0.00,0.00,0.00,0.00,0.00,0.00,106.00,0.00,0.00,0.00,0.00,0.00,0.00,0.00,0.00,106.00,106.00,106.00,0,'[]','[]',NULL,'[]',NULL,NULL,NULL,NULL,'','NV01-18-20220711','NV01-18-20220711',NULL,NULL,NULL,NULL,1,0,1,NULL,NULL,NULL,NULL,NULL,NULL,NULL,0,NULL,'2022-07-11 11:49:28','2022-07-11 11:49:29',1,NULL,NULL,NULL),(34,1,'49151182-38dc-4f4a-a21f-399dc2c93f65',1,'{\"country_id\":\"PE\",\"country\":{\"id\":\"PE\",\"description\":\"PERU\"},\"department_id\":\"01\",\"department\":{\"id\":\"01\",\"description\":\"AMAZONAS\"},\"province_id\":\"0102\",\"province\":{\"id\":\"0102\",\"description\":\"Bagua\"},\"district_id\":\"010201\",\"district\":{\"id\":\"010201\",\"description\":\"Bagua\"},\"urbanization\":null,\"address\":\"AV. CIRCUNVALACI\\u00d3N N\\u00b0 1211\",\"email\":\"dariana@gmail.com\",\"telephone\":\"938447807\",\"code\":\"0000\",\"trade_address\":null,\"web_address\":null,\"aditional_information\":\"VENTA DE HERRAMIENTAS, MATERIALES EL\\u00c9CTRICOS, TUBO DE LUZ, AGUA Y DESAGUE, CERAMICA, PORCELANATO, DECORADOS PARA EL HOGAR,  PEGAMENTOS PARA CERAMICA Y PORCELANATO Y FERRETERIA EN GENERAL\",\"logo\":null}','02','01','NV','NV01',19,'2022-07-14','17:13:05',105,'{\"identity_document_type_id\":\"6\",\"identity_document_type\":{\"id\":\"6\",\"description\":\"RUC\"},\"number\":\"20608433725\",\"name\":\"CONSORCIO SIC\",\"trade_name\":null,\"country_id\":\"PE\",\"country\":{\"id\":\"PE\",\"description\":\"PERU\"},\"department_id\":\"06\",\"department\":{\"id\":\"06\",\"description\":\"CAJAMARCA\"},\"province_id\":\"0608\",\"province\":{\"id\":\"0608\",\"description\":\"Ja\\u00e9n\"},\"district_id\":\"060801\",\"district\":{\"id\":\"060801\",\"description\":\"Ja\\u00e9n\"},\"address\":\"CAL. LOS ROSALES NRO. 690 A.H. EL DORADO\",\"email\":null,\"telephone\":null,\"perception_agent\":false,\"address_id\":null,\"internal_code\":null,\"address_type_id\":null,\"address_type\":{\"id\":null,\"description\":null}}','PEN',NULL,3.972,0,NULL,0,0,0,NULL,NULL,NULL,0.00,0.00,0.00,0.00,0.00,0.00,0.00,39.50,0.00,0.00,0.00,0.00,0.00,0.00,0.00,0.00,39.50,39.50,39.50,0,'[]','[]',NULL,'[]',NULL,NULL,NULL,NULL,'','NV01-19-20220714','NV01-19-20220714',NULL,NULL,NULL,NULL,1,0,1,NULL,NULL,NULL,NULL,NULL,NULL,NULL,0,NULL,'2022-07-14 17:22:16','2022-07-14 17:22:17',1,NULL,NULL,NULL),(37,1,'78b31a23-4f8e-40f4-a76b-a291e6f9ad83',1,'{\"country_id\":\"PE\",\"country\":{\"id\":\"PE\",\"description\":\"PERU\"},\"department_id\":\"01\",\"department\":{\"id\":\"01\",\"description\":\"AMAZONAS\"},\"province_id\":\"0102\",\"province\":{\"id\":\"0102\",\"description\":\"Bagua\"},\"district_id\":\"010201\",\"district\":{\"id\":\"010201\",\"description\":\"Bagua\"},\"urbanization\":null,\"address\":\"AV. CIRCUNVALACI\\u00d3N N\\u00b0 1211\",\"email\":\"dariana@gmail.com\",\"telephone\":\"938447807\",\"code\":\"0000\",\"trade_address\":null,\"web_address\":null,\"aditional_information\":\"VENTA DE HERRAMIENTAS, MATERIALES EL\\u00c9CTRICOS, TUBO DE LUZ, AGUA Y DESAGUE, CERAMICA, PORCELANATO, DECORADOS PARA EL HOGAR,  PEGAMENTOS PARA CERAMICA Y PORCELANATO Y FERRETERIA EN GENERAL\",\"logo\":null}','02','01','NV','NV01',20,'2022-11-14','13:34:11',120,'{\"identity_document_type_id\":\"1\",\"identity_document_type\":{\"id\":\"1\",\"description\":\"DNI\"},\"number\":\"47127893\",\"name\":\"ALAYA CASTREJON, JESUS\",\"trade_name\":null,\"country_id\":\"PE\",\"country\":{\"id\":\"PE\",\"description\":\"PERU\"},\"department_id\":\"01\",\"department\":{\"id\":\"01\",\"description\":\"AMAZONAS\"},\"province_id\":\"0102\",\"province\":{\"id\":\"0102\",\"description\":\"Bagua\"},\"district_id\":\"010204\",\"district\":{\"id\":\"010204\",\"description\":\"El Parco\"},\"address\":\"AV.TUPAC AMARU 785\",\"email\":null,\"telephone\":null,\"perception_agent\":false,\"address_id\":null,\"internal_code\":null,\"address_type_id\":null,\"address_type\":{\"id\":null,\"description\":null}}','PEN',NULL,3.860,0,NULL,1,0,0,NULL,NULL,NULL,0.00,0.00,0.00,0.00,0.00,0.00,0.00,28.00,0.00,0.00,0.00,0.00,0.00,0.00,0.00,0.00,28.00,28.00,28.00,0,'[]','[]',NULL,'[]',NULL,NULL,NULL,NULL,'','NV01-20-20221114','NV01-20-20221114',NULL,NULL,NULL,NULL,1,0,1,NULL,NULL,NULL,NULL,NULL,NULL,NULL,0,NULL,'2022-11-14 13:35:03','2022-11-14 13:35:04',1,NULL,NULL,NULL),(38,1,'54eb1596-2775-4c72-a866-5c63d3d3becc',1,'{\"country_id\":\"PE\",\"country\":{\"id\":\"PE\",\"description\":\"PERU\"},\"department_id\":\"01\",\"department\":{\"id\":\"01\",\"description\":\"AMAZONAS\"},\"province_id\":\"0102\",\"province\":{\"id\":\"0102\",\"description\":\"Bagua\"},\"district_id\":\"010201\",\"district\":{\"id\":\"010201\",\"description\":\"Bagua\"},\"urbanization\":null,\"address\":\"AV. CIRCUNVALACI\\u00d3N N\\u00b0 1211\",\"email\":\"dariana@gmail.com\",\"telephone\":\"938447807\",\"code\":\"0000\",\"trade_address\":null,\"web_address\":null,\"aditional_information\":\"VENTA DE HERRAMIENTAS, MATERIALES EL\\u00c9CTRICOS, TUBO DE LUZ, AGUA Y DESAGUE, CERAMICA, PORCELANATO, DECORADOS PARA EL HOGAR,  PEGAMENTOS PARA CERAMICA Y PORCELANATO Y FERRETERIA EN GENERAL\",\"logo\":null}','02','01','NV','NV01',21,'2022-11-26','11:40:46',171,'{\"identity_document_type_id\":\"0\",\"identity_document_type\":{\"id\":\"0\",\"description\":\"Doc.trib.no.dom.sin.ruc\"},\"number\":\"99999999203\",\"name\":\"COMITE VECINAL DEL SECTOR SAN JUAN-BAGUA\",\"trade_name\":null,\"country_id\":\"PE\",\"country\":{\"id\":\"PE\",\"description\":\"PERU\"},\"department_id\":null,\"department\":{\"id\":null,\"description\":null},\"province_id\":null,\"province\":{\"id\":null,\"description\":null},\"district_id\":null,\"district\":{\"id\":null,\"description\":null},\"address\":null,\"email\":null,\"telephone\":null,\"perception_agent\":false,\"address_id\":null,\"internal_code\":null,\"address_type_id\":null,\"address_type\":{\"id\":null,\"description\":null}}','PEN',NULL,3.873,0,NULL,1,0,0,NULL,NULL,NULL,0.00,0.00,0.00,0.00,0.00,0.00,0.00,1480.00,0.00,0.00,0.00,0.00,0.00,0.00,0.00,0.00,1480.00,1480.00,1480.00,0,'[]','[]',NULL,'[]',NULL,NULL,NULL,NULL,'','NV01-21-20221126','NV01-21-20221126',NULL,NULL,NULL,NULL,1,0,1,NULL,NULL,NULL,NULL,NULL,NULL,NULL,0,NULL,'2022-11-26 11:44:45','2022-11-26 11:44:46',1,NULL,NULL,NULL),(39,1,'0c295862-75cf-472f-9426-39d70b80ecb2',1,'{\"country_id\":\"PE\",\"country\":{\"id\":\"PE\",\"description\":\"PERU\"},\"department_id\":\"01\",\"department\":{\"id\":\"01\",\"description\":\"AMAZONAS\"},\"province_id\":\"0102\",\"province\":{\"id\":\"0102\",\"description\":\"Bagua\"},\"district_id\":\"010201\",\"district\":{\"id\":\"010201\",\"description\":\"Bagua\"},\"urbanization\":null,\"address\":\"AV. CIRCUNVALACI\\u00d3N N\\u00b0 1211\",\"email\":\"dariana@gmail.com\",\"telephone\":\"938447807\",\"code\":\"0000\",\"trade_address\":null,\"web_address\":null,\"aditional_information\":\"VENTA DE HERRAMIENTAS, MATERIALES EL\\u00c9CTRICOS, TUBO DE LUZ, AGUA Y DESAGUE, CERAMICA, PORCELANATO, DECORADOS PARA EL HOGAR,  PEGAMENTOS PARA CERAMICA Y PORCELANATO Y FERRETERIA EN GENERAL\",\"logo\":null}','02','01','NV','NV01',22,'2023-01-16','18:23:03',126,'{\"identity_document_type_id\":\"1\",\"identity_document_type\":{\"id\":\"1\",\"description\":\"DNI\"},\"number\":\"46921676\",\"name\":\"PIEDRA AGUILAR, MARCO ELISEO\",\"trade_name\":null,\"country_id\":\"PE\",\"country\":{\"id\":\"PE\",\"description\":\"PERU\"},\"department_id\":\"01\",\"department\":{\"id\":\"01\",\"description\":\"AMAZONAS\"},\"province_id\":\"0102\",\"province\":{\"id\":\"0102\",\"description\":\"Bagua\"},\"district_id\":\"010201\",\"district\":{\"id\":\"010201\",\"description\":\"Bagua\"},\"address\":\"JR. 29 DE AGOSTO 131\",\"email\":null,\"telephone\":null,\"perception_agent\":false,\"address_id\":null,\"internal_code\":null,\"address_type_id\":null,\"address_type\":{\"id\":null,\"description\":null}}','PEN',NULL,1.000,0,NULL,1,0,0,NULL,NULL,NULL,0.00,0.00,0.00,0.00,0.00,0.00,0.00,100.00,0.00,0.00,0.00,0.00,0.00,0.00,0.00,0.00,100.00,100.00,100.00,0,'[]','[]',NULL,'[]',NULL,NULL,NULL,NULL,'','NV01-22-20230116','NV01-22-20230116',NULL,NULL,NULL,NULL,1,0,1,NULL,NULL,NULL,NULL,NULL,NULL,NULL,0,NULL,'2023-01-16 18:41:04','2023-01-16 18:41:05',1,NULL,NULL,NULL),(40,1,'a13a6b83-fa06-4de9-b66e-13652f0328ca',1,'{\"country_id\":\"PE\",\"country\":{\"id\":\"PE\",\"description\":\"PERU\"},\"department_id\":\"01\",\"department\":{\"id\":\"01\",\"description\":\"AMAZONAS\"},\"province_id\":\"0102\",\"province\":{\"id\":\"0102\",\"description\":\"Bagua\"},\"district_id\":\"010201\",\"district\":{\"id\":\"010201\",\"description\":\"Bagua\"},\"urbanization\":null,\"address\":\"AV. CIRCUNVALACI\\u00d3N N\\u00b0 1211\",\"email\":\"dariana@gmail.com\",\"telephone\":\"938447807\",\"code\":\"0000\",\"trade_address\":null,\"web_address\":null,\"aditional_information\":\"VENTA DE HERRAMIENTAS, MATERIALES EL\\u00c9CTRICOS, TUBO DE LUZ, AGUA Y DESAGUE, CERAMICA, PORCELANATO, DECORADOS PARA EL HOGAR,  PEGAMENTOS PARA CERAMICA Y PORCELANATO Y FERRETERIA EN GENERAL\",\"logo\":null}','02','01','NV','NV01',23,'2023-01-31','18:49:08',194,'{\"identity_document_type_id\":\"0\",\"identity_document_type\":{\"id\":\"0\",\"description\":\"Doc.trib.no.dom.sin.ruc\"},\"number\":\"99999999006897\",\"name\":\"I.E.N_16 586 SOLDADO OLIVA\",\"trade_name\":\"SOLDADO OLIVA\",\"country_id\":\"PE\",\"country\":{\"id\":\"PE\",\"description\":\"PERU\"},\"department_id\":null,\"department\":{\"id\":null,\"description\":null},\"province_id\":null,\"province\":{\"id\":null,\"description\":null},\"district_id\":null,\"district\":{\"id\":null,\"description\":null},\"address\":null,\"email\":null,\"telephone\":null,\"perception_agent\":false,\"address_id\":null,\"internal_code\":null,\"address_type_id\":null,\"address_type\":{\"id\":null,\"description\":null}}','PEN',NULL,3.859,0,NULL,1,0,0,NULL,NULL,NULL,0.00,0.00,0.00,0.00,0.00,0.00,0.00,762.00,0.00,0.00,0.00,0.00,0.00,0.00,0.00,0.00,762.00,762.00,762.00,0,'[]','[]',NULL,'[]',NULL,NULL,NULL,NULL,'','NV01-23-20230131','NV01-23-20230131',NULL,NULL,NULL,NULL,1,1,1,NULL,NULL,NULL,NULL,NULL,NULL,422,0,NULL,'2023-01-31 18:50:25','2023-01-31 19:02:12',1,NULL,NULL,NULL),(41,1,'ad9a2db7-65b6-4b60-8179-9ba1ab1aa10d',1,'{\"country_id\":\"PE\",\"country\":{\"id\":\"PE\",\"description\":\"PERU\"},\"department_id\":\"01\",\"department\":{\"id\":\"01\",\"description\":\"AMAZONAS\"},\"province_id\":\"0102\",\"province\":{\"id\":\"0102\",\"description\":\"Bagua\"},\"district_id\":\"010201\",\"district\":{\"id\":\"010201\",\"description\":\"Bagua\"},\"urbanization\":null,\"address\":\"AV. CIRCUNVALACI\\u00d3N N\\u00b0 1211\",\"email\":\"dariana@gmail.com\",\"telephone\":\"938447807\",\"code\":\"0000\",\"trade_address\":null,\"web_address\":null,\"aditional_information\":\"VENTA DE HERRAMIENTAS, MATERIALES EL\\u00c9CTRICOS, TUBO DE LUZ, AGUA Y DESAGUE, CERAMICA, PORCELANATO, DECORADOS PARA EL HOGAR,  PEGAMENTOS PARA CERAMICA Y PORCELANATO Y FERRETERIA EN GENERAL\",\"logo\":null}','02','01','NV','NV01',24,'2023-02-13','16:50:08',199,'{\"identity_document_type_id\":\"0\",\"identity_document_type\":{\"id\":\"0\",\"description\":\"Doc.trib.no.dom.sin.ruc\"},\"number\":\"999999990021113\",\"name\":\"I.E.N. 16584 NARAJNJOS_ARAMANGO\",\"trade_name\":null,\"country_id\":\"PE\",\"country\":{\"id\":\"PE\",\"description\":\"PERU\"},\"department_id\":null,\"department\":{\"id\":null,\"description\":null},\"province_id\":null,\"province\":{\"id\":null,\"description\":null},\"district_id\":null,\"district\":{\"id\":null,\"description\":null},\"address\":null,\"email\":null,\"telephone\":null,\"perception_agent\":false,\"address_id\":null,\"internal_code\":null,\"address_type_id\":null,\"address_type\":{\"id\":null,\"description\":null}}','PEN',NULL,3.858,0,NULL,1,0,0,NULL,NULL,NULL,0.00,0.00,0.00,0.00,0.00,0.00,0.00,901.00,0.00,0.00,0.00,0.00,0.00,0.00,0.00,0.00,901.00,901.00,901.00,0,'[]','[]',NULL,'[]',NULL,NULL,NULL,NULL,'','NV01-24-20230213','NV01-24-20230213',NULL,NULL,NULL,NULL,1,0,1,NULL,NULL,NULL,NULL,NULL,NULL,NULL,0,NULL,'2023-02-13 16:53:45','2023-02-13 16:53:46',1,NULL,NULL,NULL),(42,1,'87727a6c-d345-4172-bb05-6d030ed26492',1,'{\"country_id\":\"PE\",\"country\":{\"id\":\"PE\",\"description\":\"PERU\"},\"department_id\":\"01\",\"department\":{\"id\":\"01\",\"description\":\"AMAZONAS\"},\"province_id\":\"0102\",\"province\":{\"id\":\"0102\",\"description\":\"Bagua\"},\"district_id\":\"010201\",\"district\":{\"id\":\"010201\",\"description\":\"Bagua\"},\"urbanization\":null,\"address\":\"AV. CIRCUNVALACI\\u00d3N N\\u00b0 1211\",\"email\":\"dariana@gmail.com\",\"telephone\":\"938447807\",\"code\":\"0000\",\"trade_address\":null,\"web_address\":null,\"aditional_information\":\"VENTA DE HERRAMIENTAS, MATERIALES EL\\u00c9CTRICOS, TUBO DE LUZ, AGUA Y DESAGUE, CERAMICA, PORCELANATO, DECORADOS PARA EL HOGAR,  PEGAMENTOS PARA CERAMICA Y PORCELANATO Y FERRETERIA EN GENERAL\",\"logo\":null}','02','01','NV','NV01',25,'2023-02-13','16:54:00',38,'{\"identity_document_type_id\":\"0\",\"identity_document_type\":{\"id\":\"0\",\"description\":\"Doc.trib.no.dom.sin.ruc\"},\"number\":\"9999999900\",\"name\":\"I.E.N. 16584 NARANJOS ARAMANGO\",\"trade_name\":null,\"country_id\":\"PE\",\"country\":{\"id\":\"PE\",\"description\":\"PERU\"},\"department_id\":null,\"department\":{\"id\":null,\"description\":null},\"province_id\":null,\"province\":{\"id\":null,\"description\":null},\"district_id\":null,\"district\":{\"id\":null,\"description\":null},\"address\":null,\"email\":null,\"telephone\":null,\"perception_agent\":false,\"address_id\":null,\"internal_code\":null,\"address_type_id\":null,\"address_type\":{\"id\":null,\"description\":null}}','PEN',NULL,3.858,0,NULL,1,0,0,NULL,NULL,NULL,0.00,0.00,0.00,0.00,0.00,0.00,0.00,875.00,0.00,0.00,0.00,0.00,0.00,0.00,0.00,0.00,875.00,875.00,875.00,0,'[]','[]',NULL,'[]',NULL,NULL,NULL,NULL,'','NV01-25-20230213','NV01-25-20230213',NULL,NULL,NULL,NULL,1,0,1,NULL,NULL,NULL,NULL,NULL,NULL,NULL,0,NULL,'2023-02-13 16:56:11','2023-02-13 16:56:11',1,NULL,NULL,NULL),(43,1,'41609b3c-00da-4e1b-b9ae-35404c876686',1,'{\"country_id\":\"PE\",\"country\":{\"id\":\"PE\",\"description\":\"PERU\"},\"department_id\":\"01\",\"department\":{\"id\":\"01\",\"description\":\"AMAZONAS\"},\"province_id\":\"0102\",\"province\":{\"id\":\"0102\",\"description\":\"Bagua\"},\"district_id\":\"010201\",\"district\":{\"id\":\"010201\",\"description\":\"Bagua\"},\"urbanization\":null,\"address\":\"AV. CIRCUNVALACI\\u00d3N N\\u00b0 1211\",\"email\":\"dariana@gmail.com\",\"telephone\":\"938447807\",\"code\":\"0000\",\"trade_address\":null,\"web_address\":null,\"aditional_information\":\"VENTA DE HERRAMIENTAS, MATERIALES EL\\u00c9CTRICOS, TUBO DE LUZ, AGUA Y DESAGUE, CERAMICA, PORCELANATO, DECORADOS PARA EL HOGAR,  PEGAMENTOS PARA CERAMICA Y PORCELANATO Y FERRETERIA EN GENERAL\",\"logo\":null}','02','01','NV','NV01',26,'2023-02-23','17:45:26',199,'{\"identity_document_type_id\":\"0\",\"identity_document_type\":{\"id\":\"0\",\"description\":\"Doc.trib.no.dom.sin.ruc\"},\"number\":\"999999990021113\",\"name\":\"I.E.N. 16584 NARAJNJOS_ARAMANGO\",\"trade_name\":null,\"country_id\":\"PE\",\"country\":{\"id\":\"PE\",\"description\":\"PERU\"},\"department_id\":null,\"department\":{\"id\":null,\"description\":null},\"province_id\":null,\"province\":{\"id\":null,\"description\":null},\"district_id\":null,\"district\":{\"id\":null,\"description\":null},\"address\":null,\"email\":null,\"telephone\":null,\"perception_agent\":false,\"address_id\":null,\"internal_code\":null,\"address_type_id\":null,\"address_type\":{\"id\":null,\"description\":null}}','PEN',NULL,3.827,0,NULL,1,0,0,NULL,NULL,NULL,0.00,0.00,0.00,0.00,0.00,0.00,0.00,777.00,0.00,0.00,0.00,0.00,0.00,0.00,0.00,0.00,777.00,777.00,777.00,0,'[]','[]',NULL,'[]',NULL,NULL,NULL,NULL,'','NV01-26-20230223','NV01-26-20230223',NULL,NULL,NULL,NULL,1,0,1,NULL,NULL,NULL,NULL,NULL,NULL,NULL,0,NULL,'2023-02-23 17:49:16','2023-02-23 17:49:17',1,NULL,NULL,NULL),(44,1,'a88d5603-9ab6-4ab6-9213-fe7f9990c8b2',1,'{\"country_id\":\"PE\",\"country\":{\"id\":\"PE\",\"description\":\"PERU\"},\"department_id\":\"01\",\"department\":{\"id\":\"01\",\"description\":\"AMAZONAS\"},\"province_id\":\"0102\",\"province\":{\"id\":\"0102\",\"description\":\"Bagua\"},\"district_id\":\"010201\",\"district\":{\"id\":\"010201\",\"description\":\"Bagua\"},\"urbanization\":null,\"address\":\"AV. CIRCUNVALACI\\u00d3N N\\u00b0 1211\",\"email\":\"dariana@gmail.com\",\"telephone\":\"938447807\",\"code\":\"0000\",\"trade_address\":null,\"web_address\":null,\"aditional_information\":\"VENTA DE HERRAMIENTAS, MATERIALES EL\\u00c9CTRICOS, TUBO DE LUZ, AGUA Y DESAGUE, CERAMICA, PORCELANATO, DECORADOS PARA EL HOGAR,  PEGAMENTOS PARA CERAMICA Y PORCELANATO Y FERRETERIA EN GENERAL\",\"logo\":null}','02','01','NV','NV01',27,'2023-02-23','17:50:36',38,'{\"identity_document_type_id\":\"0\",\"identity_document_type\":{\"id\":\"0\",\"description\":\"Doc.trib.no.dom.sin.ruc\"},\"number\":\"9999999900\",\"name\":\"I.E.N. 16584 NARANJOS ARAMANGO\",\"trade_name\":null,\"country_id\":\"PE\",\"country\":{\"id\":\"PE\",\"description\":\"PERU\"},\"department_id\":null,\"department\":{\"id\":null,\"description\":null},\"province_id\":null,\"province\":{\"id\":null,\"description\":null},\"district_id\":null,\"district\":{\"id\":null,\"description\":null},\"address\":null,\"email\":null,\"telephone\":null,\"perception_agent\":false,\"address_id\":null,\"internal_code\":null,\"address_type_id\":null,\"address_type\":{\"id\":null,\"description\":null}}','PEN',NULL,3.827,0,NULL,1,0,0,NULL,NULL,NULL,0.00,0.00,0.00,0.00,0.00,0.00,0.00,732.00,0.00,0.00,0.00,0.00,0.00,0.00,0.00,0.00,732.00,732.00,732.00,0,'[]','[]',NULL,'[]',NULL,NULL,NULL,NULL,'','NV01-27-20230223','NV01-27-20230223',NULL,NULL,NULL,NULL,1,0,1,NULL,NULL,NULL,NULL,NULL,NULL,NULL,0,NULL,'2023-02-23 17:51:48','2023-02-23 17:51:49',1,NULL,NULL,NULL);

--
-- Table structure for table `sale_opportunities`
--

CREATE TABLE `sale_opportunities` (
  `id` int(10) unsigned NOT NULL AUTO_INCREMENT,
  `user_id` int(10) unsigned NOT NULL,
  `external_id` char(36) COLLATE utf8mb4_unicode_ci NOT NULL,
  `establishment_id` int(10) unsigned NOT NULL,
  `establishment` longtext CHARACTER SET utf8mb4 COLLATE utf8mb4_bin NOT NULL CHECK (json_valid(`establishment`)),
  `soap_type_id` char(2) COLLATE utf8mb4_unicode_ci NOT NULL,
  `state_type_id` char(2) COLLATE utf8mb4_unicode_ci NOT NULL,
  `prefix` varchar(255) COLLATE utf8mb4_unicode_ci NOT NULL,
  `date_of_issue` date NOT NULL,
  `time_of_issue` time NOT NULL,
  `customer_id` int(10) unsigned NOT NULL,
  `customer` longtext CHARACTER SET utf8mb4 COLLATE utf8mb4_bin NOT NULL CHECK (json_valid(`customer`)),
  `currency_type_id` varchar(255) COLLATE utf8mb4_unicode_ci NOT NULL,
  `exchange_rate_sale` decimal(13,3) NOT NULL,
  `total_exportation` decimal(12,2) NOT NULL DEFAULT 0.00,
  `total_free` decimal(12,2) NOT NULL DEFAULT 0.00,
  `total_taxed` decimal(12,2) NOT NULL DEFAULT 0.00,
  `total_unaffected` decimal(12,2) NOT NULL DEFAULT 0.00,
  `total_exonerated` decimal(12,2) NOT NULL DEFAULT 0.00,
  `total_igv` decimal(12,2) NOT NULL DEFAULT 0.00,
  `total_taxes` decimal(12,2) NOT NULL DEFAULT 0.00,
  `total_value` decimal(12,2) NOT NULL DEFAULT 0.00,
  `total` decimal(12,2) NOT NULL,
  `filename` varchar(255) COLLATE utf8mb4_unicode_ci DEFAULT NULL,
  `detail` text COLLATE utf8mb4_unicode_ci DEFAULT NULL,
  `observation` text COLLATE utf8mb4_unicode_ci DEFAULT NULL,
  `created_at` timestamp NULL DEFAULT NULL,
  `updated_at` timestamp NULL DEFAULT NULL,
  PRIMARY KEY (`id`),
  KEY `sale_opportunities_user_id_foreign` (`user_id`),
  KEY `sale_opportunities_establishment_id_foreign` (`establishment_id`),
  KEY `sale_opportunities_customer_id_foreign` (`customer_id`),
  KEY `sale_opportunities_soap_type_id_foreign` (`soap_type_id`),
  KEY `sale_opportunities_state_type_id_foreign` (`state_type_id`),
  KEY `sale_opportunities_currency_type_id_foreign` (`currency_type_id`),
  CONSTRAINT `sale_opportunities_currency_type_id_foreign` FOREIGN KEY (`currency_type_id`) REFERENCES `cat_currency_types` (`id`),
  CONSTRAINT `sale_opportunities_customer_id_foreign` FOREIGN KEY (`customer_id`) REFERENCES `persons` (`id`),
  CONSTRAINT `sale_opportunities_establishment_id_foreign` FOREIGN KEY (`establishment_id`) REFERENCES `establishments` (`id`),
  CONSTRAINT `sale_opportunities_soap_type_id_foreign` FOREIGN KEY (`soap_type_id`) REFERENCES `soap_types` (`id`),
  CONSTRAINT `sale_opportunities_state_type_id_foreign` FOREIGN KEY (`state_type_id`) REFERENCES `state_types` (`id`),
  CONSTRAINT `sale_opportunities_user_id_foreign` FOREIGN KEY (`user_id`) REFERENCES `users` (`id`)
) ENGINE=InnoDB DEFAULT CHARSET=utf8mb4 COLLATE=utf8mb4_unicode_ci;

--
-- Dumping data for table `sale_opportunities`
--


--
-- Table structure for table `sale_opportunity_files`
--

CREATE TABLE `sale_opportunity_files` (
  `id` int(10) unsigned NOT NULL AUTO_INCREMENT,
  `sale_opportunity_id` int(10) unsigned NOT NULL,
  `filename` varchar(255) COLLATE utf8mb4_unicode_ci NOT NULL,
  PRIMARY KEY (`id`),
  KEY `sale_opportunity_files_sale_opportunity_id_foreign` (`sale_opportunity_id`),
  CONSTRAINT `sale_opportunity_files_sale_opportunity_id_foreign` FOREIGN KEY (`sale_opportunity_id`) REFERENCES `sale_opportunities` (`id`) ON DELETE CASCADE
) ENGINE=InnoDB DEFAULT CHARSET=utf8mb4 COLLATE=utf8mb4_unicode_ci;

--
-- Dumping data for table `sale_opportunity_files`
--


--
-- Table structure for table `sale_opportunity_items`
--

CREATE TABLE `sale_opportunity_items` (
  `id` int(10) unsigned NOT NULL AUTO_INCREMENT,
  `sale_opportunity_id` int(10) unsigned NOT NULL,
  `item_id` int(10) unsigned NOT NULL,
  `item` longtext CHARACTER SET utf8mb4 COLLATE utf8mb4_bin NOT NULL CHECK (json_valid(`item`)),
  `quantity` decimal(12,4) NOT NULL,
  `unit_value` decimal(16,6) NOT NULL,
  `affectation_igv_type_id` varchar(255) COLLATE utf8mb4_unicode_ci NOT NULL,
  `total_base_igv` decimal(12,2) NOT NULL,
  `percentage_igv` decimal(12,2) NOT NULL,
  `total_igv` decimal(12,2) NOT NULL,
  `total_taxes` decimal(12,2) NOT NULL,
  `price_type_id` varchar(255) COLLATE utf8mb4_unicode_ci NOT NULL,
  `unit_price` decimal(16,6) NOT NULL,
  `total_value` decimal(12,2) NOT NULL,
  `total_charge` decimal(12,2) NOT NULL DEFAULT 0.00,
  `total_discount` decimal(12,2) NOT NULL DEFAULT 0.00,
  `total` decimal(12,2) NOT NULL,
  `attributes` longtext CHARACTER SET utf8mb4 COLLATE utf8mb4_bin DEFAULT NULL CHECK (json_valid(`attributes`)),
  `discounts` longtext CHARACTER SET utf8mb4 COLLATE utf8mb4_bin DEFAULT NULL CHECK (json_valid(`discounts`)),
  `charges` longtext CHARACTER SET utf8mb4 COLLATE utf8mb4_bin DEFAULT NULL CHECK (json_valid(`charges`)),
  PRIMARY KEY (`id`),
  KEY `sale_opportunity_items_sale_opportunity_id_foreign` (`sale_opportunity_id`),
  KEY `sale_opportunity_items_item_id_foreign` (`item_id`),
  KEY `sale_opportunity_items_affectation_igv_type_id_foreign` (`affectation_igv_type_id`),
  KEY `sale_opportunity_items_price_type_id_foreign` (`price_type_id`),
  CONSTRAINT `sale_opportunity_items_affectation_igv_type_id_foreign` FOREIGN KEY (`affectation_igv_type_id`) REFERENCES `cat_affectation_igv_types` (`id`),
  CONSTRAINT `sale_opportunity_items_item_id_foreign` FOREIGN KEY (`item_id`) REFERENCES `items` (`id`),
  CONSTRAINT `sale_opportunity_items_price_type_id_foreign` FOREIGN KEY (`price_type_id`) REFERENCES `cat_price_types` (`id`),
  CONSTRAINT `sale_opportunity_items_sale_opportunity_id_foreign` FOREIGN KEY (`sale_opportunity_id`) REFERENCES `sale_opportunities` (`id`) ON DELETE CASCADE
) ENGINE=InnoDB DEFAULT CHARSET=utf8mb4 COLLATE=utf8mb4_unicode_ci;

--
-- Dumping data for table `sale_opportunity_items`
--


--
-- Table structure for table `series`
--

CREATE TABLE `series` (
  `id` int(10) unsigned NOT NULL AUTO_INCREMENT,
  `establishment_id` int(10) unsigned NOT NULL,
  `document_type_id` varchar(255) COLLATE utf8mb4_unicode_ci NOT NULL,
  `number` varchar(255) COLLATE utf8mb4_unicode_ci NOT NULL,
  `contingency` tinyint(1) NOT NULL DEFAULT 0,
  `created_at` timestamp NULL DEFAULT NULL,
  `updated_at` timestamp NULL DEFAULT NULL,
  PRIMARY KEY (`id`),
  KEY `series_establishment_id_foreign` (`establishment_id`),
  KEY `series_document_type_id_foreign` (`document_type_id`),
  CONSTRAINT `series_document_type_id_foreign` FOREIGN KEY (`document_type_id`) REFERENCES `cat_document_types` (`id`),
  CONSTRAINT `series_establishment_id_foreign` FOREIGN KEY (`establishment_id`) REFERENCES `establishments` (`id`)
) ENGINE=InnoDB AUTO_INCREMENT=15 DEFAULT CHARSET=utf8mb4 COLLATE=utf8mb4_unicode_ci;

--
-- Dumping data for table `series`
--

INSERT INTO `series` VALUES (1,1,'01','F001',0,NULL,NULL),(2,1,'03','B001',0,NULL,NULL),(3,1,'07','FC01',0,NULL,NULL),(4,1,'07','BC01',0,NULL,NULL),(5,1,'08','FD01',0,NULL,NULL),(6,1,'08','BD01',0,NULL,NULL),(7,1,'20','R001',0,NULL,NULL),(8,1,'09','T001',0,NULL,NULL),(9,1,'40','P001',0,NULL,NULL),(10,1,'80','NV01',0,NULL,NULL),(11,1,'04','L001',0,NULL,NULL),(12,1,'U2','NIA1',0,'2022-12-18 13:28:26','2022-12-18 13:28:26'),(13,1,'U3','NSA1',0,'2022-12-18 13:28:26','2022-12-18 13:28:26'),(14,1,'U4','NTA1',0,'2022-12-18 13:28:26','2022-12-18 13:28:26');

--
-- Table structure for table `series_configurations`
--

CREATE TABLE `series_configurations` (
  `id` int(10) unsigned NOT NULL AUTO_INCREMENT,
  `series_id` int(10) unsigned NOT NULL,
  `document_type_id` varchar(255) COLLATE utf8mb4_unicode_ci NOT NULL,
  `series` varchar(255) COLLATE utf8mb4_unicode_ci NOT NULL,
  `number` varchar(255) COLLATE utf8mb4_unicode_ci NOT NULL,
  `created_at` timestamp NULL DEFAULT NULL,
  `updated_at` timestamp NULL DEFAULT NULL,
  PRIMARY KEY (`id`),
  KEY `series_configurations_series_id_foreign` (`series_id`),
  KEY `series_configurations_series_index` (`series`),
  KEY `series_configurations_number_index` (`number`),
  KEY `series_configurations_document_type_id_foreign` (`document_type_id`),
  CONSTRAINT `series_configurations_document_type_id_foreign` FOREIGN KEY (`document_type_id`) REFERENCES `cat_document_types` (`id`),
  CONSTRAINT `series_configurations_series_id_foreign` FOREIGN KEY (`series_id`) REFERENCES `series` (`id`)
) ENGINE=InnoDB DEFAULT CHARSET=utf8mb4 COLLATE=utf8mb4_unicode_ci;

--
-- Dumping data for table `series_configurations`
--


--
-- Table structure for table `skins`
--

CREATE TABLE `skins` (
  `id` int(10) unsigned NOT NULL AUTO_INCREMENT,
  `name` varchar(255) COLLATE utf8mb4_unicode_ci NOT NULL,
  `filename` varchar(255) COLLATE utf8mb4_unicode_ci NOT NULL,
  `status` tinyint(1) NOT NULL DEFAULT 1,
  `created_at` timestamp NULL DEFAULT NULL,
  `updated_at` timestamp NULL DEFAULT NULL,
  PRIMARY KEY (`id`)
) ENGINE=InnoDB AUTO_INCREMENT=3 DEFAULT CHARSET=utf8mb4 COLLATE=utf8mb4_unicode_ci;

--
-- Dumping data for table `skins`
--

INSERT INTO `skins` VALUES (1,'Default','default.css',1,NULL,NULL),(2,'Light','light.css',1,NULL,NULL);

--
-- Table structure for table `soap_types`
--

CREATE TABLE `soap_types` (
  `id` char(2) COLLATE utf8mb4_unicode_ci NOT NULL,
  `description` varchar(255) COLLATE utf8mb4_unicode_ci NOT NULL,
  KEY `soap_types_id_index` (`id`)
) ENGINE=InnoDB DEFAULT CHARSET=utf8mb4 COLLATE=utf8mb4_unicode_ci;

--
-- Dumping data for table `soap_types`
--

INSERT INTO `soap_types` VALUES ('01','Demo'),('02','Producción'),('03','Interno');

--
-- Table structure for table `state_types`
--

CREATE TABLE `state_types` (
  `id` char(2) COLLATE utf8mb4_unicode_ci NOT NULL,
  `description` varchar(255) COLLATE utf8mb4_unicode_ci NOT NULL,
  KEY `state_types_id_index` (`id`)
) ENGINE=InnoDB DEFAULT CHARSET=utf8mb4 COLLATE=utf8mb4_unicode_ci;

--
-- Dumping data for table `state_types`
--

INSERT INTO `state_types` VALUES ('01','Registrado'),('03','Enviado'),('05','Aceptado'),('07','Observado'),('09','Rechazado'),('11','Anulado'),('13','Por anular');

--
-- Table structure for table `status_orders`
--

CREATE TABLE `status_orders` (
  `id` tinyint(3) unsigned NOT NULL AUTO_INCREMENT,
  `description` varchar(30) COLLATE utf8mb4_unicode_ci NOT NULL,
  `created_at` timestamp NULL DEFAULT NULL,
  `updated_at` timestamp NULL DEFAULT NULL,
  PRIMARY KEY (`id`)
) ENGINE=InnoDB AUTO_INCREMENT=5 DEFAULT CHARSET=utf8mb4 COLLATE=utf8mb4_unicode_ci;

--
-- Dumping data for table `status_orders`
--

INSERT INTO `status_orders` VALUES (1,'Pago sin verificar','2022-03-14 20:59:02',NULL),(2,'Pago verificado','2022-03-14 20:59:02',NULL),(3,'Despachado','2022-03-14 20:59:02',NULL),(4,'Confirmado por el cliente','2022-03-14 20:59:02',NULL);

--
-- Table structure for table `summaries`
--

CREATE TABLE `summaries` (
  `id` int(10) unsigned NOT NULL AUTO_INCREMENT,
  `user_id` int(10) unsigned NOT NULL,
  `external_id` char(36) COLLATE utf8mb4_unicode_ci NOT NULL,
  `soap_type_id` char(2) COLLATE utf8mb4_unicode_ci NOT NULL,
  `state_type_id` char(2) COLLATE utf8mb4_unicode_ci NOT NULL,
  `summary_status_type_id` varchar(255) COLLATE utf8mb4_unicode_ci NOT NULL,
  `ubl_version` varchar(255) COLLATE utf8mb4_unicode_ci NOT NULL,
  `date_of_issue` date NOT NULL,
  `date_of_reference` date NOT NULL,
  `identifier` varchar(255) COLLATE utf8mb4_unicode_ci NOT NULL,
  `filename` varchar(255) COLLATE utf8mb4_unicode_ci NOT NULL,
  `unique_filename` varchar(255) COLLATE utf8mb4_unicode_ci DEFAULT NULL,
  `ticket` varchar(255) COLLATE utf8mb4_unicode_ci DEFAULT NULL,
  `has_ticket` tinyint(1) NOT NULL DEFAULT 0,
  `has_cdr` tinyint(1) NOT NULL DEFAULT 0,
  `soap_shipping_response` longtext CHARACTER SET utf8mb4 COLLATE utf8mb4_bin DEFAULT NULL CHECK (json_valid(`soap_shipping_response`)),
  `send_to_pse` tinyint(1) NOT NULL DEFAULT 0,
  `response_signature_pse` longtext CHARACTER SET utf8mb4 COLLATE utf8mb4_bin DEFAULT NULL CHECK (json_valid(`response_signature_pse`)),
  `response_send_cdr_pse` longtext CHARACTER SET utf8mb4 COLLATE utf8mb4_bin DEFAULT NULL CHECK (json_valid(`response_send_cdr_pse`)),
  `unknown_error_status_response` tinyint(1) NOT NULL DEFAULT 0,
  `manually_regularized` tinyint(1) NOT NULL DEFAULT 0,
  `error_manually_regularized` longtext CHARACTER SET utf8mb4 COLLATE utf8mb4_bin DEFAULT NULL CHECK (json_valid(`error_manually_regularized`)),
  `created_at` timestamp NULL DEFAULT NULL,
  `updated_at` timestamp NULL DEFAULT NULL,
  PRIMARY KEY (`id`),
  UNIQUE KEY `summaries_unique_filename_unique` (`unique_filename`),
  KEY `summaries_user_id_foreign` (`user_id`),
  KEY `summaries_soap_type_id_foreign` (`soap_type_id`),
  KEY `summaries_state_type_id_foreign` (`state_type_id`),
  KEY `summaries_summary_status_type_id_foreign` (`summary_status_type_id`),
  KEY `summaries_date_of_issue_index` (`date_of_issue`),
  CONSTRAINT `summaries_soap_type_id_foreign` FOREIGN KEY (`soap_type_id`) REFERENCES `soap_types` (`id`),
  CONSTRAINT `summaries_state_type_id_foreign` FOREIGN KEY (`state_type_id`) REFERENCES `state_types` (`id`),
  CONSTRAINT `summaries_summary_status_type_id_foreign` FOREIGN KEY (`summary_status_type_id`) REFERENCES `cat_summary_status_types` (`id`),
  CONSTRAINT `summaries_user_id_foreign` FOREIGN KEY (`user_id`) REFERENCES `users` (`id`)
) ENGINE=InnoDB AUTO_INCREMENT=280 DEFAULT CHARSET=utf8mb4 COLLATE=utf8mb4_unicode_ci;

--
-- Dumping data for table `summaries`
--

INSERT INTO `summaries` VALUES (1,1,'4651c34b-945a-42d3-bad6-bdea6da2a755','02','05','1','2.0','2022-04-09','2022-04-09','RC-20220409-1','10432761091-RC-20220409-1',NULL,'202208996898476',0,0,'{\"sent\":true,\"code\":\"0\",\"description\":\"El Comprobante RC-20220409-1, ha sido aceptado\",\"notes\":[],\"is_accepted\":true,\"status_code\":0}',0,NULL,NULL,0,0,NULL,'2022-04-09 09:28:03','2022-04-13 00:30:12'),(2,1,'de36b5ed-b80f-486c-995a-556c5b9f83ca','02','05','1','2.0','2022-04-12','2022-04-11','RC-20220412-1','10432761091-RC-20220412-1',NULL,'202209021274099',0,0,'{\"sent\":true,\"code\":\"0\",\"description\":\"El Comprobante RC-20220412-1, ha sido aceptado\",\"notes\":[],\"is_accepted\":true,\"status_code\":0}',0,NULL,NULL,0,0,NULL,'2022-04-12 20:07:56','2022-04-13 00:30:13'),(3,1,'37404462-03fc-4e14-8f42-ea26a5c0fd46','02','05','1','2.0','2022-04-12','2022-04-12','RC-20220412-2','10432761091-RC-20220412-2',NULL,'202209021275477',0,0,'{\"sent\":true,\"code\":\"0\",\"description\":\"El Comprobante RC-20220412-2, ha sido aceptado\",\"notes\":[],\"is_accepted\":true,\"status_code\":0}',0,NULL,NULL,0,0,NULL,'2022-04-12 20:08:08','2022-04-13 00:30:15'),(6,1,'083caa3f-cd9f-47b2-a777-479371d6d9df','02','05','1','2.0','2022-04-18','2022-04-17','RC-20220418-1','10432761091-RC-20220418-1',NULL,'202209049651874',0,0,'{\"sent\":true,\"code\":\"0\",\"description\":\"El Comprobante RC-20220418-1, ha sido aceptado\",\"notes\":[],\"is_accepted\":true,\"status_code\":0}',0,NULL,NULL,0,0,NULL,'2022-04-18 00:00:12','2022-04-18 00:30:09'),(8,1,'4341dc76-b3a3-4ad5-a296-efcb1b49773f','02','05','1','2.0','2022-04-19','2022-04-18','RC-20220419-1','10432761091-RC-20220419-1',NULL,'202209055820450',0,0,'{\"sent\":true,\"code\":\"0\",\"description\":\"El Comprobante RC-20220419-1, ha sido aceptado\",\"notes\":[\"4208 - El dato ingresado como numero de documento de identidad del receptor no cumple con el formato establecido - Error en la linea: 2. : 4208 (nodo: \\\"cac:AccountingCustomerParty\\/cbc:CustomerAssignedAccountID\\\" valor: \\\"99999999999999999999\\\")\"],\"is_accepted\":true,\"status_code\":0}',0,NULL,NULL,0,0,NULL,'2022-04-19 00:00:04','2022-04-19 00:30:10'),(11,1,'6b3ad9df-3663-4e15-837c-11f4efba8603','02','05','1','2.0','2022-04-20','2022-04-19','RC-20220420-1','10432761091-RC-20220420-1',NULL,'202209062197673',0,0,'{\"sent\":true,\"code\":\"0\",\"description\":\"El Comprobante RC-20220420-1, ha sido aceptado\",\"notes\":[],\"is_accepted\":true,\"status_code\":0}',0,NULL,NULL,0,0,NULL,'2022-04-20 00:00:03','2022-04-20 00:30:11'),(12,1,'a5b712de-d7d0-4ba3-806c-3df548a21145','02','05','1','2.0','2022-04-24','2022-04-23','RC-20220424-1','10432761091-RC-20220424-1',NULL,'202209087446914',0,0,'{\"sent\":true,\"code\":\"0\",\"description\":\"El Comprobante RC-20220424-1, ha sido aceptado\",\"notes\":[],\"is_accepted\":true,\"status_code\":0}',0,NULL,NULL,0,0,NULL,'2022-04-24 00:00:07','2022-04-24 00:30:09'),(15,1,'bc40a7b5-b751-4ceb-a3c7-0f540aed0d84','02','05','1','2.0','2022-04-26','2022-04-25','RC-20220426-1','10432761091-RC-20220426-1',NULL,'202209098847736',0,0,'{\"sent\":true,\"code\":\"0\",\"description\":\"El Comprobante RC-20220426-1, ha sido aceptado\",\"notes\":[],\"is_accepted\":true,\"status_code\":0}',0,NULL,NULL,0,0,NULL,'2022-04-26 00:00:06','2022-04-27 00:30:16'),(18,1,'a5079e30-b1d4-4397-8f6b-bb19b98a78c4','02','05','1','2.0','2022-04-29','2022-04-28','RC-20220429-1','10432761091-RC-20220429-1',NULL,'202209117750067',0,0,'{\"sent\":true,\"code\":\"0\",\"description\":\"El Comprobante RC-20220429-1, ha sido aceptado\",\"notes\":[],\"is_accepted\":true,\"status_code\":0}',0,NULL,NULL,0,0,NULL,'2022-04-29 00:00:04','2022-04-29 00:30:08'),(20,1,'e3ca5f82-5737-47da-b80d-80be21fe4528','02','05','1','2.0','2022-04-30','2022-04-29','RC-20220430-1','10432761091-RC-20220430-1',NULL,'202209123895432',0,0,'{\"sent\":true,\"code\":\"0\",\"description\":\"El Comprobante RC-20220430-1, ha sido aceptado\",\"notes\":[],\"is_accepted\":true,\"status_code\":0}',0,NULL,NULL,0,0,NULL,'2022-04-30 00:00:04','2022-04-30 00:30:11'),(23,1,'44877de0-04bc-422e-acf7-5d49643715f8','02','05','1','2.0','2022-05-01','2022-04-30','RC-20220501-1','10432761091-RC-20220501-1',NULL,'202209129806108',0,0,'{\"sent\":true,\"code\":\"0\",\"description\":\"El Comprobante RC-20220501-1, ha sido aceptado\",\"notes\":[],\"is_accepted\":true,\"status_code\":0}',0,NULL,NULL,0,0,NULL,'2022-05-01 00:00:04','2022-05-02 00:30:09'),(24,1,'be546cdf-cf03-4700-b432-9f34e91c1568','02','05','1','2.0','2022-05-03','2022-05-02','RC-20220503-1','10432761091-RC-20220503-1',NULL,'202209140025647',0,0,'{\"sent\":true,\"code\":\"0\",\"description\":\"El Comprobante RC-20220503-1, ha sido aceptado\",\"notes\":[],\"is_accepted\":true,\"status_code\":0}',0,NULL,NULL,0,0,NULL,'2022-05-03 00:00:03','2022-05-03 00:30:08'),(26,1,'80509bc7-1ef5-4ba3-99c1-64eb73ee9d9b','02','05','1','2.0','2022-05-04','2022-05-03','RC-20220504-1','10432761091-RC-20220504-1',NULL,'202209145994097',0,0,'{\"sent\":true,\"code\":\"0\",\"description\":\"El Comprobante RC-20220504-1, ha sido aceptado\",\"notes\":[],\"is_accepted\":true,\"status_code\":0}',0,NULL,NULL,0,0,NULL,'2022-05-04 00:00:03','2022-05-04 00:30:08'),(28,1,'7c9bce4a-7b95-4e37-b3b6-63f2fb381b72','02','05','3','2.0','2022-05-04','2022-04-25','RC-20220504-2','10432761091-RC-20220504-2',NULL,'202209150252751',0,0,'{\"sent\":true,\"code\":\"0\",\"description\":\"El Comprobante RC-20220504-2, ha sido aceptado\",\"notes\":[],\"is_accepted\":true,\"status_code\":0}',0,NULL,NULL,0,0,NULL,'2022-05-04 18:04:12','2022-05-04 18:05:11'),(30,1,'d9815e37-ea57-45e0-97e2-476c80b13466','02','05','1','2.0','2022-05-07','2022-05-06','RC-20220507-1','10432761091-RC-20220507-1','10432761091-RC-20220507-1','202209163502378',0,0,'{\"sent\":true,\"code\":\"0\",\"description\":\"El Comprobante RC-20220507-1, ha sido aceptado\",\"notes\":[],\"is_accepted\":true,\"status_code\":0}',0,NULL,NULL,0,0,NULL,'2022-05-07 00:00:03','2022-05-07 00:30:12'),(32,1,'ee824334-04ad-4256-b75f-adeac8cf765c','02','05','1','2.0','2022-05-10','2022-05-09','RC-20220510-1','10432761091-RC-20220510-1','10432761091-RC-20220510-1','202209179223978',0,0,'{\"sent\":true,\"code\":\"0\",\"description\":\"El Comprobante RC-20220510-1, ha sido aceptado\",\"notes\":[],\"is_accepted\":true,\"status_code\":0}',0,NULL,NULL,0,0,NULL,'2022-05-10 00:00:09','2022-05-10 00:30:07'),(34,1,'b17d9d91-eb43-4abd-adad-17c3ebe7429e','02','05','1','2.0','2022-05-11','2022-05-10','RC-20220511-1','10432761091-RC-20220511-1','10432761091-RC-20220511-1','202209184983834',0,0,'{\"sent\":true,\"code\":\"0\",\"description\":\"El Comprobante RC-20220511-1, ha sido aceptado\",\"notes\":[],\"is_accepted\":true,\"status_code\":0}',0,NULL,NULL,0,0,NULL,'2022-05-11 00:00:06','2022-05-11 00:30:09'),(36,1,'7bd47dec-b014-4399-921b-f2614f76e2d1','02','05','1','2.0','2022-05-14','2022-05-13','RC-20220514-1','10432761091-RC-20220514-1','10432761091-RC-20220514-1','202209202946016',0,0,'{\"sent\":true,\"code\":\"0\",\"description\":\"El Comprobante RC-20220514-1, ha sido aceptado\",\"notes\":[],\"is_accepted\":true,\"status_code\":0}',0,NULL,NULL,0,0,NULL,'2022-05-14 00:00:06','2022-05-14 00:30:09'),(37,1,'ccd5224d-b21d-42a9-96b1-0857ea49257d','02','05','1','2.0','2022-05-21','2022-05-20','RC-20220521-1','10432761091-RC-20220521-1','10432761091-RC-20220521-1','202209241421460',0,0,'{\"sent\":true,\"code\":\"0\",\"description\":\"El Comprobante RC-20220521-1, ha sido aceptado\",\"notes\":[],\"is_accepted\":true,\"status_code\":0}',0,NULL,NULL,0,0,NULL,'2022-05-21 00:00:12','2022-05-21 00:30:23'),(39,1,'057ae8d9-82b5-433c-92b8-ef509d3f4e87','02','05','1','2.0','2022-05-22','2022-05-21','RC-20220522-1','10432761091-RC-20220522-1','10432761091-RC-20220522-1','202209247052827',0,0,'{\"sent\":true,\"code\":\"0\",\"description\":\"El Comprobante RC-20220522-1, ha sido aceptado\",\"notes\":[],\"is_accepted\":true,\"status_code\":0}',0,NULL,NULL,0,0,NULL,'2022-05-22 00:00:10','2022-05-22 00:30:10'),(42,1,'3ed80309-af8d-4490-a479-a1471400b27d','02','05','1','2.0','2022-05-24','2022-05-23','RC-20220524-1','10432761091-RC-20220524-1','10432761091-RC-20220524-1','202209256268881',0,0,'{\"sent\":true,\"code\":\"0\",\"description\":\"El Comprobante RC-20220524-1, ha sido aceptado\",\"notes\":[],\"is_accepted\":true,\"status_code\":0}',0,NULL,NULL,0,0,NULL,'2022-05-24 00:00:03','2022-05-24 00:30:09'),(43,1,'a0421ab3-fac2-4a87-8ff4-ef7a2c4640d1','02','05','1','2.0','2022-05-25','2022-05-24','RC-20220525-1','10432761091-RC-20220525-1','10432761091-RC-20220525-1','202209263232020',0,0,'{\"sent\":true,\"code\":\"0\",\"description\":\"El Comprobante RC-20220525-1, ha sido aceptado\",\"notes\":[],\"is_accepted\":true,\"status_code\":0}',0,NULL,NULL,0,0,NULL,'2022-05-25 00:00:07','2022-05-25 00:30:12'),(46,1,'a5c47313-67b5-4354-952e-e28971f760b8','02','05','1','2.0','2022-05-26','2022-05-25','RC-20220526-1','10432761091-RC-20220526-1','10432761091-RC-20220526-1','202209269452569',0,0,'{\"sent\":true,\"code\":\"0\",\"description\":\"El Comprobante RC-20220526-1, ha sido aceptado\",\"notes\":[],\"is_accepted\":true,\"status_code\":0}',0,NULL,NULL,0,0,NULL,'2022-05-26 00:00:04','2022-05-26 00:30:08'),(47,1,'ec195731-ead7-409d-86f0-68ca561a0132','02','05','3','2.0','2022-05-30','2022-05-25','RC-20220530-1','10432761091-RC-20220530-1','10432761091-RC-20220530-1','202209300510871',0,0,'{\"sent\":true,\"code\":\"0\",\"description\":\"El Comprobante RC-20220530-1, ha sido aceptado\",\"notes\":[],\"is_accepted\":true,\"status_code\":0}',0,NULL,NULL,0,0,NULL,'2022-05-30 18:04:43','2022-05-30 18:05:05'),(48,1,'31c6a1bc-dbd6-4657-b483-9716f3c18d16','02','05','1','2.0','2022-05-31','2022-05-30','RC-20220531-1','10432761091-RC-20220531-1','10432761091-RC-20220531-1','202209302345553',0,0,'{\"sent\":true,\"code\":\"0\",\"description\":\"El Comprobante RC-20220531-1, ha sido aceptado\",\"notes\":[],\"is_accepted\":true,\"status_code\":0}',0,NULL,NULL,0,0,NULL,'2022-05-31 00:00:04','2022-05-31 00:30:09'),(50,1,'87534247-d877-4e58-95d9-9a1756bbb487','02','05','3','2.0','2022-06-01','2022-05-30','RC-20220601-1','10432761091-RC-20220601-1','10432761091-RC-20220601-1','202209313863687',0,0,'{\"sent\":true,\"code\":\"0\",\"description\":\"El Comprobante RC-20220601-1, ha sido aceptado\",\"notes\":[],\"is_accepted\":true,\"status_code\":0}',0,NULL,NULL,0,0,NULL,'2022-06-01 18:28:35','2022-06-01 18:32:24'),(51,1,'6f857d18-cab2-4606-8382-68d32b2a8da5','02','05','1','2.0','2022-06-02','2022-06-01','RC-20220602-1','10432761091-RC-20220602-1','10432761091-RC-20220602-1','202209315588079',0,0,'{\"sent\":true,\"code\":\"0\",\"description\":\"El Comprobante RC-20220602-1, ha sido aceptado\",\"notes\":[],\"is_accepted\":true,\"status_code\":0}',0,NULL,NULL,0,0,NULL,'2022-06-02 00:00:11','2022-06-02 00:30:15'),(54,1,'9dc6cd5d-078d-4093-bf74-a5b30b448dce','02','05','1','2.0','2022-06-03','2022-06-02','RC-20220603-1','10432761091-RC-20220603-1','10432761091-RC-20220603-1','202209321953368',0,0,'{\"sent\":true,\"code\":\"0\",\"description\":\"El Comprobante RC-20220603-1, ha sido aceptado\",\"notes\":[],\"is_accepted\":true,\"status_code\":0}',0,NULL,NULL,0,0,NULL,'2022-06-03 00:00:03','2022-06-03 00:30:07'),(55,1,'abd7ec4e-92c4-4a8f-93c2-31acf0be9629','02','05','1','2.0','2022-06-05','2022-06-04','RC-20220605-1','10432761091-RC-20220605-1','10432761091-RC-20220605-1','202209334048967',0,0,'{\"sent\":true,\"code\":\"0\",\"description\":\"El Comprobante RC-20220605-1, ha sido aceptado\",\"notes\":[],\"is_accepted\":true,\"status_code\":0}',0,NULL,NULL,0,0,NULL,'2022-06-05 00:00:05','2022-06-05 00:30:07'),(57,1,'567891d7-fa0b-44e3-b62d-1c1e1270bb6e','02','05','3','2.0','2022-06-08','2022-06-02','RC-20220608-1','10432761091-RC-20220608-1','10432761091-RC-20220608-1','202209354243007',0,0,'{\"sent\":true,\"code\":\"0\",\"description\":\"El Comprobante RC-20220608-1, ha sido aceptado\",\"notes\":[],\"is_accepted\":true,\"status_code\":0}',0,NULL,NULL,0,0,NULL,'2022-06-08 17:09:53','2022-06-08 17:10:14'),(59,1,'57d60e04-4f2d-47f3-8d55-84d9a947defd','02','05','1','2.0','2022-06-09','2022-06-08','RC-20220609-1','10432761091-RC-20220609-1','10432761091-RC-20220609-1','202209356447851',0,0,'{\"sent\":true,\"code\":\"0\",\"description\":\"El Resumen de comprobantes numero RC-20220609-1, ha sido aceptado\",\"notes\":[],\"is_accepted\":true,\"status_code\":0}',0,NULL,NULL,0,0,NULL,'2022-06-09 00:00:06','2022-06-10 00:30:08'),(61,1,'39795962-b0a9-480e-9aa8-695d0ad2ab40','02','05','1','2.0','2022-06-10','2022-06-09','RC-20220610-1','10432761091-RC-20220610-1','10432761091-RC-20220610-1','202209362676838',0,0,NULL,0,NULL,NULL,1,1,'{\"message\":\"Code: 0098; Description: El procesamiento del comprobante a\\u00fan no ha terminado\"}','2022-06-10 00:00:06','2022-06-15 02:34:26'),(63,1,'553263bc-b0f9-469a-8568-fd9b38ab0d17','02','05','1','2.0','2022-06-14','2022-06-13','RC-20220614-1','10432761091-RC-20220614-1','10432761091-RC-20220614-1','202209385319220',0,0,'{\"sent\":true,\"code\":\"0\",\"description\":\"El Comprobante RC-20220614-1, ha sido aceptado\",\"notes\":[],\"is_accepted\":true,\"status_code\":0}',0,NULL,NULL,0,0,NULL,'2022-06-14 00:00:03','2022-06-14 00:30:08'),(68,1,'000264ab-a1ce-44e9-afcd-f854eec54f70','02','05','1','2.0','2022-06-15','2022-06-14','RC-20220615-1','10432761091-RC-20220615-1','10432761091-RC-20220615-1','202209393761983',0,0,'{\"sent\":true,\"code\":\"0\",\"description\":\"El Comprobante RC-20220615-1, ha sido aceptado\",\"notes\":[],\"is_accepted\":true,\"status_code\":0}',0,NULL,NULL,0,0,NULL,'2022-06-15 09:44:41','2022-06-15 09:44:48'),(69,1,'cc86554e-f7cb-4e99-bfdd-b24a9b85bf2f','02','05','1','2.0','2022-06-15','2022-04-26','RC-20220615-2','10432761091-RC-20220615-2','10432761091-RC-20220615-2','202209393779820',0,0,'{\"sent\":true,\"code\":\"0\",\"description\":\"El Comprobante RC-20220615-2, ha sido aceptado\",\"notes\":[],\"is_accepted\":true,\"status_code\":0}',0,NULL,NULL,0,0,NULL,'2022-06-15 09:48:12','2022-06-15 09:48:18'),(70,1,'ce35c3aa-63b4-41a0-9ea8-4702ed55547c','02','09','1','2.0','2022-06-15','2022-04-14','RC-20220615-3','10432761091-RC-20220615-3','10432761091-RC-20220615-3','202209393783321',0,0,'{\"sent\":true,\"code\":\"2282\",\"description\":\"Existe documento ya informado anteriormente - Existe documento ya informado anteriormente\\n\\t\\t         Detalle:xxx.xxx.xxx value=\'ticket: 202209393783321 error: Comprobante enviados en un resumen: [[03-B001-5]]\'\",\"notes\":[],\"is_accepted\":false,\"status_code\":99}',0,NULL,NULL,0,0,NULL,'2022-06-15 09:48:52','2022-06-15 09:48:57'),(72,1,'5cab1844-f6bc-4fbf-875b-e67557930d57','02','09','1','2.0','2022-06-16','2022-04-14','RC-20220616-1','10432761091-RC-20220616-1','10432761091-RC-20220616-1','202209398470310',0,0,'{\"sent\":true,\"code\":\"2282\",\"description\":\"Existe documento ya informado anteriormente - Existe documento ya informado anteriormente\\n\\t\\t         Detalle:xxx.xxx.xxx value=\'ticket: 202209398470310 error: Comprobante enviados en un resumen: [[03-B001-5]]\'\",\"notes\":[],\"is_accepted\":false,\"status_code\":99}',0,NULL,NULL,0,0,NULL,'2022-06-16 00:00:03','2022-06-16 00:30:07'),(73,1,'25c5efd0-8d78-4512-a3c9-96c48d20a1d6','02','05','1','2.0','2022-06-16','2022-06-15','RC-20220616-2','10432761091-RC-20220616-2','10432761091-RC-20220616-2','202209398470781',0,0,'{\"sent\":true,\"code\":\"0\",\"description\":\"El Comprobante RC-20220616-2, ha sido aceptado\",\"notes\":[],\"is_accepted\":true,\"status_code\":0}',0,NULL,NULL,0,0,NULL,'2022-06-16 00:00:07','2022-06-16 00:30:08'),(75,1,'2ac6da73-6a34-4115-93b3-a50208fc036b','02','09','1','2.0','2022-06-16','2022-04-14','RC-20220616-3','10432761091-RC-20220616-3','10432761091-RC-20220616-3','202209404192140',0,0,'{\"sent\":true,\"code\":\"2282\",\"description\":\"Existe documento ya informado anteriormente - Existe documento ya informado anteriormente\\n\\t\\t         Detalle:xxx.xxx.xxx value=\'ticket: 202209404192140 error: Comprobante enviados en un resumen: [[03-B001-5]]\'\",\"notes\":[],\"is_accepted\":false,\"status_code\":99}',0,NULL,NULL,0,0,NULL,'2022-06-16 21:30:48','2022-06-16 21:30:55'),(76,1,'75d7892c-60a7-41bd-aea6-03e489857f8e','02','09','1','2.0','2022-06-16','2022-04-14','RC-20220616-4','10432761091-RC-20220616-4','10432761091-RC-20220616-4','202209404196967',0,0,'{\"sent\":true,\"code\":\"2282\",\"description\":\"Existe documento ya informado anteriormente - Existe documento ya informado anteriormente\\n\\t\\t         Detalle:xxx.xxx.xxx value=\'ticket: 202209404196967 error: Comprobante enviados en un resumen: [[03-B001-5]]\'\",\"notes\":[],\"is_accepted\":false,\"status_code\":99}',0,NULL,NULL,0,0,NULL,'2022-06-16 21:31:49','2022-06-16 21:31:55'),(80,1,'7b61cae3-9468-45e2-983a-7dd83cac3a46','02','09','1','2.0','2022-06-20','2022-06-18','RC-20220620-1','10432761091-RC-20220620-1','10432761091-RC-20220620-1','202209422157973',0,0,'{\"sent\":true,\"code\":\"2282\",\"description\":\"Existe documento ya informado anteriormente - Existe documento ya informado anteriormente\\n\\t\\t         Detalle:xxx.xxx.xxx value=\'ticket: 202209422157973 error: Comprobante enviados en un resumen: [[03-B001-68], [03-B001-69], [03-B001-70]]\'\",\"notes\":[],\"is_accepted\":false,\"status_code\":99}',0,NULL,NULL,0,0,NULL,'2022-06-20 00:00:05','2022-06-20 00:30:08'),(82,1,'0f1f4e14-b865-4640-b86e-63513529b32b','02','09','1','2.0','2022-06-21','2022-06-18','RC-20220621-1','10432761091-RC-20220621-1','10432761091-RC-20220621-1','202209428494797',0,0,'{\"sent\":true,\"code\":\"2282\",\"description\":\"Existe documento ya informado anteriormente - Existe documento ya informado anteriormente\\n\\t\\t         Detalle:xxx.xxx.xxx value=\'ticket: 202209428494797 error: Comprobante enviados en un resumen: [[03-B001-68], [03-B001-69], [03-B001-70]]\'\",\"notes\":[],\"is_accepted\":false,\"status_code\":99}',0,NULL,NULL,0,0,NULL,'2022-06-21 00:00:03','2022-06-21 00:30:03'),(83,1,'6d7f55b3-bc7e-4928-9136-b78ee3a0e250','02','05','1','2.0','2022-06-21','2022-06-20','RC-20220621-2','10432761091-RC-20220621-2','10432761091-RC-20220621-2','202209428495071',0,0,'{\"sent\":true,\"code\":\"0\",\"description\":\"El Comprobante RC-20220621-2, ha sido aceptado\",\"notes\":[],\"is_accepted\":true,\"status_code\":0}',0,NULL,NULL,0,0,NULL,'2022-06-21 00:00:10','2022-06-21 00:30:05'),(86,1,'54a97154-7061-4e48-ab07-16f5541f05a5','02','09','1','2.0','2022-06-22','2022-06-18','RC-20220622-1','10432761091-RC-20220622-1','10432761091-RC-20220622-1','202209434822992',0,0,'{\"sent\":true,\"code\":\"2282\",\"description\":\"Existe documento ya informado anteriormente - Existe documento ya informado anteriormente\\n\\t\\t         Detalle:xxx.xxx.xxx value=\'ticket: 202209434822992 error: Comprobante enviados en un resumen: [[03-B001-68], [03-B001-69], [03-B001-70]]\'\",\"notes\":[],\"is_accepted\":false,\"status_code\":99}',0,NULL,NULL,0,0,NULL,'2022-06-22 00:00:04','2022-06-22 00:30:06'),(87,1,'50f31c45-7a3e-45fb-9250-4c5472a0a1b3','02','09','1','2.0','2022-06-22','2022-06-18','RC-20220622-2','10432761091-RC-20220622-2','10432761091-RC-20220622-2','202209435885672',0,0,'{\"sent\":true,\"code\":\"2282\",\"description\":\"Existe documento ya informado anteriormente - Existe documento ya informado anteriormente\\n\\t\\t         Detalle:xxx.xxx.xxx value=\'ticket: 202209435885672 error: Comprobante enviados en un resumen: [[03-B001-68], [03-B001-69], [03-B001-70]]\'\",\"notes\":[],\"is_accepted\":false,\"status_code\":99}',0,NULL,NULL,0,0,NULL,'2022-06-22 07:17:53','2022-06-22 07:18:03'),(88,1,'1bdb1b18-39ba-4eba-b27a-cdee074cc038','02','05','1','2.0','2022-06-26','2022-06-25','RC-20220626-1','10432761091-RC-20220626-1','10432761091-RC-20220626-1','202209460078381',0,0,'{\"sent\":true,\"code\":\"0\",\"description\":\"El Resumen de comprobantes numero RC-20220626-1, ha sido aceptado\",\"notes\":[],\"is_accepted\":true,\"status_code\":0}',0,NULL,NULL,0,0,NULL,'2022-06-26 00:00:08','2022-06-27 00:30:05'),(91,1,'37de3121-0a9a-4848-a5cd-ec8692c8b294','02','05','1','2.0','2022-06-29','2022-06-28','RC-20220629-1','10432761091-RC-20220629-1','10432761091-RC-20220629-1','202209476994994',0,0,'{\"sent\":true,\"code\":\"0\",\"description\":\"El Comprobante RC-20220629-1, ha sido aceptado\",\"notes\":[],\"is_accepted\":true,\"status_code\":0}',0,NULL,NULL,0,0,NULL,'2022-06-29 00:00:07','2022-06-29 00:30:04'),(93,1,'e49871fe-f917-4d5f-b85b-be3fed121ac4','02','05','1','2.0','2022-07-01','2022-06-30','RC-20220701-1','10432761091-RC-20220701-1','10432761091-RC-20220701-1','202209488415687',0,0,'{\"sent\":true,\"code\":\"0\",\"description\":\"El Comprobante RC-20220701-1, ha sido aceptado\",\"notes\":[],\"is_accepted\":true,\"status_code\":0}',0,NULL,NULL,0,0,NULL,'2022-07-01 00:00:06','2022-07-01 00:30:03'),(94,1,'916aa7cf-301a-4eb8-81da-b6eab2b8e9a6','02','05','1','2.0','2022-07-02','2022-07-01','RC-20220702-1','10432761091-RC-20220702-1','10432761091-RC-20220702-1','202209494430429',0,0,'{\"sent\":true,\"code\":\"0\",\"description\":\"El Comprobante RC-20220702-1, ha sido aceptado\",\"notes\":[],\"is_accepted\":true,\"status_code\":0}',0,NULL,NULL,0,0,NULL,'2022-07-02 00:00:05','2022-07-03 00:30:04'),(97,1,'486f9689-bfc7-4381-8722-4dd11dd5ce7f','02','05','1','2.0','2022-07-05','2022-07-04','RC-20220705-1','10432761091-RC-20220705-1','10432761091-RC-20220705-1','202209512483917',0,0,'{\"sent\":true,\"code\":\"0\",\"description\":\"El Comprobante RC-20220705-1, ha sido aceptado\",\"notes\":[\"4208 - El dato ingresado como numero de documento de identidad del receptor no cumple con el formato establecido - Error en la linea: 1. : 4208 (nodo: \\\"cac:AccountingCustomerParty\\/cbc:CustomerAssignedAccountID\\\" valor: \\\"9999999948643545\\\")\"],\"is_accepted\":true,\"status_code\":0}',0,NULL,NULL,0,0,NULL,'2022-07-05 00:00:06','2022-07-05 00:30:03'),(99,1,'5e85c67d-0339-4e67-bfe4-45d762c504fb','02','05','1','2.0','2022-07-09','2022-07-08','RC-20220709-1','10432761091-RC-20220709-1','10432761091-RC-20220709-1','202209543758292',0,0,'{\"sent\":true,\"code\":\"0\",\"description\":\"El Comprobante RC-20220709-1, ha sido aceptado\",\"notes\":[],\"is_accepted\":true,\"status_code\":0}',0,NULL,NULL,0,0,NULL,'2022-07-09 00:00:03','2022-07-09 00:30:03'),(100,1,'cee18556-88cf-4830-bdec-556f222c07b6','02','05','1','2.0','2022-07-10','2022-07-09','RC-20220710-1','10432761091-RC-20220710-1','10432761091-RC-20220710-1','202209552824143',0,0,'{\"sent\":true,\"code\":\"0\",\"description\":\"El Comprobante RC-20220710-1, ha sido aceptado\",\"notes\":[],\"is_accepted\":true,\"status_code\":0}',0,NULL,NULL,0,0,NULL,'2022-07-10 00:00:16','2022-07-10 00:30:06'),(125,1,'53c52cec-f1da-4f38-b614-cc3e0e1dc960','02','05','1','2.0','2022-07-11','2022-06-09','RC-20220711-1','10432761091-RC-20220711-1','10432761091-RC-20220711-1','202209564752557',0,0,'{\"sent\":true,\"code\":\"0\",\"description\":\"El Comprobante RC-20220711-1, ha sido aceptado\",\"notes\":[],\"is_accepted\":true,\"status_code\":0}',0,NULL,NULL,0,0,NULL,'2022-07-11 14:08:58','2022-07-11 14:09:04'),(135,1,'fc1fc2f9-902d-4a15-9ab4-b21519082450','02','05','1','2.0','2022-07-12','2022-07-11','RC-20220712-1','10432761091-RC-20220712-1','10432761091-RC-20220712-1','202209568497566',0,0,'{\"sent\":true,\"code\":\"0\",\"description\":\"El Comprobante RC-20220712-1, ha sido aceptado\",\"notes\":[],\"is_accepted\":true,\"status_code\":0}',0,NULL,NULL,0,0,NULL,'2022-07-12 00:00:03','2022-07-12 00:30:07'),(138,1,'433e94f6-3ecc-40e2-8f6d-1f8f9573582a','02','05','1','2.0','2022-07-13','2022-07-12','RC-20220713-1','10432761091-RC-20220713-1','10432761091-RC-20220713-1','202209576895628',0,0,'{\"sent\":true,\"code\":\"0\",\"description\":\"El Comprobante RC-20220713-1, ha sido aceptado\",\"notes\":[],\"is_accepted\":true,\"status_code\":0}',0,NULL,NULL,0,0,NULL,'2022-07-13 00:04:58','2022-07-13 00:05:03'),(141,1,'2ec09bb1-0509-48eb-b9cd-6b3afb56827c','02','05','1','2.0','2022-07-15','2022-07-14','RC-20220715-1','10432761091-RC-20220715-1','10432761091-RC-20220715-1','202209592491413',0,0,'{\"sent\":true,\"code\":\"0\",\"description\":\"El Comprobante RC-20220715-1, ha sido aceptado\",\"notes\":[],\"is_accepted\":true,\"status_code\":0}',0,NULL,NULL,0,0,NULL,'2022-07-15 00:00:05','2022-07-15 00:30:05'),(143,1,'dbb614d2-5f5a-4da0-a1a1-a5391b65a664','02','05','1','2.0','2022-07-22','2022-07-21','RC-20220722-1','10432761091-RC-20220722-1','10432761091-RC-20220722-1','202209639702756',0,0,'{\"sent\":true,\"code\":\"0\",\"description\":\"El Comprobante RC-20220722-1, ha sido aceptado\",\"notes\":[],\"is_accepted\":true,\"status_code\":0}',0,NULL,NULL,0,0,NULL,'2022-07-22 00:00:04','2022-07-22 00:30:05'),(145,1,'dd4fbf4d-6988-474e-a353-2f64a21ea1ee','02','05','1','2.0','2022-07-23','2022-07-22','RC-20220723-1','10432761091-RC-20220723-1','10432761091-RC-20220723-1','202209646208225',0,0,'{\"sent\":true,\"code\":\"0\",\"description\":\"El Comprobante RC-20220723-1, ha sido aceptado\",\"notes\":[],\"is_accepted\":true,\"status_code\":0}',0,NULL,NULL,0,0,NULL,'2022-07-23 00:00:20','2022-07-23 00:30:09'),(147,1,'6f1f97de-7ed9-47bf-afc4-42679475ace3','02','05','1','2.0','2022-07-24','2022-07-23','RC-20220724-1','10432761091-RC-20220724-1','10432761091-RC-20220724-1','202209652903182',0,0,'{\"sent\":true,\"code\":\"0\",\"description\":\"El Comprobante RC-20220724-1, ha sido aceptado\",\"notes\":[],\"is_accepted\":true,\"status_code\":0}',0,NULL,NULL,0,0,NULL,'2022-07-24 00:00:11','2022-07-24 00:30:05'),(149,1,'06ac2a45-6853-4d36-89fd-3d277dd2f24e','02','05','1','2.0','2022-07-24','2022-07-13','RC-20220724-2','10432761091-RC-20220724-2','10432761091-RC-20220724-2','202209658728903',0,0,'{\"sent\":true,\"code\":\"0\",\"description\":\"El Comprobante RC-20220724-2, ha sido aceptado\",\"notes\":[],\"is_accepted\":true,\"status_code\":0}',0,NULL,NULL,0,0,NULL,'2022-07-24 22:03:50','2022-07-24 22:03:54'),(151,1,'848b1846-c990-4297-9085-5e8332cbb16a','02','05','1','2.0','2022-07-26','2022-07-25','RC-20220726-1','10432761091-RC-20220726-1','10432761091-RC-20220726-1','202209666788326',0,0,'{\"sent\":true,\"code\":\"0\",\"description\":\"El Comprobante RC-20220726-1, ha sido aceptado\",\"notes\":[],\"is_accepted\":true,\"status_code\":0}',0,NULL,NULL,0,0,NULL,'2022-07-26 00:00:05','2022-07-26 00:30:04'),(153,1,'001d4b26-e085-47db-8690-5e3a69b8cf0f','02','05','1','2.0','2022-07-27','2022-07-26','RC-20220727-1','10432761091-RC-20220727-1','10432761091-RC-20220727-1','202209674501410',0,0,'{\"sent\":true,\"code\":\"0\",\"description\":\"El Comprobante RC-20220727-1, ha sido aceptado\",\"notes\":[],\"is_accepted\":true,\"status_code\":0}',0,NULL,NULL,0,0,NULL,'2022-07-27 00:00:03','2022-07-27 00:30:06'),(156,1,'76342476-b856-49b4-bc86-f253aa535004','02','05','1','2.0','2022-08-02','2022-08-01','RC-20220802-1','10432761091-RC-20220802-1','10432761091-RC-20220802-1','202209719576638',0,0,'{\"sent\":true,\"code\":\"0\",\"description\":\"El Comprobante RC-20220802-1, ha sido aceptado\",\"notes\":[],\"is_accepted\":true,\"status_code\":0}',0,NULL,NULL,0,0,NULL,'2022-08-02 15:34:03','2022-08-02 15:34:08'),(159,1,'e90b23c8-8eb0-4516-9388-d1208157a054','02','05','1','2.0','2022-08-04','2022-08-03','RC-20220804-1','10432761091-RC-20220804-1','10432761091-RC-20220804-1','202209729504994',0,0,'{\"sent\":true,\"code\":\"0\",\"description\":\"El Comprobante RC-20220804-1, ha sido aceptado\",\"notes\":[],\"is_accepted\":true,\"status_code\":0}',0,NULL,NULL,0,0,NULL,'2022-08-04 00:00:42','2022-08-04 00:30:05'),(161,1,'110300ee-da11-4569-b8dc-12d7471760d0','02','05','1','2.0','2022-08-10','2022-08-09','RC-20220810-1','10432761091-RC-20220810-1','10432761091-RC-20220810-1','202209767939455',0,0,'{\"sent\":true,\"code\":\"0\",\"description\":\"El Resumen de comprobantes numero RC-20220810-1, ha sido aceptado\",\"notes\":[],\"is_accepted\":true,\"status_code\":0}',0,NULL,NULL,0,0,NULL,'2022-08-10 00:00:04','2022-08-10 00:30:03'),(163,1,'ef98357b-292f-4cc2-9e08-e2477cdd8bf6','02','05','1','2.0','2022-08-11','2022-08-10','RC-20220811-1','10432761091-RC-20220811-1','10432761091-RC-20220811-1','202209774466539',0,0,'{\"sent\":true,\"code\":\"0\",\"description\":\"El Comprobante RC-20220811-1, ha sido aceptado\",\"notes\":[],\"is_accepted\":true,\"status_code\":0}',0,NULL,NULL,0,0,NULL,'2022-08-11 00:00:06','2022-08-11 00:30:03'),(164,1,'ffd48daf-ba64-402e-ba44-8adf71156c66','02','05','1','2.0','2022-08-12','2022-08-11','RC-20220812-1','10432761091-RC-20220812-1','10432761091-RC-20220812-1','202209780983529',0,0,'{\"sent\":true,\"code\":\"0\",\"description\":\"El Comprobante RC-20220812-1, ha sido aceptado\",\"notes\":[],\"is_accepted\":true,\"status_code\":0}',0,NULL,NULL,0,0,NULL,'2022-08-12 00:00:04','2022-08-12 00:30:03'),(167,1,'3d5949d4-73df-4c29-b20e-2fdba5b3c1d6','02','05','1','2.0','2022-08-26','2022-08-25','RC-20220826-1','10432761091-RC-20220826-1','10432761091-RC-20220826-1','202209870569622',0,0,'{\"sent\":true,\"code\":\"0\",\"description\":\"El Comprobante RC-20220826-1, ha sido aceptado\",\"notes\":[],\"is_accepted\":true,\"status_code\":0}',0,NULL,NULL,0,0,NULL,'2022-08-26 00:00:08','2022-08-26 00:30:04'),(168,1,'b90b9ab1-a001-46cc-a114-19d66984d1ec','02','05','1','2.0','2022-08-27','2022-08-26','RC-20220827-1','10432761091-RC-20220827-1','10432761091-RC-20220827-1','202209877686767',0,0,'{\"sent\":true,\"code\":\"0\",\"description\":\"El Comprobante RC-20220827-1, ha sido aceptado\",\"notes\":[],\"is_accepted\":true,\"status_code\":0}',0,NULL,NULL,0,0,NULL,'2022-08-27 00:00:04','2022-08-27 00:30:05'),(170,1,'f0127109-a460-4504-b9be-5579ff0b878a','02','05','1','2.0','2022-08-31','2022-08-30','RC-20220831-1','10432761091-RC-20220831-1','10432761091-RC-20220831-1','202209904693154',0,0,'{\"sent\":true,\"code\":\"0\",\"description\":\"El Comprobante RC-20220831-1, ha sido aceptado\",\"notes\":[\"4208 - El dato ingresado como numero de documento de identidad del receptor no cumple con el formato establecido - Error en la linea: 2. : 4208 (nodo: \\\"cac:AccountingCustomerParty\\/cbc:CustomerAssignedAccountID\\\" valor: \\\"99999999324231345\\\")\"],\"is_accepted\":true,\"status_code\":0}',0,NULL,NULL,0,0,NULL,'2022-08-31 00:00:11','2022-08-31 00:30:07'),(172,1,'76af18cc-dc55-48ce-b607-765d06b1797d','02','05','1','2.0','2022-09-01','2022-08-31','RC-20220901-1','10432761091-RC-20220901-1','10432761091-RC-20220901-1','202209912025109',0,0,'{\"sent\":true,\"code\":\"0\",\"description\":\"El Comprobante RC-20220901-1, ha sido aceptado\",\"notes\":[],\"is_accepted\":true,\"status_code\":0}',0,NULL,NULL,0,0,NULL,'2022-09-01 00:00:05','2022-09-01 00:30:05'),(174,1,'38b9dc2a-4987-4375-9727-f5c9a7c97e75','02','05','1','2.0','2022-09-02','2022-09-01','RC-20220902-1','10432761091-RC-20220902-1','10432761091-RC-20220902-1','202209919527243',0,0,'{\"sent\":true,\"code\":\"0\",\"description\":\"El Comprobante RC-20220902-1, ha sido aceptado\",\"notes\":[],\"is_accepted\":true,\"status_code\":0}',0,NULL,NULL,0,0,NULL,'2022-09-02 00:00:04','2022-09-02 00:30:06'),(177,1,'49454122-5f49-45a1-ae66-78c9471182f3','02','05','1','2.0','2022-09-07','2022-09-06','RC-20220907-1','10432761091-RC-20220907-1','10432761091-RC-20220907-1','202209952218180',0,0,'{\"sent\":true,\"code\":\"0\",\"description\":\"El Comprobante RC-20220907-1, ha sido aceptado\",\"notes\":[],\"is_accepted\":true,\"status_code\":0}',0,NULL,NULL,0,0,NULL,'2022-09-07 00:00:04','2022-09-07 00:30:04'),(178,1,'10718749-bf26-445b-94d1-ae1d43f54a9d','02','05','1','2.0','2022-09-11','2022-09-10','RC-20220911-1','10432761091-RC-20220911-1','10432761091-RC-20220911-1','202209976744546',0,0,'{\"sent\":true,\"code\":\"0\",\"description\":\"El Comprobante RC-20220911-1, ha sido aceptado\",\"notes\":[],\"is_accepted\":true,\"status_code\":0}',0,NULL,NULL,0,0,NULL,'2022-09-11 00:00:04','2022-09-11 00:30:03'),(180,1,'14e7e0ad-e7b6-4cd4-a6a1-e7abc34e30b9','02','05','1','2.0','2022-09-13','2022-09-12','RC-20220913-1','10432761091-RC-20220913-1','10432761091-RC-20220913-1','202209988246294',0,0,'{\"sent\":true,\"code\":\"0\",\"description\":\"El Comprobante RC-20220913-1, ha sido aceptado\",\"notes\":[],\"is_accepted\":true,\"status_code\":0}',0,NULL,NULL,0,0,NULL,'2022-09-13 00:00:04','2022-09-13 00:30:05'),(183,1,'56fd39e0-edee-4cd9-b3a3-175347102960','02','05','1','2.0','2022-09-21','2022-09-20','RC-20220921-1','10432761091-RC-20220921-1','10432761091-RC-20220921-1','202210038924789',0,0,'{\"sent\":true,\"code\":\"0\",\"description\":\"El Comprobante RC-20220921-1, ha sido aceptado\",\"notes\":[],\"is_accepted\":true,\"status_code\":0}',0,NULL,NULL,0,0,NULL,'2022-09-21 00:00:14','2022-09-21 00:30:07'),(185,1,'5c488a95-1a46-4f72-9db0-474b4c55702b','02','05','1','2.0','2022-09-23','2022-09-22','RC-20220923-1','10432761091-RC-20220923-1','10432761091-RC-20220923-1','202210051739619',0,0,'{\"sent\":true,\"code\":\"0\",\"description\":\"El Comprobante RC-20220923-1, ha sido aceptado\",\"notes\":[],\"is_accepted\":true,\"status_code\":0}',0,NULL,NULL,0,0,NULL,'2022-09-23 00:00:04','2022-09-23 00:30:05'),(186,1,'d87ae53a-d295-4f89-bf90-38602f006e47','02','05','1','2.0','2022-09-24','2022-09-23','RC-20220924-1','10432761091-RC-20220924-1','10432761091-RC-20220924-1','202210058337305',0,0,'{\"sent\":true,\"code\":\"0\",\"description\":\"El Comprobante RC-20220924-1, ha sido aceptado\",\"notes\":[],\"is_accepted\":true,\"status_code\":0}',0,NULL,NULL,0,0,NULL,'2022-09-24 00:00:09','2022-09-24 00:30:07'),(188,1,'d14662a2-aa9c-4ae8-b52a-9a12db33eef1','02','05','1','2.0','2022-09-27','2022-09-26','RC-20220927-1','10432761091-RC-20220927-1','10432761091-RC-20220927-1','202210074853296',0,0,'{\"sent\":true,\"code\":\"0\",\"description\":\"El Comprobante RC-20220927-1, ha sido aceptado\",\"notes\":[],\"is_accepted\":true,\"status_code\":0}',0,NULL,NULL,0,0,NULL,'2022-09-27 00:00:09','2022-09-27 00:30:03'),(190,1,'50d98c1b-6a11-4c38-a3cd-9bce3545944d','02','05','1','2.0','2022-10-01','2022-09-30','RC-20221001-1','10432761091-RC-20221001-1','10432761091-RC-20221001-1','202210101535134',0,0,'{\"sent\":true,\"code\":\"0\",\"description\":\"El Comprobante RC-20221001-1, ha sido aceptado\",\"notes\":[],\"is_accepted\":true,\"status_code\":0}',0,NULL,NULL,0,0,NULL,'2022-10-01 00:00:06','2022-10-01 00:30:05'),(191,1,'5320b520-2f13-45ab-a553-9f5d1e023712','02','05','1','2.0','2022-10-07','2022-10-06','RC-20221007-1','10432761091-RC-20221007-1','10432761091-RC-20221007-1','202210139689947',0,0,'{\"sent\":true,\"code\":\"0\",\"description\":\"El Comprobante RC-20221007-1, ha sido aceptado\",\"notes\":[],\"is_accepted\":true,\"status_code\":0}',0,NULL,NULL,0,0,NULL,'2022-10-07 00:00:03','2022-10-07 00:30:04'),(194,1,'7e53dbd5-525e-41db-81c4-2b8627446750','02','05','1','2.0','2022-10-11','2022-10-10','RC-20221011-1','10432761091-RC-20221011-1','10432761091-RC-20221011-1','202210162075306',0,0,'{\"sent\":true,\"code\":\"0\",\"description\":\"El Comprobante RC-20221011-1, ha sido aceptado\",\"notes\":[],\"is_accepted\":true,\"status_code\":0}',0,NULL,NULL,0,0,NULL,'2022-10-11 00:00:06','2022-10-11 00:30:04'),(196,1,'cb785625-a5be-416c-863a-9f0034527acd','02','05','1','2.0','2022-10-12','2022-10-11','RC-20221012-1','10432761091-RC-20221012-1','10432761091-RC-20221012-1','202210167458304',0,0,'{\"sent\":true,\"code\":\"0\",\"description\":\"El Comprobante RC-20221012-1, ha sido aceptado\",\"notes\":[],\"is_accepted\":true,\"status_code\":0}',0,NULL,NULL,0,0,NULL,'2022-10-12 00:00:11','2022-10-12 00:30:05'),(197,1,'e148e020-8d86-4de0-94a3-8777df7a2c10','02','05','1','2.0','2022-10-29','2022-10-15','RC-20221029-1','10432761091-RC-20221029-1','10432761091-RC-20221029-1','202210274025366',0,0,'{\"sent\":true,\"code\":\"0\",\"description\":\"El Comprobante RC-20221029-1, ha sido aceptado\",\"notes\":[],\"is_accepted\":true,\"status_code\":0}',0,NULL,NULL,0,0,NULL,'2022-10-29 01:08:08','2022-10-29 01:09:16'),(198,1,'20227825-0c96-4a81-ab57-d104cf94b914','02','05','1','2.0','2022-10-29','2022-10-17','RC-20221029-2','10432761091-RC-20221029-2','10432761091-RC-20221029-2','202210274025990',0,0,'{\"sent\":true,\"code\":\"0\",\"description\":\"El Comprobante RC-20221029-2, ha sido aceptado\",\"notes\":[],\"is_accepted\":true,\"status_code\":0}',0,NULL,NULL,0,0,NULL,'2022-10-29 01:08:16','2022-10-29 01:09:16'),(199,1,'213c45cc-4998-4c3f-ae50-23d613e59f84','02','05','1','2.0','2022-10-29','2022-10-18','RC-20221029-3','10432761091-RC-20221029-3','10432761091-RC-20221029-3','202210274026589',0,0,'{\"sent\":true,\"code\":\"0\",\"description\":\"El Comprobante RC-20221029-3, ha sido aceptado\",\"notes\":[],\"is_accepted\":true,\"status_code\":0}',0,NULL,NULL,0,0,NULL,'2022-10-29 01:08:24','2022-10-29 01:09:24'),(200,1,'dd131653-ab4b-477a-93a6-c9524680a175','02','05','1','2.0','2022-10-29','2022-10-21','RC-20221029-4','10432761091-RC-20221029-4','10432761091-RC-20221029-4','202210274027215',0,0,'{\"sent\":true,\"code\":\"0\",\"description\":\"El Comprobante RC-20221029-4, ha sido aceptado\",\"notes\":[],\"is_accepted\":true,\"status_code\":0}',0,NULL,NULL,0,0,NULL,'2022-10-29 01:08:33','2022-10-29 01:09:18'),(201,1,'ccf19375-76a7-4e68-aea5-14d9f1fdd15b','02','05','1','2.0','2022-10-29','2022-10-25','RC-20221029-5','10432761091-RC-20221029-5','10432761091-RC-20221029-5','202210274028294',0,0,'{\"sent\":true,\"code\":\"0\",\"description\":\"El Comprobante RC-20221029-5, ha sido aceptado\",\"notes\":[],\"is_accepted\":true,\"status_code\":0}',0,NULL,NULL,0,0,NULL,'2022-10-29 01:08:50','2022-10-29 01:09:19'),(202,1,'10903e3d-3912-4c91-aeaa-898d3cb50d3a','02','05','1','2.0','2022-10-29','2022-10-26','RC-20221029-6','10432761091-RC-20221029-6','10432761091-RC-20221029-6','202210274028734',0,0,'{\"sent\":true,\"code\":\"0\",\"description\":\"El Comprobante RC-20221029-6, ha sido aceptado\",\"notes\":[],\"is_accepted\":true,\"status_code\":0}',0,NULL,NULL,0,0,NULL,'2022-10-29 01:08:58','2022-10-29 01:09:22'),(203,1,'e372d8c4-242b-4aee-9020-7ed05cbe2315','02','05','1','2.0','2022-10-29','2022-10-27','RC-20221029-7','10432761091-RC-20221029-7','10432761091-RC-20221029-7','202210274029403',0,0,'{\"sent\":true,\"code\":\"0\",\"description\":\"El Comprobante RC-20221029-7, ha sido aceptado\",\"notes\":[],\"is_accepted\":true,\"status_code\":0}',0,NULL,NULL,0,0,NULL,'2022-10-29 01:09:10','2022-10-29 01:09:22'),(204,1,'f5a185b6-994f-4b36-8965-6c2931fb841e','02','05','1','2.0','2022-10-31','2022-10-29','RC-20221031-1','10432761091-RC-20221031-1','10432761091-RC-20221031-1','202210290771887',0,0,'{\"sent\":true,\"code\":\"0\",\"description\":\"El Comprobante RC-20221031-1, ha sido aceptado\",\"notes\":[],\"is_accepted\":true,\"status_code\":0}',0,NULL,NULL,0,0,NULL,'2022-10-31 17:40:50','2022-10-31 17:40:55'),(205,1,'6c2905c5-1f2c-477d-a1c0-9fd05feb29cd','02','05','1','2.0','2022-11-03','2022-11-02','RC-20221103-1','10432761091-RC-20221103-1','10432761091-RC-20221103-1','202210306461367',0,0,'{\"sent\":true,\"code\":\"0\",\"description\":\"El Comprobante RC-20221103-1, ha sido aceptado\",\"notes\":[],\"is_accepted\":true,\"status_code\":0}',0,NULL,NULL,0,0,NULL,'2022-11-03 11:33:46','2022-11-03 11:33:51'),(206,1,'d13a6624-eb07-4e23-8792-9454fad26a63','02','05','1','2.0','2022-11-09','2022-11-03','RC-20221109-1','10432761091-RC-20221109-1','10432761091-RC-20221109-1','202210345217176',0,0,'{\"sent\":true,\"code\":\"0\",\"description\":\"El Comprobante RC-20221109-1, ha sido aceptado\",\"notes\":[],\"is_accepted\":true,\"status_code\":0}',0,NULL,NULL,0,0,NULL,'2022-11-09 18:57:12','2022-11-09 18:57:40'),(207,1,'c36685e8-d487-4460-8f9e-89469f7d23ad','02','05','1','2.0','2022-11-09','2022-11-04','RC-20221109-2','10432761091-RC-20221109-2','10432761091-RC-20221109-2','202210345218184',0,0,'{\"sent\":true,\"code\":\"0\",\"description\":\"El Comprobante RC-20221109-2, ha sido aceptado\",\"notes\":[],\"is_accepted\":true,\"status_code\":0}',0,NULL,NULL,0,0,NULL,'2022-11-09 18:57:20','2022-11-09 18:57:33'),(208,1,'9ac6b1c2-ff7d-4dee-b33f-fdef0ed01b54','02','05','1','2.0','2022-11-09','2022-11-09','RC-20221109-3','10432761091-RC-20221109-3','10432761091-RC-20221109-3','202210345219156',0,0,NULL,0,NULL,NULL,1,1,'{\"message\":\"Code: env:Server; Description: Internal Error (from server)\"}','2022-11-09 18:57:28','2022-11-09 18:57:49'),(209,1,'d005bd0a-2a9e-40aa-b593-f09a894e7bb1','02','05','1','2.0','2022-11-11','2022-11-11','RC-20221111-1','10432761091-RC-20221111-1','10432761091-RC-20221111-1','202210355561294',0,0,'{\"sent\":true,\"code\":\"0\",\"description\":\"El Comprobante RC-20221111-1, ha sido aceptado\",\"notes\":[],\"is_accepted\":true,\"status_code\":0}',0,NULL,NULL,0,0,NULL,'2022-11-11 09:48:21','2022-11-11 09:48:28'),(210,1,'6aa2c178-9a6f-42f3-aacf-3257de8da3e8','02','05','3','2.0','2022-11-11','2022-11-11','RC-20221111-2','10432761091-RC-20221111-2','10432761091-RC-20221111-2','202210355564321',0,0,'{\"sent\":true,\"code\":\"0\",\"description\":\"El Comprobante RC-20221111-2, ha sido aceptado\",\"notes\":[],\"is_accepted\":true,\"status_code\":0}',0,NULL,NULL,0,0,NULL,'2022-11-11 09:48:59','2022-11-11 09:49:16'),(211,1,'c38ab8ad-47a4-4572-9c6e-458de26b9b33','02','05','1','2.0','2022-11-12','2022-11-11','RC-20221112-1','10432761091-RC-20221112-1','10432761091-RC-20221112-1','202210360360137',0,0,'{\"sent\":true,\"code\":\"0\",\"description\":\"El Comprobante RC-20221112-1, ha sido aceptado\",\"notes\":[],\"is_accepted\":true,\"status_code\":0}',0,NULL,NULL,0,0,NULL,'2022-11-12 00:00:04','2022-11-12 00:30:05'),(213,1,'a88a6146-472e-4f8c-b71b-e48739ef5c1f','02','05','1','2.0','2022-11-14','2022-11-14','RC-20221114-1','10432761091-RC-20221114-1','10432761091-RC-20221114-1','202210375469277',0,0,'{\"sent\":true,\"code\":\"0\",\"description\":\"El Comprobante RC-20221114-1, ha sido aceptado\",\"notes\":[],\"is_accepted\":true,\"status_code\":0}',0,NULL,NULL,0,0,NULL,'2022-11-14 13:36:18','2022-11-14 13:36:23'),(214,1,'2becedb4-1187-4a04-8822-5bbdc59083e8','02','05','1','2.0','2022-11-14','2022-11-14','RC-20221114-2','10432761091-RC-20221114-2','10432761091-RC-20221114-2','202210376997818',0,0,'{\"sent\":true,\"code\":\"0\",\"description\":\"El Comprobante RC-20221114-2, ha sido aceptado\",\"notes\":[],\"is_accepted\":true,\"status_code\":0}',0,NULL,NULL,0,0,NULL,'2022-11-14 17:48:57','2022-11-14 17:49:08'),(215,1,'c2be3cd0-7afe-4e8f-ab8d-39db9554d01c','02','05','1','2.0','2022-11-16','2022-11-15','RC-20221116-1','10432761091-RC-20221116-1','10432761091-RC-20221116-1','202210385794682',0,0,'{\"sent\":true,\"code\":\"0\",\"description\":\"El Comprobante RC-20221116-1, ha sido aceptado\",\"notes\":[],\"is_accepted\":true,\"status_code\":0}',0,NULL,NULL,0,0,NULL,'2022-11-16 00:00:05','2022-11-16 00:30:05'),(217,1,'052402f2-fbb0-4802-95bf-eeb8bc1a472d','02','05','1','2.0','2022-11-18','2022-11-17','RC-20221118-1','10432761091-RC-20221118-1','10432761091-RC-20221118-1','202210400127086',0,0,'{\"sent\":true,\"code\":\"0\",\"description\":\"El Comprobante RC-20221118-1, ha sido aceptado\",\"notes\":[],\"is_accepted\":true,\"status_code\":0}',0,NULL,NULL,0,0,NULL,'2022-11-18 00:00:06','2022-11-18 00:30:14'),(219,1,'d68f7d5a-9b26-4a36-8001-c9e4322607a9','02','05','1','2.0','2022-11-19','2022-11-18','RC-20221119-1','10432761091-RC-20221119-1','10432761091-RC-20221119-1','202210407477949',0,0,'{\"sent\":true,\"code\":\"0\",\"description\":\"El Comprobante RC-20221119-1, ha sido aceptado\",\"notes\":[],\"is_accepted\":true,\"status_code\":0}',0,NULL,NULL,0,0,NULL,'2022-11-19 00:00:07','2022-11-19 00:30:04'),(221,1,'179c82d7-ebff-4261-89ef-f7d23bd3f546','02','05','1','2.0','2022-11-20','2022-11-19','RC-20221120-1','10432761091-RC-20221120-1','10432761091-RC-20221120-1','202210414370833',0,0,'{\"sent\":true,\"code\":\"0\",\"description\":\"El Comprobante RC-20221120-1, ha sido aceptado\",\"notes\":[],\"is_accepted\":true,\"status_code\":0}',0,NULL,NULL,0,0,NULL,'2022-11-20 00:00:06','2022-11-20 00:30:06'),(223,1,'0a174d67-832e-42a9-9645-1207530c30db','02','05','1','2.0','2022-11-23','2022-11-22','RC-20221123-1','10432761091-RC-20221123-1','10432761091-RC-20221123-1','202210434312832',0,0,'{\"sent\":true,\"code\":\"0\",\"description\":\"El Comprobante RC-20221123-1, ha sido aceptado\",\"notes\":[],\"is_accepted\":true,\"status_code\":0}',0,NULL,NULL,0,0,NULL,'2022-11-23 00:00:05','2022-11-23 00:30:04'),(226,1,'0e82e404-4624-4151-8407-1c54ac325336','02','05','1','2.0','2022-11-24','2022-11-23','RC-20221124-1','10432761091-RC-20221124-1','10432761091-RC-20221124-1','202210441295726',0,0,'{\"sent\":true,\"code\":\"0\",\"description\":\"El Comprobante RC-20221124-1, ha sido aceptado\",\"notes\":[],\"is_accepted\":true,\"status_code\":0}',0,NULL,NULL,0,0,NULL,'2022-11-24 00:00:19','2022-11-24 00:30:05'),(228,1,'889ea25b-ffb0-4c5f-a0a6-d3927f52d805','02','05','1','2.0','2022-11-27','2022-11-26','RC-20221127-1','10432761091-RC-20221127-1','10432761091-RC-20221127-1','202210462127636',0,0,'{\"sent\":true,\"code\":\"0\",\"description\":\"El Comprobante RC-20221127-1, ha sido aceptado\",\"notes\":[],\"is_accepted\":true,\"status_code\":0}',0,NULL,NULL,0,0,NULL,'2022-11-27 00:00:11','2022-11-27 00:30:06'),(229,1,'b0f3384f-de3d-4807-ba9d-e37ac2c08ef8','02','05','1','2.0','2022-11-30','2022-11-29','RC-20221130-1','10432761091-RC-20221130-1','10432761091-RC-20221130-1','202210482092854',0,0,'{\"sent\":true,\"code\":\"0\",\"description\":\"El Comprobante RC-20221130-1, ha sido aceptado\",\"notes\":[],\"is_accepted\":true,\"status_code\":0}',0,NULL,NULL,0,0,NULL,'2022-11-30 00:00:11','2022-11-30 00:30:04'),(232,1,'cf7a9020-0cbd-449d-9211-2fa66def1b89','02','05','1','2.0','2022-12-30','2022-12-29','RC-20221230-1','10432761091-RC-20221230-1','10432761091-RC-20221230-1','202210695827519',0,0,'{\"sent\":true,\"code\":\"0\",\"description\":\"El Comprobante RC-20221230-1, ha sido aceptado\",\"notes\":[],\"is_accepted\":true,\"status_code\":0}',0,NULL,NULL,0,0,NULL,'2022-12-30 00:00:07','2022-12-30 00:30:04'),(233,1,'9846de9f-adea-4f45-96c0-ee6d979368de','02','05','1','2.0','2023-01-03','2023-01-02','RC-20230103-1','10432761091-RC-20230103-1','10432761091-RC-20230103-1','202310724304629',0,0,'{\"sent\":true,\"code\":\"0\",\"description\":\"El Comprobante RC-20230103-1, ha sido aceptado\",\"notes\":[],\"is_accepted\":true,\"status_code\":0}',0,NULL,NULL,0,0,NULL,'2023-01-03 00:00:12','2023-01-03 00:30:05'),(235,1,'2af68f49-6296-4f83-bef3-553132ac24bf','02','05','1','2.0','2023-01-06','2023-01-05','RC-20230106-1','10432761091-RC-20230106-1','10432761091-RC-20230106-1','202310751450087',0,0,'{\"sent\":true,\"code\":\"0\",\"description\":\"El Comprobante RC-20230106-1, ha sido aceptado\",\"notes\":[],\"is_accepted\":true,\"status_code\":0}',0,NULL,NULL,0,0,NULL,'2023-01-06 00:00:07','2023-01-06 00:30:05'),(238,1,'f6d199e0-8028-4483-a3c9-8f2ffe230390','02','05','1','2.0','2023-01-08','2023-01-07','RC-20230108-1','10432761091-RC-20230108-1','10432761091-RC-20230108-1','202310766609005',0,0,'{\"sent\":true,\"code\":\"0\",\"description\":\"El Comprobante RC-20230108-1, ha sido aceptado\",\"notes\":[],\"is_accepted\":true,\"status_code\":0}',0,NULL,NULL,0,0,NULL,'2023-01-08 00:00:13','2023-01-08 00:30:05'),(239,1,'790766df-f61f-4b96-99e3-fcb10cb7b259','02','05','1','2.0','2023-01-13','2023-01-12','RC-20230113-1','10432761091-RC-20230113-1','10432761091-RC-20230113-1','202310804508893',0,0,'{\"sent\":true,\"code\":\"0\",\"description\":\"El Comprobante RC-20230113-1, ha sido aceptado\",\"notes\":[],\"is_accepted\":true,\"status_code\":0}',0,NULL,NULL,0,0,NULL,'2023-01-13 00:00:10','2023-01-13 00:30:05'),(242,1,'4c430d2a-24a7-4201-94dc-9c51d8fb8402','02','05','1','2.0','2023-01-14','2023-01-13','RC-20230114-1','10432761091-RC-20230114-1','10432761091-RC-20230114-1','202310810905108',0,0,'{\"sent\":true,\"code\":\"0\",\"description\":\"El Comprobante RC-20230114-1, ha sido aceptado\",\"notes\":[],\"is_accepted\":true,\"status_code\":0}',0,NULL,NULL,0,0,NULL,'2023-01-14 00:00:05','2023-01-14 00:30:04'),(243,1,'23263a61-7bd6-43da-bbef-be150bc4410a','02','05','1','2.0','2023-01-17','2023-01-16','RC-20230117-1','10432761091-RC-20230117-1','10432761091-RC-20230117-1','202310831194465',0,0,'{\"sent\":true,\"code\":\"0\",\"description\":\"El Comprobante RC-20230117-1, ha sido aceptado\",\"notes\":[],\"is_accepted\":true,\"status_code\":0}',0,NULL,NULL,0,0,NULL,'2023-01-17 00:00:06','2023-01-17 00:30:03'),(245,1,'b8e43760-edf0-40dc-beff-1826b3b01f6f','02','05','1','2.0','2023-01-18','2023-01-17','RC-20230118-1','10432761091-RC-20230118-1','10432761091-RC-20230118-1','202310838904519',0,0,'{\"sent\":true,\"code\":\"0\",\"description\":\"El Comprobante RC-20230118-1, ha sido aceptado\",\"notes\":[],\"is_accepted\":true,\"status_code\":0}',0,NULL,NULL,0,0,NULL,'2023-01-18 00:00:08','2023-01-18 00:30:09'),(247,1,'79df432f-0268-4818-9c1f-965fe8610172','02','05','1','2.0','2023-01-19','2023-01-18','RC-20230119-1','10432761091-RC-20230119-1','10432761091-RC-20230119-1','202310846968849',0,0,'{\"sent\":true,\"code\":\"0\",\"description\":\"El Comprobante RC-20230119-1, ha sido aceptado\",\"notes\":[],\"is_accepted\":true,\"status_code\":0}',0,NULL,NULL,0,0,NULL,'2023-01-19 00:00:11','2023-01-19 00:30:07'),(250,1,'ed9216a0-71a2-4522-a87a-20a8689be3f9','02','05','1','2.0','2023-01-21','2023-01-20','RC-20230121-1','10432761091-RC-20230121-1','10432761091-RC-20230121-1','202310859849808',0,0,'{\"sent\":true,\"code\":\"0\",\"description\":\"El Comprobante RC-20230121-1, ha sido aceptado\",\"notes\":[],\"is_accepted\":true,\"status_code\":0}',0,NULL,NULL,0,0,NULL,'2023-01-21 00:00:11','2023-01-21 00:30:04'),(251,1,'29e6aa6f-17c6-4d02-8d52-e6842ac0c1e5','02','05','1','2.0','2023-01-24','2023-01-23','RC-20230124-1','10432761091-RC-20230124-1','10432761091-RC-20230124-1','202310874914254',0,0,'{\"sent\":true,\"code\":\"0\",\"description\":\"El Resumen de comprobantes numero RC-20230124-1, ha sido aceptado\",\"notes\":[],\"is_accepted\":true,\"status_code\":0}',0,NULL,NULL,0,0,NULL,'2023-01-24 00:00:17','2023-01-24 00:30:04'),(253,1,'68184397-57c8-42c3-8163-b62f76186d42','02','05','1','2.0','2023-01-25','2023-01-24','RC-20230125-1','10432761091-RC-20230125-1','10432761091-RC-20230125-1','202310880898236',0,0,'{\"sent\":true,\"code\":\"0\",\"description\":\"El Resumen de comprobantes numero RC-20230125-1, ha sido aceptado\",\"notes\":[],\"is_accepted\":true,\"status_code\":0}',0,NULL,NULL,0,0,NULL,'2023-01-25 00:00:36','2023-01-25 00:30:06'),(255,1,'8c10e814-f741-4d61-9f2d-30347b769300','02','05','1','2.0','2023-01-27','2023-01-26','RC-20230127-1','10432761091-RC-20230127-1','10432761091-RC-20230127-1','202310892259548',0,0,'{\"sent\":true,\"code\":\"0\",\"description\":\"El Comprobante RC-20230127-1, ha sido aceptado\",\"notes\":[],\"is_accepted\":true,\"status_code\":0}',0,NULL,NULL,0,0,NULL,'2023-01-27 00:00:15','2023-01-27 00:30:07'),(257,1,'26e1deae-24d3-47f2-88f3-d46ba1f8b05f','02','05','1','2.0','2023-01-31','2023-01-30','RC-20230131-1','10432761091-RC-20230131-1','10432761091-RC-20230131-1','202310915232573',0,0,'{\"sent\":true,\"code\":\"0\",\"description\":\"El Comprobante RC-20230131-1, ha sido aceptado\",\"notes\":[],\"is_accepted\":true,\"status_code\":0}',0,NULL,NULL,0,0,NULL,'2023-01-31 00:00:21','2023-01-31 00:30:04'),(261,1,'0dddd8cf-66bd-482d-83d7-97bb88cfa152','02','05','1','2.0','2023-02-05','2023-02-04','RC-20230205-1','10432761091-RC-20230205-1','10432761091-RC-20230205-1','202310947603621',0,0,'{\"sent\":true,\"code\":\"0\",\"description\":\"El Comprobante RC-20230205-1, ha sido aceptado\",\"notes\":[],\"is_accepted\":true,\"status_code\":0}',0,NULL,NULL,0,0,NULL,'2023-02-05 00:00:16','2023-02-05 00:30:05'),(262,1,'5961fd68-dc89-4c40-bbb7-400d71d17686','02','05','3','2.0','2023-02-06','2023-02-04','RC-20230206-1','10432761091-RC-20230206-1','10432761091-RC-20230206-1','202310956812305',0,0,'{\"sent\":true,\"code\":\"0\",\"description\":\"El Comprobante RC-20230206-1, ha sido aceptado\",\"notes\":[],\"is_accepted\":true,\"status_code\":0}',0,NULL,NULL,0,0,NULL,'2023-02-06 16:45:11','2023-02-06 16:46:17'),(267,1,'92ea110c-c6eb-42e1-82fb-fe2bbc176c0d','02','05','1','2.0','2023-02-06','2023-02-06','RC-20230206-2','10432761091-RC-20230206-2','10432761091-RC-20230206-2','202310958650356',0,0,'{\"sent\":true,\"code\":\"0\",\"description\":\"El Comprobante RC-20230206-2, ha sido aceptado\",\"notes\":[],\"is_accepted\":true,\"status_code\":0}',0,NULL,NULL,0,0,NULL,'2023-02-06 22:21:13','2023-02-06 22:21:25'),(268,1,'42084b6f-c385-4b61-8fc3-4ea00e09c29d','02','05','1','2.0','2023-02-10','2023-02-09','RC-20230210-1','10432761091-RC-20230210-1','10432761091-RC-20230210-1','202310976568600',0,0,'{\"sent\":true,\"code\":\"0\",\"description\":\"El Comprobante RC-20230210-1, ha sido aceptado\",\"notes\":[],\"is_accepted\":true,\"status_code\":0}',0,NULL,NULL,0,0,NULL,'2023-02-10 00:00:16','2023-02-10 00:30:05'),(270,1,'41ebce47-c4fe-43b8-86f9-4b228daab78c','02','05','1','2.0','2023-02-14','2023-02-13','RC-20230214-1','10432761091-RC-20230214-1','10432761091-RC-20230214-1','400000016125698',0,0,'{\"sent\":true,\"code\":\"0\",\"description\":\"El Resumen Diario numero 20230214-1, ha sido aceptado\",\"notes\":[],\"is_accepted\":true,\"status_code\":0}',0,NULL,NULL,0,0,NULL,'2023-02-14 00:00:06','2023-02-14 00:30:06'),(273,1,'9231bcfd-3e38-4619-b609-a18fbbed888e','02','05','1','2.0','2023-02-15','2023-02-14','RC-20230215-1','10432761091-RC-20230215-1','10432761091-RC-20230215-1','400000016259785',0,0,'{\"sent\":true,\"code\":\"0\",\"description\":\"El Resumen Diario numero 20230215-1, ha sido aceptado\",\"notes\":[],\"is_accepted\":true,\"status_code\":0}',0,NULL,NULL,0,0,NULL,'2023-02-15 00:00:07','2023-02-15 00:30:07'),(274,1,'6c6e7e05-bc1c-4e0f-b0b9-43101bf85599','02','05','1','2.0','2023-02-21','2023-02-20','RC-20230221-1','10432761091-RC-20230221-1','10432761091-RC-20230221-1','400000017069305',0,0,'{\"sent\":true,\"code\":\"0\",\"description\":\"El Resumen Diario numero 20230221-1, ha sido aceptado\",\"notes\":[],\"is_accepted\":true,\"status_code\":0}',0,NULL,NULL,0,0,NULL,'2023-02-21 00:00:31','2023-02-21 00:30:15'),(276,1,'af59b7d6-4773-4b4b-9f52-3e6db42bbf91','02','05','1','2.0','2023-02-25','2023-02-24','RC-20230225-1','10432761091-RC-20230225-1','10432761091-RC-20230225-1','400000017778584',0,0,'{\"sent\":true,\"code\":\"0\",\"description\":\"El Resumen Diario numero 20230225-1, ha sido aceptado\",\"notes\":[],\"is_accepted\":true,\"status_code\":0}',0,NULL,NULL,0,0,NULL,'2023-02-25 00:00:10','2023-02-25 00:30:04'),(279,1,'f8cb3be1-f437-410f-8480-fc9851eef80b','02','05','1','2.0','2023-02-26','2023-02-25','RC-20230226-1','10432761091-RC-20230226-1','10432761091-RC-20230226-1','400000017952318',0,0,'{\"sent\":true,\"code\":\"0\",\"description\":\"El Resumen Diario numero 20230226-1, ha sido aceptado\",\"notes\":[],\"is_accepted\":true,\"status_code\":0}',0,NULL,NULL,0,0,NULL,'2023-02-26 00:00:10','2023-02-26 00:30:04');

--
-- Table structure for table `summary_documents`
--

CREATE TABLE `summary_documents` (
  `id` int(10) unsigned NOT NULL AUTO_INCREMENT,
  `summary_id` int(10) unsigned NOT NULL,
  `document_id` int(10) unsigned NOT NULL,
  `description` varchar(255) COLLATE utf8mb4_unicode_ci DEFAULT NULL,
  PRIMARY KEY (`id`),
  KEY `summary_documents_summary_id_foreign` (`summary_id`),
  KEY `summary_documents_document_id_foreign` (`document_id`),
  CONSTRAINT `summary_documents_document_id_foreign` FOREIGN KEY (`document_id`) REFERENCES `documents` (`id`),
  CONSTRAINT `summary_documents_summary_id_foreign` FOREIGN KEY (`summary_id`) REFERENCES `summaries` (`id`) ON DELETE CASCADE
) ENGINE=InnoDB AUTO_INCREMENT=321 DEFAULT CHARSET=utf8mb4 COLLATE=utf8mb4_unicode_ci;

--
-- Dumping data for table `summary_documents`
--

INSERT INTO `summary_documents` VALUES (1,1,6,NULL),(2,2,8,NULL),(3,3,14,NULL),(4,3,15,NULL),(8,6,21,NULL),(9,8,22,NULL),(10,8,23,NULL),(11,8,24,NULL),(12,8,25,NULL),(18,11,27,NULL),(20,12,29,NULL),(21,15,33,NULL),(24,15,34,NULL),(27,18,38,NULL),(30,20,42,NULL),(31,20,43,NULL),(34,23,48,NULL),(35,23,49,NULL),(37,24,51,NULL),(40,26,55,NULL),(41,28,33,'exonerado'),(42,30,58,NULL),(43,30,59,NULL),(44,32,61,NULL),(45,32,62,NULL),(46,32,63,NULL),(47,32,64,NULL),(48,34,67,NULL),(49,36,70,NULL),(50,37,75,NULL),(51,37,76,NULL),(52,39,77,NULL),(53,39,79,NULL),(54,39,80,NULL),(55,39,81,NULL),(56,39,82,NULL),(57,42,84,NULL),(58,42,85,NULL),(59,43,88,NULL),(60,46,90,NULL),(61,47,90,'m'),(62,48,95,NULL),(63,48,96,NULL),(64,48,97,NULL),(65,48,98,NULL),(66,50,95,'m'),(67,51,101,NULL),(68,51,102,NULL),(69,51,103,NULL),(70,51,105,NULL),(71,54,107,NULL),(72,54,108,NULL),(73,54,109,NULL),(74,55,110,NULL),(75,57,108,'m'),(76,59,112,NULL),(77,59,113,NULL),(78,61,114,NULL),(79,61,115,NULL),(80,61,117,NULL),(81,61,122,NULL),(82,63,126,NULL),(83,63,127,NULL),(84,63,128,NULL),(85,63,129,NULL),(86,63,131,NULL),(95,68,133,NULL),(96,68,134,NULL),(97,69,35,NULL),(98,70,19,NULL),(99,72,19,NULL),(100,73,137,NULL),(101,75,19,NULL),(102,76,19,NULL),(106,80,141,NULL),(107,80,142,NULL),(108,80,143,NULL),(109,82,141,NULL),(110,82,142,NULL),(111,82,143,NULL),(112,83,144,NULL),(113,86,141,NULL),(114,86,142,NULL),(115,86,143,NULL),(116,87,141,NULL),(117,87,142,NULL),(118,87,143,NULL),(119,88,156,NULL),(120,91,161,NULL),(121,93,162,NULL),(122,94,166,NULL),(123,94,167,NULL),(124,94,168,NULL),(125,94,169,NULL),(126,94,170,NULL),(127,94,171,NULL),(128,94,172,NULL),(129,97,174,NULL),(130,99,180,NULL),(131,100,181,NULL),(155,125,115,NULL),(164,135,182,NULL),(165,135,183,NULL),(166,135,184,NULL),(168,138,187,NULL),(173,141,194,NULL),(174,141,195,NULL),(175,141,196,NULL),(176,141,197,NULL),(177,143,210,NULL),(178,143,212,NULL),(179,145,214,NULL),(180,145,215,NULL),(181,147,216,NULL),(182,147,217,NULL),(183,149,188,NULL),(184,149,191,NULL),(185,149,192,NULL),(186,149,193,NULL),(187,151,219,NULL),(188,151,220,NULL),(189,153,221,NULL),(190,153,222,NULL),(192,156,226,NULL),(195,159,230,NULL),(196,161,236,NULL),(197,163,237,NULL),(198,164,238,NULL),(199,167,244,NULL),(200,168,246,NULL),(201,170,248,NULL),(202,170,249,NULL),(203,170,250,NULL),(204,172,251,NULL),(205,174,253,NULL),(206,174,255,NULL),(207,177,260,NULL),(208,178,262,NULL),(209,180,263,NULL),(210,183,271,NULL),(211,185,274,NULL),(212,185,275,NULL),(213,185,278,NULL),(214,185,280,NULL),(215,186,281,NULL),(216,186,282,NULL),(217,188,284,NULL),(218,188,286,NULL),(219,190,288,NULL),(220,191,291,NULL),(221,194,293,NULL),(222,196,294,NULL),(223,197,301,NULL),(224,198,303,NULL),(225,199,305,NULL),(226,200,309,NULL),(227,200,310,NULL),(228,200,311,NULL),(229,201,313,NULL),(230,202,315,NULL),(231,202,316,NULL),(232,202,318,NULL),(233,202,319,NULL),(234,202,320,NULL),(235,203,321,NULL),(236,203,322,NULL),(237,204,326,NULL),(238,205,327,NULL),(239,205,328,NULL),(240,205,330,NULL),(241,205,331,NULL),(242,206,332,NULL),(243,206,334,NULL),(244,207,335,NULL),(245,208,339,NULL),(246,208,340,NULL),(247,209,344,NULL),(248,209,345,NULL),(249,210,345,'Error'),(250,211,346,NULL),(251,213,347,NULL),(252,213,348,NULL),(253,214,349,NULL),(254,215,350,NULL),(255,217,353,NULL),(256,219,354,NULL),(257,221,355,NULL),(258,221,356,NULL),(259,223,358,NULL),(260,223,359,NULL),(261,226,360,NULL),(262,228,362,NULL),(263,228,363,NULL),(264,229,364,NULL),(265,232,388,NULL),(266,232,390,NULL),(267,233,393,NULL),(268,233,394,NULL),(269,235,397,NULL),(270,238,398,NULL),(271,239,400,NULL),(272,242,401,NULL),(273,242,402,NULL),(274,243,403,NULL),(275,243,404,NULL),(276,245,405,NULL),(277,245,406,NULL),(278,245,407,NULL),(279,247,408,NULL),(280,250,409,NULL),(281,251,410,NULL),(282,251,411,NULL),(283,253,412,NULL),(284,255,413,NULL),(285,255,414,NULL),(286,255,415,NULL),(287,257,417,NULL),(292,261,425,NULL),(293,261,426,NULL),(294,261,427,NULL),(295,261,428,NULL),(296,262,428,NULL),(310,267,430,NULL),(311,267,431,NULL),(312,267,432,NULL),(313,268,433,NULL),(314,270,435,NULL),(315,273,437,NULL),(316,274,443,NULL),(317,274,444,NULL),(318,274,445,NULL),(319,276,447,NULL),(320,279,449,NULL);

--
-- Table structure for table `suscription_grade`
--

CREATE TABLE `suscription_grade` (
  `id` int(10) unsigned NOT NULL AUTO_INCREMENT,
  `name` varchar(100) COLLATE utf8mb4_unicode_ci NOT NULL,
  PRIMARY KEY (`id`)
) ENGINE=InnoDB AUTO_INCREMENT=9 DEFAULT CHARSET=utf8mb4 COLLATE=utf8mb4_unicode_ci;

--
-- Dumping data for table `suscription_grade`
--

INSERT INTO `suscription_grade` VALUES (1,'1er'),(2,'2do'),(3,'3ro'),(4,'4to'),(5,'5to'),(6,'6to'),(7,'7mo'),(8,'8vo');

--
-- Table structure for table `suscription_plans`
--

CREATE TABLE `suscription_plans` (
  `id` int(10) unsigned NOT NULL AUTO_INCREMENT,
  `cat_period_id` int(10) unsigned DEFAULT 0 COMMENT 'Relacion con el periodo de tiempo',
  `name` text COLLATE utf8mb4_unicode_ci NOT NULL COMMENT 'Nombre del plan',
  `description` longtext COLLATE utf8mb4_unicode_ci NOT NULL COMMENT 'Descripcion del plan',
  `total` double(12,2) DEFAULT 0.00 COMMENT 'El total del costo del plan',
  `currency_type_id` varchar(255) COLLATE utf8mb4_unicode_ci DEFAULT NULL,
  `payment_method_type_id` varchar(255) COLLATE utf8mb4_unicode_ci DEFAULT NULL,
  `quantity_period` int(10) unsigned DEFAULT NULL,
  `exchange_rate_sale` double(13,3) DEFAULT 0.000,
  `total_prepayment` double(12,2) DEFAULT 0.00,
  `total_charge` double(12,2) DEFAULT 0.00,
  `total_discount` double(12,2) DEFAULT 0.00,
  `total_exportation` double(12,2) DEFAULT 0.00,
  `total_free` double(12,2) DEFAULT 0.00,
  `total_taxed` double(12,2) DEFAULT 0.00,
  `total_unaffected` double(12,2) DEFAULT 0.00,
  `total_exonerated` double(12,2) DEFAULT 0.00,
  `total_igv` double(12,2) DEFAULT 0.00,
  `total_igv_free` double(12,2) DEFAULT 0.00,
  `total_base_isc` double(12,2) DEFAULT 0.00,
  `total_isc` double(12,2) DEFAULT 0.00,
  `total_base_other_taxes` double(12,2) DEFAULT 0.00,
  `total_other_taxes` double(12,2) DEFAULT 0.00,
  `total_taxes` double(12,2) DEFAULT 0.00,
  `total_value` double(12,2) DEFAULT 0.00,
  `charges` longtext CHARACTER SET utf8mb4 COLLATE utf8mb4_bin DEFAULT NULL CHECK (json_valid(`charges`)),
  `attributes` longtext CHARACTER SET utf8mb4 COLLATE utf8mb4_bin DEFAULT NULL CHECK (json_valid(`attributes`)),
  `discounts` longtext CHARACTER SET utf8mb4 COLLATE utf8mb4_bin DEFAULT NULL CHECK (json_valid(`discounts`)),
  `prepayments` longtext CHARACTER SET utf8mb4 COLLATE utf8mb4_bin DEFAULT NULL CHECK (json_valid(`prepayments`)),
  `related` longtext CHARACTER SET utf8mb4 COLLATE utf8mb4_bin DEFAULT NULL CHECK (json_valid(`related`)),
  `perception` longtext CHARACTER SET utf8mb4 COLLATE utf8mb4_bin DEFAULT NULL CHECK (json_valid(`perception`)),
  `detraction` longtext CHARACTER SET utf8mb4 COLLATE utf8mb4_bin DEFAULT NULL CHECK (json_valid(`detraction`)),
  `legends` longtext CHARACTER SET utf8mb4 COLLATE utf8mb4_bin DEFAULT NULL CHECK (json_valid(`legends`)),
  `terms_condition` longtext COLLATE utf8mb4_unicode_ci DEFAULT NULL,
  `created_at` timestamp NULL DEFAULT NULL,
  `updated_at` timestamp NULL DEFAULT NULL,
  PRIMARY KEY (`id`)
) ENGINE=InnoDB AUTO_INCREMENT=2 DEFAULT CHARSET=utf8mb4 COLLATE=utf8mb4_unicode_ci;

--
-- Dumping data for table `suscription_plans`
--

INSERT INTO `suscription_plans` VALUES (1,1,'Matricula Escolar','Demostración de matricula escolar',1.00,'PEN','01',12,0.000,0.00,0.00,0.00,0.00,0.00,0.00,0.00,0.00,0.00,0.00,0.00,0.00,0.00,0.00,0.00,0.00,NULL,NULL,NULL,NULL,NULL,NULL,NULL,NULL,NULL,NULL,NULL);

--
-- Table structure for table `suscription_section`
--

CREATE TABLE `suscription_section` (
  `id` int(10) unsigned NOT NULL AUTO_INCREMENT,
  `name` varchar(100) COLLATE utf8mb4_unicode_ci NOT NULL,
  PRIMARY KEY (`id`)
) ENGINE=InnoDB AUTO_INCREMENT=9 DEFAULT CHARSET=utf8mb4 COLLATE=utf8mb4_unicode_ci;

--
-- Dumping data for table `suscription_section`
--

INSERT INTO `suscription_section` VALUES (1,'A'),(2,'B'),(3,'C'),(4,'D'),(5,'E'),(6,'F'),(7,'G'),(8,'H');

--
-- Table structure for table `system_activity_log_types`
--

CREATE TABLE `system_activity_log_types` (
  `id` varchar(255) COLLATE utf8mb4_unicode_ci NOT NULL,
  `description` varchar(255) COLLATE utf8mb4_unicode_ci NOT NULL,
  PRIMARY KEY (`id`)
) ENGINE=InnoDB DEFAULT CHARSET=utf8mb4 COLLATE=utf8mb4_unicode_ci;

--
-- Dumping data for table `system_activity_log_types`
--

INSERT INTO `system_activity_log_types` VALUES ('companies_certificate','Actualización del campo certificado en configuración de empresa'),('companies_name','Actualización del campo nombre en configuración de empresa'),('companies_number','Actualización del campo número en configuración de empresa'),('companies_soap_password','Actualización del campo SOAP Contraseña en configuración de empresa'),('companies_soap_send_id','Actualización del campo SOAP envío en configuración de empresa'),('companies_soap_type_id','Actualización del campo SOAP tipo en configuración de empresa'),('companies_soap_url','Actualización del campo SOAP url envío en configuración de empresa'),('companies_soap_username','Actualización del campo SOAP Usuario en configuración de empresa'),('failed','Error de inicio de sesión'),('level_module_access_error','Error de acceso al submódulo (no tiene permiso)'),('login','Iniciar sesión'),('login_lockout','Bloqueo de usuario por exceder límite de intentos permitidos al iniciar sesión'),('logout','Cerrar sesión'),('module_access_error','Error de acceso al módulo (no tiene permiso)');

--
-- Table structure for table `system_activity_logs`
--

CREATE TABLE `system_activity_logs` (
  `id` bigint(20) unsigned NOT NULL AUTO_INCREMENT,
  `user_id` int(10) unsigned DEFAULT NULL,
  `system_activity_log_type_id` varchar(255) COLLATE utf8mb4_unicode_ci DEFAULT NULL,
  `date` date NOT NULL,
  `time` time NOT NULL,
  `origin_id` int(11) DEFAULT NULL,
  `origin_type` varchar(255) COLLATE utf8mb4_unicode_ci DEFAULT NULL,
  `ip` varchar(255) COLLATE utf8mb4_unicode_ci DEFAULT NULL,
  `device_name` varchar(255) COLLATE utf8mb4_unicode_ci DEFAULT NULL,
  `device_type` varchar(255) COLLATE utf8mb4_unicode_ci DEFAULT NULL,
  `platform_name` varchar(255) COLLATE utf8mb4_unicode_ci DEFAULT NULL,
  `platform_version` varchar(255) COLLATE utf8mb4_unicode_ci DEFAULT NULL,
  `browser_name` varchar(255) COLLATE utf8mb4_unicode_ci DEFAULT NULL,
  `browser_version` varchar(255) COLLATE utf8mb4_unicode_ci DEFAULT NULL,
  `request_email` varchar(255) COLLATE utf8mb4_unicode_ci DEFAULT NULL,
  `route` varchar(255) COLLATE utf8mb4_unicode_ci DEFAULT NULL,
  `location` longtext CHARACTER SET utf8mb4 COLLATE utf8mb4_bin DEFAULT NULL CHECK (json_valid(`location`)),
  `created_at` timestamp NULL DEFAULT NULL,
  `updated_at` timestamp NULL DEFAULT NULL,
  PRIMARY KEY (`id`),
  KEY `payment_index` (`origin_id`,`origin_type`),
  KEY `system_activity_logs_user_id_foreign` (`user_id`),
  KEY `system_activity_logs_auth_transaction_type_index` (`system_activity_log_type_id`),
  KEY `system_activity_logs_date_index` (`date`),
  KEY `system_activity_logs_time_index` (`time`),
  KEY `system_activity_logs_device_type_index` (`device_type`),
  CONSTRAINT `system_activity_logs_system_activity_log_type_id_foreign` FOREIGN KEY (`system_activity_log_type_id`) REFERENCES `system_activity_log_types` (`id`),
  CONSTRAINT `system_activity_logs_user_id_foreign` FOREIGN KEY (`user_id`) REFERENCES `users` (`id`)
) ENGINE=InnoDB AUTO_INCREMENT=3285 DEFAULT CHARSET=utf8mb4 COLLATE=utf8mb4_unicode_ci;

--
-- Dumping data for table `system_activity_logs`
--

INSERT INTO `system_activity_logs` VALUES (1,1,'login','2022-11-09','18:53:41',1,'App\\Models\\Tenant\\User','190.236.1.91','WebKit','desktop','Windows','10.0','Chrome','107.0.0.0',NULL,NULL,'{\"country_name\":\"Peru\",\"country_code\":\"PE\",\"region_code\":\"LMA\",\"region_name\":\"Lima\",\"city_name\":\"Lima\",\"latitude\":\"-12.0464\",\"longitude\":\"-77.0428\",\"timezone\":\"America\\/Lima\"}','2022-11-09 18:53:41','2022-11-09 18:53:41'),(2,1,'logout','2022-11-09','18:53:48',1,'App\\Models\\Tenant\\User','190.236.1.91','WebKit','desktop','Windows','10.0','Chrome','107.0.0.0',NULL,NULL,'{\"country_name\":\"Peru\",\"country_code\":\"PE\",\"region_code\":\"LMA\",\"region_name\":\"Lima\",\"city_name\":\"Lima\",\"latitude\":\"-12.0464\",\"longitude\":\"-77.0428\",\"timezone\":\"America\\/Lima\"}','2022-11-09 18:53:48','2022-11-09 18:53:48'),(3,1,'login','2022-11-09','18:55:10',1,'App\\Models\\Tenant\\User','190.236.1.91','WebKit','desktop','Windows','10.0','Chrome','107.0.0.0',NULL,NULL,'{\"country_name\":\"Peru\",\"country_code\":\"PE\",\"region_code\":\"LMA\",\"region_name\":\"Lima\",\"city_name\":\"Lima\",\"latitude\":\"-12.0464\",\"longitude\":\"-77.0428\",\"timezone\":\"America\\/Lima\"}','2022-11-09 18:55:10','2022-11-09 18:55:10'),(4,1,'login','2022-11-10','00:00:03',1,'App\\Models\\Tenant\\User',NULL,'0','desktop','0','0','0','0',NULL,NULL,NULL,'2022-11-10 00:00:03','2022-11-10 00:00:03'),(5,1,'login','2022-11-10','00:00:03',1,'App\\Models\\Tenant\\User',NULL,'0','desktop','0','0','0','0',NULL,NULL,NULL,'2022-11-10 00:00:03','2022-11-10 00:00:03'),(6,1,'login','2022-11-10','00:00:21',1,'App\\Models\\Tenant\\User',NULL,'0','desktop','0','0','0','0',NULL,NULL,NULL,'2022-11-10 00:00:21','2022-11-10 00:00:21'),(7,1,'login','2022-11-10','00:00:23',1,'App\\Models\\Tenant\\User',NULL,'0','desktop','0','0','0','0',NULL,NULL,NULL,'2022-11-10 00:00:23','2022-11-10 00:00:23'),(8,1,'login','2022-11-10','00:00:24',1,'App\\Models\\Tenant\\User',NULL,'0','desktop','0','0','0','0',NULL,NULL,NULL,'2022-11-10 00:00:24','2022-11-10 00:00:24'),(9,1,'login','2022-11-10','00:00:25',1,'App\\Models\\Tenant\\User',NULL,'0','desktop','0','0','0','0',NULL,NULL,NULL,'2022-11-10 00:00:25','2022-11-10 00:00:25'),(10,1,'login','2022-11-10','00:00:26',1,'App\\Models\\Tenant\\User',NULL,'0','desktop','0','0','0','0',NULL,NULL,NULL,'2022-11-10 00:00:26','2022-11-10 00:00:26'),(11,1,'login','2022-11-10','00:00:27',1,'App\\Models\\Tenant\\User',NULL,'0','desktop','0','0','0','0',NULL,NULL,NULL,'2022-11-10 00:00:27','2022-11-10 00:00:27'),(12,1,'login','2022-11-10','00:00:28',1,'App\\Models\\Tenant\\User',NULL,'0','desktop','0','0','0','0',NULL,NULL,NULL,'2022-11-10 00:00:28','2022-11-10 00:00:28'),(13,1,'login','2022-11-10','00:00:29',1,'App\\Models\\Tenant\\User',NULL,'0','desktop','0','0','0','0',NULL,NULL,NULL,'2022-11-10 00:00:29','2022-11-10 00:00:29'),(14,1,'login','2022-11-10','00:00:29',1,'App\\Models\\Tenant\\User',NULL,'0','desktop','0','0','0','0',NULL,NULL,NULL,'2022-11-10 00:00:29','2022-11-10 00:00:29'),(15,1,'login','2022-11-10','00:00:30',1,'App\\Models\\Tenant\\User',NULL,'0','desktop','0','0','0','0',NULL,NULL,NULL,'2022-11-10 00:00:30','2022-11-10 00:00:30'),(16,1,'login','2022-11-10','00:30:01',1,'App\\Models\\Tenant\\User',NULL,'0','desktop','0','0','0','0',NULL,NULL,NULL,'2022-11-10 00:30:01','2022-11-10 00:30:01'),(17,1,'login','2022-11-10','00:30:01',1,'App\\Models\\Tenant\\User',NULL,'0','desktop','0','0','0','0',NULL,NULL,NULL,'2022-11-10 00:30:01','2022-11-10 00:30:01'),(18,1,'login','2022-11-10','00:30:08',1,'App\\Models\\Tenant\\User',NULL,'0','desktop','0','0','0','0',NULL,NULL,NULL,'2022-11-10 00:30:08','2022-11-10 00:30:08'),(19,1,'login','2022-11-10','00:30:09',1,'App\\Models\\Tenant\\User',NULL,'0','desktop','0','0','0','0',NULL,NULL,NULL,'2022-11-10 00:30:09','2022-11-10 00:30:09'),(20,1,'login','2022-11-10','00:30:10',1,'App\\Models\\Tenant\\User',NULL,'0','desktop','0','0','0','0',NULL,NULL,NULL,'2022-11-10 00:30:10','2022-11-10 00:30:10'),(21,1,'login','2022-11-10','00:30:15',1,'App\\Models\\Tenant\\User',NULL,'0','desktop','0','0','0','0',NULL,NULL,NULL,'2022-11-10 00:30:15','2022-11-10 00:30:15'),(22,1,'login','2022-11-10','00:30:16',1,'App\\Models\\Tenant\\User',NULL,'0','desktop','0','0','0','0',NULL,NULL,NULL,'2022-11-10 00:30:16','2022-11-10 00:30:16'),(23,1,'login','2022-11-10','00:30:18',1,'App\\Models\\Tenant\\User',NULL,'0','desktop','0','0','0','0',NULL,NULL,NULL,'2022-11-10 00:30:18','2022-11-10 00:30:18'),(24,1,'login','2022-11-10','00:30:20',1,'App\\Models\\Tenant\\User',NULL,'0','desktop','0','0','0','0',NULL,NULL,NULL,'2022-11-10 00:30:20','2022-11-10 00:30:20'),(25,1,'login','2022-11-10','00:30:21',1,'App\\Models\\Tenant\\User',NULL,'0','desktop','0','0','0','0',NULL,NULL,NULL,'2022-11-10 00:30:21','2022-11-10 00:30:21'),(26,1,'login','2022-11-10','00:30:23',1,'App\\Models\\Tenant\\User',NULL,'0','desktop','0','0','0','0',NULL,NULL,NULL,'2022-11-10 00:30:23','2022-11-10 00:30:23'),(27,1,'login','2022-11-10','00:30:24',1,'App\\Models\\Tenant\\User',NULL,'0','desktop','0','0','0','0',NULL,NULL,NULL,'2022-11-10 00:30:24','2022-11-10 00:30:24'),(28,1,'login','2022-11-10','15:15:30',1,'App\\Models\\Tenant\\User','179.6.84.20','WebKit','phone','AndroidOS','12','Chrome','107.0.0.0',NULL,NULL,'{\"country_name\":\"Peru\",\"country_code\":\"PE\",\"region_code\":\"LAL\",\"region_name\":\"La Libertad\",\"city_name\":\"Trujillo\",\"latitude\":\"-8.1191\",\"longitude\":\"-79.0355\",\"timezone\":\"America\\/Lima\"}','2022-11-10 15:15:30','2022-11-10 15:15:30'),(29,1,'login','2022-11-10','16:12:18',1,'App\\Models\\Tenant\\User','190.236.1.91','WebKit','desktop','Windows','10.0','Chrome','107.0.0.0',NULL,NULL,'{\"country_name\":\"Peru\",\"country_code\":\"PE\",\"region_code\":\"LMA\",\"region_name\":\"Lima\",\"city_name\":\"Lima\",\"latitude\":\"-12.0464\",\"longitude\":\"-77.0428\",\"timezone\":\"America\\/Lima\"}','2022-11-10 16:12:18','2022-11-10 16:12:18'),(30,1,'login','2022-11-10','18:18:53',1,'App\\Models\\Tenant\\User','190.187.46.168','WebKit','desktop','Windows','10.0','Chrome','107.0.0.0',NULL,NULL,'{\"country_name\":\"Peru\",\"country_code\":\"PE\",\"region_code\":\"LMA\",\"region_name\":\"Lima\",\"city_name\":\"Lima\",\"latitude\":\"-12.0464\",\"longitude\":\"-77.0428\",\"timezone\":\"America\\/Lima\"}','2022-11-10 18:18:53','2022-11-10 18:18:53'),(31,1,'login','2022-11-11','00:00:03',1,'App\\Models\\Tenant\\User',NULL,'0','desktop','0','0','0','0',NULL,NULL,NULL,'2022-11-11 00:00:03','2022-11-11 00:00:03'),(32,1,'login','2022-11-11','00:00:03',1,'App\\Models\\Tenant\\User',NULL,'0','desktop','0','0','0','0',NULL,NULL,NULL,'2022-11-11 00:00:03','2022-11-11 00:00:03'),(33,1,'login','2022-11-11','00:00:30',1,'App\\Models\\Tenant\\User',NULL,'0','desktop','0','0','0','0',NULL,NULL,NULL,'2022-11-11 00:00:30','2022-11-11 00:00:30'),(34,1,'login','2022-11-11','00:00:31',1,'App\\Models\\Tenant\\User',NULL,'0','desktop','0','0','0','0',NULL,NULL,NULL,'2022-11-11 00:00:31','2022-11-11 00:00:31'),(35,1,'login','2022-11-11','00:00:31',1,'App\\Models\\Tenant\\User',NULL,'0','desktop','0','0','0','0',NULL,NULL,NULL,'2022-11-11 00:00:31','2022-11-11 00:00:31'),(36,1,'login','2022-11-11','00:00:32',1,'App\\Models\\Tenant\\User',NULL,'0','desktop','0','0','0','0',NULL,NULL,NULL,'2022-11-11 00:00:32','2022-11-11 00:00:32'),(37,1,'login','2022-11-11','00:00:33',1,'App\\Models\\Tenant\\User',NULL,'0','desktop','0','0','0','0',NULL,NULL,NULL,'2022-11-11 00:00:33','2022-11-11 00:00:33'),(38,1,'login','2022-11-11','00:00:34',1,'App\\Models\\Tenant\\User',NULL,'0','desktop','0','0','0','0',NULL,NULL,NULL,'2022-11-11 00:00:34','2022-11-11 00:00:34'),(39,1,'login','2022-11-11','00:00:34',1,'App\\Models\\Tenant\\User',NULL,'0','desktop','0','0','0','0',NULL,NULL,NULL,'2022-11-11 00:00:34','2022-11-11 00:00:34'),(40,1,'login','2022-11-11','00:00:35',1,'App\\Models\\Tenant\\User',NULL,'0','desktop','0','0','0','0',NULL,NULL,NULL,'2022-11-11 00:00:35','2022-11-11 00:00:35'),(41,1,'login','2022-11-11','00:00:36',1,'App\\Models\\Tenant\\User',NULL,'0','desktop','0','0','0','0',NULL,NULL,NULL,'2022-11-11 00:00:36','2022-11-11 00:00:36'),(42,1,'login','2022-11-11','00:00:37',1,'App\\Models\\Tenant\\User',NULL,'0','desktop','0','0','0','0',NULL,NULL,NULL,'2022-11-11 00:00:37','2022-11-11 00:00:37'),(43,1,'login','2022-11-11','00:30:01',1,'App\\Models\\Tenant\\User',NULL,'0','desktop','0','0','0','0',NULL,NULL,NULL,'2022-11-11 00:30:01','2022-11-11 00:30:01'),(44,1,'login','2022-11-11','00:30:01',1,'App\\Models\\Tenant\\User',NULL,'0','desktop','0','0','0','0',NULL,NULL,NULL,'2022-11-11 00:30:01','2022-11-11 00:30:01'),(45,1,'login','2022-11-11','00:30:05',1,'App\\Models\\Tenant\\User',NULL,'0','desktop','0','0','0','0',NULL,NULL,NULL,'2022-11-11 00:30:05','2022-11-11 00:30:05'),(46,1,'login','2022-11-11','00:30:07',1,'App\\Models\\Tenant\\User',NULL,'0','desktop','0','0','0','0',NULL,NULL,NULL,'2022-11-11 00:30:07','2022-11-11 00:30:07'),(47,1,'login','2022-11-11','00:30:08',1,'App\\Models\\Tenant\\User',NULL,'0','desktop','0','0','0','0',NULL,NULL,NULL,'2022-11-11 00:30:08','2022-11-11 00:30:08'),(48,1,'login','2022-11-11','00:30:10',1,'App\\Models\\Tenant\\User',NULL,'0','desktop','0','0','0','0',NULL,NULL,NULL,'2022-11-11 00:30:10','2022-11-11 00:30:10'),(49,1,'login','2022-11-11','00:30:11',1,'App\\Models\\Tenant\\User',NULL,'0','desktop','0','0','0','0',NULL,NULL,NULL,'2022-11-11 00:30:11','2022-11-11 00:30:11'),(50,1,'login','2022-11-11','00:30:12',1,'App\\Models\\Tenant\\User',NULL,'0','desktop','0','0','0','0',NULL,NULL,NULL,'2022-11-11 00:30:12','2022-11-11 00:30:12'),(51,1,'login','2022-11-11','00:30:14',1,'App\\Models\\Tenant\\User',NULL,'0','desktop','0','0','0','0',NULL,NULL,NULL,'2022-11-11 00:30:14','2022-11-11 00:30:14'),(52,1,'login','2022-11-11','00:30:15',1,'App\\Models\\Tenant\\User',NULL,'0','desktop','0','0','0','0',NULL,NULL,NULL,'2022-11-11 00:30:15','2022-11-11 00:30:15'),(53,1,'login','2022-11-11','00:30:16',1,'App\\Models\\Tenant\\User',NULL,'0','desktop','0','0','0','0',NULL,NULL,NULL,'2022-11-11 00:30:16','2022-11-11 00:30:16'),(54,1,'login','2022-11-11','00:30:17',1,'App\\Models\\Tenant\\User',NULL,'0','desktop','0','0','0','0',NULL,NULL,NULL,'2022-11-11 00:30:17','2022-11-11 00:30:17'),(55,1,'login','2022-11-11','07:32:40',1,'App\\Models\\Tenant\\User','190.187.46.168','WebKit','desktop','Windows','10.0','Chrome','107.0.0.0',NULL,NULL,'{\"country_name\":\"Peru\",\"country_code\":\"PE\",\"region_code\":\"LMA\",\"region_name\":\"Lima\",\"city_name\":\"Lima\",\"latitude\":\"-12.0464\",\"longitude\":\"-77.0428\",\"timezone\":\"America\\/Lima\"}','2022-11-11 07:32:40','2022-11-11 07:32:40'),(56,1,'login','2022-11-11','09:36:39',1,'App\\Models\\Tenant\\User','179.6.81.216','WebKit','phone','AndroidOS','12','Chrome','107.0.0.0',NULL,NULL,'{\"country_name\":\"Peru\",\"country_code\":\"PE\",\"region_code\":\"LMA\",\"region_name\":\"Lima\",\"city_name\":\"Lima\",\"latitude\":\"-12.0464\",\"longitude\":\"-77.0428\",\"timezone\":\"America\\/Lima\"}','2022-11-11 09:36:39','2022-11-11 09:36:39'),(57,1,'login','2022-11-11','09:36:54',1,'App\\Models\\Tenant\\User','179.6.81.216','WebKit','phone','AndroidOS','12','Chrome','107.0.0.0',NULL,NULL,'{\"country_name\":\"Peru\",\"country_code\":\"PE\",\"region_code\":\"LMA\",\"region_name\":\"Lima\",\"city_name\":\"Lima\",\"latitude\":\"-12.0464\",\"longitude\":\"-77.0428\",\"timezone\":\"America\\/Lima\"}','2022-11-11 09:36:54','2022-11-11 09:36:54'),(58,1,'login','2022-11-11','12:39:50',1,'App\\Models\\Tenant\\User','190.187.46.168','WebKit','desktop','Windows','10.0','Chrome','107.0.0.0',NULL,NULL,'{\"country_name\":\"Peru\",\"country_code\":\"PE\",\"region_code\":\"LMA\",\"region_name\":\"Lima\",\"city_name\":\"Lima\",\"latitude\":\"-12.0464\",\"longitude\":\"-77.0428\",\"timezone\":\"America\\/Lima\"}','2022-11-11 12:39:50','2022-11-11 12:39:50'),(59,1,'login','2022-11-11','15:44:12',1,'App\\Models\\Tenant\\User','190.232.201.154','WebKit','desktop','Windows','10.0','Chrome','107.0.0.0',NULL,NULL,'{\"country_name\":\"Peru\",\"country_code\":\"PE\",\"region_code\":\"LMA\",\"region_name\":\"Lima\",\"city_name\":\"Lima\",\"latitude\":\"-12.0464\",\"longitude\":\"-77.0428\",\"timezone\":\"America\\/Lima\"}','2022-11-11 15:44:12','2022-11-11 15:44:12'),(60,1,'login','2022-11-12','00:00:03',1,'App\\Models\\Tenant\\User',NULL,'0','desktop','0','0','0','0',NULL,NULL,NULL,'2022-11-12 00:00:03','2022-11-12 00:00:03'),(61,1,'login','2022-11-12','00:00:03',1,'App\\Models\\Tenant\\User',NULL,'0','desktop','0','0','0','0',NULL,NULL,NULL,'2022-11-12 00:00:03','2022-11-12 00:00:03'),(62,1,'login','2022-11-12','00:00:33',1,'App\\Models\\Tenant\\User',NULL,'0','desktop','0','0','0','0',NULL,NULL,NULL,'2022-11-12 00:00:33','2022-11-12 00:00:33'),(63,1,'login','2022-11-12','00:00:34',1,'App\\Models\\Tenant\\User',NULL,'0','desktop','0','0','0','0',NULL,NULL,NULL,'2022-11-12 00:00:34','2022-11-12 00:00:34'),(64,1,'login','2022-11-12','00:00:35',1,'App\\Models\\Tenant\\User',NULL,'0','desktop','0','0','0','0',NULL,NULL,NULL,'2022-11-12 00:00:35','2022-11-12 00:00:35'),(65,1,'login','2022-11-12','00:00:37',1,'App\\Models\\Tenant\\User',NULL,'0','desktop','0','0','0','0',NULL,NULL,NULL,'2022-11-12 00:00:37','2022-11-12 00:00:37'),(66,1,'login','2022-11-12','00:00:38',1,'App\\Models\\Tenant\\User',NULL,'0','desktop','0','0','0','0',NULL,NULL,NULL,'2022-11-12 00:00:38','2022-11-12 00:00:38'),(67,1,'login','2022-11-12','00:00:38',1,'App\\Models\\Tenant\\User',NULL,'0','desktop','0','0','0','0',NULL,NULL,NULL,'2022-11-12 00:00:38','2022-11-12 00:00:38'),(68,1,'login','2022-11-12','00:00:39',1,'App\\Models\\Tenant\\User',NULL,'0','desktop','0','0','0','0',NULL,NULL,NULL,'2022-11-12 00:00:39','2022-11-12 00:00:39'),(69,1,'login','2022-11-12','00:00:41',1,'App\\Models\\Tenant\\User',NULL,'0','desktop','0','0','0','0',NULL,NULL,NULL,'2022-11-12 00:00:41','2022-11-12 00:00:41'),(70,1,'login','2022-11-12','00:00:41',1,'App\\Models\\Tenant\\User',NULL,'0','desktop','0','0','0','0',NULL,NULL,NULL,'2022-11-12 00:00:41','2022-11-12 00:00:41'),(71,1,'login','2022-11-12','00:00:42',1,'App\\Models\\Tenant\\User',NULL,'0','desktop','0','0','0','0',NULL,NULL,NULL,'2022-11-12 00:00:42','2022-11-12 00:00:42'),(72,1,'login','2022-11-12','00:30:02',1,'App\\Models\\Tenant\\User',NULL,'0','desktop','0','0','0','0',NULL,NULL,NULL,'2022-11-12 00:30:02','2022-11-12 00:30:02'),(73,1,'login','2022-11-12','00:30:02',1,'App\\Models\\Tenant\\User',NULL,'0','desktop','0','0','0','0',NULL,NULL,NULL,'2022-11-12 00:30:02','2022-11-12 00:30:02'),(74,1,'login','2022-11-12','00:30:09',1,'App\\Models\\Tenant\\User',NULL,'0','desktop','0','0','0','0',NULL,NULL,NULL,'2022-11-12 00:30:09','2022-11-12 00:30:09'),(75,1,'login','2022-11-12','00:30:10',1,'App\\Models\\Tenant\\User',NULL,'0','desktop','0','0','0','0',NULL,NULL,NULL,'2022-11-12 00:30:10','2022-11-12 00:30:10'),(76,1,'login','2022-11-12','00:30:11',1,'App\\Models\\Tenant\\User',NULL,'0','desktop','0','0','0','0',NULL,NULL,NULL,'2022-11-12 00:30:11','2022-11-12 00:30:11'),(77,1,'login','2022-11-12','00:30:13',1,'App\\Models\\Tenant\\User',NULL,'0','desktop','0','0','0','0',NULL,NULL,NULL,'2022-11-12 00:30:13','2022-11-12 00:30:13'),(78,1,'login','2022-11-12','00:30:14',1,'App\\Models\\Tenant\\User',NULL,'0','desktop','0','0','0','0',NULL,NULL,NULL,'2022-11-12 00:30:14','2022-11-12 00:30:14'),(79,1,'login','2022-11-12','00:30:15',1,'App\\Models\\Tenant\\User',NULL,'0','desktop','0','0','0','0',NULL,NULL,NULL,'2022-11-12 00:30:15','2022-11-12 00:30:15'),(80,1,'login','2022-11-12','00:30:16',1,'App\\Models\\Tenant\\User',NULL,'0','desktop','0','0','0','0',NULL,NULL,NULL,'2022-11-12 00:30:16','2022-11-12 00:30:16'),(81,1,'login','2022-11-12','00:30:17',1,'App\\Models\\Tenant\\User',NULL,'0','desktop','0','0','0','0',NULL,NULL,NULL,'2022-11-12 00:30:17','2022-11-12 00:30:17'),(82,1,'login','2022-11-12','00:30:18',1,'App\\Models\\Tenant\\User',NULL,'0','desktop','0','0','0','0',NULL,NULL,NULL,'2022-11-12 00:30:18','2022-11-12 00:30:18'),(83,1,'login','2022-11-12','00:30:20',1,'App\\Models\\Tenant\\User',NULL,'0','desktop','0','0','0','0',NULL,NULL,NULL,'2022-11-12 00:30:20','2022-11-12 00:30:20'),(84,1,'login','2022-11-13','00:00:02',1,'App\\Models\\Tenant\\User',NULL,'0','desktop','0','0','0','0',NULL,NULL,NULL,'2022-11-13 00:00:02','2022-11-13 00:00:02'),(85,1,'login','2022-11-13','00:00:02',1,'App\\Models\\Tenant\\User',NULL,'0','desktop','0','0','0','0',NULL,NULL,NULL,'2022-11-13 00:00:02','2022-11-13 00:00:02'),(86,1,'login','2022-11-13','00:00:25',1,'App\\Models\\Tenant\\User',NULL,'0','desktop','0','0','0','0',NULL,NULL,NULL,'2022-11-13 00:00:25','2022-11-13 00:00:25'),(87,1,'login','2022-11-13','00:00:27',1,'App\\Models\\Tenant\\User',NULL,'0','desktop','0','0','0','0',NULL,NULL,NULL,'2022-11-13 00:00:27','2022-11-13 00:00:27'),(88,1,'login','2022-11-13','00:00:28',1,'App\\Models\\Tenant\\User',NULL,'0','desktop','0','0','0','0',NULL,NULL,NULL,'2022-11-13 00:00:28','2022-11-13 00:00:28'),(89,1,'login','2022-11-13','00:00:29',1,'App\\Models\\Tenant\\User',NULL,'0','desktop','0','0','0','0',NULL,NULL,NULL,'2022-11-13 00:00:29','2022-11-13 00:00:29'),(90,1,'login','2022-11-13','00:00:30',1,'App\\Models\\Tenant\\User',NULL,'0','desktop','0','0','0','0',NULL,NULL,NULL,'2022-11-13 00:00:30','2022-11-13 00:00:30'),(91,1,'login','2022-11-13','00:00:31',1,'App\\Models\\Tenant\\User',NULL,'0','desktop','0','0','0','0',NULL,NULL,NULL,'2022-11-13 00:00:31','2022-11-13 00:00:31'),(92,1,'login','2022-11-13','00:00:33',1,'App\\Models\\Tenant\\User',NULL,'0','desktop','0','0','0','0',NULL,NULL,NULL,'2022-11-13 00:00:33','2022-11-13 00:00:33'),(93,1,'login','2022-11-13','00:00:34',1,'App\\Models\\Tenant\\User',NULL,'0','desktop','0','0','0','0',NULL,NULL,NULL,'2022-11-13 00:00:34','2022-11-13 00:00:34'),(94,1,'login','2022-11-13','00:00:35',1,'App\\Models\\Tenant\\User',NULL,'0','desktop','0','0','0','0',NULL,NULL,NULL,'2022-11-13 00:00:35','2022-11-13 00:00:35'),(95,1,'login','2022-11-13','00:00:36',1,'App\\Models\\Tenant\\User',NULL,'0','desktop','0','0','0','0',NULL,NULL,NULL,'2022-11-13 00:00:36','2022-11-13 00:00:36'),(96,1,'login','2022-11-13','00:30:02',1,'App\\Models\\Tenant\\User',NULL,'0','desktop','0','0','0','0',NULL,NULL,NULL,'2022-11-13 00:30:02','2022-11-13 00:30:02'),(97,1,'login','2022-11-13','00:30:02',1,'App\\Models\\Tenant\\User',NULL,'0','desktop','0','0','0','0',NULL,NULL,NULL,'2022-11-13 00:30:02','2022-11-13 00:30:02'),(98,1,'login','2022-11-13','00:30:05',1,'App\\Models\\Tenant\\User',NULL,'0','desktop','0','0','0','0',NULL,NULL,NULL,'2022-11-13 00:30:05','2022-11-13 00:30:05'),(99,1,'login','2022-11-13','00:30:07',1,'App\\Models\\Tenant\\User',NULL,'0','desktop','0','0','0','0',NULL,NULL,NULL,'2022-11-13 00:30:07','2022-11-13 00:30:07'),(100,1,'login','2022-11-13','00:30:08',1,'App\\Models\\Tenant\\User',NULL,'0','desktop','0','0','0','0',NULL,NULL,NULL,'2022-11-13 00:30:08','2022-11-13 00:30:08'),(101,1,'login','2022-11-13','00:30:10',1,'App\\Models\\Tenant\\User',NULL,'0','desktop','0','0','0','0',NULL,NULL,NULL,'2022-11-13 00:30:10','2022-11-13 00:30:10'),(102,1,'login','2022-11-13','00:30:11',1,'App\\Models\\Tenant\\User',NULL,'0','desktop','0','0','0','0',NULL,NULL,NULL,'2022-11-13 00:30:11','2022-11-13 00:30:11'),(103,1,'login','2022-11-13','00:30:12',1,'App\\Models\\Tenant\\User',NULL,'0','desktop','0','0','0','0',NULL,NULL,NULL,'2022-11-13 00:30:12','2022-11-13 00:30:12'),(104,1,'login','2022-11-13','00:30:13',1,'App\\Models\\Tenant\\User',NULL,'0','desktop','0','0','0','0',NULL,NULL,NULL,'2022-11-13 00:30:13','2022-11-13 00:30:13'),(105,1,'login','2022-11-13','00:30:14',1,'App\\Models\\Tenant\\User',NULL,'0','desktop','0','0','0','0',NULL,NULL,NULL,'2022-11-13 00:30:14','2022-11-13 00:30:14'),(106,1,'login','2022-11-13','00:30:16',1,'App\\Models\\Tenant\\User',NULL,'0','desktop','0','0','0','0',NULL,NULL,NULL,'2022-11-13 00:30:16','2022-11-13 00:30:16'),(107,1,'login','2022-11-13','00:30:17',1,'App\\Models\\Tenant\\User',NULL,'0','desktop','0','0','0','0',NULL,NULL,NULL,'2022-11-13 00:30:17','2022-11-13 00:30:17'),(108,1,'login','2022-11-14','00:00:10',1,'App\\Models\\Tenant\\User',NULL,'0','desktop','0','0','0','0',NULL,NULL,NULL,'2022-11-14 00:00:10','2022-11-14 00:00:10'),(109,1,'login','2022-11-14','00:00:10',1,'App\\Models\\Tenant\\User',NULL,'0','desktop','0','0','0','0',NULL,NULL,NULL,'2022-11-14 00:00:10','2022-11-14 00:00:10'),(110,1,'login','2022-11-14','00:00:34',1,'App\\Models\\Tenant\\User',NULL,'0','desktop','0','0','0','0',NULL,NULL,NULL,'2022-11-14 00:00:34','2022-11-14 00:00:34'),(111,1,'login','2022-11-14','00:00:35',1,'App\\Models\\Tenant\\User',NULL,'0','desktop','0','0','0','0',NULL,NULL,NULL,'2022-11-14 00:00:35','2022-11-14 00:00:35'),(112,1,'login','2022-11-14','00:00:36',1,'App\\Models\\Tenant\\User',NULL,'0','desktop','0','0','0','0',NULL,NULL,NULL,'2022-11-14 00:00:36','2022-11-14 00:00:36'),(113,1,'login','2022-11-14','00:00:37',1,'App\\Models\\Tenant\\User',NULL,'0','desktop','0','0','0','0',NULL,NULL,NULL,'2022-11-14 00:00:37','2022-11-14 00:00:37'),(114,1,'login','2022-11-14','00:00:37',1,'App\\Models\\Tenant\\User',NULL,'0','desktop','0','0','0','0',NULL,NULL,NULL,'2022-11-14 00:00:37','2022-11-14 00:00:37'),(115,1,'login','2022-11-14','00:00:38',1,'App\\Models\\Tenant\\User',NULL,'0','desktop','0','0','0','0',NULL,NULL,NULL,'2022-11-14 00:00:38','2022-11-14 00:00:38'),(116,1,'login','2022-11-14','00:00:39',1,'App\\Models\\Tenant\\User',NULL,'0','desktop','0','0','0','0',NULL,NULL,NULL,'2022-11-14 00:00:39','2022-11-14 00:00:39'),(117,1,'login','2022-11-14','00:00:40',1,'App\\Models\\Tenant\\User',NULL,'0','desktop','0','0','0','0',NULL,NULL,NULL,'2022-11-14 00:00:40','2022-11-14 00:00:40'),(118,1,'login','2022-11-14','00:00:41',1,'App\\Models\\Tenant\\User',NULL,'0','desktop','0','0','0','0',NULL,NULL,NULL,'2022-11-14 00:00:41','2022-11-14 00:00:41'),(119,1,'login','2022-11-14','00:00:41',1,'App\\Models\\Tenant\\User',NULL,'0','desktop','0','0','0','0',NULL,NULL,NULL,'2022-11-14 00:00:41','2022-11-14 00:00:41'),(120,1,'login','2022-11-14','00:30:02',1,'App\\Models\\Tenant\\User',NULL,'0','desktop','0','0','0','0',NULL,NULL,NULL,'2022-11-14 00:30:02','2022-11-14 00:30:02'),(121,1,'login','2022-11-14','00:30:02',1,'App\\Models\\Tenant\\User',NULL,'0','desktop','0','0','0','0',NULL,NULL,NULL,'2022-11-14 00:30:02','2022-11-14 00:30:02'),(122,1,'login','2022-11-14','00:30:04',1,'App\\Models\\Tenant\\User',NULL,'0','desktop','0','0','0','0',NULL,NULL,NULL,'2022-11-14 00:30:04','2022-11-14 00:30:04'),(123,1,'login','2022-11-14','00:30:06',1,'App\\Models\\Tenant\\User',NULL,'0','desktop','0','0','0','0',NULL,NULL,NULL,'2022-11-14 00:30:06','2022-11-14 00:30:06'),(124,1,'login','2022-11-14','00:30:07',1,'App\\Models\\Tenant\\User',NULL,'0','desktop','0','0','0','0',NULL,NULL,NULL,'2022-11-14 00:30:07','2022-11-14 00:30:07'),(125,1,'login','2022-11-14','00:30:08',1,'App\\Models\\Tenant\\User',NULL,'0','desktop','0','0','0','0',NULL,NULL,NULL,'2022-11-14 00:30:08','2022-11-14 00:30:08'),(126,1,'login','2022-11-14','00:30:10',1,'App\\Models\\Tenant\\User',NULL,'0','desktop','0','0','0','0',NULL,NULL,NULL,'2022-11-14 00:30:10','2022-11-14 00:30:10'),(127,1,'login','2022-11-14','00:30:11',1,'App\\Models\\Tenant\\User',NULL,'0','desktop','0','0','0','0',NULL,NULL,NULL,'2022-11-14 00:30:11','2022-11-14 00:30:11'),(128,1,'login','2022-11-14','00:30:13',1,'App\\Models\\Tenant\\User',NULL,'0','desktop','0','0','0','0',NULL,NULL,NULL,'2022-11-14 00:30:13','2022-11-14 00:30:13'),(129,1,'login','2022-11-14','00:30:14',1,'App\\Models\\Tenant\\User',NULL,'0','desktop','0','0','0','0',NULL,NULL,NULL,'2022-11-14 00:30:14','2022-11-14 00:30:14'),(130,1,'login','2022-11-14','00:30:15',1,'App\\Models\\Tenant\\User',NULL,'0','desktop','0','0','0','0',NULL,NULL,NULL,'2022-11-14 00:30:15','2022-11-14 00:30:15'),(131,1,'login','2022-11-14','00:30:16',1,'App\\Models\\Tenant\\User',NULL,'0','desktop','0','0','0','0',NULL,NULL,NULL,'2022-11-14 00:30:16','2022-11-14 00:30:16'),(132,1,'login','2022-11-14','11:03:49',1,'App\\Models\\Tenant\\User','190.187.46.168','WebKit','desktop','Windows','10.0','Chrome','107.0.0.0',NULL,NULL,'{\"country_name\":\"Peru\",\"country_code\":\"PE\",\"region_code\":\"LMA\",\"region_name\":\"Lima\",\"city_name\":\"Lima\",\"latitude\":\"-12.0464\",\"longitude\":\"-77.0428\",\"timezone\":\"America\\/Lima\"}','2022-11-14 11:03:49','2022-11-14 11:03:49'),(133,1,'login','2022-11-14','11:03:49',1,'App\\Models\\Tenant\\User','190.187.46.168','WebKit','desktop','Windows','10.0','Chrome','107.0.0.0',NULL,NULL,'{\"country_name\":\"Peru\",\"country_code\":\"PE\",\"region_code\":\"LMA\",\"region_name\":\"Lima\",\"city_name\":\"Lima\",\"latitude\":\"-12.0464\",\"longitude\":\"-77.0428\",\"timezone\":\"America\\/Lima\"}','2022-11-14 11:03:49','2022-11-14 11:03:49'),(134,1,'login','2022-11-14','11:44:05',1,'App\\Models\\Tenant\\User','190.232.176.34','WebKit','desktop','Windows','10.0','Chrome','107.0.0.0',NULL,NULL,'{\"country_name\":\"Peru\",\"country_code\":\"PE\",\"region_code\":\"LMA\",\"region_name\":\"Lima\",\"city_name\":\"Lima\",\"latitude\":\"-12.0464\",\"longitude\":\"-77.0428\",\"timezone\":\"America\\/Lima\"}','2022-11-14 11:44:05','2022-11-14 11:44:05'),(135,1,'login','2022-11-14','16:20:24',1,'App\\Models\\Tenant\\User','190.187.46.168','WebKit','desktop','Windows','10.0','Chrome','107.0.0.0',NULL,NULL,'{\"country_name\":\"Peru\",\"country_code\":\"PE\",\"region_code\":\"LMA\",\"region_name\":\"Lima\",\"city_name\":\"Lima\",\"latitude\":\"-12.0464\",\"longitude\":\"-77.0428\",\"timezone\":\"America\\/Lima\"}','2022-11-14 16:20:24','2022-11-14 16:20:24'),(136,1,'login','2022-11-14','17:48:33',1,'App\\Models\\Tenant\\User','190.232.176.34','WebKit','desktop','Windows','10.0','Chrome','107.0.0.0',NULL,NULL,'{\"country_name\":\"Peru\",\"country_code\":\"PE\",\"region_code\":\"LMA\",\"region_name\":\"Lima\",\"city_name\":\"Lima\",\"latitude\":\"-12.0464\",\"longitude\":\"-77.0428\",\"timezone\":\"America\\/Lima\"}','2022-11-14 17:48:33','2022-11-14 17:48:33'),(137,1,'login','2022-11-15','00:00:03',1,'App\\Models\\Tenant\\User',NULL,'0','desktop','0','0','0','0',NULL,NULL,NULL,'2022-11-15 00:00:03','2022-11-15 00:00:03'),(138,1,'login','2022-11-15','00:00:03',1,'App\\Models\\Tenant\\User',NULL,'0','desktop','0','0','0','0',NULL,NULL,NULL,'2022-11-15 00:00:03','2022-11-15 00:00:03'),(139,1,'login','2022-11-15','00:00:29',1,'App\\Models\\Tenant\\User',NULL,'0','desktop','0','0','0','0',NULL,NULL,NULL,'2022-11-15 00:00:29','2022-11-15 00:00:29'),(140,1,'login','2022-11-15','00:00:30',1,'App\\Models\\Tenant\\User',NULL,'0','desktop','0','0','0','0',NULL,NULL,NULL,'2022-11-15 00:00:30','2022-11-15 00:00:30'),(141,1,'login','2022-11-15','00:00:31',1,'App\\Models\\Tenant\\User',NULL,'0','desktop','0','0','0','0',NULL,NULL,NULL,'2022-11-15 00:00:31','2022-11-15 00:00:31'),(142,1,'login','2022-11-15','00:00:32',1,'App\\Models\\Tenant\\User',NULL,'0','desktop','0','0','0','0',NULL,NULL,NULL,'2022-11-15 00:00:32','2022-11-15 00:00:32'),(143,1,'login','2022-11-15','00:00:33',1,'App\\Models\\Tenant\\User',NULL,'0','desktop','0','0','0','0',NULL,NULL,NULL,'2022-11-15 00:00:33','2022-11-15 00:00:33'),(144,1,'login','2022-11-15','00:00:34',1,'App\\Models\\Tenant\\User',NULL,'0','desktop','0','0','0','0',NULL,NULL,NULL,'2022-11-15 00:00:34','2022-11-15 00:00:34'),(145,1,'login','2022-11-15','00:00:35',1,'App\\Models\\Tenant\\User',NULL,'0','desktop','0','0','0','0',NULL,NULL,NULL,'2022-11-15 00:00:35','2022-11-15 00:00:35'),(146,1,'login','2022-11-15','00:00:36',1,'App\\Models\\Tenant\\User',NULL,'0','desktop','0','0','0','0',NULL,NULL,NULL,'2022-11-15 00:00:36','2022-11-15 00:00:36'),(147,1,'login','2022-11-15','00:00:37',1,'App\\Models\\Tenant\\User',NULL,'0','desktop','0','0','0','0',NULL,NULL,NULL,'2022-11-15 00:00:37','2022-11-15 00:00:37'),(148,1,'login','2022-11-15','00:00:38',1,'App\\Models\\Tenant\\User',NULL,'0','desktop','0','0','0','0',NULL,NULL,NULL,'2022-11-15 00:00:38','2022-11-15 00:00:38'),(149,1,'login','2022-11-15','00:30:02',1,'App\\Models\\Tenant\\User',NULL,'0','desktop','0','0','0','0',NULL,NULL,NULL,'2022-11-15 00:30:02','2022-11-15 00:30:02'),(150,1,'login','2022-11-15','00:30:02',1,'App\\Models\\Tenant\\User',NULL,'0','desktop','0','0','0','0',NULL,NULL,NULL,'2022-11-15 00:30:02','2022-11-15 00:30:02'),(151,1,'login','2022-11-15','00:30:08',1,'App\\Models\\Tenant\\User',NULL,'0','desktop','0','0','0','0',NULL,NULL,NULL,'2022-11-15 00:30:08','2022-11-15 00:30:08'),(152,1,'login','2022-11-15','00:30:10',1,'App\\Models\\Tenant\\User',NULL,'0','desktop','0','0','0','0',NULL,NULL,NULL,'2022-11-15 00:30:10','2022-11-15 00:30:10'),(153,1,'login','2022-11-15','00:30:11',1,'App\\Models\\Tenant\\User',NULL,'0','desktop','0','0','0','0',NULL,NULL,NULL,'2022-11-15 00:30:11','2022-11-15 00:30:11'),(154,1,'login','2022-11-15','00:30:12',1,'App\\Models\\Tenant\\User',NULL,'0','desktop','0','0','0','0',NULL,NULL,NULL,'2022-11-15 00:30:12','2022-11-15 00:30:12'),(155,1,'login','2022-11-15','00:30:14',1,'App\\Models\\Tenant\\User',NULL,'0','desktop','0','0','0','0',NULL,NULL,NULL,'2022-11-15 00:30:14','2022-11-15 00:30:14'),(156,1,'login','2022-11-15','00:30:15',1,'App\\Models\\Tenant\\User',NULL,'0','desktop','0','0','0','0',NULL,NULL,NULL,'2022-11-15 00:30:15','2022-11-15 00:30:15'),(157,1,'login','2022-11-15','00:30:16',1,'App\\Models\\Tenant\\User',NULL,'0','desktop','0','0','0','0',NULL,NULL,NULL,'2022-11-15 00:30:16','2022-11-15 00:30:16'),(158,1,'login','2022-11-15','00:30:17',1,'App\\Models\\Tenant\\User',NULL,'0','desktop','0','0','0','0',NULL,NULL,NULL,'2022-11-15 00:30:17','2022-11-15 00:30:17'),(159,1,'login','2022-11-15','00:30:18',1,'App\\Models\\Tenant\\User',NULL,'0','desktop','0','0','0','0',NULL,NULL,NULL,'2022-11-15 00:30:18','2022-11-15 00:30:18'),(160,1,'login','2022-11-15','00:30:19',1,'App\\Models\\Tenant\\User',NULL,'0','desktop','0','0','0','0',NULL,NULL,NULL,'2022-11-15 00:30:19','2022-11-15 00:30:19'),(161,1,'login','2022-11-15','08:52:40',1,'App\\Models\\Tenant\\User','190.187.46.168','WebKit','desktop','Windows','10.0','Chrome','107.0.0.0',NULL,NULL,'{\"country_name\":\"Peru\",\"country_code\":\"PE\",\"region_code\":\"LMA\",\"region_name\":\"Lima\",\"city_name\":\"Lima\",\"latitude\":\"-12.0464\",\"longitude\":\"-77.0428\",\"timezone\":\"America\\/Lima\"}','2022-11-15 08:52:40','2022-11-15 08:52:40'),(162,1,'login','2022-11-16','00:00:03',1,'App\\Models\\Tenant\\User',NULL,'0','desktop','0','0','0','0',NULL,NULL,NULL,'2022-11-16 00:00:03','2022-11-16 00:00:03'),(163,1,'login','2022-11-16','00:00:03',1,'App\\Models\\Tenant\\User',NULL,'0','desktop','0','0','0','0',NULL,NULL,NULL,'2022-11-16 00:00:03','2022-11-16 00:00:03'),(164,1,'login','2022-11-16','00:00:32',1,'App\\Models\\Tenant\\User',NULL,'0','desktop','0','0','0','0',NULL,NULL,NULL,'2022-11-16 00:00:32','2022-11-16 00:00:32'),(165,1,'login','2022-11-16','00:00:33',1,'App\\Models\\Tenant\\User',NULL,'0','desktop','0','0','0','0',NULL,NULL,NULL,'2022-11-16 00:00:33','2022-11-16 00:00:33'),(166,1,'login','2022-11-16','00:00:34',1,'App\\Models\\Tenant\\User',NULL,'0','desktop','0','0','0','0',NULL,NULL,NULL,'2022-11-16 00:00:34','2022-11-16 00:00:34'),(167,1,'login','2022-11-16','00:00:35',1,'App\\Models\\Tenant\\User',NULL,'0','desktop','0','0','0','0',NULL,NULL,NULL,'2022-11-16 00:00:35','2022-11-16 00:00:35'),(168,1,'login','2022-11-16','00:00:36',1,'App\\Models\\Tenant\\User',NULL,'0','desktop','0','0','0','0',NULL,NULL,NULL,'2022-11-16 00:00:36','2022-11-16 00:00:36'),(169,1,'login','2022-11-16','00:00:38',1,'App\\Models\\Tenant\\User',NULL,'0','desktop','0','0','0','0',NULL,NULL,NULL,'2022-11-16 00:00:38','2022-11-16 00:00:38'),(170,1,'login','2022-11-16','00:00:40',1,'App\\Models\\Tenant\\User',NULL,'0','desktop','0','0','0','0',NULL,NULL,NULL,'2022-11-16 00:00:40','2022-11-16 00:00:40'),(171,1,'login','2022-11-16','00:00:41',1,'App\\Models\\Tenant\\User',NULL,'0','desktop','0','0','0','0',NULL,NULL,NULL,'2022-11-16 00:00:41','2022-11-16 00:00:41'),(172,1,'login','2022-11-16','00:00:42',1,'App\\Models\\Tenant\\User',NULL,'0','desktop','0','0','0','0',NULL,NULL,NULL,'2022-11-16 00:00:42','2022-11-16 00:00:42'),(173,1,'login','2022-11-16','00:00:44',1,'App\\Models\\Tenant\\User',NULL,'0','desktop','0','0','0','0',NULL,NULL,NULL,'2022-11-16 00:00:44','2022-11-16 00:00:44'),(174,1,'login','2022-11-16','00:30:02',1,'App\\Models\\Tenant\\User',NULL,'0','desktop','0','0','0','0',NULL,NULL,NULL,'2022-11-16 00:30:02','2022-11-16 00:30:02'),(175,1,'login','2022-11-16','00:30:02',1,'App\\Models\\Tenant\\User',NULL,'0','desktop','0','0','0','0',NULL,NULL,NULL,'2022-11-16 00:30:02','2022-11-16 00:30:02'),(176,1,'login','2022-11-16','00:30:08',1,'App\\Models\\Tenant\\User',NULL,'0','desktop','0','0','0','0',NULL,NULL,NULL,'2022-11-16 00:30:08','2022-11-16 00:30:08'),(177,1,'login','2022-11-16','00:30:10',1,'App\\Models\\Tenant\\User',NULL,'0','desktop','0','0','0','0',NULL,NULL,NULL,'2022-11-16 00:30:10','2022-11-16 00:30:10'),(178,1,'login','2022-11-16','00:30:13',1,'App\\Models\\Tenant\\User',NULL,'0','desktop','0','0','0','0',NULL,NULL,NULL,'2022-11-16 00:30:13','2022-11-16 00:30:13'),(179,1,'login','2022-11-16','00:30:15',1,'App\\Models\\Tenant\\User',NULL,'0','desktop','0','0','0','0',NULL,NULL,NULL,'2022-11-16 00:30:15','2022-11-16 00:30:15'),(180,1,'login','2022-11-16','00:30:17',1,'App\\Models\\Tenant\\User',NULL,'0','desktop','0','0','0','0',NULL,NULL,NULL,'2022-11-16 00:30:17','2022-11-16 00:30:17'),(181,1,'login','2022-11-16','00:30:19',1,'App\\Models\\Tenant\\User',NULL,'0','desktop','0','0','0','0',NULL,NULL,NULL,'2022-11-16 00:30:19','2022-11-16 00:30:19'),(182,1,'login','2022-11-16','00:30:20',1,'App\\Models\\Tenant\\User',NULL,'0','desktop','0','0','0','0',NULL,NULL,NULL,'2022-11-16 00:30:20','2022-11-16 00:30:20'),(183,1,'login','2022-11-16','00:30:22',1,'App\\Models\\Tenant\\User',NULL,'0','desktop','0','0','0','0',NULL,NULL,NULL,'2022-11-16 00:30:22','2022-11-16 00:30:22'),(184,1,'login','2022-11-16','00:30:23',1,'App\\Models\\Tenant\\User',NULL,'0','desktop','0','0','0','0',NULL,NULL,NULL,'2022-11-16 00:30:23','2022-11-16 00:30:23'),(185,1,'login','2022-11-16','00:30:25',1,'App\\Models\\Tenant\\User',NULL,'0','desktop','0','0','0','0',NULL,NULL,NULL,'2022-11-16 00:30:25','2022-11-16 00:30:25'),(186,1,'login','2022-11-16','15:11:39',1,'App\\Models\\Tenant\\User','190.187.46.168','WebKit','desktop','Windows','10.0','Chrome','107.0.0.0',NULL,NULL,'{\"country_name\":\"Peru\",\"country_code\":\"PE\",\"region_code\":\"LMA\",\"region_name\":\"Lima\",\"city_name\":\"Lima\",\"latitude\":\"-12.0464\",\"longitude\":\"-77.0428\",\"timezone\":\"America\\/Lima\"}','2022-11-16 15:11:39','2022-11-16 15:11:39'),(187,1,'login','2022-11-16','17:30:11',1,'App\\Models\\Tenant\\User','190.187.46.168','WebKit','desktop','Windows','10.0','Chrome','107.0.0.0',NULL,NULL,'{\"country_name\":\"Peru\",\"country_code\":\"PE\",\"region_code\":\"LMA\",\"region_name\":\"Lima\",\"city_name\":\"Lima\",\"latitude\":\"-12.0464\",\"longitude\":\"-77.0428\",\"timezone\":\"America\\/Lima\"}','2022-11-16 17:30:11','2022-11-16 17:30:11'),(188,1,'login','2022-11-17','00:00:05',1,'App\\Models\\Tenant\\User',NULL,'0','desktop','0','0','0','0',NULL,NULL,NULL,'2022-11-17 00:00:05','2022-11-17 00:00:05'),(189,1,'login','2022-11-17','00:00:05',1,'App\\Models\\Tenant\\User',NULL,'0','desktop','0','0','0','0',NULL,NULL,NULL,'2022-11-17 00:00:05','2022-11-17 00:00:05'),(190,1,'login','2022-11-17','00:00:32',1,'App\\Models\\Tenant\\User',NULL,'0','desktop','0','0','0','0',NULL,NULL,NULL,'2022-11-17 00:00:32','2022-11-17 00:00:32'),(191,1,'login','2022-11-17','00:00:33',1,'App\\Models\\Tenant\\User',NULL,'0','desktop','0','0','0','0',NULL,NULL,NULL,'2022-11-17 00:00:33','2022-11-17 00:00:33'),(192,1,'login','2022-11-17','00:00:35',1,'App\\Models\\Tenant\\User',NULL,'0','desktop','0','0','0','0',NULL,NULL,NULL,'2022-11-17 00:00:35','2022-11-17 00:00:35'),(193,1,'login','2022-11-17','00:00:36',1,'App\\Models\\Tenant\\User',NULL,'0','desktop','0','0','0','0',NULL,NULL,NULL,'2022-11-17 00:00:36','2022-11-17 00:00:36'),(194,1,'login','2022-11-17','00:00:37',1,'App\\Models\\Tenant\\User',NULL,'0','desktop','0','0','0','0',NULL,NULL,NULL,'2022-11-17 00:00:37','2022-11-17 00:00:37'),(195,1,'login','2022-11-17','00:00:39',1,'App\\Models\\Tenant\\User',NULL,'0','desktop','0','0','0','0',NULL,NULL,NULL,'2022-11-17 00:00:39','2022-11-17 00:00:39'),(196,1,'login','2022-11-17','00:00:41',1,'App\\Models\\Tenant\\User',NULL,'0','desktop','0','0','0','0',NULL,NULL,NULL,'2022-11-17 00:00:41','2022-11-17 00:00:41'),(197,1,'login','2022-11-17','00:00:42',1,'App\\Models\\Tenant\\User',NULL,'0','desktop','0','0','0','0',NULL,NULL,NULL,'2022-11-17 00:00:42','2022-11-17 00:00:42'),(198,1,'login','2022-11-17','00:00:43',1,'App\\Models\\Tenant\\User',NULL,'0','desktop','0','0','0','0',NULL,NULL,NULL,'2022-11-17 00:00:43','2022-11-17 00:00:43'),(199,1,'login','2022-11-17','00:00:44',1,'App\\Models\\Tenant\\User',NULL,'0','desktop','0','0','0','0',NULL,NULL,NULL,'2022-11-17 00:00:44','2022-11-17 00:00:44'),(200,1,'login','2022-11-17','00:30:03',1,'App\\Models\\Tenant\\User',NULL,'0','desktop','0','0','0','0',NULL,NULL,NULL,'2022-11-17 00:30:03','2022-11-17 00:30:03'),(201,1,'login','2022-11-17','00:30:03',1,'App\\Models\\Tenant\\User',NULL,'0','desktop','0','0','0','0',NULL,NULL,NULL,'2022-11-17 00:30:03','2022-11-17 00:30:03'),(202,1,'login','2022-11-17','00:30:08',1,'App\\Models\\Tenant\\User',NULL,'0','desktop','0','0','0','0',NULL,NULL,NULL,'2022-11-17 00:30:08','2022-11-17 00:30:08'),(203,1,'login','2022-11-17','00:30:10',1,'App\\Models\\Tenant\\User',NULL,'0','desktop','0','0','0','0',NULL,NULL,NULL,'2022-11-17 00:30:10','2022-11-17 00:30:10'),(204,1,'login','2022-11-17','00:30:12',1,'App\\Models\\Tenant\\User',NULL,'0','desktop','0','0','0','0',NULL,NULL,NULL,'2022-11-17 00:30:12','2022-11-17 00:30:12'),(205,1,'login','2022-11-17','00:30:16',1,'App\\Models\\Tenant\\User',NULL,'0','desktop','0','0','0','0',NULL,NULL,NULL,'2022-11-17 00:30:16','2022-11-17 00:30:16'),(206,1,'login','2022-11-17','00:30:18',1,'App\\Models\\Tenant\\User',NULL,'0','desktop','0','0','0','0',NULL,NULL,NULL,'2022-11-17 00:30:18','2022-11-17 00:30:18'),(207,1,'login','2022-11-17','00:30:20',1,'App\\Models\\Tenant\\User',NULL,'0','desktop','0','0','0','0',NULL,NULL,NULL,'2022-11-17 00:30:20','2022-11-17 00:30:20'),(208,1,'login','2022-11-17','00:30:22',1,'App\\Models\\Tenant\\User',NULL,'0','desktop','0','0','0','0',NULL,NULL,NULL,'2022-11-17 00:30:22','2022-11-17 00:30:22'),(209,1,'login','2022-11-17','00:30:23',1,'App\\Models\\Tenant\\User',NULL,'0','desktop','0','0','0','0',NULL,NULL,NULL,'2022-11-17 00:30:23','2022-11-17 00:30:23'),(210,1,'login','2022-11-17','00:30:25',1,'App\\Models\\Tenant\\User',NULL,'0','desktop','0','0','0','0',NULL,NULL,NULL,'2022-11-17 00:30:25','2022-11-17 00:30:25'),(211,1,'login','2022-11-17','00:30:26',1,'App\\Models\\Tenant\\User',NULL,'0','desktop','0','0','0','0',NULL,NULL,NULL,'2022-11-17 00:30:26','2022-11-17 00:30:26'),(212,1,'login','2022-11-17','08:48:20',1,'App\\Models\\Tenant\\User','190.187.46.168','WebKit','desktop','Windows','10.0','Chrome','107.0.0.0',NULL,NULL,'{\"country_name\":\"Peru\",\"country_code\":\"PE\",\"region_code\":\"LMA\",\"region_name\":\"Lima\",\"city_name\":\"Lima\",\"latitude\":\"-12.0464\",\"longitude\":\"-77.0428\",\"timezone\":\"America\\/Lima\"}','2022-11-17 08:48:20','2022-11-17 08:48:20'),(213,1,'login','2022-11-17','12:11:05',1,'App\\Models\\Tenant\\User','190.187.46.168','WebKit','desktop','Windows','10.0','Chrome','107.0.0.0',NULL,NULL,'{\"country_name\":\"Peru\",\"country_code\":\"PE\",\"region_code\":\"LMA\",\"region_name\":\"Lima\",\"city_name\":\"Lima\",\"latitude\":\"-12.0464\",\"longitude\":\"-77.0428\",\"timezone\":\"America\\/Lima\"}','2022-11-17 12:11:05','2022-11-17 12:11:05'),(214,1,'login','2022-11-18','00:00:05',1,'App\\Models\\Tenant\\User',NULL,'0','desktop','0','0','0','0',NULL,NULL,NULL,'2022-11-18 00:00:05','2022-11-18 00:00:05'),(215,1,'login','2022-11-18','00:00:05',1,'App\\Models\\Tenant\\User',NULL,'0','desktop','0','0','0','0',NULL,NULL,NULL,'2022-11-18 00:00:05','2022-11-18 00:00:05'),(216,1,'login','2022-11-18','00:00:42',1,'App\\Models\\Tenant\\User',NULL,'0','desktop','0','0','0','0',NULL,NULL,NULL,'2022-11-18 00:00:42','2022-11-18 00:00:42'),(217,1,'login','2022-11-18','00:00:43',1,'App\\Models\\Tenant\\User',NULL,'0','desktop','0','0','0','0',NULL,NULL,NULL,'2022-11-18 00:00:43','2022-11-18 00:00:43'),(218,1,'login','2022-11-18','00:00:45',1,'App\\Models\\Tenant\\User',NULL,'0','desktop','0','0','0','0',NULL,NULL,NULL,'2022-11-18 00:00:45','2022-11-18 00:00:45'),(219,1,'login','2022-11-18','00:00:46',1,'App\\Models\\Tenant\\User',NULL,'0','desktop','0','0','0','0',NULL,NULL,NULL,'2022-11-18 00:00:46','2022-11-18 00:00:46'),(220,1,'login','2022-11-18','00:00:47',1,'App\\Models\\Tenant\\User',NULL,'0','desktop','0','0','0','0',NULL,NULL,NULL,'2022-11-18 00:00:47','2022-11-18 00:00:47'),(221,1,'login','2022-11-18','00:00:48',1,'App\\Models\\Tenant\\User',NULL,'0','desktop','0','0','0','0',NULL,NULL,NULL,'2022-11-18 00:00:48','2022-11-18 00:00:48'),(222,1,'login','2022-11-18','00:00:49',1,'App\\Models\\Tenant\\User',NULL,'0','desktop','0','0','0','0',NULL,NULL,NULL,'2022-11-18 00:00:49','2022-11-18 00:00:49'),(223,1,'login','2022-11-18','00:00:50',1,'App\\Models\\Tenant\\User',NULL,'0','desktop','0','0','0','0',NULL,NULL,NULL,'2022-11-18 00:00:50','2022-11-18 00:00:50'),(224,1,'login','2022-11-18','00:00:51',1,'App\\Models\\Tenant\\User',NULL,'0','desktop','0','0','0','0',NULL,NULL,NULL,'2022-11-18 00:00:51','2022-11-18 00:00:51'),(225,1,'login','2022-11-18','00:00:52',1,'App\\Models\\Tenant\\User',NULL,'0','desktop','0','0','0','0',NULL,NULL,NULL,'2022-11-18 00:00:52','2022-11-18 00:00:52'),(226,1,'login','2022-11-18','00:30:10',1,'App\\Models\\Tenant\\User',NULL,'0','desktop','0','0','0','0',NULL,NULL,NULL,'2022-11-18 00:30:10','2022-11-18 00:30:10'),(227,1,'login','2022-11-18','00:30:10',1,'App\\Models\\Tenant\\User',NULL,'0','desktop','0','0','0','0',NULL,NULL,NULL,'2022-11-18 00:30:10','2022-11-18 00:30:10'),(228,1,'login','2022-11-18','00:30:22',1,'App\\Models\\Tenant\\User',NULL,'0','desktop','0','0','0','0',NULL,NULL,NULL,'2022-11-18 00:30:22','2022-11-18 00:30:22'),(229,1,'login','2022-11-18','00:30:26',1,'App\\Models\\Tenant\\User',NULL,'0','desktop','0','0','0','0',NULL,NULL,NULL,'2022-11-18 00:30:26','2022-11-18 00:30:26'),(230,1,'login','2022-11-18','00:30:27',1,'App\\Models\\Tenant\\User',NULL,'0','desktop','0','0','0','0',NULL,NULL,NULL,'2022-11-18 00:30:27','2022-11-18 00:30:27'),(231,1,'login','2022-11-18','00:30:29',1,'App\\Models\\Tenant\\User',NULL,'0','desktop','0','0','0','0',NULL,NULL,NULL,'2022-11-18 00:30:29','2022-11-18 00:30:29'),(232,1,'login','2022-11-18','00:30:32',1,'App\\Models\\Tenant\\User',NULL,'0','desktop','0','0','0','0',NULL,NULL,NULL,'2022-11-18 00:30:32','2022-11-18 00:30:32'),(233,1,'login','2022-11-18','00:30:33',1,'App\\Models\\Tenant\\User',NULL,'0','desktop','0','0','0','0',NULL,NULL,NULL,'2022-11-18 00:30:33','2022-11-18 00:30:33'),(234,1,'login','2022-11-18','00:30:34',1,'App\\Models\\Tenant\\User',NULL,'0','desktop','0','0','0','0',NULL,NULL,NULL,'2022-11-18 00:30:34','2022-11-18 00:30:34'),(235,1,'login','2022-11-18','00:30:36',1,'App\\Models\\Tenant\\User',NULL,'0','desktop','0','0','0','0',NULL,NULL,NULL,'2022-11-18 00:30:36','2022-11-18 00:30:36'),(236,1,'login','2022-11-18','00:30:37',1,'App\\Models\\Tenant\\User',NULL,'0','desktop','0','0','0','0',NULL,NULL,NULL,'2022-11-18 00:30:37','2022-11-18 00:30:37'),(237,1,'login','2022-11-18','00:30:38',1,'App\\Models\\Tenant\\User',NULL,'0','desktop','0','0','0','0',NULL,NULL,NULL,'2022-11-18 00:30:38','2022-11-18 00:30:38'),(238,1,'login','2022-11-18','11:17:40',1,'App\\Models\\Tenant\\User','190.187.46.168','WebKit','desktop','Windows','10.0','Chrome','107.0.0.0',NULL,NULL,'{\"country_name\":\"Peru\",\"country_code\":\"PE\",\"region_code\":\"LMA\",\"region_name\":\"Lima\",\"city_name\":\"Lima\",\"latitude\":\"-12.0464\",\"longitude\":\"-77.0428\",\"timezone\":\"America\\/Lima\"}','2022-11-18 11:17:40','2022-11-18 11:17:40'),(239,1,'login','2022-11-18','12:44:51',1,'App\\Models\\Tenant\\User','200.121.6.3','WebKit','desktop','Windows','10.0','Chrome','107.0.0.0',NULL,NULL,'{\"country_name\":\"Peru\",\"country_code\":\"PE\",\"region_code\":\"LAM\",\"region_name\":\"Lambayeque\",\"city_name\":\"Chiclayo\",\"latitude\":\"-6.7711\",\"longitude\":\"-79.8431\",\"timezone\":\"America\\/Lima\"}','2022-11-18 12:44:51','2022-11-18 12:44:51'),(240,1,'login','2022-11-19','00:00:05',1,'App\\Models\\Tenant\\User',NULL,'0','desktop','0','0','0','0',NULL,NULL,NULL,'2022-11-19 00:00:05','2022-11-19 00:00:05'),(241,1,'login','2022-11-19','00:00:05',1,'App\\Models\\Tenant\\User',NULL,'0','desktop','0','0','0','0',NULL,NULL,NULL,'2022-11-19 00:00:05','2022-11-19 00:00:05'),(242,1,'login','2022-11-19','00:00:40',1,'App\\Models\\Tenant\\User',NULL,'0','desktop','0','0','0','0',NULL,NULL,NULL,'2022-11-19 00:00:40','2022-11-19 00:00:40'),(243,1,'login','2022-11-19','00:00:42',1,'App\\Models\\Tenant\\User',NULL,'0','desktop','0','0','0','0',NULL,NULL,NULL,'2022-11-19 00:00:42','2022-11-19 00:00:42'),(244,1,'login','2022-11-19','00:00:43',1,'App\\Models\\Tenant\\User',NULL,'0','desktop','0','0','0','0',NULL,NULL,NULL,'2022-11-19 00:00:43','2022-11-19 00:00:43'),(245,1,'login','2022-11-19','00:00:44',1,'App\\Models\\Tenant\\User',NULL,'0','desktop','0','0','0','0',NULL,NULL,NULL,'2022-11-19 00:00:44','2022-11-19 00:00:44'),(246,1,'login','2022-11-19','00:00:46',1,'App\\Models\\Tenant\\User',NULL,'0','desktop','0','0','0','0',NULL,NULL,NULL,'2022-11-19 00:00:46','2022-11-19 00:00:46'),(247,1,'login','2022-11-19','00:00:46',1,'App\\Models\\Tenant\\User',NULL,'0','desktop','0','0','0','0',NULL,NULL,NULL,'2022-11-19 00:00:46','2022-11-19 00:00:46'),(248,1,'login','2022-11-19','00:00:47',1,'App\\Models\\Tenant\\User',NULL,'0','desktop','0','0','0','0',NULL,NULL,NULL,'2022-11-19 00:00:47','2022-11-19 00:00:47'),(249,1,'login','2022-11-19','00:00:49',1,'App\\Models\\Tenant\\User',NULL,'0','desktop','0','0','0','0',NULL,NULL,NULL,'2022-11-19 00:00:49','2022-11-19 00:00:49'),(250,1,'login','2022-11-19','00:00:50',1,'App\\Models\\Tenant\\User',NULL,'0','desktop','0','0','0','0',NULL,NULL,NULL,'2022-11-19 00:00:50','2022-11-19 00:00:50'),(251,1,'login','2022-11-19','00:00:51',1,'App\\Models\\Tenant\\User',NULL,'0','desktop','0','0','0','0',NULL,NULL,NULL,'2022-11-19 00:00:51','2022-11-19 00:00:51'),(252,1,'login','2022-11-19','00:00:52',1,'App\\Models\\Tenant\\User',NULL,'0','desktop','0','0','0','0',NULL,NULL,NULL,'2022-11-19 00:00:52','2022-11-19 00:00:52'),(253,1,'login','2022-11-19','00:30:02',1,'App\\Models\\Tenant\\User',NULL,'0','desktop','0','0','0','0',NULL,NULL,NULL,'2022-11-19 00:30:02','2022-11-19 00:30:02'),(254,1,'login','2022-11-19','00:30:02',1,'App\\Models\\Tenant\\User',NULL,'0','desktop','0','0','0','0',NULL,NULL,NULL,'2022-11-19 00:30:02','2022-11-19 00:30:02'),(255,1,'login','2022-11-19','00:30:07',1,'App\\Models\\Tenant\\User',NULL,'0','desktop','0','0','0','0',NULL,NULL,NULL,'2022-11-19 00:30:07','2022-11-19 00:30:07'),(256,1,'login','2022-11-19','00:30:09',1,'App\\Models\\Tenant\\User',NULL,'0','desktop','0','0','0','0',NULL,NULL,NULL,'2022-11-19 00:30:09','2022-11-19 00:30:09'),(257,1,'login','2022-11-19','00:30:11',1,'App\\Models\\Tenant\\User',NULL,'0','desktop','0','0','0','0',NULL,NULL,NULL,'2022-11-19 00:30:11','2022-11-19 00:30:11'),(258,1,'login','2022-11-19','00:30:12',1,'App\\Models\\Tenant\\User',NULL,'0','desktop','0','0','0','0',NULL,NULL,NULL,'2022-11-19 00:30:12','2022-11-19 00:30:12'),(259,1,'login','2022-11-19','00:30:13',1,'App\\Models\\Tenant\\User',NULL,'0','desktop','0','0','0','0',NULL,NULL,NULL,'2022-11-19 00:30:13','2022-11-19 00:30:13'),(260,1,'login','2022-11-19','00:30:15',1,'App\\Models\\Tenant\\User',NULL,'0','desktop','0','0','0','0',NULL,NULL,NULL,'2022-11-19 00:30:15','2022-11-19 00:30:15'),(261,1,'login','2022-11-19','00:30:17',1,'App\\Models\\Tenant\\User',NULL,'0','desktop','0','0','0','0',NULL,NULL,NULL,'2022-11-19 00:30:17','2022-11-19 00:30:17'),(262,1,'login','2022-11-19','00:30:18',1,'App\\Models\\Tenant\\User',NULL,'0','desktop','0','0','0','0',NULL,NULL,NULL,'2022-11-19 00:30:18','2022-11-19 00:30:18'),(263,1,'login','2022-11-19','00:30:21',1,'App\\Models\\Tenant\\User',NULL,'0','desktop','0','0','0','0',NULL,NULL,NULL,'2022-11-19 00:30:21','2022-11-19 00:30:21'),(264,1,'login','2022-11-19','00:30:22',1,'App\\Models\\Tenant\\User',NULL,'0','desktop','0','0','0','0',NULL,NULL,NULL,'2022-11-19 00:30:22','2022-11-19 00:30:22'),(265,1,'login','2022-11-19','00:30:24',1,'App\\Models\\Tenant\\User',NULL,'0','desktop','0','0','0','0',NULL,NULL,NULL,'2022-11-19 00:30:24','2022-11-19 00:30:24'),(266,1,'login','2022-11-19','10:02:34',1,'App\\Models\\Tenant\\User','190.187.46.168','WebKit','desktop','Windows','10.0','Chrome','107.0.0.0',NULL,NULL,'{\"country_name\":\"Peru\",\"country_code\":\"PE\",\"region_code\":\"LMA\",\"region_name\":\"Lima\",\"city_name\":\"Lima\",\"latitude\":\"-12.0464\",\"longitude\":\"-77.0428\",\"timezone\":\"America\\/Lima\"}','2022-11-19 10:02:34','2022-11-19 10:02:34'),(267,1,'login','2022-11-19','19:32:00',1,'App\\Models\\Tenant\\User','190.187.46.168','WebKit','desktop','Windows','10.0','Chrome','107.0.0.0',NULL,NULL,'{\"country_name\":\"Peru\",\"country_code\":\"PE\",\"region_code\":\"LMA\",\"region_name\":\"Lima\",\"city_name\":\"Lima\",\"latitude\":\"-12.0464\",\"longitude\":\"-77.0428\",\"timezone\":\"America\\/Lima\"}','2022-11-19 19:32:00','2022-11-19 19:32:00'),(268,1,'login','2022-11-20','00:00:03',1,'App\\Models\\Tenant\\User',NULL,'0','desktop','0','0','0','0',NULL,NULL,NULL,'2022-11-20 00:00:03','2022-11-20 00:00:03'),(269,1,'login','2022-11-20','00:00:03',1,'App\\Models\\Tenant\\User',NULL,'0','desktop','0','0','0','0',NULL,NULL,NULL,'2022-11-20 00:00:03','2022-11-20 00:00:03'),(270,1,'login','2022-11-20','00:00:38',1,'App\\Models\\Tenant\\User',NULL,'0','desktop','0','0','0','0',NULL,NULL,NULL,'2022-11-20 00:00:38','2022-11-20 00:00:38'),(271,1,'login','2022-11-20','00:00:40',1,'App\\Models\\Tenant\\User',NULL,'0','desktop','0','0','0','0',NULL,NULL,NULL,'2022-11-20 00:00:40','2022-11-20 00:00:40'),(272,1,'login','2022-11-20','00:00:41',1,'App\\Models\\Tenant\\User',NULL,'0','desktop','0','0','0','0',NULL,NULL,NULL,'2022-11-20 00:00:41','2022-11-20 00:00:41'),(273,1,'login','2022-11-20','00:00:42',1,'App\\Models\\Tenant\\User',NULL,'0','desktop','0','0','0','0',NULL,NULL,NULL,'2022-11-20 00:00:42','2022-11-20 00:00:42'),(274,1,'login','2022-11-20','00:00:44',1,'App\\Models\\Tenant\\User',NULL,'0','desktop','0','0','0','0',NULL,NULL,NULL,'2022-11-20 00:00:44','2022-11-20 00:00:44'),(275,1,'login','2022-11-20','00:00:45',1,'App\\Models\\Tenant\\User',NULL,'0','desktop','0','0','0','0',NULL,NULL,NULL,'2022-11-20 00:00:45','2022-11-20 00:00:45'),(276,1,'login','2022-11-20','00:00:46',1,'App\\Models\\Tenant\\User',NULL,'0','desktop','0','0','0','0',NULL,NULL,NULL,'2022-11-20 00:00:46','2022-11-20 00:00:46'),(277,1,'login','2022-11-20','00:00:48',1,'App\\Models\\Tenant\\User',NULL,'0','desktop','0','0','0','0',NULL,NULL,NULL,'2022-11-20 00:00:48','2022-11-20 00:00:48'),(278,1,'login','2022-11-20','00:00:49',1,'App\\Models\\Tenant\\User',NULL,'0','desktop','0','0','0','0',NULL,NULL,NULL,'2022-11-20 00:00:49','2022-11-20 00:00:49'),(279,1,'login','2022-11-20','00:00:50',1,'App\\Models\\Tenant\\User',NULL,'0','desktop','0','0','0','0',NULL,NULL,NULL,'2022-11-20 00:00:50','2022-11-20 00:00:50'),(280,1,'login','2022-11-20','00:00:51',1,'App\\Models\\Tenant\\User',NULL,'0','desktop','0','0','0','0',NULL,NULL,NULL,'2022-11-20 00:00:51','2022-11-20 00:00:51'),(281,1,'login','2022-11-20','00:30:02',1,'App\\Models\\Tenant\\User',NULL,'0','desktop','0','0','0','0',NULL,NULL,NULL,'2022-11-20 00:30:02','2022-11-20 00:30:02'),(282,1,'login','2022-11-20','00:30:02',1,'App\\Models\\Tenant\\User',NULL,'0','desktop','0','0','0','0',NULL,NULL,NULL,'2022-11-20 00:30:02','2022-11-20 00:30:02'),(283,1,'login','2022-11-20','00:30:11',1,'App\\Models\\Tenant\\User',NULL,'0','desktop','0','0','0','0',NULL,NULL,NULL,'2022-11-20 00:30:11','2022-11-20 00:30:11'),(284,1,'login','2022-11-20','00:30:13',1,'App\\Models\\Tenant\\User',NULL,'0','desktop','0','0','0','0',NULL,NULL,NULL,'2022-11-20 00:30:13','2022-11-20 00:30:13'),(285,1,'login','2022-11-20','00:30:14',1,'App\\Models\\Tenant\\User',NULL,'0','desktop','0','0','0','0',NULL,NULL,NULL,'2022-11-20 00:30:14','2022-11-20 00:30:14'),(286,1,'login','2022-11-20','00:30:16',1,'App\\Models\\Tenant\\User',NULL,'0','desktop','0','0','0','0',NULL,NULL,NULL,'2022-11-20 00:30:16','2022-11-20 00:30:16'),(287,1,'login','2022-11-20','00:30:17',1,'App\\Models\\Tenant\\User',NULL,'0','desktop','0','0','0','0',NULL,NULL,NULL,'2022-11-20 00:30:17','2022-11-20 00:30:17'),(288,1,'login','2022-11-20','00:30:19',1,'App\\Models\\Tenant\\User',NULL,'0','desktop','0','0','0','0',NULL,NULL,NULL,'2022-11-20 00:30:19','2022-11-20 00:30:19'),(289,1,'login','2022-11-20','00:30:20',1,'App\\Models\\Tenant\\User',NULL,'0','desktop','0','0','0','0',NULL,NULL,NULL,'2022-11-20 00:30:20','2022-11-20 00:30:20'),(290,1,'login','2022-11-20','00:30:21',1,'App\\Models\\Tenant\\User',NULL,'0','desktop','0','0','0','0',NULL,NULL,NULL,'2022-11-20 00:30:21','2022-11-20 00:30:21'),(291,1,'login','2022-11-20','00:30:23',1,'App\\Models\\Tenant\\User',NULL,'0','desktop','0','0','0','0',NULL,NULL,NULL,'2022-11-20 00:30:23','2022-11-20 00:30:23'),(292,1,'login','2022-11-20','00:30:24',1,'App\\Models\\Tenant\\User',NULL,'0','desktop','0','0','0','0',NULL,NULL,NULL,'2022-11-20 00:30:24','2022-11-20 00:30:24'),(293,1,'login','2022-11-20','00:30:25',1,'App\\Models\\Tenant\\User',NULL,'0','desktop','0','0','0','0',NULL,NULL,NULL,'2022-11-20 00:30:25','2022-11-20 00:30:25'),(294,1,'login','2022-11-21','00:00:03',1,'App\\Models\\Tenant\\User',NULL,'0','desktop','0','0','0','0',NULL,NULL,NULL,'2022-11-21 00:00:03','2022-11-21 00:00:03'),(295,1,'login','2022-11-21','00:00:03',1,'App\\Models\\Tenant\\User',NULL,'0','desktop','0','0','0','0',NULL,NULL,NULL,'2022-11-21 00:00:03','2022-11-21 00:00:03'),(296,1,'login','2022-11-21','00:00:28',1,'App\\Models\\Tenant\\User',NULL,'0','desktop','0','0','0','0',NULL,NULL,NULL,'2022-11-21 00:00:28','2022-11-21 00:00:28'),(297,1,'login','2022-11-21','00:00:29',1,'App\\Models\\Tenant\\User',NULL,'0','desktop','0','0','0','0',NULL,NULL,NULL,'2022-11-21 00:00:29','2022-11-21 00:00:29'),(298,1,'login','2022-11-21','00:00:30',1,'App\\Models\\Tenant\\User',NULL,'0','desktop','0','0','0','0',NULL,NULL,NULL,'2022-11-21 00:00:30','2022-11-21 00:00:30'),(299,1,'login','2022-11-21','00:00:31',1,'App\\Models\\Tenant\\User',NULL,'0','desktop','0','0','0','0',NULL,NULL,NULL,'2022-11-21 00:00:31','2022-11-21 00:00:31'),(300,1,'login','2022-11-21','00:00:32',1,'App\\Models\\Tenant\\User',NULL,'0','desktop','0','0','0','0',NULL,NULL,NULL,'2022-11-21 00:00:32','2022-11-21 00:00:32'),(301,1,'login','2022-11-21','00:00:33',1,'App\\Models\\Tenant\\User',NULL,'0','desktop','0','0','0','0',NULL,NULL,NULL,'2022-11-21 00:00:33','2022-11-21 00:00:33'),(302,1,'login','2022-11-21','00:00:34',1,'App\\Models\\Tenant\\User',NULL,'0','desktop','0','0','0','0',NULL,NULL,NULL,'2022-11-21 00:00:34','2022-11-21 00:00:34'),(303,1,'login','2022-11-21','00:00:35',1,'App\\Models\\Tenant\\User',NULL,'0','desktop','0','0','0','0',NULL,NULL,NULL,'2022-11-21 00:00:35','2022-11-21 00:00:35'),(304,1,'login','2022-11-21','00:00:36',1,'App\\Models\\Tenant\\User',NULL,'0','desktop','0','0','0','0',NULL,NULL,NULL,'2022-11-21 00:00:36','2022-11-21 00:00:36'),(305,1,'login','2022-11-21','00:00:37',1,'App\\Models\\Tenant\\User',NULL,'0','desktop','0','0','0','0',NULL,NULL,NULL,'2022-11-21 00:00:37','2022-11-21 00:00:37'),(306,1,'login','2022-11-21','00:00:39',1,'App\\Models\\Tenant\\User',NULL,'0','desktop','0','0','0','0',NULL,NULL,NULL,'2022-11-21 00:00:39','2022-11-21 00:00:39'),(307,1,'login','2022-11-21','00:30:02',1,'App\\Models\\Tenant\\User',NULL,'0','desktop','0','0','0','0',NULL,NULL,NULL,'2022-11-21 00:30:02','2022-11-21 00:30:02'),(308,1,'login','2022-11-21','00:30:02',1,'App\\Models\\Tenant\\User',NULL,'0','desktop','0','0','0','0',NULL,NULL,NULL,'2022-11-21 00:30:02','2022-11-21 00:30:02'),(309,1,'login','2022-11-21','00:30:06',1,'App\\Models\\Tenant\\User',NULL,'0','desktop','0','0','0','0',NULL,NULL,NULL,'2022-11-21 00:30:06','2022-11-21 00:30:06'),(310,1,'login','2022-11-21','00:30:07',1,'App\\Models\\Tenant\\User',NULL,'0','desktop','0','0','0','0',NULL,NULL,NULL,'2022-11-21 00:30:07','2022-11-21 00:30:07'),(311,1,'login','2022-11-21','00:30:09',1,'App\\Models\\Tenant\\User',NULL,'0','desktop','0','0','0','0',NULL,NULL,NULL,'2022-11-21 00:30:09','2022-11-21 00:30:09'),(312,1,'login','2022-11-21','00:30:10',1,'App\\Models\\Tenant\\User',NULL,'0','desktop','0','0','0','0',NULL,NULL,NULL,'2022-11-21 00:30:10','2022-11-21 00:30:10'),(313,1,'login','2022-11-21','00:30:11',1,'App\\Models\\Tenant\\User',NULL,'0','desktop','0','0','0','0',NULL,NULL,NULL,'2022-11-21 00:30:11','2022-11-21 00:30:11'),(314,1,'login','2022-11-21','00:30:13',1,'App\\Models\\Tenant\\User',NULL,'0','desktop','0','0','0','0',NULL,NULL,NULL,'2022-11-21 00:30:13','2022-11-21 00:30:13'),(315,1,'login','2022-11-21','00:30:14',1,'App\\Models\\Tenant\\User',NULL,'0','desktop','0','0','0','0',NULL,NULL,NULL,'2022-11-21 00:30:14','2022-11-21 00:30:14'),(316,1,'login','2022-11-21','00:30:15',1,'App\\Models\\Tenant\\User',NULL,'0','desktop','0','0','0','0',NULL,NULL,NULL,'2022-11-21 00:30:15','2022-11-21 00:30:15'),(317,1,'login','2022-11-21','00:30:16',1,'App\\Models\\Tenant\\User',NULL,'0','desktop','0','0','0','0',NULL,NULL,NULL,'2022-11-21 00:30:16','2022-11-21 00:30:16'),(318,1,'login','2022-11-21','00:30:18',1,'App\\Models\\Tenant\\User',NULL,'0','desktop','0','0','0','0',NULL,NULL,NULL,'2022-11-21 00:30:18','2022-11-21 00:30:18'),(319,1,'login','2022-11-21','00:30:19',1,'App\\Models\\Tenant\\User',NULL,'0','desktop','0','0','0','0',NULL,NULL,NULL,'2022-11-21 00:30:19','2022-11-21 00:30:19'),(320,1,'login','2022-11-22','00:00:04',1,'App\\Models\\Tenant\\User',NULL,'0','desktop','0','0','0','0',NULL,NULL,NULL,'2022-11-22 00:00:04','2022-11-22 00:00:04'),(321,1,'login','2022-11-22','00:00:04',1,'App\\Models\\Tenant\\User',NULL,'0','desktop','0','0','0','0',NULL,NULL,NULL,'2022-11-22 00:00:04','2022-11-22 00:00:04'),(322,1,'login','2022-11-22','00:00:44',1,'App\\Models\\Tenant\\User',NULL,'0','desktop','0','0','0','0',NULL,NULL,NULL,'2022-11-22 00:00:44','2022-11-22 00:00:44'),(323,1,'login','2022-11-22','00:00:46',1,'App\\Models\\Tenant\\User',NULL,'0','desktop','0','0','0','0',NULL,NULL,NULL,'2022-11-22 00:00:46','2022-11-22 00:00:46'),(324,1,'login','2022-11-22','00:00:47',1,'App\\Models\\Tenant\\User',NULL,'0','desktop','0','0','0','0',NULL,NULL,NULL,'2022-11-22 00:00:47','2022-11-22 00:00:47'),(325,1,'login','2022-11-22','00:00:48',1,'App\\Models\\Tenant\\User',NULL,'0','desktop','0','0','0','0',NULL,NULL,NULL,'2022-11-22 00:00:48','2022-11-22 00:00:48'),(326,1,'login','2022-11-22','00:00:49',1,'App\\Models\\Tenant\\User',NULL,'0','desktop','0','0','0','0',NULL,NULL,NULL,'2022-11-22 00:00:49','2022-11-22 00:00:49'),(327,1,'login','2022-11-22','00:00:50',1,'App\\Models\\Tenant\\User',NULL,'0','desktop','0','0','0','0',NULL,NULL,NULL,'2022-11-22 00:00:50','2022-11-22 00:00:50'),(328,1,'login','2022-11-22','00:00:52',1,'App\\Models\\Tenant\\User',NULL,'0','desktop','0','0','0','0',NULL,NULL,NULL,'2022-11-22 00:00:52','2022-11-22 00:00:52'),(329,1,'login','2022-11-22','00:00:53',1,'App\\Models\\Tenant\\User',NULL,'0','desktop','0','0','0','0',NULL,NULL,NULL,'2022-11-22 00:00:53','2022-11-22 00:00:53'),(330,1,'login','2022-11-22','00:00:54',1,'App\\Models\\Tenant\\User',NULL,'0','desktop','0','0','0','0',NULL,NULL,NULL,'2022-11-22 00:00:54','2022-11-22 00:00:54'),(331,1,'login','2022-11-22','00:00:55',1,'App\\Models\\Tenant\\User',NULL,'0','desktop','0','0','0','0',NULL,NULL,NULL,'2022-11-22 00:00:55','2022-11-22 00:00:55'),(332,1,'login','2022-11-22','00:00:56',1,'App\\Models\\Tenant\\User',NULL,'0','desktop','0','0','0','0',NULL,NULL,NULL,'2022-11-22 00:00:56','2022-11-22 00:00:56'),(333,1,'login','2022-11-22','00:30:02',1,'App\\Models\\Tenant\\User',NULL,'0','desktop','0','0','0','0',NULL,NULL,NULL,'2022-11-22 00:30:02','2022-11-22 00:30:02'),(334,1,'login','2022-11-22','00:30:02',1,'App\\Models\\Tenant\\User',NULL,'0','desktop','0','0','0','0',NULL,NULL,NULL,'2022-11-22 00:30:02','2022-11-22 00:30:02'),(335,1,'login','2022-11-22','00:30:08',1,'App\\Models\\Tenant\\User',NULL,'0','desktop','0','0','0','0',NULL,NULL,NULL,'2022-11-22 00:30:08','2022-11-22 00:30:08'),(336,1,'login','2022-11-22','00:30:10',1,'App\\Models\\Tenant\\User',NULL,'0','desktop','0','0','0','0',NULL,NULL,NULL,'2022-11-22 00:30:10','2022-11-22 00:30:10'),(337,1,'login','2022-11-22','00:30:11',1,'App\\Models\\Tenant\\User',NULL,'0','desktop','0','0','0','0',NULL,NULL,NULL,'2022-11-22 00:30:11','2022-11-22 00:30:11'),(338,1,'login','2022-11-22','00:30:12',1,'App\\Models\\Tenant\\User',NULL,'0','desktop','0','0','0','0',NULL,NULL,NULL,'2022-11-22 00:30:12','2022-11-22 00:30:12'),(339,1,'login','2022-11-22','00:30:14',1,'App\\Models\\Tenant\\User',NULL,'0','desktop','0','0','0','0',NULL,NULL,NULL,'2022-11-22 00:30:14','2022-11-22 00:30:14'),(340,1,'login','2022-11-22','00:30:15',1,'App\\Models\\Tenant\\User',NULL,'0','desktop','0','0','0','0',NULL,NULL,NULL,'2022-11-22 00:30:15','2022-11-22 00:30:15'),(341,1,'login','2022-11-22','00:30:16',1,'App\\Models\\Tenant\\User',NULL,'0','desktop','0','0','0','0',NULL,NULL,NULL,'2022-11-22 00:30:16','2022-11-22 00:30:16'),(342,1,'login','2022-11-22','00:30:18',1,'App\\Models\\Tenant\\User',NULL,'0','desktop','0','0','0','0',NULL,NULL,NULL,'2022-11-22 00:30:18','2022-11-22 00:30:18'),(343,1,'login','2022-11-22','00:30:19',1,'App\\Models\\Tenant\\User',NULL,'0','desktop','0','0','0','0',NULL,NULL,NULL,'2022-11-22 00:30:19','2022-11-22 00:30:19'),(344,1,'login','2022-11-22','00:30:20',1,'App\\Models\\Tenant\\User',NULL,'0','desktop','0','0','0','0',NULL,NULL,NULL,'2022-11-22 00:30:20','2022-11-22 00:30:20'),(345,1,'login','2022-11-22','00:30:22',1,'App\\Models\\Tenant\\User',NULL,'0','desktop','0','0','0','0',NULL,NULL,NULL,'2022-11-22 00:30:22','2022-11-22 00:30:22'),(346,1,'login','2022-11-22','09:44:30',1,'App\\Models\\Tenant\\User','190.187.46.168','WebKit','desktop','Windows','10.0','Chrome','107.0.0.0',NULL,NULL,'{\"country_name\":\"Peru\",\"country_code\":\"PE\",\"region_code\":\"LMA\",\"region_name\":\"Lima\",\"city_name\":\"Lima\",\"latitude\":\"-12.0464\",\"longitude\":\"-77.0428\",\"timezone\":\"America\\/Lima\"}','2022-11-22 09:44:30','2022-11-22 09:44:30'),(347,1,'login','2022-11-22','16:25:35',1,'App\\Models\\Tenant\\User','190.187.46.168','WebKit','desktop','Windows','10.0','Chrome','107.0.0.0',NULL,NULL,'{\"country_name\":\"Peru\",\"country_code\":\"PE\",\"region_code\":\"LMA\",\"region_name\":\"Lima\",\"city_name\":\"Lima\",\"latitude\":\"-12.0464\",\"longitude\":\"-77.0428\",\"timezone\":\"America\\/Lima\"}','2022-11-22 16:25:35','2022-11-22 16:25:35'),(348,1,'login','2022-11-22','18:56:21',1,'App\\Models\\Tenant\\User','190.187.46.168','WebKit','desktop','Windows','10.0','Chrome','107.0.0.0',NULL,NULL,'{\"country_name\":\"Peru\",\"country_code\":\"PE\",\"region_code\":\"LMA\",\"region_name\":\"Lima\",\"city_name\":\"Lima\",\"latitude\":\"-12.0464\",\"longitude\":\"-77.0428\",\"timezone\":\"America\\/Lima\"}','2022-11-22 18:56:21','2022-11-22 18:56:21'),(349,1,'login','2022-11-23','00:00:04',1,'App\\Models\\Tenant\\User',NULL,'0','desktop','0','0','0','0',NULL,NULL,NULL,'2022-11-23 00:00:04','2022-11-23 00:00:04'),(350,1,'login','2022-11-23','00:00:04',1,'App\\Models\\Tenant\\User',NULL,'0','desktop','0','0','0','0',NULL,NULL,NULL,'2022-11-23 00:00:04','2022-11-23 00:00:04'),(351,1,'login','2022-11-23','00:00:38',1,'App\\Models\\Tenant\\User',NULL,'0','desktop','0','0','0','0',NULL,NULL,NULL,'2022-11-23 00:00:38','2022-11-23 00:00:38'),(352,1,'login','2022-11-23','00:00:39',1,'App\\Models\\Tenant\\User',NULL,'0','desktop','0','0','0','0',NULL,NULL,NULL,'2022-11-23 00:00:39','2022-11-23 00:00:39'),(353,1,'login','2022-11-23','00:00:40',1,'App\\Models\\Tenant\\User',NULL,'0','desktop','0','0','0','0',NULL,NULL,NULL,'2022-11-23 00:00:40','2022-11-23 00:00:40'),(354,1,'login','2022-11-23','00:00:41',1,'App\\Models\\Tenant\\User',NULL,'0','desktop','0','0','0','0',NULL,NULL,NULL,'2022-11-23 00:00:41','2022-11-23 00:00:41'),(355,1,'login','2022-11-23','00:00:42',1,'App\\Models\\Tenant\\User',NULL,'0','desktop','0','0','0','0',NULL,NULL,NULL,'2022-11-23 00:00:42','2022-11-23 00:00:42'),(356,1,'login','2022-11-23','00:00:43',1,'App\\Models\\Tenant\\User',NULL,'0','desktop','0','0','0','0',NULL,NULL,NULL,'2022-11-23 00:00:43','2022-11-23 00:00:43'),(357,1,'login','2022-11-23','00:00:44',1,'App\\Models\\Tenant\\User',NULL,'0','desktop','0','0','0','0',NULL,NULL,NULL,'2022-11-23 00:00:44','2022-11-23 00:00:44'),(358,1,'login','2022-11-23','00:00:45',1,'App\\Models\\Tenant\\User',NULL,'0','desktop','0','0','0','0',NULL,NULL,NULL,'2022-11-23 00:00:45','2022-11-23 00:00:45'),(359,1,'login','2022-11-23','00:00:45',1,'App\\Models\\Tenant\\User',NULL,'0','desktop','0','0','0','0',NULL,NULL,NULL,'2022-11-23 00:00:45','2022-11-23 00:00:45'),(360,1,'login','2022-11-23','00:00:46',1,'App\\Models\\Tenant\\User',NULL,'0','desktop','0','0','0','0',NULL,NULL,NULL,'2022-11-23 00:00:46','2022-11-23 00:00:46'),(361,1,'login','2022-11-23','00:00:47',1,'App\\Models\\Tenant\\User',NULL,'0','desktop','0','0','0','0',NULL,NULL,NULL,'2022-11-23 00:00:47','2022-11-23 00:00:47'),(362,1,'login','2022-11-23','00:30:02',1,'App\\Models\\Tenant\\User',NULL,'0','desktop','0','0','0','0',NULL,NULL,NULL,'2022-11-23 00:30:02','2022-11-23 00:30:02'),(363,1,'login','2022-11-23','00:30:02',1,'App\\Models\\Tenant\\User',NULL,'0','desktop','0','0','0','0',NULL,NULL,NULL,'2022-11-23 00:30:02','2022-11-23 00:30:02'),(364,1,'login','2022-11-23','00:30:09',1,'App\\Models\\Tenant\\User',NULL,'0','desktop','0','0','0','0',NULL,NULL,NULL,'2022-11-23 00:30:09','2022-11-23 00:30:09'),(365,1,'login','2022-11-23','00:30:13',1,'App\\Models\\Tenant\\User',NULL,'0','desktop','0','0','0','0',NULL,NULL,NULL,'2022-11-23 00:30:13','2022-11-23 00:30:13'),(366,1,'login','2022-11-23','00:30:15',1,'App\\Models\\Tenant\\User',NULL,'0','desktop','0','0','0','0',NULL,NULL,NULL,'2022-11-23 00:30:15','2022-11-23 00:30:15'),(367,1,'login','2022-11-23','00:30:17',1,'App\\Models\\Tenant\\User',NULL,'0','desktop','0','0','0','0',NULL,NULL,NULL,'2022-11-23 00:30:17','2022-11-23 00:30:17'),(368,1,'login','2022-11-23','00:30:20',1,'App\\Models\\Tenant\\User',NULL,'0','desktop','0','0','0','0',NULL,NULL,NULL,'2022-11-23 00:30:20','2022-11-23 00:30:20'),(369,1,'login','2022-11-23','00:30:22',1,'App\\Models\\Tenant\\User',NULL,'0','desktop','0','0','0','0',NULL,NULL,NULL,'2022-11-23 00:30:22','2022-11-23 00:30:22'),(370,1,'login','2022-11-23','00:30:24',1,'App\\Models\\Tenant\\User',NULL,'0','desktop','0','0','0','0',NULL,NULL,NULL,'2022-11-23 00:30:24','2022-11-23 00:30:24'),(371,1,'login','2022-11-23','00:30:27',1,'App\\Models\\Tenant\\User',NULL,'0','desktop','0','0','0','0',NULL,NULL,NULL,'2022-11-23 00:30:27','2022-11-23 00:30:27'),(372,1,'login','2022-11-23','00:30:29',1,'App\\Models\\Tenant\\User',NULL,'0','desktop','0','0','0','0',NULL,NULL,NULL,'2022-11-23 00:30:29','2022-11-23 00:30:29'),(373,1,'login','2022-11-23','00:30:32',1,'App\\Models\\Tenant\\User',NULL,'0','desktop','0','0','0','0',NULL,NULL,NULL,'2022-11-23 00:30:32','2022-11-23 00:30:32'),(374,1,'login','2022-11-23','00:30:35',1,'App\\Models\\Tenant\\User',NULL,'0','desktop','0','0','0','0',NULL,NULL,NULL,'2022-11-23 00:30:35','2022-11-23 00:30:35'),(375,1,'login','2022-11-23','09:17:17',1,'App\\Models\\Tenant\\User','190.187.46.168','WebKit','desktop','Windows','10.0','Chrome','107.0.0.0',NULL,NULL,'{\"country_name\":\"Peru\",\"country_code\":\"PE\",\"region_code\":\"LMA\",\"region_name\":\"Lima\",\"city_name\":\"Lima\",\"latitude\":\"-12.0464\",\"longitude\":\"-77.0428\",\"timezone\":\"America\\/Lima\"}','2022-11-23 09:17:17','2022-11-23 09:17:17'),(376,1,'login','2022-11-23','11:30:31',1,'App\\Models\\Tenant\\User','190.236.26.196','WebKit','desktop','Windows','10.0','Chrome','107.0.0.0',NULL,NULL,'{\"country_name\":\"Peru\",\"country_code\":\"PE\",\"region_code\":\"PIU\",\"region_name\":\"Piura\",\"city_name\":\"Piura\",\"latitude\":\"-5.1991\",\"longitude\":\"-80.6309\",\"timezone\":\"America\\/Lima\"}','2022-11-23 11:30:31','2022-11-23 11:30:31'),(377,1,'login','2022-11-24','00:00:15',1,'App\\Models\\Tenant\\User',NULL,'0','desktop','0','0','0','0',NULL,NULL,NULL,'2022-11-24 00:00:15','2022-11-24 00:00:15'),(378,1,'login','2022-11-24','00:00:15',1,'App\\Models\\Tenant\\User',NULL,'0','desktop','0','0','0','0',NULL,NULL,NULL,'2022-11-24 00:00:15','2022-11-24 00:00:15'),(379,1,'login','2022-11-24','00:00:45',1,'App\\Models\\Tenant\\User',NULL,'0','desktop','0','0','0','0',NULL,NULL,NULL,'2022-11-24 00:00:45','2022-11-24 00:00:45'),(380,1,'login','2022-11-24','00:00:45',1,'App\\Models\\Tenant\\User',NULL,'0','desktop','0','0','0','0',NULL,NULL,NULL,'2022-11-24 00:00:45','2022-11-24 00:00:45'),(381,1,'login','2022-11-24','00:00:46',1,'App\\Models\\Tenant\\User',NULL,'0','desktop','0','0','0','0',NULL,NULL,NULL,'2022-11-24 00:00:46','2022-11-24 00:00:46'),(382,1,'login','2022-11-24','00:00:47',1,'App\\Models\\Tenant\\User',NULL,'0','desktop','0','0','0','0',NULL,NULL,NULL,'2022-11-24 00:00:47','2022-11-24 00:00:47'),(383,1,'login','2022-11-24','00:00:48',1,'App\\Models\\Tenant\\User',NULL,'0','desktop','0','0','0','0',NULL,NULL,NULL,'2022-11-24 00:00:48','2022-11-24 00:00:48'),(384,1,'login','2022-11-24','00:00:50',1,'App\\Models\\Tenant\\User',NULL,'0','desktop','0','0','0','0',NULL,NULL,NULL,'2022-11-24 00:00:50','2022-11-24 00:00:50'),(385,1,'login','2022-11-24','00:00:51',1,'App\\Models\\Tenant\\User',NULL,'0','desktop','0','0','0','0',NULL,NULL,NULL,'2022-11-24 00:00:51','2022-11-24 00:00:51'),(386,1,'login','2022-11-24','00:00:52',1,'App\\Models\\Tenant\\User',NULL,'0','desktop','0','0','0','0',NULL,NULL,NULL,'2022-11-24 00:00:52','2022-11-24 00:00:52'),(387,1,'login','2022-11-24','00:00:53',1,'App\\Models\\Tenant\\User',NULL,'0','desktop','0','0','0','0',NULL,NULL,NULL,'2022-11-24 00:00:53','2022-11-24 00:00:53'),(388,1,'login','2022-11-24','00:00:54',1,'App\\Models\\Tenant\\User',NULL,'0','desktop','0','0','0','0',NULL,NULL,NULL,'2022-11-24 00:00:54','2022-11-24 00:00:54'),(389,1,'login','2022-11-24','00:00:56',1,'App\\Models\\Tenant\\User',NULL,'0','desktop','0','0','0','0',NULL,NULL,NULL,'2022-11-24 00:00:56','2022-11-24 00:00:56'),(390,1,'login','2022-11-24','00:30:04',1,'App\\Models\\Tenant\\User',NULL,'0','desktop','0','0','0','0',NULL,NULL,NULL,'2022-11-24 00:30:04','2022-11-24 00:30:04'),(391,1,'login','2022-11-24','00:30:04',1,'App\\Models\\Tenant\\User',NULL,'0','desktop','0','0','0','0',NULL,NULL,NULL,'2022-11-24 00:30:04','2022-11-24 00:30:04'),(392,1,'login','2022-11-24','00:30:10',1,'App\\Models\\Tenant\\User',NULL,'0','desktop','0','0','0','0',NULL,NULL,NULL,'2022-11-24 00:30:10','2022-11-24 00:30:10'),(393,1,'login','2022-11-24','00:30:11',1,'App\\Models\\Tenant\\User',NULL,'0','desktop','0','0','0','0',NULL,NULL,NULL,'2022-11-24 00:30:12','2022-11-24 00:30:12'),(394,1,'login','2022-11-24','00:30:13',1,'App\\Models\\Tenant\\User',NULL,'0','desktop','0','0','0','0',NULL,NULL,NULL,'2022-11-24 00:30:13','2022-11-24 00:30:13'),(395,1,'login','2022-11-24','00:30:14',1,'App\\Models\\Tenant\\User',NULL,'0','desktop','0','0','0','0',NULL,NULL,NULL,'2022-11-24 00:30:14','2022-11-24 00:30:14'),(396,1,'login','2022-11-24','00:30:16',1,'App\\Models\\Tenant\\User',NULL,'0','desktop','0','0','0','0',NULL,NULL,NULL,'2022-11-24 00:30:16','2022-11-24 00:30:16'),(397,1,'login','2022-11-24','00:30:17',1,'App\\Models\\Tenant\\User',NULL,'0','desktop','0','0','0','0',NULL,NULL,NULL,'2022-11-24 00:30:17','2022-11-24 00:30:17'),(398,1,'login','2022-11-24','00:30:18',1,'App\\Models\\Tenant\\User',NULL,'0','desktop','0','0','0','0',NULL,NULL,NULL,'2022-11-24 00:30:18','2022-11-24 00:30:18'),(399,1,'login','2022-11-24','00:30:19',1,'App\\Models\\Tenant\\User',NULL,'0','desktop','0','0','0','0',NULL,NULL,NULL,'2022-11-24 00:30:19','2022-11-24 00:30:19'),(400,1,'login','2022-11-24','00:30:21',1,'App\\Models\\Tenant\\User',NULL,'0','desktop','0','0','0','0',NULL,NULL,NULL,'2022-11-24 00:30:21','2022-11-24 00:30:21'),(401,1,'login','2022-11-24','00:30:22',1,'App\\Models\\Tenant\\User',NULL,'0','desktop','0','0','0','0',NULL,NULL,NULL,'2022-11-24 00:30:22','2022-11-24 00:30:22'),(402,1,'login','2022-11-24','00:30:23',1,'App\\Models\\Tenant\\User',NULL,'0','desktop','0','0','0','0',NULL,NULL,NULL,'2022-11-24 00:30:23','2022-11-24 00:30:23'),(403,1,'login','2022-11-25','00:00:04',1,'App\\Models\\Tenant\\User',NULL,'0','desktop','0','0','0','0',NULL,NULL,NULL,'2022-11-25 00:00:04','2022-11-25 00:00:04'),(404,1,'login','2022-11-25','00:00:04',1,'App\\Models\\Tenant\\User',NULL,'0','desktop','0','0','0','0',NULL,NULL,NULL,'2022-11-25 00:00:04','2022-11-25 00:00:04'),(405,1,'login','2022-11-25','00:00:36',1,'App\\Models\\Tenant\\User',NULL,'0','desktop','0','0','0','0',NULL,NULL,NULL,'2022-11-25 00:00:36','2022-11-25 00:00:36'),(406,1,'login','2022-11-25','00:00:37',1,'App\\Models\\Tenant\\User',NULL,'0','desktop','0','0','0','0',NULL,NULL,NULL,'2022-11-25 00:00:37','2022-11-25 00:00:37'),(407,1,'login','2022-11-25','00:00:39',1,'App\\Models\\Tenant\\User',NULL,'0','desktop','0','0','0','0',NULL,NULL,NULL,'2022-11-25 00:00:39','2022-11-25 00:00:39'),(408,1,'login','2022-11-25','00:00:40',1,'App\\Models\\Tenant\\User',NULL,'0','desktop','0','0','0','0',NULL,NULL,NULL,'2022-11-25 00:00:40','2022-11-25 00:00:40'),(409,1,'login','2022-11-25','00:00:42',1,'App\\Models\\Tenant\\User',NULL,'0','desktop','0','0','0','0',NULL,NULL,NULL,'2022-11-25 00:00:42','2022-11-25 00:00:42'),(410,1,'login','2022-11-25','00:00:43',1,'App\\Models\\Tenant\\User',NULL,'0','desktop','0','0','0','0',NULL,NULL,NULL,'2022-11-25 00:00:43','2022-11-25 00:00:43'),(411,1,'login','2022-11-25','00:00:44',1,'App\\Models\\Tenant\\User',NULL,'0','desktop','0','0','0','0',NULL,NULL,NULL,'2022-11-25 00:00:44','2022-11-25 00:00:44'),(412,1,'login','2022-11-25','00:00:45',1,'App\\Models\\Tenant\\User',NULL,'0','desktop','0','0','0','0',NULL,NULL,NULL,'2022-11-25 00:00:45','2022-11-25 00:00:45'),(413,1,'login','2022-11-25','00:00:46',1,'App\\Models\\Tenant\\User',NULL,'0','desktop','0','0','0','0',NULL,NULL,NULL,'2022-11-25 00:00:46','2022-11-25 00:00:46'),(414,1,'login','2022-11-25','00:00:47',1,'App\\Models\\Tenant\\User',NULL,'0','desktop','0','0','0','0',NULL,NULL,NULL,'2022-11-25 00:00:47','2022-11-25 00:00:47'),(415,1,'login','2022-11-25','00:00:48',1,'App\\Models\\Tenant\\User',NULL,'0','desktop','0','0','0','0',NULL,NULL,NULL,'2022-11-25 00:00:48','2022-11-25 00:00:48'),(416,1,'login','2022-11-25','00:00:50',1,'App\\Models\\Tenant\\User',NULL,'0','desktop','0','0','0','0',NULL,NULL,NULL,'2022-11-25 00:00:50','2022-11-25 00:00:50'),(417,1,'login','2022-11-25','00:30:02',1,'App\\Models\\Tenant\\User',NULL,'0','desktop','0','0','0','0',NULL,NULL,NULL,'2022-11-25 00:30:02','2022-11-25 00:30:02'),(418,1,'login','2022-11-25','00:30:02',1,'App\\Models\\Tenant\\User',NULL,'0','desktop','0','0','0','0',NULL,NULL,NULL,'2022-11-25 00:30:02','2022-11-25 00:30:02'),(419,1,'login','2022-11-25','00:30:06',1,'App\\Models\\Tenant\\User',NULL,'0','desktop','0','0','0','0',NULL,NULL,NULL,'2022-11-25 00:30:06','2022-11-25 00:30:06'),(420,1,'login','2022-11-25','00:30:08',1,'App\\Models\\Tenant\\User',NULL,'0','desktop','0','0','0','0',NULL,NULL,NULL,'2022-11-25 00:30:08','2022-11-25 00:30:08'),(421,1,'login','2022-11-25','00:30:09',1,'App\\Models\\Tenant\\User',NULL,'0','desktop','0','0','0','0',NULL,NULL,NULL,'2022-11-25 00:30:09','2022-11-25 00:30:09'),(422,1,'login','2022-11-25','00:30:11',1,'App\\Models\\Tenant\\User',NULL,'0','desktop','0','0','0','0',NULL,NULL,NULL,'2022-11-25 00:30:11','2022-11-25 00:30:11'),(423,1,'login','2022-11-25','00:30:12',1,'App\\Models\\Tenant\\User',NULL,'0','desktop','0','0','0','0',NULL,NULL,NULL,'2022-11-25 00:30:12','2022-11-25 00:30:12'),(424,1,'login','2022-11-25','00:30:14',1,'App\\Models\\Tenant\\User',NULL,'0','desktop','0','0','0','0',NULL,NULL,NULL,'2022-11-25 00:30:14','2022-11-25 00:30:14'),(425,1,'login','2022-11-25','00:30:15',1,'App\\Models\\Tenant\\User',NULL,'0','desktop','0','0','0','0',NULL,NULL,NULL,'2022-11-25 00:30:15','2022-11-25 00:30:15'),(426,1,'login','2022-11-25','00:30:17',1,'App\\Models\\Tenant\\User',NULL,'0','desktop','0','0','0','0',NULL,NULL,NULL,'2022-11-25 00:30:17','2022-11-25 00:30:17'),(427,1,'login','2022-11-25','00:30:19',1,'App\\Models\\Tenant\\User',NULL,'0','desktop','0','0','0','0',NULL,NULL,NULL,'2022-11-25 00:30:19','2022-11-25 00:30:19'),(428,1,'login','2022-11-25','00:30:20',1,'App\\Models\\Tenant\\User',NULL,'0','desktop','0','0','0','0',NULL,NULL,NULL,'2022-11-25 00:30:20','2022-11-25 00:30:20'),(429,1,'login','2022-11-25','00:30:22',1,'App\\Models\\Tenant\\User',NULL,'0','desktop','0','0','0','0',NULL,NULL,NULL,'2022-11-25 00:30:22','2022-11-25 00:30:22'),(430,1,'login','2022-11-25','00:30:23',1,'App\\Models\\Tenant\\User',NULL,'0','desktop','0','0','0','0',NULL,NULL,NULL,'2022-11-25 00:30:23','2022-11-25 00:30:23'),(431,1,'login','2022-11-25','10:39:09',1,'App\\Models\\Tenant\\User','190.187.46.168','WebKit','desktop','Windows','10.0','Chrome','107.0.0.0',NULL,NULL,'{\"country_name\":\"Peru\",\"country_code\":\"PE\",\"region_code\":\"LMA\",\"region_name\":\"Lima\",\"city_name\":\"Lima\",\"latitude\":\"-12.0464\",\"longitude\":\"-77.0428\",\"timezone\":\"America\\/Lima\"}','2022-11-25 10:39:09','2022-11-25 10:39:09'),(432,1,'login','2022-11-26','00:00:08',1,'App\\Models\\Tenant\\User',NULL,'0','desktop','0','0','0','0',NULL,NULL,NULL,'2022-11-26 00:00:08','2022-11-26 00:00:08'),(433,1,'login','2022-11-26','00:00:08',1,'App\\Models\\Tenant\\User',NULL,'0','desktop','0','0','0','0',NULL,NULL,NULL,'2022-11-26 00:00:08','2022-11-26 00:00:08'),(434,1,'login','2022-11-26','00:00:47',1,'App\\Models\\Tenant\\User',NULL,'0','desktop','0','0','0','0',NULL,NULL,NULL,'2022-11-26 00:00:47','2022-11-26 00:00:47'),(435,1,'login','2022-11-26','00:00:48',1,'App\\Models\\Tenant\\User',NULL,'0','desktop','0','0','0','0',NULL,NULL,NULL,'2022-11-26 00:00:48','2022-11-26 00:00:48'),(436,1,'login','2022-11-26','00:00:49',1,'App\\Models\\Tenant\\User',NULL,'0','desktop','0','0','0','0',NULL,NULL,NULL,'2022-11-26 00:00:49','2022-11-26 00:00:49'),(437,1,'login','2022-11-26','00:00:50',1,'App\\Models\\Tenant\\User',NULL,'0','desktop','0','0','0','0',NULL,NULL,NULL,'2022-11-26 00:00:50','2022-11-26 00:00:50'),(438,1,'login','2022-11-26','00:00:51',1,'App\\Models\\Tenant\\User',NULL,'0','desktop','0','0','0','0',NULL,NULL,NULL,'2022-11-26 00:00:51','2022-11-26 00:00:51'),(439,1,'login','2022-11-26','00:00:52',1,'App\\Models\\Tenant\\User',NULL,'0','desktop','0','0','0','0',NULL,NULL,NULL,'2022-11-26 00:00:52','2022-11-26 00:00:52'),(440,1,'login','2022-11-26','00:00:53',1,'App\\Models\\Tenant\\User',NULL,'0','desktop','0','0','0','0',NULL,NULL,NULL,'2022-11-26 00:00:53','2022-11-26 00:00:53'),(441,1,'login','2022-11-26','00:00:54',1,'App\\Models\\Tenant\\User',NULL,'0','desktop','0','0','0','0',NULL,NULL,NULL,'2022-11-26 00:00:54','2022-11-26 00:00:54'),(442,1,'login','2022-11-26','00:00:55',1,'App\\Models\\Tenant\\User',NULL,'0','desktop','0','0','0','0',NULL,NULL,NULL,'2022-11-26 00:00:55','2022-11-26 00:00:55'),(443,1,'login','2022-11-26','00:00:56',1,'App\\Models\\Tenant\\User',NULL,'0','desktop','0','0','0','0',NULL,NULL,NULL,'2022-11-26 00:00:56','2022-11-26 00:00:56'),(444,1,'login','2022-11-26','00:00:57',1,'App\\Models\\Tenant\\User',NULL,'0','desktop','0','0','0','0',NULL,NULL,NULL,'2022-11-26 00:00:57','2022-11-26 00:00:57'),(445,1,'login','2022-11-26','00:00:57',1,'App\\Models\\Tenant\\User',NULL,'0','desktop','0','0','0','0',NULL,NULL,NULL,'2022-11-26 00:00:57','2022-11-26 00:00:57'),(446,1,'login','2022-11-26','00:30:06',1,'App\\Models\\Tenant\\User',NULL,'0','desktop','0','0','0','0',NULL,NULL,NULL,'2022-11-26 00:30:06','2022-11-26 00:30:06'),(447,1,'login','2022-11-26','00:30:06',1,'App\\Models\\Tenant\\User',NULL,'0','desktop','0','0','0','0',NULL,NULL,NULL,'2022-11-26 00:30:06','2022-11-26 00:30:06'),(448,1,'login','2022-11-26','00:30:12',1,'App\\Models\\Tenant\\User',NULL,'0','desktop','0','0','0','0',NULL,NULL,NULL,'2022-11-26 00:30:12','2022-11-26 00:30:12'),(449,1,'login','2022-11-26','00:30:14',1,'App\\Models\\Tenant\\User',NULL,'0','desktop','0','0','0','0',NULL,NULL,NULL,'2022-11-26 00:30:14','2022-11-26 00:30:14'),(450,1,'login','2022-11-26','00:30:15',1,'App\\Models\\Tenant\\User',NULL,'0','desktop','0','0','0','0',NULL,NULL,NULL,'2022-11-26 00:30:15','2022-11-26 00:30:15'),(451,1,'login','2022-11-26','00:30:17',1,'App\\Models\\Tenant\\User',NULL,'0','desktop','0','0','0','0',NULL,NULL,NULL,'2022-11-26 00:30:17','2022-11-26 00:30:17'),(452,1,'login','2022-11-26','00:30:18',1,'App\\Models\\Tenant\\User',NULL,'0','desktop','0','0','0','0',NULL,NULL,NULL,'2022-11-26 00:30:18','2022-11-26 00:30:18'),(453,1,'login','2022-11-26','00:30:19',1,'App\\Models\\Tenant\\User',NULL,'0','desktop','0','0','0','0',NULL,NULL,NULL,'2022-11-26 00:30:19','2022-11-26 00:30:19'),(454,1,'login','2022-11-26','00:30:21',1,'App\\Models\\Tenant\\User',NULL,'0','desktop','0','0','0','0',NULL,NULL,NULL,'2022-11-26 00:30:21','2022-11-26 00:30:21'),(455,1,'login','2022-11-26','00:30:22',1,'App\\Models\\Tenant\\User',NULL,'0','desktop','0','0','0','0',NULL,NULL,NULL,'2022-11-26 00:30:22','2022-11-26 00:30:22'),(456,1,'login','2022-11-26','00:30:24',1,'App\\Models\\Tenant\\User',NULL,'0','desktop','0','0','0','0',NULL,NULL,NULL,'2022-11-26 00:30:24','2022-11-26 00:30:24'),(457,1,'login','2022-11-26','00:30:25',1,'App\\Models\\Tenant\\User',NULL,'0','desktop','0','0','0','0',NULL,NULL,NULL,'2022-11-26 00:30:25','2022-11-26 00:30:25'),(458,1,'login','2022-11-26','00:30:26',1,'App\\Models\\Tenant\\User',NULL,'0','desktop','0','0','0','0',NULL,NULL,NULL,'2022-11-26 00:30:26','2022-11-26 00:30:26'),(459,1,'login','2022-11-26','00:30:27',1,'App\\Models\\Tenant\\User',NULL,'0','desktop','0','0','0','0',NULL,NULL,NULL,'2022-11-26 00:30:27','2022-11-26 00:30:27'),(460,1,'login','2022-11-26','10:36:59',1,'App\\Models\\Tenant\\User','190.187.46.168','WebKit','desktop','Windows','10.0','Chrome','107.0.0.0',NULL,NULL,'{\"country_name\":\"Peru\",\"country_code\":\"PE\",\"region_code\":\"LMA\",\"region_name\":\"Lima\",\"city_name\":\"Lima\",\"latitude\":\"-12.0464\",\"longitude\":\"-77.0428\",\"timezone\":\"America\\/Lima\"}','2022-11-26 10:36:59','2022-11-26 10:36:59'),(461,1,'login','2022-11-26','14:48:11',1,'App\\Models\\Tenant\\User','190.239.52.100','WebKit','desktop','Windows','10.0','Chrome','107.0.0.0',NULL,NULL,'{\"country_name\":\"Peru\",\"country_code\":\"PE\",\"region_code\":\"LAL\",\"region_name\":\"La Libertad\",\"city_name\":\"Trujillo\",\"latitude\":\"-8.1191\",\"longitude\":\"-79.0355\",\"timezone\":\"America\\/Lima\"}','2022-11-26 14:48:11','2022-11-26 14:48:11'),(462,1,'login','2022-11-27','00:00:09',1,'App\\Models\\Tenant\\User',NULL,'0','desktop','0','0','0','0',NULL,NULL,NULL,'2022-11-27 00:00:09','2022-11-27 00:00:09'),(463,1,'login','2022-11-27','00:00:09',1,'App\\Models\\Tenant\\User',NULL,'0','desktop','0','0','0','0',NULL,NULL,NULL,'2022-11-27 00:00:09','2022-11-27 00:00:09'),(464,1,'login','2022-11-27','00:00:45',1,'App\\Models\\Tenant\\User',NULL,'0','desktop','0','0','0','0',NULL,NULL,NULL,'2022-11-27 00:00:45','2022-11-27 00:00:45'),(465,1,'login','2022-11-27','00:00:46',1,'App\\Models\\Tenant\\User',NULL,'0','desktop','0','0','0','0',NULL,NULL,NULL,'2022-11-27 00:00:46','2022-11-27 00:00:46'),(466,1,'login','2022-11-27','00:00:47',1,'App\\Models\\Tenant\\User',NULL,'0','desktop','0','0','0','0',NULL,NULL,NULL,'2022-11-27 00:00:47','2022-11-27 00:00:47'),(467,1,'login','2022-11-27','00:00:48',1,'App\\Models\\Tenant\\User',NULL,'0','desktop','0','0','0','0',NULL,NULL,NULL,'2022-11-27 00:00:48','2022-11-27 00:00:48'),(468,1,'login','2022-11-27','00:00:49',1,'App\\Models\\Tenant\\User',NULL,'0','desktop','0','0','0','0',NULL,NULL,NULL,'2022-11-27 00:00:49','2022-11-27 00:00:49'),(469,1,'login','2022-11-27','00:00:50',1,'App\\Models\\Tenant\\User',NULL,'0','desktop','0','0','0','0',NULL,NULL,NULL,'2022-11-27 00:00:50','2022-11-27 00:00:50'),(470,1,'login','2022-11-27','00:00:51',1,'App\\Models\\Tenant\\User',NULL,'0','desktop','0','0','0','0',NULL,NULL,NULL,'2022-11-27 00:00:51','2022-11-27 00:00:51'),(471,1,'login','2022-11-27','00:00:52',1,'App\\Models\\Tenant\\User',NULL,'0','desktop','0','0','0','0',NULL,NULL,NULL,'2022-11-27 00:00:52','2022-11-27 00:00:52'),(472,1,'login','2022-11-27','00:00:53',1,'App\\Models\\Tenant\\User',NULL,'0','desktop','0','0','0','0',NULL,NULL,NULL,'2022-11-27 00:00:53','2022-11-27 00:00:53'),(473,1,'login','2022-11-27','00:00:54',1,'App\\Models\\Tenant\\User',NULL,'0','desktop','0','0','0','0',NULL,NULL,NULL,'2022-11-27 00:00:54','2022-11-27 00:00:54'),(474,1,'login','2022-11-27','00:00:55',1,'App\\Models\\Tenant\\User',NULL,'0','desktop','0','0','0','0',NULL,NULL,NULL,'2022-11-27 00:00:55','2022-11-27 00:00:55'),(475,1,'login','2022-11-27','00:00:56',1,'App\\Models\\Tenant\\User',NULL,'0','desktop','0','0','0','0',NULL,NULL,NULL,'2022-11-27 00:00:56','2022-11-27 00:00:56'),(476,1,'login','2022-11-27','00:30:04',1,'App\\Models\\Tenant\\User',NULL,'0','desktop','0','0','0','0',NULL,NULL,NULL,'2022-11-27 00:30:04','2022-11-27 00:30:04'),(477,1,'login','2022-11-27','00:30:05',1,'App\\Models\\Tenant\\User',NULL,'0','desktop','0','0','0','0',NULL,NULL,NULL,'2022-11-27 00:30:05','2022-11-27 00:30:05'),(478,1,'login','2022-11-27','00:30:10',1,'App\\Models\\Tenant\\User',NULL,'0','desktop','0','0','0','0',NULL,NULL,NULL,'2022-11-27 00:30:10','2022-11-27 00:30:10'),(479,1,'login','2022-11-27','00:30:12',1,'App\\Models\\Tenant\\User',NULL,'0','desktop','0','0','0','0',NULL,NULL,NULL,'2022-11-27 00:30:12','2022-11-27 00:30:12'),(480,1,'login','2022-11-27','00:30:14',1,'App\\Models\\Tenant\\User',NULL,'0','desktop','0','0','0','0',NULL,NULL,NULL,'2022-11-27 00:30:14','2022-11-27 00:30:14'),(481,1,'login','2022-11-27','00:30:16',1,'App\\Models\\Tenant\\User',NULL,'0','desktop','0','0','0','0',NULL,NULL,NULL,'2022-11-27 00:30:16','2022-11-27 00:30:16'),(482,1,'login','2022-11-27','00:30:18',1,'App\\Models\\Tenant\\User',NULL,'0','desktop','0','0','0','0',NULL,NULL,NULL,'2022-11-27 00:30:18','2022-11-27 00:30:18'),(483,1,'login','2022-11-27','00:30:20',1,'App\\Models\\Tenant\\User',NULL,'0','desktop','0','0','0','0',NULL,NULL,NULL,'2022-11-27 00:30:20','2022-11-27 00:30:20'),(484,1,'login','2022-11-27','00:30:22',1,'App\\Models\\Tenant\\User',NULL,'0','desktop','0','0','0','0',NULL,NULL,NULL,'2022-11-27 00:30:22','2022-11-27 00:30:22'),(485,1,'login','2022-11-27','00:30:24',1,'App\\Models\\Tenant\\User',NULL,'0','desktop','0','0','0','0',NULL,NULL,NULL,'2022-11-27 00:30:24','2022-11-27 00:30:24'),(486,1,'login','2022-11-27','00:30:26',1,'App\\Models\\Tenant\\User',NULL,'0','desktop','0','0','0','0',NULL,NULL,NULL,'2022-11-27 00:30:26','2022-11-27 00:30:26'),(487,1,'login','2022-11-27','00:30:28',1,'App\\Models\\Tenant\\User',NULL,'0','desktop','0','0','0','0',NULL,NULL,NULL,'2022-11-27 00:30:28','2022-11-27 00:30:28'),(488,1,'login','2022-11-27','00:30:30',1,'App\\Models\\Tenant\\User',NULL,'0','desktop','0','0','0','0',NULL,NULL,NULL,'2022-11-27 00:30:30','2022-11-27 00:30:30'),(489,1,'login','2022-11-27','00:30:31',1,'App\\Models\\Tenant\\User',NULL,'0','desktop','0','0','0','0',NULL,NULL,NULL,'2022-11-27 00:30:31','2022-11-27 00:30:31'),(490,1,'login','2022-11-28','00:00:03',1,'App\\Models\\Tenant\\User',NULL,'0','desktop','0','0','0','0',NULL,NULL,NULL,'2022-11-28 00:00:03','2022-11-28 00:00:03'),(491,1,'login','2022-11-28','00:00:03',1,'App\\Models\\Tenant\\User',NULL,'0','desktop','0','0','0','0',NULL,NULL,NULL,'2022-11-28 00:00:03','2022-11-28 00:00:03'),(492,1,'login','2022-11-28','00:00:30',1,'App\\Models\\Tenant\\User',NULL,'0','desktop','0','0','0','0',NULL,NULL,NULL,'2022-11-28 00:00:30','2022-11-28 00:00:30'),(493,1,'login','2022-11-28','00:00:31',1,'App\\Models\\Tenant\\User',NULL,'0','desktop','0','0','0','0',NULL,NULL,NULL,'2022-11-28 00:00:31','2022-11-28 00:00:31'),(494,1,'login','2022-11-28','00:00:32',1,'App\\Models\\Tenant\\User',NULL,'0','desktop','0','0','0','0',NULL,NULL,NULL,'2022-11-28 00:00:32','2022-11-28 00:00:32'),(495,1,'login','2022-11-28','00:00:33',1,'App\\Models\\Tenant\\User',NULL,'0','desktop','0','0','0','0',NULL,NULL,NULL,'2022-11-28 00:00:33','2022-11-28 00:00:33'),(496,1,'login','2022-11-28','00:00:34',1,'App\\Models\\Tenant\\User',NULL,'0','desktop','0','0','0','0',NULL,NULL,NULL,'2022-11-28 00:00:34','2022-11-28 00:00:34'),(497,1,'login','2022-11-28','00:00:35',1,'App\\Models\\Tenant\\User',NULL,'0','desktop','0','0','0','0',NULL,NULL,NULL,'2022-11-28 00:00:35','2022-11-28 00:00:35'),(498,1,'login','2022-11-28','00:00:36',1,'App\\Models\\Tenant\\User',NULL,'0','desktop','0','0','0','0',NULL,NULL,NULL,'2022-11-28 00:00:36','2022-11-28 00:00:36'),(499,1,'login','2022-11-28','00:00:36',1,'App\\Models\\Tenant\\User',NULL,'0','desktop','0','0','0','0',NULL,NULL,NULL,'2022-11-28 00:00:36','2022-11-28 00:00:36'),(500,1,'login','2022-11-28','00:00:37',1,'App\\Models\\Tenant\\User',NULL,'0','desktop','0','0','0','0',NULL,NULL,NULL,'2022-11-28 00:00:37','2022-11-28 00:00:37'),(501,1,'login','2022-11-28','00:00:38',1,'App\\Models\\Tenant\\User',NULL,'0','desktop','0','0','0','0',NULL,NULL,NULL,'2022-11-28 00:00:38','2022-11-28 00:00:38'),(502,1,'login','2022-11-28','00:00:39',1,'App\\Models\\Tenant\\User',NULL,'0','desktop','0','0','0','0',NULL,NULL,NULL,'2022-11-28 00:00:39','2022-11-28 00:00:39'),(503,1,'login','2022-11-28','00:00:40',1,'App\\Models\\Tenant\\User',NULL,'0','desktop','0','0','0','0',NULL,NULL,NULL,'2022-11-28 00:00:40','2022-11-28 00:00:40'),(504,1,'login','2022-11-28','00:30:02',1,'App\\Models\\Tenant\\User',NULL,'0','desktop','0','0','0','0',NULL,NULL,NULL,'2022-11-28 00:30:02','2022-11-28 00:30:02'),(505,1,'login','2022-11-28','00:30:02',1,'App\\Models\\Tenant\\User',NULL,'0','desktop','0','0','0','0',NULL,NULL,NULL,'2022-11-28 00:30:02','2022-11-28 00:30:02'),(506,1,'login','2022-11-28','00:30:07',1,'App\\Models\\Tenant\\User',NULL,'0','desktop','0','0','0','0',NULL,NULL,NULL,'2022-11-28 00:30:07','2022-11-28 00:30:07'),(507,1,'login','2022-11-28','00:30:10',1,'App\\Models\\Tenant\\User',NULL,'0','desktop','0','0','0','0',NULL,NULL,NULL,'2022-11-28 00:30:10','2022-11-28 00:30:10'),(508,1,'login','2022-11-28','00:30:12',1,'App\\Models\\Tenant\\User',NULL,'0','desktop','0','0','0','0',NULL,NULL,NULL,'2022-11-28 00:30:12','2022-11-28 00:30:12'),(509,1,'login','2022-11-28','00:30:15',1,'App\\Models\\Tenant\\User',NULL,'0','desktop','0','0','0','0',NULL,NULL,NULL,'2022-11-28 00:30:15','2022-11-28 00:30:15'),(510,1,'login','2022-11-28','00:30:18',1,'App\\Models\\Tenant\\User',NULL,'0','desktop','0','0','0','0',NULL,NULL,NULL,'2022-11-28 00:30:18','2022-11-28 00:30:18'),(511,1,'login','2022-11-28','00:30:20',1,'App\\Models\\Tenant\\User',NULL,'0','desktop','0','0','0','0',NULL,NULL,NULL,'2022-11-28 00:30:20','2022-11-28 00:30:20'),(512,1,'login','2022-11-28','00:30:23',1,'App\\Models\\Tenant\\User',NULL,'0','desktop','0','0','0','0',NULL,NULL,NULL,'2022-11-28 00:30:23','2022-11-28 00:30:23'),(513,1,'login','2022-11-28','00:30:26',1,'App\\Models\\Tenant\\User',NULL,'0','desktop','0','0','0','0',NULL,NULL,NULL,'2022-11-28 00:30:26','2022-11-28 00:30:26'),(514,1,'login','2022-11-28','00:30:29',1,'App\\Models\\Tenant\\User',NULL,'0','desktop','0','0','0','0',NULL,NULL,NULL,'2022-11-28 00:30:29','2022-11-28 00:30:29'),(515,1,'login','2022-11-28','00:30:31',1,'App\\Models\\Tenant\\User',NULL,'0','desktop','0','0','0','0',NULL,NULL,NULL,'2022-11-28 00:30:31','2022-11-28 00:30:31'),(516,1,'login','2022-11-28','00:30:34',1,'App\\Models\\Tenant\\User',NULL,'0','desktop','0','0','0','0',NULL,NULL,NULL,'2022-11-28 00:30:34','2022-11-28 00:30:34'),(517,1,'login','2022-11-28','00:30:37',1,'App\\Models\\Tenant\\User',NULL,'0','desktop','0','0','0','0',NULL,NULL,NULL,'2022-11-28 00:30:37','2022-11-28 00:30:37'),(518,1,'login','2022-11-28','21:39:03',1,'App\\Models\\Tenant\\User','190.239.52.149','WebKit','desktop','Windows','10.0','Chrome','107.0.0.0',NULL,NULL,'{\"country_name\":\"Peru\",\"country_code\":\"PE\",\"region_code\":\"LAL\",\"region_name\":\"La Libertad\",\"city_name\":\"Trujillo\",\"latitude\":\"-8.1191\",\"longitude\":\"-79.0355\",\"timezone\":\"America\\/Lima\"}','2022-11-28 21:39:03','2022-11-28 21:39:03'),(519,1,'login','2022-11-29','00:00:09',1,'App\\Models\\Tenant\\User',NULL,'0','desktop','0','0','0','0',NULL,NULL,NULL,'2022-11-29 00:00:09','2022-11-29 00:00:09'),(520,1,'login','2022-11-29','00:00:09',1,'App\\Models\\Tenant\\User',NULL,'0','desktop','0','0','0','0',NULL,NULL,NULL,'2022-11-29 00:00:09','2022-11-29 00:00:09'),(521,1,'login','2022-11-29','00:00:38',1,'App\\Models\\Tenant\\User',NULL,'0','desktop','0','0','0','0',NULL,NULL,NULL,'2022-11-29 00:00:38','2022-11-29 00:00:38'),(522,1,'login','2022-11-29','00:00:39',1,'App\\Models\\Tenant\\User',NULL,'0','desktop','0','0','0','0',NULL,NULL,NULL,'2022-11-29 00:00:39','2022-11-29 00:00:39'),(523,1,'login','2022-11-29','00:00:39',1,'App\\Models\\Tenant\\User',NULL,'0','desktop','0','0','0','0',NULL,NULL,NULL,'2022-11-29 00:00:39','2022-11-29 00:00:39'),(524,1,'login','2022-11-29','00:00:40',1,'App\\Models\\Tenant\\User',NULL,'0','desktop','0','0','0','0',NULL,NULL,NULL,'2022-11-29 00:00:40','2022-11-29 00:00:40'),(525,1,'login','2022-11-29','00:00:41',1,'App\\Models\\Tenant\\User',NULL,'0','desktop','0','0','0','0',NULL,NULL,NULL,'2022-11-29 00:00:41','2022-11-29 00:00:41'),(526,1,'login','2022-11-29','00:00:42',1,'App\\Models\\Tenant\\User',NULL,'0','desktop','0','0','0','0',NULL,NULL,NULL,'2022-11-29 00:00:42','2022-11-29 00:00:42'),(527,1,'login','2022-11-29','00:00:43',1,'App\\Models\\Tenant\\User',NULL,'0','desktop','0','0','0','0',NULL,NULL,NULL,'2022-11-29 00:00:43','2022-11-29 00:00:43'),(528,1,'login','2022-11-29','00:00:44',1,'App\\Models\\Tenant\\User',NULL,'0','desktop','0','0','0','0',NULL,NULL,NULL,'2022-11-29 00:00:44','2022-11-29 00:00:44'),(529,1,'login','2022-11-29','00:00:45',1,'App\\Models\\Tenant\\User',NULL,'0','desktop','0','0','0','0',NULL,NULL,NULL,'2022-11-29 00:00:45','2022-11-29 00:00:45'),(530,1,'login','2022-11-29','00:00:46',1,'App\\Models\\Tenant\\User',NULL,'0','desktop','0','0','0','0',NULL,NULL,NULL,'2022-11-29 00:00:46','2022-11-29 00:00:46'),(531,1,'login','2022-11-29','00:00:46',1,'App\\Models\\Tenant\\User',NULL,'0','desktop','0','0','0','0',NULL,NULL,NULL,'2022-11-29 00:00:46','2022-11-29 00:00:46'),(532,1,'login','2022-11-29','00:00:47',1,'App\\Models\\Tenant\\User',NULL,'0','desktop','0','0','0','0',NULL,NULL,NULL,'2022-11-29 00:00:47','2022-11-29 00:00:47'),(533,1,'login','2022-11-29','00:00:48',1,'App\\Models\\Tenant\\User',NULL,'0','desktop','0','0','0','0',NULL,NULL,NULL,'2022-11-29 00:00:48','2022-11-29 00:00:48'),(534,1,'login','2022-11-29','00:00:49',1,'App\\Models\\Tenant\\User',NULL,'0','desktop','0','0','0','0',NULL,NULL,NULL,'2022-11-29 00:00:49','2022-11-29 00:00:49'),(535,1,'login','2022-11-29','00:30:07',1,'App\\Models\\Tenant\\User',NULL,'0','desktop','0','0','0','0',NULL,NULL,NULL,'2022-11-29 00:30:07','2022-11-29 00:30:07'),(536,1,'login','2022-11-29','00:30:07',1,'App\\Models\\Tenant\\User',NULL,'0','desktop','0','0','0','0',NULL,NULL,NULL,'2022-11-29 00:30:07','2022-11-29 00:30:07'),(537,1,'login','2022-11-29','00:30:13',1,'App\\Models\\Tenant\\User',NULL,'0','desktop','0','0','0','0',NULL,NULL,NULL,'2022-11-29 00:30:13','2022-11-29 00:30:13'),(538,1,'login','2022-11-29','00:30:14',1,'App\\Models\\Tenant\\User',NULL,'0','desktop','0','0','0','0',NULL,NULL,NULL,'2022-11-29 00:30:14','2022-11-29 00:30:14'),(539,1,'login','2022-11-29','00:30:15',1,'App\\Models\\Tenant\\User',NULL,'0','desktop','0','0','0','0',NULL,NULL,NULL,'2022-11-29 00:30:15','2022-11-29 00:30:15'),(540,1,'login','2022-11-29','00:30:17',1,'App\\Models\\Tenant\\User',NULL,'0','desktop','0','0','0','0',NULL,NULL,NULL,'2022-11-29 00:30:17','2022-11-29 00:30:17'),(541,1,'login','2022-11-29','00:30:18',1,'App\\Models\\Tenant\\User',NULL,'0','desktop','0','0','0','0',NULL,NULL,NULL,'2022-11-29 00:30:18','2022-11-29 00:30:18'),(542,1,'login','2022-11-29','00:30:20',1,'App\\Models\\Tenant\\User',NULL,'0','desktop','0','0','0','0',NULL,NULL,NULL,'2022-11-29 00:30:20','2022-11-29 00:30:20'),(543,1,'login','2022-11-29','00:30:22',1,'App\\Models\\Tenant\\User',NULL,'0','desktop','0','0','0','0',NULL,NULL,NULL,'2022-11-29 00:30:22','2022-11-29 00:30:22'),(544,1,'login','2022-11-29','00:30:24',1,'App\\Models\\Tenant\\User',NULL,'0','desktop','0','0','0','0',NULL,NULL,NULL,'2022-11-29 00:30:24','2022-11-29 00:30:24'),(545,1,'login','2022-11-29','00:30:25',1,'App\\Models\\Tenant\\User',NULL,'0','desktop','0','0','0','0',NULL,NULL,NULL,'2022-11-29 00:30:25','2022-11-29 00:30:25'),(546,1,'login','2022-11-29','00:30:26',1,'App\\Models\\Tenant\\User',NULL,'0','desktop','0','0','0','0',NULL,NULL,NULL,'2022-11-29 00:30:26','2022-11-29 00:30:26'),(547,1,'login','2022-11-29','00:30:27',1,'App\\Models\\Tenant\\User',NULL,'0','desktop','0','0','0','0',NULL,NULL,NULL,'2022-11-29 00:30:27','2022-11-29 00:30:27'),(548,1,'login','2022-11-29','00:30:28',1,'App\\Models\\Tenant\\User',NULL,'0','desktop','0','0','0','0',NULL,NULL,NULL,'2022-11-29 00:30:28','2022-11-29 00:30:28'),(549,1,'login','2022-11-29','00:30:30',1,'App\\Models\\Tenant\\User',NULL,'0','desktop','0','0','0','0',NULL,NULL,NULL,'2022-11-29 00:30:30','2022-11-29 00:30:30'),(550,1,'login','2022-11-29','00:30:31',1,'App\\Models\\Tenant\\User',NULL,'0','desktop','0','0','0','0',NULL,NULL,NULL,'2022-11-29 00:30:31','2022-11-29 00:30:31'),(551,1,'login','2022-11-29','18:19:21',1,'App\\Models\\Tenant\\User','190.187.46.168','WebKit','desktop','Windows','10.0','Chrome','107.0.0.0',NULL,NULL,'{\"country_name\":\"Peru\",\"country_code\":\"PE\",\"region_code\":\"LMA\",\"region_name\":\"Lima\",\"city_name\":\"Lima\",\"latitude\":\"-12.0464\",\"longitude\":\"-77.0428\",\"timezone\":\"America\\/Lima\"}','2022-11-29 18:19:21','2022-11-29 18:19:21'),(552,1,'login','2022-11-30','00:00:09',1,'App\\Models\\Tenant\\User',NULL,'0','desktop','0','0','0','0',NULL,NULL,NULL,'2022-11-30 00:00:09','2022-11-30 00:00:09'),(553,1,'login','2022-11-30','00:00:09',1,'App\\Models\\Tenant\\User',NULL,'0','desktop','0','0','0','0',NULL,NULL,NULL,'2022-11-30 00:00:09','2022-11-30 00:00:09'),(554,1,'login','2022-11-30','00:00:38',1,'App\\Models\\Tenant\\User',NULL,'0','desktop','0','0','0','0',NULL,NULL,NULL,'2022-11-30 00:00:38','2022-11-30 00:00:38'),(555,1,'login','2022-11-30','00:00:39',1,'App\\Models\\Tenant\\User',NULL,'0','desktop','0','0','0','0',NULL,NULL,NULL,'2022-11-30 00:00:39','2022-11-30 00:00:39'),(556,1,'login','2022-11-30','00:00:40',1,'App\\Models\\Tenant\\User',NULL,'0','desktop','0','0','0','0',NULL,NULL,NULL,'2022-11-30 00:00:40','2022-11-30 00:00:40'),(557,1,'login','2022-11-30','00:00:41',1,'App\\Models\\Tenant\\User',NULL,'0','desktop','0','0','0','0',NULL,NULL,NULL,'2022-11-30 00:00:41','2022-11-30 00:00:41'),(558,1,'login','2022-11-30','00:00:42',1,'App\\Models\\Tenant\\User',NULL,'0','desktop','0','0','0','0',NULL,NULL,NULL,'2022-11-30 00:00:42','2022-11-30 00:00:42'),(559,1,'login','2022-11-30','00:00:43',1,'App\\Models\\Tenant\\User',NULL,'0','desktop','0','0','0','0',NULL,NULL,NULL,'2022-11-30 00:00:43','2022-11-30 00:00:43'),(560,1,'login','2022-11-30','00:00:44',1,'App\\Models\\Tenant\\User',NULL,'0','desktop','0','0','0','0',NULL,NULL,NULL,'2022-11-30 00:00:44','2022-11-30 00:00:44'),(561,1,'login','2022-11-30','00:00:45',1,'App\\Models\\Tenant\\User',NULL,'0','desktop','0','0','0','0',NULL,NULL,NULL,'2022-11-30 00:00:45','2022-11-30 00:00:45'),(562,1,'login','2022-11-30','00:00:46',1,'App\\Models\\Tenant\\User',NULL,'0','desktop','0','0','0','0',NULL,NULL,NULL,'2022-11-30 00:00:46','2022-11-30 00:00:46'),(563,1,'login','2022-11-30','00:00:47',1,'App\\Models\\Tenant\\User',NULL,'0','desktop','0','0','0','0',NULL,NULL,NULL,'2022-11-30 00:00:47','2022-11-30 00:00:47'),(564,1,'login','2022-11-30','00:00:48',1,'App\\Models\\Tenant\\User',NULL,'0','desktop','0','0','0','0',NULL,NULL,NULL,'2022-11-30 00:00:48','2022-11-30 00:00:48'),(565,1,'login','2022-11-30','00:00:49',1,'App\\Models\\Tenant\\User',NULL,'0','desktop','0','0','0','0',NULL,NULL,NULL,'2022-11-30 00:00:49','2022-11-30 00:00:49'),(566,1,'login','2022-11-30','00:00:50',1,'App\\Models\\Tenant\\User',NULL,'0','desktop','0','0','0','0',NULL,NULL,NULL,'2022-11-30 00:00:50','2022-11-30 00:00:50'),(567,1,'login','2022-11-30','00:00:51',1,'App\\Models\\Tenant\\User',NULL,'0','desktop','0','0','0','0',NULL,NULL,NULL,'2022-11-30 00:00:51','2022-11-30 00:00:51'),(568,1,'login','2022-11-30','00:30:03',1,'App\\Models\\Tenant\\User',NULL,'0','desktop','0','0','0','0',NULL,NULL,NULL,'2022-11-30 00:30:03','2022-11-30 00:30:03'),(569,1,'login','2022-11-30','00:30:03',1,'App\\Models\\Tenant\\User',NULL,'0','desktop','0','0','0','0',NULL,NULL,NULL,'2022-11-30 00:30:03','2022-11-30 00:30:03'),(570,1,'login','2022-11-30','00:30:18',1,'App\\Models\\Tenant\\User',NULL,'0','desktop','0','0','0','0',NULL,NULL,NULL,'2022-11-30 00:30:18','2022-11-30 00:30:18'),(571,1,'login','2022-11-30','00:30:20',1,'App\\Models\\Tenant\\User',NULL,'0','desktop','0','0','0','0',NULL,NULL,NULL,'2022-11-30 00:30:20','2022-11-30 00:30:20'),(572,1,'login','2022-11-30','00:30:21',1,'App\\Models\\Tenant\\User',NULL,'0','desktop','0','0','0','0',NULL,NULL,NULL,'2022-11-30 00:30:21','2022-11-30 00:30:21'),(573,1,'login','2022-11-30','00:30:22',1,'App\\Models\\Tenant\\User',NULL,'0','desktop','0','0','0','0',NULL,NULL,NULL,'2022-11-30 00:30:22','2022-11-30 00:30:22'),(574,1,'login','2022-11-30','00:30:24',1,'App\\Models\\Tenant\\User',NULL,'0','desktop','0','0','0','0',NULL,NULL,NULL,'2022-11-30 00:30:24','2022-11-30 00:30:24'),(575,1,'login','2022-11-30','00:30:25',1,'App\\Models\\Tenant\\User',NULL,'0','desktop','0','0','0','0',NULL,NULL,NULL,'2022-11-30 00:30:25','2022-11-30 00:30:25'),(576,1,'login','2022-11-30','00:30:26',1,'App\\Models\\Tenant\\User',NULL,'0','desktop','0','0','0','0',NULL,NULL,NULL,'2022-11-30 00:30:26','2022-11-30 00:30:26'),(577,1,'login','2022-11-30','00:30:27',1,'App\\Models\\Tenant\\User',NULL,'0','desktop','0','0','0','0',NULL,NULL,NULL,'2022-11-30 00:30:27','2022-11-30 00:30:27'),(578,1,'login','2022-11-30','00:30:28',1,'App\\Models\\Tenant\\User',NULL,'0','desktop','0','0','0','0',NULL,NULL,NULL,'2022-11-30 00:30:28','2022-11-30 00:30:28'),(579,1,'login','2022-11-30','00:30:30',1,'App\\Models\\Tenant\\User',NULL,'0','desktop','0','0','0','0',NULL,NULL,NULL,'2022-11-30 00:30:30','2022-11-30 00:30:30'),(580,1,'login','2022-11-30','00:30:31',1,'App\\Models\\Tenant\\User',NULL,'0','desktop','0','0','0','0',NULL,NULL,NULL,'2022-11-30 00:30:31','2022-11-30 00:30:31'),(581,1,'login','2022-11-30','00:30:32',1,'App\\Models\\Tenant\\User',NULL,'0','desktop','0','0','0','0',NULL,NULL,NULL,'2022-11-30 00:30:32','2022-11-30 00:30:32'),(582,1,'login','2022-11-30','00:30:33',1,'App\\Models\\Tenant\\User',NULL,'0','desktop','0','0','0','0',NULL,NULL,NULL,'2022-11-30 00:30:33','2022-11-30 00:30:33'),(583,1,'login','2022-11-30','00:30:35',1,'App\\Models\\Tenant\\User',NULL,'0','desktop','0','0','0','0',NULL,NULL,NULL,'2022-11-30 00:30:35','2022-11-30 00:30:35'),(584,1,'login','2022-12-01','00:00:07',1,'App\\Models\\Tenant\\User',NULL,'0','desktop','0','0','0','0',NULL,NULL,NULL,'2022-12-01 00:00:07','2022-12-01 00:00:07'),(585,1,'login','2022-12-01','00:00:07',1,'App\\Models\\Tenant\\User',NULL,'0','desktop','0','0','0','0',NULL,NULL,NULL,'2022-12-01 00:00:07','2022-12-01 00:00:07'),(586,1,'login','2022-12-01','00:00:43',1,'App\\Models\\Tenant\\User',NULL,'0','desktop','0','0','0','0',NULL,NULL,NULL,'2022-12-01 00:00:43','2022-12-01 00:00:43'),(587,1,'login','2022-12-01','00:00:44',1,'App\\Models\\Tenant\\User',NULL,'0','desktop','0','0','0','0',NULL,NULL,NULL,'2022-12-01 00:00:44','2022-12-01 00:00:44'),(588,1,'login','2022-12-01','00:00:46',1,'App\\Models\\Tenant\\User',NULL,'0','desktop','0','0','0','0',NULL,NULL,NULL,'2022-12-01 00:00:46','2022-12-01 00:00:46'),(589,1,'login','2022-12-01','00:00:47',1,'App\\Models\\Tenant\\User',NULL,'0','desktop','0','0','0','0',NULL,NULL,NULL,'2022-12-01 00:00:47','2022-12-01 00:00:47'),(590,1,'login','2022-12-01','00:00:48',1,'App\\Models\\Tenant\\User',NULL,'0','desktop','0','0','0','0',NULL,NULL,NULL,'2022-12-01 00:00:48','2022-12-01 00:00:48'),(591,1,'login','2022-12-01','00:00:50',1,'App\\Models\\Tenant\\User',NULL,'0','desktop','0','0','0','0',NULL,NULL,NULL,'2022-12-01 00:00:50','2022-12-01 00:00:50'),(592,1,'login','2022-12-01','00:00:51',1,'App\\Models\\Tenant\\User',NULL,'0','desktop','0','0','0','0',NULL,NULL,NULL,'2022-12-01 00:00:51','2022-12-01 00:00:51'),(593,1,'login','2022-12-01','00:00:52',1,'App\\Models\\Tenant\\User',NULL,'0','desktop','0','0','0','0',NULL,NULL,NULL,'2022-12-01 00:00:52','2022-12-01 00:00:52'),(594,1,'login','2022-12-01','00:00:52',1,'App\\Models\\Tenant\\User',NULL,'0','desktop','0','0','0','0',NULL,NULL,NULL,'2022-12-01 00:00:52','2022-12-01 00:00:52'),(595,1,'login','2022-12-01','00:00:53',1,'App\\Models\\Tenant\\User',NULL,'0','desktop','0','0','0','0',NULL,NULL,NULL,'2022-12-01 00:00:53','2022-12-01 00:00:53'),(596,1,'login','2022-12-01','00:00:54',1,'App\\Models\\Tenant\\User',NULL,'0','desktop','0','0','0','0',NULL,NULL,NULL,'2022-12-01 00:00:54','2022-12-01 00:00:54'),(597,1,'login','2022-12-01','00:00:55',1,'App\\Models\\Tenant\\User',NULL,'0','desktop','0','0','0','0',NULL,NULL,NULL,'2022-12-01 00:00:55','2022-12-01 00:00:55'),(598,1,'login','2022-12-01','00:00:56',1,'App\\Models\\Tenant\\User',NULL,'0','desktop','0','0','0','0',NULL,NULL,NULL,'2022-12-01 00:00:56','2022-12-01 00:00:56'),(599,1,'login','2022-12-01','00:00:57',1,'App\\Models\\Tenant\\User',NULL,'0','desktop','0','0','0','0',NULL,NULL,NULL,'2022-12-01 00:00:57','2022-12-01 00:00:57'),(600,1,'login','2022-12-01','00:30:05',1,'App\\Models\\Tenant\\User',NULL,'0','desktop','0','0','0','0',NULL,NULL,NULL,'2022-12-01 00:30:05','2022-12-01 00:30:05'),(601,1,'login','2022-12-01','00:30:05',1,'App\\Models\\Tenant\\User',NULL,'0','desktop','0','0','0','0',NULL,NULL,NULL,'2022-12-01 00:30:05','2022-12-01 00:30:05'),(602,1,'login','2022-12-01','00:30:11',1,'App\\Models\\Tenant\\User',NULL,'0','desktop','0','0','0','0',NULL,NULL,NULL,'2022-12-01 00:30:11','2022-12-01 00:30:11'),(603,1,'login','2022-12-01','00:30:13',1,'App\\Models\\Tenant\\User',NULL,'0','desktop','0','0','0','0',NULL,NULL,NULL,'2022-12-01 00:30:13','2022-12-01 00:30:13'),(604,1,'login','2022-12-01','00:30:14',1,'App\\Models\\Tenant\\User',NULL,'0','desktop','0','0','0','0',NULL,NULL,NULL,'2022-12-01 00:30:14','2022-12-01 00:30:14'),(605,1,'login','2022-12-01','00:30:16',1,'App\\Models\\Tenant\\User',NULL,'0','desktop','0','0','0','0',NULL,NULL,NULL,'2022-12-01 00:30:16','2022-12-01 00:30:16'),(606,1,'login','2022-12-01','00:30:17',1,'App\\Models\\Tenant\\User',NULL,'0','desktop','0','0','0','0',NULL,NULL,NULL,'2022-12-01 00:30:17','2022-12-01 00:30:17'),(607,1,'login','2022-12-01','00:30:18',1,'App\\Models\\Tenant\\User',NULL,'0','desktop','0','0','0','0',NULL,NULL,NULL,'2022-12-01 00:30:18','2022-12-01 00:30:18'),(608,1,'login','2022-12-01','00:30:20',1,'App\\Models\\Tenant\\User',NULL,'0','desktop','0','0','0','0',NULL,NULL,NULL,'2022-12-01 00:30:20','2022-12-01 00:30:20'),(609,1,'login','2022-12-01','00:30:21',1,'App\\Models\\Tenant\\User',NULL,'0','desktop','0','0','0','0',NULL,NULL,NULL,'2022-12-01 00:30:21','2022-12-01 00:30:21'),(610,1,'login','2022-12-01','00:30:22',1,'App\\Models\\Tenant\\User',NULL,'0','desktop','0','0','0','0',NULL,NULL,NULL,'2022-12-01 00:30:22','2022-12-01 00:30:22'),(611,1,'login','2022-12-01','00:30:24',1,'App\\Models\\Tenant\\User',NULL,'0','desktop','0','0','0','0',NULL,NULL,NULL,'2022-12-01 00:30:24','2022-12-01 00:30:24'),(612,1,'login','2022-12-01','00:30:25',1,'App\\Models\\Tenant\\User',NULL,'0','desktop','0','0','0','0',NULL,NULL,NULL,'2022-12-01 00:30:25','2022-12-01 00:30:25'),(613,1,'login','2022-12-01','00:30:26',1,'App\\Models\\Tenant\\User',NULL,'0','desktop','0','0','0','0',NULL,NULL,NULL,'2022-12-01 00:30:27','2022-12-01 00:30:27'),(614,1,'login','2022-12-01','00:30:28',1,'App\\Models\\Tenant\\User',NULL,'0','desktop','0','0','0','0',NULL,NULL,NULL,'2022-12-01 00:30:28','2022-12-01 00:30:28'),(615,1,'login','2022-12-01','00:30:29',1,'App\\Models\\Tenant\\User',NULL,'0','desktop','0','0','0','0',NULL,NULL,NULL,'2022-12-01 00:30:29','2022-12-01 00:30:29'),(616,1,'login','2022-12-01','18:34:30',1,'App\\Models\\Tenant\\User','190.187.46.168','WebKit','desktop','Windows','10.0','Chrome','107.0.0.0',NULL,NULL,'{\"country_name\":\"Peru\",\"country_code\":\"PE\",\"region_code\":\"LMA\",\"region_name\":\"Lima\",\"city_name\":\"Lima\",\"latitude\":\"-12.0464\",\"longitude\":\"-77.0428\",\"timezone\":\"America\\/Lima\"}','2022-12-01 18:34:30','2022-12-01 18:34:30'),(617,1,'login','2022-12-02','00:00:14',1,'App\\Models\\Tenant\\User',NULL,'0','desktop','0','0','0','0',NULL,NULL,NULL,'2022-12-02 00:00:14','2022-12-02 00:00:14'),(618,1,'login','2022-12-02','00:00:14',1,'App\\Models\\Tenant\\User',NULL,'0','desktop','0','0','0','0',NULL,NULL,NULL,'2022-12-02 00:00:14','2022-12-02 00:00:14'),(619,1,'login','2022-12-02','00:00:48',1,'App\\Models\\Tenant\\User',NULL,'0','desktop','0','0','0','0',NULL,NULL,NULL,'2022-12-02 00:00:48','2022-12-02 00:00:48'),(620,1,'login','2022-12-02','00:00:50',1,'App\\Models\\Tenant\\User',NULL,'0','desktop','0','0','0','0',NULL,NULL,NULL,'2022-12-02 00:00:50','2022-12-02 00:00:50'),(621,1,'login','2022-12-02','00:00:51',1,'App\\Models\\Tenant\\User',NULL,'0','desktop','0','0','0','0',NULL,NULL,NULL,'2022-12-02 00:00:51','2022-12-02 00:00:51'),(622,1,'login','2022-12-02','00:00:53',1,'App\\Models\\Tenant\\User',NULL,'0','desktop','0','0','0','0',NULL,NULL,NULL,'2022-12-02 00:00:53','2022-12-02 00:00:53'),(623,1,'login','2022-12-02','00:00:54',1,'App\\Models\\Tenant\\User',NULL,'0','desktop','0','0','0','0',NULL,NULL,NULL,'2022-12-02 00:00:54','2022-12-02 00:00:54'),(624,1,'login','2022-12-02','00:00:54',1,'App\\Models\\Tenant\\User',NULL,'0','desktop','0','0','0','0',NULL,NULL,NULL,'2022-12-02 00:00:54','2022-12-02 00:00:54'),(625,1,'login','2022-12-02','00:00:56',1,'App\\Models\\Tenant\\User',NULL,'0','desktop','0','0','0','0',NULL,NULL,NULL,'2022-12-02 00:00:56','2022-12-02 00:00:56'),(626,1,'login','2022-12-02','00:00:57',1,'App\\Models\\Tenant\\User',NULL,'0','desktop','0','0','0','0',NULL,NULL,NULL,'2022-12-02 00:00:57','2022-12-02 00:00:57'),(627,1,'login','2022-12-02','00:00:58',1,'App\\Models\\Tenant\\User',NULL,'0','desktop','0','0','0','0',NULL,NULL,NULL,'2022-12-02 00:00:58','2022-12-02 00:00:58'),(628,1,'login','2022-12-02','00:00:59',1,'App\\Models\\Tenant\\User',NULL,'0','desktop','0','0','0','0',NULL,NULL,NULL,'2022-12-02 00:00:59','2022-12-02 00:00:59'),(629,1,'login','2022-12-02','00:01:00',1,'App\\Models\\Tenant\\User',NULL,'0','desktop','0','0','0','0',NULL,NULL,NULL,'2022-12-02 00:01:00','2022-12-02 00:01:00'),(630,1,'login','2022-12-02','00:30:05',1,'App\\Models\\Tenant\\User',NULL,'0','desktop','0','0','0','0',NULL,NULL,NULL,'2022-12-02 00:30:05','2022-12-02 00:30:05'),(631,1,'login','2022-12-02','00:30:06',1,'App\\Models\\Tenant\\User',NULL,'0','desktop','0','0','0','0',NULL,NULL,NULL,'2022-12-02 00:30:06','2022-12-02 00:30:06'),(632,1,'login','2022-12-02','00:30:13',1,'App\\Models\\Tenant\\User',NULL,'0','desktop','0','0','0','0',NULL,NULL,NULL,'2022-12-02 00:30:13','2022-12-02 00:30:13'),(633,1,'login','2022-12-02','00:30:16',1,'App\\Models\\Tenant\\User',NULL,'0','desktop','0','0','0','0',NULL,NULL,NULL,'2022-12-02 00:30:16','2022-12-02 00:30:16'),(634,1,'login','2022-12-02','00:30:20',1,'App\\Models\\Tenant\\User',NULL,'0','desktop','0','0','0','0',NULL,NULL,NULL,'2022-12-02 00:30:20','2022-12-02 00:30:20'),(635,1,'login','2022-12-02','00:30:22',1,'App\\Models\\Tenant\\User',NULL,'0','desktop','0','0','0','0',NULL,NULL,NULL,'2022-12-02 00:30:22','2022-12-02 00:30:22'),(636,1,'login','2022-12-02','00:30:24',1,'App\\Models\\Tenant\\User',NULL,'0','desktop','0','0','0','0',NULL,NULL,NULL,'2022-12-02 00:30:24','2022-12-02 00:30:24'),(637,1,'login','2022-12-02','00:30:27',1,'App\\Models\\Tenant\\User',NULL,'0','desktop','0','0','0','0',NULL,NULL,NULL,'2022-12-02 00:30:27','2022-12-02 00:30:27'),(638,1,'login','2022-12-02','00:30:29',1,'App\\Models\\Tenant\\User',NULL,'0','desktop','0','0','0','0',NULL,NULL,NULL,'2022-12-02 00:30:29','2022-12-02 00:30:29'),(639,1,'login','2022-12-02','00:30:32',1,'App\\Models\\Tenant\\User',NULL,'0','desktop','0','0','0','0',NULL,NULL,NULL,'2022-12-02 00:30:32','2022-12-02 00:30:32'),(640,1,'login','2022-12-02','00:30:35',1,'App\\Models\\Tenant\\User',NULL,'0','desktop','0','0','0','0',NULL,NULL,NULL,'2022-12-02 00:30:35','2022-12-02 00:30:35'),(641,1,'login','2022-12-02','00:30:39',1,'App\\Models\\Tenant\\User',NULL,'0','desktop','0','0','0','0',NULL,NULL,NULL,'2022-12-02 00:30:39','2022-12-02 00:30:39'),(642,1,'login','2022-12-02','00:30:41',1,'App\\Models\\Tenant\\User',NULL,'0','desktop','0','0','0','0',NULL,NULL,NULL,'2022-12-02 00:30:41','2022-12-02 00:30:41'),(643,1,'login','2022-12-02','00:30:43',1,'App\\Models\\Tenant\\User',NULL,'0','desktop','0','0','0','0',NULL,NULL,NULL,'2022-12-02 00:30:43','2022-12-02 00:30:43'),(644,1,'login','2022-12-02','00:30:46',1,'App\\Models\\Tenant\\User',NULL,'0','desktop','0','0','0','0',NULL,NULL,NULL,'2022-12-02 00:30:46','2022-12-02 00:30:46'),(645,1,'login','2022-12-02','00:30:50',1,'App\\Models\\Tenant\\User',NULL,'0','desktop','0','0','0','0',NULL,NULL,NULL,'2022-12-02 00:30:50','2022-12-02 00:30:50'),(646,1,'login','2022-12-02','18:48:05',1,'App\\Models\\Tenant\\User','190.187.46.168','WebKit','desktop','Windows','10.0','Chrome','107.0.0.0',NULL,NULL,'{\"country_name\":\"Peru\",\"country_code\":\"PE\",\"region_code\":\"LMA\",\"region_name\":\"Lima\",\"city_name\":\"Lima\",\"latitude\":\"-12.0464\",\"longitude\":\"-77.0428\",\"timezone\":\"America\\/Lima\"}','2022-12-02 18:48:05','2022-12-02 18:48:05'),(647,1,'login','2022-12-03','00:00:09',1,'App\\Models\\Tenant\\User',NULL,'0','desktop','0','0','0','0',NULL,NULL,NULL,'2022-12-03 00:00:09','2022-12-03 00:00:09'),(648,1,'login','2022-12-03','00:00:09',1,'App\\Models\\Tenant\\User',NULL,'0','desktop','0','0','0','0',NULL,NULL,NULL,'2022-12-03 00:00:09','2022-12-03 00:00:09'),(649,1,'login','2022-12-03','00:00:46',1,'App\\Models\\Tenant\\User',NULL,'0','desktop','0','0','0','0',NULL,NULL,NULL,'2022-12-03 00:00:46','2022-12-03 00:00:46'),(650,1,'login','2022-12-03','00:00:47',1,'App\\Models\\Tenant\\User',NULL,'0','desktop','0','0','0','0',NULL,NULL,NULL,'2022-12-03 00:00:47','2022-12-03 00:00:47'),(651,1,'login','2022-12-03','00:00:48',1,'App\\Models\\Tenant\\User',NULL,'0','desktop','0','0','0','0',NULL,NULL,NULL,'2022-12-03 00:00:48','2022-12-03 00:00:48'),(652,1,'login','2022-12-03','00:00:49',1,'App\\Models\\Tenant\\User',NULL,'0','desktop','0','0','0','0',NULL,NULL,NULL,'2022-12-03 00:00:49','2022-12-03 00:00:49'),(653,1,'login','2022-12-03','00:00:51',1,'App\\Models\\Tenant\\User',NULL,'0','desktop','0','0','0','0',NULL,NULL,NULL,'2022-12-03 00:00:51','2022-12-03 00:00:51'),(654,1,'login','2022-12-03','00:00:52',1,'App\\Models\\Tenant\\User',NULL,'0','desktop','0','0','0','0',NULL,NULL,NULL,'2022-12-03 00:00:52','2022-12-03 00:00:52'),(655,1,'login','2022-12-03','00:00:53',1,'App\\Models\\Tenant\\User',NULL,'0','desktop','0','0','0','0',NULL,NULL,NULL,'2022-12-03 00:00:53','2022-12-03 00:00:53'),(656,1,'login','2022-12-03','00:00:54',1,'App\\Models\\Tenant\\User',NULL,'0','desktop','0','0','0','0',NULL,NULL,NULL,'2022-12-03 00:00:54','2022-12-03 00:00:54'),(657,1,'login','2022-12-03','00:00:55',1,'App\\Models\\Tenant\\User',NULL,'0','desktop','0','0','0','0',NULL,NULL,NULL,'2022-12-03 00:00:55','2022-12-03 00:00:55'),(658,1,'login','2022-12-03','00:00:56',1,'App\\Models\\Tenant\\User',NULL,'0','desktop','0','0','0','0',NULL,NULL,NULL,'2022-12-03 00:00:56','2022-12-03 00:00:56'),(659,1,'login','2022-12-03','00:00:56',1,'App\\Models\\Tenant\\User',NULL,'0','desktop','0','0','0','0',NULL,NULL,NULL,'2022-12-03 00:00:56','2022-12-03 00:00:56'),(660,1,'login','2022-12-03','00:00:57',1,'App\\Models\\Tenant\\User',NULL,'0','desktop','0','0','0','0',NULL,NULL,NULL,'2022-12-03 00:00:57','2022-12-03 00:00:57'),(661,1,'login','2022-12-03','00:00:58',1,'App\\Models\\Tenant\\User',NULL,'0','desktop','0','0','0','0',NULL,NULL,NULL,'2022-12-03 00:00:58','2022-12-03 00:00:58'),(662,1,'login','2022-12-03','00:00:59',1,'App\\Models\\Tenant\\User',NULL,'0','desktop','0','0','0','0',NULL,NULL,NULL,'2022-12-03 00:00:59','2022-12-03 00:00:59'),(663,1,'login','2022-12-03','00:30:05',1,'App\\Models\\Tenant\\User',NULL,'0','desktop','0','0','0','0',NULL,NULL,NULL,'2022-12-03 00:30:05','2022-12-03 00:30:05'),(664,1,'login','2022-12-03','00:30:05',1,'App\\Models\\Tenant\\User',NULL,'0','desktop','0','0','0','0',NULL,NULL,NULL,'2022-12-03 00:30:05','2022-12-03 00:30:05'),(665,1,'login','2022-12-03','00:30:10',1,'App\\Models\\Tenant\\User',NULL,'0','desktop','0','0','0','0',NULL,NULL,NULL,'2022-12-03 00:30:10','2022-12-03 00:30:10'),(666,1,'login','2022-12-03','00:30:12',1,'App\\Models\\Tenant\\User',NULL,'0','desktop','0','0','0','0',NULL,NULL,NULL,'2022-12-03 00:30:12','2022-12-03 00:30:12'),(667,1,'login','2022-12-03','00:30:13',1,'App\\Models\\Tenant\\User',NULL,'0','desktop','0','0','0','0',NULL,NULL,NULL,'2022-12-03 00:30:13','2022-12-03 00:30:13'),(668,1,'login','2022-12-03','00:30:15',1,'App\\Models\\Tenant\\User',NULL,'0','desktop','0','0','0','0',NULL,NULL,NULL,'2022-12-03 00:30:15','2022-12-03 00:30:15'),(669,1,'login','2022-12-03','00:30:16',1,'App\\Models\\Tenant\\User',NULL,'0','desktop','0','0','0','0',NULL,NULL,NULL,'2022-12-03 00:30:16','2022-12-03 00:30:16'),(670,1,'login','2022-12-03','00:30:18',1,'App\\Models\\Tenant\\User',NULL,'0','desktop','0','0','0','0',NULL,NULL,NULL,'2022-12-03 00:30:18','2022-12-03 00:30:18'),(671,1,'login','2022-12-03','00:30:19',1,'App\\Models\\Tenant\\User',NULL,'0','desktop','0','0','0','0',NULL,NULL,NULL,'2022-12-03 00:30:19','2022-12-03 00:30:19'),(672,1,'login','2022-12-03','00:30:20',1,'App\\Models\\Tenant\\User',NULL,'0','desktop','0','0','0','0',NULL,NULL,NULL,'2022-12-03 00:30:20','2022-12-03 00:30:20'),(673,1,'login','2022-12-03','00:30:21',1,'App\\Models\\Tenant\\User',NULL,'0','desktop','0','0','0','0',NULL,NULL,NULL,'2022-12-03 00:30:21','2022-12-03 00:30:21'),(674,1,'login','2022-12-03','00:30:23',1,'App\\Models\\Tenant\\User',NULL,'0','desktop','0','0','0','0',NULL,NULL,NULL,'2022-12-03 00:30:23','2022-12-03 00:30:23'),(675,1,'login','2022-12-03','00:30:24',1,'App\\Models\\Tenant\\User',NULL,'0','desktop','0','0','0','0',NULL,NULL,NULL,'2022-12-03 00:30:24','2022-12-03 00:30:24'),(676,1,'login','2022-12-03','00:30:25',1,'App\\Models\\Tenant\\User',NULL,'0','desktop','0','0','0','0',NULL,NULL,NULL,'2022-12-03 00:30:25','2022-12-03 00:30:25'),(677,1,'login','2022-12-03','00:30:26',1,'App\\Models\\Tenant\\User',NULL,'0','desktop','0','0','0','0',NULL,NULL,NULL,'2022-12-03 00:30:26','2022-12-03 00:30:26'),(678,1,'login','2022-12-03','00:30:28',1,'App\\Models\\Tenant\\User',NULL,'0','desktop','0','0','0','0',NULL,NULL,NULL,'2022-12-03 00:30:28','2022-12-03 00:30:28'),(679,1,'login','2022-12-04','00:00:10',1,'App\\Models\\Tenant\\User',NULL,'0','desktop','0','0','0','0',NULL,NULL,NULL,'2022-12-04 00:00:10','2022-12-04 00:00:10'),(680,1,'login','2022-12-04','00:00:10',1,'App\\Models\\Tenant\\User',NULL,'0','desktop','0','0','0','0',NULL,NULL,NULL,'2022-12-04 00:00:10','2022-12-04 00:00:10'),(681,1,'login','2022-12-04','00:00:46',1,'App\\Models\\Tenant\\User',NULL,'0','desktop','0','0','0','0',NULL,NULL,NULL,'2022-12-04 00:00:46','2022-12-04 00:00:46'),(682,1,'login','2022-12-04','00:00:47',1,'App\\Models\\Tenant\\User',NULL,'0','desktop','0','0','0','0',NULL,NULL,NULL,'2022-12-04 00:00:47','2022-12-04 00:00:47'),(683,1,'login','2022-12-04','00:00:48',1,'App\\Models\\Tenant\\User',NULL,'0','desktop','0','0','0','0',NULL,NULL,NULL,'2022-12-04 00:00:48','2022-12-04 00:00:48'),(684,1,'login','2022-12-04','00:00:49',1,'App\\Models\\Tenant\\User',NULL,'0','desktop','0','0','0','0',NULL,NULL,NULL,'2022-12-04 00:00:49','2022-12-04 00:00:49'),(685,1,'login','2022-12-04','00:00:50',1,'App\\Models\\Tenant\\User',NULL,'0','desktop','0','0','0','0',NULL,NULL,NULL,'2022-12-04 00:00:50','2022-12-04 00:00:50'),(686,1,'login','2022-12-04','00:00:51',1,'App\\Models\\Tenant\\User',NULL,'0','desktop','0','0','0','0',NULL,NULL,NULL,'2022-12-04 00:00:51','2022-12-04 00:00:51'),(687,1,'login','2022-12-04','00:00:52',1,'App\\Models\\Tenant\\User',NULL,'0','desktop','0','0','0','0',NULL,NULL,NULL,'2022-12-04 00:00:52','2022-12-04 00:00:52'),(688,1,'login','2022-12-04','00:00:52',1,'App\\Models\\Tenant\\User',NULL,'0','desktop','0','0','0','0',NULL,NULL,NULL,'2022-12-04 00:00:52','2022-12-04 00:00:52'),(689,1,'login','2022-12-04','00:00:53',1,'App\\Models\\Tenant\\User',NULL,'0','desktop','0','0','0','0',NULL,NULL,NULL,'2022-12-04 00:00:53','2022-12-04 00:00:53'),(690,1,'login','2022-12-04','00:00:54',1,'App\\Models\\Tenant\\User',NULL,'0','desktop','0','0','0','0',NULL,NULL,NULL,'2022-12-04 00:00:54','2022-12-04 00:00:54'),(691,1,'login','2022-12-04','00:00:55',1,'App\\Models\\Tenant\\User',NULL,'0','desktop','0','0','0','0',NULL,NULL,NULL,'2022-12-04 00:00:55','2022-12-04 00:00:55'),(692,1,'login','2022-12-04','00:00:55',1,'App\\Models\\Tenant\\User',NULL,'0','desktop','0','0','0','0',NULL,NULL,NULL,'2022-12-04 00:00:55','2022-12-04 00:00:55'),(693,1,'login','2022-12-04','00:00:56',1,'App\\Models\\Tenant\\User',NULL,'0','desktop','0','0','0','0',NULL,NULL,NULL,'2022-12-04 00:00:56','2022-12-04 00:00:56'),(694,1,'login','2022-12-04','00:00:57',1,'App\\Models\\Tenant\\User',NULL,'0','desktop','0','0','0','0',NULL,NULL,NULL,'2022-12-04 00:00:57','2022-12-04 00:00:57'),(695,1,'login','2022-12-04','00:30:04',1,'App\\Models\\Tenant\\User',NULL,'0','desktop','0','0','0','0',NULL,NULL,NULL,'2022-12-04 00:30:04','2022-12-04 00:30:04'),(696,1,'login','2022-12-04','00:30:04',1,'App\\Models\\Tenant\\User',NULL,'0','desktop','0','0','0','0',NULL,NULL,NULL,'2022-12-04 00:30:04','2022-12-04 00:30:04'),(697,1,'login','2022-12-04','00:30:09',1,'App\\Models\\Tenant\\User',NULL,'0','desktop','0','0','0','0',NULL,NULL,NULL,'2022-12-04 00:30:09','2022-12-04 00:30:09'),(698,1,'login','2022-12-04','00:30:10',1,'App\\Models\\Tenant\\User',NULL,'0','desktop','0','0','0','0',NULL,NULL,NULL,'2022-12-04 00:30:10','2022-12-04 00:30:10'),(699,1,'login','2022-12-04','00:30:12',1,'App\\Models\\Tenant\\User',NULL,'0','desktop','0','0','0','0',NULL,NULL,NULL,'2022-12-04 00:30:12','2022-12-04 00:30:12'),(700,1,'login','2022-12-04','00:30:13',1,'App\\Models\\Tenant\\User',NULL,'0','desktop','0','0','0','0',NULL,NULL,NULL,'2022-12-04 00:30:13','2022-12-04 00:30:13'),(701,1,'login','2022-12-04','00:30:14',1,'App\\Models\\Tenant\\User',NULL,'0','desktop','0','0','0','0',NULL,NULL,NULL,'2022-12-04 00:30:14','2022-12-04 00:30:14'),(702,1,'login','2022-12-04','00:30:15',1,'App\\Models\\Tenant\\User',NULL,'0','desktop','0','0','0','0',NULL,NULL,NULL,'2022-12-04 00:30:15','2022-12-04 00:30:15'),(703,1,'login','2022-12-04','00:30:16',1,'App\\Models\\Tenant\\User',NULL,'0','desktop','0','0','0','0',NULL,NULL,NULL,'2022-12-04 00:30:16','2022-12-04 00:30:16'),(704,1,'login','2022-12-04','00:30:18',1,'App\\Models\\Tenant\\User',NULL,'0','desktop','0','0','0','0',NULL,NULL,NULL,'2022-12-04 00:30:18','2022-12-04 00:30:18'),(705,1,'login','2022-12-04','00:30:19',1,'App\\Models\\Tenant\\User',NULL,'0','desktop','0','0','0','0',NULL,NULL,NULL,'2022-12-04 00:30:19','2022-12-04 00:30:19'),(706,1,'login','2022-12-04','00:30:20',1,'App\\Models\\Tenant\\User',NULL,'0','desktop','0','0','0','0',NULL,NULL,NULL,'2022-12-04 00:30:20','2022-12-04 00:30:20'),(707,1,'login','2022-12-04','00:30:21',1,'App\\Models\\Tenant\\User',NULL,'0','desktop','0','0','0','0',NULL,NULL,NULL,'2022-12-04 00:30:21','2022-12-04 00:30:21'),(708,1,'login','2022-12-04','00:30:22',1,'App\\Models\\Tenant\\User',NULL,'0','desktop','0','0','0','0',NULL,NULL,NULL,'2022-12-04 00:30:22','2022-12-04 00:30:22'),(709,1,'login','2022-12-04','00:30:24',1,'App\\Models\\Tenant\\User',NULL,'0','desktop','0','0','0','0',NULL,NULL,NULL,'2022-12-04 00:30:24','2022-12-04 00:30:24'),(710,1,'login','2022-12-04','00:30:25',1,'App\\Models\\Tenant\\User',NULL,'0','desktop','0','0','0','0',NULL,NULL,NULL,'2022-12-04 00:30:25','2022-12-04 00:30:25'),(711,1,'login','2022-12-05','00:00:02',1,'App\\Models\\Tenant\\User',NULL,'0','desktop','0','0','0','0',NULL,NULL,NULL,'2022-12-05 00:00:02','2022-12-05 00:00:02'),(712,1,'login','2022-12-05','00:00:02',1,'App\\Models\\Tenant\\User',NULL,'0','desktop','0','0','0','0',NULL,NULL,NULL,'2022-12-05 00:00:02','2022-12-05 00:00:02'),(713,1,'login','2022-12-05','00:00:20',1,'App\\Models\\Tenant\\User',NULL,'0','desktop','0','0','0','0',NULL,NULL,NULL,'2022-12-05 00:00:20','2022-12-05 00:00:20'),(714,1,'login','2022-12-05','00:00:23',1,'App\\Models\\Tenant\\User',NULL,'0','desktop','0','0','0','0',NULL,NULL,NULL,'2022-12-05 00:00:23','2022-12-05 00:00:23'),(715,1,'login','2022-12-05','00:00:25',1,'App\\Models\\Tenant\\User',NULL,'0','desktop','0','0','0','0',NULL,NULL,NULL,'2022-12-05 00:00:25','2022-12-05 00:00:25'),(716,1,'login','2022-12-05','00:00:27',1,'App\\Models\\Tenant\\User',NULL,'0','desktop','0','0','0','0',NULL,NULL,NULL,'2022-12-05 00:00:27','2022-12-05 00:00:27'),(717,1,'login','2022-12-05','00:00:28',1,'App\\Models\\Tenant\\User',NULL,'0','desktop','0','0','0','0',NULL,NULL,NULL,'2022-12-05 00:00:28','2022-12-05 00:00:28'),(718,1,'login','2022-12-05','00:00:30',1,'App\\Models\\Tenant\\User',NULL,'0','desktop','0','0','0','0',NULL,NULL,NULL,'2022-12-05 00:00:30','2022-12-05 00:00:30'),(719,1,'login','2022-12-05','00:00:31',1,'App\\Models\\Tenant\\User',NULL,'0','desktop','0','0','0','0',NULL,NULL,NULL,'2022-12-05 00:00:31','2022-12-05 00:00:31'),(720,1,'login','2022-12-05','00:00:32',1,'App\\Models\\Tenant\\User',NULL,'0','desktop','0','0','0','0',NULL,NULL,NULL,'2022-12-05 00:00:32','2022-12-05 00:00:32'),(721,1,'login','2022-12-05','00:00:33',1,'App\\Models\\Tenant\\User',NULL,'0','desktop','0','0','0','0',NULL,NULL,NULL,'2022-12-05 00:00:33','2022-12-05 00:00:33'),(722,1,'login','2022-12-05','00:00:34',1,'App\\Models\\Tenant\\User',NULL,'0','desktop','0','0','0','0',NULL,NULL,NULL,'2022-12-05 00:00:34','2022-12-05 00:00:34'),(723,1,'login','2022-12-05','00:00:36',1,'App\\Models\\Tenant\\User',NULL,'0','desktop','0','0','0','0',NULL,NULL,NULL,'2022-12-05 00:00:36','2022-12-05 00:00:36'),(724,1,'login','2022-12-05','00:00:37',1,'App\\Models\\Tenant\\User',NULL,'0','desktop','0','0','0','0',NULL,NULL,NULL,'2022-12-05 00:00:37','2022-12-05 00:00:37'),(725,1,'login','2022-12-05','00:00:38',1,'App\\Models\\Tenant\\User',NULL,'0','desktop','0','0','0','0',NULL,NULL,NULL,'2022-12-05 00:00:38','2022-12-05 00:00:38'),(726,1,'login','2022-12-05','00:00:39',1,'App\\Models\\Tenant\\User',NULL,'0','desktop','0','0','0','0',NULL,NULL,NULL,'2022-12-05 00:00:39','2022-12-05 00:00:39'),(727,1,'login','2022-12-05','00:30:02',1,'App\\Models\\Tenant\\User',NULL,'0','desktop','0','0','0','0',NULL,NULL,NULL,'2022-12-05 00:30:02','2022-12-05 00:30:02'),(728,1,'login','2022-12-05','00:30:02',1,'App\\Models\\Tenant\\User',NULL,'0','desktop','0','0','0','0',NULL,NULL,NULL,'2022-12-05 00:30:02','2022-12-05 00:30:02'),(729,1,'login','2022-12-05','00:30:05',1,'App\\Models\\Tenant\\User',NULL,'0','desktop','0','0','0','0',NULL,NULL,NULL,'2022-12-05 00:30:05','2022-12-05 00:30:05'),(730,1,'login','2022-12-05','00:30:06',1,'App\\Models\\Tenant\\User',NULL,'0','desktop','0','0','0','0',NULL,NULL,NULL,'2022-12-05 00:30:06','2022-12-05 00:30:06'),(731,1,'login','2022-12-05','00:30:08',1,'App\\Models\\Tenant\\User',NULL,'0','desktop','0','0','0','0',NULL,NULL,NULL,'2022-12-05 00:30:08','2022-12-05 00:30:08'),(732,1,'login','2022-12-05','00:30:09',1,'App\\Models\\Tenant\\User',NULL,'0','desktop','0','0','0','0',NULL,NULL,NULL,'2022-12-05 00:30:09','2022-12-05 00:30:09'),(733,1,'login','2022-12-05','00:30:11',1,'App\\Models\\Tenant\\User',NULL,'0','desktop','0','0','0','0',NULL,NULL,NULL,'2022-12-05 00:30:11','2022-12-05 00:30:11'),(734,1,'login','2022-12-05','00:30:12',1,'App\\Models\\Tenant\\User',NULL,'0','desktop','0','0','0','0',NULL,NULL,NULL,'2022-12-05 00:30:12','2022-12-05 00:30:12'),(735,1,'login','2022-12-05','00:30:14',1,'App\\Models\\Tenant\\User',NULL,'0','desktop','0','0','0','0',NULL,NULL,NULL,'2022-12-05 00:30:14','2022-12-05 00:30:14'),(736,1,'login','2022-12-05','00:30:15',1,'App\\Models\\Tenant\\User',NULL,'0','desktop','0','0','0','0',NULL,NULL,NULL,'2022-12-05 00:30:15','2022-12-05 00:30:15'),(737,1,'login','2022-12-05','00:30:17',1,'App\\Models\\Tenant\\User',NULL,'0','desktop','0','0','0','0',NULL,NULL,NULL,'2022-12-05 00:30:17','2022-12-05 00:30:17'),(738,1,'login','2022-12-05','00:30:18',1,'App\\Models\\Tenant\\User',NULL,'0','desktop','0','0','0','0',NULL,NULL,NULL,'2022-12-05 00:30:18','2022-12-05 00:30:18'),(739,1,'login','2022-12-05','00:30:19',1,'App\\Models\\Tenant\\User',NULL,'0','desktop','0','0','0','0',NULL,NULL,NULL,'2022-12-05 00:30:19','2022-12-05 00:30:19'),(740,1,'login','2022-12-05','00:30:20',1,'App\\Models\\Tenant\\User',NULL,'0','desktop','0','0','0','0',NULL,NULL,NULL,'2022-12-05 00:30:21','2022-12-05 00:30:21'),(741,1,'login','2022-12-05','00:30:22',1,'App\\Models\\Tenant\\User',NULL,'0','desktop','0','0','0','0',NULL,NULL,NULL,'2022-12-05 00:30:22','2022-12-05 00:30:22'),(742,1,'login','2022-12-05','00:30:23',1,'App\\Models\\Tenant\\User',NULL,'0','desktop','0','0','0','0',NULL,NULL,NULL,'2022-12-05 00:30:23','2022-12-05 00:30:23'),(743,1,'login','2022-12-05','08:24:16',1,'App\\Models\\Tenant\\User','190.187.46.168','WebKit','desktop','Windows','10.0','Chrome','107.0.0.0',NULL,NULL,'{\"country_name\":\"Peru\",\"country_code\":\"PE\",\"region_code\":\"LMA\",\"region_name\":\"Lima\",\"city_name\":\"Lima\",\"latitude\":\"-12.0464\",\"longitude\":\"-77.0428\",\"timezone\":\"America\\/Lima\"}','2022-12-05 08:24:16','2022-12-05 08:24:16'),(744,1,'login','2022-12-06','00:00:18',1,'App\\Models\\Tenant\\User',NULL,'0','desktop','0','0','0','0',NULL,NULL,NULL,'2022-12-06 00:00:18','2022-12-06 00:00:18'),(745,1,'login','2022-12-06','00:00:18',1,'App\\Models\\Tenant\\User',NULL,'0','desktop','0','0','0','0',NULL,NULL,NULL,'2022-12-06 00:00:18','2022-12-06 00:00:18'),(746,1,'login','2022-12-06','00:00:59',1,'App\\Models\\Tenant\\User',NULL,'0','desktop','0','0','0','0',NULL,NULL,NULL,'2022-12-06 00:00:59','2022-12-06 00:00:59'),(747,1,'login','2022-12-06','00:30:04',1,'App\\Models\\Tenant\\User',NULL,'0','desktop','0','0','0','0',NULL,NULL,NULL,'2022-12-06 00:30:04','2022-12-06 00:30:04'),(748,1,'login','2022-12-06','00:30:04',1,'App\\Models\\Tenant\\User',NULL,'0','desktop','0','0','0','0',NULL,NULL,NULL,'2022-12-06 00:30:04','2022-12-06 00:30:04'),(749,1,'login','2022-12-06','00:30:11',1,'App\\Models\\Tenant\\User',NULL,'0','desktop','0','0','0','0',NULL,NULL,NULL,'2022-12-06 00:30:11','2022-12-06 00:30:11'),(750,1,'login','2022-12-06','00:30:13',1,'App\\Models\\Tenant\\User',NULL,'0','desktop','0','0','0','0',NULL,NULL,NULL,'2022-12-06 00:30:13','2022-12-06 00:30:13'),(751,1,'login','2022-12-06','00:30:15',1,'App\\Models\\Tenant\\User',NULL,'0','desktop','0','0','0','0',NULL,NULL,NULL,'2022-12-06 00:30:15','2022-12-06 00:30:15'),(752,1,'login','2022-12-06','00:30:18',1,'App\\Models\\Tenant\\User',NULL,'0','desktop','0','0','0','0',NULL,NULL,NULL,'2022-12-06 00:30:18','2022-12-06 00:30:18'),(753,1,'login','2022-12-06','00:30:20',1,'App\\Models\\Tenant\\User',NULL,'0','desktop','0','0','0','0',NULL,NULL,NULL,'2022-12-06 00:30:20','2022-12-06 00:30:20'),(754,1,'login','2022-12-06','00:30:22',1,'App\\Models\\Tenant\\User',NULL,'0','desktop','0','0','0','0',NULL,NULL,NULL,'2022-12-06 00:30:22','2022-12-06 00:30:22'),(755,1,'login','2022-12-06','00:30:24',1,'App\\Models\\Tenant\\User',NULL,'0','desktop','0','0','0','0',NULL,NULL,NULL,'2022-12-06 00:30:24','2022-12-06 00:30:24'),(756,1,'login','2022-12-06','00:30:26',1,'App\\Models\\Tenant\\User',NULL,'0','desktop','0','0','0','0',NULL,NULL,NULL,'2022-12-06 00:30:26','2022-12-06 00:30:26'),(757,1,'login','2022-12-06','00:30:28',1,'App\\Models\\Tenant\\User',NULL,'0','desktop','0','0','0','0',NULL,NULL,NULL,'2022-12-06 00:30:28','2022-12-06 00:30:28'),(758,1,'login','2022-12-06','00:30:30',1,'App\\Models\\Tenant\\User',NULL,'0','desktop','0','0','0','0',NULL,NULL,NULL,'2022-12-06 00:30:30','2022-12-06 00:30:30'),(759,1,'login','2022-12-06','00:30:32',1,'App\\Models\\Tenant\\User',NULL,'0','desktop','0','0','0','0',NULL,NULL,NULL,'2022-12-06 00:30:32','2022-12-06 00:30:32'),(760,1,'login','2022-12-06','00:30:34',1,'App\\Models\\Tenant\\User',NULL,'0','desktop','0','0','0','0',NULL,NULL,NULL,'2022-12-06 00:30:34','2022-12-06 00:30:34'),(761,1,'login','2022-12-06','00:30:37',1,'App\\Models\\Tenant\\User',NULL,'0','desktop','0','0','0','0',NULL,NULL,NULL,'2022-12-06 00:30:37','2022-12-06 00:30:37'),(762,1,'login','2022-12-06','00:30:39',1,'App\\Models\\Tenant\\User',NULL,'0','desktop','0','0','0','0',NULL,NULL,NULL,'2022-12-06 00:30:39','2022-12-06 00:30:39'),(763,1,'login','2022-12-06','09:46:06',1,'App\\Models\\Tenant\\User','190.236.26.218','WebKit','desktop','Windows','10.0','Chrome','108.0.0.0',NULL,NULL,'{\"country_name\":\"Peru\",\"country_code\":\"PE\",\"region_code\":\"PIU\",\"region_name\":\"Piura\",\"city_name\":\"Piura\",\"latitude\":\"-5.1991\",\"longitude\":\"-80.6309\",\"timezone\":\"America\\/Lima\"}','2022-12-06 09:46:06','2022-12-06 09:46:06'),(764,1,'login','2022-12-06','17:59:25',1,'App\\Models\\Tenant\\User','179.6.82.233','WebKit','desktop','Windows','10.0','Chrome','108.0.0.0',NULL,NULL,'{\"country_name\":\"Peru\",\"country_code\":\"PE\",\"region_code\":\"LAL\",\"region_name\":\"La Libertad\",\"city_name\":\"Trujillo\",\"latitude\":\"-8.1191\",\"longitude\":\"-79.0355\",\"timezone\":\"America\\/Lima\"}','2022-12-06 17:59:25','2022-12-06 17:59:25'),(765,1,'login','2022-12-06','18:05:03',1,'App\\Models\\Tenant\\User','190.187.46.168','WebKit','desktop','Windows','10.0','Chrome','107.0.0.0',NULL,NULL,'{\"country_name\":\"Peru\",\"country_code\":\"PE\",\"region_code\":\"LMA\",\"region_name\":\"Lima\",\"city_name\":\"Lima\",\"latitude\":\"-12.0464\",\"longitude\":\"-77.0428\",\"timezone\":\"America\\/Lima\"}','2022-12-06 18:05:03','2022-12-06 18:05:03'),(766,1,'login','2022-12-07','00:00:04',1,'App\\Models\\Tenant\\User',NULL,'0','desktop','0','0','0','0',NULL,NULL,NULL,'2022-12-07 00:00:04','2022-12-07 00:00:04'),(767,1,'login','2022-12-07','00:00:04',1,'App\\Models\\Tenant\\User',NULL,'0','desktop','0','0','0','0',NULL,NULL,NULL,'2022-12-07 00:00:04','2022-12-07 00:00:04'),(768,1,'login','2022-12-07','00:00:29',1,'App\\Models\\Tenant\\User',NULL,'0','desktop','0','0','0','0',NULL,NULL,NULL,'2022-12-07 00:00:29','2022-12-07 00:00:29'),(769,1,'login','2022-12-07','00:00:31',1,'App\\Models\\Tenant\\User',NULL,'0','desktop','0','0','0','0',NULL,NULL,NULL,'2022-12-07 00:00:31','2022-12-07 00:00:31'),(770,1,'login','2022-12-07','00:00:33',1,'App\\Models\\Tenant\\User',NULL,'0','desktop','0','0','0','0',NULL,NULL,NULL,'2022-12-07 00:00:33','2022-12-07 00:00:33'),(771,1,'login','2022-12-07','00:00:35',1,'App\\Models\\Tenant\\User',NULL,'0','desktop','0','0','0','0',NULL,NULL,NULL,'2022-12-07 00:00:35','2022-12-07 00:00:35'),(772,1,'login','2022-12-07','00:00:37',1,'App\\Models\\Tenant\\User',NULL,'0','desktop','0','0','0','0',NULL,NULL,NULL,'2022-12-07 00:00:37','2022-12-07 00:00:37'),(773,1,'login','2022-12-07','00:00:38',1,'App\\Models\\Tenant\\User',NULL,'0','desktop','0','0','0','0',NULL,NULL,NULL,'2022-12-07 00:00:38','2022-12-07 00:00:38'),(774,1,'login','2022-12-07','00:00:40',1,'App\\Models\\Tenant\\User',NULL,'0','desktop','0','0','0','0',NULL,NULL,NULL,'2022-12-07 00:00:40','2022-12-07 00:00:40'),(775,1,'login','2022-12-07','00:00:41',1,'App\\Models\\Tenant\\User',NULL,'0','desktop','0','0','0','0',NULL,NULL,NULL,'2022-12-07 00:00:41','2022-12-07 00:00:41'),(776,1,'login','2022-12-07','00:00:43',1,'App\\Models\\Tenant\\User',NULL,'0','desktop','0','0','0','0',NULL,NULL,NULL,'2022-12-07 00:00:43','2022-12-07 00:00:43'),(777,1,'login','2022-12-07','00:00:44',1,'App\\Models\\Tenant\\User',NULL,'0','desktop','0','0','0','0',NULL,NULL,NULL,'2022-12-07 00:00:44','2022-12-07 00:00:44'),(778,1,'login','2022-12-07','00:00:46',1,'App\\Models\\Tenant\\User',NULL,'0','desktop','0','0','0','0',NULL,NULL,NULL,'2022-12-07 00:00:46','2022-12-07 00:00:46'),(779,1,'login','2022-12-07','00:00:47',1,'App\\Models\\Tenant\\User',NULL,'0','desktop','0','0','0','0',NULL,NULL,NULL,'2022-12-07 00:00:47','2022-12-07 00:00:47'),(780,1,'login','2022-12-07','00:00:48',1,'App\\Models\\Tenant\\User',NULL,'0','desktop','0','0','0','0',NULL,NULL,NULL,'2022-12-07 00:00:48','2022-12-07 00:00:48'),(781,1,'login','2022-12-07','00:00:50',1,'App\\Models\\Tenant\\User',NULL,'0','desktop','0','0','0','0',NULL,NULL,NULL,'2022-12-07 00:00:50','2022-12-07 00:00:50'),(782,1,'login','2022-12-07','00:30:02',1,'App\\Models\\Tenant\\User',NULL,'0','desktop','0','0','0','0',NULL,NULL,NULL,'2022-12-07 00:30:02','2022-12-07 00:30:02'),(783,1,'login','2022-12-07','00:30:02',1,'App\\Models\\Tenant\\User',NULL,'0','desktop','0','0','0','0',NULL,NULL,NULL,'2022-12-07 00:30:02','2022-12-07 00:30:02'),(784,1,'login','2022-12-07','00:30:05',1,'App\\Models\\Tenant\\User',NULL,'0','desktop','0','0','0','0',NULL,NULL,NULL,'2022-12-07 00:30:05','2022-12-07 00:30:05'),(785,1,'login','2022-12-07','00:30:07',1,'App\\Models\\Tenant\\User',NULL,'0','desktop','0','0','0','0',NULL,NULL,NULL,'2022-12-07 00:30:07','2022-12-07 00:30:07'),(786,1,'login','2022-12-07','00:30:08',1,'App\\Models\\Tenant\\User',NULL,'0','desktop','0','0','0','0',NULL,NULL,NULL,'2022-12-07 00:30:08','2022-12-07 00:30:08'),(787,1,'login','2022-12-07','00:30:10',1,'App\\Models\\Tenant\\User',NULL,'0','desktop','0','0','0','0',NULL,NULL,NULL,'2022-12-07 00:30:10','2022-12-07 00:30:10'),(788,1,'login','2022-12-07','00:30:12',1,'App\\Models\\Tenant\\User',NULL,'0','desktop','0','0','0','0',NULL,NULL,NULL,'2022-12-07 00:30:12','2022-12-07 00:30:12'),(789,1,'login','2022-12-07','00:30:14',1,'App\\Models\\Tenant\\User',NULL,'0','desktop','0','0','0','0',NULL,NULL,NULL,'2022-12-07 00:30:14','2022-12-07 00:30:14'),(790,1,'login','2022-12-07','00:30:15',1,'App\\Models\\Tenant\\User',NULL,'0','desktop','0','0','0','0',NULL,NULL,NULL,'2022-12-07 00:30:15','2022-12-07 00:30:15'),(791,1,'login','2022-12-07','00:30:16',1,'App\\Models\\Tenant\\User',NULL,'0','desktop','0','0','0','0',NULL,NULL,NULL,'2022-12-07 00:30:16','2022-12-07 00:30:16'),(792,1,'login','2022-12-07','00:30:18',1,'App\\Models\\Tenant\\User',NULL,'0','desktop','0','0','0','0',NULL,NULL,NULL,'2022-12-07 00:30:18','2022-12-07 00:30:18'),(793,1,'login','2022-12-07','00:30:19',1,'App\\Models\\Tenant\\User',NULL,'0','desktop','0','0','0','0',NULL,NULL,NULL,'2022-12-07 00:30:19','2022-12-07 00:30:19'),(794,1,'login','2022-12-07','00:30:21',1,'App\\Models\\Tenant\\User',NULL,'0','desktop','0','0','0','0',NULL,NULL,NULL,'2022-12-07 00:30:21','2022-12-07 00:30:21'),(795,1,'login','2022-12-07','00:30:22',1,'App\\Models\\Tenant\\User',NULL,'0','desktop','0','0','0','0',NULL,NULL,NULL,'2022-12-07 00:30:22','2022-12-07 00:30:22'),(796,1,'login','2022-12-07','00:30:23',1,'App\\Models\\Tenant\\User',NULL,'0','desktop','0','0','0','0',NULL,NULL,NULL,'2022-12-07 00:30:23','2022-12-07 00:30:23'),(797,1,'login','2022-12-07','00:30:25',1,'App\\Models\\Tenant\\User',NULL,'0','desktop','0','0','0','0',NULL,NULL,NULL,'2022-12-07 00:30:25','2022-12-07 00:30:25'),(798,1,'login','2022-12-08','00:00:02',1,'App\\Models\\Tenant\\User',NULL,'0','desktop','0','0','0','0',NULL,NULL,NULL,'2022-12-08 00:00:02','2022-12-08 00:00:02'),(799,1,'login','2022-12-08','00:00:02',1,'App\\Models\\Tenant\\User',NULL,'0','desktop','0','0','0','0',NULL,NULL,NULL,'2022-12-08 00:00:02','2022-12-08 00:00:02'),(800,1,'login','2022-12-08','00:00:21',1,'App\\Models\\Tenant\\User',NULL,'0','desktop','0','0','0','0',NULL,NULL,NULL,'2022-12-08 00:00:21','2022-12-08 00:00:21'),(801,1,'login','2022-12-08','00:00:22',1,'App\\Models\\Tenant\\User',NULL,'0','desktop','0','0','0','0',NULL,NULL,NULL,'2022-12-08 00:00:22','2022-12-08 00:00:22'),(802,1,'login','2022-12-08','00:00:23',1,'App\\Models\\Tenant\\User',NULL,'0','desktop','0','0','0','0',NULL,NULL,NULL,'2022-12-08 00:00:23','2022-12-08 00:00:23'),(803,1,'login','2022-12-08','00:00:24',1,'App\\Models\\Tenant\\User',NULL,'0','desktop','0','0','0','0',NULL,NULL,NULL,'2022-12-08 00:00:24','2022-12-08 00:00:24'),(804,1,'login','2022-12-08','00:00:25',1,'App\\Models\\Tenant\\User',NULL,'0','desktop','0','0','0','0',NULL,NULL,NULL,'2022-12-08 00:00:25','2022-12-08 00:00:25'),(805,1,'login','2022-12-08','00:00:26',1,'App\\Models\\Tenant\\User',NULL,'0','desktop','0','0','0','0',NULL,NULL,NULL,'2022-12-08 00:00:26','2022-12-08 00:00:26'),(806,1,'login','2022-12-08','00:00:27',1,'App\\Models\\Tenant\\User',NULL,'0','desktop','0','0','0','0',NULL,NULL,NULL,'2022-12-08 00:00:27','2022-12-08 00:00:27'),(807,1,'login','2022-12-08','00:00:28',1,'App\\Models\\Tenant\\User',NULL,'0','desktop','0','0','0','0',NULL,NULL,NULL,'2022-12-08 00:00:28','2022-12-08 00:00:28'),(808,1,'login','2022-12-08','00:00:29',1,'App\\Models\\Tenant\\User',NULL,'0','desktop','0','0','0','0',NULL,NULL,NULL,'2022-12-08 00:00:29','2022-12-08 00:00:29'),(809,1,'login','2022-12-08','00:00:30',1,'App\\Models\\Tenant\\User',NULL,'0','desktop','0','0','0','0',NULL,NULL,NULL,'2022-12-08 00:00:30','2022-12-08 00:00:30'),(810,1,'login','2022-12-08','00:00:31',1,'App\\Models\\Tenant\\User',NULL,'0','desktop','0','0','0','0',NULL,NULL,NULL,'2022-12-08 00:00:31','2022-12-08 00:00:31'),(811,1,'login','2022-12-08','00:00:32',1,'App\\Models\\Tenant\\User',NULL,'0','desktop','0','0','0','0',NULL,NULL,NULL,'2022-12-08 00:00:32','2022-12-08 00:00:32'),(812,1,'login','2022-12-08','00:00:33',1,'App\\Models\\Tenant\\User',NULL,'0','desktop','0','0','0','0',NULL,NULL,NULL,'2022-12-08 00:00:33','2022-12-08 00:00:33'),(813,1,'login','2022-12-08','00:00:34',1,'App\\Models\\Tenant\\User',NULL,'0','desktop','0','0','0','0',NULL,NULL,NULL,'2022-12-08 00:00:34','2022-12-08 00:00:34'),(814,1,'login','2022-12-08','00:30:01',1,'App\\Models\\Tenant\\User',NULL,'0','desktop','0','0','0','0',NULL,NULL,NULL,'2022-12-08 00:30:01','2022-12-08 00:30:01'),(815,1,'login','2022-12-08','00:30:01',1,'App\\Models\\Tenant\\User',NULL,'0','desktop','0','0','0','0',NULL,NULL,NULL,'2022-12-08 00:30:01','2022-12-08 00:30:01'),(816,1,'login','2022-12-08','00:30:05',1,'App\\Models\\Tenant\\User',NULL,'0','desktop','0','0','0','0',NULL,NULL,NULL,'2022-12-08 00:30:05','2022-12-08 00:30:05'),(817,1,'login','2022-12-08','00:30:09',1,'App\\Models\\Tenant\\User',NULL,'0','desktop','0','0','0','0',NULL,NULL,NULL,'2022-12-08 00:30:09','2022-12-08 00:30:09'),(818,1,'login','2022-12-08','00:30:10',1,'App\\Models\\Tenant\\User',NULL,'0','desktop','0','0','0','0',NULL,NULL,NULL,'2022-12-08 00:30:10','2022-12-08 00:30:10'),(819,1,'login','2022-12-08','00:30:12',1,'App\\Models\\Tenant\\User',NULL,'0','desktop','0','0','0','0',NULL,NULL,NULL,'2022-12-08 00:30:12','2022-12-08 00:30:12'),(820,1,'login','2022-12-08','00:30:14',1,'App\\Models\\Tenant\\User',NULL,'0','desktop','0','0','0','0',NULL,NULL,NULL,'2022-12-08 00:30:14','2022-12-08 00:30:14'),(821,1,'login','2022-12-08','00:30:15',1,'App\\Models\\Tenant\\User',NULL,'0','desktop','0','0','0','0',NULL,NULL,NULL,'2022-12-08 00:30:15','2022-12-08 00:30:15'),(822,1,'login','2022-12-08','00:30:16',1,'App\\Models\\Tenant\\User',NULL,'0','desktop','0','0','0','0',NULL,NULL,NULL,'2022-12-08 00:30:16','2022-12-08 00:30:16'),(823,1,'login','2022-12-08','00:30:18',1,'App\\Models\\Tenant\\User',NULL,'0','desktop','0','0','0','0',NULL,NULL,NULL,'2022-12-08 00:30:18','2022-12-08 00:30:18'),(824,1,'login','2022-12-08','00:30:19',1,'App\\Models\\Tenant\\User',NULL,'0','desktop','0','0','0','0',NULL,NULL,NULL,'2022-12-08 00:30:19','2022-12-08 00:30:19'),(825,1,'login','2022-12-08','00:30:20',1,'App\\Models\\Tenant\\User',NULL,'0','desktop','0','0','0','0',NULL,NULL,NULL,'2022-12-08 00:30:20','2022-12-08 00:30:20'),(826,1,'login','2022-12-08','00:30:22',1,'App\\Models\\Tenant\\User',NULL,'0','desktop','0','0','0','0',NULL,NULL,NULL,'2022-12-08 00:30:22','2022-12-08 00:30:22'),(827,1,'login','2022-12-08','00:30:23',1,'App\\Models\\Tenant\\User',NULL,'0','desktop','0','0','0','0',NULL,NULL,NULL,'2022-12-08 00:30:23','2022-12-08 00:30:23'),(828,1,'login','2022-12-08','00:30:24',1,'App\\Models\\Tenant\\User',NULL,'0','desktop','0','0','0','0',NULL,NULL,NULL,'2022-12-08 00:30:24','2022-12-08 00:30:24'),(829,1,'login','2022-12-08','00:30:26',1,'App\\Models\\Tenant\\User',NULL,'0','desktop','0','0','0','0',NULL,NULL,NULL,'2022-12-08 00:30:26','2022-12-08 00:30:26'),(830,1,'login','2022-12-08','11:06:30',1,'App\\Models\\Tenant\\User','190.187.46.168','WebKit','desktop','Windows','10.0','Chrome','108.0.0.0',NULL,NULL,'{\"country_name\":\"Peru\",\"country_code\":\"PE\",\"region_code\":\"LMA\",\"region_name\":\"Lima\",\"city_name\":\"Lima\",\"latitude\":\"-12.0464\",\"longitude\":\"-77.0428\",\"timezone\":\"America\\/Lima\"}','2022-12-08 11:06:30','2022-12-08 11:06:30'),(831,1,'login','2022-12-09','00:00:04',1,'App\\Models\\Tenant\\User',NULL,'0','desktop','0','0','0','0',NULL,NULL,NULL,'2022-12-09 00:00:04','2022-12-09 00:00:04'),(832,1,'login','2022-12-09','00:00:04',1,'App\\Models\\Tenant\\User',NULL,'0','desktop','0','0','0','0',NULL,NULL,NULL,'2022-12-09 00:00:04','2022-12-09 00:00:04'),(833,1,'login','2022-12-09','00:00:23',1,'App\\Models\\Tenant\\User',NULL,'0','desktop','0','0','0','0',NULL,NULL,NULL,'2022-12-09 00:00:23','2022-12-09 00:00:23'),(834,1,'login','2022-12-09','00:00:26',1,'App\\Models\\Tenant\\User',NULL,'0','desktop','0','0','0','0',NULL,NULL,NULL,'2022-12-09 00:00:26','2022-12-09 00:00:26'),(835,1,'login','2022-12-09','00:00:27',1,'App\\Models\\Tenant\\User',NULL,'0','desktop','0','0','0','0',NULL,NULL,NULL,'2022-12-09 00:00:27','2022-12-09 00:00:27'),(836,1,'login','2022-12-09','00:00:29',1,'App\\Models\\Tenant\\User',NULL,'0','desktop','0','0','0','0',NULL,NULL,NULL,'2022-12-09 00:00:29','2022-12-09 00:00:29'),(837,1,'login','2022-12-09','00:00:30',1,'App\\Models\\Tenant\\User',NULL,'0','desktop','0','0','0','0',NULL,NULL,NULL,'2022-12-09 00:00:30','2022-12-09 00:00:30'),(838,1,'login','2022-12-09','00:00:32',1,'App\\Models\\Tenant\\User',NULL,'0','desktop','0','0','0','0',NULL,NULL,NULL,'2022-12-09 00:00:32','2022-12-09 00:00:32'),(839,1,'login','2022-12-09','00:00:33',1,'App\\Models\\Tenant\\User',NULL,'0','desktop','0','0','0','0',NULL,NULL,NULL,'2022-12-09 00:00:33','2022-12-09 00:00:33'),(840,1,'login','2022-12-09','00:00:35',1,'App\\Models\\Tenant\\User',NULL,'0','desktop','0','0','0','0',NULL,NULL,NULL,'2022-12-09 00:00:35','2022-12-09 00:00:35'),(841,1,'login','2022-12-09','00:00:36',1,'App\\Models\\Tenant\\User',NULL,'0','desktop','0','0','0','0',NULL,NULL,NULL,'2022-12-09 00:00:36','2022-12-09 00:00:36'),(842,1,'login','2022-12-09','00:00:38',1,'App\\Models\\Tenant\\User',NULL,'0','desktop','0','0','0','0',NULL,NULL,NULL,'2022-12-09 00:00:38','2022-12-09 00:00:38'),(843,1,'login','2022-12-09','00:00:39',1,'App\\Models\\Tenant\\User',NULL,'0','desktop','0','0','0','0',NULL,NULL,NULL,'2022-12-09 00:00:39','2022-12-09 00:00:39'),(844,1,'login','2022-12-09','00:00:40',1,'App\\Models\\Tenant\\User',NULL,'0','desktop','0','0','0','0',NULL,NULL,NULL,'2022-12-09 00:00:40','2022-12-09 00:00:40'),(845,1,'login','2022-12-09','00:00:41',1,'App\\Models\\Tenant\\User',NULL,'0','desktop','0','0','0','0',NULL,NULL,NULL,'2022-12-09 00:00:41','2022-12-09 00:00:41'),(846,1,'login','2022-12-09','00:00:42',1,'App\\Models\\Tenant\\User',NULL,'0','desktop','0','0','0','0',NULL,NULL,NULL,'2022-12-09 00:00:42','2022-12-09 00:00:42'),(847,1,'login','2022-12-09','00:30:02',1,'App\\Models\\Tenant\\User',NULL,'0','desktop','0','0','0','0',NULL,NULL,NULL,'2022-12-09 00:30:02','2022-12-09 00:30:02'),(848,1,'login','2022-12-09','00:30:02',1,'App\\Models\\Tenant\\User',NULL,'0','desktop','0','0','0','0',NULL,NULL,NULL,'2022-12-09 00:30:02','2022-12-09 00:30:02'),(849,1,'login','2022-12-09','00:30:05',1,'App\\Models\\Tenant\\User',NULL,'0','desktop','0','0','0','0',NULL,NULL,NULL,'2022-12-09 00:30:05','2022-12-09 00:30:05'),(850,1,'login','2022-12-09','00:30:06',1,'App\\Models\\Tenant\\User',NULL,'0','desktop','0','0','0','0',NULL,NULL,NULL,'2022-12-09 00:30:06','2022-12-09 00:30:06'),(851,1,'login','2022-12-09','00:30:08',1,'App\\Models\\Tenant\\User',NULL,'0','desktop','0','0','0','0',NULL,NULL,NULL,'2022-12-09 00:30:08','2022-12-09 00:30:08'),(852,1,'login','2022-12-09','00:30:09',1,'App\\Models\\Tenant\\User',NULL,'0','desktop','0','0','0','0',NULL,NULL,NULL,'2022-12-09 00:30:09','2022-12-09 00:30:09'),(853,1,'login','2022-12-09','00:30:11',1,'App\\Models\\Tenant\\User',NULL,'0','desktop','0','0','0','0',NULL,NULL,NULL,'2022-12-09 00:30:11','2022-12-09 00:30:11'),(854,1,'login','2022-12-09','00:30:12',1,'App\\Models\\Tenant\\User',NULL,'0','desktop','0','0','0','0',NULL,NULL,NULL,'2022-12-09 00:30:12','2022-12-09 00:30:12'),(855,1,'login','2022-12-09','00:30:13',1,'App\\Models\\Tenant\\User',NULL,'0','desktop','0','0','0','0',NULL,NULL,NULL,'2022-12-09 00:30:13','2022-12-09 00:30:13'),(856,1,'login','2022-12-09','00:30:15',1,'App\\Models\\Tenant\\User',NULL,'0','desktop','0','0','0','0',NULL,NULL,NULL,'2022-12-09 00:30:15','2022-12-09 00:30:15'),(857,1,'login','2022-12-09','00:30:16',1,'App\\Models\\Tenant\\User',NULL,'0','desktop','0','0','0','0',NULL,NULL,NULL,'2022-12-09 00:30:16','2022-12-09 00:30:16'),(858,1,'login','2022-12-09','00:30:17',1,'App\\Models\\Tenant\\User',NULL,'0','desktop','0','0','0','0',NULL,NULL,NULL,'2022-12-09 00:30:17','2022-12-09 00:30:17'),(859,1,'login','2022-12-09','00:30:19',1,'App\\Models\\Tenant\\User',NULL,'0','desktop','0','0','0','0',NULL,NULL,NULL,'2022-12-09 00:30:19','2022-12-09 00:30:19'),(860,1,'login','2022-12-09','00:30:20',1,'App\\Models\\Tenant\\User',NULL,'0','desktop','0','0','0','0',NULL,NULL,NULL,'2022-12-09 00:30:20','2022-12-09 00:30:20'),(861,1,'login','2022-12-09','00:30:21',1,'App\\Models\\Tenant\\User',NULL,'0','desktop','0','0','0','0',NULL,NULL,NULL,'2022-12-09 00:30:21','2022-12-09 00:30:21'),(862,1,'login','2022-12-09','00:30:23',1,'App\\Models\\Tenant\\User',NULL,'0','desktop','0','0','0','0',NULL,NULL,NULL,'2022-12-09 00:30:23','2022-12-09 00:30:23'),(863,1,'login','2022-12-10','00:00:05',1,'App\\Models\\Tenant\\User',NULL,'0','desktop','0','0','0','0',NULL,NULL,NULL,'2022-12-10 00:00:05','2022-12-10 00:00:05'),(864,1,'login','2022-12-10','00:00:05',1,'App\\Models\\Tenant\\User',NULL,'0','desktop','0','0','0','0',NULL,NULL,NULL,'2022-12-10 00:00:05','2022-12-10 00:00:05'),(865,1,'login','2022-12-10','00:00:24',1,'App\\Models\\Tenant\\User',NULL,'0','desktop','0','0','0','0',NULL,NULL,NULL,'2022-12-10 00:00:24','2022-12-10 00:00:24'),(866,1,'login','2022-12-10','00:00:26',1,'App\\Models\\Tenant\\User',NULL,'0','desktop','0','0','0','0',NULL,NULL,NULL,'2022-12-10 00:00:26','2022-12-10 00:00:26'),(867,1,'login','2022-12-10','00:00:27',1,'App\\Models\\Tenant\\User',NULL,'0','desktop','0','0','0','0',NULL,NULL,NULL,'2022-12-10 00:00:27','2022-12-10 00:00:27'),(868,1,'login','2022-12-10','00:00:29',1,'App\\Models\\Tenant\\User',NULL,'0','desktop','0','0','0','0',NULL,NULL,NULL,'2022-12-10 00:00:29','2022-12-10 00:00:29'),(869,1,'login','2022-12-10','00:00:30',1,'App\\Models\\Tenant\\User',NULL,'0','desktop','0','0','0','0',NULL,NULL,NULL,'2022-12-10 00:00:30','2022-12-10 00:00:30'),(870,1,'login','2022-12-10','00:00:32',1,'App\\Models\\Tenant\\User',NULL,'0','desktop','0','0','0','0',NULL,NULL,NULL,'2022-12-10 00:00:32','2022-12-10 00:00:32'),(871,1,'login','2022-12-10','00:00:33',1,'App\\Models\\Tenant\\User',NULL,'0','desktop','0','0','0','0',NULL,NULL,NULL,'2022-12-10 00:00:33','2022-12-10 00:00:33'),(872,1,'login','2022-12-10','00:00:34',1,'App\\Models\\Tenant\\User',NULL,'0','desktop','0','0','0','0',NULL,NULL,NULL,'2022-12-10 00:00:34','2022-12-10 00:00:34'),(873,1,'login','2022-12-10','00:00:35',1,'App\\Models\\Tenant\\User',NULL,'0','desktop','0','0','0','0',NULL,NULL,NULL,'2022-12-10 00:00:35','2022-12-10 00:00:35'),(874,1,'login','2022-12-10','00:00:36',1,'App\\Models\\Tenant\\User',NULL,'0','desktop','0','0','0','0',NULL,NULL,NULL,'2022-12-10 00:00:36','2022-12-10 00:00:36'),(875,1,'login','2022-12-10','00:00:37',1,'App\\Models\\Tenant\\User',NULL,'0','desktop','0','0','0','0',NULL,NULL,NULL,'2022-12-10 00:00:37','2022-12-10 00:00:37'),(876,1,'login','2022-12-10','00:00:38',1,'App\\Models\\Tenant\\User',NULL,'0','desktop','0','0','0','0',NULL,NULL,NULL,'2022-12-10 00:00:38','2022-12-10 00:00:38'),(877,1,'login','2022-12-10','00:00:39',1,'App\\Models\\Tenant\\User',NULL,'0','desktop','0','0','0','0',NULL,NULL,NULL,'2022-12-10 00:00:39','2022-12-10 00:00:39'),(878,1,'login','2022-12-10','00:00:40',1,'App\\Models\\Tenant\\User',NULL,'0','desktop','0','0','0','0',NULL,NULL,NULL,'2022-12-10 00:00:40','2022-12-10 00:00:40'),(879,1,'login','2022-12-10','00:30:02',1,'App\\Models\\Tenant\\User',NULL,'0','desktop','0','0','0','0',NULL,NULL,NULL,'2022-12-10 00:30:02','2022-12-10 00:30:02'),(880,1,'login','2022-12-10','00:30:02',1,'App\\Models\\Tenant\\User',NULL,'0','desktop','0','0','0','0',NULL,NULL,NULL,'2022-12-10 00:30:02','2022-12-10 00:30:02'),(881,1,'login','2022-12-10','00:30:05',1,'App\\Models\\Tenant\\User',NULL,'0','desktop','0','0','0','0',NULL,NULL,NULL,'2022-12-10 00:30:05','2022-12-10 00:30:05'),(882,1,'login','2022-12-10','00:30:07',1,'App\\Models\\Tenant\\User',NULL,'0','desktop','0','0','0','0',NULL,NULL,NULL,'2022-12-10 00:30:07','2022-12-10 00:30:07'),(883,1,'login','2022-12-10','00:30:09',1,'App\\Models\\Tenant\\User',NULL,'0','desktop','0','0','0','0',NULL,NULL,NULL,'2022-12-10 00:30:09','2022-12-10 00:30:09'),(884,1,'login','2022-12-10','00:30:10',1,'App\\Models\\Tenant\\User',NULL,'0','desktop','0','0','0','0',NULL,NULL,NULL,'2022-12-10 00:30:10','2022-12-10 00:30:10'),(885,1,'login','2022-12-10','00:30:12',1,'App\\Models\\Tenant\\User',NULL,'0','desktop','0','0','0','0',NULL,NULL,NULL,'2022-12-10 00:30:12','2022-12-10 00:30:12'),(886,1,'login','2022-12-10','00:30:14',1,'App\\Models\\Tenant\\User',NULL,'0','desktop','0','0','0','0',NULL,NULL,NULL,'2022-12-10 00:30:14','2022-12-10 00:30:14'),(887,1,'login','2022-12-10','00:30:15',1,'App\\Models\\Tenant\\User',NULL,'0','desktop','0','0','0','0',NULL,NULL,NULL,'2022-12-10 00:30:15','2022-12-10 00:30:15'),(888,1,'login','2022-12-10','00:30:16',1,'App\\Models\\Tenant\\User',NULL,'0','desktop','0','0','0','0',NULL,NULL,NULL,'2022-12-10 00:30:16','2022-12-10 00:30:16'),(889,1,'login','2022-12-10','00:30:18',1,'App\\Models\\Tenant\\User',NULL,'0','desktop','0','0','0','0',NULL,NULL,NULL,'2022-12-10 00:30:18','2022-12-10 00:30:18'),(890,1,'login','2022-12-10','00:30:19',1,'App\\Models\\Tenant\\User',NULL,'0','desktop','0','0','0','0',NULL,NULL,NULL,'2022-12-10 00:30:19','2022-12-10 00:30:19'),(891,1,'login','2022-12-10','00:30:20',1,'App\\Models\\Tenant\\User',NULL,'0','desktop','0','0','0','0',NULL,NULL,NULL,'2022-12-10 00:30:20','2022-12-10 00:30:20'),(892,1,'login','2022-12-10','00:30:22',1,'App\\Models\\Tenant\\User',NULL,'0','desktop','0','0','0','0',NULL,NULL,NULL,'2022-12-10 00:30:22','2022-12-10 00:30:22'),(893,1,'login','2022-12-10','00:30:23',1,'App\\Models\\Tenant\\User',NULL,'0','desktop','0','0','0','0',NULL,NULL,NULL,'2022-12-10 00:30:23','2022-12-10 00:30:23'),(894,1,'login','2022-12-10','00:30:24',1,'App\\Models\\Tenant\\User',NULL,'0','desktop','0','0','0','0',NULL,NULL,NULL,'2022-12-10 00:30:24','2022-12-10 00:30:24'),(895,1,'login','2022-12-11','00:00:03',1,'App\\Models\\Tenant\\User',NULL,'0','desktop','0','0','0','0',NULL,NULL,NULL,'2022-12-11 00:00:03','2022-12-11 00:00:03'),(896,1,'login','2022-12-11','00:00:04',1,'App\\Models\\Tenant\\User',NULL,'0','desktop','0','0','0','0',NULL,NULL,NULL,'2022-12-11 00:00:04','2022-12-11 00:00:04'),(897,1,'login','2022-12-11','00:00:29',1,'App\\Models\\Tenant\\User',NULL,'0','desktop','0','0','0','0',NULL,NULL,NULL,'2022-12-11 00:00:29','2022-12-11 00:00:29'),(898,1,'login','2022-12-11','00:00:31',1,'App\\Models\\Tenant\\User',NULL,'0','desktop','0','0','0','0',NULL,NULL,NULL,'2022-12-11 00:00:31','2022-12-11 00:00:31'),(899,1,'login','2022-12-11','00:00:32',1,'App\\Models\\Tenant\\User',NULL,'0','desktop','0','0','0','0',NULL,NULL,NULL,'2022-12-11 00:00:32','2022-12-11 00:00:32'),(900,1,'login','2022-12-11','00:00:33',1,'App\\Models\\Tenant\\User',NULL,'0','desktop','0','0','0','0',NULL,NULL,NULL,'2022-12-11 00:00:33','2022-12-11 00:00:33'),(901,1,'login','2022-12-11','00:00:34',1,'App\\Models\\Tenant\\User',NULL,'0','desktop','0','0','0','0',NULL,NULL,NULL,'2022-12-11 00:00:34','2022-12-11 00:00:34'),(902,1,'login','2022-12-11','00:00:35',1,'App\\Models\\Tenant\\User',NULL,'0','desktop','0','0','0','0',NULL,NULL,NULL,'2022-12-11 00:00:35','2022-12-11 00:00:35'),(903,1,'login','2022-12-11','00:00:36',1,'App\\Models\\Tenant\\User',NULL,'0','desktop','0','0','0','0',NULL,NULL,NULL,'2022-12-11 00:00:36','2022-12-11 00:00:36'),(904,1,'login','2022-12-11','00:00:37',1,'App\\Models\\Tenant\\User',NULL,'0','desktop','0','0','0','0',NULL,NULL,NULL,'2022-12-11 00:00:37','2022-12-11 00:00:37'),(905,1,'login','2022-12-11','00:00:39',1,'App\\Models\\Tenant\\User',NULL,'0','desktop','0','0','0','0',NULL,NULL,NULL,'2022-12-11 00:00:39','2022-12-11 00:00:39'),(906,1,'login','2022-12-11','00:00:40',1,'App\\Models\\Tenant\\User',NULL,'0','desktop','0','0','0','0',NULL,NULL,NULL,'2022-12-11 00:00:40','2022-12-11 00:00:40'),(907,1,'login','2022-12-11','00:00:41',1,'App\\Models\\Tenant\\User',NULL,'0','desktop','0','0','0','0',NULL,NULL,NULL,'2022-12-11 00:00:41','2022-12-11 00:00:41'),(908,1,'login','2022-12-11','00:00:43',1,'App\\Models\\Tenant\\User',NULL,'0','desktop','0','0','0','0',NULL,NULL,NULL,'2022-12-11 00:00:43','2022-12-11 00:00:43'),(909,1,'login','2022-12-11','00:00:44',1,'App\\Models\\Tenant\\User',NULL,'0','desktop','0','0','0','0',NULL,NULL,NULL,'2022-12-11 00:00:44','2022-12-11 00:00:44'),(910,1,'login','2022-12-11','00:00:45',1,'App\\Models\\Tenant\\User',NULL,'0','desktop','0','0','0','0',NULL,NULL,NULL,'2022-12-11 00:00:45','2022-12-11 00:00:45'),(911,1,'login','2022-12-11','00:30:02',1,'App\\Models\\Tenant\\User',NULL,'0','desktop','0','0','0','0',NULL,NULL,NULL,'2022-12-11 00:30:02','2022-12-11 00:30:02'),(912,1,'login','2022-12-11','00:30:02',1,'App\\Models\\Tenant\\User',NULL,'0','desktop','0','0','0','0',NULL,NULL,NULL,'2022-12-11 00:30:02','2022-12-11 00:30:02'),(913,1,'login','2022-12-11','00:30:04',1,'App\\Models\\Tenant\\User',NULL,'0','desktop','0','0','0','0',NULL,NULL,NULL,'2022-12-11 00:30:04','2022-12-11 00:30:04'),(914,1,'login','2022-12-11','00:30:06',1,'App\\Models\\Tenant\\User',NULL,'0','desktop','0','0','0','0',NULL,NULL,NULL,'2022-12-11 00:30:06','2022-12-11 00:30:06'),(915,1,'login','2022-12-11','00:30:07',1,'App\\Models\\Tenant\\User',NULL,'0','desktop','0','0','0','0',NULL,NULL,NULL,'2022-12-11 00:30:07','2022-12-11 00:30:07'),(916,1,'login','2022-12-11','00:30:08',1,'App\\Models\\Tenant\\User',NULL,'0','desktop','0','0','0','0',NULL,NULL,NULL,'2022-12-11 00:30:08','2022-12-11 00:30:08'),(917,1,'login','2022-12-11','00:30:10',1,'App\\Models\\Tenant\\User',NULL,'0','desktop','0','0','0','0',NULL,NULL,NULL,'2022-12-11 00:30:10','2022-12-11 00:30:10'),(918,1,'login','2022-12-11','00:30:11',1,'App\\Models\\Tenant\\User',NULL,'0','desktop','0','0','0','0',NULL,NULL,NULL,'2022-12-11 00:30:11','2022-12-11 00:30:11'),(919,1,'login','2022-12-11','00:30:13',1,'App\\Models\\Tenant\\User',NULL,'0','desktop','0','0','0','0',NULL,NULL,NULL,'2022-12-11 00:30:13','2022-12-11 00:30:13'),(920,1,'login','2022-12-11','00:30:14',1,'App\\Models\\Tenant\\User',NULL,'0','desktop','0','0','0','0',NULL,NULL,NULL,'2022-12-11 00:30:14','2022-12-11 00:30:14'),(921,1,'login','2022-12-11','00:30:16',1,'App\\Models\\Tenant\\User',NULL,'0','desktop','0','0','0','0',NULL,NULL,NULL,'2022-12-11 00:30:16','2022-12-11 00:30:16'),(922,1,'login','2022-12-11','00:30:17',1,'App\\Models\\Tenant\\User',NULL,'0','desktop','0','0','0','0',NULL,NULL,NULL,'2022-12-11 00:30:17','2022-12-11 00:30:17'),(923,1,'login','2022-12-11','00:30:18',1,'App\\Models\\Tenant\\User',NULL,'0','desktop','0','0','0','0',NULL,NULL,NULL,'2022-12-11 00:30:18','2022-12-11 00:30:18'),(924,1,'login','2022-12-11','00:30:19',1,'App\\Models\\Tenant\\User',NULL,'0','desktop','0','0','0','0',NULL,NULL,NULL,'2022-12-11 00:30:19','2022-12-11 00:30:19'),(925,1,'login','2022-12-11','00:30:21',1,'App\\Models\\Tenant\\User',NULL,'0','desktop','0','0','0','0',NULL,NULL,NULL,'2022-12-11 00:30:21','2022-12-11 00:30:21'),(926,1,'login','2022-12-11','00:30:22',1,'App\\Models\\Tenant\\User',NULL,'0','desktop','0','0','0','0',NULL,NULL,NULL,'2022-12-11 00:30:22','2022-12-11 00:30:22'),(927,1,'login','2022-12-12','00:00:04',1,'App\\Models\\Tenant\\User',NULL,'0','desktop','0','0','0','0',NULL,NULL,NULL,'2022-12-12 00:00:04','2022-12-12 00:00:04'),(928,1,'login','2022-12-12','00:00:04',1,'App\\Models\\Tenant\\User',NULL,'0','desktop','0','0','0','0',NULL,NULL,NULL,'2022-12-12 00:00:04','2022-12-12 00:00:04'),(929,1,'login','2022-12-12','00:00:31',1,'App\\Models\\Tenant\\User',NULL,'0','desktop','0','0','0','0',NULL,NULL,NULL,'2022-12-12 00:00:31','2022-12-12 00:00:31'),(930,1,'login','2022-12-12','00:00:33',1,'App\\Models\\Tenant\\User',NULL,'0','desktop','0','0','0','0',NULL,NULL,NULL,'2022-12-12 00:00:33','2022-12-12 00:00:33'),(931,1,'login','2022-12-12','00:00:34',1,'App\\Models\\Tenant\\User',NULL,'0','desktop','0','0','0','0',NULL,NULL,NULL,'2022-12-12 00:00:34','2022-12-12 00:00:34'),(932,1,'login','2022-12-12','00:00:36',1,'App\\Models\\Tenant\\User',NULL,'0','desktop','0','0','0','0',NULL,NULL,NULL,'2022-12-12 00:00:36','2022-12-12 00:00:36'),(933,1,'login','2022-12-12','00:00:37',1,'App\\Models\\Tenant\\User',NULL,'0','desktop','0','0','0','0',NULL,NULL,NULL,'2022-12-12 00:00:37','2022-12-12 00:00:37'),(934,1,'login','2022-12-12','00:00:39',1,'App\\Models\\Tenant\\User',NULL,'0','desktop','0','0','0','0',NULL,NULL,NULL,'2022-12-12 00:00:39','2022-12-12 00:00:39'),(935,1,'login','2022-12-12','00:00:40',1,'App\\Models\\Tenant\\User',NULL,'0','desktop','0','0','0','0',NULL,NULL,NULL,'2022-12-12 00:00:40','2022-12-12 00:00:40'),(936,1,'login','2022-12-12','00:00:41',1,'App\\Models\\Tenant\\User',NULL,'0','desktop','0','0','0','0',NULL,NULL,NULL,'2022-12-12 00:00:41','2022-12-12 00:00:41'),(937,1,'login','2022-12-12','00:00:42',1,'App\\Models\\Tenant\\User',NULL,'0','desktop','0','0','0','0',NULL,NULL,NULL,'2022-12-12 00:00:42','2022-12-12 00:00:42'),(938,1,'login','2022-12-12','00:00:43',1,'App\\Models\\Tenant\\User',NULL,'0','desktop','0','0','0','0',NULL,NULL,NULL,'2022-12-12 00:00:43','2022-12-12 00:00:43'),(939,1,'login','2022-12-12','00:00:44',1,'App\\Models\\Tenant\\User',NULL,'0','desktop','0','0','0','0',NULL,NULL,NULL,'2022-12-12 00:00:44','2022-12-12 00:00:44'),(940,1,'login','2022-12-12','00:00:45',1,'App\\Models\\Tenant\\User',NULL,'0','desktop','0','0','0','0',NULL,NULL,NULL,'2022-12-12 00:00:45','2022-12-12 00:00:45'),(941,1,'login','2022-12-12','00:00:46',1,'App\\Models\\Tenant\\User',NULL,'0','desktop','0','0','0','0',NULL,NULL,NULL,'2022-12-12 00:00:46','2022-12-12 00:00:46'),(942,1,'login','2022-12-12','00:00:47',1,'App\\Models\\Tenant\\User',NULL,'0','desktop','0','0','0','0',NULL,NULL,NULL,'2022-12-12 00:00:47','2022-12-12 00:00:47'),(943,1,'login','2022-12-12','00:30:03',1,'App\\Models\\Tenant\\User',NULL,'0','desktop','0','0','0','0',NULL,NULL,NULL,'2022-12-12 00:30:03','2022-12-12 00:30:03'),(944,1,'login','2022-12-12','00:30:03',1,'App\\Models\\Tenant\\User',NULL,'0','desktop','0','0','0','0',NULL,NULL,NULL,'2022-12-12 00:30:03','2022-12-12 00:30:03'),(945,1,'login','2022-12-12','00:30:07',1,'App\\Models\\Tenant\\User',NULL,'0','desktop','0','0','0','0',NULL,NULL,NULL,'2022-12-12 00:30:07','2022-12-12 00:30:07'),(946,1,'login','2022-12-12','00:30:09',1,'App\\Models\\Tenant\\User',NULL,'0','desktop','0','0','0','0',NULL,NULL,NULL,'2022-12-12 00:30:09','2022-12-12 00:30:09'),(947,1,'login','2022-12-12','00:30:11',1,'App\\Models\\Tenant\\User',NULL,'0','desktop','0','0','0','0',NULL,NULL,NULL,'2022-12-12 00:30:11','2022-12-12 00:30:11'),(948,1,'login','2022-12-12','00:30:12',1,'App\\Models\\Tenant\\User',NULL,'0','desktop','0','0','0','0',NULL,NULL,NULL,'2022-12-12 00:30:12','2022-12-12 00:30:12'),(949,1,'login','2022-12-12','00:30:14',1,'App\\Models\\Tenant\\User',NULL,'0','desktop','0','0','0','0',NULL,NULL,NULL,'2022-12-12 00:30:14','2022-12-12 00:30:14'),(950,1,'login','2022-12-12','00:30:15',1,'App\\Models\\Tenant\\User',NULL,'0','desktop','0','0','0','0',NULL,NULL,NULL,'2022-12-12 00:30:15','2022-12-12 00:30:15'),(951,1,'login','2022-12-12','00:30:17',1,'App\\Models\\Tenant\\User',NULL,'0','desktop','0','0','0','0',NULL,NULL,NULL,'2022-12-12 00:30:17','2022-12-12 00:30:17'),(952,1,'login','2022-12-12','00:30:18',1,'App\\Models\\Tenant\\User',NULL,'0','desktop','0','0','0','0',NULL,NULL,NULL,'2022-12-12 00:30:18','2022-12-12 00:30:18'),(953,1,'login','2022-12-12','00:30:19',1,'App\\Models\\Tenant\\User',NULL,'0','desktop','0','0','0','0',NULL,NULL,NULL,'2022-12-12 00:30:19','2022-12-12 00:30:19'),(954,1,'login','2022-12-12','00:30:21',1,'App\\Models\\Tenant\\User',NULL,'0','desktop','0','0','0','0',NULL,NULL,NULL,'2022-12-12 00:30:21','2022-12-12 00:30:21'),(955,1,'login','2022-12-12','00:30:22',1,'App\\Models\\Tenant\\User',NULL,'0','desktop','0','0','0','0',NULL,NULL,NULL,'2022-12-12 00:30:22','2022-12-12 00:30:22'),(956,1,'login','2022-12-12','00:30:24',1,'App\\Models\\Tenant\\User',NULL,'0','desktop','0','0','0','0',NULL,NULL,NULL,'2022-12-12 00:30:24','2022-12-12 00:30:24'),(957,1,'login','2022-12-12','00:30:25',1,'App\\Models\\Tenant\\User',NULL,'0','desktop','0','0','0','0',NULL,NULL,NULL,'2022-12-12 00:30:25','2022-12-12 00:30:25'),(958,1,'login','2022-12-12','00:30:26',1,'App\\Models\\Tenant\\User',NULL,'0','desktop','0','0','0','0',NULL,NULL,NULL,'2022-12-12 00:30:26','2022-12-12 00:30:26'),(959,1,'login','2022-12-13','00:00:03',1,'App\\Models\\Tenant\\User',NULL,'0','desktop','0','0','0','0',NULL,NULL,NULL,'2022-12-13 00:00:03','2022-12-13 00:00:03'),(960,1,'login','2022-12-13','00:00:03',1,'App\\Models\\Tenant\\User',NULL,'0','desktop','0','0','0','0',NULL,NULL,NULL,'2022-12-13 00:00:03','2022-12-13 00:00:03'),(961,1,'login','2022-12-13','00:00:26',1,'App\\Models\\Tenant\\User',NULL,'0','desktop','0','0','0','0',NULL,NULL,NULL,'2022-12-13 00:00:26','2022-12-13 00:00:26'),(962,1,'login','2022-12-13','00:00:27',1,'App\\Models\\Tenant\\User',NULL,'0','desktop','0','0','0','0',NULL,NULL,NULL,'2022-12-13 00:00:27','2022-12-13 00:00:27'),(963,1,'login','2022-12-13','00:00:29',1,'App\\Models\\Tenant\\User',NULL,'0','desktop','0','0','0','0',NULL,NULL,NULL,'2022-12-13 00:00:29','2022-12-13 00:00:29'),(964,1,'login','2022-12-13','00:00:31',1,'App\\Models\\Tenant\\User',NULL,'0','desktop','0','0','0','0',NULL,NULL,NULL,'2022-12-13 00:00:31','2022-12-13 00:00:31'),(965,1,'login','2022-12-13','00:00:32',1,'App\\Models\\Tenant\\User',NULL,'0','desktop','0','0','0','0',NULL,NULL,NULL,'2022-12-13 00:00:32','2022-12-13 00:00:32'),(966,1,'login','2022-12-13','00:00:33',1,'App\\Models\\Tenant\\User',NULL,'0','desktop','0','0','0','0',NULL,NULL,NULL,'2022-12-13 00:00:33','2022-12-13 00:00:33'),(967,1,'login','2022-12-13','00:00:35',1,'App\\Models\\Tenant\\User',NULL,'0','desktop','0','0','0','0',NULL,NULL,NULL,'2022-12-13 00:00:35','2022-12-13 00:00:35'),(968,1,'login','2022-12-13','00:00:37',1,'App\\Models\\Tenant\\User',NULL,'0','desktop','0','0','0','0',NULL,NULL,NULL,'2022-12-13 00:00:37','2022-12-13 00:00:37'),(969,1,'login','2022-12-13','00:00:38',1,'App\\Models\\Tenant\\User',NULL,'0','desktop','0','0','0','0',NULL,NULL,NULL,'2022-12-13 00:00:38','2022-12-13 00:00:38'),(970,1,'login','2022-12-13','00:00:40',1,'App\\Models\\Tenant\\User',NULL,'0','desktop','0','0','0','0',NULL,NULL,NULL,'2022-12-13 00:00:40','2022-12-13 00:00:40'),(971,1,'login','2022-12-13','00:00:41',1,'App\\Models\\Tenant\\User',NULL,'0','desktop','0','0','0','0',NULL,NULL,NULL,'2022-12-13 00:00:41','2022-12-13 00:00:41'),(972,1,'login','2022-12-13','00:00:42',1,'App\\Models\\Tenant\\User',NULL,'0','desktop','0','0','0','0',NULL,NULL,NULL,'2022-12-13 00:00:42','2022-12-13 00:00:42'),(973,1,'login','2022-12-13','00:00:43',1,'App\\Models\\Tenant\\User',NULL,'0','desktop','0','0','0','0',NULL,NULL,NULL,'2022-12-13 00:00:43','2022-12-13 00:00:43'),(974,1,'login','2022-12-13','00:00:44',1,'App\\Models\\Tenant\\User',NULL,'0','desktop','0','0','0','0',NULL,NULL,NULL,'2022-12-13 00:00:44','2022-12-13 00:00:44'),(975,1,'login','2022-12-13','00:30:02',1,'App\\Models\\Tenant\\User',NULL,'0','desktop','0','0','0','0',NULL,NULL,NULL,'2022-12-13 00:30:02','2022-12-13 00:30:02'),(976,1,'login','2022-12-13','00:30:02',1,'App\\Models\\Tenant\\User',NULL,'0','desktop','0','0','0','0',NULL,NULL,NULL,'2022-12-13 00:30:02','2022-12-13 00:30:02'),(977,1,'login','2022-12-13','00:30:06',1,'App\\Models\\Tenant\\User',NULL,'0','desktop','0','0','0','0',NULL,NULL,NULL,'2022-12-13 00:30:06','2022-12-13 00:30:06'),(978,1,'login','2022-12-13','00:30:08',1,'App\\Models\\Tenant\\User',NULL,'0','desktop','0','0','0','0',NULL,NULL,NULL,'2022-12-13 00:30:08','2022-12-13 00:30:08'),(979,1,'login','2022-12-13','00:30:09',1,'App\\Models\\Tenant\\User',NULL,'0','desktop','0','0','0','0',NULL,NULL,NULL,'2022-12-13 00:30:09','2022-12-13 00:30:09'),(980,1,'login','2022-12-13','00:30:11',1,'App\\Models\\Tenant\\User',NULL,'0','desktop','0','0','0','0',NULL,NULL,NULL,'2022-12-13 00:30:11','2022-12-13 00:30:11'),(981,1,'login','2022-12-13','00:30:12',1,'App\\Models\\Tenant\\User',NULL,'0','desktop','0','0','0','0',NULL,NULL,NULL,'2022-12-13 00:30:12','2022-12-13 00:30:12'),(982,1,'login','2022-12-13','00:30:14',1,'App\\Models\\Tenant\\User',NULL,'0','desktop','0','0','0','0',NULL,NULL,NULL,'2022-12-13 00:30:14','2022-12-13 00:30:14'),(983,1,'login','2022-12-13','00:30:15',1,'App\\Models\\Tenant\\User',NULL,'0','desktop','0','0','0','0',NULL,NULL,NULL,'2022-12-13 00:30:15','2022-12-13 00:30:15'),(984,1,'login','2022-12-13','00:30:17',1,'App\\Models\\Tenant\\User',NULL,'0','desktop','0','0','0','0',NULL,NULL,NULL,'2022-12-13 00:30:17','2022-12-13 00:30:17'),(985,1,'login','2022-12-13','00:30:18',1,'App\\Models\\Tenant\\User',NULL,'0','desktop','0','0','0','0',NULL,NULL,NULL,'2022-12-13 00:30:18','2022-12-13 00:30:18'),(986,1,'login','2022-12-13','00:30:19',1,'App\\Models\\Tenant\\User',NULL,'0','desktop','0','0','0','0',NULL,NULL,NULL,'2022-12-13 00:30:19','2022-12-13 00:30:19'),(987,1,'login','2022-12-13','00:30:21',1,'App\\Models\\Tenant\\User',NULL,'0','desktop','0','0','0','0',NULL,NULL,NULL,'2022-12-13 00:30:21','2022-12-13 00:30:21'),(988,1,'login','2022-12-13','00:30:22',1,'App\\Models\\Tenant\\User',NULL,'0','desktop','0','0','0','0',NULL,NULL,NULL,'2022-12-13 00:30:22','2022-12-13 00:30:22'),(989,1,'login','2022-12-13','00:30:23',1,'App\\Models\\Tenant\\User',NULL,'0','desktop','0','0','0','0',NULL,NULL,NULL,'2022-12-13 00:30:23','2022-12-13 00:30:23'),(990,1,'login','2022-12-13','00:30:25',1,'App\\Models\\Tenant\\User',NULL,'0','desktop','0','0','0','0',NULL,NULL,NULL,'2022-12-13 00:30:25','2022-12-13 00:30:25'),(991,1,'login','2022-12-13','12:31:43',1,'App\\Models\\Tenant\\User','190.187.46.168','WebKit','desktop','Windows','10.0','Chrome','108.0.0.0',NULL,NULL,'{\"country_name\":\"Peru\",\"country_code\":\"PE\",\"region_code\":\"LMA\",\"region_name\":\"Lima\",\"city_name\":\"Lima\",\"latitude\":\"-12.0464\",\"longitude\":\"-77.0428\",\"timezone\":\"America\\/Lima\"}','2022-12-13 12:31:43','2022-12-13 12:31:43'),(992,1,'login','2022-12-13','16:19:05',1,'App\\Models\\Tenant\\User','190.187.46.168','WebKit','desktop','Windows','10.0','Chrome','108.0.0.0',NULL,NULL,'{\"country_name\":\"Peru\",\"country_code\":\"PE\",\"region_code\":\"LMA\",\"region_name\":\"Lima\",\"city_name\":\"Lima\",\"latitude\":\"-12.0464\",\"longitude\":\"-77.0428\",\"timezone\":\"America\\/Lima\"}','2022-12-13 16:19:05','2022-12-13 16:19:05'),(993,1,'login','2022-12-14','00:00:03',1,'App\\Models\\Tenant\\User',NULL,'0','desktop','0','0','0','0',NULL,NULL,NULL,'2022-12-14 00:00:03','2022-12-14 00:00:03'),(994,1,'login','2022-12-14','00:00:03',1,'App\\Models\\Tenant\\User',NULL,'0','desktop','0','0','0','0',NULL,NULL,NULL,'2022-12-14 00:00:03','2022-12-14 00:00:03'),(995,1,'login','2022-12-14','00:00:48',1,'App\\Models\\Tenant\\User',NULL,'0','desktop','0','0','0','0',NULL,NULL,NULL,'2022-12-14 00:00:48','2022-12-14 00:00:48'),(996,1,'login','2022-12-14','00:00:50',1,'App\\Models\\Tenant\\User',NULL,'0','desktop','0','0','0','0',NULL,NULL,NULL,'2022-12-14 00:00:50','2022-12-14 00:00:50'),(997,1,'login','2022-12-14','00:00:52',1,'App\\Models\\Tenant\\User',NULL,'0','desktop','0','0','0','0',NULL,NULL,NULL,'2022-12-14 00:00:52','2022-12-14 00:00:52'),(998,1,'login','2022-12-14','00:00:53',1,'App\\Models\\Tenant\\User',NULL,'0','desktop','0','0','0','0',NULL,NULL,NULL,'2022-12-14 00:00:53','2022-12-14 00:00:53'),(999,1,'login','2022-12-14','00:00:54',1,'App\\Models\\Tenant\\User',NULL,'0','desktop','0','0','0','0',NULL,NULL,NULL,'2022-12-14 00:00:54','2022-12-14 00:00:54'),(1000,1,'login','2022-12-14','00:00:55',1,'App\\Models\\Tenant\\User',NULL,'0','desktop','0','0','0','0',NULL,NULL,NULL,'2022-12-14 00:00:55','2022-12-14 00:00:55'),(1001,1,'login','2022-12-14','00:00:57',1,'App\\Models\\Tenant\\User',NULL,'0','desktop','0','0','0','0',NULL,NULL,NULL,'2022-12-14 00:00:57','2022-12-14 00:00:57'),(1002,1,'login','2022-12-14','00:00:58',1,'App\\Models\\Tenant\\User',NULL,'0','desktop','0','0','0','0',NULL,NULL,NULL,'2022-12-14 00:00:58','2022-12-14 00:00:58'),(1003,1,'login','2022-12-14','00:00:59',1,'App\\Models\\Tenant\\User',NULL,'0','desktop','0','0','0','0',NULL,NULL,NULL,'2022-12-14 00:00:59','2022-12-14 00:00:59'),(1004,1,'login','2022-12-14','00:30:02',1,'App\\Models\\Tenant\\User',NULL,'0','desktop','0','0','0','0',NULL,NULL,NULL,'2022-12-14 00:30:02','2022-12-14 00:30:02'),(1005,1,'login','2022-12-14','00:30:02',1,'App\\Models\\Tenant\\User',NULL,'0','desktop','0','0','0','0',NULL,NULL,NULL,'2022-12-14 00:30:02','2022-12-14 00:30:02'),(1006,1,'login','2022-12-14','00:30:08',1,'App\\Models\\Tenant\\User',NULL,'0','desktop','0','0','0','0',NULL,NULL,NULL,'2022-12-14 00:30:08','2022-12-14 00:30:08'),(1007,1,'login','2022-12-14','00:30:10',1,'App\\Models\\Tenant\\User',NULL,'0','desktop','0','0','0','0',NULL,NULL,NULL,'2022-12-14 00:30:10','2022-12-14 00:30:10'),(1008,1,'login','2022-12-14','00:30:12',1,'App\\Models\\Tenant\\User',NULL,'0','desktop','0','0','0','0',NULL,NULL,NULL,'2022-12-14 00:30:12','2022-12-14 00:30:12'),(1009,1,'login','2022-12-14','00:30:13',1,'App\\Models\\Tenant\\User',NULL,'0','desktop','0','0','0','0',NULL,NULL,NULL,'2022-12-14 00:30:13','2022-12-14 00:30:13'),(1010,1,'login','2022-12-14','00:30:15',1,'App\\Models\\Tenant\\User',NULL,'0','desktop','0','0','0','0',NULL,NULL,NULL,'2022-12-14 00:30:15','2022-12-14 00:30:15'),(1011,1,'login','2022-12-14','00:30:16',1,'App\\Models\\Tenant\\User',NULL,'0','desktop','0','0','0','0',NULL,NULL,NULL,'2022-12-14 00:30:16','2022-12-14 00:30:16'),(1012,1,'login','2022-12-14','00:30:18',1,'App\\Models\\Tenant\\User',NULL,'0','desktop','0','0','0','0',NULL,NULL,NULL,'2022-12-14 00:30:18','2022-12-14 00:30:18'),(1013,1,'login','2022-12-14','00:30:19',1,'App\\Models\\Tenant\\User',NULL,'0','desktop','0','0','0','0',NULL,NULL,NULL,'2022-12-14 00:30:19','2022-12-14 00:30:19'),(1014,1,'login','2022-12-14','00:30:20',1,'App\\Models\\Tenant\\User',NULL,'0','desktop','0','0','0','0',NULL,NULL,NULL,'2022-12-14 00:30:20','2022-12-14 00:30:20'),(1015,1,'login','2022-12-14','00:30:22',1,'App\\Models\\Tenant\\User',NULL,'0','desktop','0','0','0','0',NULL,NULL,NULL,'2022-12-14 00:30:22','2022-12-14 00:30:22'),(1016,1,'login','2022-12-14','00:30:23',1,'App\\Models\\Tenant\\User',NULL,'0','desktop','0','0','0','0',NULL,NULL,NULL,'2022-12-14 00:30:23','2022-12-14 00:30:23'),(1017,1,'login','2022-12-14','00:30:24',1,'App\\Models\\Tenant\\User',NULL,'0','desktop','0','0','0','0',NULL,NULL,NULL,'2022-12-14 00:30:24','2022-12-14 00:30:24'),(1018,1,'login','2022-12-14','00:30:26',1,'App\\Models\\Tenant\\User',NULL,'0','desktop','0','0','0','0',NULL,NULL,NULL,'2022-12-14 00:30:26','2022-12-14 00:30:26'),(1019,1,'login','2022-12-14','00:30:27',1,'App\\Models\\Tenant\\User',NULL,'0','desktop','0','0','0','0',NULL,NULL,NULL,'2022-12-14 00:30:27','2022-12-14 00:30:27'),(1020,1,'login','2022-12-15','00:00:05',1,'App\\Models\\Tenant\\User',NULL,'0','desktop','0','0','0','0',NULL,NULL,NULL,'2022-12-15 00:00:05','2022-12-15 00:00:05'),(1021,1,'login','2022-12-15','00:00:05',1,'App\\Models\\Tenant\\User',NULL,'0','desktop','0','0','0','0',NULL,NULL,NULL,'2022-12-15 00:00:05','2022-12-15 00:00:05'),(1022,1,'login','2022-12-15','00:00:53',1,'App\\Models\\Tenant\\User',NULL,'0','desktop','0','0','0','0',NULL,NULL,NULL,'2022-12-15 00:00:53','2022-12-15 00:00:53'),(1023,1,'login','2022-12-15','00:00:54',1,'App\\Models\\Tenant\\User',NULL,'0','desktop','0','0','0','0',NULL,NULL,NULL,'2022-12-15 00:00:54','2022-12-15 00:00:54'),(1024,1,'login','2022-12-15','00:00:55',1,'App\\Models\\Tenant\\User',NULL,'0','desktop','0','0','0','0',NULL,NULL,NULL,'2022-12-15 00:00:55','2022-12-15 00:00:55'),(1025,1,'login','2022-12-15','00:00:56',1,'App\\Models\\Tenant\\User',NULL,'0','desktop','0','0','0','0',NULL,NULL,NULL,'2022-12-15 00:00:56','2022-12-15 00:00:56'),(1026,1,'login','2022-12-15','00:00:57',1,'App\\Models\\Tenant\\User',NULL,'0','desktop','0','0','0','0',NULL,NULL,NULL,'2022-12-15 00:00:57','2022-12-15 00:00:57'),(1027,1,'login','2022-12-15','00:00:58',1,'App\\Models\\Tenant\\User',NULL,'0','desktop','0','0','0','0',NULL,NULL,NULL,'2022-12-15 00:00:58','2022-12-15 00:00:58'),(1028,1,'login','2022-12-15','00:00:59',1,'App\\Models\\Tenant\\User',NULL,'0','desktop','0','0','0','0',NULL,NULL,NULL,'2022-12-15 00:00:59','2022-12-15 00:00:59'),(1029,1,'login','2022-12-15','00:30:03',1,'App\\Models\\Tenant\\User',NULL,'0','desktop','0','0','0','0',NULL,NULL,NULL,'2022-12-15 00:30:03','2022-12-15 00:30:03'),(1030,1,'login','2022-12-15','00:30:03',1,'App\\Models\\Tenant\\User',NULL,'0','desktop','0','0','0','0',NULL,NULL,NULL,'2022-12-15 00:30:03','2022-12-15 00:30:03'),(1031,1,'login','2022-12-15','00:30:14',1,'App\\Models\\Tenant\\User',NULL,'0','desktop','0','0','0','0',NULL,NULL,NULL,'2022-12-15 00:30:14','2022-12-15 00:30:14'),(1032,1,'login','2022-12-15','00:30:17',1,'App\\Models\\Tenant\\User',NULL,'0','desktop','0','0','0','0',NULL,NULL,NULL,'2022-12-15 00:30:17','2022-12-15 00:30:17'),(1033,1,'login','2022-12-15','00:30:19',1,'App\\Models\\Tenant\\User',NULL,'0','desktop','0','0','0','0',NULL,NULL,NULL,'2022-12-15 00:30:19','2022-12-15 00:30:19'),(1034,1,'login','2022-12-15','00:30:20',1,'App\\Models\\Tenant\\User',NULL,'0','desktop','0','0','0','0',NULL,NULL,NULL,'2022-12-15 00:30:20','2022-12-15 00:30:20'),(1035,1,'login','2022-12-15','00:30:22',1,'App\\Models\\Tenant\\User',NULL,'0','desktop','0','0','0','0',NULL,NULL,NULL,'2022-12-15 00:30:22','2022-12-15 00:30:22'),(1036,1,'login','2022-12-15','00:30:23',1,'App\\Models\\Tenant\\User',NULL,'0','desktop','0','0','0','0',NULL,NULL,NULL,'2022-12-15 00:30:23','2022-12-15 00:30:23'),(1037,1,'login','2022-12-15','00:30:24',1,'App\\Models\\Tenant\\User',NULL,'0','desktop','0','0','0','0',NULL,NULL,NULL,'2022-12-15 00:30:24','2022-12-15 00:30:24'),(1038,1,'login','2022-12-15','00:30:26',1,'App\\Models\\Tenant\\User',NULL,'0','desktop','0','0','0','0',NULL,NULL,NULL,'2022-12-15 00:30:26','2022-12-15 00:30:26'),(1039,1,'login','2022-12-15','00:30:27',1,'App\\Models\\Tenant\\User',NULL,'0','desktop','0','0','0','0',NULL,NULL,NULL,'2022-12-15 00:30:27','2022-12-15 00:30:27'),(1040,1,'login','2022-12-15','00:30:29',1,'App\\Models\\Tenant\\User',NULL,'0','desktop','0','0','0','0',NULL,NULL,NULL,'2022-12-15 00:30:29','2022-12-15 00:30:29'),(1041,1,'login','2022-12-15','00:30:31',1,'App\\Models\\Tenant\\User',NULL,'0','desktop','0','0','0','0',NULL,NULL,NULL,'2022-12-15 00:30:31','2022-12-15 00:30:31'),(1042,1,'login','2022-12-15','00:30:32',1,'App\\Models\\Tenant\\User',NULL,'0','desktop','0','0','0','0',NULL,NULL,NULL,'2022-12-15 00:30:32','2022-12-15 00:30:32'),(1043,1,'login','2022-12-15','00:30:34',1,'App\\Models\\Tenant\\User',NULL,'0','desktop','0','0','0','0',NULL,NULL,NULL,'2022-12-15 00:30:34','2022-12-15 00:30:34'),(1044,1,'login','2022-12-15','00:30:35',1,'App\\Models\\Tenant\\User',NULL,'0','desktop','0','0','0','0',NULL,NULL,NULL,'2022-12-15 00:30:35','2022-12-15 00:30:35'),(1045,1,'login','2022-12-15','11:00:46',1,'App\\Models\\Tenant\\User','190.187.46.168','WebKit','desktop','Windows','10.0','Chrome','108.0.0.0',NULL,NULL,'{\"country_name\":\"Peru\",\"country_code\":\"PE\",\"region_code\":\"LMA\",\"region_name\":\"Lima\",\"city_name\":\"Lima\",\"latitude\":\"-12.0464\",\"longitude\":\"-77.0428\",\"timezone\":\"America\\/Lima\"}','2022-12-15 11:00:46','2022-12-15 11:00:46'),(1046,1,'login','2022-12-16','00:00:04',1,'App\\Models\\Tenant\\User',NULL,'0','desktop','0','0','0','0',NULL,NULL,NULL,'2022-12-16 00:00:04','2022-12-16 00:00:04'),(1047,1,'login','2022-12-16','00:00:04',1,'App\\Models\\Tenant\\User',NULL,'0','desktop','0','0','0','0',NULL,NULL,NULL,'2022-12-16 00:00:04','2022-12-16 00:00:04'),(1048,1,'login','2022-12-16','00:00:30',1,'App\\Models\\Tenant\\User',NULL,'0','desktop','0','0','0','0',NULL,NULL,NULL,'2022-12-16 00:00:30','2022-12-16 00:00:30'),(1049,1,'login','2022-12-16','00:00:31',1,'App\\Models\\Tenant\\User',NULL,'0','desktop','0','0','0','0',NULL,NULL,NULL,'2022-12-16 00:00:31','2022-12-16 00:00:31'),(1050,1,'login','2022-12-16','00:00:32',1,'App\\Models\\Tenant\\User',NULL,'0','desktop','0','0','0','0',NULL,NULL,NULL,'2022-12-16 00:00:32','2022-12-16 00:00:32'),(1051,1,'login','2022-12-16','00:00:33',1,'App\\Models\\Tenant\\User',NULL,'0','desktop','0','0','0','0',NULL,NULL,NULL,'2022-12-16 00:00:33','2022-12-16 00:00:33'),(1052,1,'login','2022-12-16','00:00:35',1,'App\\Models\\Tenant\\User',NULL,'0','desktop','0','0','0','0',NULL,NULL,NULL,'2022-12-16 00:00:35','2022-12-16 00:00:35'),(1053,1,'login','2022-12-16','00:00:36',1,'App\\Models\\Tenant\\User',NULL,'0','desktop','0','0','0','0',NULL,NULL,NULL,'2022-12-16 00:00:36','2022-12-16 00:00:36'),(1054,1,'login','2022-12-16','00:00:37',1,'App\\Models\\Tenant\\User',NULL,'0','desktop','0','0','0','0',NULL,NULL,NULL,'2022-12-16 00:00:37','2022-12-16 00:00:37'),(1055,1,'login','2022-12-16','00:00:38',1,'App\\Models\\Tenant\\User',NULL,'0','desktop','0','0','0','0',NULL,NULL,NULL,'2022-12-16 00:00:38','2022-12-16 00:00:38'),(1056,1,'login','2022-12-16','00:00:39',1,'App\\Models\\Tenant\\User',NULL,'0','desktop','0','0','0','0',NULL,NULL,NULL,'2022-12-16 00:00:39','2022-12-16 00:00:39'),(1057,1,'login','2022-12-16','00:00:40',1,'App\\Models\\Tenant\\User',NULL,'0','desktop','0','0','0','0',NULL,NULL,NULL,'2022-12-16 00:00:40','2022-12-16 00:00:40'),(1058,1,'login','2022-12-16','00:00:41',1,'App\\Models\\Tenant\\User',NULL,'0','desktop','0','0','0','0',NULL,NULL,NULL,'2022-12-16 00:00:41','2022-12-16 00:00:41'),(1059,1,'login','2022-12-16','00:00:42',1,'App\\Models\\Tenant\\User',NULL,'0','desktop','0','0','0','0',NULL,NULL,NULL,'2022-12-16 00:00:42','2022-12-16 00:00:42'),(1060,1,'login','2022-12-16','00:00:44',1,'App\\Models\\Tenant\\User',NULL,'0','desktop','0','0','0','0',NULL,NULL,NULL,'2022-12-16 00:00:44','2022-12-16 00:00:44'),(1061,1,'login','2022-12-16','00:00:44',1,'App\\Models\\Tenant\\User',NULL,'0','desktop','0','0','0','0',NULL,NULL,NULL,'2022-12-16 00:00:44','2022-12-16 00:00:44'),(1062,1,'login','2022-12-16','00:30:02',1,'App\\Models\\Tenant\\User',NULL,'0','desktop','0','0','0','0',NULL,NULL,NULL,'2022-12-16 00:30:02','2022-12-16 00:30:02'),(1063,1,'login','2022-12-16','00:30:02',1,'App\\Models\\Tenant\\User',NULL,'0','desktop','0','0','0','0',NULL,NULL,NULL,'2022-12-16 00:30:02','2022-12-16 00:30:02'),(1064,1,'login','2022-12-16','00:30:08',1,'App\\Models\\Tenant\\User',NULL,'0','desktop','0','0','0','0',NULL,NULL,NULL,'2022-12-16 00:30:08','2022-12-16 00:30:08'),(1065,1,'login','2022-12-16','00:30:11',1,'App\\Models\\Tenant\\User',NULL,'0','desktop','0','0','0','0',NULL,NULL,NULL,'2022-12-16 00:30:11','2022-12-16 00:30:11'),(1066,1,'login','2022-12-16','00:30:13',1,'App\\Models\\Tenant\\User',NULL,'0','desktop','0','0','0','0',NULL,NULL,NULL,'2022-12-16 00:30:13','2022-12-16 00:30:13'),(1067,1,'login','2022-12-16','00:30:15',1,'App\\Models\\Tenant\\User',NULL,'0','desktop','0','0','0','0',NULL,NULL,NULL,'2022-12-16 00:30:15','2022-12-16 00:30:15'),(1068,1,'login','2022-12-16','00:30:17',1,'App\\Models\\Tenant\\User',NULL,'0','desktop','0','0','0','0',NULL,NULL,NULL,'2022-12-16 00:30:17','2022-12-16 00:30:17'),(1069,1,'login','2022-12-16','00:30:18',1,'App\\Models\\Tenant\\User',NULL,'0','desktop','0','0','0','0',NULL,NULL,NULL,'2022-12-16 00:30:18','2022-12-16 00:30:18'),(1070,1,'login','2022-12-16','00:30:20',1,'App\\Models\\Tenant\\User',NULL,'0','desktop','0','0','0','0',NULL,NULL,NULL,'2022-12-16 00:30:20','2022-12-16 00:30:20'),(1071,1,'login','2022-12-16','00:30:21',1,'App\\Models\\Tenant\\User',NULL,'0','desktop','0','0','0','0',NULL,NULL,NULL,'2022-12-16 00:30:21','2022-12-16 00:30:21'),(1072,1,'login','2022-12-16','00:30:23',1,'App\\Models\\Tenant\\User',NULL,'0','desktop','0','0','0','0',NULL,NULL,NULL,'2022-12-16 00:30:23','2022-12-16 00:30:23'),(1073,1,'login','2022-12-16','00:30:24',1,'App\\Models\\Tenant\\User',NULL,'0','desktop','0','0','0','0',NULL,NULL,NULL,'2022-12-16 00:30:24','2022-12-16 00:30:24'),(1074,1,'login','2022-12-16','00:30:26',1,'App\\Models\\Tenant\\User',NULL,'0','desktop','0','0','0','0',NULL,NULL,NULL,'2022-12-16 00:30:26','2022-12-16 00:30:26'),(1075,1,'login','2022-12-16','00:30:27',1,'App\\Models\\Tenant\\User',NULL,'0','desktop','0','0','0','0',NULL,NULL,NULL,'2022-12-16 00:30:27','2022-12-16 00:30:27'),(1076,1,'login','2022-12-16','00:30:29',1,'App\\Models\\Tenant\\User',NULL,'0','desktop','0','0','0','0',NULL,NULL,NULL,'2022-12-16 00:30:29','2022-12-16 00:30:29'),(1077,1,'login','2022-12-16','00:30:31',1,'App\\Models\\Tenant\\User',NULL,'0','desktop','0','0','0','0',NULL,NULL,NULL,'2022-12-16 00:30:31','2022-12-16 00:30:31'),(1078,1,'login','2022-12-17','00:00:04',1,'App\\Models\\Tenant\\User',NULL,'0','desktop','0','0','0','0',NULL,NULL,NULL,'2022-12-17 00:00:04','2022-12-17 00:00:04'),(1079,1,'login','2022-12-17','00:00:04',1,'App\\Models\\Tenant\\User',NULL,'0','desktop','0','0','0','0',NULL,NULL,NULL,'2022-12-17 00:00:04','2022-12-17 00:00:04'),(1080,1,'login','2022-12-17','00:00:30',1,'App\\Models\\Tenant\\User',NULL,'0','desktop','0','0','0','0',NULL,NULL,NULL,'2022-12-17 00:00:30','2022-12-17 00:00:30'),(1081,1,'login','2022-12-17','00:00:32',1,'App\\Models\\Tenant\\User',NULL,'0','desktop','0','0','0','0',NULL,NULL,NULL,'2022-12-17 00:00:32','2022-12-17 00:00:32'),(1082,1,'login','2022-12-17','00:00:34',1,'App\\Models\\Tenant\\User',NULL,'0','desktop','0','0','0','0',NULL,NULL,NULL,'2022-12-17 00:00:34','2022-12-17 00:00:34'),(1083,1,'login','2022-12-17','00:00:35',1,'App\\Models\\Tenant\\User',NULL,'0','desktop','0','0','0','0',NULL,NULL,NULL,'2022-12-17 00:00:35','2022-12-17 00:00:35'),(1084,1,'login','2022-12-17','00:00:37',1,'App\\Models\\Tenant\\User',NULL,'0','desktop','0','0','0','0',NULL,NULL,NULL,'2022-12-17 00:00:37','2022-12-17 00:00:37'),(1085,1,'login','2022-12-17','00:00:38',1,'App\\Models\\Tenant\\User',NULL,'0','desktop','0','0','0','0',NULL,NULL,NULL,'2022-12-17 00:00:38','2022-12-17 00:00:38'),(1086,1,'login','2022-12-17','00:00:40',1,'App\\Models\\Tenant\\User',NULL,'0','desktop','0','0','0','0',NULL,NULL,NULL,'2022-12-17 00:00:40','2022-12-17 00:00:40'),(1087,1,'login','2022-12-17','00:00:42',1,'App\\Models\\Tenant\\User',NULL,'0','desktop','0','0','0','0',NULL,NULL,NULL,'2022-12-17 00:00:42','2022-12-17 00:00:42'),(1088,1,'login','2022-12-17','00:00:44',1,'App\\Models\\Tenant\\User',NULL,'0','desktop','0','0','0','0',NULL,NULL,NULL,'2022-12-17 00:00:44','2022-12-17 00:00:44'),(1089,1,'login','2022-12-17','00:00:45',1,'App\\Models\\Tenant\\User',NULL,'0','desktop','0','0','0','0',NULL,NULL,NULL,'2022-12-17 00:00:45','2022-12-17 00:00:45'),(1090,1,'login','2022-12-17','00:00:46',1,'App\\Models\\Tenant\\User',NULL,'0','desktop','0','0','0','0',NULL,NULL,NULL,'2022-12-17 00:00:46','2022-12-17 00:00:46'),(1091,1,'login','2022-12-17','00:00:48',1,'App\\Models\\Tenant\\User',NULL,'0','desktop','0','0','0','0',NULL,NULL,NULL,'2022-12-17 00:00:48','2022-12-17 00:00:48'),(1092,1,'login','2022-12-17','00:00:49',1,'App\\Models\\Tenant\\User',NULL,'0','desktop','0','0','0','0',NULL,NULL,NULL,'2022-12-17 00:00:49','2022-12-17 00:00:49'),(1093,1,'login','2022-12-17','00:00:50',1,'App\\Models\\Tenant\\User',NULL,'0','desktop','0','0','0','0',NULL,NULL,NULL,'2022-12-17 00:00:50','2022-12-17 00:00:50'),(1094,1,'login','2022-12-17','00:30:03',1,'App\\Models\\Tenant\\User',NULL,'0','desktop','0','0','0','0',NULL,NULL,NULL,'2022-12-17 00:30:03','2022-12-17 00:30:03'),(1095,1,'login','2022-12-17','00:30:03',1,'App\\Models\\Tenant\\User',NULL,'0','desktop','0','0','0','0',NULL,NULL,NULL,'2022-12-17 00:30:03','2022-12-17 00:30:03'),(1096,1,'login','2022-12-17','00:30:08',1,'App\\Models\\Tenant\\User',NULL,'0','desktop','0','0','0','0',NULL,NULL,NULL,'2022-12-17 00:30:08','2022-12-17 00:30:08'),(1097,1,'login','2022-12-17','00:30:11',1,'App\\Models\\Tenant\\User',NULL,'0','desktop','0','0','0','0',NULL,NULL,NULL,'2022-12-17 00:30:11','2022-12-17 00:30:11'),(1098,1,'login','2022-12-17','00:30:12',1,'App\\Models\\Tenant\\User',NULL,'0','desktop','0','0','0','0',NULL,NULL,NULL,'2022-12-17 00:30:12','2022-12-17 00:30:12'),(1099,1,'login','2022-12-17','00:30:15',1,'App\\Models\\Tenant\\User',NULL,'0','desktop','0','0','0','0',NULL,NULL,NULL,'2022-12-17 00:30:15','2022-12-17 00:30:15'),(1100,1,'login','2022-12-17','00:30:16',1,'App\\Models\\Tenant\\User',NULL,'0','desktop','0','0','0','0',NULL,NULL,NULL,'2022-12-17 00:30:16','2022-12-17 00:30:16'),(1101,1,'login','2022-12-17','00:30:19',1,'App\\Models\\Tenant\\User',NULL,'0','desktop','0','0','0','0',NULL,NULL,NULL,'2022-12-17 00:30:19','2022-12-17 00:30:19'),(1102,1,'login','2022-12-17','00:30:20',1,'App\\Models\\Tenant\\User',NULL,'0','desktop','0','0','0','0',NULL,NULL,NULL,'2022-12-17 00:30:20','2022-12-17 00:30:20'),(1103,1,'login','2022-12-17','00:30:22',1,'App\\Models\\Tenant\\User',NULL,'0','desktop','0','0','0','0',NULL,NULL,NULL,'2022-12-17 00:30:22','2022-12-17 00:30:22'),(1104,1,'login','2022-12-17','00:30:23',1,'App\\Models\\Tenant\\User',NULL,'0','desktop','0','0','0','0',NULL,NULL,NULL,'2022-12-17 00:30:23','2022-12-17 00:30:23'),(1105,1,'login','2022-12-17','00:30:24',1,'App\\Models\\Tenant\\User',NULL,'0','desktop','0','0','0','0',NULL,NULL,NULL,'2022-12-17 00:30:24','2022-12-17 00:30:24'),(1106,1,'login','2022-12-17','00:30:26',1,'App\\Models\\Tenant\\User',NULL,'0','desktop','0','0','0','0',NULL,NULL,NULL,'2022-12-17 00:30:26','2022-12-17 00:30:26'),(1107,1,'login','2022-12-17','00:30:28',1,'App\\Models\\Tenant\\User',NULL,'0','desktop','0','0','0','0',NULL,NULL,NULL,'2022-12-17 00:30:28','2022-12-17 00:30:28'),(1108,1,'login','2022-12-17','00:30:29',1,'App\\Models\\Tenant\\User',NULL,'0','desktop','0','0','0','0',NULL,NULL,NULL,'2022-12-17 00:30:29','2022-12-17 00:30:29'),(1109,1,'login','2022-12-17','00:30:31',1,'App\\Models\\Tenant\\User',NULL,'0','desktop','0','0','0','0',NULL,NULL,NULL,'2022-12-17 00:30:31','2022-12-17 00:30:31'),(1110,1,'login','2022-12-18','00:00:03',1,'App\\Models\\Tenant\\User',NULL,'0','desktop','0','0','0','0',NULL,NULL,NULL,'2022-12-18 00:00:03','2022-12-18 00:00:03'),(1111,1,'login','2022-12-18','00:00:03',1,'App\\Models\\Tenant\\User',NULL,'0','desktop','0','0','0','0',NULL,NULL,NULL,'2022-12-18 00:00:03','2022-12-18 00:00:03'),(1112,1,'login','2022-12-18','00:00:24',1,'App\\Models\\Tenant\\User',NULL,'0','desktop','0','0','0','0',NULL,NULL,NULL,'2022-12-18 00:00:24','2022-12-18 00:00:24'),(1113,1,'login','2022-12-18','00:00:26',1,'App\\Models\\Tenant\\User',NULL,'0','desktop','0','0','0','0',NULL,NULL,NULL,'2022-12-18 00:00:26','2022-12-18 00:00:26'),(1114,1,'login','2022-12-18','00:00:27',1,'App\\Models\\Tenant\\User',NULL,'0','desktop','0','0','0','0',NULL,NULL,NULL,'2022-12-18 00:00:27','2022-12-18 00:00:27'),(1115,1,'login','2022-12-18','00:00:29',1,'App\\Models\\Tenant\\User',NULL,'0','desktop','0','0','0','0',NULL,NULL,NULL,'2022-12-18 00:00:29','2022-12-18 00:00:29'),(1116,1,'login','2022-12-18','00:00:31',1,'App\\Models\\Tenant\\User',NULL,'0','desktop','0','0','0','0',NULL,NULL,NULL,'2022-12-18 00:00:31','2022-12-18 00:00:31'),(1117,1,'login','2022-12-18','00:00:32',1,'App\\Models\\Tenant\\User',NULL,'0','desktop','0','0','0','0',NULL,NULL,NULL,'2022-12-18 00:00:32','2022-12-18 00:00:32'),(1118,1,'login','2022-12-18','00:00:34',1,'App\\Models\\Tenant\\User',NULL,'0','desktop','0','0','0','0',NULL,NULL,NULL,'2022-12-18 00:00:34','2022-12-18 00:00:34'),(1119,1,'login','2022-12-18','00:00:35',1,'App\\Models\\Tenant\\User',NULL,'0','desktop','0','0','0','0',NULL,NULL,NULL,'2022-12-18 00:00:35','2022-12-18 00:00:35'),(1120,1,'login','2022-12-18','00:00:37',1,'App\\Models\\Tenant\\User',NULL,'0','desktop','0','0','0','0',NULL,NULL,NULL,'2022-12-18 00:00:37','2022-12-18 00:00:37'),(1121,1,'login','2022-12-18','00:00:38',1,'App\\Models\\Tenant\\User',NULL,'0','desktop','0','0','0','0',NULL,NULL,NULL,'2022-12-18 00:00:38','2022-12-18 00:00:38'),(1122,1,'login','2022-12-18','00:00:39',1,'App\\Models\\Tenant\\User',NULL,'0','desktop','0','0','0','0',NULL,NULL,NULL,'2022-12-18 00:00:39','2022-12-18 00:00:39'),(1123,1,'login','2022-12-18','00:00:40',1,'App\\Models\\Tenant\\User',NULL,'0','desktop','0','0','0','0',NULL,NULL,NULL,'2022-12-18 00:00:40','2022-12-18 00:00:40'),(1124,1,'login','2022-12-18','00:00:41',1,'App\\Models\\Tenant\\User',NULL,'0','desktop','0','0','0','0',NULL,NULL,NULL,'2022-12-18 00:00:41','2022-12-18 00:00:41'),(1125,1,'login','2022-12-18','00:00:42',1,'App\\Models\\Tenant\\User',NULL,'0','desktop','0','0','0','0',NULL,NULL,NULL,'2022-12-18 00:00:42','2022-12-18 00:00:42'),(1126,1,'login','2022-12-18','00:30:02',1,'App\\Models\\Tenant\\User',NULL,'0','desktop','0','0','0','0',NULL,NULL,NULL,'2022-12-18 00:30:02','2022-12-18 00:30:02'),(1127,1,'login','2022-12-18','00:30:02',1,'App\\Models\\Tenant\\User',NULL,'0','desktop','0','0','0','0',NULL,NULL,NULL,'2022-12-18 00:30:02','2022-12-18 00:30:02'),(1128,1,'login','2022-12-18','00:30:05',1,'App\\Models\\Tenant\\User',NULL,'0','desktop','0','0','0','0',NULL,NULL,NULL,'2022-12-18 00:30:05','2022-12-18 00:30:05'),(1129,1,'login','2022-12-18','00:30:07',1,'App\\Models\\Tenant\\User',NULL,'0','desktop','0','0','0','0',NULL,NULL,NULL,'2022-12-18 00:30:07','2022-12-18 00:30:07'),(1130,1,'login','2022-12-18','00:30:08',1,'App\\Models\\Tenant\\User',NULL,'0','desktop','0','0','0','0',NULL,NULL,NULL,'2022-12-18 00:30:08','2022-12-18 00:30:08'),(1131,1,'login','2022-12-18','00:30:10',1,'App\\Models\\Tenant\\User',NULL,'0','desktop','0','0','0','0',NULL,NULL,NULL,'2022-12-18 00:30:10','2022-12-18 00:30:10'),(1132,1,'login','2022-12-18','00:30:12',1,'App\\Models\\Tenant\\User',NULL,'0','desktop','0','0','0','0',NULL,NULL,NULL,'2022-12-18 00:30:12','2022-12-18 00:30:12'),(1133,1,'login','2022-12-18','00:30:13',1,'App\\Models\\Tenant\\User',NULL,'0','desktop','0','0','0','0',NULL,NULL,NULL,'2022-12-18 00:30:13','2022-12-18 00:30:13'),(1134,1,'login','2022-12-18','00:30:14',1,'App\\Models\\Tenant\\User',NULL,'0','desktop','0','0','0','0',NULL,NULL,NULL,'2022-12-18 00:30:14','2022-12-18 00:30:14'),(1135,1,'login','2022-12-18','00:30:16',1,'App\\Models\\Tenant\\User',NULL,'0','desktop','0','0','0','0',NULL,NULL,NULL,'2022-12-18 00:30:16','2022-12-18 00:30:16'),(1136,1,'login','2022-12-18','00:30:17',1,'App\\Models\\Tenant\\User',NULL,'0','desktop','0','0','0','0',NULL,NULL,NULL,'2022-12-18 00:30:17','2022-12-18 00:30:17'),(1137,1,'login','2022-12-18','00:30:18',1,'App\\Models\\Tenant\\User',NULL,'0','desktop','0','0','0','0',NULL,NULL,NULL,'2022-12-18 00:30:18','2022-12-18 00:30:18'),(1138,1,'login','2022-12-18','00:30:20',1,'App\\Models\\Tenant\\User',NULL,'0','desktop','0','0','0','0',NULL,NULL,NULL,'2022-12-18 00:30:20','2022-12-18 00:30:20'),(1139,1,'login','2022-12-18','00:30:21',1,'App\\Models\\Tenant\\User',NULL,'0','desktop','0','0','0','0',NULL,NULL,NULL,'2022-12-18 00:30:21','2022-12-18 00:30:21'),(1140,1,'login','2022-12-18','00:30:23',1,'App\\Models\\Tenant\\User',NULL,'0','desktop','0','0','0','0',NULL,NULL,NULL,'2022-12-18 00:30:23','2022-12-18 00:30:23'),(1141,1,'login','2022-12-18','00:30:25',1,'App\\Models\\Tenant\\User',NULL,'0','desktop','0','0','0','0',NULL,NULL,NULL,'2022-12-18 00:30:25','2022-12-18 00:30:25'),(1142,1,'login','2022-12-19','00:00:03',1,'App\\Models\\Tenant\\User',NULL,'0','desktop','0','0','0','0',NULL,NULL,NULL,'2022-12-19 00:00:03','2022-12-19 00:00:03'),(1143,1,'login','2022-12-19','00:00:03',1,'App\\Models\\Tenant\\User',NULL,'0','desktop','0','0','0','0',NULL,NULL,NULL,'2022-12-19 00:00:03','2022-12-19 00:00:03'),(1144,1,'login','2022-12-19','00:00:45',1,'App\\Models\\Tenant\\User',NULL,'0','desktop','0','0','0','0',NULL,NULL,NULL,'2022-12-19 00:00:45','2022-12-19 00:00:45'),(1145,1,'login','2022-12-19','00:00:46',1,'App\\Models\\Tenant\\User',NULL,'0','desktop','0','0','0','0',NULL,NULL,NULL,'2022-12-19 00:00:46','2022-12-19 00:00:46'),(1146,1,'login','2022-12-19','00:00:47',1,'App\\Models\\Tenant\\User',NULL,'0','desktop','0','0','0','0',NULL,NULL,NULL,'2022-12-19 00:00:47','2022-12-19 00:00:47'),(1147,1,'login','2022-12-19','00:00:48',1,'App\\Models\\Tenant\\User',NULL,'0','desktop','0','0','0','0',NULL,NULL,NULL,'2022-12-19 00:00:48','2022-12-19 00:00:48'),(1148,1,'login','2022-12-19','00:00:49',1,'App\\Models\\Tenant\\User',NULL,'0','desktop','0','0','0','0',NULL,NULL,NULL,'2022-12-19 00:00:49','2022-12-19 00:00:49'),(1149,1,'login','2022-12-19','00:00:49',1,'App\\Models\\Tenant\\User',NULL,'0','desktop','0','0','0','0',NULL,NULL,NULL,'2022-12-19 00:00:49','2022-12-19 00:00:49'),(1150,1,'login','2022-12-19','00:00:50',1,'App\\Models\\Tenant\\User',NULL,'0','desktop','0','0','0','0',NULL,NULL,NULL,'2022-12-19 00:00:50','2022-12-19 00:00:50'),(1151,1,'login','2022-12-19','00:00:51',1,'App\\Models\\Tenant\\User',NULL,'0','desktop','0','0','0','0',NULL,NULL,NULL,'2022-12-19 00:00:51','2022-12-19 00:00:51'),(1152,1,'login','2022-12-19','00:00:52',1,'App\\Models\\Tenant\\User',NULL,'0','desktop','0','0','0','0',NULL,NULL,NULL,'2022-12-19 00:00:52','2022-12-19 00:00:52'),(1153,1,'login','2022-12-19','00:00:53',1,'App\\Models\\Tenant\\User',NULL,'0','desktop','0','0','0','0',NULL,NULL,NULL,'2022-12-19 00:00:53','2022-12-19 00:00:53'),(1154,1,'login','2022-12-19','00:00:54',1,'App\\Models\\Tenant\\User',NULL,'0','desktop','0','0','0','0',NULL,NULL,NULL,'2022-12-19 00:00:54','2022-12-19 00:00:54'),(1155,1,'login','2022-12-19','00:00:55',1,'App\\Models\\Tenant\\User',NULL,'0','desktop','0','0','0','0',NULL,NULL,NULL,'2022-12-19 00:00:55','2022-12-19 00:00:55'),(1156,1,'login','2022-12-19','00:00:56',1,'App\\Models\\Tenant\\User',NULL,'0','desktop','0','0','0','0',NULL,NULL,NULL,'2022-12-19 00:00:56','2022-12-19 00:00:56'),(1157,1,'login','2022-12-19','00:00:56',1,'App\\Models\\Tenant\\User',NULL,'0','desktop','0','0','0','0',NULL,NULL,NULL,'2022-12-19 00:00:56','2022-12-19 00:00:56'),(1158,1,'login','2022-12-19','00:30:02',1,'App\\Models\\Tenant\\User',NULL,'0','desktop','0','0','0','0',NULL,NULL,NULL,'2022-12-19 00:30:02','2022-12-19 00:30:02'),(1159,1,'login','2022-12-19','00:30:02',1,'App\\Models\\Tenant\\User',NULL,'0','desktop','0','0','0','0',NULL,NULL,NULL,'2022-12-19 00:30:02','2022-12-19 00:30:02'),(1160,1,'login','2022-12-19','00:30:07',1,'App\\Models\\Tenant\\User',NULL,'0','desktop','0','0','0','0',NULL,NULL,NULL,'2022-12-19 00:30:07','2022-12-19 00:30:07'),(1161,1,'login','2022-12-19','00:30:08',1,'App\\Models\\Tenant\\User',NULL,'0','desktop','0','0','0','0',NULL,NULL,NULL,'2022-12-19 00:30:08','2022-12-19 00:30:08'),(1162,1,'login','2022-12-19','00:30:09',1,'App\\Models\\Tenant\\User',NULL,'0','desktop','0','0','0','0',NULL,NULL,NULL,'2022-12-19 00:30:09','2022-12-19 00:30:09'),(1163,1,'login','2022-12-19','00:30:10',1,'App\\Models\\Tenant\\User',NULL,'0','desktop','0','0','0','0',NULL,NULL,NULL,'2022-12-19 00:30:10','2022-12-19 00:30:10'),(1164,1,'login','2022-12-19','00:30:12',1,'App\\Models\\Tenant\\User',NULL,'0','desktop','0','0','0','0',NULL,NULL,NULL,'2022-12-19 00:30:12','2022-12-19 00:30:12'),(1165,1,'login','2022-12-19','00:30:13',1,'App\\Models\\Tenant\\User',NULL,'0','desktop','0','0','0','0',NULL,NULL,NULL,'2022-12-19 00:30:13','2022-12-19 00:30:13'),(1166,1,'login','2022-12-19','00:30:14',1,'App\\Models\\Tenant\\User',NULL,'0','desktop','0','0','0','0',NULL,NULL,NULL,'2022-12-19 00:30:14','2022-12-19 00:30:14'),(1167,1,'login','2022-12-19','00:30:16',1,'App\\Models\\Tenant\\User',NULL,'0','desktop','0','0','0','0',NULL,NULL,NULL,'2022-12-19 00:30:16','2022-12-19 00:30:16'),(1168,1,'login','2022-12-19','00:30:17',1,'App\\Models\\Tenant\\User',NULL,'0','desktop','0','0','0','0',NULL,NULL,NULL,'2022-12-19 00:30:17','2022-12-19 00:30:17'),(1169,1,'login','2022-12-19','00:30:18',1,'App\\Models\\Tenant\\User',NULL,'0','desktop','0','0','0','0',NULL,NULL,NULL,'2022-12-19 00:30:18','2022-12-19 00:30:18'),(1170,1,'login','2022-12-19','00:30:19',1,'App\\Models\\Tenant\\User',NULL,'0','desktop','0','0','0','0',NULL,NULL,NULL,'2022-12-19 00:30:19','2022-12-19 00:30:19'),(1171,1,'login','2022-12-19','00:30:21',1,'App\\Models\\Tenant\\User',NULL,'0','desktop','0','0','0','0',NULL,NULL,NULL,'2022-12-19 00:30:21','2022-12-19 00:30:21'),(1172,1,'login','2022-12-19','00:30:22',1,'App\\Models\\Tenant\\User',NULL,'0','desktop','0','0','0','0',NULL,NULL,NULL,'2022-12-19 00:30:22','2022-12-19 00:30:22'),(1173,1,'login','2022-12-19','00:30:23',1,'App\\Models\\Tenant\\User',NULL,'0','desktop','0','0','0','0',NULL,NULL,NULL,'2022-12-19 00:30:23','2022-12-19 00:30:23'),(1174,1,'login','2022-12-20','00:00:03',1,'App\\Models\\Tenant\\User',NULL,'0','desktop','0','0','0','0',NULL,NULL,NULL,'2022-12-20 00:00:03','2022-12-20 00:00:03'),(1175,1,'login','2022-12-20','00:00:03',1,'App\\Models\\Tenant\\User',NULL,'0','desktop','0','0','0','0',NULL,NULL,NULL,'2022-12-20 00:00:03','2022-12-20 00:00:03'),(1176,1,'login','2022-12-20','00:00:42',1,'App\\Models\\Tenant\\User',NULL,'0','desktop','0','0','0','0',NULL,NULL,NULL,'2022-12-20 00:00:42','2022-12-20 00:00:42'),(1177,1,'login','2022-12-20','00:00:43',1,'App\\Models\\Tenant\\User',NULL,'0','desktop','0','0','0','0',NULL,NULL,NULL,'2022-12-20 00:00:43','2022-12-20 00:00:43'),(1178,1,'login','2022-12-20','00:00:45',1,'App\\Models\\Tenant\\User',NULL,'0','desktop','0','0','0','0',NULL,NULL,NULL,'2022-12-20 00:00:45','2022-12-20 00:00:45'),(1179,1,'login','2022-12-20','00:00:46',1,'App\\Models\\Tenant\\User',NULL,'0','desktop','0','0','0','0',NULL,NULL,NULL,'2022-12-20 00:00:46','2022-12-20 00:00:46'),(1180,1,'login','2022-12-20','00:00:47',1,'App\\Models\\Tenant\\User',NULL,'0','desktop','0','0','0','0',NULL,NULL,NULL,'2022-12-20 00:00:47','2022-12-20 00:00:47'),(1181,1,'login','2022-12-20','00:00:48',1,'App\\Models\\Tenant\\User',NULL,'0','desktop','0','0','0','0',NULL,NULL,NULL,'2022-12-20 00:00:48','2022-12-20 00:00:48'),(1182,1,'login','2022-12-20','00:00:49',1,'App\\Models\\Tenant\\User',NULL,'0','desktop','0','0','0','0',NULL,NULL,NULL,'2022-12-20 00:00:49','2022-12-20 00:00:49'),(1183,1,'login','2022-12-20','00:00:50',1,'App\\Models\\Tenant\\User',NULL,'0','desktop','0','0','0','0',NULL,NULL,NULL,'2022-12-20 00:00:50','2022-12-20 00:00:50'),(1184,1,'login','2022-12-20','00:00:51',1,'App\\Models\\Tenant\\User',NULL,'0','desktop','0','0','0','0',NULL,NULL,NULL,'2022-12-20 00:00:51','2022-12-20 00:00:51'),(1185,1,'login','2022-12-20','00:00:52',1,'App\\Models\\Tenant\\User',NULL,'0','desktop','0','0','0','0',NULL,NULL,NULL,'2022-12-20 00:00:52','2022-12-20 00:00:52'),(1186,1,'login','2022-12-20','00:00:53',1,'App\\Models\\Tenant\\User',NULL,'0','desktop','0','0','0','0',NULL,NULL,NULL,'2022-12-20 00:00:53','2022-12-20 00:00:53'),(1187,1,'login','2022-12-20','00:00:54',1,'App\\Models\\Tenant\\User',NULL,'0','desktop','0','0','0','0',NULL,NULL,NULL,'2022-12-20 00:00:54','2022-12-20 00:00:54'),(1188,1,'login','2022-12-20','00:00:55',1,'App\\Models\\Tenant\\User',NULL,'0','desktop','0','0','0','0',NULL,NULL,NULL,'2022-12-20 00:00:55','2022-12-20 00:00:55'),(1189,1,'login','2022-12-20','00:00:56',1,'App\\Models\\Tenant\\User',NULL,'0','desktop','0','0','0','0',NULL,NULL,NULL,'2022-12-20 00:00:56','2022-12-20 00:00:56'),(1190,1,'login','2022-12-20','00:30:02',1,'App\\Models\\Tenant\\User',NULL,'0','desktop','0','0','0','0',NULL,NULL,NULL,'2022-12-20 00:30:02','2022-12-20 00:30:02'),(1191,1,'login','2022-12-20','00:30:02',1,'App\\Models\\Tenant\\User',NULL,'0','desktop','0','0','0','0',NULL,NULL,NULL,'2022-12-20 00:30:02','2022-12-20 00:30:02'),(1192,1,'login','2022-12-20','00:30:09',1,'App\\Models\\Tenant\\User',NULL,'0','desktop','0','0','0','0',NULL,NULL,NULL,'2022-12-20 00:30:09','2022-12-20 00:30:09'),(1193,1,'login','2022-12-20','00:30:11',1,'App\\Models\\Tenant\\User',NULL,'0','desktop','0','0','0','0',NULL,NULL,NULL,'2022-12-20 00:30:11','2022-12-20 00:30:11'),(1194,1,'login','2022-12-20','00:30:12',1,'App\\Models\\Tenant\\User',NULL,'0','desktop','0','0','0','0',NULL,NULL,NULL,'2022-12-20 00:30:12','2022-12-20 00:30:12'),(1195,1,'login','2022-12-20','00:30:14',1,'App\\Models\\Tenant\\User',NULL,'0','desktop','0','0','0','0',NULL,NULL,NULL,'2022-12-20 00:30:14','2022-12-20 00:30:14'),(1196,1,'login','2022-12-20','00:30:15',1,'App\\Models\\Tenant\\User',NULL,'0','desktop','0','0','0','0',NULL,NULL,NULL,'2022-12-20 00:30:15','2022-12-20 00:30:15'),(1197,1,'login','2022-12-20','00:30:17',1,'App\\Models\\Tenant\\User',NULL,'0','desktop','0','0','0','0',NULL,NULL,NULL,'2022-12-20 00:30:17','2022-12-20 00:30:17'),(1198,1,'login','2022-12-20','00:30:18',1,'App\\Models\\Tenant\\User',NULL,'0','desktop','0','0','0','0',NULL,NULL,NULL,'2022-12-20 00:30:18','2022-12-20 00:30:18'),(1199,1,'login','2022-12-20','00:30:19',1,'App\\Models\\Tenant\\User',NULL,'0','desktop','0','0','0','0',NULL,NULL,NULL,'2022-12-20 00:30:19','2022-12-20 00:30:19'),(1200,1,'login','2022-12-20','00:30:21',1,'App\\Models\\Tenant\\User',NULL,'0','desktop','0','0','0','0',NULL,NULL,NULL,'2022-12-20 00:30:21','2022-12-20 00:30:21'),(1201,1,'login','2022-12-20','00:30:22',1,'App\\Models\\Tenant\\User',NULL,'0','desktop','0','0','0','0',NULL,NULL,NULL,'2022-12-20 00:30:22','2022-12-20 00:30:22'),(1202,1,'login','2022-12-20','00:30:23',1,'App\\Models\\Tenant\\User',NULL,'0','desktop','0','0','0','0',NULL,NULL,NULL,'2022-12-20 00:30:23','2022-12-20 00:30:23'),(1203,1,'login','2022-12-20','00:30:25',1,'App\\Models\\Tenant\\User',NULL,'0','desktop','0','0','0','0',NULL,NULL,NULL,'2022-12-20 00:30:25','2022-12-20 00:30:25'),(1204,1,'login','2022-12-20','00:30:26',1,'App\\Models\\Tenant\\User',NULL,'0','desktop','0','0','0','0',NULL,NULL,NULL,'2022-12-20 00:30:26','2022-12-20 00:30:26'),(1205,1,'login','2022-12-20','00:30:28',1,'App\\Models\\Tenant\\User',NULL,'0','desktop','0','0','0','0',NULL,NULL,NULL,'2022-12-20 00:30:28','2022-12-20 00:30:28'),(1206,1,'login','2022-12-20','16:48:56',1,'App\\Models\\Tenant\\User','190.187.46.168','WebKit','desktop','Windows','10.0','Chrome','108.0.0.0',NULL,NULL,'{\"country_name\":\"Peru\",\"country_code\":\"PE\",\"region_code\":\"LMA\",\"region_name\":\"Lima\",\"city_name\":\"Lima\",\"latitude\":\"-12.0464\",\"longitude\":\"-77.0428\",\"timezone\":\"America\\/Lima\"}','2022-12-20 16:48:56','2022-12-20 16:48:56'),(1207,1,'login','2022-12-21','00:00:03',1,'App\\Models\\Tenant\\User',NULL,'0','desktop','0','0','0','0',NULL,NULL,NULL,'2022-12-21 00:00:03','2022-12-21 00:00:03'),(1208,1,'login','2022-12-21','00:00:03',1,'App\\Models\\Tenant\\User',NULL,'0','desktop','0','0','0','0',NULL,NULL,NULL,'2022-12-21 00:00:03','2022-12-21 00:00:03'),(1209,1,'login','2022-12-21','00:00:32',1,'App\\Models\\Tenant\\User',NULL,'0','desktop','0','0','0','0',NULL,NULL,NULL,'2022-12-21 00:00:32','2022-12-21 00:00:32'),(1210,1,'login','2022-12-21','00:00:33',1,'App\\Models\\Tenant\\User',NULL,'0','desktop','0','0','0','0',NULL,NULL,NULL,'2022-12-21 00:00:33','2022-12-21 00:00:33'),(1211,1,'login','2022-12-21','00:00:34',1,'App\\Models\\Tenant\\User',NULL,'0','desktop','0','0','0','0',NULL,NULL,NULL,'2022-12-21 00:00:34','2022-12-21 00:00:34'),(1212,1,'login','2022-12-21','00:00:35',1,'App\\Models\\Tenant\\User',NULL,'0','desktop','0','0','0','0',NULL,NULL,NULL,'2022-12-21 00:00:35','2022-12-21 00:00:35'),(1213,1,'login','2022-12-21','00:00:36',1,'App\\Models\\Tenant\\User',NULL,'0','desktop','0','0','0','0',NULL,NULL,NULL,'2022-12-21 00:00:36','2022-12-21 00:00:36'),(1214,1,'login','2022-12-21','00:00:37',1,'App\\Models\\Tenant\\User',NULL,'0','desktop','0','0','0','0',NULL,NULL,NULL,'2022-12-21 00:00:37','2022-12-21 00:00:37'),(1215,1,'login','2022-12-21','00:00:38',1,'App\\Models\\Tenant\\User',NULL,'0','desktop','0','0','0','0',NULL,NULL,NULL,'2022-12-21 00:00:38','2022-12-21 00:00:38'),(1216,1,'login','2022-12-21','00:00:39',1,'App\\Models\\Tenant\\User',NULL,'0','desktop','0','0','0','0',NULL,NULL,NULL,'2022-12-21 00:00:39','2022-12-21 00:00:39'),(1217,1,'login','2022-12-21','00:00:40',1,'App\\Models\\Tenant\\User',NULL,'0','desktop','0','0','0','0',NULL,NULL,NULL,'2022-12-21 00:00:40','2022-12-21 00:00:40'),(1218,1,'login','2022-12-21','00:00:41',1,'App\\Models\\Tenant\\User',NULL,'0','desktop','0','0','0','0',NULL,NULL,NULL,'2022-12-21 00:00:41','2022-12-21 00:00:41'),(1219,1,'login','2022-12-21','00:00:42',1,'App\\Models\\Tenant\\User',NULL,'0','desktop','0','0','0','0',NULL,NULL,NULL,'2022-12-21 00:00:42','2022-12-21 00:00:42'),(1220,1,'login','2022-12-21','00:00:43',1,'App\\Models\\Tenant\\User',NULL,'0','desktop','0','0','0','0',NULL,NULL,NULL,'2022-12-21 00:00:43','2022-12-21 00:00:43'),(1221,1,'login','2022-12-21','00:00:44',1,'App\\Models\\Tenant\\User',NULL,'0','desktop','0','0','0','0',NULL,NULL,NULL,'2022-12-21 00:00:44','2022-12-21 00:00:44'),(1222,1,'login','2022-12-21','00:00:45',1,'App\\Models\\Tenant\\User',NULL,'0','desktop','0','0','0','0',NULL,NULL,NULL,'2022-12-21 00:00:45','2022-12-21 00:00:45'),(1223,1,'login','2022-12-21','00:30:02',1,'App\\Models\\Tenant\\User',NULL,'0','desktop','0','0','0','0',NULL,NULL,NULL,'2022-12-21 00:30:02','2022-12-21 00:30:02'),(1224,1,'login','2022-12-21','00:30:02',1,'App\\Models\\Tenant\\User',NULL,'0','desktop','0','0','0','0',NULL,NULL,NULL,'2022-12-21 00:30:02','2022-12-21 00:30:02'),(1225,1,'login','2022-12-21','00:30:08',1,'App\\Models\\Tenant\\User',NULL,'0','desktop','0','0','0','0',NULL,NULL,NULL,'2022-12-21 00:30:08','2022-12-21 00:30:08'),(1226,1,'login','2022-12-21','00:30:10',1,'App\\Models\\Tenant\\User',NULL,'0','desktop','0','0','0','0',NULL,NULL,NULL,'2022-12-21 00:30:10','2022-12-21 00:30:10'),(1227,1,'login','2022-12-21','00:30:11',1,'App\\Models\\Tenant\\User',NULL,'0','desktop','0','0','0','0',NULL,NULL,NULL,'2022-12-21 00:30:11','2022-12-21 00:30:11'),(1228,1,'login','2022-12-21','00:30:13',1,'App\\Models\\Tenant\\User',NULL,'0','desktop','0','0','0','0',NULL,NULL,NULL,'2022-12-21 00:30:13','2022-12-21 00:30:13'),(1229,1,'login','2022-12-21','00:30:14',1,'App\\Models\\Tenant\\User',NULL,'0','desktop','0','0','0','0',NULL,NULL,NULL,'2022-12-21 00:30:14','2022-12-21 00:30:14'),(1230,1,'login','2022-12-21','00:30:16',1,'App\\Models\\Tenant\\User',NULL,'0','desktop','0','0','0','0',NULL,NULL,NULL,'2022-12-21 00:30:16','2022-12-21 00:30:16'),(1231,1,'login','2022-12-21','00:30:17',1,'App\\Models\\Tenant\\User',NULL,'0','desktop','0','0','0','0',NULL,NULL,NULL,'2022-12-21 00:30:17','2022-12-21 00:30:17'),(1232,1,'login','2022-12-21','00:30:19',1,'App\\Models\\Tenant\\User',NULL,'0','desktop','0','0','0','0',NULL,NULL,NULL,'2022-12-21 00:30:19','2022-12-21 00:30:19'),(1233,1,'login','2022-12-21','00:30:20',1,'App\\Models\\Tenant\\User',NULL,'0','desktop','0','0','0','0',NULL,NULL,NULL,'2022-12-21 00:30:20','2022-12-21 00:30:20'),(1234,1,'login','2022-12-21','00:30:21',1,'App\\Models\\Tenant\\User',NULL,'0','desktop','0','0','0','0',NULL,NULL,NULL,'2022-12-21 00:30:21','2022-12-21 00:30:21'),(1235,1,'login','2022-12-21','00:30:22',1,'App\\Models\\Tenant\\User',NULL,'0','desktop','0','0','0','0',NULL,NULL,NULL,'2022-12-21 00:30:22','2022-12-21 00:30:22'),(1236,1,'login','2022-12-21','00:30:24',1,'App\\Models\\Tenant\\User',NULL,'0','desktop','0','0','0','0',NULL,NULL,NULL,'2022-12-21 00:30:24','2022-12-21 00:30:24'),(1237,1,'login','2022-12-21','00:30:25',1,'App\\Models\\Tenant\\User',NULL,'0','desktop','0','0','0','0',NULL,NULL,NULL,'2022-12-21 00:30:25','2022-12-21 00:30:25'),(1238,1,'login','2022-12-21','00:30:27',1,'App\\Models\\Tenant\\User',NULL,'0','desktop','0','0','0','0',NULL,NULL,NULL,'2022-12-21 00:30:27','2022-12-21 00:30:27'),(1239,1,'login','2022-12-21','09:55:11',1,'App\\Models\\Tenant\\User','190.187.46.168','WebKit','desktop','Windows','10.0','Chrome','108.0.0.0',NULL,NULL,'{\"country_name\":\"Peru\",\"country_code\":\"PE\",\"region_code\":\"LMA\",\"region_name\":\"Lima\",\"city_name\":\"Lima\",\"latitude\":\"-12.0464\",\"longitude\":\"-77.0428\",\"timezone\":\"America\\/Lima\"}','2022-12-21 09:55:11','2022-12-21 09:55:11'),(1240,1,'login','2022-12-22','00:00:05',1,'App\\Models\\Tenant\\User',NULL,'0','desktop','0','0','0','0',NULL,NULL,NULL,'2022-12-22 00:00:05','2022-12-22 00:00:05'),(1241,1,'login','2022-12-22','00:00:05',1,'App\\Models\\Tenant\\User',NULL,'0','desktop','0','0','0','0',NULL,NULL,NULL,'2022-12-22 00:00:05','2022-12-22 00:00:05'),(1242,1,'login','2022-12-22','00:00:51',1,'App\\Models\\Tenant\\User',NULL,'0','desktop','0','0','0','0',NULL,NULL,NULL,'2022-12-22 00:00:51','2022-12-22 00:00:51'),(1243,1,'login','2022-12-22','00:00:52',1,'App\\Models\\Tenant\\User',NULL,'0','desktop','0','0','0','0',NULL,NULL,NULL,'2022-12-22 00:00:52','2022-12-22 00:00:52'),(1244,1,'login','2022-12-22','00:00:54',1,'App\\Models\\Tenant\\User',NULL,'0','desktop','0','0','0','0',NULL,NULL,NULL,'2022-12-22 00:00:54','2022-12-22 00:00:54'),(1245,1,'login','2022-12-22','00:00:56',1,'App\\Models\\Tenant\\User',NULL,'0','desktop','0','0','0','0',NULL,NULL,NULL,'2022-12-22 00:00:56','2022-12-22 00:00:56'),(1246,1,'login','2022-12-22','00:00:57',1,'App\\Models\\Tenant\\User',NULL,'0','desktop','0','0','0','0',NULL,NULL,NULL,'2022-12-22 00:00:57','2022-12-22 00:00:57'),(1247,1,'login','2022-12-22','00:00:58',1,'App\\Models\\Tenant\\User',NULL,'0','desktop','0','0','0','0',NULL,NULL,NULL,'2022-12-22 00:00:58','2022-12-22 00:00:58'),(1248,1,'login','2022-12-22','00:00:59',1,'App\\Models\\Tenant\\User',NULL,'0','desktop','0','0','0','0',NULL,NULL,NULL,'2022-12-22 00:00:59','2022-12-22 00:00:59'),(1249,1,'login','2022-12-22','00:30:01',1,'App\\Models\\Tenant\\User',NULL,'0','desktop','0','0','0','0',NULL,NULL,NULL,'2022-12-22 00:30:01','2022-12-22 00:30:01'),(1250,1,'login','2022-12-22','00:30:01',1,'App\\Models\\Tenant\\User',NULL,'0','desktop','0','0','0','0',NULL,NULL,NULL,'2022-12-22 00:30:01','2022-12-22 00:30:01'),(1251,1,'login','2022-12-22','00:30:15',1,'App\\Models\\Tenant\\User',NULL,'0','desktop','0','0','0','0',NULL,NULL,NULL,'2022-12-22 00:30:15','2022-12-22 00:30:15'),(1252,1,'login','2022-12-22','00:30:17',1,'App\\Models\\Tenant\\User',NULL,'0','desktop','0','0','0','0',NULL,NULL,NULL,'2022-12-22 00:30:17','2022-12-22 00:30:17'),(1253,1,'login','2022-12-22','00:30:19',1,'App\\Models\\Tenant\\User',NULL,'0','desktop','0','0','0','0',NULL,NULL,NULL,'2022-12-22 00:30:19','2022-12-22 00:30:19'),(1254,1,'login','2022-12-22','00:30:21',1,'App\\Models\\Tenant\\User',NULL,'0','desktop','0','0','0','0',NULL,NULL,NULL,'2022-12-22 00:30:21','2022-12-22 00:30:21'),(1255,1,'login','2022-12-22','00:30:22',1,'App\\Models\\Tenant\\User',NULL,'0','desktop','0','0','0','0',NULL,NULL,NULL,'2022-12-22 00:30:22','2022-12-22 00:30:22'),(1256,1,'login','2022-12-22','00:30:23',1,'App\\Models\\Tenant\\User',NULL,'0','desktop','0','0','0','0',NULL,NULL,NULL,'2022-12-22 00:30:23','2022-12-22 00:30:23'),(1257,1,'login','2022-12-22','00:30:25',1,'App\\Models\\Tenant\\User',NULL,'0','desktop','0','0','0','0',NULL,NULL,NULL,'2022-12-22 00:30:25','2022-12-22 00:30:25'),(1258,1,'login','2022-12-22','00:30:26',1,'App\\Models\\Tenant\\User',NULL,'0','desktop','0','0','0','0',NULL,NULL,NULL,'2022-12-22 00:30:26','2022-12-22 00:30:26'),(1259,1,'login','2022-12-22','00:30:27',1,'App\\Models\\Tenant\\User',NULL,'0','desktop','0','0','0','0',NULL,NULL,NULL,'2022-12-22 00:30:27','2022-12-22 00:30:27'),(1260,1,'login','2022-12-22','00:30:29',1,'App\\Models\\Tenant\\User',NULL,'0','desktop','0','0','0','0',NULL,NULL,NULL,'2022-12-22 00:30:29','2022-12-22 00:30:29'),(1261,1,'login','2022-12-22','00:30:30',1,'App\\Models\\Tenant\\User',NULL,'0','desktop','0','0','0','0',NULL,NULL,NULL,'2022-12-22 00:30:30','2022-12-22 00:30:30'),(1262,1,'login','2022-12-22','00:30:31',1,'App\\Models\\Tenant\\User',NULL,'0','desktop','0','0','0','0',NULL,NULL,NULL,'2022-12-22 00:30:31','2022-12-22 00:30:31'),(1263,1,'login','2022-12-22','00:30:33',1,'App\\Models\\Tenant\\User',NULL,'0','desktop','0','0','0','0',NULL,NULL,NULL,'2022-12-22 00:30:33','2022-12-22 00:30:33'),(1264,1,'login','2022-12-22','00:30:34',1,'App\\Models\\Tenant\\User',NULL,'0','desktop','0','0','0','0',NULL,NULL,NULL,'2022-12-22 00:30:34','2022-12-22 00:30:34'),(1265,1,'login','2022-12-22','18:01:41',1,'App\\Models\\Tenant\\User','190.187.46.168','WebKit','desktop','Windows','10.0','Chrome','108.0.0.0',NULL,NULL,'{\"country_name\":\"Peru\",\"country_code\":\"PE\",\"region_code\":\"LMA\",\"region_name\":\"Lima\",\"city_name\":\"Lima\",\"latitude\":\"-12.0464\",\"longitude\":\"-77.0428\",\"timezone\":\"America\\/Lima\"}','2022-12-22 18:01:41','2022-12-22 18:01:41'),(1266,1,'login','2022-12-23','00:00:03',1,'App\\Models\\Tenant\\User',NULL,'0','desktop','0','0','0','0',NULL,NULL,NULL,'2022-12-23 00:00:03','2022-12-23 00:00:03'),(1267,1,'login','2022-12-23','00:00:03',1,'App\\Models\\Tenant\\User',NULL,'0','desktop','0','0','0','0',NULL,NULL,NULL,'2022-12-23 00:00:03','2022-12-23 00:00:03'),(1268,1,'login','2022-12-23','00:00:33',1,'App\\Models\\Tenant\\User',NULL,'0','desktop','0','0','0','0',NULL,NULL,NULL,'2022-12-23 00:00:33','2022-12-23 00:00:33'),(1269,1,'login','2022-12-23','00:00:33',1,'App\\Models\\Tenant\\User',NULL,'0','desktop','0','0','0','0',NULL,NULL,NULL,'2022-12-23 00:00:33','2022-12-23 00:00:33'),(1270,1,'login','2022-12-23','00:00:35',1,'App\\Models\\Tenant\\User',NULL,'0','desktop','0','0','0','0',NULL,NULL,NULL,'2022-12-23 00:00:35','2022-12-23 00:00:35'),(1271,1,'login','2022-12-23','00:00:35',1,'App\\Models\\Tenant\\User',NULL,'0','desktop','0','0','0','0',NULL,NULL,NULL,'2022-12-23 00:00:36','2022-12-23 00:00:36'),(1272,1,'login','2022-12-23','00:00:37',1,'App\\Models\\Tenant\\User',NULL,'0','desktop','0','0','0','0',NULL,NULL,NULL,'2022-12-23 00:00:37','2022-12-23 00:00:37'),(1273,1,'login','2022-12-23','00:00:38',1,'App\\Models\\Tenant\\User',NULL,'0','desktop','0','0','0','0',NULL,NULL,NULL,'2022-12-23 00:00:38','2022-12-23 00:00:38'),(1274,1,'login','2022-12-23','00:00:39',1,'App\\Models\\Tenant\\User',NULL,'0','desktop','0','0','0','0',NULL,NULL,NULL,'2022-12-23 00:00:39','2022-12-23 00:00:39'),(1275,1,'login','2022-12-23','00:00:40',1,'App\\Models\\Tenant\\User',NULL,'0','desktop','0','0','0','0',NULL,NULL,NULL,'2022-12-23 00:00:40','2022-12-23 00:00:40'),(1276,1,'login','2022-12-23','00:00:41',1,'App\\Models\\Tenant\\User',NULL,'0','desktop','0','0','0','0',NULL,NULL,NULL,'2022-12-23 00:00:41','2022-12-23 00:00:41'),(1277,1,'login','2022-12-23','00:00:42',1,'App\\Models\\Tenant\\User',NULL,'0','desktop','0','0','0','0',NULL,NULL,NULL,'2022-12-23 00:00:42','2022-12-23 00:00:42'),(1278,1,'login','2022-12-23','00:00:43',1,'App\\Models\\Tenant\\User',NULL,'0','desktop','0','0','0','0',NULL,NULL,NULL,'2022-12-23 00:00:43','2022-12-23 00:00:43'),(1279,1,'login','2022-12-23','00:00:44',1,'App\\Models\\Tenant\\User',NULL,'0','desktop','0','0','0','0',NULL,NULL,NULL,'2022-12-23 00:00:44','2022-12-23 00:00:44'),(1280,1,'login','2022-12-23','00:00:45',1,'App\\Models\\Tenant\\User',NULL,'0','desktop','0','0','0','0',NULL,NULL,NULL,'2022-12-23 00:00:45','2022-12-23 00:00:45'),(1281,1,'login','2022-12-23','00:00:46',1,'App\\Models\\Tenant\\User',NULL,'0','desktop','0','0','0','0',NULL,NULL,NULL,'2022-12-23 00:00:46','2022-12-23 00:00:46'),(1282,1,'login','2022-12-23','00:30:03',1,'App\\Models\\Tenant\\User',NULL,'0','desktop','0','0','0','0',NULL,NULL,NULL,'2022-12-23 00:30:03','2022-12-23 00:30:03'),(1283,1,'login','2022-12-23','00:30:03',1,'App\\Models\\Tenant\\User',NULL,'0','desktop','0','0','0','0',NULL,NULL,NULL,'2022-12-23 00:30:03','2022-12-23 00:30:03'),(1284,1,'login','2022-12-23','00:30:07',1,'App\\Models\\Tenant\\User',NULL,'0','desktop','0','0','0','0',NULL,NULL,NULL,'2022-12-23 00:30:07','2022-12-23 00:30:07'),(1285,1,'login','2022-12-23','00:30:10',1,'App\\Models\\Tenant\\User',NULL,'0','desktop','0','0','0','0',NULL,NULL,NULL,'2022-12-23 00:30:10','2022-12-23 00:30:10'),(1286,1,'login','2022-12-23','00:30:13',1,'App\\Models\\Tenant\\User',NULL,'0','desktop','0','0','0','0',NULL,NULL,NULL,'2022-12-23 00:30:13','2022-12-23 00:30:13'),(1287,1,'login','2022-12-23','00:30:16',1,'App\\Models\\Tenant\\User',NULL,'0','desktop','0','0','0','0',NULL,NULL,NULL,'2022-12-23 00:30:16','2022-12-23 00:30:16'),(1288,1,'login','2022-12-23','00:30:18',1,'App\\Models\\Tenant\\User',NULL,'0','desktop','0','0','0','0',NULL,NULL,NULL,'2022-12-23 00:30:18','2022-12-23 00:30:18'),(1289,1,'login','2022-12-23','00:30:21',1,'App\\Models\\Tenant\\User',NULL,'0','desktop','0','0','0','0',NULL,NULL,NULL,'2022-12-23 00:30:21','2022-12-23 00:30:21'),(1290,1,'login','2022-12-23','00:30:24',1,'App\\Models\\Tenant\\User',NULL,'0','desktop','0','0','0','0',NULL,NULL,NULL,'2022-12-23 00:30:24','2022-12-23 00:30:24'),(1291,1,'login','2022-12-23','00:30:26',1,'App\\Models\\Tenant\\User',NULL,'0','desktop','0','0','0','0',NULL,NULL,NULL,'2022-12-23 00:30:26','2022-12-23 00:30:26'),(1292,1,'login','2022-12-23','00:30:29',1,'App\\Models\\Tenant\\User',NULL,'0','desktop','0','0','0','0',NULL,NULL,NULL,'2022-12-23 00:30:29','2022-12-23 00:30:29'),(1293,1,'login','2022-12-23','00:30:31',1,'App\\Models\\Tenant\\User',NULL,'0','desktop','0','0','0','0',NULL,NULL,NULL,'2022-12-23 00:30:31','2022-12-23 00:30:31'),(1294,1,'login','2022-12-23','00:30:34',1,'App\\Models\\Tenant\\User',NULL,'0','desktop','0','0','0','0',NULL,NULL,NULL,'2022-12-23 00:30:34','2022-12-23 00:30:34'),(1295,1,'login','2022-12-23','00:30:36',1,'App\\Models\\Tenant\\User',NULL,'0','desktop','0','0','0','0',NULL,NULL,NULL,'2022-12-23 00:30:36','2022-12-23 00:30:36'),(1296,1,'login','2022-12-23','00:30:39',1,'App\\Models\\Tenant\\User',NULL,'0','desktop','0','0','0','0',NULL,NULL,NULL,'2022-12-23 00:30:39','2022-12-23 00:30:39'),(1297,1,'login','2022-12-23','00:30:41',1,'App\\Models\\Tenant\\User',NULL,'0','desktop','0','0','0','0',NULL,NULL,NULL,'2022-12-23 00:30:41','2022-12-23 00:30:41'),(1298,1,'login','2022-12-24','00:00:03',1,'App\\Models\\Tenant\\User',NULL,'0','desktop','0','0','0','0',NULL,NULL,NULL,'2022-12-24 00:00:03','2022-12-24 00:00:03'),(1299,1,'login','2022-12-24','00:00:03',1,'App\\Models\\Tenant\\User',NULL,'0','desktop','0','0','0','0',NULL,NULL,NULL,'2022-12-24 00:00:03','2022-12-24 00:00:03'),(1300,1,'login','2022-12-24','00:00:41',1,'App\\Models\\Tenant\\User',NULL,'0','desktop','0','0','0','0',NULL,NULL,NULL,'2022-12-24 00:00:41','2022-12-24 00:00:41'),(1301,1,'login','2022-12-24','00:00:43',1,'App\\Models\\Tenant\\User',NULL,'0','desktop','0','0','0','0',NULL,NULL,NULL,'2022-12-24 00:00:43','2022-12-24 00:00:43'),(1302,1,'login','2022-12-24','00:00:44',1,'App\\Models\\Tenant\\User',NULL,'0','desktop','0','0','0','0',NULL,NULL,NULL,'2022-12-24 00:00:44','2022-12-24 00:00:44'),(1303,1,'login','2022-12-24','00:00:46',1,'App\\Models\\Tenant\\User',NULL,'0','desktop','0','0','0','0',NULL,NULL,NULL,'2022-12-24 00:00:46','2022-12-24 00:00:46'),(1304,1,'login','2022-12-24','00:00:48',1,'App\\Models\\Tenant\\User',NULL,'0','desktop','0','0','0','0',NULL,NULL,NULL,'2022-12-24 00:00:48','2022-12-24 00:00:48'),(1305,1,'login','2022-12-24','00:00:50',1,'App\\Models\\Tenant\\User',NULL,'0','desktop','0','0','0','0',NULL,NULL,NULL,'2022-12-24 00:00:50','2022-12-24 00:00:50'),(1306,1,'login','2022-12-24','00:00:51',1,'App\\Models\\Tenant\\User',NULL,'0','desktop','0','0','0','0',NULL,NULL,NULL,'2022-12-24 00:00:51','2022-12-24 00:00:51'),(1307,1,'login','2022-12-24','00:00:52',1,'App\\Models\\Tenant\\User',NULL,'0','desktop','0','0','0','0',NULL,NULL,NULL,'2022-12-24 00:00:52','2022-12-24 00:00:52'),(1308,1,'login','2022-12-24','00:00:53',1,'App\\Models\\Tenant\\User',NULL,'0','desktop','0','0','0','0',NULL,NULL,NULL,'2022-12-24 00:00:53','2022-12-24 00:00:53'),(1309,1,'login','2022-12-24','00:00:54',1,'App\\Models\\Tenant\\User',NULL,'0','desktop','0','0','0','0',NULL,NULL,NULL,'2022-12-24 00:00:54','2022-12-24 00:00:54'),(1310,1,'login','2022-12-24','00:00:55',1,'App\\Models\\Tenant\\User',NULL,'0','desktop','0','0','0','0',NULL,NULL,NULL,'2022-12-24 00:00:55','2022-12-24 00:00:55'),(1311,1,'login','2022-12-24','00:00:56',1,'App\\Models\\Tenant\\User',NULL,'0','desktop','0','0','0','0',NULL,NULL,NULL,'2022-12-24 00:00:56','2022-12-24 00:00:56'),(1312,1,'login','2022-12-24','00:00:57',1,'App\\Models\\Tenant\\User',NULL,'0','desktop','0','0','0','0',NULL,NULL,NULL,'2022-12-24 00:00:57','2022-12-24 00:00:57'),(1313,1,'login','2022-12-24','00:00:58',1,'App\\Models\\Tenant\\User',NULL,'0','desktop','0','0','0','0',NULL,NULL,NULL,'2022-12-24 00:00:58','2022-12-24 00:00:58'),(1314,1,'login','2022-12-24','00:30:02',1,'App\\Models\\Tenant\\User',NULL,'0','desktop','0','0','0','0',NULL,NULL,NULL,'2022-12-24 00:30:02','2022-12-24 00:30:02'),(1315,1,'login','2022-12-24','00:30:02',1,'App\\Models\\Tenant\\User',NULL,'0','desktop','0','0','0','0',NULL,NULL,NULL,'2022-12-24 00:30:02','2022-12-24 00:30:02'),(1316,1,'login','2022-12-24','00:30:13',1,'App\\Models\\Tenant\\User',NULL,'0','desktop','0','0','0','0',NULL,NULL,NULL,'2022-12-24 00:30:13','2022-12-24 00:30:13'),(1317,1,'login','2022-12-24','00:30:15',1,'App\\Models\\Tenant\\User',NULL,'0','desktop','0','0','0','0',NULL,NULL,NULL,'2022-12-24 00:30:15','2022-12-24 00:30:15'),(1318,1,'login','2022-12-24','00:30:17',1,'App\\Models\\Tenant\\User',NULL,'0','desktop','0','0','0','0',NULL,NULL,NULL,'2022-12-24 00:30:17','2022-12-24 00:30:17'),(1319,1,'login','2022-12-24','00:30:18',1,'App\\Models\\Tenant\\User',NULL,'0','desktop','0','0','0','0',NULL,NULL,NULL,'2022-12-24 00:30:18','2022-12-24 00:30:18'),(1320,1,'login','2022-12-24','00:30:19',1,'App\\Models\\Tenant\\User',NULL,'0','desktop','0','0','0','0',NULL,NULL,NULL,'2022-12-24 00:30:19','2022-12-24 00:30:19'),(1321,1,'login','2022-12-24','00:30:21',1,'App\\Models\\Tenant\\User',NULL,'0','desktop','0','0','0','0',NULL,NULL,NULL,'2022-12-24 00:30:21','2022-12-24 00:30:21'),(1322,1,'login','2022-12-24','00:30:22',1,'App\\Models\\Tenant\\User',NULL,'0','desktop','0','0','0','0',NULL,NULL,NULL,'2022-12-24 00:30:22','2022-12-24 00:30:22'),(1323,1,'login','2022-12-24','00:30:24',1,'App\\Models\\Tenant\\User',NULL,'0','desktop','0','0','0','0',NULL,NULL,NULL,'2022-12-24 00:30:24','2022-12-24 00:30:24'),(1324,1,'login','2022-12-24','00:30:26',1,'App\\Models\\Tenant\\User',NULL,'0','desktop','0','0','0','0',NULL,NULL,NULL,'2022-12-24 00:30:26','2022-12-24 00:30:26'),(1325,1,'login','2022-12-24','00:30:27',1,'App\\Models\\Tenant\\User',NULL,'0','desktop','0','0','0','0',NULL,NULL,NULL,'2022-12-24 00:30:27','2022-12-24 00:30:27'),(1326,1,'login','2022-12-24','00:30:28',1,'App\\Models\\Tenant\\User',NULL,'0','desktop','0','0','0','0',NULL,NULL,NULL,'2022-12-24 00:30:28','2022-12-24 00:30:28'),(1327,1,'login','2022-12-24','00:30:30',1,'App\\Models\\Tenant\\User',NULL,'0','desktop','0','0','0','0',NULL,NULL,NULL,'2022-12-24 00:30:30','2022-12-24 00:30:30'),(1328,1,'login','2022-12-24','00:30:32',1,'App\\Models\\Tenant\\User',NULL,'0','desktop','0','0','0','0',NULL,NULL,NULL,'2022-12-24 00:30:32','2022-12-24 00:30:32'),(1329,1,'login','2022-12-24','00:30:33',1,'App\\Models\\Tenant\\User',NULL,'0','desktop','0','0','0','0',NULL,NULL,NULL,'2022-12-24 00:30:33','2022-12-24 00:30:33'),(1330,1,'login','2022-12-25','00:00:03',1,'App\\Models\\Tenant\\User',NULL,'0','desktop','0','0','0','0',NULL,NULL,NULL,'2022-12-25 00:00:03','2022-12-25 00:00:03'),(1331,1,'login','2022-12-25','00:00:03',1,'App\\Models\\Tenant\\User',NULL,'0','desktop','0','0','0','0',NULL,NULL,NULL,'2022-12-25 00:00:03','2022-12-25 00:00:03'),(1332,1,'login','2022-12-25','00:00:33',1,'App\\Models\\Tenant\\User',NULL,'0','desktop','0','0','0','0',NULL,NULL,NULL,'2022-12-25 00:00:33','2022-12-25 00:00:33'),(1333,1,'login','2022-12-25','00:00:35',1,'App\\Models\\Tenant\\User',NULL,'0','desktop','0','0','0','0',NULL,NULL,NULL,'2022-12-25 00:00:35','2022-12-25 00:00:35'),(1334,1,'login','2022-12-25','00:00:36',1,'App\\Models\\Tenant\\User',NULL,'0','desktop','0','0','0','0',NULL,NULL,NULL,'2022-12-25 00:00:36','2022-12-25 00:00:36'),(1335,1,'login','2022-12-25','00:00:37',1,'App\\Models\\Tenant\\User',NULL,'0','desktop','0','0','0','0',NULL,NULL,NULL,'2022-12-25 00:00:37','2022-12-25 00:00:37'),(1336,1,'login','2022-12-25','00:00:38',1,'App\\Models\\Tenant\\User',NULL,'0','desktop','0','0','0','0',NULL,NULL,NULL,'2022-12-25 00:00:38','2022-12-25 00:00:38'),(1337,1,'login','2022-12-25','00:00:39',1,'App\\Models\\Tenant\\User',NULL,'0','desktop','0','0','0','0',NULL,NULL,NULL,'2022-12-25 00:00:39','2022-12-25 00:00:39'),(1338,1,'login','2022-12-25','00:00:40',1,'App\\Models\\Tenant\\User',NULL,'0','desktop','0','0','0','0',NULL,NULL,NULL,'2022-12-25 00:00:40','2022-12-25 00:00:40'),(1339,1,'login','2022-12-25','00:00:41',1,'App\\Models\\Tenant\\User',NULL,'0','desktop','0','0','0','0',NULL,NULL,NULL,'2022-12-25 00:00:41','2022-12-25 00:00:41'),(1340,1,'login','2022-12-25','00:00:43',1,'App\\Models\\Tenant\\User',NULL,'0','desktop','0','0','0','0',NULL,NULL,NULL,'2022-12-25 00:00:43','2022-12-25 00:00:43'),(1341,1,'login','2022-12-25','00:00:44',1,'App\\Models\\Tenant\\User',NULL,'0','desktop','0','0','0','0',NULL,NULL,NULL,'2022-12-25 00:00:44','2022-12-25 00:00:44'),(1342,1,'login','2022-12-25','00:00:45',1,'App\\Models\\Tenant\\User',NULL,'0','desktop','0','0','0','0',NULL,NULL,NULL,'2022-12-25 00:00:45','2022-12-25 00:00:45'),(1343,1,'login','2022-12-25','00:00:46',1,'App\\Models\\Tenant\\User',NULL,'0','desktop','0','0','0','0',NULL,NULL,NULL,'2022-12-25 00:00:46','2022-12-25 00:00:46'),(1344,1,'login','2022-12-25','00:00:47',1,'App\\Models\\Tenant\\User',NULL,'0','desktop','0','0','0','0',NULL,NULL,NULL,'2022-12-25 00:00:47','2022-12-25 00:00:47'),(1345,1,'login','2022-12-25','00:00:48',1,'App\\Models\\Tenant\\User',NULL,'0','desktop','0','0','0','0',NULL,NULL,NULL,'2022-12-25 00:00:48','2022-12-25 00:00:48'),(1346,1,'login','2022-12-25','00:30:02',1,'App\\Models\\Tenant\\User',NULL,'0','desktop','0','0','0','0',NULL,NULL,NULL,'2022-12-25 00:30:02','2022-12-25 00:30:02'),(1347,1,'login','2022-12-25','00:30:02',1,'App\\Models\\Tenant\\User',NULL,'0','desktop','0','0','0','0',NULL,NULL,NULL,'2022-12-25 00:30:02','2022-12-25 00:30:02'),(1348,1,'login','2022-12-25','00:30:08',1,'App\\Models\\Tenant\\User',NULL,'0','desktop','0','0','0','0',NULL,NULL,NULL,'2022-12-25 00:30:08','2022-12-25 00:30:08'),(1349,1,'login','2022-12-25','00:30:10',1,'App\\Models\\Tenant\\User',NULL,'0','desktop','0','0','0','0',NULL,NULL,NULL,'2022-12-25 00:30:10','2022-12-25 00:30:10'),(1350,1,'login','2022-12-25','00:30:11',1,'App\\Models\\Tenant\\User',NULL,'0','desktop','0','0','0','0',NULL,NULL,NULL,'2022-12-25 00:30:11','2022-12-25 00:30:11'),(1351,1,'login','2022-12-25','00:30:13',1,'App\\Models\\Tenant\\User',NULL,'0','desktop','0','0','0','0',NULL,NULL,NULL,'2022-12-25 00:30:13','2022-12-25 00:30:13'),(1352,1,'login','2022-12-25','00:30:14',1,'App\\Models\\Tenant\\User',NULL,'0','desktop','0','0','0','0',NULL,NULL,NULL,'2022-12-25 00:30:14','2022-12-25 00:30:14'),(1353,1,'login','2022-12-25','00:30:15',1,'App\\Models\\Tenant\\User',NULL,'0','desktop','0','0','0','0',NULL,NULL,NULL,'2022-12-25 00:30:15','2022-12-25 00:30:15'),(1354,1,'login','2022-12-25','00:30:16',1,'App\\Models\\Tenant\\User',NULL,'0','desktop','0','0','0','0',NULL,NULL,NULL,'2022-12-25 00:30:16','2022-12-25 00:30:16'),(1355,1,'login','2022-12-25','00:30:18',1,'App\\Models\\Tenant\\User',NULL,'0','desktop','0','0','0','0',NULL,NULL,NULL,'2022-12-25 00:30:18','2022-12-25 00:30:18'),(1356,1,'login','2022-12-25','00:30:19',1,'App\\Models\\Tenant\\User',NULL,'0','desktop','0','0','0','0',NULL,NULL,NULL,'2022-12-25 00:30:19','2022-12-25 00:30:19'),(1357,1,'login','2022-12-25','00:30:20',1,'App\\Models\\Tenant\\User',NULL,'0','desktop','0','0','0','0',NULL,NULL,NULL,'2022-12-25 00:30:20','2022-12-25 00:30:20'),(1358,1,'login','2022-12-25','00:30:22',1,'App\\Models\\Tenant\\User',NULL,'0','desktop','0','0','0','0',NULL,NULL,NULL,'2022-12-25 00:30:22','2022-12-25 00:30:22'),(1359,1,'login','2022-12-25','00:30:23',1,'App\\Models\\Tenant\\User',NULL,'0','desktop','0','0','0','0',NULL,NULL,NULL,'2022-12-25 00:30:23','2022-12-25 00:30:23'),(1360,1,'login','2022-12-25','00:30:24',1,'App\\Models\\Tenant\\User',NULL,'0','desktop','0','0','0','0',NULL,NULL,NULL,'2022-12-25 00:30:24','2022-12-25 00:30:24'),(1361,1,'login','2022-12-25','00:30:26',1,'App\\Models\\Tenant\\User',NULL,'0','desktop','0','0','0','0',NULL,NULL,NULL,'2022-12-25 00:30:26','2022-12-25 00:30:26'),(1362,1,'login','2022-12-26','00:00:04',1,'App\\Models\\Tenant\\User',NULL,'0','desktop','0','0','0','0',NULL,NULL,NULL,'2022-12-26 00:00:04','2022-12-26 00:00:04'),(1363,1,'login','2022-12-26','00:00:04',1,'App\\Models\\Tenant\\User',NULL,'0','desktop','0','0','0','0',NULL,NULL,NULL,'2022-12-26 00:00:04','2022-12-26 00:00:04'),(1364,1,'login','2022-12-26','00:00:26',1,'App\\Models\\Tenant\\User',NULL,'0','desktop','0','0','0','0',NULL,NULL,NULL,'2022-12-26 00:00:26','2022-12-26 00:00:26'),(1365,1,'login','2022-12-26','00:00:28',1,'App\\Models\\Tenant\\User',NULL,'0','desktop','0','0','0','0',NULL,NULL,NULL,'2022-12-26 00:00:28','2022-12-26 00:00:28'),(1366,1,'login','2022-12-26','00:00:29',1,'App\\Models\\Tenant\\User',NULL,'0','desktop','0','0','0','0',NULL,NULL,NULL,'2022-12-26 00:00:29','2022-12-26 00:00:29'),(1367,1,'login','2022-12-26','00:00:31',1,'App\\Models\\Tenant\\User',NULL,'0','desktop','0','0','0','0',NULL,NULL,NULL,'2022-12-26 00:00:31','2022-12-26 00:00:31'),(1368,1,'login','2022-12-26','00:00:32',1,'App\\Models\\Tenant\\User',NULL,'0','desktop','0','0','0','0',NULL,NULL,NULL,'2022-12-26 00:00:32','2022-12-26 00:00:32'),(1369,1,'login','2022-12-26','00:00:34',1,'App\\Models\\Tenant\\User',NULL,'0','desktop','0','0','0','0',NULL,NULL,NULL,'2022-12-26 00:00:34','2022-12-26 00:00:34'),(1370,1,'login','2022-12-26','00:00:35',1,'App\\Models\\Tenant\\User',NULL,'0','desktop','0','0','0','0',NULL,NULL,NULL,'2022-12-26 00:00:35','2022-12-26 00:00:35'),(1371,1,'login','2022-12-26','00:00:37',1,'App\\Models\\Tenant\\User',NULL,'0','desktop','0','0','0','0',NULL,NULL,NULL,'2022-12-26 00:00:37','2022-12-26 00:00:37'),(1372,1,'login','2022-12-26','00:00:39',1,'App\\Models\\Tenant\\User',NULL,'0','desktop','0','0','0','0',NULL,NULL,NULL,'2022-12-26 00:00:39','2022-12-26 00:00:39'),(1373,1,'login','2022-12-26','00:00:40',1,'App\\Models\\Tenant\\User',NULL,'0','desktop','0','0','0','0',NULL,NULL,NULL,'2022-12-26 00:00:40','2022-12-26 00:00:40'),(1374,1,'login','2022-12-26','00:00:41',1,'App\\Models\\Tenant\\User',NULL,'0','desktop','0','0','0','0',NULL,NULL,NULL,'2022-12-26 00:00:41','2022-12-26 00:00:41'),(1375,1,'login','2022-12-26','00:00:43',1,'App\\Models\\Tenant\\User',NULL,'0','desktop','0','0','0','0',NULL,NULL,NULL,'2022-12-26 00:00:43','2022-12-26 00:00:43'),(1376,1,'login','2022-12-26','00:00:44',1,'App\\Models\\Tenant\\User',NULL,'0','desktop','0','0','0','0',NULL,NULL,NULL,'2022-12-26 00:00:44','2022-12-26 00:00:44'),(1377,1,'login','2022-12-26','00:00:45',1,'App\\Models\\Tenant\\User',NULL,'0','desktop','0','0','0','0',NULL,NULL,NULL,'2022-12-26 00:00:45','2022-12-26 00:00:45'),(1378,1,'login','2022-12-26','00:30:02',1,'App\\Models\\Tenant\\User',NULL,'0','desktop','0','0','0','0',NULL,NULL,NULL,'2022-12-26 00:30:02','2022-12-26 00:30:02'),(1379,1,'login','2022-12-26','00:30:02',1,'App\\Models\\Tenant\\User',NULL,'0','desktop','0','0','0','0',NULL,NULL,NULL,'2022-12-26 00:30:02','2022-12-26 00:30:02'),(1380,1,'login','2022-12-26','00:30:05',1,'App\\Models\\Tenant\\User',NULL,'0','desktop','0','0','0','0',NULL,NULL,NULL,'2022-12-26 00:30:05','2022-12-26 00:30:05'),(1381,1,'login','2022-12-26','00:30:06',1,'App\\Models\\Tenant\\User',NULL,'0','desktop','0','0','0','0',NULL,NULL,NULL,'2022-12-26 00:30:06','2022-12-26 00:30:06'),(1382,1,'login','2022-12-26','00:30:08',1,'App\\Models\\Tenant\\User',NULL,'0','desktop','0','0','0','0',NULL,NULL,NULL,'2022-12-26 00:30:08','2022-12-26 00:30:08'),(1383,1,'login','2022-12-26','00:30:09',1,'App\\Models\\Tenant\\User',NULL,'0','desktop','0','0','0','0',NULL,NULL,NULL,'2022-12-26 00:30:09','2022-12-26 00:30:09'),(1384,1,'login','2022-12-26','00:30:10',1,'App\\Models\\Tenant\\User',NULL,'0','desktop','0','0','0','0',NULL,NULL,NULL,'2022-12-26 00:30:10','2022-12-26 00:30:10'),(1385,1,'login','2022-12-26','00:30:12',1,'App\\Models\\Tenant\\User',NULL,'0','desktop','0','0','0','0',NULL,NULL,NULL,'2022-12-26 00:30:12','2022-12-26 00:30:12'),(1386,1,'login','2022-12-26','00:30:13',1,'App\\Models\\Tenant\\User',NULL,'0','desktop','0','0','0','0',NULL,NULL,NULL,'2022-12-26 00:30:13','2022-12-26 00:30:13'),(1387,1,'login','2022-12-26','00:30:15',1,'App\\Models\\Tenant\\User',NULL,'0','desktop','0','0','0','0',NULL,NULL,NULL,'2022-12-26 00:30:15','2022-12-26 00:30:15'),(1388,1,'login','2022-12-26','00:30:16',1,'App\\Models\\Tenant\\User',NULL,'0','desktop','0','0','0','0',NULL,NULL,NULL,'2022-12-26 00:30:16','2022-12-26 00:30:16'),(1389,1,'login','2022-12-26','00:30:17',1,'App\\Models\\Tenant\\User',NULL,'0','desktop','0','0','0','0',NULL,NULL,NULL,'2022-12-26 00:30:17','2022-12-26 00:30:17'),(1390,1,'login','2022-12-26','00:30:19',1,'App\\Models\\Tenant\\User',NULL,'0','desktop','0','0','0','0',NULL,NULL,NULL,'2022-12-26 00:30:19','2022-12-26 00:30:19'),(1391,1,'login','2022-12-26','00:30:20',1,'App\\Models\\Tenant\\User',NULL,'0','desktop','0','0','0','0',NULL,NULL,NULL,'2022-12-26 00:30:20','2022-12-26 00:30:20'),(1392,1,'login','2022-12-26','00:30:21',1,'App\\Models\\Tenant\\User',NULL,'0','desktop','0','0','0','0',NULL,NULL,NULL,'2022-12-26 00:30:21','2022-12-26 00:30:21'),(1393,1,'login','2022-12-26','00:30:23',1,'App\\Models\\Tenant\\User',NULL,'0','desktop','0','0','0','0',NULL,NULL,NULL,'2022-12-26 00:30:23','2022-12-26 00:30:23'),(1394,1,'login','2022-12-26','10:59:57',1,'App\\Models\\Tenant\\User','190.187.46.168','WebKit','desktop','Windows','10.0','Chrome','108.0.0.0',NULL,NULL,'{\"country_name\":\"Peru\",\"country_code\":\"PE\",\"region_code\":\"LMA\",\"region_name\":\"Lima\",\"city_name\":\"Lima\",\"latitude\":\"-12.0464\",\"longitude\":\"-77.0428\",\"timezone\":\"America\\/Lima\"}','2022-12-26 10:59:57','2022-12-26 10:59:57'),(1395,1,'login','2022-12-26','15:27:52',1,'App\\Models\\Tenant\\User','190.187.46.168','WebKit','desktop','Windows','10.0','Chrome','108.0.0.0',NULL,NULL,'{\"country_name\":\"Peru\",\"country_code\":\"PE\",\"region_code\":\"LMA\",\"region_name\":\"Lima\",\"city_name\":\"Lima\",\"latitude\":\"-12.0464\",\"longitude\":\"-77.0428\",\"timezone\":\"America\\/Lima\"}','2022-12-26 15:27:52','2022-12-26 15:27:52'),(1396,1,'login','2022-12-27','00:00:07',1,'App\\Models\\Tenant\\User',NULL,'0','desktop','0','0','0','0',NULL,NULL,NULL,'2022-12-27 00:00:07','2022-12-27 00:00:07'),(1397,1,'login','2022-12-27','00:00:07',1,'App\\Models\\Tenant\\User',NULL,'0','desktop','0','0','0','0',NULL,NULL,NULL,'2022-12-27 00:00:07','2022-12-27 00:00:07'),(1398,1,'login','2022-12-27','00:00:41',1,'App\\Models\\Tenant\\User',NULL,'0','desktop','0','0','0','0',NULL,NULL,NULL,'2022-12-27 00:00:41','2022-12-27 00:00:41'),(1399,1,'login','2022-12-27','00:00:44',1,'App\\Models\\Tenant\\User',NULL,'0','desktop','0','0','0','0',NULL,NULL,NULL,'2022-12-27 00:00:44','2022-12-27 00:00:44'),(1400,1,'login','2022-12-27','00:00:49',1,'App\\Models\\Tenant\\User',NULL,'0','desktop','0','0','0','0',NULL,NULL,NULL,'2022-12-27 00:00:49','2022-12-27 00:00:49'),(1401,1,'login','2022-12-27','00:00:52',1,'App\\Models\\Tenant\\User',NULL,'0','desktop','0','0','0','0',NULL,NULL,NULL,'2022-12-27 00:00:52','2022-12-27 00:00:52'),(1402,1,'login','2022-12-27','00:00:56',1,'App\\Models\\Tenant\\User',NULL,'0','desktop','0','0','0','0',NULL,NULL,NULL,'2022-12-27 00:00:56','2022-12-27 00:00:56'),(1403,1,'login','2022-12-27','00:00:59',1,'App\\Models\\Tenant\\User',NULL,'0','desktop','0','0','0','0',NULL,NULL,NULL,'2022-12-27 00:00:59','2022-12-27 00:00:59'),(1404,1,'login','2022-12-27','00:30:02',1,'App\\Models\\Tenant\\User',NULL,'0','desktop','0','0','0','0',NULL,NULL,NULL,'2022-12-27 00:30:02','2022-12-27 00:30:02'),(1405,1,'login','2022-12-27','00:30:02',1,'App\\Models\\Tenant\\User',NULL,'0','desktop','0','0','0','0',NULL,NULL,NULL,'2022-12-27 00:30:02','2022-12-27 00:30:02'),(1406,1,'login','2022-12-27','00:30:04',1,'App\\Models\\Tenant\\User',NULL,'0','desktop','0','0','0','0',NULL,NULL,NULL,'2022-12-27 00:30:04','2022-12-27 00:30:04'),(1407,1,'login','2022-12-27','00:30:05',1,'App\\Models\\Tenant\\User',NULL,'0','desktop','0','0','0','0',NULL,NULL,NULL,'2022-12-27 00:30:05','2022-12-27 00:30:05'),(1408,1,'login','2022-12-27','00:30:07',1,'App\\Models\\Tenant\\User',NULL,'0','desktop','0','0','0','0',NULL,NULL,NULL,'2022-12-27 00:30:07','2022-12-27 00:30:07'),(1409,1,'login','2022-12-27','00:30:08',1,'App\\Models\\Tenant\\User',NULL,'0','desktop','0','0','0','0',NULL,NULL,NULL,'2022-12-27 00:30:08','2022-12-27 00:30:08'),(1410,1,'login','2022-12-27','00:30:09',1,'App\\Models\\Tenant\\User',NULL,'0','desktop','0','0','0','0',NULL,NULL,NULL,'2022-12-27 00:30:09','2022-12-27 00:30:09'),(1411,1,'login','2022-12-27','00:30:11',1,'App\\Models\\Tenant\\User',NULL,'0','desktop','0','0','0','0',NULL,NULL,NULL,'2022-12-27 00:30:11','2022-12-27 00:30:11'),(1412,1,'login','2022-12-27','00:30:12',1,'App\\Models\\Tenant\\User',NULL,'0','desktop','0','0','0','0',NULL,NULL,NULL,'2022-12-27 00:30:12','2022-12-27 00:30:12'),(1413,1,'login','2022-12-27','00:30:13',1,'App\\Models\\Tenant\\User',NULL,'0','desktop','0','0','0','0',NULL,NULL,NULL,'2022-12-27 00:30:13','2022-12-27 00:30:13'),(1414,1,'login','2022-12-27','00:30:14',1,'App\\Models\\Tenant\\User',NULL,'0','desktop','0','0','0','0',NULL,NULL,NULL,'2022-12-27 00:30:14','2022-12-27 00:30:14'),(1415,1,'login','2022-12-27','00:30:16',1,'App\\Models\\Tenant\\User',NULL,'0','desktop','0','0','0','0',NULL,NULL,NULL,'2022-12-27 00:30:16','2022-12-27 00:30:16'),(1416,1,'login','2022-12-27','00:30:17',1,'App\\Models\\Tenant\\User',NULL,'0','desktop','0','0','0','0',NULL,NULL,NULL,'2022-12-27 00:30:17','2022-12-27 00:30:17'),(1417,1,'login','2022-12-27','00:30:18',1,'App\\Models\\Tenant\\User',NULL,'0','desktop','0','0','0','0',NULL,NULL,NULL,'2022-12-27 00:30:18','2022-12-27 00:30:18'),(1418,1,'login','2022-12-27','00:30:19',1,'App\\Models\\Tenant\\User',NULL,'0','desktop','0','0','0','0',NULL,NULL,NULL,'2022-12-27 00:30:19','2022-12-27 00:30:19'),(1419,1,'login','2022-12-27','00:30:20',1,'App\\Models\\Tenant\\User',NULL,'0','desktop','0','0','0','0',NULL,NULL,NULL,'2022-12-27 00:30:20','2022-12-27 00:30:20'),(1420,1,'login','2022-12-27','10:43:37',1,'App\\Models\\Tenant\\User','190.237.178.176','WebKit','desktop','Windows','10.0','Chrome','108.0.0.0',NULL,NULL,'{\"country_name\":\"Peru\",\"country_code\":\"PE\",\"region_code\":\"LAL\",\"region_name\":\"La Libertad\",\"city_name\":\"Trujillo\",\"latitude\":\"-8.1191\",\"longitude\":\"-79.0355\",\"timezone\":\"America\\/Lima\"}','2022-12-27 10:43:37','2022-12-27 10:43:37'),(1421,1,'login','2022-12-27','15:14:10',1,'App\\Models\\Tenant\\User','190.237.178.176','WebKit','desktop','Windows','10.0','Chrome','108.0.0.0',NULL,NULL,'{\"country_name\":\"Peru\",\"country_code\":\"PE\",\"region_code\":\"LAL\",\"region_name\":\"La Libertad\",\"city_name\":\"Trujillo\",\"latitude\":\"-8.1191\",\"longitude\":\"-79.0355\",\"timezone\":\"America\\/Lima\"}','2022-12-27 15:14:10','2022-12-27 15:14:10'),(1422,1,'login','2022-12-27','16:25:51',1,'App\\Models\\Tenant\\User','190.187.46.168','WebKit','desktop','Windows','10.0','Chrome','108.0.0.0',NULL,NULL,'{\"country_name\":\"Peru\",\"country_code\":\"PE\",\"region_code\":\"LMA\",\"region_name\":\"Lima\",\"city_name\":\"Lima\",\"latitude\":\"-12.0464\",\"longitude\":\"-77.0428\",\"timezone\":\"America\\/Lima\"}','2022-12-27 16:25:51','2022-12-27 16:25:51'),(1423,1,'login','2022-12-28','00:00:14',1,'App\\Models\\Tenant\\User',NULL,'0','desktop','0','0','0','0',NULL,NULL,NULL,'2022-12-28 00:00:14','2022-12-28 00:00:14'),(1424,1,'login','2022-12-28','00:00:14',1,'App\\Models\\Tenant\\User',NULL,'0','desktop','0','0','0','0',NULL,NULL,NULL,'2022-12-28 00:00:14','2022-12-28 00:00:14'),(1425,1,'login','2022-12-28','00:00:40',1,'App\\Models\\Tenant\\User',NULL,'0','desktop','0','0','0','0',NULL,NULL,NULL,'2022-12-28 00:00:40','2022-12-28 00:00:40'),(1426,1,'login','2022-12-28','00:00:41',1,'App\\Models\\Tenant\\User',NULL,'0','desktop','0','0','0','0',NULL,NULL,NULL,'2022-12-28 00:00:41','2022-12-28 00:00:41'),(1427,1,'login','2022-12-28','00:00:42',1,'App\\Models\\Tenant\\User',NULL,'0','desktop','0','0','0','0',NULL,NULL,NULL,'2022-12-28 00:00:42','2022-12-28 00:00:42'),(1428,1,'login','2022-12-28','00:00:43',1,'App\\Models\\Tenant\\User',NULL,'0','desktop','0','0','0','0',NULL,NULL,NULL,'2022-12-28 00:00:43','2022-12-28 00:00:43'),(1429,1,'login','2022-12-28','00:00:43',1,'App\\Models\\Tenant\\User',NULL,'0','desktop','0','0','0','0',NULL,NULL,NULL,'2022-12-28 00:00:43','2022-12-28 00:00:43'),(1430,1,'login','2022-12-28','00:00:44',1,'App\\Models\\Tenant\\User',NULL,'0','desktop','0','0','0','0',NULL,NULL,NULL,'2022-12-28 00:00:44','2022-12-28 00:00:44'),(1431,1,'login','2022-12-28','00:00:45',1,'App\\Models\\Tenant\\User',NULL,'0','desktop','0','0','0','0',NULL,NULL,NULL,'2022-12-28 00:00:45','2022-12-28 00:00:45'),(1432,1,'login','2022-12-28','00:00:46',1,'App\\Models\\Tenant\\User',NULL,'0','desktop','0','0','0','0',NULL,NULL,NULL,'2022-12-28 00:00:46','2022-12-28 00:00:46'),(1433,1,'login','2022-12-28','00:00:48',1,'App\\Models\\Tenant\\User',NULL,'0','desktop','0','0','0','0',NULL,NULL,NULL,'2022-12-28 00:00:48','2022-12-28 00:00:48'),(1434,1,'login','2022-12-28','00:00:49',1,'App\\Models\\Tenant\\User',NULL,'0','desktop','0','0','0','0',NULL,NULL,NULL,'2022-12-28 00:00:49','2022-12-28 00:00:49'),(1435,1,'login','2022-12-28','00:00:50',1,'App\\Models\\Tenant\\User',NULL,'0','desktop','0','0','0','0',NULL,NULL,NULL,'2022-12-28 00:00:50','2022-12-28 00:00:50'),(1436,1,'login','2022-12-28','00:00:51',1,'App\\Models\\Tenant\\User',NULL,'0','desktop','0','0','0','0',NULL,NULL,NULL,'2022-12-28 00:00:51','2022-12-28 00:00:51'),(1437,1,'login','2022-12-28','00:00:52',1,'App\\Models\\Tenant\\User',NULL,'0','desktop','0','0','0','0',NULL,NULL,NULL,'2022-12-28 00:00:52','2022-12-28 00:00:52'),(1438,1,'login','2022-12-28','00:00:53',1,'App\\Models\\Tenant\\User',NULL,'0','desktop','0','0','0','0',NULL,NULL,NULL,'2022-12-28 00:00:53','2022-12-28 00:00:53'),(1439,1,'login','2022-12-28','00:30:03',1,'App\\Models\\Tenant\\User',NULL,'0','desktop','0','0','0','0',NULL,NULL,NULL,'2022-12-28 00:30:03','2022-12-28 00:30:03'),(1440,1,'login','2022-12-28','00:30:03',1,'App\\Models\\Tenant\\User',NULL,'0','desktop','0','0','0','0',NULL,NULL,NULL,'2022-12-28 00:30:03','2022-12-28 00:30:03'),(1441,1,'login','2022-12-28','00:30:08',1,'App\\Models\\Tenant\\User',NULL,'0','desktop','0','0','0','0',NULL,NULL,NULL,'2022-12-28 00:30:08','2022-12-28 00:30:08'),(1442,1,'login','2022-12-28','00:30:10',1,'App\\Models\\Tenant\\User',NULL,'0','desktop','0','0','0','0',NULL,NULL,NULL,'2022-12-28 00:30:10','2022-12-28 00:30:10'),(1443,1,'login','2022-12-28','00:30:11',1,'App\\Models\\Tenant\\User',NULL,'0','desktop','0','0','0','0',NULL,NULL,NULL,'2022-12-28 00:30:11','2022-12-28 00:30:11'),(1444,1,'login','2022-12-28','00:30:13',1,'App\\Models\\Tenant\\User',NULL,'0','desktop','0','0','0','0',NULL,NULL,NULL,'2022-12-28 00:30:13','2022-12-28 00:30:13'),(1445,1,'login','2022-12-28','00:30:15',1,'App\\Models\\Tenant\\User',NULL,'0','desktop','0','0','0','0',NULL,NULL,NULL,'2022-12-28 00:30:15','2022-12-28 00:30:15'),(1446,1,'login','2022-12-28','00:30:16',1,'App\\Models\\Tenant\\User',NULL,'0','desktop','0','0','0','0',NULL,NULL,NULL,'2022-12-28 00:30:16','2022-12-28 00:30:16'),(1447,1,'login','2022-12-28','00:30:17',1,'App\\Models\\Tenant\\User',NULL,'0','desktop','0','0','0','0',NULL,NULL,NULL,'2022-12-28 00:30:17','2022-12-28 00:30:17'),(1448,1,'login','2022-12-28','00:30:19',1,'App\\Models\\Tenant\\User',NULL,'0','desktop','0','0','0','0',NULL,NULL,NULL,'2022-12-28 00:30:19','2022-12-28 00:30:19'),(1449,1,'login','2022-12-28','00:30:20',1,'App\\Models\\Tenant\\User',NULL,'0','desktop','0','0','0','0',NULL,NULL,NULL,'2022-12-28 00:30:20','2022-12-28 00:30:20'),(1450,1,'login','2022-12-28','00:30:21',1,'App\\Models\\Tenant\\User',NULL,'0','desktop','0','0','0','0',NULL,NULL,NULL,'2022-12-28 00:30:21','2022-12-28 00:30:21'),(1451,1,'login','2022-12-28','00:30:23',1,'App\\Models\\Tenant\\User',NULL,'0','desktop','0','0','0','0',NULL,NULL,NULL,'2022-12-28 00:30:23','2022-12-28 00:30:23'),(1452,1,'login','2022-12-28','00:30:24',1,'App\\Models\\Tenant\\User',NULL,'0','desktop','0','0','0','0',NULL,NULL,NULL,'2022-12-28 00:30:24','2022-12-28 00:30:24'),(1453,1,'login','2022-12-28','00:30:25',1,'App\\Models\\Tenant\\User',NULL,'0','desktop','0','0','0','0',NULL,NULL,NULL,'2022-12-28 00:30:25','2022-12-28 00:30:25'),(1454,1,'login','2022-12-28','00:30:27',1,'App\\Models\\Tenant\\User',NULL,'0','desktop','0','0','0','0',NULL,NULL,NULL,'2022-12-28 00:30:27','2022-12-28 00:30:27'),(1455,1,'login','2022-12-29','00:00:02',1,'App\\Models\\Tenant\\User',NULL,'0','desktop','0','0','0','0',NULL,NULL,NULL,'2022-12-29 00:00:02','2022-12-29 00:00:02'),(1456,1,'login','2022-12-29','00:00:02',1,'App\\Models\\Tenant\\User',NULL,'0','desktop','0','0','0','0',NULL,NULL,NULL,'2022-12-29 00:00:02','2022-12-29 00:00:02'),(1457,1,'login','2022-12-29','00:00:42',1,'App\\Models\\Tenant\\User',NULL,'0','desktop','0','0','0','0',NULL,NULL,NULL,'2022-12-29 00:00:42','2022-12-29 00:00:42'),(1458,1,'login','2022-12-29','00:00:43',1,'App\\Models\\Tenant\\User',NULL,'0','desktop','0','0','0','0',NULL,NULL,NULL,'2022-12-29 00:00:43','2022-12-29 00:00:43'),(1459,1,'login','2022-12-29','00:00:44',1,'App\\Models\\Tenant\\User',NULL,'0','desktop','0','0','0','0',NULL,NULL,NULL,'2022-12-29 00:00:44','2022-12-29 00:00:44'),(1460,1,'login','2022-12-29','00:00:45',1,'App\\Models\\Tenant\\User',NULL,'0','desktop','0','0','0','0',NULL,NULL,NULL,'2022-12-29 00:00:45','2022-12-29 00:00:45'),(1461,1,'login','2022-12-29','00:00:46',1,'App\\Models\\Tenant\\User',NULL,'0','desktop','0','0','0','0',NULL,NULL,NULL,'2022-12-29 00:00:46','2022-12-29 00:00:46'),(1462,1,'login','2022-12-29','00:00:47',1,'App\\Models\\Tenant\\User',NULL,'0','desktop','0','0','0','0',NULL,NULL,NULL,'2022-12-29 00:00:47','2022-12-29 00:00:47'),(1463,1,'login','2022-12-29','00:00:48',1,'App\\Models\\Tenant\\User',NULL,'0','desktop','0','0','0','0',NULL,NULL,NULL,'2022-12-29 00:00:48','2022-12-29 00:00:48'),(1464,1,'login','2022-12-29','00:00:49',1,'App\\Models\\Tenant\\User',NULL,'0','desktop','0','0','0','0',NULL,NULL,NULL,'2022-12-29 00:00:49','2022-12-29 00:00:49'),(1465,1,'login','2022-12-29','00:00:50',1,'App\\Models\\Tenant\\User',NULL,'0','desktop','0','0','0','0',NULL,NULL,NULL,'2022-12-29 00:00:50','2022-12-29 00:00:50'),(1466,1,'login','2022-12-29','00:00:51',1,'App\\Models\\Tenant\\User',NULL,'0','desktop','0','0','0','0',NULL,NULL,NULL,'2022-12-29 00:00:51','2022-12-29 00:00:51'),(1467,1,'login','2022-12-29','00:00:52',1,'App\\Models\\Tenant\\User',NULL,'0','desktop','0','0','0','0',NULL,NULL,NULL,'2022-12-29 00:00:52','2022-12-29 00:00:52'),(1468,1,'login','2022-12-29','00:00:53',1,'App\\Models\\Tenant\\User',NULL,'0','desktop','0','0','0','0',NULL,NULL,NULL,'2022-12-29 00:00:53','2022-12-29 00:00:53'),(1469,1,'login','2022-12-29','00:00:54',1,'App\\Models\\Tenant\\User',NULL,'0','desktop','0','0','0','0',NULL,NULL,NULL,'2022-12-29 00:00:54','2022-12-29 00:00:54'),(1470,1,'login','2022-12-29','00:00:55',1,'App\\Models\\Tenant\\User',NULL,'0','desktop','0','0','0','0',NULL,NULL,NULL,'2022-12-29 00:00:55','2022-12-29 00:00:55'),(1471,1,'login','2022-12-29','00:30:02',1,'App\\Models\\Tenant\\User',NULL,'0','desktop','0','0','0','0',NULL,NULL,NULL,'2022-12-29 00:30:02','2022-12-29 00:30:02'),(1472,1,'login','2022-12-29','00:30:02',1,'App\\Models\\Tenant\\User',NULL,'0','desktop','0','0','0','0',NULL,NULL,NULL,'2022-12-29 00:30:02','2022-12-29 00:30:02'),(1473,1,'login','2022-12-29','00:30:10',1,'App\\Models\\Tenant\\User',NULL,'0','desktop','0','0','0','0',NULL,NULL,NULL,'2022-12-29 00:30:10','2022-12-29 00:30:10'),(1474,1,'login','2022-12-29','00:30:12',1,'App\\Models\\Tenant\\User',NULL,'0','desktop','0','0','0','0',NULL,NULL,NULL,'2022-12-29 00:30:12','2022-12-29 00:30:12'),(1475,1,'login','2022-12-29','00:30:13',1,'App\\Models\\Tenant\\User',NULL,'0','desktop','0','0','0','0',NULL,NULL,NULL,'2022-12-29 00:30:13','2022-12-29 00:30:13'),(1476,1,'login','2022-12-29','00:30:15',1,'App\\Models\\Tenant\\User',NULL,'0','desktop','0','0','0','0',NULL,NULL,NULL,'2022-12-29 00:30:15','2022-12-29 00:30:15'),(1477,1,'login','2022-12-29','00:30:16',1,'App\\Models\\Tenant\\User',NULL,'0','desktop','0','0','0','0',NULL,NULL,NULL,'2022-12-29 00:30:16','2022-12-29 00:30:16'),(1478,1,'login','2022-12-29','00:30:17',1,'App\\Models\\Tenant\\User',NULL,'0','desktop','0','0','0','0',NULL,NULL,NULL,'2022-12-29 00:30:17','2022-12-29 00:30:17'),(1479,1,'login','2022-12-29','00:30:19',1,'App\\Models\\Tenant\\User',NULL,'0','desktop','0','0','0','0',NULL,NULL,NULL,'2022-12-29 00:30:19','2022-12-29 00:30:19'),(1480,1,'login','2022-12-29','00:30:20',1,'App\\Models\\Tenant\\User',NULL,'0','desktop','0','0','0','0',NULL,NULL,NULL,'2022-12-29 00:30:20','2022-12-29 00:30:20'),(1481,1,'login','2022-12-29','00:30:21',1,'App\\Models\\Tenant\\User',NULL,'0','desktop','0','0','0','0',NULL,NULL,NULL,'2022-12-29 00:30:21','2022-12-29 00:30:21'),(1482,1,'login','2022-12-29','00:30:23',1,'App\\Models\\Tenant\\User',NULL,'0','desktop','0','0','0','0',NULL,NULL,NULL,'2022-12-29 00:30:23','2022-12-29 00:30:23'),(1483,1,'login','2022-12-29','00:30:24',1,'App\\Models\\Tenant\\User',NULL,'0','desktop','0','0','0','0',NULL,NULL,NULL,'2022-12-29 00:30:24','2022-12-29 00:30:24'),(1484,1,'login','2022-12-29','00:30:25',1,'App\\Models\\Tenant\\User',NULL,'0','desktop','0','0','0','0',NULL,NULL,NULL,'2022-12-29 00:30:25','2022-12-29 00:30:25'),(1485,1,'login','2022-12-29','00:30:27',1,'App\\Models\\Tenant\\User',NULL,'0','desktop','0','0','0','0',NULL,NULL,NULL,'2022-12-29 00:30:27','2022-12-29 00:30:27'),(1486,1,'login','2022-12-29','00:30:28',1,'App\\Models\\Tenant\\User',NULL,'0','desktop','0','0','0','0',NULL,NULL,NULL,'2022-12-29 00:30:28','2022-12-29 00:30:28'),(1487,1,'login','2022-12-29','10:23:18',1,'App\\Models\\Tenant\\User','190.187.46.168','WebKit','desktop','Windows','10.0','Chrome','108.0.0.0',NULL,NULL,'{\"country_name\":\"Peru\",\"country_code\":\"PE\",\"region_code\":\"LMA\",\"region_name\":\"Lima\",\"city_name\":\"Lima\",\"latitude\":\"-12.0464\",\"longitude\":\"-77.0428\",\"timezone\":\"America\\/Lima\"}','2022-12-29 10:23:18','2022-12-29 10:23:18'),(1488,1,'login','2022-12-29','15:56:45',1,'App\\Models\\Tenant\\User','190.187.46.168','WebKit','desktop','Windows','10.0','Chrome','108.0.0.0',NULL,NULL,'{\"country_name\":\"Peru\",\"country_code\":\"PE\",\"region_code\":\"LMA\",\"region_name\":\"Lima\",\"city_name\":\"Lima\",\"latitude\":\"-12.0464\",\"longitude\":\"-77.0428\",\"timezone\":\"America\\/Lima\"}','2022-12-29 15:56:45','2022-12-29 15:56:45'),(1489,1,'login','2022-12-30','00:00:06',1,'App\\Models\\Tenant\\User',NULL,'0','desktop','0','0','0','0',NULL,NULL,NULL,'2022-12-30 00:00:06','2022-12-30 00:00:06'),(1490,1,'login','2022-12-30','00:00:06',1,'App\\Models\\Tenant\\User',NULL,'0','desktop','0','0','0','0',NULL,NULL,NULL,'2022-12-30 00:00:06','2022-12-30 00:00:06'),(1491,1,'login','2022-12-30','00:00:38',1,'App\\Models\\Tenant\\User',NULL,'0','desktop','0','0','0','0',NULL,NULL,NULL,'2022-12-30 00:00:38','2022-12-30 00:00:38'),(1492,1,'login','2022-12-30','00:00:40',1,'App\\Models\\Tenant\\User',NULL,'0','desktop','0','0','0','0',NULL,NULL,NULL,'2022-12-30 00:00:40','2022-12-30 00:00:40'),(1493,1,'login','2022-12-30','00:00:41',1,'App\\Models\\Tenant\\User',NULL,'0','desktop','0','0','0','0',NULL,NULL,NULL,'2022-12-30 00:00:41','2022-12-30 00:00:41'),(1494,1,'login','2022-12-30','00:00:42',1,'App\\Models\\Tenant\\User',NULL,'0','desktop','0','0','0','0',NULL,NULL,NULL,'2022-12-30 00:00:42','2022-12-30 00:00:42'),(1495,1,'login','2022-12-30','00:00:43',1,'App\\Models\\Tenant\\User',NULL,'0','desktop','0','0','0','0',NULL,NULL,NULL,'2022-12-30 00:00:43','2022-12-30 00:00:43'),(1496,1,'login','2022-12-30','00:00:45',1,'App\\Models\\Tenant\\User',NULL,'0','desktop','0','0','0','0',NULL,NULL,NULL,'2022-12-30 00:00:45','2022-12-30 00:00:45'),(1497,1,'login','2022-12-30','00:00:46',1,'App\\Models\\Tenant\\User',NULL,'0','desktop','0','0','0','0',NULL,NULL,NULL,'2022-12-30 00:00:46','2022-12-30 00:00:46'),(1498,1,'login','2022-12-30','00:00:46',1,'App\\Models\\Tenant\\User',NULL,'0','desktop','0','0','0','0',NULL,NULL,NULL,'2022-12-30 00:00:46','2022-12-30 00:00:46'),(1499,1,'login','2022-12-30','00:00:47',1,'App\\Models\\Tenant\\User',NULL,'0','desktop','0','0','0','0',NULL,NULL,NULL,'2022-12-30 00:00:47','2022-12-30 00:00:47'),(1500,1,'login','2022-12-30','00:00:48',1,'App\\Models\\Tenant\\User',NULL,'0','desktop','0','0','0','0',NULL,NULL,NULL,'2022-12-30 00:00:48','2022-12-30 00:00:48'),(1501,1,'login','2022-12-30','00:00:49',1,'App\\Models\\Tenant\\User',NULL,'0','desktop','0','0','0','0',NULL,NULL,NULL,'2022-12-30 00:00:49','2022-12-30 00:00:49'),(1502,1,'login','2022-12-30','00:00:50',1,'App\\Models\\Tenant\\User',NULL,'0','desktop','0','0','0','0',NULL,NULL,NULL,'2022-12-30 00:00:50','2022-12-30 00:00:50'),(1503,1,'login','2022-12-30','00:00:51',1,'App\\Models\\Tenant\\User',NULL,'0','desktop','0','0','0','0',NULL,NULL,NULL,'2022-12-30 00:00:51','2022-12-30 00:00:51'),(1504,1,'login','2022-12-30','00:00:52',1,'App\\Models\\Tenant\\User',NULL,'0','desktop','0','0','0','0',NULL,NULL,NULL,'2022-12-30 00:00:52','2022-12-30 00:00:52'),(1505,1,'login','2022-12-30','00:30:03',1,'App\\Models\\Tenant\\User',NULL,'0','desktop','0','0','0','0',NULL,NULL,NULL,'2022-12-30 00:30:03','2022-12-30 00:30:03'),(1506,1,'login','2022-12-30','00:30:03',1,'App\\Models\\Tenant\\User',NULL,'0','desktop','0','0','0','0',NULL,NULL,NULL,'2022-12-30 00:30:03','2022-12-30 00:30:03'),(1507,1,'login','2022-12-30','00:30:14',1,'App\\Models\\Tenant\\User',NULL,'0','desktop','0','0','0','0',NULL,NULL,NULL,'2022-12-30 00:30:14','2022-12-30 00:30:14'),(1508,1,'login','2022-12-30','00:30:16',1,'App\\Models\\Tenant\\User',NULL,'0','desktop','0','0','0','0',NULL,NULL,NULL,'2022-12-30 00:30:16','2022-12-30 00:30:16'),(1509,1,'login','2022-12-30','00:30:17',1,'App\\Models\\Tenant\\User',NULL,'0','desktop','0','0','0','0',NULL,NULL,NULL,'2022-12-30 00:30:17','2022-12-30 00:30:17'),(1510,1,'login','2022-12-30','00:30:19',1,'App\\Models\\Tenant\\User',NULL,'0','desktop','0','0','0','0',NULL,NULL,NULL,'2022-12-30 00:30:19','2022-12-30 00:30:19'),(1511,1,'login','2022-12-30','00:30:21',1,'App\\Models\\Tenant\\User',NULL,'0','desktop','0','0','0','0',NULL,NULL,NULL,'2022-12-30 00:30:21','2022-12-30 00:30:21'),(1512,1,'login','2022-12-30','00:30:22',1,'App\\Models\\Tenant\\User',NULL,'0','desktop','0','0','0','0',NULL,NULL,NULL,'2022-12-30 00:30:22','2022-12-30 00:30:22'),(1513,1,'login','2022-12-30','00:30:24',1,'App\\Models\\Tenant\\User',NULL,'0','desktop','0','0','0','0',NULL,NULL,NULL,'2022-12-30 00:30:24','2022-12-30 00:30:24'),(1514,1,'login','2022-12-30','00:30:25',1,'App\\Models\\Tenant\\User',NULL,'0','desktop','0','0','0','0',NULL,NULL,NULL,'2022-12-30 00:30:25','2022-12-30 00:30:25'),(1515,1,'login','2022-12-30','00:30:27',1,'App\\Models\\Tenant\\User',NULL,'0','desktop','0','0','0','0',NULL,NULL,NULL,'2022-12-30 00:30:27','2022-12-30 00:30:27'),(1516,1,'login','2022-12-30','00:30:28',1,'App\\Models\\Tenant\\User',NULL,'0','desktop','0','0','0','0',NULL,NULL,NULL,'2022-12-30 00:30:28','2022-12-30 00:30:28'),(1517,1,'login','2022-12-30','00:30:30',1,'App\\Models\\Tenant\\User',NULL,'0','desktop','0','0','0','0',NULL,NULL,NULL,'2022-12-30 00:30:30','2022-12-30 00:30:30'),(1518,1,'login','2022-12-30','00:30:31',1,'App\\Models\\Tenant\\User',NULL,'0','desktop','0','0','0','0',NULL,NULL,NULL,'2022-12-30 00:30:31','2022-12-30 00:30:31'),(1519,1,'login','2022-12-30','00:30:33',1,'App\\Models\\Tenant\\User',NULL,'0','desktop','0','0','0','0',NULL,NULL,NULL,'2022-12-30 00:30:33','2022-12-30 00:30:33'),(1520,1,'login','2022-12-30','00:30:34',1,'App\\Models\\Tenant\\User',NULL,'0','desktop','0','0','0','0',NULL,NULL,NULL,'2022-12-30 00:30:34','2022-12-30 00:30:34'),(1521,1,'login','2022-12-30','19:00:27',1,'App\\Models\\Tenant\\User','190.187.46.168','WebKit','desktop','Windows','10.0','Chrome','108.0.0.0',NULL,NULL,'{\"country_name\":\"Peru\",\"country_code\":\"PE\",\"region_code\":\"LMA\",\"region_name\":\"Lima\",\"city_name\":\"Lima\",\"latitude\":\"-12.0464\",\"longitude\":\"-77.0428\",\"timezone\":\"America\\/Lima\"}','2022-12-30 19:00:27','2022-12-30 19:00:27'),(1522,1,'login','2022-12-31','00:00:03',1,'App\\Models\\Tenant\\User',NULL,'0','desktop','0','0','0','0',NULL,NULL,NULL,'2022-12-31 00:00:03','2022-12-31 00:00:03'),(1523,1,'login','2022-12-31','00:00:03',1,'App\\Models\\Tenant\\User',NULL,'0','desktop','0','0','0','0',NULL,NULL,NULL,'2022-12-31 00:00:03','2022-12-31 00:00:03'),(1524,1,'login','2022-12-31','00:00:25',1,'App\\Models\\Tenant\\User',NULL,'0','desktop','0','0','0','0',NULL,NULL,NULL,'2022-12-31 00:00:25','2022-12-31 00:00:25'),(1525,1,'login','2022-12-31','00:00:26',1,'App\\Models\\Tenant\\User',NULL,'0','desktop','0','0','0','0',NULL,NULL,NULL,'2022-12-31 00:00:26','2022-12-31 00:00:26'),(1526,1,'login','2022-12-31','00:00:27',1,'App\\Models\\Tenant\\User',NULL,'0','desktop','0','0','0','0',NULL,NULL,NULL,'2022-12-31 00:00:27','2022-12-31 00:00:27'),(1527,1,'login','2022-12-31','00:00:28',1,'App\\Models\\Tenant\\User',NULL,'0','desktop','0','0','0','0',NULL,NULL,NULL,'2022-12-31 00:00:28','2022-12-31 00:00:28'),(1528,1,'login','2022-12-31','00:00:29',1,'App\\Models\\Tenant\\User',NULL,'0','desktop','0','0','0','0',NULL,NULL,NULL,'2022-12-31 00:00:29','2022-12-31 00:00:29'),(1529,1,'login','2022-12-31','00:00:30',1,'App\\Models\\Tenant\\User',NULL,'0','desktop','0','0','0','0',NULL,NULL,NULL,'2022-12-31 00:00:30','2022-12-31 00:00:30'),(1530,1,'login','2022-12-31','00:00:31',1,'App\\Models\\Tenant\\User',NULL,'0','desktop','0','0','0','0',NULL,NULL,NULL,'2022-12-31 00:00:31','2022-12-31 00:00:31'),(1531,1,'login','2022-12-31','00:00:32',1,'App\\Models\\Tenant\\User',NULL,'0','desktop','0','0','0','0',NULL,NULL,NULL,'2022-12-31 00:00:32','2022-12-31 00:00:32'),(1532,1,'login','2022-12-31','00:00:33',1,'App\\Models\\Tenant\\User',NULL,'0','desktop','0','0','0','0',NULL,NULL,NULL,'2022-12-31 00:00:33','2022-12-31 00:00:33'),(1533,1,'login','2022-12-31','00:00:34',1,'App\\Models\\Tenant\\User',NULL,'0','desktop','0','0','0','0',NULL,NULL,NULL,'2022-12-31 00:00:34','2022-12-31 00:00:34'),(1534,1,'login','2022-12-31','00:00:35',1,'App\\Models\\Tenant\\User',NULL,'0','desktop','0','0','0','0',NULL,NULL,NULL,'2022-12-31 00:00:35','2022-12-31 00:00:35'),(1535,1,'login','2022-12-31','00:00:37',1,'App\\Models\\Tenant\\User',NULL,'0','desktop','0','0','0','0',NULL,NULL,NULL,'2022-12-31 00:00:37','2022-12-31 00:00:37'),(1536,1,'login','2022-12-31','00:00:38',1,'App\\Models\\Tenant\\User',NULL,'0','desktop','0','0','0','0',NULL,NULL,NULL,'2022-12-31 00:00:38','2022-12-31 00:00:38'),(1537,1,'login','2022-12-31','00:00:39',1,'App\\Models\\Tenant\\User',NULL,'0','desktop','0','0','0','0',NULL,NULL,NULL,'2022-12-31 00:00:39','2022-12-31 00:00:39'),(1538,1,'login','2022-12-31','00:30:03',1,'App\\Models\\Tenant\\User',NULL,'0','desktop','0','0','0','0',NULL,NULL,NULL,'2022-12-31 00:30:03','2022-12-31 00:30:03'),(1539,1,'login','2022-12-31','00:30:03',1,'App\\Models\\Tenant\\User',NULL,'0','desktop','0','0','0','0',NULL,NULL,NULL,'2022-12-31 00:30:03','2022-12-31 00:30:03'),(1540,1,'login','2022-12-31','00:30:06',1,'App\\Models\\Tenant\\User',NULL,'0','desktop','0','0','0','0',NULL,NULL,NULL,'2022-12-31 00:30:06','2022-12-31 00:30:06'),(1541,1,'login','2022-12-31','00:30:07',1,'App\\Models\\Tenant\\User',NULL,'0','desktop','0','0','0','0',NULL,NULL,NULL,'2022-12-31 00:30:07','2022-12-31 00:30:07'),(1542,1,'login','2022-12-31','00:30:08',1,'App\\Models\\Tenant\\User',NULL,'0','desktop','0','0','0','0',NULL,NULL,NULL,'2022-12-31 00:30:08','2022-12-31 00:30:08'),(1543,1,'login','2022-12-31','00:30:10',1,'App\\Models\\Tenant\\User',NULL,'0','desktop','0','0','0','0',NULL,NULL,NULL,'2022-12-31 00:30:10','2022-12-31 00:30:10'),(1544,1,'login','2022-12-31','00:30:12',1,'App\\Models\\Tenant\\User',NULL,'0','desktop','0','0','0','0',NULL,NULL,NULL,'2022-12-31 00:30:12','2022-12-31 00:30:12'),(1545,1,'login','2022-12-31','00:30:13',1,'App\\Models\\Tenant\\User',NULL,'0','desktop','0','0','0','0',NULL,NULL,NULL,'2022-12-31 00:30:13','2022-12-31 00:30:13'),(1546,1,'login','2022-12-31','00:30:14',1,'App\\Models\\Tenant\\User',NULL,'0','desktop','0','0','0','0',NULL,NULL,NULL,'2022-12-31 00:30:14','2022-12-31 00:30:14'),(1547,1,'login','2022-12-31','00:30:16',1,'App\\Models\\Tenant\\User',NULL,'0','desktop','0','0','0','0',NULL,NULL,NULL,'2022-12-31 00:30:16','2022-12-31 00:30:16'),(1548,1,'login','2022-12-31','00:30:17',1,'App\\Models\\Tenant\\User',NULL,'0','desktop','0','0','0','0',NULL,NULL,NULL,'2022-12-31 00:30:17','2022-12-31 00:30:17'),(1549,1,'login','2022-12-31','00:30:18',1,'App\\Models\\Tenant\\User',NULL,'0','desktop','0','0','0','0',NULL,NULL,NULL,'2022-12-31 00:30:18','2022-12-31 00:30:18'),(1550,1,'login','2022-12-31','00:30:19',1,'App\\Models\\Tenant\\User',NULL,'0','desktop','0','0','0','0',NULL,NULL,NULL,'2022-12-31 00:30:19','2022-12-31 00:30:19'),(1551,1,'login','2022-12-31','00:30:21',1,'App\\Models\\Tenant\\User',NULL,'0','desktop','0','0','0','0',NULL,NULL,NULL,'2022-12-31 00:30:21','2022-12-31 00:30:21'),(1552,1,'login','2022-12-31','00:30:22',1,'App\\Models\\Tenant\\User',NULL,'0','desktop','0','0','0','0',NULL,NULL,NULL,'2022-12-31 00:30:22','2022-12-31 00:30:22'),(1553,1,'login','2022-12-31','00:30:23',1,'App\\Models\\Tenant\\User',NULL,'0','desktop','0','0','0','0',NULL,NULL,NULL,'2022-12-31 00:30:23','2022-12-31 00:30:23'),(1554,1,'login','2022-12-31','09:52:25',1,'App\\Models\\Tenant\\User','190.187.46.168','WebKit','desktop','Windows','10.0','Chrome','108.0.0.0',NULL,NULL,'{\"country_name\":\"Peru\",\"country_code\":\"PE\",\"region_code\":\"LMA\",\"region_name\":\"Lima\",\"city_name\":\"Lima\",\"latitude\":\"-12.0464\",\"longitude\":\"-77.0428\",\"timezone\":\"America\\/Lima\"}','2022-12-31 09:52:25','2022-12-31 09:52:25'),(1555,1,'login','2023-01-01','00:00:09',1,'App\\Models\\Tenant\\User',NULL,'0','desktop','0','0','0','0',NULL,NULL,NULL,'2023-01-01 00:00:09','2023-01-01 00:00:09'),(1556,1,'login','2023-01-01','00:00:09',1,'App\\Models\\Tenant\\User',NULL,'0','desktop','0','0','0','0',NULL,NULL,NULL,'2023-01-01 00:00:09','2023-01-01 00:00:09'),(1557,1,'login','2023-01-01','00:00:41',1,'App\\Models\\Tenant\\User',NULL,'0','desktop','0','0','0','0',NULL,NULL,NULL,'2023-01-01 00:00:41','2023-01-01 00:00:41'),(1558,1,'login','2023-01-01','00:00:42',1,'App\\Models\\Tenant\\User',NULL,'0','desktop','0','0','0','0',NULL,NULL,NULL,'2023-01-01 00:00:42','2023-01-01 00:00:42'),(1559,1,'login','2023-01-01','00:00:42',1,'App\\Models\\Tenant\\User',NULL,'0','desktop','0','0','0','0',NULL,NULL,NULL,'2023-01-01 00:00:42','2023-01-01 00:00:42'),(1560,1,'login','2023-01-01','00:00:43',1,'App\\Models\\Tenant\\User',NULL,'0','desktop','0','0','0','0',NULL,NULL,NULL,'2023-01-01 00:00:43','2023-01-01 00:00:43'),(1561,1,'login','2023-01-01','00:00:44',1,'App\\Models\\Tenant\\User',NULL,'0','desktop','0','0','0','0',NULL,NULL,NULL,'2023-01-01 00:00:44','2023-01-01 00:00:44'),(1562,1,'login','2023-01-01','00:00:45',1,'App\\Models\\Tenant\\User',NULL,'0','desktop','0','0','0','0',NULL,NULL,NULL,'2023-01-01 00:00:45','2023-01-01 00:00:45'),(1563,1,'login','2023-01-01','00:00:46',1,'App\\Models\\Tenant\\User',NULL,'0','desktop','0','0','0','0',NULL,NULL,NULL,'2023-01-01 00:00:46','2023-01-01 00:00:46'),(1564,1,'login','2023-01-01','00:00:47',1,'App\\Models\\Tenant\\User',NULL,'0','desktop','0','0','0','0',NULL,NULL,NULL,'2023-01-01 00:00:47','2023-01-01 00:00:47'),(1565,1,'login','2023-01-01','00:00:48',1,'App\\Models\\Tenant\\User',NULL,'0','desktop','0','0','0','0',NULL,NULL,NULL,'2023-01-01 00:00:48','2023-01-01 00:00:48'),(1566,1,'login','2023-01-01','00:00:49',1,'App\\Models\\Tenant\\User',NULL,'0','desktop','0','0','0','0',NULL,NULL,NULL,'2023-01-01 00:00:49','2023-01-01 00:00:49'),(1567,1,'login','2023-01-01','00:00:50',1,'App\\Models\\Tenant\\User',NULL,'0','desktop','0','0','0','0',NULL,NULL,NULL,'2023-01-01 00:00:50','2023-01-01 00:00:50'),(1568,1,'login','2023-01-01','00:00:51',1,'App\\Models\\Tenant\\User',NULL,'0','desktop','0','0','0','0',NULL,NULL,NULL,'2023-01-01 00:00:51','2023-01-01 00:00:51'),(1569,1,'login','2023-01-01','00:00:52',1,'App\\Models\\Tenant\\User',NULL,'0','desktop','0','0','0','0',NULL,NULL,NULL,'2023-01-01 00:00:52','2023-01-01 00:00:52'),(1570,1,'login','2023-01-01','00:00:53',1,'App\\Models\\Tenant\\User',NULL,'0','desktop','0','0','0','0',NULL,NULL,NULL,'2023-01-01 00:00:53','2023-01-01 00:00:53'),(1571,1,'login','2023-01-01','00:30:03',1,'App\\Models\\Tenant\\User',NULL,'0','desktop','0','0','0','0',NULL,NULL,NULL,'2023-01-01 00:30:03','2023-01-01 00:30:03'),(1572,1,'login','2023-01-01','00:30:03',1,'App\\Models\\Tenant\\User',NULL,'0','desktop','0','0','0','0',NULL,NULL,NULL,'2023-01-01 00:30:03','2023-01-01 00:30:03'),(1573,1,'login','2023-01-01','00:30:07',1,'App\\Models\\Tenant\\User',NULL,'0','desktop','0','0','0','0',NULL,NULL,NULL,'2023-01-01 00:30:07','2023-01-01 00:30:07'),(1574,1,'login','2023-01-01','00:30:09',1,'App\\Models\\Tenant\\User',NULL,'0','desktop','0','0','0','0',NULL,NULL,NULL,'2023-01-01 00:30:09','2023-01-01 00:30:09'),(1575,1,'login','2023-01-01','00:30:10',1,'App\\Models\\Tenant\\User',NULL,'0','desktop','0','0','0','0',NULL,NULL,NULL,'2023-01-01 00:30:10','2023-01-01 00:30:10'),(1576,1,'login','2023-01-01','00:30:11',1,'App\\Models\\Tenant\\User',NULL,'0','desktop','0','0','0','0',NULL,NULL,NULL,'2023-01-01 00:30:11','2023-01-01 00:30:11'),(1577,1,'login','2023-01-01','00:30:12',1,'App\\Models\\Tenant\\User',NULL,'0','desktop','0','0','0','0',NULL,NULL,NULL,'2023-01-01 00:30:12','2023-01-01 00:30:12'),(1578,1,'login','2023-01-01','00:30:14',1,'App\\Models\\Tenant\\User',NULL,'0','desktop','0','0','0','0',NULL,NULL,NULL,'2023-01-01 00:30:14','2023-01-01 00:30:14'),(1579,1,'login','2023-01-01','00:30:15',1,'App\\Models\\Tenant\\User',NULL,'0','desktop','0','0','0','0',NULL,NULL,NULL,'2023-01-01 00:30:15','2023-01-01 00:30:15'),(1580,1,'login','2023-01-01','00:30:16',1,'App\\Models\\Tenant\\User',NULL,'0','desktop','0','0','0','0',NULL,NULL,NULL,'2023-01-01 00:30:16','2023-01-01 00:30:16'),(1581,1,'login','2023-01-01','00:30:18',1,'App\\Models\\Tenant\\User',NULL,'0','desktop','0','0','0','0',NULL,NULL,NULL,'2023-01-01 00:30:18','2023-01-01 00:30:18'),(1582,1,'login','2023-01-01','00:30:19',1,'App\\Models\\Tenant\\User',NULL,'0','desktop','0','0','0','0',NULL,NULL,NULL,'2023-01-01 00:30:19','2023-01-01 00:30:19'),(1583,1,'login','2023-01-01','00:30:20',1,'App\\Models\\Tenant\\User',NULL,'0','desktop','0','0','0','0',NULL,NULL,NULL,'2023-01-01 00:30:20','2023-01-01 00:30:20'),(1584,1,'login','2023-01-01','00:30:21',1,'App\\Models\\Tenant\\User',NULL,'0','desktop','0','0','0','0',NULL,NULL,NULL,'2023-01-01 00:30:21','2023-01-01 00:30:21'),(1585,1,'login','2023-01-01','00:30:22',1,'App\\Models\\Tenant\\User',NULL,'0','desktop','0','0','0','0',NULL,NULL,NULL,'2023-01-01 00:30:22','2023-01-01 00:30:22'),(1586,1,'login','2023-01-01','00:30:24',1,'App\\Models\\Tenant\\User',NULL,'0','desktop','0','0','0','0',NULL,NULL,NULL,'2023-01-01 00:30:24','2023-01-01 00:30:24'),(1587,1,'login','2023-01-02','00:00:03',1,'App\\Models\\Tenant\\User',NULL,'0','desktop','0','0','0','0',NULL,NULL,NULL,'2023-01-02 00:00:03','2023-01-02 00:00:03'),(1588,1,'login','2023-01-02','00:00:03',1,'App\\Models\\Tenant\\User',NULL,'0','desktop','0','0','0','0',NULL,NULL,NULL,'2023-01-02 00:00:03','2023-01-02 00:00:03'),(1589,1,'login','2023-01-02','00:00:32',1,'App\\Models\\Tenant\\User',NULL,'0','desktop','0','0','0','0',NULL,NULL,NULL,'2023-01-02 00:00:32','2023-01-02 00:00:32'),(1590,1,'login','2023-01-02','00:00:33',1,'App\\Models\\Tenant\\User',NULL,'0','desktop','0','0','0','0',NULL,NULL,NULL,'2023-01-02 00:00:33','2023-01-02 00:00:33'),(1591,1,'login','2023-01-02','00:00:34',1,'App\\Models\\Tenant\\User',NULL,'0','desktop','0','0','0','0',NULL,NULL,NULL,'2023-01-02 00:00:34','2023-01-02 00:00:34'),(1592,1,'login','2023-01-02','00:00:35',1,'App\\Models\\Tenant\\User',NULL,'0','desktop','0','0','0','0',NULL,NULL,NULL,'2023-01-02 00:00:35','2023-01-02 00:00:35'),(1593,1,'login','2023-01-02','00:00:35',1,'App\\Models\\Tenant\\User',NULL,'0','desktop','0','0','0','0',NULL,NULL,NULL,'2023-01-02 00:00:35','2023-01-02 00:00:35'),(1594,1,'login','2023-01-02','00:00:36',1,'App\\Models\\Tenant\\User',NULL,'0','desktop','0','0','0','0',NULL,NULL,NULL,'2023-01-02 00:00:36','2023-01-02 00:00:36'),(1595,1,'login','2023-01-02','00:00:37',1,'App\\Models\\Tenant\\User',NULL,'0','desktop','0','0','0','0',NULL,NULL,NULL,'2023-01-02 00:00:37','2023-01-02 00:00:37'),(1596,1,'login','2023-01-02','00:00:38',1,'App\\Models\\Tenant\\User',NULL,'0','desktop','0','0','0','0',NULL,NULL,NULL,'2023-01-02 00:00:38','2023-01-02 00:00:38'),(1597,1,'login','2023-01-02','00:00:39',1,'App\\Models\\Tenant\\User',NULL,'0','desktop','0','0','0','0',NULL,NULL,NULL,'2023-01-02 00:00:39','2023-01-02 00:00:39'),(1598,1,'login','2023-01-02','00:00:40',1,'App\\Models\\Tenant\\User',NULL,'0','desktop','0','0','0','0',NULL,NULL,NULL,'2023-01-02 00:00:40','2023-01-02 00:00:40'),(1599,1,'login','2023-01-02','00:00:40',1,'App\\Models\\Tenant\\User',NULL,'0','desktop','0','0','0','0',NULL,NULL,NULL,'2023-01-02 00:00:40','2023-01-02 00:00:40'),(1600,1,'login','2023-01-02','00:00:41',1,'App\\Models\\Tenant\\User',NULL,'0','desktop','0','0','0','0',NULL,NULL,NULL,'2023-01-02 00:00:41','2023-01-02 00:00:41'),(1601,1,'login','2023-01-02','00:00:42',1,'App\\Models\\Tenant\\User',NULL,'0','desktop','0','0','0','0',NULL,NULL,NULL,'2023-01-02 00:00:42','2023-01-02 00:00:42'),(1602,1,'login','2023-01-02','00:00:43',1,'App\\Models\\Tenant\\User',NULL,'0','desktop','0','0','0','0',NULL,NULL,NULL,'2023-01-02 00:00:43','2023-01-02 00:00:43'),(1603,1,'login','2023-01-02','00:30:02',1,'App\\Models\\Tenant\\User',NULL,'0','desktop','0','0','0','0',NULL,NULL,NULL,'2023-01-02 00:30:02','2023-01-02 00:30:02'),(1604,1,'login','2023-01-02','00:30:02',1,'App\\Models\\Tenant\\User',NULL,'0','desktop','0','0','0','0',NULL,NULL,NULL,'2023-01-02 00:30:02','2023-01-02 00:30:02'),(1605,1,'login','2023-01-02','00:30:06',1,'App\\Models\\Tenant\\User',NULL,'0','desktop','0','0','0','0',NULL,NULL,NULL,'2023-01-02 00:30:06','2023-01-02 00:30:06'),(1606,1,'login','2023-01-02','00:30:08',1,'App\\Models\\Tenant\\User',NULL,'0','desktop','0','0','0','0',NULL,NULL,NULL,'2023-01-02 00:30:08','2023-01-02 00:30:08'),(1607,1,'login','2023-01-02','00:30:09',1,'App\\Models\\Tenant\\User',NULL,'0','desktop','0','0','0','0',NULL,NULL,NULL,'2023-01-02 00:30:09','2023-01-02 00:30:09'),(1608,1,'login','2023-01-02','00:30:10',1,'App\\Models\\Tenant\\User',NULL,'0','desktop','0','0','0','0',NULL,NULL,NULL,'2023-01-02 00:30:10','2023-01-02 00:30:10'),(1609,1,'login','2023-01-02','00:30:12',1,'App\\Models\\Tenant\\User',NULL,'0','desktop','0','0','0','0',NULL,NULL,NULL,'2023-01-02 00:30:12','2023-01-02 00:30:12'),(1610,1,'login','2023-01-02','00:30:13',1,'App\\Models\\Tenant\\User',NULL,'0','desktop','0','0','0','0',NULL,NULL,NULL,'2023-01-02 00:30:13','2023-01-02 00:30:13'),(1611,1,'login','2023-01-02','00:30:14',1,'App\\Models\\Tenant\\User',NULL,'0','desktop','0','0','0','0',NULL,NULL,NULL,'2023-01-02 00:30:14','2023-01-02 00:30:14'),(1612,1,'login','2023-01-02','00:30:15',1,'App\\Models\\Tenant\\User',NULL,'0','desktop','0','0','0','0',NULL,NULL,NULL,'2023-01-02 00:30:15','2023-01-02 00:30:15'),(1613,1,'login','2023-01-02','00:30:16',1,'App\\Models\\Tenant\\User',NULL,'0','desktop','0','0','0','0',NULL,NULL,NULL,'2023-01-02 00:30:16','2023-01-02 00:30:16'),(1614,1,'login','2023-01-02','00:30:18',1,'App\\Models\\Tenant\\User',NULL,'0','desktop','0','0','0','0',NULL,NULL,NULL,'2023-01-02 00:30:18','2023-01-02 00:30:18'),(1615,1,'login','2023-01-02','00:30:19',1,'App\\Models\\Tenant\\User',NULL,'0','desktop','0','0','0','0',NULL,NULL,NULL,'2023-01-02 00:30:19','2023-01-02 00:30:19'),(1616,1,'login','2023-01-02','00:30:20',1,'App\\Models\\Tenant\\User',NULL,'0','desktop','0','0','0','0',NULL,NULL,NULL,'2023-01-02 00:30:20','2023-01-02 00:30:20'),(1617,1,'login','2023-01-02','00:30:21',1,'App\\Models\\Tenant\\User',NULL,'0','desktop','0','0','0','0',NULL,NULL,NULL,'2023-01-02 00:30:21','2023-01-02 00:30:21'),(1618,1,'login','2023-01-02','00:30:22',1,'App\\Models\\Tenant\\User',NULL,'0','desktop','0','0','0','0',NULL,NULL,NULL,'2023-01-02 00:30:22','2023-01-02 00:30:22'),(1619,1,'login','2023-01-02','11:53:53',1,'App\\Models\\Tenant\\User','190.187.46.168','WebKit','desktop','Windows','10.0','Chrome','108.0.0.0',NULL,NULL,'{\"country_name\":\"Peru\",\"country_code\":\"PE\",\"region_code\":\"LMA\",\"region_name\":\"Lima\",\"city_name\":\"Lima\",\"latitude\":\"-12.0464\",\"longitude\":\"-77.0428\",\"timezone\":\"America\\/Lima\"}','2023-01-02 11:53:53','2023-01-02 11:53:53'),(1620,1,'login','2023-01-02','13:00:49',1,'App\\Models\\Tenant\\User','190.234.21.42','WebKit','desktop','Windows','10.0','Chrome','108.0.0.0',NULL,NULL,'{\"country_name\":\"Peru\",\"country_code\":\"PE\",\"region_code\":\"LMA\",\"region_name\":\"Lima\",\"city_name\":\"Lima\",\"latitude\":\"-12.0464\",\"longitude\":\"-77.0428\",\"timezone\":\"America\\/Lima\"}','2023-01-02 13:00:49','2023-01-02 13:00:49'),(1621,1,'login','2023-01-02','17:24:08',1,'App\\Models\\Tenant\\User','190.187.46.168','WebKit','desktop','Windows','10.0','Chrome','108.0.0.0',NULL,NULL,'{\"country_name\":\"Peru\",\"country_code\":\"PE\",\"region_code\":\"LMA\",\"region_name\":\"Lima\",\"city_name\":\"Lima\",\"latitude\":\"-12.0464\",\"longitude\":\"-77.0428\",\"timezone\":\"America\\/Lima\"}','2023-01-02 17:24:08','2023-01-02 17:24:08'),(1622,1,'login','2023-01-03','00:00:10',1,'App\\Models\\Tenant\\User',NULL,'0','desktop','0','0','0','0',NULL,NULL,NULL,'2023-01-03 00:00:10','2023-01-03 00:00:10'),(1623,1,'login','2023-01-03','00:00:10',1,'App\\Models\\Tenant\\User',NULL,'0','desktop','0','0','0','0',NULL,NULL,NULL,'2023-01-03 00:00:10','2023-01-03 00:00:10'),(1624,1,'login','2023-01-03','00:00:42',1,'App\\Models\\Tenant\\User',NULL,'0','desktop','0','0','0','0',NULL,NULL,NULL,'2023-01-03 00:00:42','2023-01-03 00:00:42'),(1625,1,'login','2023-01-03','00:00:44',1,'App\\Models\\Tenant\\User',NULL,'0','desktop','0','0','0','0',NULL,NULL,NULL,'2023-01-03 00:00:44','2023-01-03 00:00:44'),(1626,1,'login','2023-01-03','00:00:44',1,'App\\Models\\Tenant\\User',NULL,'0','desktop','0','0','0','0',NULL,NULL,NULL,'2023-01-03 00:00:44','2023-01-03 00:00:44'),(1627,1,'login','2023-01-03','00:00:46',1,'App\\Models\\Tenant\\User',NULL,'0','desktop','0','0','0','0',NULL,NULL,NULL,'2023-01-03 00:00:46','2023-01-03 00:00:46'),(1628,1,'login','2023-01-03','00:00:46',1,'App\\Models\\Tenant\\User',NULL,'0','desktop','0','0','0','0',NULL,NULL,NULL,'2023-01-03 00:00:46','2023-01-03 00:00:46'),(1629,1,'login','2023-01-03','00:00:47',1,'App\\Models\\Tenant\\User',NULL,'0','desktop','0','0','0','0',NULL,NULL,NULL,'2023-01-03 00:00:47','2023-01-03 00:00:47'),(1630,1,'login','2023-01-03','00:00:48',1,'App\\Models\\Tenant\\User',NULL,'0','desktop','0','0','0','0',NULL,NULL,NULL,'2023-01-03 00:00:48','2023-01-03 00:00:48'),(1631,1,'login','2023-01-03','00:00:49',1,'App\\Models\\Tenant\\User',NULL,'0','desktop','0','0','0','0',NULL,NULL,NULL,'2023-01-03 00:00:49','2023-01-03 00:00:49'),(1632,1,'login','2023-01-03','00:00:50',1,'App\\Models\\Tenant\\User',NULL,'0','desktop','0','0','0','0',NULL,NULL,NULL,'2023-01-03 00:00:50','2023-01-03 00:00:50'),(1633,1,'login','2023-01-03','00:00:51',1,'App\\Models\\Tenant\\User',NULL,'0','desktop','0','0','0','0',NULL,NULL,NULL,'2023-01-03 00:00:51','2023-01-03 00:00:51'),(1634,1,'login','2023-01-03','00:00:51',1,'App\\Models\\Tenant\\User',NULL,'0','desktop','0','0','0','0',NULL,NULL,NULL,'2023-01-03 00:00:51','2023-01-03 00:00:51'),(1635,1,'login','2023-01-03','00:00:52',1,'App\\Models\\Tenant\\User',NULL,'0','desktop','0','0','0','0',NULL,NULL,NULL,'2023-01-03 00:00:52','2023-01-03 00:00:52'),(1636,1,'login','2023-01-03','00:00:53',1,'App\\Models\\Tenant\\User',NULL,'0','desktop','0','0','0','0',NULL,NULL,NULL,'2023-01-03 00:00:53','2023-01-03 00:00:53'),(1637,1,'login','2023-01-03','00:00:54',1,'App\\Models\\Tenant\\User',NULL,'0','desktop','0','0','0','0',NULL,NULL,NULL,'2023-01-03 00:00:54','2023-01-03 00:00:54'),(1638,1,'login','2023-01-03','00:30:04',1,'App\\Models\\Tenant\\User',NULL,'0','desktop','0','0','0','0',NULL,NULL,NULL,'2023-01-03 00:30:04','2023-01-03 00:30:04'),(1639,1,'login','2023-01-03','00:30:04',1,'App\\Models\\Tenant\\User',NULL,'0','desktop','0','0','0','0',NULL,NULL,NULL,'2023-01-03 00:30:04','2023-01-03 00:30:04'),(1640,1,'login','2023-01-03','00:30:12',1,'App\\Models\\Tenant\\User',NULL,'0','desktop','0','0','0','0',NULL,NULL,NULL,'2023-01-03 00:30:12','2023-01-03 00:30:12'),(1641,1,'login','2023-01-03','00:30:15',1,'App\\Models\\Tenant\\User',NULL,'0','desktop','0','0','0','0',NULL,NULL,NULL,'2023-01-03 00:30:15','2023-01-03 00:30:15'),(1642,1,'login','2023-01-03','00:30:17',1,'App\\Models\\Tenant\\User',NULL,'0','desktop','0','0','0','0',NULL,NULL,NULL,'2023-01-03 00:30:17','2023-01-03 00:30:17'),(1643,1,'login','2023-01-03','00:30:20',1,'App\\Models\\Tenant\\User',NULL,'0','desktop','0','0','0','0',NULL,NULL,NULL,'2023-01-03 00:30:20','2023-01-03 00:30:20'),(1644,1,'login','2023-01-03','00:30:22',1,'App\\Models\\Tenant\\User',NULL,'0','desktop','0','0','0','0',NULL,NULL,NULL,'2023-01-03 00:30:22','2023-01-03 00:30:22'),(1645,1,'login','2023-01-03','00:30:24',1,'App\\Models\\Tenant\\User',NULL,'0','desktop','0','0','0','0',NULL,NULL,NULL,'2023-01-03 00:30:24','2023-01-03 00:30:24'),(1646,1,'login','2023-01-03','00:30:27',1,'App\\Models\\Tenant\\User',NULL,'0','desktop','0','0','0','0',NULL,NULL,NULL,'2023-01-03 00:30:27','2023-01-03 00:30:27'),(1647,1,'login','2023-01-03','00:30:29',1,'App\\Models\\Tenant\\User',NULL,'0','desktop','0','0','0','0',NULL,NULL,NULL,'2023-01-03 00:30:29','2023-01-03 00:30:29'),(1648,1,'login','2023-01-03','00:30:31',1,'App\\Models\\Tenant\\User',NULL,'0','desktop','0','0','0','0',NULL,NULL,NULL,'2023-01-03 00:30:31','2023-01-03 00:30:31'),(1649,1,'login','2023-01-03','00:30:34',1,'App\\Models\\Tenant\\User',NULL,'0','desktop','0','0','0','0',NULL,NULL,NULL,'2023-01-03 00:30:34','2023-01-03 00:30:34'),(1650,1,'login','2023-01-03','00:30:36',1,'App\\Models\\Tenant\\User',NULL,'0','desktop','0','0','0','0',NULL,NULL,NULL,'2023-01-03 00:30:36','2023-01-03 00:30:36'),(1651,1,'login','2023-01-03','00:30:39',1,'App\\Models\\Tenant\\User',NULL,'0','desktop','0','0','0','0',NULL,NULL,NULL,'2023-01-03 00:30:39','2023-01-03 00:30:39'),(1652,1,'login','2023-01-03','00:30:41',1,'App\\Models\\Tenant\\User',NULL,'0','desktop','0','0','0','0',NULL,NULL,NULL,'2023-01-03 00:30:41','2023-01-03 00:30:41'),(1653,1,'login','2023-01-03','00:30:43',1,'App\\Models\\Tenant\\User',NULL,'0','desktop','0','0','0','0',NULL,NULL,NULL,'2023-01-03 00:30:43','2023-01-03 00:30:43'),(1654,1,'login','2023-01-04','00:00:09',1,'App\\Models\\Tenant\\User',NULL,'0','desktop','0','0','0','0',NULL,NULL,NULL,'2023-01-04 00:00:09','2023-01-04 00:00:09'),(1655,1,'login','2023-01-04','00:00:09',1,'App\\Models\\Tenant\\User',NULL,'0','desktop','0','0','0','0',NULL,NULL,NULL,'2023-01-04 00:00:09','2023-01-04 00:00:09'),(1656,1,'login','2023-01-04','00:00:41',1,'App\\Models\\Tenant\\User',NULL,'0','desktop','0','0','0','0',NULL,NULL,NULL,'2023-01-04 00:00:41','2023-01-04 00:00:41'),(1657,1,'login','2023-01-04','00:00:42',1,'App\\Models\\Tenant\\User',NULL,'0','desktop','0','0','0','0',NULL,NULL,NULL,'2023-01-04 00:00:42','2023-01-04 00:00:42'),(1658,1,'login','2023-01-04','00:00:43',1,'App\\Models\\Tenant\\User',NULL,'0','desktop','0','0','0','0',NULL,NULL,NULL,'2023-01-04 00:00:43','2023-01-04 00:00:43'),(1659,1,'login','2023-01-04','00:00:44',1,'App\\Models\\Tenant\\User',NULL,'0','desktop','0','0','0','0',NULL,NULL,NULL,'2023-01-04 00:00:44','2023-01-04 00:00:44'),(1660,1,'login','2023-01-04','00:00:45',1,'App\\Models\\Tenant\\User',NULL,'0','desktop','0','0','0','0',NULL,NULL,NULL,'2023-01-04 00:00:45','2023-01-04 00:00:45'),(1661,1,'login','2023-01-04','00:00:46',1,'App\\Models\\Tenant\\User',NULL,'0','desktop','0','0','0','0',NULL,NULL,NULL,'2023-01-04 00:00:46','2023-01-04 00:00:46'),(1662,1,'login','2023-01-04','00:00:47',1,'App\\Models\\Tenant\\User',NULL,'0','desktop','0','0','0','0',NULL,NULL,NULL,'2023-01-04 00:00:47','2023-01-04 00:00:47'),(1663,1,'login','2023-01-04','00:00:47',1,'App\\Models\\Tenant\\User',NULL,'0','desktop','0','0','0','0',NULL,NULL,NULL,'2023-01-04 00:00:47','2023-01-04 00:00:47'),(1664,1,'login','2023-01-04','00:00:48',1,'App\\Models\\Tenant\\User',NULL,'0','desktop','0','0','0','0',NULL,NULL,NULL,'2023-01-04 00:00:48','2023-01-04 00:00:48'),(1665,1,'login','2023-01-04','00:00:49',1,'App\\Models\\Tenant\\User',NULL,'0','desktop','0','0','0','0',NULL,NULL,NULL,'2023-01-04 00:00:49','2023-01-04 00:00:49'),(1666,1,'login','2023-01-04','00:00:50',1,'App\\Models\\Tenant\\User',NULL,'0','desktop','0','0','0','0',NULL,NULL,NULL,'2023-01-04 00:00:50','2023-01-04 00:00:50'),(1667,1,'login','2023-01-04','00:00:51',1,'App\\Models\\Tenant\\User',NULL,'0','desktop','0','0','0','0',NULL,NULL,NULL,'2023-01-04 00:00:51','2023-01-04 00:00:51'),(1668,1,'login','2023-01-04','00:00:51',1,'App\\Models\\Tenant\\User',NULL,'0','desktop','0','0','0','0',NULL,NULL,NULL,'2023-01-04 00:00:51','2023-01-04 00:00:51'),(1669,1,'login','2023-01-04','00:00:52',1,'App\\Models\\Tenant\\User',NULL,'0','desktop','0','0','0','0',NULL,NULL,NULL,'2023-01-04 00:00:52','2023-01-04 00:00:52'),(1670,1,'login','2023-01-04','00:30:04',1,'App\\Models\\Tenant\\User',NULL,'0','desktop','0','0','0','0',NULL,NULL,NULL,'2023-01-04 00:30:04','2023-01-04 00:30:04'),(1671,1,'login','2023-01-04','00:30:05',1,'App\\Models\\Tenant\\User',NULL,'0','desktop','0','0','0','0',NULL,NULL,NULL,'2023-01-04 00:30:05','2023-01-04 00:30:05'),(1672,1,'login','2023-01-04','00:30:10',1,'App\\Models\\Tenant\\User',NULL,'0','desktop','0','0','0','0',NULL,NULL,NULL,'2023-01-04 00:30:10','2023-01-04 00:30:10'),(1673,1,'login','2023-01-04','00:30:13',1,'App\\Models\\Tenant\\User',NULL,'0','desktop','0','0','0','0',NULL,NULL,NULL,'2023-01-04 00:30:13','2023-01-04 00:30:13'),(1674,1,'login','2023-01-04','00:30:16',1,'App\\Models\\Tenant\\User',NULL,'0','desktop','0','0','0','0',NULL,NULL,NULL,'2023-01-04 00:30:16','2023-01-04 00:30:16'),(1675,1,'login','2023-01-04','00:30:19',1,'App\\Models\\Tenant\\User',NULL,'0','desktop','0','0','0','0',NULL,NULL,NULL,'2023-01-04 00:30:19','2023-01-04 00:30:19'),(1676,1,'login','2023-01-04','00:30:22',1,'App\\Models\\Tenant\\User',NULL,'0','desktop','0','0','0','0',NULL,NULL,NULL,'2023-01-04 00:30:22','2023-01-04 00:30:22'),(1677,1,'login','2023-01-04','00:30:25',1,'App\\Models\\Tenant\\User',NULL,'0','desktop','0','0','0','0',NULL,NULL,NULL,'2023-01-04 00:30:25','2023-01-04 00:30:25'),(1678,1,'login','2023-01-04','00:30:28',1,'App\\Models\\Tenant\\User',NULL,'0','desktop','0','0','0','0',NULL,NULL,NULL,'2023-01-04 00:30:28','2023-01-04 00:30:28'),(1679,1,'login','2023-01-04','00:30:31',1,'App\\Models\\Tenant\\User',NULL,'0','desktop','0','0','0','0',NULL,NULL,NULL,'2023-01-04 00:30:31','2023-01-04 00:30:31'),(1680,1,'login','2023-01-05','00:00:03',1,'App\\Models\\Tenant\\User',NULL,'0','desktop','0','0','0','0',NULL,NULL,NULL,'2023-01-05 00:00:03','2023-01-05 00:00:03'),(1681,1,'login','2023-01-05','00:00:03',1,'App\\Models\\Tenant\\User',NULL,'0','desktop','0','0','0','0',NULL,NULL,NULL,'2023-01-05 00:00:03','2023-01-05 00:00:03'),(1682,1,'login','2023-01-05','00:00:21',1,'App\\Models\\Tenant\\User',NULL,'0','desktop','0','0','0','0',NULL,NULL,NULL,'2023-01-05 00:00:21','2023-01-05 00:00:21'),(1683,1,'login','2023-01-05','00:00:23',1,'App\\Models\\Tenant\\User',NULL,'0','desktop','0','0','0','0',NULL,NULL,NULL,'2023-01-05 00:00:23','2023-01-05 00:00:23'),(1684,1,'login','2023-01-05','00:00:24',1,'App\\Models\\Tenant\\User',NULL,'0','desktop','0','0','0','0',NULL,NULL,NULL,'2023-01-05 00:00:24','2023-01-05 00:00:24'),(1685,1,'login','2023-01-05','00:00:25',1,'App\\Models\\Tenant\\User',NULL,'0','desktop','0','0','0','0',NULL,NULL,NULL,'2023-01-05 00:00:25','2023-01-05 00:00:25'),(1686,1,'login','2023-01-05','00:00:26',1,'App\\Models\\Tenant\\User',NULL,'0','desktop','0','0','0','0',NULL,NULL,NULL,'2023-01-05 00:00:26','2023-01-05 00:00:26'),(1687,1,'login','2023-01-05','00:00:27',1,'App\\Models\\Tenant\\User',NULL,'0','desktop','0','0','0','0',NULL,NULL,NULL,'2023-01-05 00:00:27','2023-01-05 00:00:27'),(1688,1,'login','2023-01-05','00:00:29',1,'App\\Models\\Tenant\\User',NULL,'0','desktop','0','0','0','0',NULL,NULL,NULL,'2023-01-05 00:00:29','2023-01-05 00:00:29'),(1689,1,'login','2023-01-05','00:00:30',1,'App\\Models\\Tenant\\User',NULL,'0','desktop','0','0','0','0',NULL,NULL,NULL,'2023-01-05 00:00:30','2023-01-05 00:00:30'),(1690,1,'login','2023-01-05','00:00:31',1,'App\\Models\\Tenant\\User',NULL,'0','desktop','0','0','0','0',NULL,NULL,NULL,'2023-01-05 00:00:31','2023-01-05 00:00:31'),(1691,1,'login','2023-01-05','00:00:32',1,'App\\Models\\Tenant\\User',NULL,'0','desktop','0','0','0','0',NULL,NULL,NULL,'2023-01-05 00:00:32','2023-01-05 00:00:32'),(1692,1,'login','2023-01-05','00:00:33',1,'App\\Models\\Tenant\\User',NULL,'0','desktop','0','0','0','0',NULL,NULL,NULL,'2023-01-05 00:00:33','2023-01-05 00:00:33'),(1693,1,'login','2023-01-05','00:00:34',1,'App\\Models\\Tenant\\User',NULL,'0','desktop','0','0','0','0',NULL,NULL,NULL,'2023-01-05 00:00:34','2023-01-05 00:00:34'),(1694,1,'login','2023-01-05','00:00:36',1,'App\\Models\\Tenant\\User',NULL,'0','desktop','0','0','0','0',NULL,NULL,NULL,'2023-01-05 00:00:36','2023-01-05 00:00:36'),(1695,1,'login','2023-01-05','00:00:37',1,'App\\Models\\Tenant\\User',NULL,'0','desktop','0','0','0','0',NULL,NULL,NULL,'2023-01-05 00:00:37','2023-01-05 00:00:37'),(1696,1,'login','2023-01-05','00:30:02',1,'App\\Models\\Tenant\\User',NULL,'0','desktop','0','0','0','0',NULL,NULL,NULL,'2023-01-05 00:30:02','2023-01-05 00:30:02'),(1697,1,'login','2023-01-05','00:30:02',1,'App\\Models\\Tenant\\User',NULL,'0','desktop','0','0','0','0',NULL,NULL,NULL,'2023-01-05 00:30:02','2023-01-05 00:30:02'),(1698,1,'login','2023-01-05','00:30:07',1,'App\\Models\\Tenant\\User',NULL,'0','desktop','0','0','0','0',NULL,NULL,NULL,'2023-01-05 00:30:07','2023-01-05 00:30:07'),(1699,1,'login','2023-01-05','00:30:09',1,'App\\Models\\Tenant\\User',NULL,'0','desktop','0','0','0','0',NULL,NULL,NULL,'2023-01-05 00:30:09','2023-01-05 00:30:09'),(1700,1,'login','2023-01-05','00:30:11',1,'App\\Models\\Tenant\\User',NULL,'0','desktop','0','0','0','0',NULL,NULL,NULL,'2023-01-05 00:30:11','2023-01-05 00:30:11'),(1701,1,'login','2023-01-05','00:30:12',1,'App\\Models\\Tenant\\User',NULL,'0','desktop','0','0','0','0',NULL,NULL,NULL,'2023-01-05 00:30:12','2023-01-05 00:30:12'),(1702,1,'login','2023-01-05','00:30:13',1,'App\\Models\\Tenant\\User',NULL,'0','desktop','0','0','0','0',NULL,NULL,NULL,'2023-01-05 00:30:13','2023-01-05 00:30:13'),(1703,1,'login','2023-01-05','00:30:15',1,'App\\Models\\Tenant\\User',NULL,'0','desktop','0','0','0','0',NULL,NULL,NULL,'2023-01-05 00:30:15','2023-01-05 00:30:15'),(1704,1,'login','2023-01-05','00:30:16',1,'App\\Models\\Tenant\\User',NULL,'0','desktop','0','0','0','0',NULL,NULL,NULL,'2023-01-05 00:30:16','2023-01-05 00:30:16'),(1705,1,'login','2023-01-05','00:30:17',1,'App\\Models\\Tenant\\User',NULL,'0','desktop','0','0','0','0',NULL,NULL,NULL,'2023-01-05 00:30:17','2023-01-05 00:30:17'),(1706,1,'login','2023-01-05','00:30:19',1,'App\\Models\\Tenant\\User',NULL,'0','desktop','0','0','0','0',NULL,NULL,NULL,'2023-01-05 00:30:19','2023-01-05 00:30:19'),(1707,1,'login','2023-01-05','00:30:20',1,'App\\Models\\Tenant\\User',NULL,'0','desktop','0','0','0','0',NULL,NULL,NULL,'2023-01-05 00:30:20','2023-01-05 00:30:20'),(1708,1,'login','2023-01-05','00:30:22',1,'App\\Models\\Tenant\\User',NULL,'0','desktop','0','0','0','0',NULL,NULL,NULL,'2023-01-05 00:30:22','2023-01-05 00:30:22'),(1709,1,'login','2023-01-05','00:30:24',1,'App\\Models\\Tenant\\User',NULL,'0','desktop','0','0','0','0',NULL,NULL,NULL,'2023-01-05 00:30:24','2023-01-05 00:30:24'),(1710,1,'login','2023-01-05','00:30:25',1,'App\\Models\\Tenant\\User',NULL,'0','desktop','0','0','0','0',NULL,NULL,NULL,'2023-01-05 00:30:25','2023-01-05 00:30:25'),(1711,1,'login','2023-01-05','00:30:26',1,'App\\Models\\Tenant\\User',NULL,'0','desktop','0','0','0','0',NULL,NULL,NULL,'2023-01-05 00:30:26','2023-01-05 00:30:26'),(1712,1,'login','2023-01-05','12:38:50',1,'App\\Models\\Tenant\\User','190.187.46.168','WebKit','desktop','Windows','10.0','Chrome','108.0.0.0',NULL,NULL,'{\"country_name\":\"Peru\",\"country_code\":\"PE\",\"region_code\":\"LMA\",\"region_name\":\"Lima\",\"city_name\":\"Lima\",\"latitude\":\"-12.0464\",\"longitude\":\"-77.0428\",\"timezone\":\"America\\/Lima\"}','2023-01-05 12:38:50','2023-01-05 12:38:50'),(1713,1,'login','2023-01-05','15:03:11',1,'App\\Models\\Tenant\\User','190.237.178.159','WebKit','desktop','Windows','10.0','Chrome','108.0.0.0',NULL,NULL,'{\"country_name\":\"Peru\",\"country_code\":\"PE\",\"region_code\":\"LAL\",\"region_name\":\"La Libertad\",\"city_name\":\"Trujillo\",\"latitude\":\"-8.1191\",\"longitude\":\"-79.0355\",\"timezone\":\"America\\/Lima\"}','2023-01-05 15:03:11','2023-01-05 15:03:11'),(1714,1,'login','2023-01-06','00:00:05',1,'App\\Models\\Tenant\\User',NULL,'0','desktop','0','0','0','0',NULL,NULL,NULL,'2023-01-06 00:00:05','2023-01-06 00:00:05'),(1715,1,'login','2023-01-06','00:00:05',1,'App\\Models\\Tenant\\User',NULL,'0','desktop','0','0','0','0',NULL,NULL,NULL,'2023-01-06 00:00:05','2023-01-06 00:00:05'),(1716,1,'login','2023-01-06','00:00:39',1,'App\\Models\\Tenant\\User',NULL,'0','desktop','0','0','0','0',NULL,NULL,NULL,'2023-01-06 00:00:39','2023-01-06 00:00:39'),(1717,1,'login','2023-01-06','00:00:40',1,'App\\Models\\Tenant\\User',NULL,'0','desktop','0','0','0','0',NULL,NULL,NULL,'2023-01-06 00:00:40','2023-01-06 00:00:40'),(1718,1,'login','2023-01-06','00:00:40',1,'App\\Models\\Tenant\\User',NULL,'0','desktop','0','0','0','0',NULL,NULL,NULL,'2023-01-06 00:00:40','2023-01-06 00:00:40'),(1719,1,'login','2023-01-06','00:00:42',1,'App\\Models\\Tenant\\User',NULL,'0','desktop','0','0','0','0',NULL,NULL,NULL,'2023-01-06 00:00:42','2023-01-06 00:00:42'),(1720,1,'login','2023-01-06','00:00:42',1,'App\\Models\\Tenant\\User',NULL,'0','desktop','0','0','0','0',NULL,NULL,NULL,'2023-01-06 00:00:42','2023-01-06 00:00:42'),(1721,1,'login','2023-01-06','00:00:44',1,'App\\Models\\Tenant\\User',NULL,'0','desktop','0','0','0','0',NULL,NULL,NULL,'2023-01-06 00:00:44','2023-01-06 00:00:44'),(1722,1,'login','2023-01-06','00:00:45',1,'App\\Models\\Tenant\\User',NULL,'0','desktop','0','0','0','0',NULL,NULL,NULL,'2023-01-06 00:00:45','2023-01-06 00:00:45'),(1723,1,'login','2023-01-06','00:00:46',1,'App\\Models\\Tenant\\User',NULL,'0','desktop','0','0','0','0',NULL,NULL,NULL,'2023-01-06 00:00:46','2023-01-06 00:00:46'),(1724,1,'login','2023-01-06','00:00:48',1,'App\\Models\\Tenant\\User',NULL,'0','desktop','0','0','0','0',NULL,NULL,NULL,'2023-01-06 00:00:48','2023-01-06 00:00:48'),(1725,1,'login','2023-01-06','00:00:48',1,'App\\Models\\Tenant\\User',NULL,'0','desktop','0','0','0','0',NULL,NULL,NULL,'2023-01-06 00:00:48','2023-01-06 00:00:48'),(1726,1,'login','2023-01-06','00:00:49',1,'App\\Models\\Tenant\\User',NULL,'0','desktop','0','0','0','0',NULL,NULL,NULL,'2023-01-06 00:00:49','2023-01-06 00:00:49'),(1727,1,'login','2023-01-06','00:00:50',1,'App\\Models\\Tenant\\User',NULL,'0','desktop','0','0','0','0',NULL,NULL,NULL,'2023-01-06 00:00:50','2023-01-06 00:00:50'),(1728,1,'login','2023-01-06','00:00:51',1,'App\\Models\\Tenant\\User',NULL,'0','desktop','0','0','0','0',NULL,NULL,NULL,'2023-01-06 00:00:51','2023-01-06 00:00:51'),(1729,1,'login','2023-01-06','00:00:52',1,'App\\Models\\Tenant\\User',NULL,'0','desktop','0','0','0','0',NULL,NULL,NULL,'2023-01-06 00:00:52','2023-01-06 00:00:52'),(1730,1,'login','2023-01-06','00:30:03',1,'App\\Models\\Tenant\\User',NULL,'0','desktop','0','0','0','0',NULL,NULL,NULL,'2023-01-06 00:30:03','2023-01-06 00:30:03'),(1731,1,'login','2023-01-06','00:30:03',1,'App\\Models\\Tenant\\User',NULL,'0','desktop','0','0','0','0',NULL,NULL,NULL,'2023-01-06 00:30:03','2023-01-06 00:30:03'),(1732,1,'login','2023-01-06','00:30:15',1,'App\\Models\\Tenant\\User',NULL,'0','desktop','0','0','0','0',NULL,NULL,NULL,'2023-01-06 00:30:15','2023-01-06 00:30:15'),(1733,1,'login','2023-01-06','00:30:18',1,'App\\Models\\Tenant\\User',NULL,'0','desktop','0','0','0','0',NULL,NULL,NULL,'2023-01-06 00:30:18','2023-01-06 00:30:18'),(1734,1,'login','2023-01-06','00:30:19',1,'App\\Models\\Tenant\\User',NULL,'0','desktop','0','0','0','0',NULL,NULL,NULL,'2023-01-06 00:30:19','2023-01-06 00:30:19'),(1735,1,'login','2023-01-06','00:30:21',1,'App\\Models\\Tenant\\User',NULL,'0','desktop','0','0','0','0',NULL,NULL,NULL,'2023-01-06 00:30:21','2023-01-06 00:30:21'),(1736,1,'login','2023-01-06','00:30:23',1,'App\\Models\\Tenant\\User',NULL,'0','desktop','0','0','0','0',NULL,NULL,NULL,'2023-01-06 00:30:23','2023-01-06 00:30:23'),(1737,1,'login','2023-01-06','00:30:25',1,'App\\Models\\Tenant\\User',NULL,'0','desktop','0','0','0','0',NULL,NULL,NULL,'2023-01-06 00:30:25','2023-01-06 00:30:25'),(1738,1,'login','2023-01-06','00:30:26',1,'App\\Models\\Tenant\\User',NULL,'0','desktop','0','0','0','0',NULL,NULL,NULL,'2023-01-06 00:30:26','2023-01-06 00:30:26'),(1739,1,'login','2023-01-06','00:30:28',1,'App\\Models\\Tenant\\User',NULL,'0','desktop','0','0','0','0',NULL,NULL,NULL,'2023-01-06 00:30:28','2023-01-06 00:30:28'),(1740,1,'login','2023-01-06','00:30:29',1,'App\\Models\\Tenant\\User',NULL,'0','desktop','0','0','0','0',NULL,NULL,NULL,'2023-01-06 00:30:29','2023-01-06 00:30:29'),(1741,1,'login','2023-01-06','00:30:31',1,'App\\Models\\Tenant\\User',NULL,'0','desktop','0','0','0','0',NULL,NULL,NULL,'2023-01-06 00:30:31','2023-01-06 00:30:31'),(1742,1,'login','2023-01-06','00:30:32',1,'App\\Models\\Tenant\\User',NULL,'0','desktop','0','0','0','0',NULL,NULL,NULL,'2023-01-06 00:30:32','2023-01-06 00:30:32'),(1743,1,'login','2023-01-06','00:30:34',1,'App\\Models\\Tenant\\User',NULL,'0','desktop','0','0','0','0',NULL,NULL,NULL,'2023-01-06 00:30:34','2023-01-06 00:30:34'),(1744,1,'login','2023-01-06','00:30:37',1,'App\\Models\\Tenant\\User',NULL,'0','desktop','0','0','0','0',NULL,NULL,NULL,'2023-01-06 00:30:37','2023-01-06 00:30:37'),(1745,1,'login','2023-01-06','00:30:38',1,'App\\Models\\Tenant\\User',NULL,'0','desktop','0','0','0','0',NULL,NULL,NULL,'2023-01-06 00:30:38','2023-01-06 00:30:38'),(1746,1,'login','2023-01-06','16:07:11',1,'App\\Models\\Tenant\\User','190.187.46.168','WebKit','desktop','Windows','10.0','Chrome','108.0.0.0',NULL,NULL,'{\"country_name\":\"Peru\",\"country_code\":\"PE\",\"region_code\":\"LMA\",\"region_name\":\"Lima\",\"city_name\":\"Lima\",\"latitude\":\"-12.0464\",\"longitude\":\"-77.0428\",\"timezone\":\"America\\/Lima\"}','2023-01-06 16:07:11','2023-01-06 16:07:11'),(1747,1,'login','2023-01-07','00:00:08',1,'App\\Models\\Tenant\\User',NULL,'0','desktop','0','0','0','0',NULL,NULL,NULL,'2023-01-07 00:00:08','2023-01-07 00:00:08'),(1748,1,'login','2023-01-07','00:00:08',1,'App\\Models\\Tenant\\User',NULL,'0','desktop','0','0','0','0',NULL,NULL,NULL,'2023-01-07 00:00:08','2023-01-07 00:00:08'),(1749,1,'login','2023-01-07','00:00:36',1,'App\\Models\\Tenant\\User',NULL,'0','desktop','0','0','0','0',NULL,NULL,NULL,'2023-01-07 00:00:36','2023-01-07 00:00:36'),(1750,1,'login','2023-01-07','00:00:37',1,'App\\Models\\Tenant\\User',NULL,'0','desktop','0','0','0','0',NULL,NULL,NULL,'2023-01-07 00:00:37','2023-01-07 00:00:37'),(1751,1,'login','2023-01-07','00:00:38',1,'App\\Models\\Tenant\\User',NULL,'0','desktop','0','0','0','0',NULL,NULL,NULL,'2023-01-07 00:00:38','2023-01-07 00:00:38'),(1752,1,'login','2023-01-07','00:00:39',1,'App\\Models\\Tenant\\User',NULL,'0','desktop','0','0','0','0',NULL,NULL,NULL,'2023-01-07 00:00:39','2023-01-07 00:00:39'),(1753,1,'login','2023-01-07','00:00:40',1,'App\\Models\\Tenant\\User',NULL,'0','desktop','0','0','0','0',NULL,NULL,NULL,'2023-01-07 00:00:40','2023-01-07 00:00:40'),(1754,1,'login','2023-01-07','00:00:41',1,'App\\Models\\Tenant\\User',NULL,'0','desktop','0','0','0','0',NULL,NULL,NULL,'2023-01-07 00:00:41','2023-01-07 00:00:41'),(1755,1,'login','2023-01-07','00:00:42',1,'App\\Models\\Tenant\\User',NULL,'0','desktop','0','0','0','0',NULL,NULL,NULL,'2023-01-07 00:00:42','2023-01-07 00:00:42'),(1756,1,'login','2023-01-07','00:00:43',1,'App\\Models\\Tenant\\User',NULL,'0','desktop','0','0','0','0',NULL,NULL,NULL,'2023-01-07 00:00:43','2023-01-07 00:00:43'),(1757,1,'login','2023-01-07','00:00:44',1,'App\\Models\\Tenant\\User',NULL,'0','desktop','0','0','0','0',NULL,NULL,NULL,'2023-01-07 00:00:44','2023-01-07 00:00:44'),(1758,1,'login','2023-01-07','00:00:45',1,'App\\Models\\Tenant\\User',NULL,'0','desktop','0','0','0','0',NULL,NULL,NULL,'2023-01-07 00:00:45','2023-01-07 00:00:45'),(1759,1,'login','2023-01-07','00:00:46',1,'App\\Models\\Tenant\\User',NULL,'0','desktop','0','0','0','0',NULL,NULL,NULL,'2023-01-07 00:00:46','2023-01-07 00:00:46'),(1760,1,'login','2023-01-07','00:00:47',1,'App\\Models\\Tenant\\User',NULL,'0','desktop','0','0','0','0',NULL,NULL,NULL,'2023-01-07 00:00:47','2023-01-07 00:00:47'),(1761,1,'login','2023-01-07','00:00:48',1,'App\\Models\\Tenant\\User',NULL,'0','desktop','0','0','0','0',NULL,NULL,NULL,'2023-01-07 00:00:48','2023-01-07 00:00:48'),(1762,1,'login','2023-01-07','00:00:49',1,'App\\Models\\Tenant\\User',NULL,'0','desktop','0','0','0','0',NULL,NULL,NULL,'2023-01-07 00:00:49','2023-01-07 00:00:49'),(1763,1,'login','2023-01-07','00:30:04',1,'App\\Models\\Tenant\\User',NULL,'0','desktop','0','0','0','0',NULL,NULL,NULL,'2023-01-07 00:30:04','2023-01-07 00:30:04'),(1764,1,'login','2023-01-07','00:30:04',1,'App\\Models\\Tenant\\User',NULL,'0','desktop','0','0','0','0',NULL,NULL,NULL,'2023-01-07 00:30:04','2023-01-07 00:30:04'),(1765,1,'login','2023-01-07','00:30:12',1,'App\\Models\\Tenant\\User',NULL,'0','desktop','0','0','0','0',NULL,NULL,NULL,'2023-01-07 00:30:12','2023-01-07 00:30:12'),(1766,1,'login','2023-01-07','00:30:13',1,'App\\Models\\Tenant\\User',NULL,'0','desktop','0','0','0','0',NULL,NULL,NULL,'2023-01-07 00:30:13','2023-01-07 00:30:13'),(1767,1,'login','2023-01-07','00:30:15',1,'App\\Models\\Tenant\\User',NULL,'0','desktop','0','0','0','0',NULL,NULL,NULL,'2023-01-07 00:30:15','2023-01-07 00:30:15'),(1768,1,'login','2023-01-07','00:30:16',1,'App\\Models\\Tenant\\User',NULL,'0','desktop','0','0','0','0',NULL,NULL,NULL,'2023-01-07 00:30:16','2023-01-07 00:30:16'),(1769,1,'login','2023-01-07','00:30:18',1,'App\\Models\\Tenant\\User',NULL,'0','desktop','0','0','0','0',NULL,NULL,NULL,'2023-01-07 00:30:18','2023-01-07 00:30:18'),(1770,1,'login','2023-01-07','00:30:19',1,'App\\Models\\Tenant\\User',NULL,'0','desktop','0','0','0','0',NULL,NULL,NULL,'2023-01-07 00:30:19','2023-01-07 00:30:19'),(1771,1,'login','2023-01-07','00:30:21',1,'App\\Models\\Tenant\\User',NULL,'0','desktop','0','0','0','0',NULL,NULL,NULL,'2023-01-07 00:30:21','2023-01-07 00:30:21'),(1772,1,'login','2023-01-07','00:30:22',1,'App\\Models\\Tenant\\User',NULL,'0','desktop','0','0','0','0',NULL,NULL,NULL,'2023-01-07 00:30:22','2023-01-07 00:30:22'),(1773,1,'login','2023-01-07','00:30:24',1,'App\\Models\\Tenant\\User',NULL,'0','desktop','0','0','0','0',NULL,NULL,NULL,'2023-01-07 00:30:24','2023-01-07 00:30:24'),(1774,1,'login','2023-01-07','00:30:25',1,'App\\Models\\Tenant\\User',NULL,'0','desktop','0','0','0','0',NULL,NULL,NULL,'2023-01-07 00:30:25','2023-01-07 00:30:25'),(1775,1,'login','2023-01-07','00:30:26',1,'App\\Models\\Tenant\\User',NULL,'0','desktop','0','0','0','0',NULL,NULL,NULL,'2023-01-07 00:30:26','2023-01-07 00:30:26'),(1776,1,'login','2023-01-07','00:30:28',1,'App\\Models\\Tenant\\User',NULL,'0','desktop','0','0','0','0',NULL,NULL,NULL,'2023-01-07 00:30:28','2023-01-07 00:30:28'),(1777,1,'login','2023-01-07','00:30:29',1,'App\\Models\\Tenant\\User',NULL,'0','desktop','0','0','0','0',NULL,NULL,NULL,'2023-01-07 00:30:29','2023-01-07 00:30:29'),(1778,1,'login','2023-01-07','00:30:30',1,'App\\Models\\Tenant\\User',NULL,'0','desktop','0','0','0','0',NULL,NULL,NULL,'2023-01-07 00:30:30','2023-01-07 00:30:30'),(1779,1,'login','2023-01-07','10:33:54',1,'App\\Models\\Tenant\\User','190.187.46.168','WebKit','desktop','Windows','10.0','Chrome','108.0.0.0',NULL,NULL,'{\"country_name\":\"Peru\",\"country_code\":\"PE\",\"region_code\":\"LMA\",\"region_name\":\"Lima\",\"city_name\":\"Lima\",\"latitude\":\"-12.0464\",\"longitude\":\"-77.0428\",\"timezone\":\"America\\/Lima\"}','2023-01-07 10:33:54','2023-01-07 10:33:54'),(1780,1,'login','2023-01-08','00:00:08',1,'App\\Models\\Tenant\\User',NULL,'0','desktop','0','0','0','0',NULL,NULL,NULL,'2023-01-08 00:00:08','2023-01-08 00:00:08'),(1781,1,'login','2023-01-08','00:00:09',1,'App\\Models\\Tenant\\User',NULL,'0','desktop','0','0','0','0',NULL,NULL,NULL,'2023-01-08 00:00:09','2023-01-08 00:00:09'),(1782,1,'login','2023-01-08','00:00:42',1,'App\\Models\\Tenant\\User',NULL,'0','desktop','0','0','0','0',NULL,NULL,NULL,'2023-01-08 00:00:42','2023-01-08 00:00:42'),(1783,1,'login','2023-01-08','00:00:43',1,'App\\Models\\Tenant\\User',NULL,'0','desktop','0','0','0','0',NULL,NULL,NULL,'2023-01-08 00:00:43','2023-01-08 00:00:43'),(1784,1,'login','2023-01-08','00:00:44',1,'App\\Models\\Tenant\\User',NULL,'0','desktop','0','0','0','0',NULL,NULL,NULL,'2023-01-08 00:00:44','2023-01-08 00:00:44'),(1785,1,'login','2023-01-08','00:00:45',1,'App\\Models\\Tenant\\User',NULL,'0','desktop','0','0','0','0',NULL,NULL,NULL,'2023-01-08 00:00:45','2023-01-08 00:00:45'),(1786,1,'login','2023-01-08','00:00:46',1,'App\\Models\\Tenant\\User',NULL,'0','desktop','0','0','0','0',NULL,NULL,NULL,'2023-01-08 00:00:46','2023-01-08 00:00:46'),(1787,1,'login','2023-01-08','00:00:47',1,'App\\Models\\Tenant\\User',NULL,'0','desktop','0','0','0','0',NULL,NULL,NULL,'2023-01-08 00:00:47','2023-01-08 00:00:47'),(1788,1,'login','2023-01-08','00:00:48',1,'App\\Models\\Tenant\\User',NULL,'0','desktop','0','0','0','0',NULL,NULL,NULL,'2023-01-08 00:00:48','2023-01-08 00:00:48'),(1789,1,'login','2023-01-08','00:00:49',1,'App\\Models\\Tenant\\User',NULL,'0','desktop','0','0','0','0',NULL,NULL,NULL,'2023-01-08 00:00:49','2023-01-08 00:00:49'),(1790,1,'login','2023-01-08','00:00:50',1,'App\\Models\\Tenant\\User',NULL,'0','desktop','0','0','0','0',NULL,NULL,NULL,'2023-01-08 00:00:50','2023-01-08 00:00:50'),(1791,1,'login','2023-01-08','00:00:51',1,'App\\Models\\Tenant\\User',NULL,'0','desktop','0','0','0','0',NULL,NULL,NULL,'2023-01-08 00:00:51','2023-01-08 00:00:51'),(1792,1,'login','2023-01-08','00:00:52',1,'App\\Models\\Tenant\\User',NULL,'0','desktop','0','0','0','0',NULL,NULL,NULL,'2023-01-08 00:00:52','2023-01-08 00:00:52'),(1793,1,'login','2023-01-08','00:00:52',1,'App\\Models\\Tenant\\User',NULL,'0','desktop','0','0','0','0',NULL,NULL,NULL,'2023-01-08 00:00:52','2023-01-08 00:00:52'),(1794,1,'login','2023-01-08','00:00:53',1,'App\\Models\\Tenant\\User',NULL,'0','desktop','0','0','0','0',NULL,NULL,NULL,'2023-01-08 00:00:53','2023-01-08 00:00:53'),(1795,1,'login','2023-01-08','00:00:54',1,'App\\Models\\Tenant\\User',NULL,'0','desktop','0','0','0','0',NULL,NULL,NULL,'2023-01-08 00:00:54','2023-01-08 00:00:54'),(1796,1,'login','2023-01-08','00:30:04',1,'App\\Models\\Tenant\\User',NULL,'0','desktop','0','0','0','0',NULL,NULL,NULL,'2023-01-08 00:30:04','2023-01-08 00:30:04'),(1797,1,'login','2023-01-08','00:30:04',1,'App\\Models\\Tenant\\User',NULL,'0','desktop','0','0','0','0',NULL,NULL,NULL,'2023-01-08 00:30:04','2023-01-08 00:30:04'),(1798,1,'login','2023-01-08','00:30:10',1,'App\\Models\\Tenant\\User',NULL,'0','desktop','0','0','0','0',NULL,NULL,NULL,'2023-01-08 00:30:10','2023-01-08 00:30:10'),(1799,1,'login','2023-01-08','00:30:11',1,'App\\Models\\Tenant\\User',NULL,'0','desktop','0','0','0','0',NULL,NULL,NULL,'2023-01-08 00:30:11','2023-01-08 00:30:11'),(1800,1,'login','2023-01-08','00:30:12',1,'App\\Models\\Tenant\\User',NULL,'0','desktop','0','0','0','0',NULL,NULL,NULL,'2023-01-08 00:30:12','2023-01-08 00:30:12'),(1801,1,'login','2023-01-08','00:30:14',1,'App\\Models\\Tenant\\User',NULL,'0','desktop','0','0','0','0',NULL,NULL,NULL,'2023-01-08 00:30:14','2023-01-08 00:30:14'),(1802,1,'login','2023-01-08','00:30:15',1,'App\\Models\\Tenant\\User',NULL,'0','desktop','0','0','0','0',NULL,NULL,NULL,'2023-01-08 00:30:15','2023-01-08 00:30:15'),(1803,1,'login','2023-01-08','00:30:16',1,'App\\Models\\Tenant\\User',NULL,'0','desktop','0','0','0','0',NULL,NULL,NULL,'2023-01-08 00:30:16','2023-01-08 00:30:16'),(1804,1,'login','2023-01-08','00:30:18',1,'App\\Models\\Tenant\\User',NULL,'0','desktop','0','0','0','0',NULL,NULL,NULL,'2023-01-08 00:30:18','2023-01-08 00:30:18'),(1805,1,'login','2023-01-08','00:30:19',1,'App\\Models\\Tenant\\User',NULL,'0','desktop','0','0','0','0',NULL,NULL,NULL,'2023-01-08 00:30:19','2023-01-08 00:30:19'),(1806,1,'login','2023-01-08','00:30:20',1,'App\\Models\\Tenant\\User',NULL,'0','desktop','0','0','0','0',NULL,NULL,NULL,'2023-01-08 00:30:20','2023-01-08 00:30:20'),(1807,1,'login','2023-01-08','00:30:22',1,'App\\Models\\Tenant\\User',NULL,'0','desktop','0','0','0','0',NULL,NULL,NULL,'2023-01-08 00:30:22','2023-01-08 00:30:22'),(1808,1,'login','2023-01-08','00:30:23',1,'App\\Models\\Tenant\\User',NULL,'0','desktop','0','0','0','0',NULL,NULL,NULL,'2023-01-08 00:30:23','2023-01-08 00:30:23'),(1809,1,'login','2023-01-08','00:30:24',1,'App\\Models\\Tenant\\User',NULL,'0','desktop','0','0','0','0',NULL,NULL,NULL,'2023-01-08 00:30:24','2023-01-08 00:30:24'),(1810,1,'login','2023-01-08','00:30:26',1,'App\\Models\\Tenant\\User',NULL,'0','desktop','0','0','0','0',NULL,NULL,NULL,'2023-01-08 00:30:26','2023-01-08 00:30:26'),(1811,1,'login','2023-01-08','00:30:27',1,'App\\Models\\Tenant\\User',NULL,'0','desktop','0','0','0','0',NULL,NULL,NULL,'2023-01-08 00:30:27','2023-01-08 00:30:27'),(1812,1,'login','2023-01-09','00:00:04',1,'App\\Models\\Tenant\\User',NULL,'0','desktop','0','0','0','0',NULL,NULL,NULL,'2023-01-09 00:00:04','2023-01-09 00:00:04'),(1813,1,'login','2023-01-09','00:00:04',1,'App\\Models\\Tenant\\User',NULL,'0','desktop','0','0','0','0',NULL,NULL,NULL,'2023-01-09 00:00:04','2023-01-09 00:00:04'),(1814,1,'login','2023-01-09','00:00:32',1,'App\\Models\\Tenant\\User',NULL,'0','desktop','0','0','0','0',NULL,NULL,NULL,'2023-01-09 00:00:32','2023-01-09 00:00:32'),(1815,1,'login','2023-01-09','00:00:34',1,'App\\Models\\Tenant\\User',NULL,'0','desktop','0','0','0','0',NULL,NULL,NULL,'2023-01-09 00:00:34','2023-01-09 00:00:34'),(1816,1,'login','2023-01-09','00:00:35',1,'App\\Models\\Tenant\\User',NULL,'0','desktop','0','0','0','0',NULL,NULL,NULL,'2023-01-09 00:00:35','2023-01-09 00:00:35'),(1817,1,'login','2023-01-09','00:00:36',1,'App\\Models\\Tenant\\User',NULL,'0','desktop','0','0','0','0',NULL,NULL,NULL,'2023-01-09 00:00:36','2023-01-09 00:00:36'),(1818,1,'login','2023-01-09','00:00:37',1,'App\\Models\\Tenant\\User',NULL,'0','desktop','0','0','0','0',NULL,NULL,NULL,'2023-01-09 00:00:37','2023-01-09 00:00:37'),(1819,1,'login','2023-01-09','00:00:39',1,'App\\Models\\Tenant\\User',NULL,'0','desktop','0','0','0','0',NULL,NULL,NULL,'2023-01-09 00:00:39','2023-01-09 00:00:39'),(1820,1,'login','2023-01-09','00:00:39',1,'App\\Models\\Tenant\\User',NULL,'0','desktop','0','0','0','0',NULL,NULL,NULL,'2023-01-09 00:00:39','2023-01-09 00:00:39'),(1821,1,'login','2023-01-09','00:00:40',1,'App\\Models\\Tenant\\User',NULL,'0','desktop','0','0','0','0',NULL,NULL,NULL,'2023-01-09 00:00:40','2023-01-09 00:00:40'),(1822,1,'login','2023-01-09','00:00:41',1,'App\\Models\\Tenant\\User',NULL,'0','desktop','0','0','0','0',NULL,NULL,NULL,'2023-01-09 00:00:41','2023-01-09 00:00:41'),(1823,1,'login','2023-01-09','00:00:42',1,'App\\Models\\Tenant\\User',NULL,'0','desktop','0','0','0','0',NULL,NULL,NULL,'2023-01-09 00:00:42','2023-01-09 00:00:42'),(1824,1,'login','2023-01-09','00:00:43',1,'App\\Models\\Tenant\\User',NULL,'0','desktop','0','0','0','0',NULL,NULL,NULL,'2023-01-09 00:00:43','2023-01-09 00:00:43'),(1825,1,'login','2023-01-09','00:00:44',1,'App\\Models\\Tenant\\User',NULL,'0','desktop','0','0','0','0',NULL,NULL,NULL,'2023-01-09 00:00:44','2023-01-09 00:00:44'),(1826,1,'login','2023-01-09','00:00:44',1,'App\\Models\\Tenant\\User',NULL,'0','desktop','0','0','0','0',NULL,NULL,NULL,'2023-01-09 00:00:44','2023-01-09 00:00:44'),(1827,1,'login','2023-01-09','00:00:45',1,'App\\Models\\Tenant\\User',NULL,'0','desktop','0','0','0','0',NULL,NULL,NULL,'2023-01-09 00:00:45','2023-01-09 00:00:45'),(1828,1,'login','2023-01-09','00:30:03',1,'App\\Models\\Tenant\\User',NULL,'0','desktop','0','0','0','0',NULL,NULL,NULL,'2023-01-09 00:30:03','2023-01-09 00:30:03'),(1829,1,'login','2023-01-09','00:30:03',1,'App\\Models\\Tenant\\User',NULL,'0','desktop','0','0','0','0',NULL,NULL,NULL,'2023-01-09 00:30:03','2023-01-09 00:30:03'),(1830,1,'login','2023-01-09','11:57:59',1,'App\\Models\\Tenant\\User','190.236.3.29','WebKit','desktop','Windows','10.0','Chrome','108.0.0.0',NULL,NULL,'{\"country_name\":\"Peru\",\"country_code\":\"PE\",\"region_code\":\"LMA\",\"region_name\":\"Lima\",\"city_name\":\"Lima\",\"latitude\":\"-12.0464\",\"longitude\":\"-77.0428\",\"timezone\":\"America\\/Lima\"}','2023-01-09 11:57:59','2023-01-09 11:57:59'),(1831,1,'login','2023-01-10','00:00:11',1,'App\\Models\\Tenant\\User',NULL,'0','desktop','0','0','0','0',NULL,NULL,NULL,'2023-01-10 00:00:11','2023-01-10 00:00:11'),(1832,1,'login','2023-01-10','00:00:11',1,'App\\Models\\Tenant\\User',NULL,'0','desktop','0','0','0','0',NULL,NULL,NULL,'2023-01-10 00:00:11','2023-01-10 00:00:11'),(1833,1,'login','2023-01-10','00:00:41',1,'App\\Models\\Tenant\\User',NULL,'0','desktop','0','0','0','0',NULL,NULL,NULL,'2023-01-10 00:00:41','2023-01-10 00:00:41'),(1834,1,'login','2023-01-10','00:00:42',1,'App\\Models\\Tenant\\User',NULL,'0','desktop','0','0','0','0',NULL,NULL,NULL,'2023-01-10 00:00:42','2023-01-10 00:00:42'),(1835,1,'login','2023-01-10','00:00:43',1,'App\\Models\\Tenant\\User',NULL,'0','desktop','0','0','0','0',NULL,NULL,NULL,'2023-01-10 00:00:43','2023-01-10 00:00:43'),(1836,1,'login','2023-01-10','00:00:44',1,'App\\Models\\Tenant\\User',NULL,'0','desktop','0','0','0','0',NULL,NULL,NULL,'2023-01-10 00:00:44','2023-01-10 00:00:44'),(1837,1,'login','2023-01-10','00:00:45',1,'App\\Models\\Tenant\\User',NULL,'0','desktop','0','0','0','0',NULL,NULL,NULL,'2023-01-10 00:00:45','2023-01-10 00:00:45'),(1838,1,'login','2023-01-10','00:00:46',1,'App\\Models\\Tenant\\User',NULL,'0','desktop','0','0','0','0',NULL,NULL,NULL,'2023-01-10 00:00:46','2023-01-10 00:00:46'),(1839,1,'login','2023-01-10','00:00:47',1,'App\\Models\\Tenant\\User',NULL,'0','desktop','0','0','0','0',NULL,NULL,NULL,'2023-01-10 00:00:47','2023-01-10 00:00:47'),(1840,1,'login','2023-01-10','00:00:48',1,'App\\Models\\Tenant\\User',NULL,'0','desktop','0','0','0','0',NULL,NULL,NULL,'2023-01-10 00:00:48','2023-01-10 00:00:48'),(1841,1,'login','2023-01-10','00:00:49',1,'App\\Models\\Tenant\\User',NULL,'0','desktop','0','0','0','0',NULL,NULL,NULL,'2023-01-10 00:00:49','2023-01-10 00:00:49'),(1842,1,'login','2023-01-10','00:00:50',1,'App\\Models\\Tenant\\User',NULL,'0','desktop','0','0','0','0',NULL,NULL,NULL,'2023-01-10 00:00:50','2023-01-10 00:00:50'),(1843,1,'login','2023-01-10','00:00:51',1,'App\\Models\\Tenant\\User',NULL,'0','desktop','0','0','0','0',NULL,NULL,NULL,'2023-01-10 00:00:51','2023-01-10 00:00:51'),(1844,1,'login','2023-01-10','00:00:51',1,'App\\Models\\Tenant\\User',NULL,'0','desktop','0','0','0','0',NULL,NULL,NULL,'2023-01-10 00:00:51','2023-01-10 00:00:51'),(1845,1,'login','2023-01-10','00:00:52',1,'App\\Models\\Tenant\\User',NULL,'0','desktop','0','0','0','0',NULL,NULL,NULL,'2023-01-10 00:00:52','2023-01-10 00:00:52'),(1846,1,'login','2023-01-10','00:00:54',1,'App\\Models\\Tenant\\User',NULL,'0','desktop','0','0','0','0',NULL,NULL,NULL,'2023-01-10 00:00:54','2023-01-10 00:00:54'),(1847,1,'login','2023-01-10','00:00:55',1,'App\\Models\\Tenant\\User',NULL,'0','desktop','0','0','0','0',NULL,NULL,NULL,'2023-01-10 00:00:55','2023-01-10 00:00:55'),(1848,1,'login','2023-01-10','00:30:03',1,'App\\Models\\Tenant\\User',NULL,'0','desktop','0','0','0','0',NULL,NULL,NULL,'2023-01-10 00:30:03','2023-01-10 00:30:03'),(1849,1,'login','2023-01-10','00:30:14',1,'App\\Models\\Tenant\\User',NULL,'0','desktop','0','0','0','0',NULL,NULL,NULL,'2023-01-10 00:30:14','2023-01-10 00:30:14'),(1850,1,'login','2023-01-10','00:30:16',1,'App\\Models\\Tenant\\User',NULL,'0','desktop','0','0','0','0',NULL,NULL,NULL,'2023-01-10 00:30:16','2023-01-10 00:30:16'),(1851,1,'login','2023-01-10','00:30:18',1,'App\\Models\\Tenant\\User',NULL,'0','desktop','0','0','0','0',NULL,NULL,NULL,'2023-01-10 00:30:18','2023-01-10 00:30:18'),(1852,1,'login','2023-01-10','00:30:21',1,'App\\Models\\Tenant\\User',NULL,'0','desktop','0','0','0','0',NULL,NULL,NULL,'2023-01-10 00:30:21','2023-01-10 00:30:21'),(1853,1,'login','2023-01-10','00:30:23',1,'App\\Models\\Tenant\\User',NULL,'0','desktop','0','0','0','0',NULL,NULL,NULL,'2023-01-10 00:30:23','2023-01-10 00:30:23'),(1854,1,'login','2023-01-11','00:00:08',1,'App\\Models\\Tenant\\User',NULL,'0','desktop','0','0','0','0',NULL,NULL,NULL,'2023-01-11 00:00:08','2023-01-11 00:00:08'),(1855,1,'login','2023-01-11','00:00:08',1,'App\\Models\\Tenant\\User',NULL,'0','desktop','0','0','0','0',NULL,NULL,NULL,'2023-01-11 00:00:08','2023-01-11 00:00:08'),(1856,1,'login','2023-01-11','00:00:43',1,'App\\Models\\Tenant\\User',NULL,'0','desktop','0','0','0','0',NULL,NULL,NULL,'2023-01-11 00:00:43','2023-01-11 00:00:43'),(1857,1,'login','2023-01-11','00:00:44',1,'App\\Models\\Tenant\\User',NULL,'0','desktop','0','0','0','0',NULL,NULL,NULL,'2023-01-11 00:00:44','2023-01-11 00:00:44'),(1858,1,'login','2023-01-11','00:00:45',1,'App\\Models\\Tenant\\User',NULL,'0','desktop','0','0','0','0',NULL,NULL,NULL,'2023-01-11 00:00:45','2023-01-11 00:00:45'),(1859,1,'login','2023-01-11','00:00:45',1,'App\\Models\\Tenant\\User',NULL,'0','desktop','0','0','0','0',NULL,NULL,NULL,'2023-01-11 00:00:45','2023-01-11 00:00:45'),(1860,1,'login','2023-01-11','00:00:46',1,'App\\Models\\Tenant\\User',NULL,'0','desktop','0','0','0','0',NULL,NULL,NULL,'2023-01-11 00:00:46','2023-01-11 00:00:46'),(1861,1,'login','2023-01-11','00:00:47',1,'App\\Models\\Tenant\\User',NULL,'0','desktop','0','0','0','0',NULL,NULL,NULL,'2023-01-11 00:00:47','2023-01-11 00:00:47'),(1862,1,'login','2023-01-11','00:00:48',1,'App\\Models\\Tenant\\User',NULL,'0','desktop','0','0','0','0',NULL,NULL,NULL,'2023-01-11 00:00:48','2023-01-11 00:00:48'),(1863,1,'login','2023-01-11','00:00:49',1,'App\\Models\\Tenant\\User',NULL,'0','desktop','0','0','0','0',NULL,NULL,NULL,'2023-01-11 00:00:49','2023-01-11 00:00:49'),(1864,1,'login','2023-01-11','00:00:50',1,'App\\Models\\Tenant\\User',NULL,'0','desktop','0','0','0','0',NULL,NULL,NULL,'2023-01-11 00:00:50','2023-01-11 00:00:50'),(1865,1,'login','2023-01-11','00:00:51',1,'App\\Models\\Tenant\\User',NULL,'0','desktop','0','0','0','0',NULL,NULL,NULL,'2023-01-11 00:00:51','2023-01-11 00:00:51'),(1866,1,'login','2023-01-11','00:00:52',1,'App\\Models\\Tenant\\User',NULL,'0','desktop','0','0','0','0',NULL,NULL,NULL,'2023-01-11 00:00:52','2023-01-11 00:00:52'),(1867,1,'login','2023-01-11','00:00:53',1,'App\\Models\\Tenant\\User',NULL,'0','desktop','0','0','0','0',NULL,NULL,NULL,'2023-01-11 00:00:53','2023-01-11 00:00:53'),(1868,1,'login','2023-01-11','00:00:54',1,'App\\Models\\Tenant\\User',NULL,'0','desktop','0','0','0','0',NULL,NULL,NULL,'2023-01-11 00:00:54','2023-01-11 00:00:54'),(1869,1,'login','2023-01-11','00:00:55',1,'App\\Models\\Tenant\\User',NULL,'0','desktop','0','0','0','0',NULL,NULL,NULL,'2023-01-11 00:00:55','2023-01-11 00:00:55'),(1870,1,'login','2023-01-11','00:00:57',1,'App\\Models\\Tenant\\User',NULL,'0','desktop','0','0','0','0',NULL,NULL,NULL,'2023-01-11 00:00:57','2023-01-11 00:00:57'),(1871,1,'login','2023-01-11','00:30:05',1,'App\\Models\\Tenant\\User',NULL,'0','desktop','0','0','0','0',NULL,NULL,NULL,'2023-01-11 00:30:05','2023-01-11 00:30:05'),(1872,1,'login','2023-01-11','00:30:05',1,'App\\Models\\Tenant\\User',NULL,'0','desktop','0','0','0','0',NULL,NULL,NULL,'2023-01-11 00:30:05','2023-01-11 00:30:05'),(1873,1,'login','2023-01-11','00:30:10',1,'App\\Models\\Tenant\\User',NULL,'0','desktop','0','0','0','0',NULL,NULL,NULL,'2023-01-11 00:30:10','2023-01-11 00:30:10'),(1874,1,'login','2023-01-11','00:30:12',1,'App\\Models\\Tenant\\User',NULL,'0','desktop','0','0','0','0',NULL,NULL,NULL,'2023-01-11 00:30:12','2023-01-11 00:30:12'),(1875,1,'login','2023-01-11','00:30:13',1,'App\\Models\\Tenant\\User',NULL,'0','desktop','0','0','0','0',NULL,NULL,NULL,'2023-01-11 00:30:13','2023-01-11 00:30:13'),(1876,1,'login','2023-01-11','00:30:14',1,'App\\Models\\Tenant\\User',NULL,'0','desktop','0','0','0','0',NULL,NULL,NULL,'2023-01-11 00:30:14','2023-01-11 00:30:14'),(1877,1,'login','2023-01-11','00:30:16',1,'App\\Models\\Tenant\\User',NULL,'0','desktop','0','0','0','0',NULL,NULL,NULL,'2023-01-11 00:30:16','2023-01-11 00:30:16'),(1878,1,'login','2023-01-11','00:30:17',1,'App\\Models\\Tenant\\User',NULL,'0','desktop','0','0','0','0',NULL,NULL,NULL,'2023-01-11 00:30:17','2023-01-11 00:30:17'),(1879,1,'login','2023-01-11','00:30:19',1,'App\\Models\\Tenant\\User',NULL,'0','desktop','0','0','0','0',NULL,NULL,NULL,'2023-01-11 00:30:19','2023-01-11 00:30:19'),(1880,1,'login','2023-01-11','00:30:20',1,'App\\Models\\Tenant\\User',NULL,'0','desktop','0','0','0','0',NULL,NULL,NULL,'2023-01-11 00:30:20','2023-01-11 00:30:20'),(1881,1,'login','2023-01-11','00:30:21',1,'App\\Models\\Tenant\\User',NULL,'0','desktop','0','0','0','0',NULL,NULL,NULL,'2023-01-11 00:30:21','2023-01-11 00:30:21'),(1882,1,'login','2023-01-11','00:30:22',1,'App\\Models\\Tenant\\User',NULL,'0','desktop','0','0','0','0',NULL,NULL,NULL,'2023-01-11 00:30:22','2023-01-11 00:30:22'),(1883,1,'login','2023-01-11','00:30:24',1,'App\\Models\\Tenant\\User',NULL,'0','desktop','0','0','0','0',NULL,NULL,NULL,'2023-01-11 00:30:24','2023-01-11 00:30:24'),(1884,1,'login','2023-01-11','00:30:25',1,'App\\Models\\Tenant\\User',NULL,'0','desktop','0','0','0','0',NULL,NULL,NULL,'2023-01-11 00:30:25','2023-01-11 00:30:25'),(1885,1,'login','2023-01-11','00:30:26',1,'App\\Models\\Tenant\\User',NULL,'0','desktop','0','0','0','0',NULL,NULL,NULL,'2023-01-11 00:30:26','2023-01-11 00:30:26'),(1886,1,'login','2023-01-11','00:30:27',1,'App\\Models\\Tenant\\User',NULL,'0','desktop','0','0','0','0',NULL,NULL,NULL,'2023-01-11 00:30:27','2023-01-11 00:30:27'),(1887,1,'login','2023-01-11','00:30:29',1,'App\\Models\\Tenant\\User',NULL,'0','desktop','0','0','0','0',NULL,NULL,NULL,'2023-01-11 00:30:29','2023-01-11 00:30:29'),(1888,1,'login','2023-01-12','00:00:02',1,'App\\Models\\Tenant\\User',NULL,'0','desktop','0','0','0','0',NULL,NULL,NULL,'2023-01-12 00:00:02','2023-01-12 00:00:02'),(1889,1,'login','2023-01-12','00:00:02',1,'App\\Models\\Tenant\\User',NULL,'0','desktop','0','0','0','0',NULL,NULL,NULL,'2023-01-12 00:00:02','2023-01-12 00:00:02'),(1890,1,'login','2023-01-12','00:00:33',1,'App\\Models\\Tenant\\User',NULL,'0','desktop','0','0','0','0',NULL,NULL,NULL,'2023-01-12 00:00:33','2023-01-12 00:00:33'),(1891,1,'login','2023-01-12','00:00:34',1,'App\\Models\\Tenant\\User',NULL,'0','desktop','0','0','0','0',NULL,NULL,NULL,'2023-01-12 00:00:34','2023-01-12 00:00:34'),(1892,1,'login','2023-01-12','00:00:36',1,'App\\Models\\Tenant\\User',NULL,'0','desktop','0','0','0','0',NULL,NULL,NULL,'2023-01-12 00:00:36','2023-01-12 00:00:36'),(1893,1,'login','2023-01-12','00:00:37',1,'App\\Models\\Tenant\\User',NULL,'0','desktop','0','0','0','0',NULL,NULL,NULL,'2023-01-12 00:00:37','2023-01-12 00:00:37'),(1894,1,'login','2023-01-12','00:00:38',1,'App\\Models\\Tenant\\User',NULL,'0','desktop','0','0','0','0',NULL,NULL,NULL,'2023-01-12 00:00:38','2023-01-12 00:00:38'),(1895,1,'login','2023-01-12','00:00:38',1,'App\\Models\\Tenant\\User',NULL,'0','desktop','0','0','0','0',NULL,NULL,NULL,'2023-01-12 00:00:39','2023-01-12 00:00:39'),(1896,1,'login','2023-01-12','00:00:39',1,'App\\Models\\Tenant\\User',NULL,'0','desktop','0','0','0','0',NULL,NULL,NULL,'2023-01-12 00:00:39','2023-01-12 00:00:39'),(1897,1,'login','2023-01-12','00:00:40',1,'App\\Models\\Tenant\\User',NULL,'0','desktop','0','0','0','0',NULL,NULL,NULL,'2023-01-12 00:00:40','2023-01-12 00:00:40'),(1898,1,'login','2023-01-12','00:00:42',1,'App\\Models\\Tenant\\User',NULL,'0','desktop','0','0','0','0',NULL,NULL,NULL,'2023-01-12 00:00:42','2023-01-12 00:00:42'),(1899,1,'login','2023-01-12','00:00:43',1,'App\\Models\\Tenant\\User',NULL,'0','desktop','0','0','0','0',NULL,NULL,NULL,'2023-01-12 00:00:43','2023-01-12 00:00:43'),(1900,1,'login','2023-01-12','00:00:44',1,'App\\Models\\Tenant\\User',NULL,'0','desktop','0','0','0','0',NULL,NULL,NULL,'2023-01-12 00:00:44','2023-01-12 00:00:44'),(1901,1,'login','2023-01-12','00:00:44',1,'App\\Models\\Tenant\\User',NULL,'0','desktop','0','0','0','0',NULL,NULL,NULL,'2023-01-12 00:00:44','2023-01-12 00:00:44'),(1902,1,'login','2023-01-12','00:00:45',1,'App\\Models\\Tenant\\User',NULL,'0','desktop','0','0','0','0',NULL,NULL,NULL,'2023-01-12 00:00:45','2023-01-12 00:00:45'),(1903,1,'login','2023-01-12','00:00:46',1,'App\\Models\\Tenant\\User',NULL,'0','desktop','0','0','0','0',NULL,NULL,NULL,'2023-01-12 00:00:46','2023-01-12 00:00:46'),(1904,1,'login','2023-01-12','00:00:47',1,'App\\Models\\Tenant\\User',NULL,'0','desktop','0','0','0','0',NULL,NULL,NULL,'2023-01-12 00:00:47','2023-01-12 00:00:47'),(1905,1,'login','2023-01-12','00:30:03',1,'App\\Models\\Tenant\\User',NULL,'0','desktop','0','0','0','0',NULL,NULL,NULL,'2023-01-12 00:30:03','2023-01-12 00:30:03'),(1906,1,'login','2023-01-12','00:30:03',1,'App\\Models\\Tenant\\User',NULL,'0','desktop','0','0','0','0',NULL,NULL,NULL,'2023-01-12 00:30:03','2023-01-12 00:30:03'),(1907,1,'login','2023-01-12','00:30:07',1,'App\\Models\\Tenant\\User',NULL,'0','desktop','0','0','0','0',NULL,NULL,NULL,'2023-01-12 00:30:07','2023-01-12 00:30:07'),(1908,1,'login','2023-01-12','00:30:09',1,'App\\Models\\Tenant\\User',NULL,'0','desktop','0','0','0','0',NULL,NULL,NULL,'2023-01-12 00:30:09','2023-01-12 00:30:09'),(1909,1,'login','2023-01-12','00:30:10',1,'App\\Models\\Tenant\\User',NULL,'0','desktop','0','0','0','0',NULL,NULL,NULL,'2023-01-12 00:30:10','2023-01-12 00:30:10'),(1910,1,'login','2023-01-12','00:30:12',1,'App\\Models\\Tenant\\User',NULL,'0','desktop','0','0','0','0',NULL,NULL,NULL,'2023-01-12 00:30:12','2023-01-12 00:30:12'),(1911,1,'login','2023-01-12','00:30:14',1,'App\\Models\\Tenant\\User',NULL,'0','desktop','0','0','0','0',NULL,NULL,NULL,'2023-01-12 00:30:14','2023-01-12 00:30:14'),(1912,1,'login','2023-01-12','00:30:15',1,'App\\Models\\Tenant\\User',NULL,'0','desktop','0','0','0','0',NULL,NULL,NULL,'2023-01-12 00:30:15','2023-01-12 00:30:15'),(1913,1,'login','2023-01-12','00:30:17',1,'App\\Models\\Tenant\\User',NULL,'0','desktop','0','0','0','0',NULL,NULL,NULL,'2023-01-12 00:30:17','2023-01-12 00:30:17'),(1914,1,'login','2023-01-12','00:30:18',1,'App\\Models\\Tenant\\User',NULL,'0','desktop','0','0','0','0',NULL,NULL,NULL,'2023-01-12 00:30:18','2023-01-12 00:30:18'),(1915,1,'login','2023-01-12','00:30:19',1,'App\\Models\\Tenant\\User',NULL,'0','desktop','0','0','0','0',NULL,NULL,NULL,'2023-01-12 00:30:19','2023-01-12 00:30:19'),(1916,1,'login','2023-01-12','00:30:21',1,'App\\Models\\Tenant\\User',NULL,'0','desktop','0','0','0','0',NULL,NULL,NULL,'2023-01-12 00:30:21','2023-01-12 00:30:21'),(1917,1,'login','2023-01-12','00:30:22',1,'App\\Models\\Tenant\\User',NULL,'0','desktop','0','0','0','0',NULL,NULL,NULL,'2023-01-12 00:30:22','2023-01-12 00:30:22'),(1918,1,'login','2023-01-12','00:30:23',1,'App\\Models\\Tenant\\User',NULL,'0','desktop','0','0','0','0',NULL,NULL,NULL,'2023-01-12 00:30:23','2023-01-12 00:30:23'),(1919,1,'login','2023-01-12','00:30:24',1,'App\\Models\\Tenant\\User',NULL,'0','desktop','0','0','0','0',NULL,NULL,NULL,'2023-01-12 00:30:24','2023-01-12 00:30:24'),(1920,1,'login','2023-01-12','00:30:26',1,'App\\Models\\Tenant\\User',NULL,'0','desktop','0','0','0','0',NULL,NULL,NULL,'2023-01-12 00:30:26','2023-01-12 00:30:26'),(1921,1,'login','2023-01-12','00:30:27',1,'App\\Models\\Tenant\\User',NULL,'0','desktop','0','0','0','0',NULL,NULL,NULL,'2023-01-12 00:30:27','2023-01-12 00:30:27'),(1922,1,'login','2023-01-12','10:35:17',1,'App\\Models\\Tenant\\User','190.187.46.168','WebKit','desktop','Windows','10.0','Chrome','108.0.0.0',NULL,NULL,'{\"country_name\":\"Peru\",\"country_code\":\"PE\",\"region_code\":\"LMA\",\"region_name\":\"Lima\",\"city_name\":\"Lima\",\"latitude\":\"-12.0464\",\"longitude\":\"-77.0428\",\"timezone\":\"America\\/Lima\"}','2023-01-12 10:35:17','2023-01-12 10:35:17'),(1923,1,'login','2023-01-12','18:53:28',1,'App\\Models\\Tenant\\User','190.187.46.168','WebKit','desktop','Windows','10.0','Chrome','108.0.0.0',NULL,NULL,'{\"country_name\":\"Peru\",\"country_code\":\"PE\",\"region_code\":\"LMA\",\"region_name\":\"Lima\",\"city_name\":\"Lima\",\"latitude\":\"-12.0464\",\"longitude\":\"-77.0428\",\"timezone\":\"America\\/Lima\"}','2023-01-12 18:53:28','2023-01-12 18:53:28'),(1924,1,'login','2023-01-13','00:00:08',1,'App\\Models\\Tenant\\User',NULL,'0','desktop','0','0','0','0',NULL,NULL,NULL,'2023-01-13 00:00:08','2023-01-13 00:00:08'),(1925,1,'login','2023-01-13','00:00:08',1,'App\\Models\\Tenant\\User',NULL,'0','desktop','0','0','0','0',NULL,NULL,NULL,'2023-01-13 00:00:08','2023-01-13 00:00:08'),(1926,1,'login','2023-01-13','00:00:57',1,'App\\Models\\Tenant\\User',NULL,'0','desktop','0','0','0','0',NULL,NULL,NULL,'2023-01-13 00:00:57','2023-01-13 00:00:57'),(1927,1,'login','2023-01-13','00:00:58',1,'App\\Models\\Tenant\\User',NULL,'0','desktop','0','0','0','0',NULL,NULL,NULL,'2023-01-13 00:00:58','2023-01-13 00:00:58'),(1928,1,'login','2023-01-13','00:00:59',1,'App\\Models\\Tenant\\User',NULL,'0','desktop','0','0','0','0',NULL,NULL,NULL,'2023-01-13 00:00:59','2023-01-13 00:00:59'),(1929,1,'login','2023-01-13','00:30:04',1,'App\\Models\\Tenant\\User',NULL,'0','desktop','0','0','0','0',NULL,NULL,NULL,'2023-01-13 00:30:04','2023-01-13 00:30:04'),(1930,1,'login','2023-01-13','00:30:04',1,'App\\Models\\Tenant\\User',NULL,'0','desktop','0','0','0','0',NULL,NULL,NULL,'2023-01-13 00:30:04','2023-01-13 00:30:04'),(1931,1,'login','2023-01-13','00:30:10',1,'App\\Models\\Tenant\\User',NULL,'0','desktop','0','0','0','0',NULL,NULL,NULL,'2023-01-13 00:30:10','2023-01-13 00:30:10'),(1932,1,'login','2023-01-13','00:30:14',1,'App\\Models\\Tenant\\User',NULL,'0','desktop','0','0','0','0',NULL,NULL,NULL,'2023-01-13 00:30:14','2023-01-13 00:30:14'),(1933,1,'login','2023-01-13','00:30:16',1,'App\\Models\\Tenant\\User',NULL,'0','desktop','0','0','0','0',NULL,NULL,NULL,'2023-01-13 00:30:16','2023-01-13 00:30:16'),(1934,1,'login','2023-01-13','00:30:19',1,'App\\Models\\Tenant\\User',NULL,'0','desktop','0','0','0','0',NULL,NULL,NULL,'2023-01-13 00:30:19','2023-01-13 00:30:19'),(1935,1,'login','2023-01-13','00:30:23',1,'App\\Models\\Tenant\\User',NULL,'0','desktop','0','0','0','0',NULL,NULL,NULL,'2023-01-13 00:30:23','2023-01-13 00:30:23'),(1936,1,'login','2023-01-13','00:30:25',1,'App\\Models\\Tenant\\User',NULL,'0','desktop','0','0','0','0',NULL,NULL,NULL,'2023-01-13 00:30:25','2023-01-13 00:30:25'),(1937,1,'login','2023-01-13','00:30:28',1,'App\\Models\\Tenant\\User',NULL,'0','desktop','0','0','0','0',NULL,NULL,NULL,'2023-01-13 00:30:28','2023-01-13 00:30:28'),(1938,1,'login','2023-01-13','00:30:32',1,'App\\Models\\Tenant\\User',NULL,'0','desktop','0','0','0','0',NULL,NULL,NULL,'2023-01-13 00:30:32','2023-01-13 00:30:32'),(1939,1,'login','2023-01-13','13:08:05',1,'App\\Models\\Tenant\\User','190.187.46.168','WebKit','desktop','Windows','10.0','Chrome','108.0.0.0',NULL,NULL,'{\"country_name\":\"Peru\",\"country_code\":\"PE\",\"region_code\":\"LMA\",\"region_name\":\"Lima\",\"city_name\":\"Lima\",\"latitude\":\"-12.0464\",\"longitude\":\"-77.0428\",\"timezone\":\"America\\/Lima\"}','2023-01-13 13:08:05','2023-01-13 13:08:05'),(1940,1,'login','2023-01-13','16:02:12',1,'App\\Models\\Tenant\\User','190.187.46.168','WebKit','desktop','Windows','10.0','Chrome','108.0.0.0',NULL,NULL,'{\"country_name\":\"Peru\",\"country_code\":\"PE\",\"region_code\":\"LMA\",\"region_name\":\"Lima\",\"city_name\":\"Lima\",\"latitude\":\"-12.0464\",\"longitude\":\"-77.0428\",\"timezone\":\"America\\/Lima\"}','2023-01-13 16:02:12','2023-01-13 16:02:12'),(1941,1,'login','2023-01-13','19:53:14',1,'App\\Models\\Tenant\\User','190.187.46.168','WebKit','desktop','Windows','10.0','Chrome','108.0.0.0',NULL,NULL,'{\"country_name\":\"Peru\",\"country_code\":\"PE\",\"region_code\":\"LMA\",\"region_name\":\"Lima\",\"city_name\":\"Lima\",\"latitude\":\"-12.0464\",\"longitude\":\"-77.0428\",\"timezone\":\"America\\/Lima\"}','2023-01-13 19:53:14','2023-01-13 19:53:14'),(1942,1,'login','2023-01-14','00:00:03',1,'App\\Models\\Tenant\\User',NULL,'0','desktop','0','0','0','0',NULL,NULL,NULL,'2023-01-14 00:00:03','2023-01-14 00:00:03'),(1943,1,'login','2023-01-14','00:00:03',1,'App\\Models\\Tenant\\User',NULL,'0','desktop','0','0','0','0',NULL,NULL,NULL,'2023-01-14 00:00:03','2023-01-14 00:00:03'),(1944,1,'login','2023-01-14','00:00:44',1,'App\\Models\\Tenant\\User',NULL,'0','desktop','0','0','0','0',NULL,NULL,NULL,'2023-01-14 00:00:44','2023-01-14 00:00:44'),(1945,1,'login','2023-01-14','00:00:47',1,'App\\Models\\Tenant\\User',NULL,'0','desktop','0','0','0','0',NULL,NULL,NULL,'2023-01-14 00:00:47','2023-01-14 00:00:47'),(1946,1,'login','2023-01-14','00:00:48',1,'App\\Models\\Tenant\\User',NULL,'0','desktop','0','0','0','0',NULL,NULL,NULL,'2023-01-14 00:00:48','2023-01-14 00:00:48'),(1947,1,'login','2023-01-14','00:00:50',1,'App\\Models\\Tenant\\User',NULL,'0','desktop','0','0','0','0',NULL,NULL,NULL,'2023-01-14 00:00:50','2023-01-14 00:00:50'),(1948,1,'login','2023-01-14','00:00:51',1,'App\\Models\\Tenant\\User',NULL,'0','desktop','0','0','0','0',NULL,NULL,NULL,'2023-01-14 00:00:51','2023-01-14 00:00:51'),(1949,1,'login','2023-01-14','00:00:52',1,'App\\Models\\Tenant\\User',NULL,'0','desktop','0','0','0','0',NULL,NULL,NULL,'2023-01-14 00:00:52','2023-01-14 00:00:52'),(1950,1,'login','2023-01-14','00:00:53',1,'App\\Models\\Tenant\\User',NULL,'0','desktop','0','0','0','0',NULL,NULL,NULL,'2023-01-14 00:00:53','2023-01-14 00:00:53'),(1951,1,'login','2023-01-14','00:00:54',1,'App\\Models\\Tenant\\User',NULL,'0','desktop','0','0','0','0',NULL,NULL,NULL,'2023-01-14 00:00:54','2023-01-14 00:00:54'),(1952,1,'login','2023-01-14','00:00:55',1,'App\\Models\\Tenant\\User',NULL,'0','desktop','0','0','0','0',NULL,NULL,NULL,'2023-01-14 00:00:55','2023-01-14 00:00:55'),(1953,1,'login','2023-01-14','00:00:56',1,'App\\Models\\Tenant\\User',NULL,'0','desktop','0','0','0','0',NULL,NULL,NULL,'2023-01-14 00:00:56','2023-01-14 00:00:56'),(1954,1,'login','2023-01-14','00:00:57',1,'App\\Models\\Tenant\\User',NULL,'0','desktop','0','0','0','0',NULL,NULL,NULL,'2023-01-14 00:00:57','2023-01-14 00:00:57'),(1955,1,'login','2023-01-14','00:00:58',1,'App\\Models\\Tenant\\User',NULL,'0','desktop','0','0','0','0',NULL,NULL,NULL,'2023-01-14 00:00:58','2023-01-14 00:00:58'),(1956,1,'login','2023-01-14','00:00:59',1,'App\\Models\\Tenant\\User',NULL,'0','desktop','0','0','0','0',NULL,NULL,NULL,'2023-01-14 00:00:59','2023-01-14 00:00:59'),(1957,1,'login','2023-01-14','00:30:02',1,'App\\Models\\Tenant\\User',NULL,'0','desktop','0','0','0','0',NULL,NULL,NULL,'2023-01-14 00:30:02','2023-01-14 00:30:02'),(1958,1,'login','2023-01-14','00:30:02',1,'App\\Models\\Tenant\\User',NULL,'0','desktop','0','0','0','0',NULL,NULL,NULL,'2023-01-14 00:30:02','2023-01-14 00:30:02'),(1959,1,'login','2023-01-14','00:30:26',1,'App\\Models\\Tenant\\User',NULL,'0','desktop','0','0','0','0',NULL,NULL,NULL,'2023-01-14 00:30:26','2023-01-14 00:30:26'),(1960,1,'login','2023-01-14','00:30:41',1,'App\\Models\\Tenant\\User',NULL,'0','desktop','0','0','0','0',NULL,NULL,NULL,'2023-01-14 00:30:41','2023-01-14 00:30:41'),(1961,1,'login','2023-01-14','00:30:43',1,'App\\Models\\Tenant\\User',NULL,'0','desktop','0','0','0','0',NULL,NULL,NULL,'2023-01-14 00:30:43','2023-01-14 00:30:43'),(1962,1,'login','2023-01-14','00:30:44',1,'App\\Models\\Tenant\\User',NULL,'0','desktop','0','0','0','0',NULL,NULL,NULL,'2023-01-14 00:30:44','2023-01-14 00:30:44'),(1963,1,'login','2023-01-14','00:30:45',1,'App\\Models\\Tenant\\User',NULL,'0','desktop','0','0','0','0',NULL,NULL,NULL,'2023-01-14 00:30:45','2023-01-14 00:30:45'),(1964,1,'login','2023-01-14','00:30:47',1,'App\\Models\\Tenant\\User',NULL,'0','desktop','0','0','0','0',NULL,NULL,NULL,'2023-01-14 00:30:47','2023-01-14 00:30:47'),(1965,1,'login','2023-01-14','00:30:48',1,'App\\Models\\Tenant\\User',NULL,'0','desktop','0','0','0','0',NULL,NULL,NULL,'2023-01-14 00:30:48','2023-01-14 00:30:48'),(1966,1,'login','2023-01-14','00:30:49',1,'App\\Models\\Tenant\\User',NULL,'0','desktop','0','0','0','0',NULL,NULL,NULL,'2023-01-14 00:30:49','2023-01-14 00:30:49'),(1967,1,'login','2023-01-14','00:30:51',1,'App\\Models\\Tenant\\User',NULL,'0','desktop','0','0','0','0',NULL,NULL,NULL,'2023-01-14 00:30:51','2023-01-14 00:30:51'),(1968,1,'login','2023-01-14','00:30:52',1,'App\\Models\\Tenant\\User',NULL,'0','desktop','0','0','0','0',NULL,NULL,NULL,'2023-01-14 00:30:52','2023-01-14 00:30:52'),(1969,1,'login','2023-01-14','00:30:53',1,'App\\Models\\Tenant\\User',NULL,'0','desktop','0','0','0','0',NULL,NULL,NULL,'2023-01-14 00:30:53','2023-01-14 00:30:53'),(1970,1,'login','2023-01-15','00:00:18',1,'App\\Models\\Tenant\\User',NULL,'0','desktop','0','0','0','0',NULL,NULL,NULL,'2023-01-15 00:00:18','2023-01-15 00:00:18'),(1971,1,'login','2023-01-15','00:00:18',1,'App\\Models\\Tenant\\User',NULL,'0','desktop','0','0','0','0',NULL,NULL,NULL,'2023-01-15 00:00:18','2023-01-15 00:00:18'),(1972,1,'login','2023-01-15','00:00:49',1,'App\\Models\\Tenant\\User',NULL,'0','desktop','0','0','0','0',NULL,NULL,NULL,'2023-01-15 00:00:49','2023-01-15 00:00:49'),(1973,1,'login','2023-01-15','00:00:50',1,'App\\Models\\Tenant\\User',NULL,'0','desktop','0','0','0','0',NULL,NULL,NULL,'2023-01-15 00:00:50','2023-01-15 00:00:50'),(1974,1,'login','2023-01-15','00:00:52',1,'App\\Models\\Tenant\\User',NULL,'0','desktop','0','0','0','0',NULL,NULL,NULL,'2023-01-15 00:00:52','2023-01-15 00:00:52'),(1975,1,'login','2023-01-15','00:00:53',1,'App\\Models\\Tenant\\User',NULL,'0','desktop','0','0','0','0',NULL,NULL,NULL,'2023-01-15 00:00:53','2023-01-15 00:00:53'),(1976,1,'login','2023-01-15','00:00:54',1,'App\\Models\\Tenant\\User',NULL,'0','desktop','0','0','0','0',NULL,NULL,NULL,'2023-01-15 00:00:54','2023-01-15 00:00:54'),(1977,1,'login','2023-01-15','00:00:55',1,'App\\Models\\Tenant\\User',NULL,'0','desktop','0','0','0','0',NULL,NULL,NULL,'2023-01-15 00:00:55','2023-01-15 00:00:55'),(1978,1,'login','2023-01-15','00:00:56',1,'App\\Models\\Tenant\\User',NULL,'0','desktop','0','0','0','0',NULL,NULL,NULL,'2023-01-15 00:00:56','2023-01-15 00:00:56'),(1979,1,'login','2023-01-15','00:00:57',1,'App\\Models\\Tenant\\User',NULL,'0','desktop','0','0','0','0',NULL,NULL,NULL,'2023-01-15 00:00:57','2023-01-15 00:00:57'),(1980,1,'login','2023-01-15','00:00:58',1,'App\\Models\\Tenant\\User',NULL,'0','desktop','0','0','0','0',NULL,NULL,NULL,'2023-01-15 00:00:58','2023-01-15 00:00:58'),(1981,1,'login','2023-01-15','00:00:59',1,'App\\Models\\Tenant\\User',NULL,'0','desktop','0','0','0','0',NULL,NULL,NULL,'2023-01-15 00:00:59','2023-01-15 00:00:59'),(1982,1,'login','2023-01-15','00:30:05',1,'App\\Models\\Tenant\\User',NULL,'0','desktop','0','0','0','0',NULL,NULL,NULL,'2023-01-15 00:30:05','2023-01-15 00:30:05'),(1983,1,'login','2023-01-15','00:30:05',1,'App\\Models\\Tenant\\User',NULL,'0','desktop','0','0','0','0',NULL,NULL,NULL,'2023-01-15 00:30:05','2023-01-15 00:30:05'),(1984,1,'login','2023-01-15','00:30:10',1,'App\\Models\\Tenant\\User',NULL,'0','desktop','0','0','0','0',NULL,NULL,NULL,'2023-01-15 00:30:10','2023-01-15 00:30:10'),(1985,1,'login','2023-01-15','00:30:12',1,'App\\Models\\Tenant\\User',NULL,'0','desktop','0','0','0','0',NULL,NULL,NULL,'2023-01-15 00:30:12','2023-01-15 00:30:12'),(1986,1,'login','2023-01-15','00:30:15',1,'App\\Models\\Tenant\\User',NULL,'0','desktop','0','0','0','0',NULL,NULL,NULL,'2023-01-15 00:30:15','2023-01-15 00:30:15'),(1987,1,'login','2023-01-15','00:30:18',1,'App\\Models\\Tenant\\User',NULL,'0','desktop','0','0','0','0',NULL,NULL,NULL,'2023-01-15 00:30:18','2023-01-15 00:30:18'),(1988,1,'login','2023-01-15','00:30:20',1,'App\\Models\\Tenant\\User',NULL,'0','desktop','0','0','0','0',NULL,NULL,NULL,'2023-01-15 00:30:20','2023-01-15 00:30:20'),(1989,1,'login','2023-01-15','00:30:22',1,'App\\Models\\Tenant\\User',NULL,'0','desktop','0','0','0','0',NULL,NULL,NULL,'2023-01-15 00:30:22','2023-01-15 00:30:22'),(1990,1,'login','2023-01-15','00:30:25',1,'App\\Models\\Tenant\\User',NULL,'0','desktop','0','0','0','0',NULL,NULL,NULL,'2023-01-15 00:30:25','2023-01-15 00:30:25'),(1991,1,'login','2023-01-15','00:30:27',1,'App\\Models\\Tenant\\User',NULL,'0','desktop','0','0','0','0',NULL,NULL,NULL,'2023-01-15 00:30:27','2023-01-15 00:30:27'),(1992,1,'login','2023-01-15','00:30:29',1,'App\\Models\\Tenant\\User',NULL,'0','desktop','0','0','0','0',NULL,NULL,NULL,'2023-01-15 00:30:29','2023-01-15 00:30:29'),(1993,1,'login','2023-01-15','00:30:32',1,'App\\Models\\Tenant\\User',NULL,'0','desktop','0','0','0','0',NULL,NULL,NULL,'2023-01-15 00:30:32','2023-01-15 00:30:32'),(1994,1,'login','2023-01-15','00:30:34',1,'App\\Models\\Tenant\\User',NULL,'0','desktop','0','0','0','0',NULL,NULL,NULL,'2023-01-15 00:30:34','2023-01-15 00:30:34'),(1995,1,'login','2023-01-15','00:30:36',1,'App\\Models\\Tenant\\User',NULL,'0','desktop','0','0','0','0',NULL,NULL,NULL,'2023-01-15 00:30:36','2023-01-15 00:30:36'),(1996,1,'login','2023-01-15','00:30:38',1,'App\\Models\\Tenant\\User',NULL,'0','desktop','0','0','0','0',NULL,NULL,NULL,'2023-01-15 00:30:38','2023-01-15 00:30:38'),(1997,1,'login','2023-01-15','00:30:40',1,'App\\Models\\Tenant\\User',NULL,'0','desktop','0','0','0','0',NULL,NULL,NULL,'2023-01-15 00:30:40','2023-01-15 00:30:40'),(1998,1,'login','2023-01-15','00:30:43',1,'App\\Models\\Tenant\\User',NULL,'0','desktop','0','0','0','0',NULL,NULL,NULL,'2023-01-15 00:30:43','2023-01-15 00:30:43'),(1999,1,'login','2023-01-16','00:00:04',1,'App\\Models\\Tenant\\User',NULL,'0','desktop','0','0','0','0',NULL,NULL,NULL,'2023-01-16 00:00:04','2023-01-16 00:00:04'),(2000,1,'login','2023-01-16','00:00:04',1,'App\\Models\\Tenant\\User',NULL,'0','desktop','0','0','0','0',NULL,NULL,NULL,'2023-01-16 00:00:04','2023-01-16 00:00:04'),(2001,1,'login','2023-01-16','00:00:44',1,'App\\Models\\Tenant\\User',NULL,'0','desktop','0','0','0','0',NULL,NULL,NULL,'2023-01-16 00:00:44','2023-01-16 00:00:44'),(2002,1,'login','2023-01-16','00:00:45',1,'App\\Models\\Tenant\\User',NULL,'0','desktop','0','0','0','0',NULL,NULL,NULL,'2023-01-16 00:00:45','2023-01-16 00:00:45'),(2003,1,'login','2023-01-16','00:00:46',1,'App\\Models\\Tenant\\User',NULL,'0','desktop','0','0','0','0',NULL,NULL,NULL,'2023-01-16 00:00:46','2023-01-16 00:00:46'),(2004,1,'login','2023-01-16','00:00:47',1,'App\\Models\\Tenant\\User',NULL,'0','desktop','0','0','0','0',NULL,NULL,NULL,'2023-01-16 00:00:47','2023-01-16 00:00:47'),(2005,1,'login','2023-01-16','00:00:48',1,'App\\Models\\Tenant\\User',NULL,'0','desktop','0','0','0','0',NULL,NULL,NULL,'2023-01-16 00:00:48','2023-01-16 00:00:48'),(2006,1,'login','2023-01-16','00:00:49',1,'App\\Models\\Tenant\\User',NULL,'0','desktop','0','0','0','0',NULL,NULL,NULL,'2023-01-16 00:00:49','2023-01-16 00:00:49'),(2007,1,'login','2023-01-16','00:00:50',1,'App\\Models\\Tenant\\User',NULL,'0','desktop','0','0','0','0',NULL,NULL,NULL,'2023-01-16 00:00:50','2023-01-16 00:00:50'),(2008,1,'login','2023-01-16','00:00:51',1,'App\\Models\\Tenant\\User',NULL,'0','desktop','0','0','0','0',NULL,NULL,NULL,'2023-01-16 00:00:51','2023-01-16 00:00:51'),(2009,1,'login','2023-01-16','00:00:52',1,'App\\Models\\Tenant\\User',NULL,'0','desktop','0','0','0','0',NULL,NULL,NULL,'2023-01-16 00:00:52','2023-01-16 00:00:52'),(2010,1,'login','2023-01-16','00:00:53',1,'App\\Models\\Tenant\\User',NULL,'0','desktop','0','0','0','0',NULL,NULL,NULL,'2023-01-16 00:00:53','2023-01-16 00:00:53'),(2011,1,'login','2023-01-16','00:00:54',1,'App\\Models\\Tenant\\User',NULL,'0','desktop','0','0','0','0',NULL,NULL,NULL,'2023-01-16 00:00:54','2023-01-16 00:00:54'),(2012,1,'login','2023-01-16','00:00:55',1,'App\\Models\\Tenant\\User',NULL,'0','desktop','0','0','0','0',NULL,NULL,NULL,'2023-01-16 00:00:55','2023-01-16 00:00:55'),(2013,1,'login','2023-01-16','00:00:55',1,'App\\Models\\Tenant\\User',NULL,'0','desktop','0','0','0','0',NULL,NULL,NULL,'2023-01-16 00:00:55','2023-01-16 00:00:55'),(2014,1,'login','2023-01-16','00:00:56',1,'App\\Models\\Tenant\\User',NULL,'0','desktop','0','0','0','0',NULL,NULL,NULL,'2023-01-16 00:00:56','2023-01-16 00:00:56'),(2015,1,'login','2023-01-16','00:00:57',1,'App\\Models\\Tenant\\User',NULL,'0','desktop','0','0','0','0',NULL,NULL,NULL,'2023-01-16 00:00:57','2023-01-16 00:00:57'),(2016,1,'login','2023-01-16','00:30:02',1,'App\\Models\\Tenant\\User',NULL,'0','desktop','0','0','0','0',NULL,NULL,NULL,'2023-01-16 00:30:02','2023-01-16 00:30:02'),(2017,1,'login','2023-01-16','00:30:02',1,'App\\Models\\Tenant\\User',NULL,'0','desktop','0','0','0','0',NULL,NULL,NULL,'2023-01-16 00:30:02','2023-01-16 00:30:02'),(2018,1,'login','2023-01-16','00:30:09',1,'App\\Models\\Tenant\\User',NULL,'0','desktop','0','0','0','0',NULL,NULL,NULL,'2023-01-16 00:30:09','2023-01-16 00:30:09'),(2019,1,'login','2023-01-16','00:30:11',1,'App\\Models\\Tenant\\User',NULL,'0','desktop','0','0','0','0',NULL,NULL,NULL,'2023-01-16 00:30:11','2023-01-16 00:30:11'),(2020,1,'login','2023-01-16','00:30:12',1,'App\\Models\\Tenant\\User',NULL,'0','desktop','0','0','0','0',NULL,NULL,NULL,'2023-01-16 00:30:12','2023-01-16 00:30:12'),(2021,1,'login','2023-01-16','00:30:14',1,'App\\Models\\Tenant\\User',NULL,'0','desktop','0','0','0','0',NULL,NULL,NULL,'2023-01-16 00:30:14','2023-01-16 00:30:14'),(2022,1,'login','2023-01-16','00:30:15',1,'App\\Models\\Tenant\\User',NULL,'0','desktop','0','0','0','0',NULL,NULL,NULL,'2023-01-16 00:30:15','2023-01-16 00:30:15'),(2023,1,'login','2023-01-16','00:30:17',1,'App\\Models\\Tenant\\User',NULL,'0','desktop','0','0','0','0',NULL,NULL,NULL,'2023-01-16 00:30:17','2023-01-16 00:30:17'),(2024,1,'login','2023-01-16','00:30:18',1,'App\\Models\\Tenant\\User',NULL,'0','desktop','0','0','0','0',NULL,NULL,NULL,'2023-01-16 00:30:18','2023-01-16 00:30:18'),(2025,1,'login','2023-01-16','00:30:19',1,'App\\Models\\Tenant\\User',NULL,'0','desktop','0','0','0','0',NULL,NULL,NULL,'2023-01-16 00:30:19','2023-01-16 00:30:19'),(2026,1,'login','2023-01-16','00:30:20',1,'App\\Models\\Tenant\\User',NULL,'0','desktop','0','0','0','0',NULL,NULL,NULL,'2023-01-16 00:30:20','2023-01-16 00:30:20'),(2027,1,'login','2023-01-16','00:30:22',1,'App\\Models\\Tenant\\User',NULL,'0','desktop','0','0','0','0',NULL,NULL,NULL,'2023-01-16 00:30:22','2023-01-16 00:30:22'),(2028,1,'login','2023-01-16','00:30:23',1,'App\\Models\\Tenant\\User',NULL,'0','desktop','0','0','0','0',NULL,NULL,NULL,'2023-01-16 00:30:23','2023-01-16 00:30:23'),(2029,1,'login','2023-01-16','00:30:24',1,'App\\Models\\Tenant\\User',NULL,'0','desktop','0','0','0','0',NULL,NULL,NULL,'2023-01-16 00:30:24','2023-01-16 00:30:24'),(2030,1,'login','2023-01-16','00:30:25',1,'App\\Models\\Tenant\\User',NULL,'0','desktop','0','0','0','0',NULL,NULL,NULL,'2023-01-16 00:30:25','2023-01-16 00:30:25'),(2031,1,'login','2023-01-16','00:30:27',1,'App\\Models\\Tenant\\User',NULL,'0','desktop','0','0','0','0',NULL,NULL,NULL,'2023-01-16 00:30:27','2023-01-16 00:30:27'),(2032,1,'login','2023-01-16','00:30:28',1,'App\\Models\\Tenant\\User',NULL,'0','desktop','0','0','0','0',NULL,NULL,NULL,'2023-01-16 00:30:28','2023-01-16 00:30:28'),(2033,1,'login','2023-01-16','08:37:01',1,'App\\Models\\Tenant\\User','190.187.46.168','WebKit','desktop','Windows','10.0','Chrome','108.0.0.0',NULL,NULL,'{\"country_name\":\"Peru\",\"country_code\":\"PE\",\"region_code\":\"LMA\",\"region_name\":\"Lima\",\"city_name\":\"Lima\",\"latitude\":\"-12.0464\",\"longitude\":\"-77.0428\",\"timezone\":\"America\\/Lima\"}','2023-01-16 08:37:01','2023-01-16 08:37:01'),(2034,1,'login','2023-01-16','12:59:21',1,'App\\Models\\Tenant\\User','190.187.46.168','WebKit','desktop','Windows','10.0','Chrome','108.0.0.0',NULL,NULL,'{\"country_name\":\"Peru\",\"country_code\":\"PE\",\"region_code\":\"LMA\",\"region_name\":\"Lima\",\"city_name\":\"Lima\",\"latitude\":\"-12.0464\",\"longitude\":\"-77.0428\",\"timezone\":\"America\\/Lima\"}','2023-01-16 12:59:21','2023-01-16 12:59:21'),(2035,1,'login','2023-01-16','18:22:57',1,'App\\Models\\Tenant\\User','190.187.46.168','WebKit','desktop','Windows','10.0','Chrome','108.0.0.0',NULL,NULL,'{\"country_name\":\"Peru\",\"country_code\":\"PE\",\"region_code\":\"LMA\",\"region_name\":\"Lima\",\"city_name\":\"Lima\",\"latitude\":\"-12.0464\",\"longitude\":\"-77.0428\",\"timezone\":\"America\\/Lima\"}','2023-01-16 18:22:57','2023-01-16 18:22:57'),(2036,1,'login','2023-01-17','00:00:04',1,'App\\Models\\Tenant\\User',NULL,'0','desktop','0','0','0','0',NULL,NULL,NULL,'2023-01-17 00:00:04','2023-01-17 00:00:04'),(2037,1,'login','2023-01-17','00:00:04',1,'App\\Models\\Tenant\\User',NULL,'0','desktop','0','0','0','0',NULL,NULL,NULL,'2023-01-17 00:00:04','2023-01-17 00:00:04'),(2038,1,'login','2023-01-17','00:00:41',1,'App\\Models\\Tenant\\User',NULL,'0','desktop','0','0','0','0',NULL,NULL,NULL,'2023-01-17 00:00:41','2023-01-17 00:00:41'),(2039,1,'login','2023-01-17','00:00:43',1,'App\\Models\\Tenant\\User',NULL,'0','desktop','0','0','0','0',NULL,NULL,NULL,'2023-01-17 00:00:43','2023-01-17 00:00:43'),(2040,1,'login','2023-01-17','00:00:44',1,'App\\Models\\Tenant\\User',NULL,'0','desktop','0','0','0','0',NULL,NULL,NULL,'2023-01-17 00:00:44','2023-01-17 00:00:44'),(2041,1,'login','2023-01-17','00:00:45',1,'App\\Models\\Tenant\\User',NULL,'0','desktop','0','0','0','0',NULL,NULL,NULL,'2023-01-17 00:00:45','2023-01-17 00:00:45'),(2042,1,'login','2023-01-17','00:00:47',1,'App\\Models\\Tenant\\User',NULL,'0','desktop','0','0','0','0',NULL,NULL,NULL,'2023-01-17 00:00:47','2023-01-17 00:00:47'),(2043,1,'login','2023-01-17','00:00:48',1,'App\\Models\\Tenant\\User',NULL,'0','desktop','0','0','0','0',NULL,NULL,NULL,'2023-01-17 00:00:48','2023-01-17 00:00:48'),(2044,1,'login','2023-01-17','00:00:49',1,'App\\Models\\Tenant\\User',NULL,'0','desktop','0','0','0','0',NULL,NULL,NULL,'2023-01-17 00:00:49','2023-01-17 00:00:49'),(2045,1,'login','2023-01-17','00:00:49',1,'App\\Models\\Tenant\\User',NULL,'0','desktop','0','0','0','0',NULL,NULL,NULL,'2023-01-17 00:00:49','2023-01-17 00:00:49'),(2046,1,'login','2023-01-17','00:00:50',1,'App\\Models\\Tenant\\User',NULL,'0','desktop','0','0','0','0',NULL,NULL,NULL,'2023-01-17 00:00:50','2023-01-17 00:00:50'),(2047,1,'login','2023-01-17','00:00:51',1,'App\\Models\\Tenant\\User',NULL,'0','desktop','0','0','0','0',NULL,NULL,NULL,'2023-01-17 00:00:51','2023-01-17 00:00:51'),(2048,1,'login','2023-01-17','00:00:52',1,'App\\Models\\Tenant\\User',NULL,'0','desktop','0','0','0','0',NULL,NULL,NULL,'2023-01-17 00:00:52','2023-01-17 00:00:52'),(2049,1,'login','2023-01-17','00:00:53',1,'App\\Models\\Tenant\\User',NULL,'0','desktop','0','0','0','0',NULL,NULL,NULL,'2023-01-17 00:00:53','2023-01-17 00:00:53'),(2050,1,'login','2023-01-17','00:00:53',1,'App\\Models\\Tenant\\User',NULL,'0','desktop','0','0','0','0',NULL,NULL,NULL,'2023-01-17 00:00:53','2023-01-17 00:00:53'),(2051,1,'login','2023-01-17','00:00:54',1,'App\\Models\\Tenant\\User',NULL,'0','desktop','0','0','0','0',NULL,NULL,NULL,'2023-01-17 00:00:54','2023-01-17 00:00:54'),(2052,1,'login','2023-01-17','00:00:55',1,'App\\Models\\Tenant\\User',NULL,'0','desktop','0','0','0','0',NULL,NULL,NULL,'2023-01-17 00:00:55','2023-01-17 00:00:55'),(2053,1,'login','2023-01-17','00:30:02',1,'App\\Models\\Tenant\\User',NULL,'0','desktop','0','0','0','0',NULL,NULL,NULL,'2023-01-17 00:30:02','2023-01-17 00:30:02'),(2054,1,'login','2023-01-17','00:30:02',1,'App\\Models\\Tenant\\User',NULL,'0','desktop','0','0','0','0',NULL,NULL,NULL,'2023-01-17 00:30:02','2023-01-17 00:30:02'),(2055,1,'login','2023-01-17','00:30:09',1,'App\\Models\\Tenant\\User',NULL,'0','desktop','0','0','0','0',NULL,NULL,NULL,'2023-01-17 00:30:09','2023-01-17 00:30:09'),(2056,1,'login','2023-01-17','00:30:10',1,'App\\Models\\Tenant\\User',NULL,'0','desktop','0','0','0','0',NULL,NULL,NULL,'2023-01-17 00:30:10','2023-01-17 00:30:10'),(2057,1,'login','2023-01-17','00:30:12',1,'App\\Models\\Tenant\\User',NULL,'0','desktop','0','0','0','0',NULL,NULL,NULL,'2023-01-17 00:30:12','2023-01-17 00:30:12'),(2058,1,'login','2023-01-17','00:30:13',1,'App\\Models\\Tenant\\User',NULL,'0','desktop','0','0','0','0',NULL,NULL,NULL,'2023-01-17 00:30:13','2023-01-17 00:30:13'),(2059,1,'login','2023-01-17','00:30:14',1,'App\\Models\\Tenant\\User',NULL,'0','desktop','0','0','0','0',NULL,NULL,NULL,'2023-01-17 00:30:14','2023-01-17 00:30:14'),(2060,1,'login','2023-01-17','00:30:16',1,'App\\Models\\Tenant\\User',NULL,'0','desktop','0','0','0','0',NULL,NULL,NULL,'2023-01-17 00:30:16','2023-01-17 00:30:16'),(2061,1,'login','2023-01-17','00:30:17',1,'App\\Models\\Tenant\\User',NULL,'0','desktop','0','0','0','0',NULL,NULL,NULL,'2023-01-17 00:30:17','2023-01-17 00:30:17'),(2062,1,'login','2023-01-17','00:30:18',1,'App\\Models\\Tenant\\User',NULL,'0','desktop','0','0','0','0',NULL,NULL,NULL,'2023-01-17 00:30:18','2023-01-17 00:30:18'),(2063,1,'login','2023-01-17','00:30:19',1,'App\\Models\\Tenant\\User',NULL,'0','desktop','0','0','0','0',NULL,NULL,NULL,'2023-01-17 00:30:19','2023-01-17 00:30:19'),(2064,1,'login','2023-01-17','00:30:21',1,'App\\Models\\Tenant\\User',NULL,'0','desktop','0','0','0','0',NULL,NULL,NULL,'2023-01-17 00:30:21','2023-01-17 00:30:21'),(2065,1,'login','2023-01-17','00:30:22',1,'App\\Models\\Tenant\\User',NULL,'0','desktop','0','0','0','0',NULL,NULL,NULL,'2023-01-17 00:30:22','2023-01-17 00:30:22'),(2066,1,'login','2023-01-17','00:30:23',1,'App\\Models\\Tenant\\User',NULL,'0','desktop','0','0','0','0',NULL,NULL,NULL,'2023-01-17 00:30:23','2023-01-17 00:30:23'),(2067,1,'login','2023-01-17','00:30:24',1,'App\\Models\\Tenant\\User',NULL,'0','desktop','0','0','0','0',NULL,NULL,NULL,'2023-01-17 00:30:24','2023-01-17 00:30:24'),(2068,1,'login','2023-01-17','00:30:26',1,'App\\Models\\Tenant\\User',NULL,'0','desktop','0','0','0','0',NULL,NULL,NULL,'2023-01-17 00:30:26','2023-01-17 00:30:26'),(2069,1,'login','2023-01-17','00:30:27',1,'App\\Models\\Tenant\\User',NULL,'0','desktop','0','0','0','0',NULL,NULL,NULL,'2023-01-17 00:30:27','2023-01-17 00:30:27'),(2070,1,'login','2023-01-17','08:49:49',1,'App\\Models\\Tenant\\User','190.187.46.168','WebKit','desktop','Windows','10.0','Chrome','108.0.0.0',NULL,NULL,'{\"country_name\":\"Peru\",\"country_code\":\"PE\",\"region_code\":\"LMA\",\"region_name\":\"Lima\",\"city_name\":\"Lima\",\"latitude\":\"-12.0464\",\"longitude\":\"-77.0428\",\"timezone\":\"America\\/Lima\"}','2023-01-17 08:49:49','2023-01-17 08:49:49'),(2071,1,'login','2023-01-17','15:04:55',1,'App\\Models\\Tenant\\User','190.187.46.168','WebKit','desktop','Windows','10.0','Chrome','108.0.0.0',NULL,NULL,'{\"country_name\":\"Peru\",\"country_code\":\"PE\",\"region_code\":\"LMA\",\"region_name\":\"Lima\",\"city_name\":\"Lima\",\"latitude\":\"-12.0464\",\"longitude\":\"-77.0428\",\"timezone\":\"America\\/Lima\"}','2023-01-17 15:04:55','2023-01-17 15:04:55'),(2072,1,'login','2023-01-18','00:00:08',1,'App\\Models\\Tenant\\User',NULL,'0','desktop','0','0','0','0',NULL,NULL,NULL,'2023-01-18 00:00:08','2023-01-18 00:00:08'),(2073,1,'login','2023-01-18','00:00:08',1,'App\\Models\\Tenant\\User',NULL,'0','desktop','0','0','0','0',NULL,NULL,NULL,'2023-01-18 00:00:08','2023-01-18 00:00:08'),(2074,1,'login','2023-01-18','00:00:40',1,'App\\Models\\Tenant\\User',NULL,'0','desktop','0','0','0','0',NULL,NULL,NULL,'2023-01-18 00:00:40','2023-01-18 00:00:40'),(2075,1,'login','2023-01-18','00:00:41',1,'App\\Models\\Tenant\\User',NULL,'0','desktop','0','0','0','0',NULL,NULL,NULL,'2023-01-18 00:00:41','2023-01-18 00:00:41'),(2076,1,'login','2023-01-18','00:00:42',1,'App\\Models\\Tenant\\User',NULL,'0','desktop','0','0','0','0',NULL,NULL,NULL,'2023-01-18 00:00:42','2023-01-18 00:00:42'),(2077,1,'login','2023-01-18','00:00:42',1,'App\\Models\\Tenant\\User',NULL,'0','desktop','0','0','0','0',NULL,NULL,NULL,'2023-01-18 00:00:42','2023-01-18 00:00:42'),(2078,1,'login','2023-01-18','00:00:43',1,'App\\Models\\Tenant\\User',NULL,'0','desktop','0','0','0','0',NULL,NULL,NULL,'2023-01-18 00:00:43','2023-01-18 00:00:43'),(2079,1,'login','2023-01-18','00:00:44',1,'App\\Models\\Tenant\\User',NULL,'0','desktop','0','0','0','0',NULL,NULL,NULL,'2023-01-18 00:00:44','2023-01-18 00:00:44'),(2080,1,'login','2023-01-18','00:00:45',1,'App\\Models\\Tenant\\User',NULL,'0','desktop','0','0','0','0',NULL,NULL,NULL,'2023-01-18 00:00:45','2023-01-18 00:00:45'),(2081,1,'login','2023-01-18','00:00:46',1,'App\\Models\\Tenant\\User',NULL,'0','desktop','0','0','0','0',NULL,NULL,NULL,'2023-01-18 00:00:46','2023-01-18 00:00:46'),(2082,1,'login','2023-01-18','00:00:46',1,'App\\Models\\Tenant\\User',NULL,'0','desktop','0','0','0','0',NULL,NULL,NULL,'2023-01-18 00:00:46','2023-01-18 00:00:46'),(2083,1,'login','2023-01-18','00:00:47',1,'App\\Models\\Tenant\\User',NULL,'0','desktop','0','0','0','0',NULL,NULL,NULL,'2023-01-18 00:00:47','2023-01-18 00:00:47'),(2084,1,'login','2023-01-18','00:00:48',1,'App\\Models\\Tenant\\User',NULL,'0','desktop','0','0','0','0',NULL,NULL,NULL,'2023-01-18 00:00:48','2023-01-18 00:00:48'),(2085,1,'login','2023-01-18','00:00:49',1,'App\\Models\\Tenant\\User',NULL,'0','desktop','0','0','0','0',NULL,NULL,NULL,'2023-01-18 00:00:49','2023-01-18 00:00:49'),(2086,1,'login','2023-01-18','00:00:50',1,'App\\Models\\Tenant\\User',NULL,'0','desktop','0','0','0','0',NULL,NULL,NULL,'2023-01-18 00:00:50','2023-01-18 00:00:50'),(2087,1,'login','2023-01-18','00:00:50',1,'App\\Models\\Tenant\\User',NULL,'0','desktop','0','0','0','0',NULL,NULL,NULL,'2023-01-18 00:00:50','2023-01-18 00:00:50'),(2088,1,'login','2023-01-18','00:00:51',1,'App\\Models\\Tenant\\User',NULL,'0','desktop','0','0','0','0',NULL,NULL,NULL,'2023-01-18 00:00:51','2023-01-18 00:00:51'),(2089,1,'login','2023-01-18','00:30:06',1,'App\\Models\\Tenant\\User',NULL,'0','desktop','0','0','0','0',NULL,NULL,NULL,'2023-01-18 00:30:06','2023-01-18 00:30:06'),(2090,1,'login','2023-01-18','00:30:06',1,'App\\Models\\Tenant\\User',NULL,'0','desktop','0','0','0','0',NULL,NULL,NULL,'2023-01-18 00:30:06','2023-01-18 00:30:06'),(2091,1,'login','2023-01-18','00:30:18',1,'App\\Models\\Tenant\\User',NULL,'0','desktop','0','0','0','0',NULL,NULL,NULL,'2023-01-18 00:30:18','2023-01-18 00:30:18'),(2092,1,'login','2023-01-18','00:30:20',1,'App\\Models\\Tenant\\User',NULL,'0','desktop','0','0','0','0',NULL,NULL,NULL,'2023-01-18 00:30:20','2023-01-18 00:30:20'),(2093,1,'login','2023-01-18','00:30:22',1,'App\\Models\\Tenant\\User',NULL,'0','desktop','0','0','0','0',NULL,NULL,NULL,'2023-01-18 00:30:22','2023-01-18 00:30:22'),(2094,1,'login','2023-01-18','00:30:23',1,'App\\Models\\Tenant\\User',NULL,'0','desktop','0','0','0','0',NULL,NULL,NULL,'2023-01-18 00:30:23','2023-01-18 00:30:23'),(2095,1,'login','2023-01-18','00:30:24',1,'App\\Models\\Tenant\\User',NULL,'0','desktop','0','0','0','0',NULL,NULL,NULL,'2023-01-18 00:30:24','2023-01-18 00:30:24'),(2096,1,'login','2023-01-18','00:30:26',1,'App\\Models\\Tenant\\User',NULL,'0','desktop','0','0','0','0',NULL,NULL,NULL,'2023-01-18 00:30:26','2023-01-18 00:30:26'),(2097,1,'login','2023-01-18','00:30:28',1,'App\\Models\\Tenant\\User',NULL,'0','desktop','0','0','0','0',NULL,NULL,NULL,'2023-01-18 00:30:28','2023-01-18 00:30:28'),(2098,1,'login','2023-01-18','00:30:29',1,'App\\Models\\Tenant\\User',NULL,'0','desktop','0','0','0','0',NULL,NULL,NULL,'2023-01-18 00:30:29','2023-01-18 00:30:29'),(2099,1,'login','2023-01-18','00:30:31',1,'App\\Models\\Tenant\\User',NULL,'0','desktop','0','0','0','0',NULL,NULL,NULL,'2023-01-18 00:30:31','2023-01-18 00:30:31'),(2100,1,'login','2023-01-18','00:30:34',1,'App\\Models\\Tenant\\User',NULL,'0','desktop','0','0','0','0',NULL,NULL,NULL,'2023-01-18 00:30:34','2023-01-18 00:30:34'),(2101,1,'login','2023-01-18','00:30:36',1,'App\\Models\\Tenant\\User',NULL,'0','desktop','0','0','0','0',NULL,NULL,NULL,'2023-01-18 00:30:36','2023-01-18 00:30:36'),(2102,1,'login','2023-01-18','00:30:37',1,'App\\Models\\Tenant\\User',NULL,'0','desktop','0','0','0','0',NULL,NULL,NULL,'2023-01-18 00:30:37','2023-01-18 00:30:37'),(2103,1,'login','2023-01-18','00:30:38',1,'App\\Models\\Tenant\\User',NULL,'0','desktop','0','0','0','0',NULL,NULL,NULL,'2023-01-18 00:30:38','2023-01-18 00:30:38'),(2104,1,'login','2023-01-18','00:30:41',1,'App\\Models\\Tenant\\User',NULL,'0','desktop','0','0','0','0',NULL,NULL,NULL,'2023-01-18 00:30:41','2023-01-18 00:30:41'),(2105,1,'login','2023-01-18','00:30:44',1,'App\\Models\\Tenant\\User',NULL,'0','desktop','0','0','0','0',NULL,NULL,NULL,'2023-01-18 00:30:44','2023-01-18 00:30:44'),(2106,1,'login','2023-01-18','18:59:04',1,'App\\Models\\Tenant\\User','190.187.46.168','WebKit','desktop','Windows','10.0','Chrome','109.0.0.0',NULL,NULL,'{\"country_name\":\"Peru\",\"country_code\":\"PE\",\"region_code\":\"LMA\",\"region_name\":\"Lima\",\"city_name\":\"Lima\",\"latitude\":\"-12.0464\",\"longitude\":\"-77.0428\",\"timezone\":\"America\\/Lima\"}','2023-01-18 18:59:04','2023-01-18 18:59:04'),(2107,1,'login','2023-01-19','00:00:10',1,'App\\Models\\Tenant\\User',NULL,'0','desktop','0','0','0','0',NULL,NULL,NULL,'2023-01-19 00:00:10','2023-01-19 00:00:10'),(2108,1,'login','2023-01-19','00:00:10',1,'App\\Models\\Tenant\\User',NULL,'0','desktop','0','0','0','0',NULL,NULL,NULL,'2023-01-19 00:00:10','2023-01-19 00:00:10'),(2109,1,'login','2023-01-19','00:00:36',1,'App\\Models\\Tenant\\User',NULL,'0','desktop','0','0','0','0',NULL,NULL,NULL,'2023-01-19 00:00:36','2023-01-19 00:00:36'),(2110,1,'login','2023-01-19','00:00:37',1,'App\\Models\\Tenant\\User',NULL,'0','desktop','0','0','0','0',NULL,NULL,NULL,'2023-01-19 00:00:37','2023-01-19 00:00:37'),(2111,1,'login','2023-01-19','00:00:38',1,'App\\Models\\Tenant\\User',NULL,'0','desktop','0','0','0','0',NULL,NULL,NULL,'2023-01-19 00:00:38','2023-01-19 00:00:38'),(2112,1,'login','2023-01-19','00:00:39',1,'App\\Models\\Tenant\\User',NULL,'0','desktop','0','0','0','0',NULL,NULL,NULL,'2023-01-19 00:00:39','2023-01-19 00:00:39'),(2113,1,'login','2023-01-19','00:00:39',1,'App\\Models\\Tenant\\User',NULL,'0','desktop','0','0','0','0',NULL,NULL,NULL,'2023-01-19 00:00:39','2023-01-19 00:00:39'),(2114,1,'login','2023-01-19','00:00:40',1,'App\\Models\\Tenant\\User',NULL,'0','desktop','0','0','0','0',NULL,NULL,NULL,'2023-01-19 00:00:40','2023-01-19 00:00:40'),(2115,1,'login','2023-01-19','00:00:41',1,'App\\Models\\Tenant\\User',NULL,'0','desktop','0','0','0','0',NULL,NULL,NULL,'2023-01-19 00:00:41','2023-01-19 00:00:41'),(2116,1,'login','2023-01-19','00:00:42',1,'App\\Models\\Tenant\\User',NULL,'0','desktop','0','0','0','0',NULL,NULL,NULL,'2023-01-19 00:00:42','2023-01-19 00:00:42'),(2117,1,'login','2023-01-19','00:00:43',1,'App\\Models\\Tenant\\User',NULL,'0','desktop','0','0','0','0',NULL,NULL,NULL,'2023-01-19 00:00:43','2023-01-19 00:00:43'),(2118,1,'login','2023-01-19','00:00:43',1,'App\\Models\\Tenant\\User',NULL,'0','desktop','0','0','0','0',NULL,NULL,NULL,'2023-01-19 00:00:43','2023-01-19 00:00:43'),(2119,1,'login','2023-01-19','00:00:44',1,'App\\Models\\Tenant\\User',NULL,'0','desktop','0','0','0','0',NULL,NULL,NULL,'2023-01-19 00:00:44','2023-01-19 00:00:44'),(2120,1,'login','2023-01-19','00:00:45',1,'App\\Models\\Tenant\\User',NULL,'0','desktop','0','0','0','0',NULL,NULL,NULL,'2023-01-19 00:00:45','2023-01-19 00:00:45'),(2121,1,'login','2023-01-19','00:00:46',1,'App\\Models\\Tenant\\User',NULL,'0','desktop','0','0','0','0',NULL,NULL,NULL,'2023-01-19 00:00:46','2023-01-19 00:00:46'),(2122,1,'login','2023-01-19','00:00:47',1,'App\\Models\\Tenant\\User',NULL,'0','desktop','0','0','0','0',NULL,NULL,NULL,'2023-01-19 00:00:47','2023-01-19 00:00:47'),(2123,1,'login','2023-01-19','00:00:47',1,'App\\Models\\Tenant\\User',NULL,'0','desktop','0','0','0','0',NULL,NULL,NULL,'2023-01-19 00:00:47','2023-01-19 00:00:47'),(2124,1,'login','2023-01-19','00:30:06',1,'App\\Models\\Tenant\\User',NULL,'0','desktop','0','0','0','0',NULL,NULL,NULL,'2023-01-19 00:30:06','2023-01-19 00:30:06'),(2125,1,'login','2023-01-19','00:30:06',1,'App\\Models\\Tenant\\User',NULL,'0','desktop','0','0','0','0',NULL,NULL,NULL,'2023-01-19 00:30:06','2023-01-19 00:30:06'),(2126,1,'login','2023-01-19','00:30:10',1,'App\\Models\\Tenant\\User',NULL,'0','desktop','0','0','0','0',NULL,NULL,NULL,'2023-01-19 00:30:10','2023-01-19 00:30:10'),(2127,1,'login','2023-01-19','00:30:11',1,'App\\Models\\Tenant\\User',NULL,'0','desktop','0','0','0','0',NULL,NULL,NULL,'2023-01-19 00:30:11','2023-01-19 00:30:11'),(2128,1,'login','2023-01-19','00:30:12',1,'App\\Models\\Tenant\\User',NULL,'0','desktop','0','0','0','0',NULL,NULL,NULL,'2023-01-19 00:30:12','2023-01-19 00:30:12'),(2129,1,'login','2023-01-19','00:30:13',1,'App\\Models\\Tenant\\User',NULL,'0','desktop','0','0','0','0',NULL,NULL,NULL,'2023-01-19 00:30:13','2023-01-19 00:30:13'),(2130,1,'login','2023-01-19','00:30:15',1,'App\\Models\\Tenant\\User',NULL,'0','desktop','0','0','0','0',NULL,NULL,NULL,'2023-01-19 00:30:15','2023-01-19 00:30:15'),(2131,1,'login','2023-01-19','00:30:17',1,'App\\Models\\Tenant\\User',NULL,'0','desktop','0','0','0','0',NULL,NULL,NULL,'2023-01-19 00:30:17','2023-01-19 00:30:17'),(2132,1,'login','2023-01-19','00:30:18',1,'App\\Models\\Tenant\\User',NULL,'0','desktop','0','0','0','0',NULL,NULL,NULL,'2023-01-19 00:30:18','2023-01-19 00:30:18'),(2133,1,'login','2023-01-19','00:30:19',1,'App\\Models\\Tenant\\User',NULL,'0','desktop','0','0','0','0',NULL,NULL,NULL,'2023-01-19 00:30:19','2023-01-19 00:30:19'),(2134,1,'login','2023-01-19','00:30:20',1,'App\\Models\\Tenant\\User',NULL,'0','desktop','0','0','0','0',NULL,NULL,NULL,'2023-01-19 00:30:20','2023-01-19 00:30:20'),(2135,1,'login','2023-01-19','00:30:21',1,'App\\Models\\Tenant\\User',NULL,'0','desktop','0','0','0','0',NULL,NULL,NULL,'2023-01-19 00:30:21','2023-01-19 00:30:21'),(2136,1,'login','2023-01-19','00:30:23',1,'App\\Models\\Tenant\\User',NULL,'0','desktop','0','0','0','0',NULL,NULL,NULL,'2023-01-19 00:30:23','2023-01-19 00:30:23'),(2137,1,'login','2023-01-19','00:30:24',1,'App\\Models\\Tenant\\User',NULL,'0','desktop','0','0','0','0',NULL,NULL,NULL,'2023-01-19 00:30:24','2023-01-19 00:30:24'),(2138,1,'login','2023-01-19','00:30:25',1,'App\\Models\\Tenant\\User',NULL,'0','desktop','0','0','0','0',NULL,NULL,NULL,'2023-01-19 00:30:25','2023-01-19 00:30:25'),(2139,1,'login','2023-01-19','00:30:26',1,'App\\Models\\Tenant\\User',NULL,'0','desktop','0','0','0','0',NULL,NULL,NULL,'2023-01-19 00:30:26','2023-01-19 00:30:26'),(2140,1,'login','2023-01-19','00:30:27',1,'App\\Models\\Tenant\\User',NULL,'0','desktop','0','0','0','0',NULL,NULL,NULL,'2023-01-19 00:30:27','2023-01-19 00:30:27'),(2141,1,'login','2023-01-20','00:00:08',1,'App\\Models\\Tenant\\User',NULL,'0','desktop','0','0','0','0',NULL,NULL,NULL,'2023-01-20 00:00:08','2023-01-20 00:00:08'),(2142,1,'login','2023-01-20','00:00:08',1,'App\\Models\\Tenant\\User',NULL,'0','desktop','0','0','0','0',NULL,NULL,NULL,'2023-01-20 00:00:08','2023-01-20 00:00:08'),(2143,1,'login','2023-01-20','00:00:36',1,'App\\Models\\Tenant\\User',NULL,'0','desktop','0','0','0','0',NULL,NULL,NULL,'2023-01-20 00:00:36','2023-01-20 00:00:36'),(2144,1,'login','2023-01-20','00:00:36',1,'App\\Models\\Tenant\\User',NULL,'0','desktop','0','0','0','0',NULL,NULL,NULL,'2023-01-20 00:00:36','2023-01-20 00:00:36'),(2145,1,'login','2023-01-20','00:00:38',1,'App\\Models\\Tenant\\User',NULL,'0','desktop','0','0','0','0',NULL,NULL,NULL,'2023-01-20 00:00:38','2023-01-20 00:00:38'),(2146,1,'login','2023-01-20','00:00:38',1,'App\\Models\\Tenant\\User',NULL,'0','desktop','0','0','0','0',NULL,NULL,NULL,'2023-01-20 00:00:38','2023-01-20 00:00:38'),(2147,1,'login','2023-01-20','00:00:39',1,'App\\Models\\Tenant\\User',NULL,'0','desktop','0','0','0','0',NULL,NULL,NULL,'2023-01-20 00:00:39','2023-01-20 00:00:39'),(2148,1,'login','2023-01-20','00:00:40',1,'App\\Models\\Tenant\\User',NULL,'0','desktop','0','0','0','0',NULL,NULL,NULL,'2023-01-20 00:00:40','2023-01-20 00:00:40'),(2149,1,'login','2023-01-20','00:00:41',1,'App\\Models\\Tenant\\User',NULL,'0','desktop','0','0','0','0',NULL,NULL,NULL,'2023-01-20 00:00:41','2023-01-20 00:00:41'),(2150,1,'login','2023-01-20','00:00:42',1,'App\\Models\\Tenant\\User',NULL,'0','desktop','0','0','0','0',NULL,NULL,NULL,'2023-01-20 00:00:42','2023-01-20 00:00:42'),(2151,1,'login','2023-01-20','00:00:42',1,'App\\Models\\Tenant\\User',NULL,'0','desktop','0','0','0','0',NULL,NULL,NULL,'2023-01-20 00:00:42','2023-01-20 00:00:42'),(2152,1,'login','2023-01-20','00:00:43',1,'App\\Models\\Tenant\\User',NULL,'0','desktop','0','0','0','0',NULL,NULL,NULL,'2023-01-20 00:00:43','2023-01-20 00:00:43'),