-- Dumping data for table `mill_items`
--


--
-- Table structure for table `module_level_user`
--

CREATE TABLE `module_level_user` (
  `id` int(10) unsigned NOT NULL AUTO_INCREMENT,
  `module_level_id` int(10) unsigned NOT NULL,
  `user_id` int(10) unsigned NOT NULL,
  PRIMARY KEY (`id`)
) ENGINE=InnoDB AUTO_INCREMENT=400 DEFAULT CHARSET=utf8mb4 COLLATE=utf8mb4_unicode_ci;

--
-- Dumping data for table `module_level_user`
--

INSERT INTO `module_level_user` VALUES (1,76,0),(2,77,0),(3,78,0),(274,1,1),(275,2,1),(276,3,1),(277,6,1),(278,7,1),(279,8,1),(280,9,1),(281,14,1),(282,15,1),(283,16,1),(284,23,1),(285,26,1),(286,27,1),(287,28,1),(288,29,1),(289,30,1),(290,31,1),(291,32,1),(292,33,1),(293,34,1),(294,35,1),(295,36,1),(296,37,1),(297,38,1),(298,39,1),(299,40,1),(300,41,1),(301,42,1),(302,43,1),(303,44,1),(304,45,1),(305,46,1),(306,47,1),(307,48,1),(308,49,1),(309,50,1),(310,51,1),(311,52,1),(312,53,1),(313,54,1),(314,55,1),(315,56,1),(316,57,1),(317,58,1),(318,59,1),(319,60,1),(320,61,1),(321,75,1),(322,76,1),(323,77,1),(324,78,1),(325,79,1),(326,84,1),(327,1,2),(328,2,2),(329,3,2),(330,6,2),(331,7,2),(332,8,2),(333,15,2),(334,16,2),(335,23,2),(336,26,2),(337,27,2),(338,29,2),(339,31,2),(340,32,2),(341,33,2),(342,34,2),(343,35,2),(344,39,2),(345,40,2),(346,41,2),(347,42,2),(348,43,2),(349,44,2),(350,75,2),(351,1,2),(352,2,2),(353,3,2),(354,6,2),(355,7,2),(356,8,2),(357,15,2),(358,16,2),(359,23,2),(360,26,2),(361,27,2),(362,29,2),(363,31,2),(364,32,2),(365,33,2),(366,34,2),(367,35,2),(368,39,2),(369,40,2),(370,41,2),(371,42,2),(372,43,2),(373,44,2),(374,75,2),(375,1,3),(376,2,3),(377,3,3),(378,6,3),(379,7,3),(380,8,3),(381,14,3),(382,15,3),(383,16,3),(384,23,3),(385,26,3),(386,27,3),(387,29,3),(388,31,3),(389,32,3),(390,33,3),(391,34,3),(392,35,3),(393,39,3),(394,40,3),(395,41,3),(396,42,3),(397,43,3),(398,44,3),(399,75,3);

--
-- Table structure for table `module_levels`
--

CREATE TABLE `module_levels` (
  `id` int(10) unsigned NOT NULL AUTO_INCREMENT,
  `value` varchar(255) COLLATE utf8mb4_unicode_ci NOT NULL,
  `description` varchar(255) COLLATE utf8mb4_unicode_ci NOT NULL,
  `module_id` int(10) unsigned NOT NULL,
  `route_name` varchar(255) COLLATE utf8mb4_unicode_ci DEFAULT NULL,
  `route_path` varchar(255) COLLATE utf8mb4_unicode_ci DEFAULT NULL,
  `label_menu` varchar(3) COLLATE utf8mb4_unicode_ci DEFAULT NULL,
  `created_at` timestamp NULL DEFAULT NULL,
  `updated_at` timestamp NULL DEFAULT NULL,
  PRIMARY KEY (`id`),
  KEY `module_levels_module_id_foreign` (`module_id`),
  CONSTRAINT `module_levels_module_id_foreign` FOREIGN KEY (`module_id`) REFERENCES `modules` (`id`)
) ENGINE=InnoDB AUTO_INCREMENT=85 DEFAULT CHARSET=utf8mb4 COLLATE=utf8mb4_unicode_ci;

--
-- Dumping data for table `module_levels`
--

INSERT INTO `module_levels` VALUES (1,'new_document','Nuevo comprobante',1,'tenant.documents.create','/documents/create','NC',NULL,NULL),(2,'list_document','L. Comprobantes',1,NULL,NULL,NULL,NULL,NULL),(3,'document_not_sent','Doc. No enviados',1,NULL,NULL,NULL,NULL,NULL),(4,'document_contingengy','Doc. Contingencia',1,NULL,NULL,NULL,NULL,NULL),(5,'catalogs','Catálogos',1,NULL,NULL,NULL,NULL,NULL),(6,'summary_voided','Resúmenes y Anulaciones',1,NULL,NULL,NULL,NULL,NULL),(7,'quotations','Cotizaciones',1,NULL,NULL,NULL,NULL,NULL),(8,'sale_notes','Notas de Venta',1,'tenant.sale_notes.index','/sale-notes','NV',NULL,NULL),(9,'incentives','Comisiones',1,NULL,NULL,NULL,NULL,NULL),(10,'sale-opportunity','Oportunidad de venta',1,NULL,NULL,NULL,NULL,NULL),(11,'contracts','Contratos',1,NULL,NULL,NULL,NULL,NULL),(12,'order-note','Pedidos',1,'tenant.order_notes.index','/order-notes','PED',NULL,NULL),(13,'technical-service','Servicios de soporte técnico',1,NULL,NULL,NULL,NULL,NULL),(14,'regularize_shipping','CPE pendientes de rectificación',1,NULL,NULL,NULL,NULL,NULL),(15,'pos','Punto de venta',6,'tenant.pos.index','/pos','POS',NULL,NULL),(16,'cash','Caja chica POS',6,NULL,NULL,NULL,NULL,NULL),(17,'ecommerce','Ir a la tienda',10,NULL,NULL,NULL,NULL,NULL),(18,'ecommerce_orders','Pedidos',10,NULL,NULL,NULL,NULL,NULL),(19,'ecommerce_items','Productos tienda virtual',10,NULL,NULL,NULL,NULL,NULL),(20,'ecommerce_tags','Etiquetas',10,NULL,NULL,NULL,NULL,NULL),(21,'ecommerce_promotions','Promociones - Banners',10,NULL,NULL,NULL,NULL,NULL),(22,'ecommerce_settings','Configuración',10,NULL,NULL,NULL,NULL,NULL),(23,'items','Productos',17,'tenant.items.index','/items','PRO',NULL,NULL),(24,'items_packs','Packs',17,NULL,NULL,NULL,NULL,NULL),(25,'items_services','Servicios',17,NULL,NULL,NULL,NULL,NULL),(26,'items_categories','Categorías',17,NULL,NULL,NULL,NULL,NULL),(27,'items_brands','Marcas',17,NULL,NULL,NULL,NULL,NULL),(28,'items_lots','Series',17,NULL,NULL,NULL,NULL,NULL),(29,'clients','Clientes',18,NULL,NULL,NULL,NULL,NULL),(30,'clients_types','Tipos de clientes',18,NULL,NULL,NULL,NULL,NULL),(31,'purchases_create','Nueva Compra',2,'tenant.purchases.create','/purchases/create','NC',NULL,NULL),(32,'purchases_list','Listado',2,NULL,NULL,NULL,NULL,NULL),(33,'purchases_orders','Ordenes de compra',2,NULL,NULL,NULL,NULL,NULL),(34,'purchases_expenses','Gastos diversos',2,NULL,NULL,NULL,NULL,NULL),(35,'purchases_suppliers','Proveedores',2,NULL,NULL,NULL,NULL,NULL),(36,'purchases_quotations','Solicitar cotización',2,NULL,NULL,NULL,NULL,NULL),(37,'purchases_fixed_assets_items','Activos fijos - Ítems',2,NULL,NULL,NULL,NULL,NULL),(38,'purchases_fixed_assets_purchases','Activos fijos - Compras',2,NULL,NULL,NULL,NULL,NULL),(39,'inventory','Movimientos',8,'inventory.index','/inventory','INV',NULL,NULL),(40,'inventory_transfers','Traslados',8,NULL,NULL,NULL,NULL,NULL),(41,'inventory_devolutions','Devoluciones',8,NULL,NULL,NULL,NULL,NULL),(42,'inventory_report_kardex','Reporte kardex',8,NULL,NULL,NULL,NULL,NULL),(43,'inventory_report','Reporte inventario',8,NULL,NULL,NULL,NULL,NULL),(44,'inventory_report_valued_kardex','Kardex valorizado',8,NULL,NULL,NULL,NULL,'2022-10-14 22:23:40'),(45,'users','Usuarios',14,'tenant.users.index','/users','USR',NULL,NULL),(46,'users_establishments','Establecimientos',14,'tenant.establishments.index','/establishments','ES',NULL,NULL),(47,'advanced_retentions','Retenciones',3,NULL,NULL,NULL,NULL,NULL),(48,'advanced_dispatches','Guías de remisión',3,NULL,NULL,NULL,NULL,NULL),(49,'advanced_perceptions','Percepciones',3,NULL,NULL,NULL,NULL,NULL),(50,'advanced_order_forms','Ordenes de pedido',3,NULL,NULL,NULL,NULL,NULL),(51,'account_report','Exportar reporte',9,NULL,NULL,NULL,NULL,NULL),(52,'account_formats','Exportar formatos',9,NULL,NULL,NULL,NULL,NULL),(53,'account_summary','Reporte resumido - Ventas',9,NULL,NULL,NULL,NULL,NULL),(54,'finances_movements','Movimientos',12,NULL,NULL,NULL,NULL,NULL),(55,'finances_incomes','Ingresos',12,NULL,NULL,NULL,NULL,NULL),(56,'finances_unpaid','Cuentas por cobrar',12,NULL,NULL,NULL,NULL,NULL),(57,'finances_to_pay','Cuentas por pagar',12,NULL,NULL,NULL,NULL,NULL),(58,'finances_payments','Pagos',12,NULL,NULL,NULL,NULL,NULL),(59,'finances_balance','Balance',12,NULL,NULL,NULL,NULL,NULL),(60,'finances_payment_method_types','Ingresos y Egresos - M. Pago',12,NULL,NULL,NULL,NULL,NULL),(61,'account_users_settings','Configuración',11,NULL,NULL,NULL,NULL,NULL),(62,'account_users_list','Lista de pagos',11,NULL,NULL,NULL,NULL,NULL),(63,'hotels_reception','Recepción',15,NULL,NULL,NULL,NULL,NULL),(64,'hotels_rates','Tarifas',15,NULL,NULL,NULL,NULL,NULL),(65,'hotels_floors','Pisos',15,NULL,NULL,NULL,NULL,NULL),(66,'hotels_cats','Categorías',15,NULL,NULL,NULL,NULL,NULL),(67,'hotels_rooms','Habitaciones',15,NULL,NULL,NULL,NULL,NULL),(68,'documentary_offices','Oficinas',16,NULL,NULL,NULL,NULL,NULL),(69,'documentary_process','Procesos',16,NULL,NULL,NULL,NULL,NULL),(70,'documentary_documents','Tipos de documento',16,NULL,NULL,NULL,NULL,NULL),(71,'documentary_actions','Acciones',16,NULL,NULL,NULL,NULL,NULL),(72,'documentary_files','Expedientes',16,NULL,NULL,NULL,NULL,NULL),(73,'digemid','Productos',19,NULL,NULL,NULL,'2022-01-24 11:17:30','2022-01-24 11:17:30'),(74,'documentary_requirements','Requerimientos',16,NULL,NULL,NULL,'2022-01-24 11:17:31','2022-01-24 11:17:31'),(75,'inventory_item_extra_data','Datos extra de items',8,NULL,NULL,NULL,NULL,NULL),(76,'configuration_company','Empresa',5,'tenant.companies.create','/companies/create','ME',NULL,NULL),(77,'configuration_advance','Avanzado',5,NULL,NULL,NULL,NULL,NULL),(78,'configuration_visual','Visual',5,NULL,NULL,NULL,NULL,NULL),(79,'advanced_purchase_settlements','Liquidaciones de compra',3,NULL,NULL,NULL,NULL,NULL),(80,'suscription_app_client','Cliente',21,NULL,NULL,NULL,NULL,NULL),(81,'suscription_app_service','Servicio',21,NULL,NULL,NULL,NULL,NULL),(82,'suscription_app_payments','Pagos',21,NULL,NULL,NULL,NULL,NULL),(83,'suscription_app_plans','Planes',21,NULL,NULL,NULL,NULL,NULL),(84,'pos_garage','Venta rapida',6,NULL,NULL,NULL,NULL,NULL);

--
-- Table structure for table `module_user`
--

CREATE TABLE `module_user` (
  `id` int(10) unsigned NOT NULL AUTO_INCREMENT,
  `module_id` int(10) unsigned NOT NULL,
  `user_id` int(10) unsigned NOT NULL,
  PRIMARY KEY (`id`)
) ENGINE=InnoDB AUTO_INCREMENT=112 DEFAULT CHARSET=utf8mb4 COLLATE=utf8mb4_unicode_ci;

--
-- Dumping data for table `module_user`
--

INSERT INTO `module_user` VALUES (75,1,1),(76,2,1),(77,3,1),(78,4,1),(79,5,1),(80,6,1),(81,7,1),(82,8,1),(83,9,1),(84,11,1),(85,12,1),(86,14,1),(87,17,1),(88,18,1),(89,1,2),(90,6,2),(91,17,2),(92,18,2),(93,2,2),(94,8,2),(95,4,2),(96,7,2),(97,1,2),(98,6,2),(99,17,2),(100,18,2),(101,2,2),(102,8,2),(103,4,2),(104,7,3),(105,1,3),(106,6,3),(107,17,3),(108,18,3),(109,2,3),(110,8,3),(111,4,3);

--
-- Table structure for table `modules`
--

CREATE TABLE `modules` (
  `id` int(10) unsigned NOT NULL AUTO_INCREMENT,
  `value` varchar(255) COLLATE utf8mb4_unicode_ci NOT NULL,
  `description` varchar(255) COLLATE utf8mb4_unicode_ci NOT NULL,
  `order_menu` int(11) NOT NULL,
  `created_at` timestamp NULL DEFAULT NULL,
  `updated_at` timestamp NULL DEFAULT NULL,
  PRIMARY KEY (`id`)
) ENGINE=InnoDB AUTO_INCREMENT=27 DEFAULT CHARSET=utf8mb4 COLLATE=utf8mb4_unicode_ci;

--
-- Dumping data for table `modules`
--

INSERT INTO `modules` VALUES (1,'documents','Ventas',2,NULL,NULL),(2,'purchases','Compras',7,NULL,NULL),(3,'advanced','Documentos Avanzados',8,NULL,NULL),(4,'reports','Reportes',9,NULL,NULL),(5,'configuration','Configuration',12,NULL,NULL),(6,'pos','Punto de venta (POS)',3,NULL,NULL),(7,'dashboard','Dashboard',1,NULL,NULL),(8,'inventory','Inventario',7,NULL,NULL),(9,'accounting','Contabilidad',10,NULL,NULL),(10,'ecommerce','Ecommerce',4,NULL,NULL),(11,'cuenta','Cuenta',13,NULL,NULL),(12,'finance','Finanzas',11,NULL,NULL),(14,'establishments','Usuarios/Locales & Series',7,NULL,NULL),(15,'hotels','Hoteles',14,NULL,NULL),(16,'documentary-procedure','Trámite documentario',15,NULL,NULL),(17,'items','Productos/Servicios',5,NULL,NULL),(18,'persons','Clientes',6,NULL,NULL),(19,'digemid','Farmacia',15,'2022-01-24 11:17:30','2022-01-24 11:17:30'),(20,'apps','Apps',13,NULL,NULL),(21,'suscription_app','Suscriptiones',16,NULL,NULL),(22,'production_app','Producción',17,NULL,NULL),(23,'restaurant_app','Restaurante',18,NULL,NULL),(24,'full_suscription_app','Suscripción Servicios SAAS',17,NULL,NULL),(25,'generate_link_app','Generador de link de pago',19,NULL,NULL),(26,'app_2_generator','Generador APP 2.0',20,NULL,NULL);

--
-- Table structure for table `notes`
--

CREATE TABLE `notes` (
  `id` int(10) unsigned NOT NULL AUTO_INCREMENT,
  `document_id` int(10) unsigned NOT NULL,
  `note_type` enum('credit','debit') COLLATE utf8mb4_unicode_ci NOT NULL,
  `note_credit_type_id` varchar(255) COLLATE utf8mb4_unicode_ci DEFAULT NULL,
  `note_debit_type_id` varchar(255) COLLATE utf8mb4_unicode_ci DEFAULT NULL,
  `note_description` varchar(255) COLLATE utf8mb4_unicode_ci NOT NULL,
  `affected_document_id` int(10) unsigned DEFAULT NULL,
  `data_affected_document` longtext CHARACTER SET utf8mb4 COLLATE utf8mb4_bin DEFAULT NULL CHECK (json_valid(`data_affected_document`)),
  PRIMARY KEY (`id`),
  KEY `notes_document_id_foreign` (`document_id`),
  KEY `notes_note_credit_type_id_foreign` (`note_credit_type_id`),
  KEY `notes_note_debit_type_id_foreign` (`note_debit_type_id`),
  KEY `notes_affected_document_id_foreign` (`affected_document_id`),
  CONSTRAINT `notes_affected_document_id_foreign` FOREIGN KEY (`affected_document_id`) REFERENCES `documents` (`id`),
  CONSTRAINT `notes_document_id_foreign` FOREIGN KEY (`document_id`) REFERENCES `documents` (`id`) ON DELETE CASCADE,
  CONSTRAINT `notes_note_credit_type_id_foreign` FOREIGN KEY (`note_credit_type_id`) REFERENCES `cat_note_credit_types` (`id`),
  CONSTRAINT `notes_note_debit_type_id_foreign` FOREIGN KEY (`note_debit_type_id`) REFERENCES `cat_note_debit_types` (`id`)
) ENGINE=InnoDB DEFAULT CHARSET=utf8mb4 COLLATE=utf8mb4_unicode_ci;

--
-- Dumping data for table `notes`
--


--
-- Table structure for table `offline_configurations`
--

CREATE TABLE `offline_configurations` (
  `id` int(10) unsigned NOT NULL AUTO_INCREMENT,
  `is_client` tinyint(1) NOT NULL DEFAULT 0,
  `token_server` varchar(255) COLLATE utf8mb4_unicode_ci DEFAULT NULL,
  `url_server` varchar(255) COLLATE utf8mb4_unicode_ci DEFAULT NULL,
  `created_at` timestamp NULL DEFAULT NULL,
  `updated_at` timestamp NULL DEFAULT NULL,
  PRIMARY KEY (`id`)
) ENGINE=InnoDB AUTO_INCREMENT=2 DEFAULT CHARSET=utf8mb4 COLLATE=utf8mb4_unicode_ci;

--
-- Dumping data for table `offline_configurations`
--

INSERT INTO `offline_configurations` VALUES (1,0,NULL,NULL,NULL,NULL);

--
-- Table structure for table `order_form_items`
--

CREATE TABLE `order_form_items` (
  `id` int(10) unsigned NOT NULL AUTO_INCREMENT,
  `order_form_id` int(10) unsigned NOT NULL,
  `item_id` int(10) unsigned NOT NULL,
  `item` longtext CHARACTER SET utf8mb4 COLLATE utf8mb4_bin NOT NULL CHECK (json_valid(`item`)),
  `quantity` decimal(12,4) NOT NULL,
  PRIMARY KEY (`id`),
  KEY `order_form_items_order_form_id_foreign` (`order_form_id`),
  KEY `order_form_items_item_id_foreign` (`item_id`),
  CONSTRAINT `order_form_items_item_id_foreign` FOREIGN KEY (`item_id`) REFERENCES `items` (`id`),
  CONSTRAINT `order_form_items_order_form_id_foreign` FOREIGN KEY (`order_form_id`) REFERENCES `order_forms` (`id`) ON DELETE CASCADE
) ENGINE=InnoDB DEFAULT CHARSET=utf8mb4 COLLATE=utf8mb4_unicode_ci;

--
-- Dumping data for table `order_form_items`
--


--
-- Table structure for table `order_forms`
--

CREATE TABLE `order_forms` (
  `id` int(10) unsigned NOT NULL AUTO_INCREMENT,
  `user_id` int(10) unsigned NOT NULL,
  `external_id` char(36) COLLATE utf8mb4_unicode_ci NOT NULL,
  `establishment_id` int(10) unsigned NOT NULL,
  `establishment` longtext CHARACTER SET utf8mb4 COLLATE utf8mb4_bin NOT NULL CHECK (json_valid(`establishment`)),
  `soap_type_id` char(2) COLLATE utf8mb4_unicode_ci NOT NULL,
  `state_type_id` char(2) COLLATE utf8mb4_unicode_ci NOT NULL,
  `prefix` varchar(255) COLLATE utf8mb4_unicode_ci NOT NULL,
  `date_of_issue` date NOT NULL,
  `time_of_issue` time NOT NULL,
  `customer_id` int(10) unsigned NOT NULL,
  `customer` longtext CHARACTER SET utf8mb4 COLLATE utf8mb4_bin NOT NULL CHECK (json_valid(`customer`)),
  `observations` text COLLATE utf8mb4_unicode_ci NOT NULL,
  `transport_mode_type_id` varchar(255) COLLATE utf8mb4_unicode_ci NOT NULL,
  `transfer_reason_type_id` varchar(255) COLLATE utf8mb4_unicode_ci NOT NULL,
  `transfer_reason_description` varchar(255) COLLATE utf8mb4_unicode_ci NOT NULL,
  `date_of_shipping` date NOT NULL,
  `transshipment_indicator` tinyint(1) NOT NULL,
  `port_code` varchar(255) COLLATE utf8mb4_unicode_ci DEFAULT NULL,
  `unit_type_id` varchar(255) COLLATE utf8mb4_unicode_ci NOT NULL,
  `total_weight` decimal(10,2) NOT NULL,
  `packages_number` int(11) NOT NULL,
  `container_number` int(11) DEFAULT NULL,
  `origin` longtext CHARACTER SET utf8mb4 COLLATE utf8mb4_bin NOT NULL CHECK (json_valid(`origin`)),
  `delivery` longtext CHARACTER SET utf8mb4 COLLATE utf8mb4_bin NOT NULL CHECK (json_valid(`delivery`)),
  `dispatcher_id` int(10) unsigned NOT NULL,
  `driver_id` int(10) unsigned NOT NULL,
  `license_plates` longtext CHARACTER SET utf8mb4 COLLATE utf8mb4_bin DEFAULT NULL CHECK (json_valid(`license_plates`)),
  `legends` longtext CHARACTER SET utf8mb4 COLLATE utf8mb4_bin DEFAULT NULL CHECK (json_valid(`legends`)),
  `optional` longtext CHARACTER SET utf8mb4 COLLATE utf8mb4_bin DEFAULT NULL CHECK (json_valid(`optional`)),
  `filename` varchar(255) COLLATE utf8mb4_unicode_ci DEFAULT NULL,
  `qr` longtext COLLATE utf8mb4_unicode_ci DEFAULT NULL,
  `created_at` timestamp NULL DEFAULT NULL,
  `updated_at` timestamp NULL DEFAULT NULL,
  PRIMARY KEY (`id`),
  KEY `order_forms_dispatcher_id_foreign` (`dispatcher_id`),
  KEY `order_forms_driver_id_foreign` (`driver_id`),
  KEY `order_forms_user_id_foreign` (`user_id`),
  KEY `order_forms_establishment_id_foreign` (`establishment_id`),
  KEY `order_forms_soap_type_id_foreign` (`soap_type_id`),
  KEY `order_forms_state_type_id_foreign` (`state_type_id`),
  KEY `order_forms_customer_id_foreign` (`customer_id`),
  KEY `order_forms_unit_type_id_foreign` (`unit_type_id`),
  KEY `order_forms_transport_mode_type_id_foreign` (`transport_mode_type_id`),
  KEY `order_forms_transfer_reason_type_id_foreign` (`transfer_reason_type_id`),
  KEY `order_forms_date_of_issue_index` (`date_of_issue`),
  CONSTRAINT `order_forms_customer_id_foreign` FOREIGN KEY (`customer_id`) REFERENCES `persons` (`id`),
  CONSTRAINT `order_forms_dispatcher_id_foreign` FOREIGN KEY (`dispatcher_id`) REFERENCES `dispatchers` (`id`),
  CONSTRAINT `order_forms_driver_id_foreign` FOREIGN KEY (`driver_id`) REFERENCES `drivers` (`id`),
  CONSTRAINT `order_forms_establishment_id_foreign` FOREIGN KEY (`establishment_id`) REFERENCES `establishments` (`id`),
  CONSTRAINT `order_forms_soap_type_id_foreign` FOREIGN KEY (`soap_type_id`) REFERENCES `soap_types` (`id`),
  CONSTRAINT `order_forms_state_type_id_foreign` FOREIGN KEY (`state_type_id`) REFERENCES `state_types` (`id`),
  CONSTRAINT `order_forms_transfer_reason_type_id_foreign` FOREIGN KEY (`transfer_reason_type_id`) REFERENCES `cat_transfer_reason_types` (`id`),
  CONSTRAINT `order_forms_transport_mode_type_id_foreign` FOREIGN KEY (`transport_mode_type_id`) REFERENCES `cat_transport_mode_types` (`id`),
  CONSTRAINT `order_forms_unit_type_id_foreign` FOREIGN KEY (`unit_type_id`) REFERENCES `cat_unit_types` (`id`),
  CONSTRAINT `order_forms_user_id_foreign` FOREIGN KEY (`user_id`) REFERENCES `users` (`id`)
) ENGINE=InnoDB DEFAULT CHARSET=utf8mb4 COLLATE=utf8mb4_unicode_ci;

--
-- Dumping data for table `order_forms`
--


--
-- Table structure for table `order_note_items`
--

CREATE TABLE `order_note_items` (
  `id` int(10) unsigned NOT NULL AUTO_INCREMENT,
  `order_note_id` int(10) unsigned NOT NULL,
  `item_id` int(10) unsigned NOT NULL,
  `item` longtext CHARACTER SET utf8mb4 COLLATE utf8mb4_bin NOT NULL CHECK (json_valid(`item`)),
  `quantity` decimal(12,4) NOT NULL,
  `unit_value` decimal(16,6) NOT NULL,
  `affectation_igv_type_id` varchar(255) COLLATE utf8mb4_unicode_ci NOT NULL,
  `total_base_igv` decimal(12,2) NOT NULL,
  `percentage_igv` decimal(12,2) NOT NULL,
  `total_igv` decimal(12,2) NOT NULL,
  `system_isc_type_id` varchar(255) COLLATE utf8mb4_unicode_ci DEFAULT NULL,
  `total_base_isc` decimal(12,2) NOT NULL DEFAULT 0.00,
  `percentage_isc` decimal(12,2) NOT NULL DEFAULT 0.00,
  `total_isc` decimal(12,2) NOT NULL DEFAULT 0.00,
  `total_base_other_taxes` decimal(12,2) NOT NULL DEFAULT 0.00,
  `percentage_other_taxes` decimal(12,2) NOT NULL DEFAULT 0.00,
  `total_other_taxes` decimal(12,2) NOT NULL DEFAULT 0.00,
  `total_plastic_bag_taxes` decimal(6,2) DEFAULT 0.00 COMMENT 'Impuesto bolsa plastica',
  `total_taxes` decimal(12,2) NOT NULL,
  `price_type_id` varchar(255) COLLATE utf8mb4_unicode_ci NOT NULL,
  `unit_price` decimal(16,6) NOT NULL,
  `total_value` decimal(12,2) NOT NULL,
  `total_charge` decimal(12,2) NOT NULL DEFAULT 0.00,
  `total_discount` decimal(12,2) NOT NULL DEFAULT 0.00,
  `total` decimal(12,2) NOT NULL,
  `attributes` longtext CHARACTER SET utf8mb4 COLLATE utf8mb4_bin DEFAULT NULL CHECK (json_valid(`attributes`)),
  `discounts` longtext CHARACTER SET utf8mb4 COLLATE utf8mb4_bin DEFAULT NULL CHECK (json_valid(`discounts`)),
  `charges` longtext CHARACTER SET utf8mb4 COLLATE utf8mb4_bin DEFAULT NULL CHECK (json_valid(`charges`)),
  `additional_information` longtext COLLATE utf8mb4_unicode_ci DEFAULT NULL COMMENT 'Informacion adcional',
  `warehouse_id` int(10) unsigned DEFAULT NULL,
  `name_product_pdf` longtext COLLATE utf8mb4_unicode_ci DEFAULT NULL COMMENT 'Nombre del producto para el pdf',
  PRIMARY KEY (`id`),
  KEY `order_note_items_order_note_id_foreign` (`order_note_id`),
  KEY `order_note_items_item_id_foreign` (`item_id`),
  KEY `order_note_items_affectation_igv_type_id_foreign` (`affectation_igv_type_id`),
  KEY `order_note_items_system_isc_type_id_foreign` (`system_isc_type_id`),
  KEY `order_note_items_price_type_id_foreign` (`price_type_id`),
  KEY `order_note_items_warehouse_id_foreign` (`warehouse_id`),
  CONSTRAINT `order_note_items_affectation_igv_type_id_foreign` FOREIGN KEY (`affectation_igv_type_id`) REFERENCES `cat_affectation_igv_types` (`id`),
  CONSTRAINT `order_note_items_item_id_foreign` FOREIGN KEY (`item_id`) REFERENCES `items` (`id`),
  CONSTRAINT `order_note_items_order_note_id_foreign` FOREIGN KEY (`order_note_id`) REFERENCES `order_notes` (`id`) ON DELETE CASCADE,
  CONSTRAINT `order_note_items_price_type_id_foreign` FOREIGN KEY (`price_type_id`) REFERENCES `cat_price_types` (`id`),
  CONSTRAINT `order_note_items_system_isc_type_id_foreign` FOREIGN KEY (`system_isc_type_id`) REFERENCES `cat_system_isc_types` (`id`),
  CONSTRAINT `order_note_items_warehouse_id_foreign` FOREIGN KEY (`warehouse_id`) REFERENCES `warehouses` (`id`)
) ENGINE=InnoDB DEFAULT CHARSET=utf8mb4 COLLATE=utf8mb4_unicode_ci;

--
-- Dumping data for table `order_note_items`
--


--
-- Table structure for table `order_notes`
--

CREATE TABLE `order_notes` (
  `id` int(10) unsigned NOT NULL AUTO_INCREMENT,
  `user_id` int(10) unsigned NOT NULL,
  `external_id` char(36) COLLATE utf8mb4_unicode_ci NOT NULL,
  `establishment_id` int(10) unsigned NOT NULL,
  `establishment` longtext CHARACTER SET utf8mb4 COLLATE utf8mb4_bin NOT NULL CHECK (json_valid(`establishment`)),
  `soap_type_id` char(2) COLLATE utf8mb4_unicode_ci NOT NULL,
  `state_type_id` char(2) COLLATE utf8mb4_unicode_ci NOT NULL,
  `prefix` char(3) COLLATE utf8mb4_unicode_ci NOT NULL,
  `date_of_issue` date NOT NULL,
  `time_of_issue` time NOT NULL,
  `date_of_due` date DEFAULT NULL,
  `delivery_date` date DEFAULT NULL,
  `customer_id` int(10) unsigned NOT NULL,
  `customer` longtext CHARACTER SET utf8mb4 COLLATE utf8mb4_bin NOT NULL CHECK (json_valid(`customer`)),
  `shipping_address` text COLLATE utf8mb4_unicode_ci DEFAULT NULL,
  `currency_type_id` varchar(255) COLLATE utf8mb4_unicode_ci NOT NULL,
  `payment_method_type_id` char(2) COLLATE utf8mb4_unicode_ci DEFAULT NULL,
  `exchange_rate_sale` decimal(13,3) NOT NULL,
  `total_prepayment` decimal(12,2) NOT NULL DEFAULT 0.00,
  `total_charge` decimal(12,2) NOT NULL DEFAULT 0.00,
  `total_discount` decimal(12,2) NOT NULL DEFAULT 0.00,
  `total_exportation` decimal(12,2) NOT NULL DEFAULT 0.00,
  `total_free` decimal(12,2) NOT NULL DEFAULT 0.00,
  `total_taxed` decimal(12,2) NOT NULL DEFAULT 0.00,
  `total_unaffected` decimal(12,2) NOT NULL DEFAULT 0.00,
  `total_exonerated` decimal(12,2) NOT NULL DEFAULT 0.00,
  `total_igv` decimal(12,2) NOT NULL DEFAULT 0.00,
  `total_igv_free` decimal(12,2) NOT NULL DEFAULT 0.00,
  `total_base_isc` decimal(12,2) NOT NULL DEFAULT 0.00,
  `total_isc` decimal(12,2) NOT NULL DEFAULT 0.00,
  `total_base_other_taxes` decimal(12,2) NOT NULL DEFAULT 0.00,
  `total_other_taxes` decimal(12,2) NOT NULL DEFAULT 0.00,
  `total_taxes` decimal(12,2) NOT NULL DEFAULT 0.00,
  `total_value` decimal(12,2) NOT NULL DEFAULT 0.00,
  `total` decimal(12,2) NOT NULL,
  `charges` longtext CHARACTER SET utf8mb4 COLLATE utf8mb4_bin DEFAULT NULL CHECK (json_valid(`charges`)),
  `discounts` longtext CHARACTER SET utf8mb4 COLLATE utf8mb4_bin DEFAULT NULL CHECK (json_valid(`discounts`)),
  `prepayments` longtext CHARACTER SET utf8mb4 COLLATE utf8mb4_bin DEFAULT NULL CHECK (json_valid(`prepayments`)),
  `guides` longtext CHARACTER SET utf8mb4 COLLATE utf8mb4_bin DEFAULT NULL CHECK (json_valid(`guides`)),
  `related` longtext CHARACTER SET utf8mb4 COLLATE utf8mb4_bin DEFAULT NULL CHECK (json_valid(`related`)),
  `perception` longtext CHARACTER SET utf8mb4 COLLATE utf8mb4_bin DEFAULT NULL CHECK (json_valid(`perception`)),
  `detraction` longtext CHARACTER SET utf8mb4 COLLATE utf8mb4_bin DEFAULT NULL CHECK (json_valid(`detraction`)),
  `legends` longtext CHARACTER SET utf8mb4 COLLATE utf8mb4_bin DEFAULT NULL CHECK (json_valid(`legends`)),
  `additional_data` longtext CHARACTER SET utf8mb4 COLLATE utf8mb4_bin DEFAULT NULL CHECK (json_valid(`additional_data`)),
  `filename` varchar(255) COLLATE utf8mb4_unicode_ci DEFAULT NULL,
  `observation` text COLLATE utf8mb4_unicode_ci DEFAULT NULL,
  `created_at` timestamp NULL DEFAULT NULL,
  `updated_at` timestamp NULL DEFAULT NULL,
  `quotation_id` int(10) unsigned DEFAULT 0 COMMENT 'Relacion con cotizaciones',
  PRIMARY KEY (`id`),
  KEY `order_notes_user_id_foreign` (`user_id`),
  KEY `order_notes_establishment_id_foreign` (`establishment_id`),
  KEY `order_notes_customer_id_foreign` (`customer_id`),
  KEY `order_notes_soap_type_id_foreign` (`soap_type_id`),
  KEY `order_notes_state_type_id_foreign` (`state_type_id`),
  KEY `order_notes_currency_type_id_foreign` (`currency_type_id`),
  KEY `order_notes_payment_method_type_id_foreign` (`payment_method_type_id`),
  CONSTRAINT `order_notes_currency_type_id_foreign` FOREIGN KEY (`currency_type_id`) REFERENCES `cat_currency_types` (`id`),
  CONSTRAINT `order_notes_customer_id_foreign` FOREIGN KEY (`customer_id`) REFERENCES `persons` (`id`),
  CONSTRAINT `order_notes_establishment_id_foreign` FOREIGN KEY (`establishment_id`) REFERENCES `establishments` (`id`),
  CONSTRAINT `order_notes_payment_method_type_id_foreign` FOREIGN KEY (`payment_method_type_id`) REFERENCES `payment_method_types` (`id`),
  CONSTRAINT `order_notes_soap_type_id_foreign` FOREIGN KEY (`soap_type_id`) REFERENCES `soap_types` (`id`),
  CONSTRAINT `order_notes_state_type_id_foreign` FOREIGN KEY (`state_type_id`) REFERENCES `state_types` (`id`),
  CONSTRAINT `order_notes_user_id_foreign` FOREIGN KEY (`user_id`) REFERENCES `users` (`id`)
) ENGINE=InnoDB DEFAULT CHARSET=utf8mb4 COLLATE=utf8mb4_unicode_ci;

--
-- Dumping data for table `order_notes`
--


--
-- Table structure for table `orders`
--

CREATE TABLE `orders` (
  `id` int(10) unsigned NOT NULL AUTO_INCREMENT,
  `external_id` char(36) COLLATE utf8mb4_unicode_ci NOT NULL,
  `customer` longtext CHARACTER SET utf8mb4 COLLATE utf8mb4_bin NOT NULL CHECK (json_valid(`customer`)),
  `shipping_address` varchar(255) COLLATE utf8mb4_unicode_ci DEFAULT NULL,
  `items` longtext CHARACTER SET utf8mb4 COLLATE utf8mb4_bin NOT NULL CHECK (json_valid(`items`)),
  `total` decimal(12,2) NOT NULL,
  `reference_payment` varchar(255) COLLATE utf8mb4_unicode_ci NOT NULL,
  `document_external_id` char(36) COLLATE utf8mb4_unicode_ci DEFAULT NULL,
  `number_document` varchar(255) COLLATE utf8mb4_unicode_ci DEFAULT NULL,
  `status_order_id` tinyint(3) unsigned DEFAULT NULL,
  `purchase` longtext CHARACTER SET utf8mb4 COLLATE utf8mb4_bin DEFAULT NULL CHECK (json_valid(`purchase`)),
  `created_at` timestamp NULL DEFAULT NULL,
  `updated_at` timestamp NULL DEFAULT NULL,
  `deleted_at` timestamp NULL DEFAULT NULL,
  `apply_restaurant` tinyint(1) DEFAULT 0,
  PRIMARY KEY (`id`),
  KEY `orders_status_order_id_foreign` (`status_order_id`),
  CONSTRAINT `orders_status_order_id_foreign` FOREIGN KEY (`status_order_id`) REFERENCES `status_orders` (`id`)
) ENGINE=InnoDB DEFAULT CHARSET=utf8mb4 COLLATE=utf8mb4_unicode_ci;

--
-- Dumping data for table `orders`
--


--
-- Table structure for table `origin_addresses`
--

CREATE TABLE `origin_addresses` (
  `id` int(10) unsigned NOT NULL AUTO_INCREMENT,
  `address` varchar(255) COLLATE utf8mb4_unicode_ci NOT NULL,
  `location_id` longtext CHARACTER SET utf8mb4 COLLATE utf8mb4_bin NOT NULL CHECK (json_valid(`location_id`)),
  `is_default` tinyint(1) NOT NULL DEFAULT 0,
  `is_active` tinyint(1) NOT NULL DEFAULT 1,
  `created_at` timestamp NULL DEFAULT NULL,
  `updated_at` timestamp NULL DEFAULT NULL,
  PRIMARY KEY (`id`)
) ENGINE=InnoDB DEFAULT CHARSET=utf8mb4 COLLATE=utf8mb4_unicode_ci;

--
-- Dumping data for table `origin_addresses`
--


--
-- Table structure for table `packaging`
--

CREATE TABLE `packaging` (
  `id` int(10) unsigned NOT NULL AUTO_INCREMENT,
  `item_id` int(10) unsigned NOT NULL,
  `user_id` int(10) unsigned DEFAULT NULL,
  `soap_type_id` char(2) COLLATE utf8mb4_unicode_ci DEFAULT NULL,
  `item_extra_data` longtext CHARACTER SET utf8mb4 COLLATE utf8mb4_bin DEFAULT NULL CHECK (json_valid(`item_extra_data`)),
  `establishment_id` int(10) unsigned DEFAULT NULL,
  `quantity` decimal(8,2) DEFAULT 0.00,
  `number_packages` decimal(8,2) DEFAULT 0.00,
  `item` longtext CHARACTER SET utf8mb4 COLLATE utf8mb4_bin DEFAULT NULL CHECK (json_valid(`item`)),
  `observation` longtext COLLATE utf8mb4_unicode_ci DEFAULT NULL,
  `lot_code` varchar(255) COLLATE utf8mb4_unicode_ci DEFAULT NULL,
  `name` varchar(255) COLLATE utf8mb4_unicode_ci DEFAULT NULL,
  `date_start` date DEFAULT NULL,
  `time_start` time DEFAULT NULL,
  `date_end` date DEFAULT NULL,
  `time_end` time DEFAULT NULL,
  `created_at` timestamp NULL DEFAULT NULL,
  `updated_at` timestamp NULL DEFAULT NULL,
  `packaging_collaborator` text COLLATE utf8mb4_unicode_ci DEFAULT NULL,
  PRIMARY KEY (`id`),
  KEY `packaging_soap_type_id_foreign` (`soap_type_id`),
  CONSTRAINT `packaging_soap_type_id_foreign` FOREIGN KEY (`soap_type_id`) REFERENCES `soap_types` (`id`)
) ENGINE=InnoDB DEFAULT CHARSET=utf8mb4 COLLATE=utf8mb4_unicode_ci;

--
-- Dumping data for table `packaging`
--


--
-- Table structure for table `padrones`
--

CREATE TABLE `padrones` (
  `id` bigint(20) unsigned NOT NULL AUTO_INCREMENT,
  `ruc` varchar(255) COLLATE utf8mb4_unicode_ci NOT NULL,
  `nombre_razon_social` varchar(155) COLLATE utf8mb4_unicode_ci NOT NULL,
  `estado_contribuyente` varchar(100) COLLATE utf8mb4_unicode_ci NOT NULL,
  `condicion_domicilio` varchar(100) COLLATE utf8mb4_unicode_ci NOT NULL,
  `ubigeo` varchar(50) COLLATE utf8mb4_unicode_ci NOT NULL,
  `tipo_via` varchar(20) COLLATE utf8mb4_unicode_ci NOT NULL,
  `nombre_via` varchar(50) COLLATE utf8mb4_unicode_ci NOT NULL,
  `codigo_zona` varchar(155) COLLATE utf8mb4_unicode_ci NOT NULL,
  `tipo_zona` varchar(20) COLLATE utf8mb4_unicode_ci NOT NULL,
  `numero` varchar(155) COLLATE utf8mb4_unicode_ci NOT NULL,
  `interior` varchar(50) COLLATE utf8mb4_unicode_ci NOT NULL,
  `lote` varchar(20) COLLATE utf8mb4_unicode_ci NOT NULL,
  `departamento` varchar(100) COLLATE utf8mb4_unicode_ci NOT NULL,
  `manzana` varchar(20) COLLATE utf8mb4_unicode_ci NOT NULL,
  `kilometro` varchar(20) COLLATE utf8mb4_unicode_ci NOT NULL,
  `status` tinyint(4) NOT NULL DEFAULT 1,
  `created_at` timestamp NULL DEFAULT NULL,
  `updated_at` timestamp NULL DEFAULT NULL,
  PRIMARY KEY (`id`),
  KEY `padrones_ruc_index` (`ruc`)
) ENGINE=InnoDB DEFAULT CHARSET=utf8mb4 COLLATE=utf8mb4_unicode_ci;

--
-- Dumping data for table `padrones`
--


--
-- Table structure for table `payment_conditions`
--

CREATE TABLE `payment_conditions` (
  `id` varchar(255) COLLATE utf8mb4_unicode_ci NOT NULL,
  `name` varchar(255) COLLATE utf8mb4_unicode_ci NOT NULL,
  `days` int(11) NOT NULL DEFAULT 0,
  `is_locked` tinyint(1) NOT NULL DEFAULT 0,
  `is_active` tinyint(1) NOT NULL DEFAULT 1,
  KEY `payment_conditions_id_index` (`id`)
) ENGINE=InnoDB DEFAULT CHARSET=utf8mb4 COLLATE=utf8mb4_unicode_ci;

--
-- Dumping data for table `payment_conditions`
--

INSERT INTO `payment_conditions` VALUES ('01','Contado',0,1,1),('02','Crédito',0,1,1);

--
-- Table structure for table `payment_files`
--

CREATE TABLE `payment_files` (
  `id` int(10) unsigned NOT NULL AUTO_INCREMENT,
  `filename` varchar(255) COLLATE utf8mb4_unicode_ci NOT NULL,
  `payment_id` int(11) NOT NULL,
  `payment_type` varchar(255) COLLATE utf8mb4_unicode_ci NOT NULL,
  PRIMARY KEY (`id`),
  KEY `payment_index` (`payment_id`,`payment_type`)
) ENGINE=InnoDB DEFAULT CHARSET=utf8mb4 COLLATE=utf8mb4_unicode_ci;

--
-- Dumping data for table `payment_files`
--


--
-- Table structure for table `payment_link_types`
--

CREATE TABLE `payment_link_types` (
  `id` char(2) COLLATE utf8mb4_unicode_ci NOT NULL,
  `description` varchar(255) COLLATE utf8mb4_unicode_ci NOT NULL,
  PRIMARY KEY (`id`)
) ENGINE=InnoDB DEFAULT CHARSET=utf8mb4 COLLATE=utf8mb4_unicode_ci;

--
-- Dumping data for table `payment_link_types`
--

INSERT INTO `payment_link_types` VALUES ('01','Yape'),('02','Mercado Pago');

--
-- Table structure for table `payment_links`
--

CREATE TABLE `payment_links` (
  `id` int(10) unsigned NOT NULL AUTO_INCREMENT,
  `soap_type_id` char(2) COLLATE utf8mb4_unicode_ci NOT NULL,
  `uuid` char(36) COLLATE utf8mb4_unicode_ci NOT NULL,
  `user_id` int(10) unsigned NOT NULL,
  `payment_link_type_id` char(2) COLLATE utf8mb4_unicode_ci NOT NULL,
  `payment_id` int(11) DEFAULT NULL,
  `payment_type` varchar(255) COLLATE utf8mb4_unicode_ci DEFAULT NULL,
  `total` decimal(12,2) NOT NULL,
  `uploaded_filename` varchar(255) COLLATE utf8mb4_unicode_ci DEFAULT NULL,
  `query_transaction` tinyint(1) NOT NULL DEFAULT 0,
  `created_at` timestamp NULL DEFAULT NULL,
  `updated_at` timestamp NULL DEFAULT NULL,
  PRIMARY KEY (`id`),
  UNIQUE KEY `payment_links_uuid_unique` (`uuid`),
  KEY `payment_index` (`payment_id`,`payment_type`),
  KEY `payment_links_user_id_foreign` (`user_id`),
  KEY `payment_links_soap_type_id_foreign` (`soap_type_id`),
  KEY `payment_links_payment_link_type_id_foreign` (`payment_link_type_id`),
  CONSTRAINT `payment_links_payment_link_type_id_foreign` FOREIGN KEY (`payment_link_type_id`) REFERENCES `payment_link_types` (`id`),
  CONSTRAINT `payment_links_soap_type_id_foreign` FOREIGN KEY (`soap_type_id`) REFERENCES `soap_types` (`id`),
  CONSTRAINT `payment_links_user_id_foreign` FOREIGN KEY (`user_id`) REFERENCES `users` (`id`)
) ENGINE=InnoDB DEFAULT CHARSET=utf8mb4 COLLATE=utf8mb4_unicode_ci;

--
-- Dumping data for table `payment_links`
--


--
-- Table structure for table `payment_method_types`
--

CREATE TABLE `payment_method_types` (
  `id` char(2) COLLATE utf8mb4_unicode_ci NOT NULL,
  `description` varchar(255) COLLATE utf8mb4_unicode_ci NOT NULL,
  `has_card` tinyint(1) NOT NULL DEFAULT 0,
  `charge` decimal(12,2) DEFAULT NULL,
  `number_days` int(11) DEFAULT NULL,
  `is_credit` tinyint(1) NOT NULL DEFAULT 0 COMMENT 'Define si es tipo credito',
  `is_cash` tinyint(1) NOT NULL DEFAULT 0 COMMENT 'Define si es es efectivo',
  KEY `payment_method_types_id_index` (`id`),
  KEY `payment_method_types_is_credit_index` (`is_credit`)
) ENGINE=InnoDB DEFAULT CHARSET=utf8mb4 COLLATE=utf8mb4_unicode_ci;

--
-- Dumping data for table `payment_method_types`
--

INSERT INTO `payment_method_types` VALUES ('01','Efectivo',0,NULL,NULL,0,1),('02','Tarjeta de crédito',1,NULL,NULL,0,0),('03','Tarjeta de débito',1,NULL,NULL,0,0),('04','Transferencia',0,NULL,NULL,0,0),('05','Factura a 30 días',0,NULL,30,1,0),('06','Tarjeta crédito visa',1,3.68,NULL,0,0),('07','Contado contraentrega',0,NULL,NULL,0,0),('08','A 30 días',0,NULL,30,1,0),('09','Crédito',1,NULL,NULL,1,0),('10','Contado',0,NULL,NULL,0,1);

--
-- Table structure for table `perception_documents`
--

CREATE TABLE `perception_documents` (
  `id` int(10) unsigned NOT NULL AUTO_INCREMENT,
  `perception_id` int(10) unsigned NOT NULL,
  `document_type_id` varchar(255) COLLATE utf8mb4_unicode_ci NOT NULL,
  `number` varchar(255) COLLATE utf8mb4_unicode_ci NOT NULL,
  `date_of_issue` date NOT NULL,
  `date_of_perception` date NOT NULL,
  `currency_type_id` varchar(255) COLLATE utf8mb4_unicode_ci NOT NULL,
  `total_document` decimal(10,2) NOT NULL,
  `total_perception` decimal(10,2) NOT NULL,
  `payments` longtext CHARACTER SET utf8mb4 COLLATE utf8mb4_bin NOT NULL CHECK (json_valid(`payments`)),
  `series` varchar(255) COLLATE utf8mb4_unicode_ci NOT NULL,
  `exchange_rate` longtext CHARACTER SET utf8mb4 COLLATE utf8mb4_bin NOT NULL CHECK (json_valid(`exchange_rate`)),
  `total_to_pay` decimal(10,2) NOT NULL,
  `total_payment` decimal(10,2) NOT NULL,
  PRIMARY KEY (`id`),
  KEY `perception_details_perception_id_foreign` (`perception_id`),
  KEY `perception_documents_document_type_id_foreign` (`document_type_id`),
  KEY `perception_documents_currency_type_id_foreign` (`currency_type_id`),
  CONSTRAINT `perception_details_perception_id_foreign` FOREIGN KEY (`perception_id`) REFERENCES `perceptions` (`id`) ON DELETE CASCADE,
  CONSTRAINT `perception_documents_currency_type_id_foreign` FOREIGN KEY (`currency_type_id`) REFERENCES `cat_currency_types` (`id`),
  CONSTRAINT `perception_documents_document_type_id_foreign` FOREIGN KEY (`document_type_id`) REFERENCES `cat_document_types` (`id`)
) ENGINE=InnoDB DEFAULT CHARSET=utf8mb4 COLLATE=utf8mb4_unicode_ci;

--
-- Dumping data for table `perception_documents`
--


--
-- Table structure for table `person_address`
--

CREATE TABLE `person_address` (
  `id` int(10) unsigned NOT NULL AUTO_INCREMENT,
  `person_id` int(10) unsigned NOT NULL,
  `department_id` char(2) COLLATE utf8mb4_unicode_ci DEFAULT NULL,
  `province_id` char(4) COLLATE utf8mb4_unicode_ci DEFAULT NULL,
  `district_id` char(6) COLLATE utf8mb4_unicode_ci DEFAULT NULL,
  `address` varchar(255) COLLATE utf8mb4_unicode_ci DEFAULT NULL,
  PRIMARY KEY (`id`),
  KEY `person_address_person_id_foreign` (`person_id`),
  KEY `person_address_department_id_foreign` (`department_id`),
  KEY `person_address_province_id_foreign` (`province_id`),
  KEY `person_address_district_id_foreign` (`district_id`),
  CONSTRAINT `person_address_department_id_foreign` FOREIGN KEY (`department_id`) REFERENCES `departments` (`id`),
  CONSTRAINT `person_address_district_id_foreign` FOREIGN KEY (`district_id`) REFERENCES `districts` (`id`),
  CONSTRAINT `person_address_person_id_foreign` FOREIGN KEY (`person_id`) REFERENCES `persons` (`id`),
  CONSTRAINT `person_address_province_id_foreign` FOREIGN KEY (`province_id`) REFERENCES `provinces` (`id`)
) ENGINE=InnoDB DEFAULT CHARSET=utf8mb4 COLLATE=utf8mb4_unicode_ci;

--
-- Dumping data for table `person_address`
--


--
-- Table structure for table `person_addresses`
--

CREATE TABLE `person_addresses` (
  `id` int(10) unsigned NOT NULL AUTO_INCREMENT,
  `person_id` int(10) unsigned NOT NULL,
  `country_id` char(2) COLLATE utf8mb4_unicode_ci NOT NULL,
  `department_id` char(2) COLLATE utf8mb4_unicode_ci DEFAULT NULL,
  `province_id` char(4) COLLATE utf8mb4_unicode_ci DEFAULT NULL,
  `district_id` char(6) COLLATE utf8mb4_unicode_ci DEFAULT NULL,
  `address` varchar(255) COLLATE utf8mb4_unicode_ci DEFAULT NULL,
  `phone` varchar(255) COLLATE utf8mb4_unicode_ci DEFAULT NULL,
  `email` varchar(255) COLLATE utf8mb4_unicode_ci DEFAULT NULL,
  `main` tinyint(1) NOT NULL DEFAULT 0,
  PRIMARY KEY (`id`),
  KEY `person_addresses_person_id_foreign` (`person_id`),
  KEY `person_addresses_country_id_foreign` (`country_id`),
  KEY `person_addresses_department_id_foreign` (`department_id`),
  KEY `person_addresses_province_id_foreign` (`province_id`),
  KEY `person_addresses_district_id_foreign` (`district_id`),
  CONSTRAINT `person_addresses_country_id_foreign` FOREIGN KEY (`country_id`) REFERENCES `countries` (`id`),
  CONSTRAINT `person_addresses_department_id_foreign` FOREIGN KEY (`department_id`) REFERENCES `departments` (`id`),
  CONSTRAINT `person_addresses_district_id_foreign` FOREIGN KEY (`district_id`) REFERENCES `districts` (`id`),
  CONSTRAINT `person_addresses_person_id_foreign` FOREIGN KEY (`person_id`) REFERENCES `persons` (`id`),
  CONSTRAINT `person_addresses_province_id_foreign` FOREIGN KEY (`province_id`) REFERENCES `provinces` (`id`)
) ENGINE=InnoDB DEFAULT CHARSET=utf8mb4 COLLATE=utf8mb4_unicode_ci;

--
-- Dumping data for table `person_addresses`
--


--
-- Table structure for table `person_types`
--

CREATE TABLE `person_types` (
  `id` int(10) unsigned NOT NULL AUTO_INCREMENT,
  `description` text COLLATE utf8mb4_unicode_ci NOT NULL,
  `created_at` timestamp NULL DEFAULT NULL,
  `updated_at` timestamp NULL DEFAULT NULL,
  PRIMARY KEY (`id`)
) ENGINE=InnoDB AUTO_INCREMENT=3 DEFAULT CHARSET=utf8mb4 COLLATE=utf8mb4_unicode_ci;

--
-- Dumping data for table `person_types`
--

INSERT INTO `person_types` VALUES (1,'Interno','2022-01-24 11:17:15','2022-01-24 11:17:15'),(2,'Distribuidor','2022-01-24 11:17:15','2022-01-24 11:17:15');

--
-- Table structure for table `persons`
--

CREATE TABLE `persons` (
  `id` int(10) unsigned NOT NULL AUTO_INCREMENT,
  `type` enum('customers','suppliers') COLLATE utf8mb4_unicode_ci NOT NULL,
  `identity_document_type_id` varchar(255) COLLATE utf8mb4_unicode_ci NOT NULL,
  `number` varchar(255) COLLATE utf8mb4_unicode_ci NOT NULL,
  `name` varchar(255) COLLATE utf8mb4_unicode_ci NOT NULL,
  `trade_name` varchar(255) COLLATE utf8mb4_unicode_ci DEFAULT NULL,
  `internal_code` varchar(100) COLLATE utf8mb4_unicode_ci DEFAULT NULL,
  `barcode` varchar(150) COLLATE utf8mb4_unicode_ci DEFAULT NULL,
  `country_id` char(2) COLLATE utf8mb4_unicode_ci NOT NULL,
  `nationality_id` char(2) COLLATE utf8mb4_unicode_ci DEFAULT NULL,
  `department_id` char(2) COLLATE utf8mb4_unicode_ci DEFAULT NULL,
  `province_id` char(4) COLLATE utf8mb4_unicode_ci DEFAULT NULL,
  `district_id` char(6) COLLATE utf8mb4_unicode_ci DEFAULT NULL,
  `address_type_id` varchar(255) COLLATE utf8mb4_unicode_ci DEFAULT NULL,
  `address` varchar(255) COLLATE utf8mb4_unicode_ci DEFAULT NULL,
  `condition` varchar(255) COLLATE utf8mb4_unicode_ci DEFAULT NULL,
  `state` varchar(255) COLLATE utf8mb4_unicode_ci DEFAULT NULL,
  `email` varchar(255) COLLATE utf8mb4_unicode_ci DEFAULT NULL,
  `telephone` varchar(255) COLLATE utf8mb4_unicode_ci DEFAULT NULL,
  `accumulated_points` decimal(12,2) NOT NULL DEFAULT 0.00 COMMENT 'sistema por puntos',
  `perception_agent` tinyint(1) NOT NULL DEFAULT 0,
  `person_type_id` int(10) unsigned DEFAULT NULL,
  `contact` longtext CHARACTER SET utf8mb4 COLLATE utf8mb4_bin DEFAULT NULL CHECK (json_valid(`contact`)),
  `comment` varchar(255) COLLATE utf8mb4_unicode_ci DEFAULT NULL,
  `percentage_perception` decimal(12,2) DEFAULT NULL,
  `enabled` tinyint(1) NOT NULL DEFAULT 1,
  `website` text COLLATE utf8mb4_unicode_ci DEFAULT NULL COMMENT 'Sitio Web',
  `zone` longtext COLLATE utf8mb4_unicode_ci DEFAULT NULL COMMENT 'Zona',
  `observation` longtext COLLATE utf8mb4_unicode_ci DEFAULT NULL COMMENT 'Observaciones',
  `created_at` timestamp NULL DEFAULT NULL,
  `updated_at` timestamp NULL DEFAULT NULL,
  `status` tinyint(4) NOT NULL DEFAULT 1,
  `credit_days` int(10) unsigned DEFAULT 0 COMMENT 'establece los dias de credito',
  `optional_email` longtext COLLATE utf8mb4_unicode_ci DEFAULT NULL COMMENT 'Conjunto de correos de envio',
  `parent_id` int(10) unsigned DEFAULT 0 COMMENT 'Se relaciona con si mismo, numero mayor a 0 es el id del padre.',
  `zone_id` int(10) unsigned DEFAULT NULL,
  `seller_id` int(10) unsigned DEFAULT NULL,
  `has_discount` tinyint(1) NOT NULL DEFAULT 0,
  `discount_type` char(2) COLLATE utf8mb4_unicode_ci NOT NULL DEFAULT '01',
  `discount_amount` decimal(12,2) NOT NULL DEFAULT 0.00,
  PRIMARY KEY (`id`),
  KEY `persons_identity_document_type_id_foreign` (`identity_document_type_id`),
  KEY `persons_country_id_foreign` (`country_id`),
  KEY `persons_department_id_foreign` (`department_id`),
  KEY `persons_province_id_foreign` (`province_id`),
  KEY `persons_district_id_foreign` (`district_id`),
  KEY `persons_name_index` (`name`),
  KEY `persons_number_index` (`number`),
  KEY `persons_type_index` (`type`),
  KEY `persons_person_type_id_foreign` (`person_type_id`),
  KEY `persons_enabled_index` (`enabled`),
  KEY `persons_address_type_id_foreign` (`address_type_id`),
  KEY `persons_seller_id_index` (`seller_id`),
  KEY `persons_nationality_id_foreign` (`nationality_id`),
  CONSTRAINT `persons_address_type_id_foreign` FOREIGN KEY (`address_type_id`) REFERENCES `cat_address_types` (`id`),
  CONSTRAINT `persons_country_id_foreign` FOREIGN KEY (`country_id`) REFERENCES `countries` (`id`),
  CONSTRAINT `persons_department_id_foreign` FOREIGN KEY (`department_id`) REFERENCES `departments` (`id`),
  CONSTRAINT `persons_district_id_foreign` FOREIGN KEY (`district_id`) REFERENCES `districts` (`id`),
  CONSTRAINT `persons_identity_document_type_id_foreign` FOREIGN KEY (`identity_document_type_id`) REFERENCES `cat_identity_document_types` (`id`),
  CONSTRAINT `persons_nationality_id_foreign` FOREIGN KEY (`nationality_id`) REFERENCES `countries` (`id`),
  CONSTRAINT `persons_person_type_id_foreign` FOREIGN KEY (`person_type_id`) REFERENCES `person_types` (`id`),
  CONSTRAINT `persons_province_id_foreign` FOREIGN KEY (`province_id`) REFERENCES `provinces` (`id`)
) ENGINE=InnoDB AUTO_INCREMENT=312 DEFAULT CHARSET=utf8mb4 COLLATE=utf8mb4_unicode_ci;

--
-- Dumping data for table `persons`
--

INSERT INTO `persons` VALUES (1,'customers','0','99999999','Clientes - Varios',NULL,NULL,NULL,'PE',NULL,NULL,NULL,NULL,NULL,NULL,NULL,NULL,NULL,NULL,0.00,0,NULL,'{\"full_name\":null,\"phone\":null}',NULL,0.00,1,NULL,NULL,NULL,'2022-01-24 11:35:08','2022-01-24 11:35:08',1,0,NULL,0,NULL,NULL,0,'01',0.00),(2,'customers','6','20608817248','FUNERARIA LOS ANGELES DE LA GUARDA S.A.C.',NULL,NULL,NULL,'PE',NULL,'01','0107','010701',NULL,'JR. RICARDO PALMA NRO. 564 - -','HABIDO','ACTIVO',NULL,NULL,0.00,0,1,'{\"full_name\":null,\"phone\":null}',NULL,0.00,1,NULL,NULL,NULL,'2022-01-24 18:40:55','2022-01-24 18:40:55',1,0,NULL,0,NULL,NULL,0,'01',0.00),(3,'customers','6','20542380455','COOPERATIVA DE SERVICIOS MULTIPLES ECOFOREST LTDA',NULL,NULL,NULL,'PE',NULL,'06','0608','060801',NULL,'AV. PAKAMUROS - 2DO PISO NRO. 2071 SEC. PUEBLO LIBRE','HABIDO','ACTIVO',NULL,NULL,0.00,0,NULL,'{\"full_name\":null,\"phone\":null}',NULL,0.00,1,NULL,NULL,NULL,'2022-01-27 17:01:24','2022-01-27 17:01:24',1,0,NULL,0,NULL,NULL,0,'01',0.00),(4,'customers','6','20109565017','CONSTRUCCION Y ADMINISTRACION S.A.',NULL,NULL,NULL,'PE',NULL,'15','1501','150140',NULL,'AV. JAVIER PRADO ESTE NRO. 4109 URB. SANTA CONSTANZA','HABIDO','ACTIVO',NULL,NULL,0.00,0,NULL,'{\"full_name\":null,\"phone\":null}',NULL,0.00,1,NULL,NULL,NULL,'2022-02-03 16:15:56','2022-02-03 16:15:56',1,0,NULL,0,NULL,NULL,0,'01',0.00),(5,'customers','6','20538633021','ASOCIACION  IGLESIA ADVENTISTA DEL SEPTIMO DIA PERUANA  DEL NORTE',NULL,NULL,NULL,'PE',NULL,'15','1501','150107',NULL,'CAL. LOS ALAMOS NRO. 301 URB. LOS HALCONES','HABIDO','ACTIVO',NULL,NULL,0.00,0,NULL,'{\"full_name\":null,\"phone\":null}',NULL,0.00,1,NULL,NULL,NULL,'2022-02-04 13:09:38','2022-02-04 13:09:38',1,0,NULL,0,NULL,NULL,0,'01',0.00),(6,'customers','1','44729698','CESPEDES FACHO, JUDYT FELICIA',NULL,NULL,NULL,'PE',NULL,NULL,NULL,NULL,NULL,NULL,NULL,NULL,NULL,NULL,0.00,0,NULL,'{\"full_name\":null,\"phone\":null}',NULL,0.00,1,NULL,NULL,NULL,'2022-02-04 18:38:25','2022-02-04 18:38:25',1,0,NULL,0,NULL,NULL,0,'01',0.00),(7,'customers','6','20450326713','ENGINEERING BUILD S.A.C',NULL,NULL,NULL,'PE',NULL,'22','2201','220101',NULL,'JR. CALLAO NRO. 925 - -','HABIDO','ACTIVO',NULL,NULL,0.00,0,NULL,'{\"full_name\":null,\"phone\":null}',NULL,0.00,1,NULL,NULL,NULL,'2022-02-16 16:20:01','2022-02-16 16:20:01',1,0,NULL,0,NULL,NULL,0,'01',0.00),(10,'customers','6','20493681274','INDUSTRIAS ALIMENTARIAS SAN JUAN S.A.C.',NULL,NULL,NULL,'PE',NULL,'01','0107','010701',NULL,'JR. LIMA NRO. 440 SEC. LA ESPERANZA','HABIDO','ACTIVO',NULL,NULL,0.00,0,NULL,'{\"full_name\":null,\"phone\":null}',NULL,0.00,1,NULL,NULL,NULL,'2022-02-18 15:43:59','2022-02-18 15:43:59',1,0,NULL,0,NULL,NULL,0,'01',0.00),(11,'customers','6','20487382575','CLINICA SEÑOR DE LOS MILAGROS - UTC E.I.R.L.',NULL,NULL,NULL,'PE',NULL,'01','0107','010701',NULL,'AV. CHACHAPOYAS NRO. 1281 - -','HABIDO','ACTIVO',NULL,NULL,0.00,0,NULL,'{\"full_name\":null,\"phone\":null}',NULL,0.00,1,NULL,NULL,NULL,'2022-02-18 20:16:32','2022-02-18 20:16:32',1,0,NULL,0,NULL,NULL,0,'01',0.00),(12,'customers','6','20479378411','DISTRIBUCIONES M. OLANO SAC',NULL,NULL,NULL,'PE',NULL,'06','0608','060801',NULL,'AV. MESONES MURO NRO. 230 ---- MORRO SOLAR','HABIDO','ACTIVO',NULL,NULL,0.00,0,NULL,'{\"full_name\":null,\"phone\":null}',NULL,0.00,1,NULL,NULL,NULL,'2022-02-21 16:46:15','2022-02-21 16:46:15',1,0,NULL,0,NULL,NULL,0,'01',0.00),(13,'customers','1','71084586','GAMBOA IDROGO, OSCAR GUSTAVO',NULL,NULL,NULL,'PE',NULL,NULL,NULL,NULL,NULL,NULL,NULL,NULL,NULL,NULL,0.00,0,NULL,'{\"full_name\":null,\"phone\":null}',NULL,0.00,1,NULL,NULL,NULL,'2022-02-22 12:07:38','2022-02-22 12:07:38',1,0,NULL,0,NULL,NULL,0,'01',0.00),(14,'customers','6','20607942405','GRUPO MADICORP E.I.R.L.',NULL,NULL,NULL,'PE',NULL,'22','2201','220101',NULL,'JR. MANUEL DEL AGUILA NRO. 281 - -','HABIDO','ACTIVO',NULL,NULL,0.00,0,NULL,'{\"full_name\":null,\"phone\":null}',NULL,0.00,1,NULL,NULL,NULL,'2022-02-24 11:41:00','2022-02-24 11:41:00',1,0,NULL,0,NULL,NULL,0,'01',0.00),(15,'customers','6','10336417461','DIAZ URIARTE ANTONIO DEMOSTENES',NULL,NULL,NULL,'PE',NULL,NULL,NULL,NULL,NULL,NULL,'HABIDO','ACTIVO',NULL,NULL,0.00,0,NULL,'{\"full_name\":null,\"phone\":null}',NULL,0.00,1,NULL,NULL,NULL,'2022-02-24 13:24:24','2022-02-24 13:24:24',1,0,NULL,0,NULL,NULL,0,'01',0.00),(16,'customers','1','33673088','PALMER BERNAL, WALTER',NULL,NULL,NULL,'PE',NULL,NULL,NULL,NULL,NULL,NULL,NULL,NULL,NULL,NULL,0.00,0,NULL,'{\"full_name\":null,\"phone\":null}',NULL,0.00,1,NULL,NULL,NULL,'2022-02-27 13:39:06','2022-02-27 13:39:06',1,0,NULL,0,NULL,NULL,0,'01',0.00),(17,'customers','1','48282062','GONZALES VILCHEZ, JEREMIAS',NULL,NULL,NULL,'PE',NULL,NULL,NULL,NULL,NULL,NULL,NULL,NULL,NULL,NULL,0.00,0,NULL,'{\"full_name\":null,\"phone\":null}',NULL,0.00,1,NULL,NULL,NULL,'2022-02-28 11:51:53','2022-02-28 11:51:53',1,0,NULL,0,NULL,NULL,0,'01',0.00),(18,'customers','6','10716327791','DIAZ GUERRERO CHAVELA',NULL,NULL,NULL,'PE',NULL,NULL,NULL,NULL,NULL,NULL,'HABIDO','ACTIVO',NULL,NULL,0.00,0,NULL,'{\"full_name\":null,\"phone\":null}',NULL,0.00,1,NULL,NULL,NULL,'2022-02-28 17:11:37','2022-02-28 17:11:37',1,0,NULL,0,NULL,NULL,0,'01',0.00),(19,'customers','1','40877961','BANDA GUEVARA, JAIME',NULL,NULL,NULL,'PE',NULL,NULL,NULL,NULL,NULL,NULL,NULL,NULL,NULL,NULL,0.00,0,NULL,'{\"full_name\":null,\"phone\":null}',NULL,0.00,1,NULL,NULL,NULL,'2022-03-01 16:22:33','2022-03-01 16:22:33',1,0,NULL,0,NULL,NULL,0,'01',0.00),(20,'customers','1','43774035','NUÑEZ BALLADARES, PAULA SOFIA',NULL,NULL,NULL,'PE',NULL,NULL,NULL,NULL,NULL,NULL,NULL,NULL,NULL,NULL,0.00,0,NULL,'{\"full_name\":null,\"phone\":null}',NULL,0.00,1,NULL,NULL,NULL,'2022-03-02 15:34:32','2022-03-02 15:34:32',1,0,NULL,0,NULL,NULL,0,'01',0.00),(22,'customers','1','43721981','HEREDIA ESTELA, ABRAHAN',NULL,NULL,NULL,'PE',NULL,'01','0107','010702',NULL,NULL,NULL,NULL,NULL,NULL,0.00,0,NULL,'{\"full_name\":null,\"phone\":null}',NULL,0.00,1,NULL,NULL,NULL,'2022-03-06 12:39:30','2022-03-06 12:39:30',1,0,NULL,0,NULL,NULL,0,'01',0.00),(23,'customers','6','20171727783','EMPRESA PRESTADORA DE SERVICIOS DE SANEAMIENTO MUNICIPAL DE UTCUBAMBA SOCIEDAD ANONIMA',NULL,NULL,NULL,'PE',NULL,'01','0107','010701',NULL,'JR. JOSE BERNARDO ALCEDO NRO. 184 SEC. SAN MARTIN BAJO','HABIDO','ACTIVO',NULL,NULL,0.00,0,NULL,'{\"full_name\":null,\"phone\":null}',NULL,0.00,1,NULL,NULL,NULL,'2022-03-08 16:16:41','2022-03-08 16:16:41',1,0,NULL,0,NULL,NULL,0,'01',0.00),(24,'customers','6','20603270658','ESTACIÓN DE SERVICIOS JR E.I.R.L.',NULL,NULL,NULL,'PE',NULL,'01','0107','010701',NULL,'CAR. KM  CAS. LA VERSALLA KM. 220','HABIDO','ACTIVO',NULL,NULL,0.00,0,NULL,'{\"full_name\":null,\"phone\":null}',NULL,0.00,1,NULL,NULL,NULL,'2022-03-08 16:25:46','2022-03-08 16:25:46',1,0,NULL,0,NULL,NULL,0,'01',0.00),(25,'customers','6','10463974760','CIEZA SALAZAR CARMEN CECILIA',NULL,NULL,NULL,'PE',NULL,NULL,NULL,NULL,NULL,NULL,'HABIDO','ACTIVO',NULL,NULL,0.00,0,NULL,'{\"full_name\":null,\"phone\":null}',NULL,0.00,1,NULL,NULL,NULL,'2022-03-16 12:48:19','2022-03-16 12:48:19',1,0,NULL,0,NULL,NULL,0,'01',0.00),(26,'customers','6','10335907898','ALTAMIRANO ACHACA YIRLE ELIZA',NULL,NULL,NULL,'PE',NULL,NULL,NULL,NULL,NULL,NULL,'HABIDO','ACTIVO',NULL,NULL,0.00,0,NULL,'{\"full_name\":null,\"phone\":null}',NULL,0.00,1,NULL,NULL,NULL,'2022-03-16 14:59:48','2022-03-16 14:59:48',1,0,NULL,0,NULL,NULL,0,'01',0.00),(27,'customers','1','43660860','PARIAHUACHE JULCAHUANGA, LUZ JOVANY',NULL,NULL,NULL,'PE',NULL,NULL,NULL,NULL,NULL,NULL,NULL,NULL,NULL,NULL,0.00,0,NULL,'{\"full_name\":null,\"phone\":null}',NULL,0.00,1,NULL,NULL,NULL,'2022-03-20 12:56:37','2022-03-20 12:56:37',1,0,NULL,0,NULL,NULL,0,'01',0.00),(28,'customers','6','20608793225','CONSORCIO SAN MARTIN',NULL,NULL,NULL,'PE',NULL,'06','0608','060801',NULL,'CAL. MARISCAL URETA NRO. 1646 INT. 3 SEC. PUEBLO LIBRE','HABIDO','ACTIVO',NULL,NULL,0.00,0,NULL,'{\"full_name\":null,\"phone\":null}',NULL,0.00,1,NULL,NULL,NULL,'2022-03-22 15:05:55','2022-03-22 15:05:55',1,0,NULL,0,NULL,NULL,0,'01',0.00),(29,'customers','6','20231332619','INSTITUTO  DE EDUCACION SUPERIOR PEDAGOGICA PUBLICO \" JOSE SANTOS CHOCANO\"',NULL,NULL,NULL,'PE',NULL,'01','0107','010701',NULL,'JR. HIPOLITO UNANUE NRO. 401 - -','HABIDO','ACTIVO',NULL,NULL,0.00,0,NULL,'{\"full_name\":null,\"phone\":null}',NULL,0.00,1,NULL,NULL,NULL,'2022-03-31 14:30:17','2022-03-31 14:30:17',1,0,NULL,0,NULL,NULL,0,'01',0.00),(30,'customers','1','80535859','ALVARADO VASQUEZ, ALICIA','CENTRO Nº 021',NULL,NULL,'PE',NULL,NULL,NULL,NULL,NULL,'CP. SAN JUAN DE LA LIBERTAD',NULL,NULL,NULL,NULL,0.00,0,NULL,'{\"full_name\":null,\"phone\":null}',NULL,0.00,1,NULL,NULL,NULL,'2022-04-03 12:16:42','2022-04-03 12:16:42',1,0,NULL,0,NULL,NULL,0,'01',0.00),(31,'customers','1','46881314','AGUILERA AGUILERA, JHOANA HAYDE',NULL,NULL,NULL,'PE',NULL,NULL,NULL,NULL,NULL,NULL,NULL,NULL,NULL,NULL,0.00,0,NULL,'{\"full_name\":null,\"phone\":null}',NULL,0.00,1,NULL,NULL,NULL,'2022-04-03 15:09:08','2022-04-03 15:09:08',1,0,NULL,0,NULL,NULL,0,'01',0.00),(32,'customers','6','20608219430','CONSORCIO EL PINTOR',NULL,NULL,NULL,'PE',NULL,'01','0101','010101',NULL,'JR. TRIUNFO NRO. 1374 - -','HABIDO','ACTIVO',NULL,NULL,0.00,0,NULL,'{\"full_name\":null,\"phone\":null}',NULL,0.00,1,NULL,NULL,NULL,'2022-04-05 12:23:09','2022-04-05 12:23:09',1,0,NULL,0,NULL,NULL,0,'01',0.00),(33,'customers','1','06859852','MADERA MADERA, JUAN OSCAR',NULL,NULL,NULL,'PE',NULL,NULL,NULL,NULL,NULL,NULL,NULL,NULL,NULL,NULL,0.00,0,NULL,'{\"full_name\":null,\"phone\":null}',NULL,0.00,1,NULL,NULL,NULL,'2022-04-07 18:13:53','2022-04-07 18:13:53',1,0,NULL,0,NULL,NULL,0,'01',0.00),(34,'customers','6','20607861961','CONSORCIO VIAL LA LAGUNA',NULL,NULL,NULL,'PE',NULL,'01','0101','010101',NULL,'JR. AMAZONAS NRO. 1100 - -','HABIDO','ACTIVO',NULL,NULL,0.00,0,NULL,'{\"full_name\":null,\"phone\":null}',NULL,0.00,1,NULL,NULL,NULL,'2022-04-13 10:11:35','2022-04-13 10:11:35',1,0,NULL,0,NULL,NULL,0,'01',0.00),(35,'customers','0','00000969','969-C.G RAYITOS DE LUZ',NULL,NULL,NULL,'PE',NULL,'01','0107','010701',NULL,NULL,NULL,NULL,NULL,NULL,0.00,0,NULL,'{\"full_name\":null,\"phone\":null}',NULL,0.00,1,NULL,NULL,NULL,'2022-04-13 11:31:51','2022-04-13 11:34:02',1,0,NULL,0,NULL,NULL,0,'01',0.00),(36,'customers','0','000001234','MARIA',NULL,NULL,NULL,'PE',NULL,NULL,NULL,NULL,NULL,NULL,NULL,NULL,NULL,NULL,0.00,0,NULL,'{\"full_name\":null,\"phone\":null}',NULL,0.00,1,NULL,NULL,NULL,'2022-04-13 20:15:28','2022-04-13 20:15:28',1,0,NULL,0,NULL,NULL,0,'01',0.00),(37,'customers','0','000003241','JHON',NULL,NULL,NULL,'PE',NULL,NULL,NULL,NULL,NULL,NULL,NULL,NULL,NULL,NULL,0.00,0,NULL,'{\"full_name\":null,\"phone\":null}',NULL,0.00,1,NULL,NULL,NULL,'2022-04-13 20:32:20','2022-04-13 20:32:20',1,0,NULL,0,NULL,NULL,0,'01',0.00),(38,'customers','0','000002143','MARCOS',NULL,NULL,NULL,'PE',NULL,NULL,NULL,NULL,NULL,NULL,NULL,NULL,NULL,NULL,0.00,0,NULL,'{\"full_name\":null,\"phone\":null}',NULL,0.00,1,NULL,NULL,NULL,'2022-04-13 20:44:54','2022-04-13 20:44:54',1,0,NULL,0,NULL,NULL,0,'01',0.00),(39,'customers','0','000004231','JESSICA',NULL,NULL,NULL,'PE',NULL,NULL,NULL,NULL,NULL,NULL,NULL,NULL,NULL,NULL,0.00,0,NULL,'{\"full_name\":null,\"phone\":null}',NULL,0.00,1,NULL,NULL,NULL,'2022-04-13 20:54:07','2022-04-13 20:54:07',1,0,NULL,0,NULL,NULL,0,'01',0.00),(40,'customers','0','000002532','ADRIAN',NULL,NULL,NULL,'PE',NULL,NULL,NULL,NULL,NULL,NULL,NULL,NULL,NULL,NULL,0.00,0,NULL,'{\"full_name\":null,\"phone\":null}',NULL,0.00,1,NULL,NULL,NULL,'2022-04-13 21:02:25','2022-04-13 21:02:25',1,0,NULL,0,NULL,NULL,0,'01',0.00),(41,'customers','1','00000235','MAURICIO',NULL,NULL,NULL,'PE',NULL,NULL,NULL,NULL,NULL,NULL,NULL,NULL,NULL,NULL,0.00,0,NULL,'{\"full_name\":null,\"phone\":null}',NULL,0.00,1,NULL,NULL,NULL,'2022-04-13 21:10:38','2022-04-13 21:10:38',1,0,NULL,0,NULL,NULL,0,'01',0.00),(42,'customers','0','OOOOO2535','ROSA',NULL,NULL,NULL,'PE',NULL,NULL,NULL,NULL,NULL,NULL,NULL,NULL,NULL,NULL,0.00,0,NULL,'{\"full_name\":null,\"phone\":null}',NULL,0.00,1,NULL,NULL,NULL,'2022-04-18 18:38:09','2022-04-18 18:38:09',1,0,NULL,0,NULL,NULL,0,'01',0.00),(43,'customers','0','000000012','JUAN CARLOS',NULL,NULL,NULL,'PE',NULL,NULL,NULL,NULL,NULL,NULL,NULL,NULL,NULL,NULL,0.00,0,NULL,'{\"full_name\":null,\"phone\":null}',NULL,0.00,1,NULL,NULL,NULL,'2022-04-18 19:15:06','2022-04-18 19:15:06',1,0,NULL,0,NULL,NULL,0,'01',0.00),(44,'customers','0','00003200','CIELO',NULL,NULL,NULL,'PE',NULL,NULL,NULL,NULL,NULL,NULL,NULL,NULL,NULL,NULL,0.00,0,NULL,'{\"full_name\":null,\"phone\":null}',NULL,0.00,1,NULL,NULL,NULL,'2022-04-18 19:20:46','2022-04-18 19:20:46',1,0,NULL,0,NULL,NULL,0,'01',0.00),(45,'customers','0','000347200','MARIELA',NULL,NULL,NULL,'PE',NULL,NULL,NULL,NULL,NULL,NULL,NULL,NULL,NULL,NULL,0.00,0,NULL,'{\"full_name\":null,\"phone\":null}',NULL,0.00,1,NULL,NULL,NULL,'2022-04-18 19:29:42','2022-04-18 19:29:42',1,0,NULL,0,NULL,NULL,0,'01',0.00),(46,'customers','0','00283400','GRIFO ANDY',NULL,NULL,NULL,'PE',NULL,NULL,NULL,NULL,NULL,NULL,NULL,NULL,NULL,NULL,0.00,0,NULL,'{\"full_name\":null,\"phone\":null}',NULL,0.00,1,NULL,NULL,NULL,'2022-04-18 19:43:58','2022-04-18 19:43:58',1,0,NULL,0,NULL,NULL,0,'01',0.00),(47,'customers','0','20250000','CRISTHINA',NULL,NULL,NULL,'PE',NULL,NULL,NULL,NULL,NULL,NULL,NULL,NULL,NULL,NULL,0.00,0,NULL,'{\"full_name\":null,\"phone\":null}',NULL,0.00,1,NULL,NULL,NULL,'2022-04-18 19:50:48','2022-04-18 19:51:30',1,0,NULL,0,NULL,NULL,0,'01',0.00),(48,'customers','6','20601863317','CORVI PERU S.A.C.','CORVI',NULL,NULL,'PE',NULL,'15','1501','150132',NULL,'CAL. COYLLUR NRO. 270 URB. ZARATE','HABIDO','ACTIVO',NULL,NULL,0.00,0,NULL,'{\"full_name\":null,\"phone\":null}',NULL,0.00,1,NULL,NULL,NULL,'2022-04-19 13:48:07','2022-04-19 13:48:07',1,0,NULL,0,NULL,NULL,0,'01',0.00),(49,'customers','6','20288529087','EMPRESA MUNICIPAL DE SERVICIOS ELECTRICOS UTCUBAMBA S.A.C. - EMSEU S.A.C.',NULL,NULL,NULL,'PE',NULL,'01','0107','010701',NULL,'JR. ANGAMOS NRO. 731 - -','HABIDO','ACTIVO',NULL,NULL,0.00,0,NULL,'{\"full_name\":null,\"phone\":null}',NULL,0.00,1,NULL,NULL,NULL,'2022-04-20 14:49:13','2022-04-20 14:49:13',1,0,NULL,0,NULL,NULL,0,'01',0.00),(50,'customers','6','20607851841','NEC CAMPORREDONDO',NULL,NULL,NULL,'PE',NULL,'01','0101','010101',NULL,'JR. HERMOSURA NRO. 766 BAR. LA LAGUNA','HABIDO','ACTIVO',NULL,NULL,0.00,0,NULL,'{\"full_name\":null,\"phone\":null}',NULL,0.00,1,NULL,NULL,'CONV. 052021N003','2022-04-22 14:11:10','2022-04-22 14:25:04',1,0,NULL,0,NULL,NULL,0,'01',0.00),(51,'customers','6','20609001977','GO MC CONSTRUCCIONES E.I.R.L.',NULL,NULL,NULL,'PE',NULL,'01','0107','010701',NULL,'JR. RICARDO PALMA NRO. 181 OTR. CENTRO','HABIDO','ACTIVO',NULL,NULL,0.00,0,NULL,'{\"full_name\":null,\"phone\":null}',NULL,0.00,1,NULL,NULL,NULL,'2022-04-27 11:25:14','2022-04-27 11:25:14',1,0,NULL,0,NULL,NULL,0,'01',0.00),(52,'customers','1','43212287','LIZANO MEZA, LUZ MARIA','I.E EMBLEMATICA 16210 AULA 5to \"A\"',NULL,NULL,'PE',NULL,NULL,NULL,NULL,NULL,NULL,NULL,NULL,NULL,NULL,0.00,0,NULL,'{\"full_name\":null,\"phone\":null}',NULL,0.00,1,NULL,NULL,NULL,'2022-05-01 12:07:23','2022-05-01 12:07:23',1,0,NULL,0,NULL,NULL,0,'01',0.00),(53,'customers','0','99999000','I.E EMBLEMATICA 16210 5to \"A\"',NULL,NULL,NULL,'PE',NULL,NULL,NULL,NULL,NULL,NULL,NULL,NULL,NULL,NULL,0.00,0,NULL,'{\"full_name\":null,\"phone\":null}',NULL,0.00,1,NULL,NULL,NULL,'2022-05-01 12:10:34','2022-05-01 12:10:34',1,0,NULL,0,NULL,NULL,0,'01',0.00),(54,'customers','6','10335692450','VASQUEZ BECERRA OSCAR',NULL,NULL,NULL,'PE',NULL,NULL,NULL,NULL,NULL,NULL,'PENDIENTE','ACTIVO',NULL,NULL,0.00,0,NULL,'{\"full_name\":null,\"phone\":null}',NULL,0.00,1,NULL,NULL,NULL,'2022-05-06 14:13:46','2022-05-06 14:13:46',1,0,NULL,0,NULL,NULL,0,'01',0.00),(55,'customers','6','20602070892','GRUPO EMPRESARIAL UTCUBAMBA E.I.R.L.',NULL,NULL,NULL,'PE',NULL,'01','0101','010101',NULL,'JR. SANTO DOMINGO NRO. 1210 BAR. SANTO DOMINGO','HABIDO','ACTIVO',NULL,NULL,0.00,0,NULL,'{\"full_name\":null,\"phone\":null}',NULL,0.00,1,NULL,NULL,NULL,'2022-05-17 15:20:24','2022-05-17 15:20:24',1,0,NULL,0,NULL,NULL,0,'01',0.00),(56,'customers','1','43914149','VASQUEZ TANTALEAN, MARLENY',NULL,NULL,NULL,'PE',NULL,NULL,NULL,NULL,NULL,NULL,NULL,NULL,NULL,NULL,0.00,0,NULL,'{\"full_name\":null,\"phone\":null}',NULL,0.00,1,NULL,NULL,NULL,'2022-05-17 15:27:42','2022-05-17 15:27:42',1,0,NULL,0,NULL,NULL,0,'01',0.00),(57,'customers','6','20518408365','YUNKAWASI',NULL,NULL,NULL,'PE',NULL,'15','1501','150140',NULL,'AV. MCL. CASTILLA NRO. 582 - -','HABIDO','ACTIVO',NULL,NULL,0.00,0,NULL,'{\"full_name\":null,\"phone\":null}',NULL,0.00,1,NULL,NULL,NULL,'2022-05-17 15:48:15','2022-05-17 15:48:15',1,0,NULL,0,NULL,NULL,0,'01',0.00),(58,'customers','0','99000999','JOSE MARCOS',NULL,NULL,NULL,'PE',NULL,NULL,NULL,NULL,NULL,NULL,NULL,NULL,NULL,NULL,0.00,0,NULL,'{\"full_name\":null,\"phone\":null}',NULL,0.00,1,NULL,NULL,NULL,'2022-05-18 17:13:20','2022-05-18 17:13:20',1,0,NULL,0,NULL,NULL,0,'01',0.00),(59,'customers','0','94600012','JUAN CARLOS EZPINOSA',NULL,NULL,NULL,'PE',NULL,NULL,NULL,NULL,NULL,NULL,NULL,NULL,NULL,NULL,0.00,0,NULL,'{\"full_name\":null,\"phone\":null}',NULL,0.00,1,NULL,NULL,NULL,'2022-05-18 17:16:01','2022-05-18 17:16:01',1,0,NULL,0,NULL,NULL,0,'01',0.00),(60,'customers','0','99988899','SERGIO FUENTES',NULL,NULL,NULL,'PE',NULL,NULL,NULL,NULL,NULL,NULL,NULL,NULL,NULL,NULL,0.00,0,NULL,'{\"full_name\":null,\"phone\":null}',NULL,0.00,1,NULL,NULL,NULL,'2022-05-27 17:22:12','2022-05-27 17:22:12',1,0,NULL,0,NULL,NULL,0,'01',0.00),(61,'customers','1','75075487','TORRES PIZARRO, DARLENE',NULL,NULL,NULL,'PE',NULL,'06','0606','060604',NULL,'CASERIO NUEVO MALLETA',NULL,NULL,NULL,NULL,0.00,0,NULL,'{\"full_name\":null,\"phone\":null}',NULL,0.00,1,NULL,NULL,NULL,'2022-05-27 17:31:09','2022-05-27 17:31:09',1,0,NULL,0,NULL,NULL,0,'01',0.00),(62,'customers','6','20494185076','J&B DIGITAL TECHNOLOGY E.I.R.L.',NULL,NULL,NULL,'PE',NULL,'22','2209','220909',NULL,'JR. SAN MIGUEL NRO. 137 - -','HABIDO','ACTIVO',NULL,NULL,0.00,0,NULL,'{\"full_name\":null,\"phone\":null}',NULL,0.00,1,NULL,NULL,NULL,'2022-05-28 17:42:07','2022-05-28 17:42:07',1,0,NULL,0,NULL,NULL,0,'01',0.00),(63,'customers','0','0000000000000001','I.E ERNESTO VILLANUEVA MUÑOZ',NULL,NULL,NULL,'PE',NULL,'01','0107','010702',NULL,'CAJARURO',NULL,NULL,NULL,NULL,0.00,0,NULL,'{\"full_name\":null,\"phone\":null}',NULL,0.00,1,NULL,NULL,NULL,'2022-06-01 18:38:51','2022-06-01 18:38:51',1,0,NULL,0,NULL,NULL,0,'01',0.00),(64,'customers','1','74467545','AREVALO MONDRAGON, CLEVER',NULL,NULL,NULL,'PE',NULL,'01','0102','010205',NULL,'CASERIO WAWICO',NULL,NULL,NULL,NULL,0.00,0,NULL,'{\"full_name\":null,\"phone\":null}',NULL,0.00,1,NULL,NULL,NULL,'2022-06-21 18:56:03','2022-06-21 18:56:03',1,0,NULL,0,NULL,NULL,0,'01',0.00),(65,'customers','0','990','YAJAIRA ELIZABETH  BURGA PALOMINO',NULL,NULL,NULL,'PE',NULL,NULL,NULL,NULL,NULL,NULL,NULL,NULL,NULL,NULL,0.00,0,NULL,'{\"full_name\":null,\"phone\":null}',NULL,0.00,1,NULL,NULL,NULL,'2022-06-25 15:52:43','2022-06-25 15:52:43',1,0,NULL,0,NULL,NULL,0,'01',0.00),(66,'customers','6','10716992611','HERNANDEZ FLORES LUZMILA',NULL,NULL,NULL,'PE',NULL,'01','0107','010701',NULL,'AV. CHACHAPOYAS NRO. 1148','HABIDO','ACTIVO',NULL,NULL,0.00,0,NULL,'{\"full_name\":null,\"phone\":null}',NULL,0.00,1,NULL,NULL,NULL,'2022-07-02 16:38:42','2022-07-02 16:38:42',1,0,NULL,0,NULL,NULL,0,'01',0.00),(67,'customers','1','55555555','I.E 17036 EL TESORO',NULL,NULL,NULL,'PE',NULL,NULL,NULL,NULL,NULL,'EL TESORO',NULL,NULL,NULL,NULL,0.00,0,NULL,'{\"full_name\":null,\"phone\":null}',NULL,0.00,1,NULL,NULL,NULL,'2022-07-06 16:47:49','2022-07-06 16:47:49',1,0,NULL,0,NULL,NULL,0,'01',0.00),(68,'customers','1','75478910','VEGA SALAZAR, JEAN CLAUDE',NULL,NULL,NULL,'PE',NULL,'01','0102','010201',NULL,'JR. LAS DELICIAS 100',NULL,NULL,NULL,NULL,0.00,0,NULL,NULL,NULL,0.00,1,NULL,NULL,NULL,'2022-07-06 17:00:38','2022-07-06 17:00:38',1,0,NULL,0,NULL,NULL,0,'01',0.00),(69,'customers','0','794','ROSA BELEN CESPEDES VEGA',NULL,NULL,NULL,'PE',NULL,NULL,NULL,NULL,NULL,NULL,NULL,NULL,NULL,NULL,0.00,0,NULL,'{\"full_name\":null,\"phone\":null}',NULL,0.00,1,NULL,NULL,NULL,'2022-07-09 16:44:28','2022-07-09 16:44:28',1,0,NULL,0,NULL,NULL,0,'01',0.00),(70,'customers','1','47369684','CARRASCO BAUTISTA, RIGOBERTO',NULL,NULL,NULL,'PE',NULL,'13','1312','131202',NULL,'PANAMERICANA NORTE NUEVO CHAO II MZ. G LT. 09',NULL,NULL,NULL,NULL,0.00,0,NULL,'{\"full_name\":null,\"phone\":null}',NULL,0.00,1,NULL,NULL,NULL,'2022-07-10 09:50:48','2022-07-10 09:50:48',1,0,NULL,0,NULL,NULL,0,'01',0.00),(71,'customers','1','48412710','MEDINA DELGADO, LEYDEE',NULL,NULL,NULL,'PE',NULL,'01','0107','010702',NULL,'CASERIO LA UNION',NULL,NULL,NULL,NULL,0.00,0,NULL,'{\"full_name\":null,\"phone\":null}',NULL,0.00,1,NULL,NULL,NULL,'2022-07-10 10:11:38','2022-07-10 10:11:38',1,0,NULL,0,NULL,NULL,0,'01',0.00),(72,'customers','0','00001','PUESTO DE SALUD - DIAMANTE ALTO',NULL,NULL,NULL,'PE',NULL,NULL,NULL,NULL,NULL,'DIAMANTE ALTO',NULL,NULL,NULL,NULL,0.00,0,NULL,'{\"full_name\":null,\"phone\":null}',NULL,0.00,1,NULL,NULL,NULL,'2022-07-10 12:13:08','2022-07-10 12:13:08',1,0,NULL,0,NULL,NULL,0,'01',0.00),(73,'customers','1','73204803','HUAMAN PAZ, LESTER KENY GREGORY',NULL,NULL,NULL,'PE',NULL,'14','1401','140105',NULL,'URB SANTA MARIA MZ. 15 LT. 18',NULL,NULL,NULL,NULL,0.00,0,NULL,'{\"full_name\":null,\"phone\":null}',NULL,0.00,1,NULL,NULL,NULL,'2022-07-10 15:45:34','2022-07-10 15:45:34',1,0,NULL,0,NULL,NULL,0,'01',0.00),(74,'customers','6','10754789102','VEGA SALAZAR JEAN CLAUDE',NULL,NULL,NULL,'PE',NULL,'01','0102','010201',NULL,'JR. LAS DELICIAS NRO. 100',NULL,NULL,NULL,NULL,0.00,0,NULL,NULL,NULL,0.00,1,NULL,NULL,NULL,'2022-07-16 01:07:05','2022-07-16 01:07:05',1,0,NULL,0,NULL,NULL,0,'01',0.00),(75,'customers','1','70216420','GALLARDO VEGA, VICTOR VIRGILIO',NULL,NULL,NULL,'PE',NULL,'01','0107','010701',NULL,'JR. RICARDO PALMA 575',NULL,NULL,NULL,NULL,0.00,0,NULL,'{\"full_name\":null,\"phone\":null}',NULL,0.00,1,NULL,NULL,NULL,'2022-07-16 18:04:40','2022-07-16 18:04:40',1,0,NULL,0,NULL,NULL,0,'01',0.00),(76,'customers','0','0008765','MARIA SALAZ',NULL,NULL,NULL,'PE',NULL,NULL,NULL,NULL,NULL,NULL,NULL,NULL,NULL,NULL,0.00,0,NULL,'{\"full_name\":null,\"phone\":null}',NULL,0.00,1,NULL,NULL,NULL,'2022-07-16 18:17:13','2022-07-16 18:17:13',1,0,NULL,0,NULL,NULL,0,'01',0.00),(77,'customers','0','84539999','LEYDI CHUQUILIN',NULL,NULL,NULL,'PE',NULL,NULL,NULL,NULL,NULL,NULL,NULL,NULL,NULL,NULL,0.00,0,NULL,'{\"full_name\":null,\"phone\":null}',NULL,0.00,1,NULL,NULL,NULL,'2022-07-16 18:19:09','2022-07-16 18:19:09',1,0,NULL,0,NULL,NULL,0,'01',0.00),(78,'customers','6','20494058988','CONSTRUCTORA Y SERVICIOS GENERALES G.S.A E.I.R.L',NULL,NULL,NULL,'PE',NULL,'16','1602','160201',NULL,'CAR. VIA DE EVITAMIENTO SECTOR LT. 5 OTR. VÍA DE EVITAMIENTO','HABIDO','ACTIVO',NULL,NULL,0.00,0,NULL,'{\"full_name\":null,\"phone\":null}',NULL,0.00,1,NULL,NULL,NULL,'2022-07-22 18:52:35','2022-07-22 18:52:35',1,0,NULL,0,NULL,NULL,0,'01',0.00),(79,'customers','0','345','I.E.I 345',NULL,NULL,NULL,'PE',NULL,NULL,NULL,NULL,NULL,'J.R TUMBES',NULL,NULL,NULL,NULL,0.00,0,NULL,'{\"full_name\":null,\"phone\":null}',NULL,0.00,1,NULL,NULL,NULL,'2022-07-24 12:20:33','2022-07-24 12:20:33',1,0,NULL,0,NULL,NULL,0,'01',0.00),(80,'customers','1','44769286','CHUPILLON TELLO, MARITZA',NULL,NULL,NULL,'PE',NULL,'01','0107','010701',NULL,'JR. LAS DELICIAS 1281',NULL,NULL,NULL,NULL,0.00,0,NULL,NULL,NULL,0.00,1,NULL,NULL,NULL,'2022-07-29 10:00:08','2022-07-29 10:00:08',1,0,NULL,0,NULL,NULL,0,'01',0.00),(81,'customers','6','10416053389','PASAPERA CALLE OVIDIO',NULL,NULL,NULL,'PE',NULL,'01','0105','010501',NULL,'JR. JOSÉ GALVEZ NRO. 225','HABIDO','ACTIVO',NULL,NULL,0.00,0,NULL,'{\"full_name\":null,\"phone\":null}',NULL,0.00,1,NULL,NULL,NULL,'2022-07-30 11:22:06','2022-07-30 11:22:06',1,0,NULL,0,NULL,NULL,0,'01',0.00),(82,'customers','6','20538956385','INVERSIONES CORRALITO SOCIEDAD ANONIMA CERRADA',NULL,NULL,NULL,'PE',NULL,'01','0101','010101',NULL,'JR. HERMOSURA NRO. 125','HABIDO','ACTIVO',NULL,NULL,0.00,0,NULL,'{\"full_name\":null,\"phone\":null}',NULL,0.00,1,NULL,NULL,NULL,'2022-07-30 12:01:44','2022-07-30 12:01:44',1,0,NULL,0,NULL,NULL,0,'01',0.00),(83,'customers','1','43443286','IDROGO DELGADO, NOLBERTO',NULL,NULL,NULL,'PE',NULL,'01','0107','010705',NULL,'CASERIO SAN JUAN',NULL,NULL,NULL,NULL,0.00,0,NULL,'{\"full_name\":null,\"phone\":null}',NULL,0.00,1,NULL,NULL,NULL,'2022-07-31 13:42:38','2022-07-31 13:42:38',1,0,NULL,0,NULL,NULL,0,'01',0.00),(84,'customers','1','42700210','TORRES CARRANZA, JORGE LUIS',NULL,NULL,NULL,'PE',NULL,'01','0107','010702',NULL,'C.POBLADO ALTO AMAZONAS',NULL,NULL,NULL,NULL,0.00,0,NULL,'{\"full_name\":null,\"phone\":null}',NULL,0.00,1,NULL,NULL,NULL,'2022-08-03 13:31:05','2022-08-03 13:31:05',1,0,NULL,0,NULL,NULL,0,'01',0.00),(85,'customers','6','10452393030','CHAVEZ LEON PAOLA MEDALY',NULL,NULL,NULL,'PE',NULL,'01','0107','010701',NULL,'JR. SIMON BOLIVAR NRO. 674','HABIDO','ACTIVO',NULL,NULL,0.00,0,NULL,'{\"full_name\":null,\"phone\":null}',NULL,0.00,1,NULL,NULL,NULL,'2022-08-03 19:16:27','2022-08-03 19:16:27',1,0,NULL,0,NULL,NULL,0,'01',0.00),(86,'customers','6','10733355030','MEJIA COTRINA DINA MARDELID',NULL,NULL,NULL,'PE',NULL,'01','0107','010701',NULL,'AV. Chachapoyas NRO. 2773','HABIDO','ACTIVO',NULL,NULL,0.00,0,NULL,'{\"full_name\":null,\"phone\":null}',NULL,0.00,1,NULL,NULL,NULL,'2022-08-03 20:43:25','2022-08-03 20:43:25',1,0,NULL,0,NULL,NULL,0,'01',0.00),(87,'customers','6','20606282908','CONSORCIO SUPERVISOR MANTENIMIENTOS AMAZONAS',NULL,NULL,NULL,'PE',NULL,'01','0107','010701',NULL,'JR. LONYA GRANDE NRO. 645','HABIDO','ACTIVO',NULL,NULL,0.00,0,NULL,'{\"full_name\":null,\"phone\":null}',NULL,0.00,1,NULL,NULL,NULL,'2022-08-15 18:29:03','2022-08-15 18:29:03',1,0,NULL,0,NULL,NULL,0,'01',0.00),(88,'customers','1','42725776','VALERA RODRIGO, EDILBERTO',NULL,NULL,NULL,'PE',NULL,'01','0107','010702',NULL,'CPM.SAN JUAN DE LA LIBERTAD',NULL,NULL,NULL,NULL,0.00,0,NULL,'{\"full_name\":null,\"phone\":null}',NULL,0.00,1,NULL,NULL,NULL,'2022-08-19 19:09:13','2022-08-19 19:09:13',1,0,NULL,0,NULL,NULL,0,'01',0.00),(89,'customers','6','20548776920','PROGRAMA NACIONAL DE SANEAMIENTO RURAL',NULL,NULL,NULL,'PE',NULL,'15','1501','150122',NULL,'AV. ALFREDO BENAVIDES NRO. 395 URB. PALACIO DEL VIRREY','HABIDO','ACTIVO',NULL,NULL,0.00,0,NULL,'{\"full_name\":null,\"phone\":null}',NULL,0.00,1,NULL,NULL,NULL,'2022-08-19 19:17:36','2022-08-19 19:17:36',1,0,NULL,0,NULL,NULL,0,'01',0.00),(90,'customers','4','88888898','IGLESIA EVANGELICA P.E 665',NULL,NULL,NULL,'PE',NULL,NULL,NULL,NULL,NULL,NULL,NULL,NULL,NULL,NULL,0.00,0,NULL,'{\"full_name\":null,\"phone\":null}',NULL,0.00,1,NULL,NULL,NULL,'2022-08-27 15:30:33','2022-10-18 15:38:24',1,0,NULL,0,NULL,NULL,0,'01',0.00),(91,'customers','1','77325499','RUESTA SANCHEZ, JOSE CARLOS',NULL,NULL,NULL,'PE',NULL,'01','0107','010701',NULL,'C.P ÑUNYA JALCA CASERIO SEÑOR DE HUAMANTANGA',NULL,NULL,NULL,NULL,0.00,0,NULL,'{\"full_name\":null,\"phone\":null}',NULL,0.00,1,NULL,NULL,NULL,'2022-08-30 14:05:40','2022-08-30 14:05:40',1,0,NULL,0,NULL,NULL,0,'01',0.00),(92,'customers','1','70561861','CESPEDES VEGA, BERTHA ESMERALDA',NULL,NULL,NULL,'PE',NULL,'01','0107','010701',NULL,'JR. SAENZ PEÑA 1275 SECTOR VISALOT',NULL,NULL,NULL,NULL,0.00,0,NULL,'{\"full_name\":null,\"phone\":null}',NULL,0.00,1,NULL,NULL,NULL,'2022-08-30 15:21:07','2022-08-30 15:21:07',1,0,NULL,0,NULL,NULL,0,'01',0.00),(93,'customers','1','75776598','IZQUIERDO CIEZA, LUZDIANDRA',NULL,NULL,NULL,'PE',NULL,'01','0107','010701',NULL,'CASERIO BALCON',NULL,NULL,NULL,NULL,0.00,0,NULL,'{\"full_name\":null,\"phone\":null}',NULL,0.00,1,NULL,NULL,NULL,'2022-08-30 16:42:40','2022-08-30 16:42:40',1,0,NULL,0,NULL,NULL,0,'01',0.00),(94,'customers','1','76867269','FERNÁNDEZ VALQUI, JOSÉ GEAN',NULL,NULL,NULL,'PE',NULL,'22','2208','220804',NULL,'PSJ. SANTA ROSA/OLIVOS C-02',NULL,NULL,NULL,NULL,0.00,0,NULL,'{\"full_name\":null,\"phone\":null}',NULL,0.00,1,NULL,NULL,NULL,'2022-09-05 09:21:08','2022-09-05 09:21:08',1,0,NULL,0,NULL,NULL,0,'01',0.00),(95,'customers','6','10802930041','BURGA GALVEZ CESAR JAIRON',NULL,NULL,NULL,'PE',NULL,'01','0107','010701',NULL,'JR. SIMON BOLIVAR NRO. 684','HABIDO','ACTIVO',NULL,NULL,0.00,0,NULL,'{\"full_name\":null,\"phone\":null}',NULL,0.00,1,NULL,NULL,NULL,'2022-09-07 14:57:19','2022-09-07 14:57:19',1,0,NULL,0,NULL,NULL,0,'01',0.00),(96,'customers','1','44489196','AÑAZCO SILVA, BIBIANA',NULL,NULL,NULL,'PE',NULL,'01','0107','010701',NULL,'JR. JOSE GALVEZ 428',NULL,NULL,NULL,NULL,0.00,0,NULL,'{\"full_name\":null,\"phone\":null}',NULL,0.00,1,NULL,NULL,NULL,'2022-09-08 14:07:36','2022-09-08 14:07:36',1,0,NULL,0,NULL,NULL,0,'01',0.00),(97,'customers','4','16988','I.E. 16988 C.P SAN LORENZO',NULL,NULL,NULL,'PE',NULL,NULL,NULL,NULL,NULL,NULL,NULL,NULL,NULL,NULL,0.00,0,NULL,'{\"full_name\":null,\"phone\":null}',NULL,0.00,1,NULL,NULL,NULL,'2022-09-08 14:30:17','2022-09-08 14:30:17',1,0,NULL,0,NULL,NULL,0,'01',0.00),(98,'customers','1','43761986','LEON ROJAS, LUZ JANET',NULL,NULL,NULL,'PE',NULL,'01','0107','010702',NULL,'CASERIO LOS PATOS',NULL,NULL,NULL,NULL,0.00,0,NULL,'{\"full_name\":null,\"phone\":null}',NULL,0.00,1,NULL,NULL,NULL,'2022-09-08 14:45:42','2022-09-08 14:45:42',1,0,NULL,0,NULL,NULL,0,'01',0.00),(99,'customers','1','46341947','CALLE RODRIGUEZ, DEYSI MARIA',NULL,NULL,NULL,'PE',NULL,'22','2201','220101',NULL,'CENTRO POBLADO PUEBLO LIBRE',NULL,NULL,NULL,NULL,0.00,0,NULL,'{\"full_name\":null,\"phone\":null}',NULL,0.00,1,NULL,NULL,NULL,'2022-09-09 14:50:45','2022-09-09 14:50:45',1,0,NULL,0,NULL,NULL,0,'01',0.00),(100,'customers','6','20603264097','CONSORCIO VIAL PISUQUIA',NULL,NULL,NULL,'PE',NULL,'01','0101','010101',NULL,'JR. GRAU NRO. S/N BAR. SANTO DOMINGO','HABIDO','ACTIVO',NULL,NULL,0.00,0,NULL,'{\"full_name\":null,\"phone\":null}',NULL,0.00,1,NULL,NULL,NULL,'2022-09-09 18:37:45','2022-09-09 18:37:45',1,0,NULL,0,NULL,NULL,0,'01',0.00),(101,'customers','4','0001','I.E. SAGRADO CORAZON DE JESUS- AREA TECNICA',NULL,NULL,NULL,'PE',NULL,NULL,NULL,NULL,NULL,NULL,NULL,NULL,NULL,NULL,0.00,0,NULL,'{\"full_name\":null,\"phone\":null}',NULL,0.00,1,NULL,NULL,NULL,'2022-09-11 12:21:42','2022-09-11 12:21:42',1,0,NULL,0,NULL,NULL,0,'01',0.00),(102,'customers','4','0002','CENTRO ESSALUD UTCUBAMBA',NULL,NULL,NULL,'PE',NULL,NULL,NULL,NULL,NULL,NULL,NULL,NULL,NULL,NULL,0.00,0,NULL,'{\"full_name\":null,\"phone\":null}',NULL,0.00,1,NULL,NULL,NULL,'2022-09-11 13:55:00','2022-09-11 13:55:00',1,0,NULL,0,NULL,NULL,0,'01',0.00),(103,'customers','1','73534075','CALDERON LINGAN, OSCAR',NULL,NULL,NULL,'PE',NULL,'01','0107','010702',NULL,'JR. SAN MIGUEL C 12',NULL,NULL,NULL,NULL,0.00,0,NULL,'{\"full_name\":null,\"phone\":null}',NULL,0.00,1,NULL,NULL,NULL,'2022-09-13 16:03:10','2022-09-13 16:03:10',1,0,NULL,0,NULL,NULL,0,'01',0.00),(104,'customers','6','20608208811','FOODCOMPER E.I.R.L.',NULL,NULL,NULL,'PE',NULL,'22','2201','220101',NULL,'JR. DAMIAN NAJAR NRO. 299 BAR. SHANGO','HABIDO','ACTIVO',NULL,NULL,0.00,0,NULL,'{\"full_name\":null,\"phone\":null}',NULL,0.00,1,NULL,NULL,NULL,'2022-09-14 12:46:47','2022-09-14 12:46:47',1,0,NULL,0,NULL,NULL,0,'01',0.00),(105,'customers','4','00012','CLIENTES VARIOS',NULL,NULL,NULL,'PE',NULL,NULL,NULL,NULL,NULL,NULL,NULL,NULL,NULL,NULL,0.00,0,NULL,'{\"full_name\":null,\"phone\":null}',NULL,0.00,1,NULL,NULL,NULL,'2022-09-14 17:19:52','2022-09-14 17:19:52',1,0,NULL,0,NULL,NULL,0,'01',0.00),(106,'customers','1','73533652','NAVARRO LLATAS, SONIA GISELA',NULL,NULL,NULL,'PE',NULL,'15','1501','150137',NULL,'ESCUDERO LOS FICUS MZ. R3 LT. 27',NULL,NULL,NULL,NULL,0.00,0,NULL,'{\"full_name\":null,\"phone\":null}',NULL,0.00,1,NULL,NULL,NULL,'2022-09-15 16:43:09','2022-09-15 16:43:09',1,0,NULL,0,NULL,NULL,0,'01',0.00),(107,'customers','4','00010','BOTICA MEGA FARMA',NULL,NULL,NULL,'PE',NULL,NULL,NULL,NULL,NULL,NULL,NULL,NULL,NULL,NULL,0.00,0,NULL,'{\"full_name\":null,\"phone\":null}',NULL,0.00,1,NULL,NULL,NULL,'2022-09-17 12:23:05','2022-09-17 12:23:05',1,0,NULL,0,NULL,NULL,0,'01',0.00),(108,'customers','1','33672380','ABAD CASTRO, ROSA HILDA',NULL,NULL,NULL,'PE',NULL,'01','0107','010701',NULL,'CP.NUEVO HORIZONTE',NULL,NULL,NULL,NULL,0.00,0,NULL,'{\"full_name\":null,\"phone\":null}',NULL,0.00,1,NULL,NULL,NULL,'2022-09-19 18:01:55','2022-09-19 18:01:55',1,0,NULL,0,NULL,NULL,0,'01',0.00),(109,'customers','1','73085661','JIMENEZ CUBAS, HEIDY RUTH',NULL,NULL,NULL,'PE',NULL,'01','0107','010702',NULL,'C.POBLADO NARANJITOS',NULL,NULL,NULL,NULL,0.00,0,NULL,'{\"full_name\":null,\"phone\":null}',NULL,0.00,1,NULL,NULL,NULL,'2022-09-19 18:42:22','2022-09-19 18:42:22',1,0,NULL,0,NULL,NULL,0,'01',0.00),(110,'customers','1','33645227','VIDAL VIGO, LASTENIA',NULL,NULL,NULL,'PE',NULL,'01','0107','010701',NULL,'CASERIO LA VERSALLA',NULL,NULL,NULL,NULL,0.00,0,NULL,'{\"full_name\":null,\"phone\":null}',NULL,0.00,1,NULL,NULL,NULL,'2022-09-20 16:42:52','2022-09-20 16:42:52',1,0,NULL,0,NULL,NULL,0,'01',0.00),(111,'customers','1','76795064','PEREZ TARRILLO, YACELY',NULL,NULL,NULL,'PE',NULL,'01','0102','010203',NULL,'CAS. PAN DE AZUCAR',NULL,NULL,NULL,NULL,0.00,0,NULL,'{\"full_name\":null,\"phone\":null}',NULL,0.00,1,NULL,NULL,NULL,'2022-09-21 16:40:09','2022-09-21 16:40:09',1,0,NULL,0,NULL,NULL,0,'01',0.00),(112,'customers','1','41975168','PEREZ CAMPOS, DEMETRIO ELSER',NULL,NULL,NULL,'PE',NULL,'01','0103','010306',NULL,'BARRIO SR. DE BURGOS',NULL,NULL,NULL,NULL,0.00,0,NULL,'{\"full_name\":null,\"phone\":null}',NULL,0.00,1,NULL,NULL,NULL,'2022-09-21 17:36:55','2022-09-21 17:36:55',1,0,NULL,0,NULL,NULL,0,'01',0.00),(113,'customers','1','42142188','RAFAEL ALTAMIRANO, MARLENY',NULL,NULL,NULL,'PE',NULL,'01','0107','010702',NULL,'CASERIO EL PROGRESO',NULL,NULL,NULL,NULL,0.00,0,NULL,'{\"full_name\":null,\"phone\":null}',NULL,0.00,1,NULL,NULL,NULL,'2022-09-23 11:39:22','2022-09-23 11:39:22',1,0,NULL,0,NULL,NULL,0,'01',0.00),(114,'customers','1','80343476','ROJAS BUSTAMANTE, CASILDA',NULL,NULL,NULL,'PE',NULL,'01','0107','010701',NULL,'CASERIO ALTO PERU',NULL,NULL,NULL,NULL,0.00,0,NULL,'{\"full_name\":null,\"phone\":null}',NULL,0.00,1,NULL,NULL,NULL,'2022-09-23 15:07:46','2022-09-23 15:07:46',1,0,NULL,0,NULL,NULL,0,'01',0.00),(115,'customers','1','33657153','TARRILLO DE CARRANZA, ESTHER',NULL,NULL,NULL,'PE',NULL,'01','0107','010705',NULL,'AV. SAN PEDRO 401',NULL,NULL,NULL,NULL,0.00,0,NULL,'{\"full_name\":null,\"phone\":null}',NULL,0.00,1,NULL,NULL,NULL,'2022-09-23 17:28:17','2022-09-23 17:28:17',1,0,NULL,0,NULL,NULL,0,'01',0.00),(116,'customers','1','70564246','LAMAS IZQUIERDO, MIGUEL ALFREDO',NULL,NULL,NULL,'PE',NULL,'14','1401','140101',NULL,'CALLE NEPTUNO 185 INT. 202 URB SANTA ELENA',NULL,NULL,NULL,NULL,0.00,0,NULL,'{\"full_name\":null,\"phone\":null}',NULL,0.00,1,NULL,NULL,NULL,'2022-09-24 15:05:49','2022-09-24 15:05:49',1,0,NULL,0,NULL,NULL,0,'01',0.00),(117,'customers','1','33671944','SHARIAN UWEK, PABLO',NULL,NULL,NULL,'PE',NULL,'01','0107','010701',NULL,'SECTOR LA PRIMAVERA',NULL,NULL,NULL,NULL,0.00,0,NULL,'{\"full_name\":null,\"phone\":null}',NULL,0.00,1,NULL,NULL,NULL,'2022-09-24 17:30:41','2022-09-24 17:30:41',1,0,NULL,0,NULL,NULL,0,'01',0.00),(118,'customers','1','42142164','JARA SANCHEZ, WILSON',NULL,NULL,NULL,'PE',NULL,'01','0101','010101',NULL,'JR.3 ESQUINAS 825',NULL,NULL,NULL,NULL,0.00,0,NULL,'{\"full_name\":null,\"phone\":null}',NULL,0.00,1,NULL,NULL,NULL,'2022-09-24 18:29:32','2022-09-24 18:29:32',1,0,NULL,0,NULL,NULL,0,'01',0.00),(119,'customers','1','72046341','CAMPOS VILLALOBOS, KAREN',NULL,NULL,NULL,'PE',NULL,'01','0107','010704',NULL,'CASERIO CAYALTI',NULL,NULL,NULL,NULL,0.00,0,NULL,'{\"full_name\":null,\"phone\":null}',NULL,0.00,1,NULL,NULL,NULL,'2022-09-24 18:38:48','2022-09-24 18:38:48',1,0,NULL,0,NULL,NULL,0,'01',0.00),(120,'customers','4','16232','I.E. 16232 BUENOS AIRES CAJARURO',NULL,NULL,NULL,'PE',NULL,NULL,NULL,NULL,NULL,NULL,NULL,NULL,NULL,NULL,0.00,0,NULL,'{\"full_name\":null,\"phone\":null}',NULL,0.00,1,NULL,NULL,NULL,'2022-09-27 10:46:19','2022-09-27 10:46:19',1,0,NULL,0,NULL,NULL,0,'01',0.00),(121,'customers','1','33659075','SANTILLAN REAP, OLGA',NULL,NULL,NULL,'PE',NULL,'01','0107','010705',NULL,'JR.PROLONGACION S/N',NULL,NULL,NULL,NULL,0.00,0,NULL,'{\"full_name\":null,\"phone\":null}',NULL,0.00,1,NULL,NULL,NULL,'2022-09-28 15:25:02','2022-09-28 15:25:02',1,0,NULL,0,NULL,NULL,0,'01',0.00),(122,'customers','1','78115740','LOPEZ BRAVO, LETICIA ANABEL',NULL,NULL,NULL,'PE',NULL,'01','0107','010701',NULL,'JR. TOMAS KATARI 680',NULL,NULL,NULL,NULL,0.00,0,NULL,'{\"full_name\":null,\"phone\":null}',NULL,0.00,1,NULL,NULL,NULL,'2022-09-28 19:09:34','2022-09-28 19:09:34',1,0,NULL,0,NULL,NULL,0,'01',0.00),(123,'customers','1','80396751','VERA SOPLIN, CHELA MARIZA',NULL,NULL,NULL,'PE',NULL,'01','0105','010502',NULL,'ANEXO PALTO',NULL,NULL,NULL,NULL,0.00,0,NULL,'{\"full_name\":null,\"phone\":null}',NULL,0.00,1,NULL,NULL,NULL,'2022-09-29 12:21:02','2022-09-29 12:21:02',1,0,NULL,0,NULL,NULL,0,'01',0.00),(124,'customers','1','44456297','LOAYZA ALEJANDRIA, NEISER',NULL,NULL,NULL,'PE',NULL,'01','0107','010702',NULL,'CASERIO LOS PATOS',NULL,NULL,NULL,NULL,0.00,0,NULL,'{\"full_name\":null,\"phone\":null}',NULL,0.00,1,NULL,NULL,NULL,'2022-09-30 12:58:26','2022-09-30 12:58:26',1,0,NULL,0,NULL,NULL,0,'01',0.00),(125,'customers','1','33658891','COMECA REAP, ELITA',NULL,NULL,NULL,'PE',NULL,'01','0107','010705',NULL,'AV.SAN PEDRO 401',NULL,NULL,NULL,NULL,0.00,0,NULL,'{\"full_name\":null,\"phone\":null}',NULL,0.00,1,NULL,NULL,NULL,'2022-09-30 16:49:33','2022-09-30 16:49:33',1,0,NULL,0,NULL,NULL,0,'01',0.00),(126,'customers','1','75701956','CORDOVA SALVADOR, KARLA STEFFANY',NULL,NULL,NULL,'PE',NULL,'01','0107','010701',NULL,'CASERIO ÑUNYA TEMPLE',NULL,NULL,NULL,NULL,0.00,0,NULL,'{\"full_name\":null,\"phone\":null}',NULL,0.00,1,NULL,NULL,NULL,'2022-10-01 10:07:08','2022-10-01 10:07:08',1,0,NULL,0,NULL,NULL,0,'01',0.00),(127,'customers','1','75921488','MENDEZ ALCANTARA, ERICK JOEL',NULL,NULL,NULL,'PE',NULL,'15','1501','150140',NULL,'MONTES DE ORO ESQ JR MORRO SOLAR DPTO. 303 URB VALLE HERMOSO OESTE MZ. E LT. 1',NULL,NULL,NULL,NULL,0.00,0,NULL,'{\"full_name\":null,\"phone\":null}',NULL,0.00,1,NULL,NULL,NULL,'2022-10-01 13:02:50','2022-10-01 13:02:50',1,0,NULL,0,NULL,NULL,0,'01',0.00),(128,'customers','1','75871100','PALOMINO DIAZ, LEYDI JACQUELINE',NULL,NULL,NULL,'PE',NULL,'01','0107','010701',NULL,'C. P. ÑUNYA JALCA',NULL,NULL,NULL,NULL,0.00,0,NULL,'{\"full_name\":null,\"phone\":null}',NULL,0.00,1,NULL,NULL,NULL,'2022-10-01 14:24:06','2022-10-01 14:24:06',1,0,NULL,0,NULL,NULL,0,'01',0.00),(129,'customers','1','48582073','PEREZ MILIAN, EMERITA',NULL,NULL,NULL,'PE',NULL,'06','0608','060812',NULL,'CASERIO PRIMAVERA',NULL,NULL,NULL,NULL,0.00,0,NULL,'{\"full_name\":null,\"phone\":null}',NULL,0.00,1,NULL,NULL,NULL,'2022-10-03 11:29:07','2022-10-03 11:29:07',1,0,NULL,0,NULL,NULL,0,'01',0.00),(130,'customers','6','10336784897','YNGA GONZAGA ERIKA NATIVIDAD',NULL,NULL,NULL,'PE',NULL,'01','0107','010701',NULL,'JR. MICAELA BASTIDAS NRO. 495 CAS. SAN LUIS','HABIDO','ACTIVO',NULL,NULL,0.00,0,NULL,'{\"full_name\":null,\"phone\":null}',NULL,0.00,1,NULL,NULL,NULL,'2022-10-03 12:11:08','2022-10-03 12:11:08',1,0,NULL,0,NULL,NULL,0,'01',0.00),(131,'customers','1','48229736','ARCE DELGADO, MANUELITO',NULL,NULL,NULL,'PE',NULL,'01','0107','010701',NULL,'MANUEL SCORZA C-6/ CHILE',NULL,NULL,NULL,NULL,0.00,0,NULL,'{\"full_name\":null,\"phone\":null}',NULL,0.00,1,NULL,NULL,NULL,'2022-10-04 17:42:10','2022-10-04 17:42:10',1,0,NULL,0,NULL,NULL,0,'01',0.00),(132,'customers','1','45314067','PAREDES MUÑOZ, VERONICA',NULL,NULL,NULL,'PE',NULL,'15','1501','150106',NULL,'MZ H LT 8 ASOC. VIV. QUEBRADA DEL NORTE',NULL,NULL,NULL,NULL,0.00,0,NULL,'{\"full_name\":null,\"phone\":null}',NULL,0.00,1,NULL,NULL,NULL,'2022-10-05 10:07:17','2022-10-05 10:07:17',1,0,NULL,0,NULL,NULL,0,'01',0.00),(133,'customers','6','20512807411','PROGR NAC PARA LA PREVENC Y ERRADIC DE LA VIOLENCIA CONTRA LAS MUJERES E INTEG DEL GRUP FAM-AURORA',NULL,NULL,NULL,'PE',NULL,'15','1501','150101',NULL,'JR. CAMANA NRO. 616','HABIDO','ACTIVO',NULL,NULL,0.00,0,NULL,'{\"full_name\":null,\"phone\":null}',NULL,0.00,1,NULL,NULL,NULL,'2022-10-05 13:02:09','2022-10-05 13:02:09',1,0,NULL,0,NULL,NULL,0,'01',0.00),(134,'customers','4','000123','IGLESIA BAUTISTA',NULL,NULL,NULL,'PE',NULL,NULL,NULL,NULL,NULL,NULL,NULL,NULL,NULL,NULL,0.00,0,NULL,'{\"full_name\":null,\"phone\":null}',NULL,0.00,1,NULL,NULL,NULL,'2022-10-05 14:22:44','2022-10-05 14:22:44',1,0,NULL,0,NULL,NULL,0,'01',0.00),(135,'customers','6','20605773797','CORPORACION EDUCATIVA NUESTRA SEÑORA DEL PERPETUO SOCORRO S.A.C.',NULL,NULL,NULL,'PE',NULL,'01','0107','010701',NULL,'JR. DANIEL ALCIDES CARRION NRO. 394','HABIDO','ACTIVO',NULL,NULL,0.00,0,NULL,'{\"full_name\":null,\"phone\":null}',NULL,0.00,1,NULL,NULL,NULL,'2022-10-05 16:05:27','2022-10-05 16:05:27',1,0,NULL,0,NULL,NULL,0,'01',0.00),(136,'customers','1','03661368','CHICOMA ROJAS, FLOR LILIANA',NULL,NULL,NULL,'PE',NULL,'01','0107','010701',NULL,'JR. LEONCIO PRADO 218 SCT PUEBLO NUEVO',NULL,NULL,NULL,NULL,0.00,0,NULL,'{\"full_name\":null,\"phone\":null}',NULL,0.00,1,NULL,NULL,NULL,'2022-10-06 13:10:47','2022-10-06 13:10:47',1,0,NULL,0,NULL,NULL,0,'01',0.00),(137,'customers','1','10355094','AGAPITO MONTANO, JONI ISRAEL',NULL,NULL,NULL,'PE',NULL,'15','1501','150132',NULL,'PS LOS VENCEDORES ASENT.H. PANORAMA MZ. F LT. 10',NULL,NULL,NULL,NULL,0.00,0,NULL,'{\"full_name\":null,\"phone\":null}',NULL,0.00,1,NULL,NULL,NULL,'2022-10-08 16:34:38','2022-10-08 16:34:38',1,0,NULL,0,NULL,NULL,0,'01',0.00),(138,'customers','1','33675756','RISCO MUÑOZ, VIOLETA',NULL,NULL,NULL,'PE',NULL,'01','0107','010701',NULL,'SECTOR SAN MARTIN',NULL,NULL,NULL,NULL,0.00,0,NULL,'{\"full_name\":null,\"phone\":null}',NULL,0.00,1,NULL,NULL,NULL,'2022-10-08 16:46:24','2022-10-08 16:46:24',1,0,NULL,0,NULL,NULL,0,'01',0.00),(139,'customers','1','45255082','CUBAS VASQUEZ, MARIA NEIMA',NULL,NULL,NULL,'PE',NULL,'01','0107','010701',NULL,'MAYTA CAPAC 755/SAN LUIS ALTO',NULL,NULL,NULL,NULL,0.00,0,NULL,'{\"full_name\":null,\"phone\":null}',NULL,0.00,1,NULL,NULL,NULL,'2022-10-09 09:49:33','2022-10-09 09:49:33',1,0,NULL,0,NULL,NULL,0,'01',0.00),(140,'customers','1','23008472','CASTILLO DE CASILDO, ANA MARIA',NULL,NULL,NULL,'PE',NULL,'15','1501','150121',NULL,'JR TORIBIO ARA 134 DPTO. 302 URB LA URBANA',NULL,NULL,NULL,NULL,0.00,0,NULL,'{\"full_name\":null,\"phone\":null}',NULL,0.00,1,NULL,NULL,NULL,'2022-10-09 14:16:09','2022-10-09 14:16:09',1,0,NULL,0,NULL,NULL,0,'01',0.00),(141,'customers','1','44248172','VALLEJOS RODRIGUEZ, ROSA',NULL,NULL,NULL,'PE',NULL,'01','0107','010702',NULL,'CPM NARANJOS ALTO',NULL,NULL,NULL,NULL,0.00,0,NULL,'{\"full_name\":null,\"phone\":null}',NULL,0.00,1,NULL,NULL,NULL,'2022-10-10 10:23:36','2022-10-10 10:23:36',1,0,NULL,0,NULL,NULL,0,'01',0.00),(142,'customers','1','44936204','LINGAN VEGA, LUIZ ALBERTO',NULL,NULL,NULL,'PE',NULL,'01','0107','010707',NULL,'CASERIO PUERTO MALLETA',NULL,NULL,NULL,NULL,0.00,0,NULL,'{\"full_name\":null,\"phone\":null}',NULL,0.00,1,NULL,NULL,NULL,'2022-10-10 11:06:05','2022-10-10 11:06:05',1,0,NULL,0,NULL,NULL,0,'01',0.00),(143,'customers','1','33672278','PINEDO ARISTA, MARIA MAGDALENA',NULL,NULL,NULL,'PE',NULL,'01','0107','010701',NULL,'JR. CIRCUNVALACION 315',NULL,NULL,NULL,NULL,0.00,0,NULL,'{\"full_name\":null,\"phone\":null}',NULL,0.00,1,NULL,NULL,NULL,'2022-10-10 11:15:58','2022-10-10 11:15:58',1,0,NULL,0,NULL,NULL,0,'01',0.00),(144,'customers','4','969','969-C.G. RAYITOS DE LUZ',NULL,NULL,NULL,'PE',NULL,NULL,NULL,NULL,NULL,NULL,NULL,NULL,NULL,NULL,0.00,0,NULL,'{\"full_name\":null,\"phone\":null}',NULL,0.00,1,NULL,NULL,NULL,'2022-10-10 13:03:30','2022-10-10 13:03:30',1,0,NULL,0,NULL,NULL,0,'01',0.00),(145,'customers','1','33675375','REGALADO VILCHEZ, HUGO EDILBERTO',NULL,NULL,NULL,'PE',NULL,'01','0107','010701',NULL,'JR.DANIEL A.CARRION 619',NULL,NULL,NULL,NULL,0.00,0,NULL,'{\"full_name\":null,\"phone\":null}',NULL,0.00,1,NULL,NULL,NULL,'2022-10-10 18:16:46','2022-10-10 18:16:46',1,0,NULL,0,NULL,NULL,0,'01',0.00),(146,'customers','4','001879325','CAROLIM OJITO CAMACHO',NULL,NULL,NULL,'PE',NULL,NULL,NULL,NULL,NULL,NULL,NULL,NULL,NULL,NULL,0.00,0,NULL,'{\"full_name\":null,\"phone\":null}',NULL,0.00,1,NULL,NULL,NULL,'2022-10-11 11:50:46','2022-10-11 11:50:46',1,0,NULL,0,NULL,NULL,0,'01',0.00),(147,'customers','4','00000351','351-C.G. LUCERITOS DEL AMANECER',NULL,NULL,NULL,'PE',NULL,NULL,NULL,NULL,NULL,NULL,NULL,NULL,NULL,NULL,0.00,0,NULL,'{\"full_name\":null,\"phone\":null}',NULL,0.00,1,NULL,NULL,NULL,'2022-10-11 13:32:44','2022-10-11 13:32:44',1,0,NULL,0,NULL,NULL,0,'01',0.00),(148,'customers','1','70550141','REQUEJO COLLANTES, LENIS YONER',NULL,NULL,NULL,'PE',NULL,'01','0102','010203',NULL,'CPM.LLUHUANA',NULL,NULL,NULL,NULL,0.00,0,NULL,'{\"full_name\":null,\"phone\":null}',NULL,0.00,1,NULL,NULL,NULL,'2022-10-12 19:21:12','2022-10-12 19:21:12',1,0,NULL,0,NULL,NULL,0,'01',0.00),(149,'customers','1','60165873','LEON ORTIZ, FANY JAQUELINI',NULL,NULL,NULL,'PE',NULL,'01','0107','010701',NULL,'CP BUENA VISTA',NULL,NULL,NULL,NULL,0.00,0,NULL,'{\"full_name\":null,\"phone\":null}',NULL,0.00,1,NULL,NULL,NULL,'2022-10-13 13:29:08','2022-10-13 13:29:08',1,0,NULL,0,NULL,NULL,0,'01',0.00),(150,'customers','1','60155889','HERRERA BUSTAMANTE, ORFELINDA',NULL,NULL,NULL,'PE',NULL,'01','0107','010701',NULL,'CASERIO ROSAPAMPA',NULL,NULL,NULL,NULL,0.00,0,NULL,'{\"full_name\":null,\"phone\":null}',NULL,0.00,1,NULL,NULL,NULL,'2022-10-14 14:16:51','2022-10-14 14:16:51',1,0,NULL,0,NULL,NULL,0,'01',0.00),(151,'customers','1','80434740','SORIANO SANCHEZ, FLOR MARTHA',NULL,NULL,NULL,'PE','PE','01','0107','010701',NULL,'CPM.MIRAFLORES',NULL,NULL,NULL,NULL,0.00,0,NULL,'{\"full_name\":null,\"phone\":null}',NULL,0.00,1,NULL,NULL,NULL,'2022-10-15 11:12:59','2022-10-15 11:12:59',1,0,NULL,0,NULL,NULL,0,'01',0.00),(152,'customers','1','48325204','VASQUEZ ALTAMIRANO, CRISTIAN',NULL,NULL,NULL,'PE','PE','12','1206','120606',NULL,'ANEXO SANTA CRUZ DE ANAPATI',NULL,NULL,NULL,NULL,0.00,0,NULL,'{\"full_name\":null,\"phone\":null}',NULL,0.00,1,NULL,NULL,NULL,'2022-10-15 11:42:58','2022-10-15 11:42:58',1,0,NULL,0,NULL,NULL,0,'01',0.00),(153,'customers','1','70561756','CARRANZA ROJAS, PABLO CESAR',NULL,NULL,NULL,'PE','PE','01','0107','010701',NULL,'AV.MARIANO MELGAR 464',NULL,NULL,NULL,NULL,0.00,0,NULL,'{\"full_name\":null,\"phone\":null}',NULL,0.00,1,NULL,NULL,NULL,'2022-10-15 14:01:16','2022-10-15 14:01:16',1,0,NULL,0,NULL,NULL,0,'01',0.00),(154,'customers','1','10530777','GOMEZ CHAPPA, CERAPIO',NULL,NULL,NULL,'PE','PE','01','0105','010523',NULL,'JR. PROGRESO S/N',NULL,NULL,NULL,NULL,0.00,0,NULL,'{\"full_name\":null,\"phone\":null}',NULL,0.00,1,NULL,NULL,NULL,'2022-10-15 14:45:10','2022-10-15 14:45:10',1,0,NULL,0,NULL,NULL,0,'01',0.00),(155,'customers','1','73714055','VEGA MONTENEGRO, JUAN',NULL,NULL,NULL,'PE','PE','01','0107','010704',NULL,'CASERIO LAS PIRCAS',NULL,NULL,NULL,NULL,0.00,0,NULL,'{\"full_name\":null,\"phone\":null}',NULL,0.00,1,NULL,NULL,NULL,'2022-10-16 11:29:09','2022-10-16 11:29:09',1,0,NULL,0,NULL,NULL,0,'01',0.00),(156,'customers','1','42603092','VELAYARCE INGA, ROMAN',NULL,NULL,NULL,'PE','PE','01','0106','010609',NULL,'CASERIO YAPEYU DE MASHACO',NULL,NULL,NULL,NULL,0.00,0,NULL,'{\"full_name\":null,\"phone\":null}',NULL,0.00,1,NULL,NULL,NULL,'2022-10-17 14:27:44','2022-10-17 14:27:44',1,0,NULL,0,NULL,NULL,0,'01',0.00),(157,'customers','1','47606105','CORDOVA BAUTISTA, TEOFILO',NULL,NULL,NULL,'PE','PE','01','0107','010705',NULL,'CASERIO SAN MARTIN DE PORRES',NULL,NULL,NULL,NULL,0.00,0,NULL,'{\"full_name\":null,\"phone\":null}',NULL,0.00,1,NULL,NULL,NULL,'2022-10-17 16:27:37','2022-10-17 16:27:37',1,0,NULL,0,NULL,NULL,0,'01',0.00),(158,'customers','6','20608371312','INVERSIONES EL AMAUTA EIRL',NULL,NULL,NULL,'PE','PE','01','0107','010701',NULL,'JR. GARCILAZO DE LA VEGA NRO. 350','HABIDO','ACTIVO',NULL,NULL,0.00,0,NULL,'{\"full_name\":null,\"phone\":null}',NULL,0.00,1,NULL,NULL,NULL,'2022-10-19 15:01:23','2022-10-19 15:01:23',1,0,NULL,0,NULL,NULL,0,'01',0.00),(159,'customers','1','41579866','LINARES LLAMO, ELINA',NULL,NULL,NULL,'PE','PE','08','0801','080101',NULL,'CALLE RECOLETA S/N 496',NULL,NULL,NULL,NULL,0.00,0,NULL,'{\"full_name\":null,\"phone\":null}',NULL,0.00,1,NULL,NULL,NULL,'2022-10-19 16:42:59','2022-10-19 16:42:59',1,0,NULL,0,NULL,NULL,0,'01',0.00),(160,'customers','1','80341136','BERNAL QUISPE, MARIA NARCIZA',NULL,NULL,NULL,'PE','PE','01','0107','010701',NULL,'C.P.M.ÑUNYA JALCA',NULL,NULL,NULL,NULL,0.00,0,NULL,'{\"full_name\":null,\"phone\":null}',NULL,0.00,1,NULL,NULL,NULL,'2022-10-19 17:04:48','2022-10-19 17:04:48',1,0,NULL,0,NULL,NULL,0,'01',0.00),(161,'customers','4','00000000','IGLESIA CATOLICA - C.EL SALAO',NULL,NULL,NULL,'PE','PE',NULL,NULL,NULL,NULL,NULL,NULL,NULL,NULL,NULL,0.00,0,NULL,'{\"full_name\":null,\"phone\":null}',NULL,0.00,1,NULL,NULL,NULL,'2022-10-21 11:34:46','2022-10-21 11:34:46',1,0,NULL,0,NULL,NULL,0,'01',0.00),(162,'customers','1','16766924','SERRANO RAMIREZ, CONCEPCION ANDRES',NULL,NULL,NULL,'PE','PE','01','0102','010201',NULL,'JR.28 DE JULIO 650',NULL,NULL,NULL,NULL,0.00,0,NULL,'{\"full_name\":null,\"phone\":null}',NULL,0.00,1,NULL,NULL,NULL,'2022-10-21 17:01:04','2022-10-21 17:01:04',1,0,NULL,0,NULL,NULL,0,'01',0.00),(163,'customers','1','72088144','MENDOZA DIAPIZ, FRANCISCA',NULL,NULL,NULL,'PE','PE','01','0105','010520',NULL,'ANEXO SAN JUAN DE PROVIDENCIA',NULL,NULL,NULL,NULL,0.00,0,NULL,'{\"full_name\":null,\"phone\":null}',NULL,0.00,1,NULL,NULL,NULL,'2022-10-22 12:09:27','2022-10-22 12:09:27',1,0,NULL,0,NULL,NULL,0,'01',0.00),(164,'customers','1','46409576','SUAREZ PEREZ, MILAGRITOS',NULL,NULL,NULL,'PE','PE','01','0107','010704',NULL,'CP. JOROBAMBA',NULL,NULL,NULL,NULL,0.00,0,NULL,'{\"full_name\":null,\"phone\":null}',NULL,0.00,1,NULL,NULL,NULL,'2022-10-22 12:39:40','2022-10-22 12:39:40',1,0,NULL,0,NULL,NULL,0,'01',0.00),(165,'customers','1','48499115','LLATAS PEREZ, TEODOLINDA',NULL,NULL,NULL,'PE','PE','01','0107','010701',NULL,'C.POBLADO PONA ALTA',NULL,NULL,NULL,NULL,0.00,0,NULL,'{\"full_name\":null,\"phone\":null}',NULL,0.00,1,NULL,NULL,NULL,'2022-10-25 16:08:04','2022-10-25 16:08:04',1,0,NULL,0,NULL,NULL,0,'01',0.00),(166,'customers','1','33761650','ARROBO FLORES, LUIS',NULL,NULL,NULL,'PE','PE','01','0104','010402',NULL,'COMUNIDAD NATIVA DE HUAMPAMI',NULL,NULL,NULL,NULL,0.00,0,NULL,'{\"full_name\":null,\"phone\":null}',NULL,0.00,1,NULL,NULL,NULL,'2022-10-27 16:27:43','2022-10-27 16:27:43',1,0,NULL,0,NULL,NULL,0,'01',0.00),(167,'customers','6','20520469126','COSTA Y CASTRO INGENIERIA SOCIEDAD ANONIMA CERRADA',NULL,NULL,NULL,'PE','PE','15','1501','150122',NULL,'AV. JOSE PARDO NRO. 610','HABIDO','ACTIVO',NULL,NULL,0.00,0,NULL,'{\"full_name\":null,\"phone\":null}',NULL,0.00,1,NULL,NULL,NULL,'2022-10-27 18:03:29','2022-10-27 18:03:29',1,0,NULL,0,NULL,NULL,0,'01',0.00),(168,'customers','1','74157681','VILCHEZ MARIN, JHOANA MARICIELO',NULL,NULL,NULL,'PE','PE','01','0107','010705',NULL,'CASERIO SAN JUAN',NULL,NULL,NULL,NULL,0.00,0,NULL,'{\"full_name\":null,\"phone\":null}',NULL,0.00,1,NULL,NULL,NULL,'2022-10-27 18:05:45','2022-10-27 18:05:45',1,0,NULL,0,NULL,NULL,0,'01',0.00),(169,'customers','1','43127220','VILCHEZ VASQUEZ, JOSE HUMBERTO',NULL,NULL,NULL,'PE','PE','01','0107','010705',NULL,'CASERIO EL LAUREL',NULL,NULL,NULL,NULL,0.00,0,NULL,'{\"full_name\":null,\"phone\":null}',NULL,0.00,1,NULL,NULL,NULL,'2022-10-28 10:15:43','2022-10-28 10:15:43',1,0,NULL,0,NULL,NULL,0,'01',0.00),(170,'customers','1','61642483','WAMPUSH YAMPIAG, DALVIN',NULL,NULL,NULL,'PE','PE','01','0102','010205',NULL,'COMUNID.NATIVA UYU ENTSA',NULL,NULL,NULL,NULL,0.00,0,NULL,'{\"full_name\":null,\"phone\":null}',NULL,0.00,1,NULL,NULL,NULL,'2022-10-29 19:03:44','2022-10-29 19:03:44',1,0,NULL,0,NULL,NULL,0,'01',0.00),(171,'customers','1','33676798','AREVALO CALDERON, ALICIA',NULL,NULL,NULL,'PE','PE','01','0107','010702',NULL,'CPM.JOSE OLAYA',NULL,NULL,NULL,NULL,0.00,0,NULL,'{\"full_name\":null,\"phone\":null}',NULL,0.00,1,NULL,NULL,NULL,'2022-10-31 13:46:17','2022-10-31 13:46:17',1,0,NULL,0,NULL,NULL,0,'01',0.00),(172,'customers','1','42538607','FUENTES PERALTA, MARIA EMERITA',NULL,NULL,NULL,'PE','PE','01','0107','010701',NULL,'CP. PONA ALTA',NULL,NULL,NULL,NULL,0.00,0,NULL,'{\"full_name\":null,\"phone\":null}',NULL,0.00,1,NULL,NULL,NULL,'2022-11-03 13:12:39','2022-11-03 13:12:39',1,0,NULL,0,NULL,NULL,0,'01',0.00),(173,'customers','4','000000548','P.E. -0548 -BUENA VISTA',NULL,NULL,NULL,'PE','PE',NULL,NULL,NULL,NULL,NULL,NULL,NULL,NULL,NULL,0.00,0,NULL,'{\"full_name\":null,\"phone\":null}',NULL,0.00,1,NULL,NULL,NULL,'2022-11-17 17:11:26','2022-11-17 17:11:26',1,0,NULL,0,NULL,NULL,0,'01',0.00),(174,'customers','4','0000004','CONSORCIO EJECUTOR PINIAURCO',NULL,NULL,NULL,'PE','PE',NULL,NULL,NULL,NULL,NULL,NULL,NULL,NULL,NULL,0.00,0,NULL,'{\"full_name\":null,\"phone\":null}',NULL,0.00,1,NULL,NULL,NULL,'2022-11-23 11:01:51','2022-11-23 11:01:51',1,0,NULL,0,NULL,NULL,0,'01',0.00),(175,'customers','6','20531349475','CREDIVARGAS S.A.C.',NULL,NULL,NULL,'PE','PE','22','2209','220901',NULL,'JR. JIMENEZ PIMENTEL NRO. 901','HABIDO','ACTIVO',NULL,NULL,0.00,0,NULL,'{\"full_name\":null,\"phone\":null}',NULL,0.00,1,NULL,NULL,NULL,'2022-11-24 12:23:23','2022-11-24 12:23:23',1,0,NULL,0,NULL,NULL,0,'01',0.00),(176,'customers','1','40002924','NAVARRETE QUINTANA, YOVANNA MARITZA',NULL,NULL,NULL,'PE','PE','14','1403','140301',NULL,'CALLE HUSARES DE JUNIN 611',NULL,NULL,NULL,NULL,0.00,0,NULL,'{\"full_name\":null,\"phone\":null}',NULL,0.00,1,NULL,NULL,NULL,'2022-11-25 17:30:07','2022-11-25 17:30:07',1,0,NULL,0,NULL,NULL,0,'01',0.00),(177,'customers','6','20607614271','AMAZON COFFEE S.A.C.',NULL,NULL,NULL,'PE','PE','01','0107','010701',NULL,'JR. JORGE CHAVEZ NRO. 124 SEC. PUEBLO VIEJO','HABIDO','ACTIVO',NULL,NULL,0.00,0,NULL,'{\"full_name\":null,\"phone\":null}',NULL,0.00,1,NULL,NULL,NULL,'2022-11-26 17:11:47','2022-11-26 17:11:47',1,0,NULL,0,NULL,NULL,0,'01',0.00),(178,'customers','4','00000525','ZULEYMI FERNANDEZ',NULL,NULL,NULL,'PE','PE',NULL,NULL,NULL,NULL,NULL,NULL,NULL,NULL,NULL,0.00,0,NULL,'{\"full_name\":null,\"phone\":null}',NULL,0.00,1,NULL,NULL,NULL,'2022-11-26 17:18:20','2022-11-26 17:18:20',1,0,NULL,0,NULL,NULL,0,'01',0.00),(179,'customers','1','73009134','HERNANDEZ MENOR, JOSE ANTONIO',NULL,NULL,NULL,'PE','PE','01','0107','010701',NULL,'JR. CAJARURO 110',NULL,NULL,NULL,NULL,0.00,0,NULL,'{\"full_name\":null,\"phone\":null}',NULL,0.00,1,NULL,NULL,NULL,'2022-11-26 18:23:45','2022-11-26 18:23:45',1,0,NULL,0,NULL,NULL,0,'01',0.00),(180,'customers','1','40456379','HUARIPATA SANGAY DE CHAVARRIA, LUZMILA',NULL,NULL,NULL,'PE','PE','07','0701','070101',NULL,'PROG.VIV. LAS MAGNOLIAS MZ. B LT. 5',NULL,NULL,NULL,NULL,0.00,0,NULL,'{\"full_name\":null,\"phone\":null}',NULL,0.00,1,NULL,NULL,NULL,'2022-11-28 11:34:40','2022-11-28 11:34:40',1,0,NULL,0,NULL,NULL,0,'01',0.00),(181,'customers','4','000025','IGLESIA ADVENTISTA-ALTO PORVENIR',NULL,NULL,NULL,'PE','PE',NULL,NULL,NULL,NULL,NULL,NULL,NULL,NULL,NULL,0.00,0,NULL,'{\"full_name\":null,\"phone\":null}',NULL,0.00,1,NULL,NULL,NULL,'2022-11-29 11:49:44','2022-11-29 11:49:44',1,0,NULL,0,NULL,NULL,0,'01',0.00),(182,'customers','1','43452319','DE LA CRUZ OJEDA, RICHAR JHUNIOR',NULL,NULL,NULL,'PE','PE','02','0218','021801',NULL,'AV. JOSE GALVEZ 1028 P. JOVEN EL PROGRESO',NULL,NULL,NULL,NULL,0.00,0,NULL,'{\"full_name\":null,\"phone\":null}',NULL,0.00,1,NULL,NULL,NULL,'2022-11-29 14:02:02','2022-11-29 14:02:02',1,0,NULL,0,NULL,NULL,0,'01',0.00),(183,'customers','1','40356099','FLORES SUXE, ELISABETH',NULL,NULL,NULL,'PE','PE','01','0107','010702',NULL,'CASERIO MANDINGAS ALTO',NULL,NULL,NULL,NULL,0.00,0,NULL,'{\"full_name\":null,\"phone\":null}',NULL,0.00,1,NULL,NULL,NULL,'2022-11-29 17:16:53','2022-11-29 17:16:53',1,0,NULL,0,NULL,NULL,0,'01',0.00),(184,'customers','1','33647847','RUIZ POSITO, LUCIANO',NULL,NULL,NULL,'PE','PE','01','0107','010701',NULL,'JR.SAENZ PEÑA CUADRA 04',NULL,NULL,NULL,NULL,0.00,0,NULL,'{\"full_name\":null,\"phone\":null}',NULL,0.00,1,NULL,NULL,NULL,'2022-11-29 17:18:40','2022-11-29 17:18:40',1,0,NULL,0,NULL,NULL,0,'01',0.00),(185,'customers','1','47925643','VILLALOBOS CAMACHO, LUIS IVAN',NULL,NULL,NULL,'PE','PE','22','2207','220708',NULL,'CASERIO NUEVO AMAZONAS',NULL,NULL,NULL,NULL,0.00,0,NULL,'{\"full_name\":null,\"phone\":null}',NULL,0.00,1,NULL,NULL,NULL,'2022-11-30 10:53:04','2022-11-30 10:53:04',1,0,NULL,0,NULL,NULL,0,'01',0.00),(186,'customers','1','47164300','HORNA SILVA, JOSE NEYVER',NULL,NULL,NULL,'PE','PE','01','0107','010702',NULL,'CASERIO LA VIÑA',NULL,NULL,NULL,NULL,0.00,0,NULL,'{\"full_name\":null,\"phone\":null}',NULL,0.00,1,NULL,NULL,NULL,'2022-12-02 14:21:36','2022-12-02 14:21:36',1,0,NULL,0,NULL,NULL,0,'01',0.00),(187,'customers','1','47713662','DE LA CRUZ PAICO, IRMA ANGELITA',NULL,NULL,NULL,'PE','PE','14','1402','140201',NULL,'CALLE HECTOR AURICH 857 HECTOR AURICH I',NULL,NULL,NULL,NULL,0.00,0,NULL,'{\"full_name\":null,\"phone\":null}',NULL,0.00,1,NULL,NULL,NULL,'2022-12-02 16:06:52','2022-12-02 16:06:52',1,0,NULL,0,NULL,NULL,0,'01',0.00),(188,'customers','1','47613662','GARCIA CORDOVA, DEISY',NULL,NULL,NULL,'PE','PE','01','0107','010704',NULL,'CASERIO CRUCE CAYALTI',NULL,NULL,NULL,NULL,0.00,0,NULL,'{\"full_name\":null,\"phone\":null}',NULL,0.00,1,NULL,NULL,NULL,'2022-12-02 16:07:55','2022-12-02 16:07:55',1,0,NULL,0,NULL,NULL,0,'01',0.00),(189,'customers','4','0000292894','N.E. PERLA DEL IMAZA SNIP N 292894',NULL,NULL,NULL,'PE','PE',NULL,NULL,NULL,NULL,NULL,NULL,NULL,NULL,NULL,0.00,0,1,'{\"full_name\":null,\"phone\":null}',NULL,0.00,1,NULL,NULL,NULL,'2022-12-03 11:25:52','2022-12-03 11:25:52',1,30,NULL,0,NULL,NULL,0,'01',0.00),(190,'customers','1','47975340','ALVARADO GALLARDO, JESSICA IVONEE',NULL,NULL,NULL,'PE','PE','01','0107','010701',NULL,'JR. LEONCIO PRADO 132',NULL,NULL,NULL,NULL,0.00,0,NULL,'{\"full_name\":null,\"phone\":null}',NULL,0.00,1,NULL,NULL,NULL,'2022-12-03 15:30:24','2022-12-03 15:30:24',1,0,NULL,0,NULL,NULL,0,'01',0.00),(191,'customers','1','70397829','CABRERA MEJIA, FANNY',NULL,NULL,NULL,'PE','PE','07','0701','070106',NULL,'MZ E LT 15 A.H. LAS FLORES',NULL,NULL,NULL,NULL,0.00,0,NULL,'{\"full_name\":null,\"phone\":null}',NULL,0.00,1,NULL,NULL,NULL,'2022-12-03 17:36:35','2022-12-03 17:36:35',1,0,NULL,0,NULL,NULL,0,'01',0.00),(192,'customers','4','0000044','FERNANDEZ VASQUEZ CHRISS SANDEL',NULL,NULL,NULL,'PE','PE',NULL,NULL,NULL,NULL,NULL,NULL,NULL,NULL,NULL,0.00,0,NULL,'{\"full_name\":null,\"phone\":null}',NULL,0.00,1,NULL,NULL,NULL,'2022-12-05 10:50:03','2022-12-05 10:50:03',1,0,NULL,0,NULL,NULL,0,'01',0.00),(193,'customers','4','044','FERNANDEZ VASQUEZ CHRISS SANDEL-CODIGO 44',NULL,NULL,NULL,'PE','PE',NULL,NULL,NULL,NULL,NULL,NULL,NULL,NULL,NULL,0.00,0,NULL,'{\"full_name\":null,\"phone\":null}',NULL,0.00,1,NULL,NULL,NULL,'2022-12-05 10:51:12','2022-12-05 10:51:12',1,0,NULL,0,NULL,NULL,0,'01',0.00),(194,'customers','0','000002','CANAL2-NARANJITOS',NULL,NULL,NULL,'PE','PE',NULL,NULL,NULL,NULL,NULL,NULL,NULL,NULL,NULL,0.00,0,NULL,'{\"full_name\":null,\"phone\":null}',NULL,0.00,1,NULL,NULL,NULL,'2022-12-07 14:15:19','2022-12-07 14:15:19',1,0,NULL,0,NULL,NULL,0,'01',0.00),(195,'customers','1','40799110','TORRES OLANO, MARINO',NULL,NULL,NULL,'PE','PE','01','0107','010701',NULL,'JR.ANGAMOS 1420',NULL,NULL,NULL,NULL,0.00,0,NULL,'{\"full_name\":null,\"phone\":null}',NULL,0.00,1,NULL,NULL,NULL,'2022-12-08 16:19:57','2022-12-08 16:19:57',1,0,NULL,0,NULL,NULL,0,'01',0.00),(196,'customers','1','70910702','ALARCON ZUTA, MARCOS EDINSON',NULL,NULL,NULL,'PE','PE','01','0107','010705',NULL,'CALLE MORAFLORES S/N',NULL,NULL,NULL,NULL,0.00,0,NULL,'{\"full_name\":null,\"phone\":null}',NULL,0.00,1,NULL,NULL,NULL,'2022-12-09 13:06:26','2022-12-09 13:06:26',1,0,NULL,0,NULL,NULL,0,'01',0.00),(197,'customers','1','16706048','MENDOZA PEREZ, DORA MARIBEL',NULL,NULL,NULL,'PE','PE','01','0107','010701',NULL,'JR. ECUADOR 150',NULL,NULL,NULL,NULL,0.00,0,NULL,'{\"full_name\":null,\"phone\":null}',NULL,0.00,1,NULL,NULL,NULL,'2022-12-10 12:14:53','2022-12-10 12:14:53',1,0,NULL,0,NULL,NULL,0,'01',0.00),(198,'customers','6','20609303256','ASOCIACIÓN LUZ AL MUNDO PARA LAS NACIONES',NULL,NULL,NULL,'PE','PE','01','0107','010701',NULL,'JR. LAS DELICIAS NRO. 675','HABIDO','ACTIVO',NULL,NULL,0.00,0,NULL,'{\"full_name\":null,\"phone\":null}',NULL,0.00,1,NULL,NULL,'YAJAIRA ELIZABETH BURGA PALOMINO COD.990','2022-12-10 15:25:39','2022-12-20 10:28:22',1,0,NULL,0,NULL,NULL,0,'01',0.00),(199,'customers','4','00000123','COMISARIA FAMILIAR',NULL,NULL,NULL,'PE','PE',NULL,NULL,NULL,NULL,NULL,NULL,NULL,NULL,NULL,0.00,0,NULL,'{\"full_name\":null,\"phone\":null}',NULL,0.00,1,NULL,NULL,NULL,'2022-12-13 09:25:47','2022-12-13 09:25:47',1,0,NULL,0,NULL,NULL,0,'01',0.00),(200,'customers','4','00000456','INSTITUCION EDUCATIVA \"SAN JUAN\"',NULL,NULL,NULL,'PE','PE',NULL,NULL,NULL,NULL,NULL,NULL,NULL,NULL,NULL,0.00,0,NULL,'{\"full_name\":null,\"phone\":null}',NULL,0.00,1,NULL,NULL,NULL,'2022-12-15 16:44:10','2022-12-15 16:44:10',1,0,NULL,0,NULL,NULL,0,'01',0.00),(201,'customers','1','43669936','ORBEGOSO CHILON, DEMETRIO',NULL,NULL,NULL,'PE','PE','15','1501','150117',NULL,'LOS TUMBOS ASOC. VIRGEN DE SOL 3 ETAPA MZ. D LT. 2',NULL,NULL,NULL,NULL,0.00,0,NULL,'{\"full_name\":null,\"phone\":null}',NULL,0.00,1,NULL,NULL,NULL,'2022-12-17 15:03:30','2022-12-17 15:03:30',1,0,NULL,0,NULL,NULL,0,'01',0.00),(202,'customers','1','43357439','CIEZA BECERRA, JIMMY JACKSON',NULL,NULL,NULL,'PE','PE','01','0107','010705',NULL,'C.POBLADO PUERTO NARAJITOS',NULL,NULL,NULL,NULL,0.00,0,NULL,'{\"full_name\":null,\"phone\":null}',NULL,0.00,1,NULL,NULL,NULL,'2022-12-19 17:27:03','2022-12-19 17:27:03',1,0,NULL,0,NULL,NULL,0,'01',0.00),(203,'customers','1','43137936','QUIROZ PAZ DE HEREDIA, EDITTA',NULL,NULL,NULL,'PE','PE','01','0102','010201',NULL,'PSJ.TUPAC AMARU 245',NULL,NULL,NULL,NULL,0.00,0,NULL,'{\"full_name\":null,\"phone\":null}',NULL,0.00,1,NULL,NULL,NULL,'2022-12-20 12:47:38','2022-12-20 12:47:38',1,0,NULL,0,NULL,NULL,0,'01',0.00),(204,'customers','1','76798271','BUSTAMANTE IDROGO, LESLY ROSMERY',NULL,NULL,NULL,'PE','PE','01','0107','010701',NULL,'C.POBLADO MIRAFLORES DE BUENA VISTA',NULL,NULL,NULL,NULL,0.00,0,NULL,'{\"full_name\":null,\"phone\":null}',NULL,0.00,1,NULL,NULL,NULL,'2022-12-20 14:53:19','2022-12-20 14:53:19',1,0,NULL,0,NULL,NULL,0,'01',0.00),(205,'customers','1','47084896','QUISPE RODRIGUEZ, GUISELA',NULL,NULL,NULL,'PE','PE',NULL,NULL,NULL,NULL,NULL,NULL,NULL,NULL,NULL,0.00,0,NULL,'{\"full_name\":null,\"phone\":null}',NULL,0.00,1,NULL,NULL,NULL,'2022-12-20 16:17:53','2022-12-20 16:17:53',1,0,NULL,0,NULL,NULL,0,'01',0.00),(206,'customers','4','00000789','IGLESIA NAZARENO - BAGUA GRANDE',NULL,NULL,NULL,'PE','PE',NULL,NULL,NULL,NULL,NULL,NULL,NULL,NULL,NULL,0.00,0,NULL,'{\"full_name\":null,\"phone\":null}',NULL,0.00,1,NULL,NULL,NULL,'2022-12-21 10:57:18','2022-12-21 10:57:18',1,0,NULL,0,NULL,NULL,0,'01',0.00),(207,'customers','4','0000023','SIUTRAMUM-UTCUBAMBA',NULL,NULL,NULL,'PE','PE',NULL,NULL,NULL,NULL,NULL,NULL,NULL,NULL,NULL,0.00,0,NULL,'{\"full_name\":null,\"phone\":null}',NULL,0.00,1,NULL,NULL,NULL,'2022-12-21 14:38:55','2022-12-21 14:38:55',1,0,NULL,0,NULL,NULL,0,'01',0.00),(208,'customers','6','20600932862','CENTRO POBLADO EL VALOR',NULL,NULL,NULL,'PE','PE','01','0107','010704',NULL,'MZ. A LT. 2 CAS. EL VALOR','HABIDO','ACTIVO',NULL,NULL,0.00,0,NULL,'{\"full_name\":null,\"phone\":null}',NULL,0.00,1,NULL,NULL,NULL,'2022-12-21 15:11:00','2022-12-21 15:11:00',1,0,NULL,0,NULL,NULL,0,'01',0.00),(209,'customers','1','47465973','HURTADO TORRES, MEDALIT',NULL,NULL,NULL,'PE','PE','01','0107','010707',NULL,'CASERIO PUEBLO NUEVO',NULL,NULL,NULL,NULL,0.00,0,NULL,'{\"full_name\":null,\"phone\":null}',NULL,0.00,1,NULL,NULL,NULL,'2022-12-22 18:13:43','2022-12-22 18:13:43',1,0,NULL,0,NULL,NULL,0,'01',0.00),(210,'customers','1','25689805','FLORES GUTIERREZ, ALBERTO AUGUSTO',NULL,NULL,NULL,'PE','PE','07','0701','070106',NULL,'ASENT. H. LOS LICENCIADOS MZ. R5 LT. 27',NULL,NULL,NULL,NULL,0.00,0,NULL,'{\"full_name\":null,\"phone\":null}',NULL,0.00,1,NULL,NULL,NULL,'2022-12-23 15:37:54','2022-12-23 15:37:54',1,0,NULL,0,NULL,NULL,0,'01',0.00),(211,'customers','6','20526938535','RECREATIVOS FARGO SAC',NULL,NULL,NULL,'PE','PE','03','0302','030201',NULL,'JR. GMO.CACERES NRO. 284  CERCADO','HABIDO','ACTIVO',NULL,NULL,0.00,0,NULL,'{\"full_name\":null,\"phone\":null}',NULL,0.00,1,NULL,NULL,NULL,'2022-12-24 16:17:50','2022-12-24 16:17:50',1,0,NULL,0,NULL,NULL,0,'01',0.00),(212,'customers','1','45450457','MEGO PADILLA, DAMARIS',NULL,NULL,NULL,'PE','PE','01','0107','010702',NULL,'JR SAN MIGUEL S/N',NULL,NULL,NULL,NULL,0.00,0,NULL,'{\"full_name\":null,\"phone\":null}',NULL,0.00,1,NULL,NULL,NULL,'2022-12-26 15:11:16','2022-12-26 15:11:16',1,0,NULL,0,NULL,NULL,0,'01',0.00),(213,'customers','1','41283159','RODRIGUEZ HOYOS, OYMER',NULL,NULL,NULL,'PE','PE','01','0107','010701',NULL,'JR LA LIBERTAD S/N',NULL,NULL,NULL,NULL,0.00,0,NULL,'{\"full_name\":null,\"phone\":null}',NULL,0.00,1,NULL,NULL,NULL,'2022-12-26 17:37:20','2022-12-26 17:37:20',1,0,NULL,0,NULL,NULL,0,'01',0.00),(214,'customers','1','74632550','BORDA CHAVEZ, JHOSELYN',NULL,NULL,NULL,'PE','PE','01','0107','010701',NULL,'SECTOR GONCHA',NULL,NULL,NULL,NULL,0.00,0,NULL,'{\"full_name\":null,\"phone\":null}',NULL,0.00,1,NULL,NULL,NULL,'2022-12-27 13:03:17','2022-12-27 13:03:17',1,0,NULL,0,NULL,NULL,0,'01',0.00),(215,'customers','1','75859904','TERRONES VARGAS, LUZVINDA',NULL,NULL,NULL,'PE','PE','01','0107','010701',NULL,'CASERIO NUEVO SANTA ROSA',NULL,NULL,NULL,NULL,0.00,0,NULL,'{\"full_name\":null,\"phone\":null}',NULL,0.00,1,NULL,NULL,NULL,'2022-12-27 15:21:37','2022-12-27 15:21:37',1,0,NULL,0,NULL,NULL,0,'01',0.00),(216,'customers','6','20610056637','THUNDER PRODUCCIONES S.A.C.',NULL,NULL,NULL,'PE','PE','01','0107','010701',NULL,'JR. CAPAC MALKU NRO. 115 CAS. SAN LUIS','HABIDO','ACTIVO',NULL,NULL,0.00,0,NULL,'{\"full_name\":null,\"phone\":null}',NULL,0.00,1,NULL,NULL,NULL,'2022-12-27 15:29:22','2022-12-27 15:29:22',1,0,NULL,0,NULL,NULL,0,'01',0.00),(217,'customers','6','20480014678','COOPERATIVA DE AHORRO Y CREDITO NORANDINO LTDA',NULL,NULL,NULL,'PE','PE','06','0608','060801',NULL,'CAL. PARDO MIGUEL NRO. 417','HABIDO','ACTIVO',NULL,NULL,0.00,0,NULL,'{\"full_name\":null,\"phone\":null}',NULL,0.00,1,NULL,NULL,NULL,'2022-12-28 17:40:02','2022-12-28 17:40:02',1,0,NULL,0,NULL,NULL,0,'01',0.00),(218,'customers','6','10336629859','VILCHEZ IRIGOIN MARIA MARCELINA',NULL,NULL,NULL,'PE','PE','01','0107','010701',NULL,'JR. CAJARURO NRO. SN SEC. ESPERANZA ALTA','HABIDO','ACTIVO',NULL,NULL,0.00,0,NULL,'{\"full_name\":null,\"phone\":null}',NULL,0.00,1,NULL,NULL,NULL,'2022-12-28 18:52:34','2022-12-28 18:52:34',1,0,NULL,0,NULL,NULL,0,'01',0.00),(219,'customers','0','000005','Centro Salud Utcubamba',NULL,NULL,NULL,'PE','PE',NULL,NULL,NULL,NULL,NULL,NULL,NULL,NULL,NULL,0.00,0,NULL,'{\"full_name\":null,\"phone\":null}',NULL,0.00,0,NULL,NULL,NULL,'2022-12-29 11:22:36','2022-12-29 11:26:08',1,0,NULL,0,NULL,NULL,0,'01',0.00),(220,'customers','1','44303967','GONZA MORE, SERGIO',NULL,NULL,NULL,'PE','PE','01','0107','010701',NULL,'CASERIO LIMONYACU',NULL,NULL,NULL,NULL,0.00,0,NULL,'{\"full_name\":null,\"phone\":null}',NULL,0.00,1,NULL,NULL,NULL,'2022-12-30 11:03:14','2022-12-30 11:03:14',1,0,NULL,0,NULL,NULL,0,'01',0.00),(221,'customers','1','44229992','ADRIANZEN GUERRERO, MELQUIADES',NULL,NULL,NULL,'PE','PE','01','0107','010701',NULL,'CAS. EL NOGAL',NULL,NULL,NULL,NULL,0.00,0,NULL,'{\"full_name\":null,\"phone\":null}',NULL,0.00,1,NULL,NULL,NULL,'2022-12-30 11:07:05','2022-12-30 11:07:05',1,0,NULL,0,NULL,NULL,0,'01',0.00),(222,'customers','1','33573425','BARTUREN HOYOS, MARTI MARINO',NULL,NULL,NULL,'PE','PE','01','0102','010206',NULL,'AV. HEROES DEL CENEPA S/N',NULL,NULL,NULL,NULL,0.00,0,NULL,'{\"full_name\":null,\"phone\":null}',NULL,0.00,1,NULL,NULL,NULL,'2022-12-30 11:09:14','2022-12-30 11:09:14',1,0,NULL,0,NULL,NULL,0,'01',0.00),(223,'customers','6','20607598666','N. E. PARA MEJORAS Y AMPL. DEL SERVICIO DE AGUA POTABLE Y SANEAMIENTO EN EL CC.PP. PERLA DE IMAZA',NULL,NULL,NULL,'PE','PE','01','0107','010701',NULL,'AV. CHACHAPOYAS NRO. 2055','HABIDO','ACTIVO',NULL,NULL,0.00,0,NULL,'{\"full_name\":null,\"phone\":null}',NULL,0.00,1,NULL,NULL,NULL,'2022-12-30 12:34:11','2022-12-30 12:34:11',1,0,NULL,0,NULL,NULL,0,'01',0.00),(224,'customers','6','10336683055','GUEVARA CORONEL NOE',NULL,NULL,NULL,'PE','PE','01','0107','010701',NULL,'JR. AGUSTIN GAMARRA NRO. 205 CERCADO DE BAGUA GRANDE','HABIDO','ACTIVO',NULL,NULL,0.00,0,NULL,'{\"full_name\":null,\"phone\":null}',NULL,0.00,1,NULL,NULL,NULL,'2022-12-30 15:49:14','2022-12-30 15:49:14',1,0,NULL,0,NULL,NULL,0,'01',0.00),(225,'customers','6','20437843407','COMUNIDAD CAMPESINA DE MAGDALENA',NULL,NULL,NULL,'PE','PE','01','0101','010112',NULL,'JR. SAN MARTIN NRO. S/N','HABIDO','ACTIVO',NULL,NULL,0.00,0,NULL,'{\"full_name\":null,\"phone\":null}',NULL,0.00,1,NULL,NULL,NULL,'2022-12-30 18:30:55','2022-12-30 18:30:55',1,0,NULL,0,NULL,NULL,0,'01',0.00),(226,'customers','1','33667564','MONTENEGRO TORREJON, DIOCELINDA',NULL,NULL,NULL,'PE','PE','01','0107','010701',NULL,'JR.ANGAMOS NRO.1684',NULL,NULL,NULL,NULL,0.00,0,NULL,'{\"full_name\":null,\"phone\":null}',NULL,0.00,1,NULL,NULL,NULL,'2022-12-30 18:41:21','2022-12-30 18:41:21',1,0,NULL,0,NULL,NULL,0,'01',0.00),(227,'customers','1','75738159','GARCIA RODRIGUEZ, IRMA',NULL,NULL,NULL,'PE','PE','01','0107','010702',NULL,'CASERIO EL CHALACO',NULL,NULL,NULL,NULL,0.00,0,NULL,'{\"full_name\":null,\"phone\":null}',NULL,0.00,1,NULL,NULL,NULL,'2022-12-31 11:46:43','2022-12-31 11:46:43',1,0,NULL,0,NULL,NULL,0,'01',0.00),(228,'customers','1','43391404','REGALADO DIAZ, MARIA EVELIA',NULL,NULL,NULL,'PE','PE','01','0107','010702',NULL,'CASERIO LA FLORIDA',NULL,NULL,NULL,NULL,0.00,0,NULL,'{\"full_name\":null,\"phone\":null}',NULL,0.00,1,NULL,NULL,NULL,'2023-01-02 14:27:07','2023-01-02 14:27:07',1,0,NULL,0,NULL,NULL,0,'01',0.00),(229,'customers','1','46448199','TARRILLO VASQUEZ, MARIA ESPERANZA',NULL,NULL,NULL,'PE','PE','13','1312','131201',NULL,'INDEPENDENCIA 689',NULL,NULL,NULL,NULL,0.00,0,NULL,'{\"full_name\":null,\"phone\":null}',NULL,0.00,1,NULL,NULL,NULL,'2023-01-03 10:04:52','2023-01-03 10:04:52',1,0,NULL,0,NULL,NULL,0,'01',0.00),(230,'customers','1','47839457','CALDERON CABRERA, SABINA',NULL,NULL,NULL,'PE','PE','01','0107','010701',NULL,'C.POBLADO COLLICATE',NULL,NULL,NULL,NULL,0.00,0,NULL,'{\"full_name\":null,\"phone\":null}',NULL,0.00,1,NULL,NULL,NULL,'2023-01-03 14:15:38','2023-01-03 14:15:38',1,0,NULL,0,NULL,NULL,0,'01',0.00),(231,'customers','1','47656987','RODRIGUEZ LLANOS, LUCI MAGALI',NULL,NULL,NULL,'PE','PE','01','0107','010701',NULL,'JR. MARISCAL CASTILLA 441',NULL,NULL,NULL,NULL,0.00,0,NULL,'{\"full_name\":null,\"phone\":null}',NULL,0.00,1,NULL,NULL,NULL,'2023-01-03 15:20:02','2023-01-03 15:20:02',1,0,NULL,0,NULL,NULL,0,'01',0.00),(232,'customers','1','40655363','ALBERCA GUERRERO, MIRIAN ESTHER',NULL,NULL,NULL,'PE','PE','01','0107','010701',NULL,'RICARDO PALMA 1140',NULL,NULL,NULL,NULL,0.00,0,NULL,'{\"full_name\":null,\"phone\":null}',NULL,0.00,1,NULL,NULL,NULL,'2023-01-03 18:12:32','2023-01-03 18:12:32',1,0,NULL,0,NULL,NULL,0,'01',0.00),(233,'customers','6','20609432137','MUNICIPALIDAD DEL CENTRO POBLADO DE COLLICATE',NULL,NULL,NULL,'PE','PE','01','0107','010701',NULL,'AV. AMAZONAS NRO. 230 C.P. COLLICATE','HABIDO','ACTIVO',NULL,NULL,0.00,0,NULL,'{\"full_name\":null,\"phone\":null}',NULL,0.00,1,NULL,NULL,NULL,'2023-01-05 13:00:41','2023-01-05 13:00:41',1,0,NULL,0,NULL,NULL,0,'01',0.00),(234,'customers','1','80490672','BUSTAMANTE VASQUEZ, MARLENY MARILU',NULL,NULL,NULL,'PE','PE','01','0107','010701',NULL,'JR JULIO C. TELLO 313',NULL,NULL,NULL,NULL,0.00,0,NULL,'{\"full_name\":null,\"phone\":null}',NULL,0.00,1,NULL,NULL,NULL,'2023-01-06 09:49:50','2023-01-06 09:49:50',1,0,NULL,0,NULL,NULL,0,'01',0.00),(235,'customers','1','74132468','GONZA GARCIA, VANESSA',NULL,NULL,NULL,'PE','PE','01','0107','010701',NULL,'CASERIO LIMONYACU',NULL,NULL,NULL,NULL,0.00,0,NULL,'{\"full_name\":null,\"phone\":null}',NULL,0.00,1,NULL,NULL,NULL,'2023-01-07 17:04:26','2023-01-07 17:04:26',1,0,NULL,0,NULL,NULL,0,'01',0.00),(236,'customers','1','33657822','MONTALBAN CARRANZA, DARIO',NULL,NULL,NULL,'PE','PE','01','0107','010702',NULL,'CASERIO MILAGRO DE SANTA ROSA',NULL,NULL,NULL,NULL,0.00,0,NULL,'{\"full_name\":null,\"phone\":null}',NULL,0.00,1,NULL,NULL,NULL,'2023-01-09 11:09:52','2023-01-09 11:09:52',1,0,NULL,0,NULL,NULL,0,'01',0.00),(237,'customers','1','44915268','CUBAS DIAZ, JOSE ELMER',NULL,NULL,NULL,'PE','PE','01','0107','010702',NULL,'CENTRO POBLADO EL RON',NULL,NULL,NULL,NULL,0.00,0,NULL,'{\"full_name\":null,\"phone\":null}',NULL,0.00,1,NULL,NULL,NULL,'2023-01-09 16:48:27','2023-01-09 16:48:27',1,0,NULL,0,NULL,NULL,0,'01',0.00),(238,'customers','1','45383485','PINTADO BUENO, CELIDE',NULL,NULL,NULL,'PE','PE','01','0107','010701',NULL,'CASERIO DELTA',NULL,NULL,NULL,NULL,0.00,0,NULL,'{\"full_name\":null,\"phone\":null}',NULL,0.00,1,NULL,NULL,NULL,'2023-01-10 14:56:19','2023-01-10 14:56:19',1,0,NULL,0,NULL,NULL,0,'01',0.00),(239,'customers','1','40329135','BAUTISTA SANCHEZ, MARIA REINELINDA',NULL,NULL,NULL,'PE','PE','01','0107','010702',NULL,'CENTRO POBLADO EL RON',NULL,NULL,NULL,NULL,0.00,0,NULL,'{\"full_name\":null,\"phone\":null}',NULL,0.00,1,NULL,NULL,NULL,'2023-01-10 15:54:55','2023-01-10 15:54:55',1,0,NULL,0,NULL,NULL,0,'01',0.00),(243,'customers','6','10458030443','VASQUEZ GONZALES MARIA MARGARITA',NULL,NULL,NULL,'PE','PE','01','0107','010701',NULL,'JR. LEONCIO PRADO NRO. 197','HABIDO','ACTIVO',NULL,NULL,0.00,0,NULL,'{\"full_name\":null,\"phone\":null}',NULL,0.00,1,NULL,NULL,NULL,'2023-01-10 16:29:27','2023-01-10 16:29:27',1,0,NULL,0,NULL,NULL,0,'01',0.00),(244,'customers','6','20453689981','CELL SERVICE E.I.R.L.',NULL,NULL,NULL,'PE','PE','06','0601','060101',NULL,'JR. AMAZONAS NRO. 684','HABIDO','ACTIVO',NULL,NULL,0.00,0,NULL,'{\"full_name\":null,\"phone\":null}',NULL,0.00,1,NULL,NULL,NULL,'2023-01-12 11:24:24','2023-01-12 11:24:24',1,0,NULL,0,NULL,NULL,0,'01',0.00),(245,'customers','6','20609560925','MUNICIPALIDAD DEL CENTRO POBLADO VISTA HERMOSA',NULL,NULL,NULL,'PE','PE','01','0107','010701',NULL,'NRO. REF C.P. VISTA HERMOSA','HABIDO','ACTIVO',NULL,NULL,0.00,0,NULL,'{\"full_name\":null,\"phone\":null}',NULL,0.00,1,NULL,NULL,NULL,'2023-01-13 11:14:34','2023-01-13 11:14:34',1,0,NULL,0,NULL,NULL,0,'01',0.00),(246,'customers','1','43639287','TORRES MELENDEZ, KARIN LIZBETH',NULL,NULL,NULL,'PE','PE','01','0107','010701',NULL,'JR. MAITA CAPAC 799',NULL,NULL,NULL,NULL,0.00,0,NULL,'{\"full_name\":null,\"phone\":null}',NULL,0.00,1,NULL,NULL,NULL,'2023-01-13 12:13:37','2023-01-13 12:13:37',1,0,NULL,0,NULL,NULL,0,'01',0.00),(247,'customers','4','999999','Comedor Popular SEÑOR DE LOS MILAGROS-caserío LA TABLA',NULL,NULL,NULL,'PE','PE',NULL,NULL,NULL,NULL,NULL,NULL,NULL,NULL,NULL,0.00,0,NULL,'{\"full_name\":null,\"phone\":null}',NULL,0.00,1,NULL,NULL,NULL,'2023-01-18 13:22:43','2023-01-18 13:22:43',1,0,NULL,0,NULL,NULL,0,'01',0.00),(248,'suppliers','6','20510146698','TERRA PLASTIC SOCIEDAD ANONIMA CERRADA',NULL,NULL,NULL,'PE','PE','15','1501','150101',NULL,'JR. ANDAHUAYLAS NRO. 1009','HABIDO','ACTIVO',NULL,NULL,0.00,0,NULL,'{\"full_name\":null,\"phone\":null}',NULL,0.00,1,NULL,NULL,NULL,'2023-01-19 16:37:13','2023-01-19 16:37:13',1,0,NULL,0,NULL,NULL,0,'01',0.00),(249,'customers','1','33826239','VASQUEZ QUITO, ANGELICA',NULL,NULL,NULL,'PE','PE','01','0107','010701',NULL,'MARIA PARADO DE BELLIDO 511',NULL,NULL,NULL,NULL,0.00,0,NULL,'{\"full_name\":null,\"phone\":null}',NULL,0.00,1,NULL,NULL,NULL,'2023-01-20 18:24:52','2023-01-20 18:24:52',1,0,NULL,0,NULL,NULL,0,'01',0.00),(250,'customers','6','20479676276','MI NEGOCIO EMPRESA INDIVIDUAL DE RESPONSABILIDAD LIMITADA',NULL,NULL,NULL,'PE','PE','06','0608','060801',NULL,'CAL. SIMON BOLIVAR NRO. 1248 OTR. MONTEGRANDE','HABIDO','ACTIVO',NULL,NULL,0.00,0,NULL,'{\"full_name\":null,\"phone\":null}',NULL,0.00,1,NULL,NULL,NULL,'2023-01-21 16:34:59','2023-01-21 16:34:59',1,0,NULL,0,NULL,NULL,0,'01',0.00),(251,'customers','1','33678487','VASQUEZ DAVILA, SILVIA KARINA',NULL,NULL,NULL,'PE','PE','01','0107','010701',NULL,'PSJ. SALAVERRY 159',NULL,NULL,NULL,NULL,0.00,0,NULL,'{\"full_name\":null,\"phone\":null}',NULL,0.00,1,NULL,NULL,NULL,'2023-01-24 12:24:01','2023-01-24 12:24:01',1,0,NULL,0,NULL,NULL,0,'01',0.00),(252,'customers','1','71069982','GALVEZ ROMERO, ANGELICA',NULL,NULL,NULL,'PE','PE','15','1501','150132',NULL,'JR AURELIO MUNGUIA C4-05 A H 10 DE OCTUBRE',NULL,NULL,NULL,NULL,0.00,0,NULL,'{\"full_name\":null,\"phone\":null}',NULL,0.00,1,NULL,NULL,NULL,'2023-01-24 16:17:08','2023-01-24 16:17:08',1,0,NULL,0,NULL,NULL,0,'01',0.00),(253,'customers','1','71104529','LOPEZ REYNA, MERCEDES JACKELINE',NULL,NULL,NULL,'PE','PE','01','0107','010701',NULL,'JR. MAYTA CAPAC 1001',NULL,NULL,NULL,NULL,0.00,0,NULL,'{\"full_name\":null,\"phone\":null}',NULL,0.00,1,NULL,NULL,NULL,'2023-01-25 13:01:44','2023-01-25 13:01:44',1,0,NULL,0,NULL,NULL,0,'01',0.00),(254,'customers','1','47997662','CARDOZO SAAVEDRA, BENITO',NULL,NULL,NULL,'PE','PE','01','0107','010701',NULL,'C.POBLADO VISTA HERMOSA',NULL,NULL,NULL,NULL,0.00,0,NULL,'{\"full_name\":null,\"phone\":null}',NULL,0.00,1,NULL,NULL,NULL,'2023-01-25 16:28:46','2023-01-25 16:28:46',1,0,NULL,0,NULL,NULL,0,'01',0.00),(255,'customers','1','48903330','PERALTA MILIAN, ZULEMA',NULL,NULL,NULL,'PE','PE','01','0102','010203',NULL,'CASERIO LLUHUANA',NULL,NULL,NULL,NULL,0.00,0,NULL,'{\"full_name\":null,\"phone\":null}',NULL,0.00,1,NULL,NULL,NULL,'2023-01-26 12:49:53','2023-01-26 12:49:53',1,0,NULL,0,NULL,NULL,0,'01',0.00),(256,'customers','6','20607053422','MULTISERVICIOS CAMPO VERDE S.A.C.',NULL,NULL,NULL,'PE','PE','01','0107','010701',NULL,'JR. PEDRO RUIZ NRO. 273','HABIDO','ACTIVO',NULL,NULL,0.00,0,NULL,'{\"full_name\":null,\"phone\":null}',NULL,0.00,1,NULL,NULL,NULL,'2023-01-26 18:01:03','2023-01-26 18:01:03',1,0,NULL,0,NULL,NULL,0,'01',0.00),(257,'customers','4','2222','JASS AGUAS TURBIAS',NULL,NULL,NULL,'PE','PE',NULL,NULL,NULL,NULL,NULL,NULL,NULL,NULL,NULL,0.00,0,NULL,'{\"full_name\":null,\"phone\":null}',NULL,0.00,1,NULL,NULL,NULL,'2023-01-27 17:46:27','2023-01-27 17:46:27',1,0,NULL,0,NULL,NULL,0,'01',0.00),(258,'customers','1','16688117','LOPEZ BALLENA, LUIS ALBERTO',NULL,NULL,NULL,'PE','PE','14','1401','140101',NULL,'AV. LUIS GONZALES 973',NULL,NULL,NULL,NULL,0.00,0,NULL,'{\"full_name\":null,\"phone\":null}',NULL,0.00,1,NULL,NULL,NULL,'2023-01-30 09:27:43','2023-01-30 09:27:43',1,0,NULL,0,NULL,NULL,0,'01',0.00),(259,'customers','6','10762428631','VASQUEZ RUIZ ERICK MAICOLL',NULL,NULL,NULL,'PE','PE','01','0107','010701',NULL,'AV. CHACHAPOYAS NRO. 3214 SEC. ESPERANZA ALTA','HABIDO','ACTIVO',NULL,NULL,0.00,0,NULL,'{\"full_name\":null,\"phone\":null}',NULL,0.00,1,NULL,NULL,NULL,'2023-01-30 13:27:20','2023-01-30 13:27:20',1,0,NULL,0,NULL,NULL,0,'01',0.00),(260,'customers','1','76028114','AREVALO ALEJANDRÍA, JUNIOR MAYCON',NULL,NULL,NULL,'PE','PE','01','0107','010701',NULL,'JR. LEONCIO PRADO 999',NULL,NULL,NULL,NULL,0.00,0,NULL,'{\"full_name\":null,\"phone\":null}',NULL,0.00,1,NULL,NULL,NULL,'2023-01-30 18:07:06','2023-01-30 18:07:06',1,0,NULL,0,NULL,NULL,0,'01',0.00),(261,'customers','6','20600423119','RESTAURANT POLLERIA SOLYMAR E.I.R.L.',NULL,NULL,NULL,'PE','PE','01','0107','010701',NULL,'JR. SAN MARTIN NRO. 264','HABIDO','ACTIVO',NULL,NULL,0.00,0,NULL,'{\"full_name\":null,\"phone\":null}',NULL,0.00,1,NULL,NULL,NULL,'2023-01-31 11:17:15','2023-01-31 11:17:15',1,0,NULL,0,NULL,NULL,0,'01',0.00),(262,'customers','6','20610219986','CONSORCIO VIAL YAMON ASOCIADOS',NULL,NULL,NULL,'PE','PE','01','0101','010101',NULL,'AV. SANTO DOMINGO NRO. 140 URB. CHACHAPOYAS','HABIDO','ACTIVO',NULL,NULL,0.00,0,NULL,'{\"full_name\":null,\"phone\":null}',NULL,0.00,1,NULL,NULL,NULL,'2023-02-01 12:11:59','2023-02-01 12:11:59',1,0,NULL,0,NULL,NULL,0,'01',0.00),(263,'customers','4','1115385','I.E. N° 17790',NULL,NULL,NULL,'PE','PE',NULL,NULL,NULL,NULL,NULL,NULL,NULL,NULL,NULL,0.00,0,NULL,'{\"full_name\":null,\"phone\":null}',NULL,0.00,1,NULL,NULL,NULL,'2023-02-01 16:23:39','2023-02-01 16:23:39',1,0,NULL,0,NULL,NULL,0,'01',0.00),(264,'customers','1','41681407','CARDOZO RUIZ, WILDER',NULL,NULL,NULL,'PE','PE','06','0606','060608',NULL,'C.POBLADO LA FLOR',NULL,NULL,NULL,NULL,0.00,0,NULL,'{\"full_name\":null,\"phone\":null}',NULL,0.00,1,NULL,NULL,NULL,'2023-02-02 15:39:20','2023-02-02 15:39:20',1,0,NULL,0,NULL,NULL,0,'01',0.00),(265,'customers','1','48463835','COLLANTES ROJAS, ROSA LLAELA',NULL,NULL,NULL,'PE','PE','01','0107','010705',NULL,'CALLE LAS PALMERAS S/N',NULL,NULL,NULL,NULL,0.00,0,NULL,'{\"full_name\":null,\"phone\":null}',NULL,0.00,1,NULL,NULL,NULL,'2023-02-03 10:49:35','2023-02-03 10:49:35',1,0,NULL,0,NULL,NULL,0,'01',0.00),(266,'customers','1','70562177','CUBAS BUSTAMANTE, ANY LISBETH',NULL,NULL,NULL,'PE','PE','01','0107','010702',NULL,'CAS. LLUNCHICATE',NULL,NULL,NULL,NULL,0.00,0,NULL,'{\"full_name\":null,\"phone\":null}',NULL,0.00,1,NULL,NULL,NULL,'2023-02-04 10:40:53','2023-02-04 10:40:53',1,0,NULL,0,NULL,NULL,0,'01',0.00),(267,'customers','1','44924166','CASTRO FERNANDEZ, ELFERES ALEXANDER',NULL,NULL,NULL,'PE','PE','01','0107','010701',NULL,'JR. CONDORCANQUI 420',NULL,NULL,NULL,NULL,0.00,0,NULL,'{\"full_name\":null,\"phone\":null}',NULL,0.00,1,NULL,NULL,NULL,'2023-02-04 16:54:55','2023-02-04 16:54:55',1,0,NULL,0,NULL,NULL,0,'01',0.00),(268,'customers','6','20479721166','PERUNOR S.A.C.',NULL,NULL,NULL,'PE','PE','15','1501','150140',NULL,'AV. LA ENCALADA NRO. 1217 DPTO. 301B','HABIDO','ACTIVO',NULL,NULL,0.00,0,NULL,'{\"full_name\":null,\"phone\":null}',NULL,0.00,1,NULL,NULL,NULL,'2023-02-06 09:27:48','2023-02-06 09:27:48',1,0,NULL,0,NULL,NULL,0,'01',0.00),(269,'customers','4','0000753','CENTRO DE SALUD UTCUBAMBA',NULL,NULL,NULL,'PE','PE',NULL,NULL,NULL,NULL,NULL,NULL,NULL,NULL,NULL,0.00,0,NULL,'{\"full_name\":null,\"phone\":null}',NULL,0.00,1,NULL,NULL,NULL,'2023-02-08 15:12:23','2023-02-08 15:12:23',1,0,NULL,0,NULL,NULL,0,'01',0.00),(270,'customers','6','20487437574','LUPER S.A.C.',NULL,NULL,NULL,'PE','PE','01','0107','010701',NULL,'CAR. FERNANDO BELAUNDE TERRY  CAS. SANTA ELENA KM. 243','HABIDO','ACTIVO',NULL,NULL,0.00,0,NULL,'{\"full_name\":null,\"phone\":null}',NULL,0.00,1,NULL,NULL,NULL,'2023-02-10 16:01:59','2023-02-10 16:01:59',1,0,NULL,0,NULL,NULL,0,'01',0.00),(271,'customers','6','20600523172','MADIUR S.A.C.',NULL,NULL,NULL,'PE','PE','06','0608','060801',NULL,'CAL. VALENTIN PANIAGUA NRO. 255 SEC. NUEVO HORIZONTE','HABIDO','ACTIVO',NULL,NULL,0.00,0,NULL,'{\"full_name\":null,\"phone\":null}',NULL,0.00,1,NULL,NULL,NULL,'2023-02-10 16:05:24','2023-02-10 16:05:24',1,0,NULL,0,NULL,NULL,0,'01',0.00),(272,'customers','1','43768205','FERNANDEZ HEREDIA, HAYDELID',NULL,NULL,NULL,'PE','PE','01','0107','010701',NULL,'JR. BARTOLINA SISA 1014 SECTOR SAN LUIS',NULL,NULL,NULL,NULL,0.00,0,NULL,'{\"full_name\":null,\"phone\":null}',NULL,0.00,1,NULL,NULL,NULL,'2023-02-15 12:35:00','2023-02-15 12:35:00',1,0,NULL,0,NULL,NULL,0,'01',0.00),(273,'customers','1','44658931','MARTINEZ ZUTA, BERONICA',NULL,NULL,NULL,'PE','PE','01','0107','010701',NULL,'LAS MERCEDES 265',NULL,NULL,NULL,NULL,0.00,0,NULL,'{\"full_name\":null,\"phone\":null}',NULL,0.00,1,NULL,NULL,NULL,'2023-02-16 10:19:16','2023-02-16 10:19:16',1,0,NULL,0,NULL,NULL,0,'01',0.00),(274,'customers','6','10735143919','SANCHEZ PALMER DANTE DENNY BENNETHT',NULL,NULL,NULL,'PE','PE','01','0107','010701',NULL,'CAL. MIGUEL GRAU NRO. 718 INT. A','HABIDO','ACTIVO',NULL,NULL,0.00,0,NULL,'{\"full_name\":null,\"phone\":null}',NULL,0.00,1,NULL,NULL,NULL,'2023-02-16 13:09:08','2023-02-16 13:09:08',1,0,NULL,0,NULL,NULL,0,'01',0.00),(275,'customers','1','03616239','VILCHEZ IPANAQUE, VALENTIN',NULL,NULL,NULL,'PE','PE','01','0107','010701',NULL,'JR. SAENZ PEÑA 1260',NULL,NULL,NULL,NULL,0.00,0,NULL,'{\"full_name\":null,\"phone\":null}',NULL,0.00,1,NULL,NULL,NULL,'2023-02-16 17:53:20','2023-02-16 17:53:20',1,0,NULL,0,NULL,NULL,0,'01',0.00),(276,'customers','1','16797464','MEJIA BURGA, JAIME',NULL,NULL,NULL,'PE','PE','14','1401','140120',NULL,'CALLE EL NARANJO 136',NULL,NULL,NULL,NULL,0.00,0,NULL,'{\"full_name\":null,\"phone\":null}',NULL,0.00,1,NULL,NULL,NULL,'2023-02-17 11:28:22','2023-02-17 11:28:22',1,0,NULL,0,NULL,NULL,0,'01',0.00),(277,'customers','6','20480618425','PARROQUIA EL SAGRARIO DE CHACHAPOYAS',NULL,NULL,NULL,'PE','PE','01','0101','010101',NULL,'JR. ORTIZ ARRIETA NRO. 650','HABIDO','ACTIVO',NULL,NULL,0.00,0,NULL,'{\"full_name\":null,\"phone\":null}',NULL,0.00,1,NULL,NULL,NULL,'2023-02-18 17:30:03','2023-02-18 17:30:03',1,0,NULL,0,NULL,NULL,0,'01',0.00),(278,'customers','4','00546','P.E. 546',NULL,NULL,NULL,'PE','PE',NULL,NULL,NULL,NULL,NULL,NULL,NULL,NULL,NULL,0.00,0,NULL,'{\"full_name\":null,\"phone\":null}',NULL,0.00,1,NULL,NULL,NULL,'2023-02-20 16:08:23','2023-02-20 16:08:23',1,0,NULL,0,NULL,NULL,0,'01',0.00),(279,'customers','1','80671930','PEREZ MONDRAGON, CARMEN VICTORIA',NULL,NULL,NULL,'PE','PE','22','2201','220101',NULL,'ASENT.H.KEIKO SOFIA S/N',NULL,NULL,NULL,NULL,0.00,0,NULL,'{\"full_name\":null,\"phone\":null}',NULL,0.00,1,NULL,NULL,NULL,'2023-02-20 17:13:40','2023-02-20 17:13:40',1,0,NULL,0,NULL,NULL,0,'01',0.00),(280,'customers','6','20603036744','FAGOPU CONSULTORIA Y EJECUCION E.I.R.L.',NULL,NULL,NULL,'PE','PE','01','0101','010101',NULL,'JR. RECREO NRO. 371 BAR. YANCE','HABIDO','ACTIVO',NULL,NULL,0.00,0,NULL,'{\"full_name\":null,\"phone\":null}',NULL,0.00,1,NULL,NULL,NULL,'2023-02-21 11:01:55','2023-02-21 11:01:55',1,0,NULL,0,NULL,NULL,0,'01',0.00),(301,'customers','1','40439574','LAZO RAMOS, CINTHIA RUTH',NULL,NULL,NULL,'PE','PE','01','0107','010701',NULL,'JR. MORERILLA 150',NULL,NULL,NULL,NULL,0.00,0,NULL,'{\"full_name\":null,\"phone\":null}',NULL,0.00,1,NULL,NULL,NULL,'2023-02-21 11:47:44','2023-02-21 11:47:44',1,0,NULL,0,NULL,NULL,0,'01',0.00),(302,'customers','1','47686200','MEJIA ALVARADO, MARIANELA',NULL,NULL,NULL,'PE','PE','01','0107','010701',NULL,'JR. HIGOS URCO 160 SECTOR VISALOT',NULL,NULL,NULL,NULL,0.00,0,NULL,'{\"full_name\":null,\"phone\":null}',NULL,0.00,1,NULL,NULL,NULL,'2023-02-21 12:23:46','2023-02-21 12:23:46',1,0,NULL,0,NULL,NULL,0,'01',0.00),(303,'customers','1','70561944','SANCHEZ ANGULO, JACKELIN BEET',NULL,NULL,NULL,'PE','PE','01','0107','010701',NULL,'PSJ.BELAUNDE 155 SECTOR SAN LUIS ALTO',NULL,NULL,NULL,NULL,0.00,0,NULL,'{\"full_name\":null,\"phone\":null}',NULL,0.00,1,NULL,NULL,NULL,'2023-02-21 12:33:24','2023-02-21 12:33:24',1,0,NULL,0,NULL,NULL,0,'01',0.00),(304,'customers','4','00000896','ASOCIACION LAGUNA DE BURLAN',NULL,NULL,NULL,'PE','PE',NULL,NULL,NULL,NULL,NULL,NULL,NULL,NULL,NULL,0.00,0,NULL,'{\"full_name\":null,\"phone\":null}',NULL,0.00,1,NULL,NULL,NULL,'2023-02-23 09:48:05','2023-02-23 09:48:05',1,0,NULL,0,NULL,NULL,0,'01',0.00),(305,'customers','1','27716978','FRIAS HURTADO, DALILA',NULL,NULL,NULL,'PE','PE','01','0107','010701',NULL,'JR.CESAR VALLEJO 290',NULL,NULL,NULL,NULL,0.00,0,NULL,'{\"full_name\":null,\"phone\":null}',NULL,0.00,1,NULL,NULL,NULL,'2023-02-23 09:59:02','2023-02-23 09:59:02',1,0,NULL,0,NULL,NULL,0,'01',0.00),(306,'customers','1','33651192','HUAMAN PAICO, AUGUSTO',NULL,NULL,NULL,'PE','PE','01','0107','010702',NULL,'JR.TRIUNFO 343',NULL,NULL,NULL,NULL,0.00,0,NULL,'{\"full_name\":null,\"phone\":null}',NULL,0.00,1,NULL,NULL,NULL,'2023-02-23 18:35:39','2023-02-23 18:35:39',1,0,NULL,0,NULL,NULL,0,'01',0.00),(307,'customers','6','20607264148','LOPEZVA EIRL',NULL,NULL,NULL,'PE','PE','01','0107','010701',NULL,'JR. LAMBAYEQUE NRO. 905 SEC. BUENOS AIRES','HABIDO','ACTIVO',NULL,NULL,0.00,0,NULL,'{\"full_name\":null,\"phone\":null}',NULL,0.00,1,NULL,NULL,NULL,'2023-02-25 10:49:06','2023-02-25 10:49:06',1,0,NULL,0,NULL,NULL,0,'01',0.00),(308,'customers','4','000963','COMICION EL RON - MANDINGAS ALTO',NULL,NULL,NULL,'PE','PE','01','0107','010702',NULL,'CPM.EL RON',NULL,NULL,NULL,NULL,0.00,0,NULL,'{\"full_name\":null,\"phone\":null}',NULL,0.00,1,NULL,NULL,NULL,'2023-02-28 14:26:51','2023-02-28 14:26:51',1,0,NULL,0,NULL,NULL,0,'01',0.00),(309,'customers','6','20478053178','SERVICIO NACIONAL DE AREAS NATURALES PROTEGIDAS POR EL ESTADO - SERNANP',NULL,NULL,NULL,'PE','PE','15','1501','150131',NULL,'CAL. LOS PETIRROJOS NRO. 355 URB. EL PALOMAR','HABIDO','ACTIVO',NULL,NULL,0.00,0,NULL,'{\"full_name\":null,\"phone\":null}',NULL,0.00,1,NULL,NULL,NULL,'2023-02-28 16:48:23','2023-02-28 16:48:23',1,0,NULL,0,NULL,NULL,0,'01',0.00),(310,'customers','6','20539094930','INGENIEROS & ASOCIADOS SC SOCIEDAD COMERCIAL DE RESPONSABILIDAD LIMITADA',NULL,NULL,NULL,'PE','PE','13','1301','130104',NULL,'CAL. SINCHI ROCA MZ. 5 LT. 8 A P.J. EL MILAGRO','HABIDO','ACTIVO',NULL,NULL,0.00,0,NULL,'{\"full_name\":null,\"phone\":null}',NULL,0.00,1,NULL,NULL,NULL,'2023-03-01 13:58:01','2023-03-01 13:58:01',1,0,NULL,0,NULL,NULL,0,'01',0.00),(311,'customers','1','41895956','CAMPOS PALOMINO, MARIA MARLENY',NULL,NULL,NULL,'PE','PE','01','0107','010701',NULL,'JR. FRANCISCO PIZARRO 1010 SECTOR VISALOT',NULL,NULL,NULL,NULL,0.00,0,NULL,'{\"full_name\":null,\"phone\":null}',NULL,0.00,1,NULL,NULL,NULL,'2023-03-01 16:51:18','2023-03-01 16:51:18',1,0,NULL,0,NULL,NULL,0,'01',0.00);

--
-- Table structure for table `preprinted_format_templates`
--

CREATE TABLE `preprinted_format_templates` (
  `id` int(10) unsigned NOT NULL AUTO_INCREMENT,
  `formats` varchar(255) COLLATE utf8mb4_unicode_ci NOT NULL,
  PRIMARY KEY (`id`)
) ENGINE=InnoDB DEFAULT CHARSET=utf8mb4 COLLATE=utf8mb4_unicode_ci;

--
-- Dumping data for table `preprinted_format_templates`
--


--
-- Table structure for table `production`
--

CREATE TABLE `production` (
  `id` int(10) unsigned NOT NULL AUTO_INCREMENT,
  `user_id` int(10) unsigned DEFAULT 0,
  `soap_type_id` char(2) COLLATE utf8mb4_unicode_ci DEFAULT NULL,
  `item_id` int(10) unsigned DEFAULT 0,
  `inventory_id_reference` int(10) unsigned DEFAULT NULL,
  `quantity` decimal(12,4) DEFAULT 0.0000 COMMENT 'Peso dle insumo ',
  `created_at` timestamp NULL DEFAULT NULL,
  `updated_at` timestamp NULL DEFAULT NULL,
  `machine_id` int(10) unsigned NOT NULL DEFAULT 0,
  `production_order` varchar(255) COLLATE utf8mb4_unicode_ci DEFAULT NULL,
  `name` varchar(255) COLLATE utf8mb4_unicode_ci DEFAULT NULL,
  `comment` longtext COLLATE utf8mb4_unicode_ci DEFAULT NULL,
  `date_start` date DEFAULT NULL,
  `time_start` time DEFAULT NULL,
  `date_end` date DEFAULT NULL,
  `time_end` time DEFAULT NULL,
  `lot_code` varchar(255) COLLATE utf8mb4_unicode_ci DEFAULT NULL,
  `item_extra_data` longtext CHARACTER SET utf8mb4 COLLATE utf8mb4_bin DEFAULT NULL CHECK (json_valid(`item_extra_data`)),
  `mix_date_start` date DEFAULT NULL,
  `mix_time_start` time DEFAULT NULL,
  `mix_date_end` date DEFAULT NULL,
  `mix_time_end` time DEFAULT NULL,
  `informative` tinyint(3) unsigned DEFAULT 0,
  `agreed` decimal(8,2) DEFAULT 0.00,
  `imperfect` decimal(8,2) DEFAULT 0.00,
  `proccess_type` longtext COLLATE utf8mb4_unicode_ci DEFAULT NULL,
  `production_collaborator` text COLLATE utf8mb4_unicode_ci DEFAULT NULL,
  `mix_collaborator` text COLLATE utf8mb4_unicode_ci DEFAULT NULL,
  PRIMARY KEY (`id`),
  KEY `production_soap_type_id_foreign` (`soap_type_id`),
  CONSTRAINT `production_soap_type_id_foreign` FOREIGN KEY (`soap_type_id`) REFERENCES `soap_types` (`id`)
) ENGINE=InnoDB DEFAULT CHARSET=utf8mb4 COLLATE=utf8mb4_unicode_ci;

--
-- Dumping data for table `production`
--


--
-- Table structure for table `promotions`
--

CREATE TABLE `promotions` (
  `id` int(10) unsigned NOT NULL AUTO_INCREMENT,
  `name` varchar(255) COLLATE utf8mb4_unicode_ci NOT NULL,
  `description` varchar(255) COLLATE utf8mb4_unicode_ci NOT NULL,
  `type` varchar(255) COLLATE utf8mb4_unicode_ci DEFAULT NULL,
  `image` varchar(255) COLLATE utf8mb4_unicode_ci NOT NULL,
  `item_id` int(10) unsigned NOT NULL,
  `status` tinyint(1) NOT NULL DEFAULT 1,
  `created_at` timestamp NULL DEFAULT NULL,
  `updated_at` timestamp NULL DEFAULT NULL,
  `apply_restaurant` tinyint(1) DEFAULT 0,
  PRIMARY KEY (`id`),
  KEY `promotions_item_id_foreign` (`item_id`),
  CONSTRAINT `promotions_item_id_foreign` FOREIGN KEY (`item_id`) REFERENCES `items` (`id`)
) ENGINE=InnoDB DEFAULT CHARSET=utf8mb4 COLLATE=utf8mb4_unicode_ci;

--
-- Dumping data for table `promotions`
--


--
-- Table structure for table `provinces`
--

CREATE TABLE `provinces` (
  `id` char(4) COLLATE utf8mb4_unicode_ci NOT NULL,
  `department_id` char(2) COLLATE utf8mb4_unicode_ci NOT NULL,
  `description` varchar(255) COLLATE utf8mb4_unicode_ci NOT NULL,
  `active` tinyint(1) NOT NULL DEFAULT 1,
  KEY `provinces_department_id_foreign` (`department_id`),
  KEY `provinces_id_index` (`id`),
  CONSTRAINT `provinces_department_id_foreign` FOREIGN KEY (`department_id`) REFERENCES `departments` (`id`)
) ENGINE=InnoDB DEFAULT CHARSET=utf8mb4 COLLATE=utf8mb4_unicode_ci;

--
-- Dumping data for table `provinces`
--

INSERT INTO `provinces` VALUES ('0101','01','Chachapoyas',1),('0102','01','Bagua',1),('0103','01','Bongará',1),('0104','01','Condorcanqui',1),('0105','01','Luya',1),('0106','01','Rodríguez de Mendoza',1),('0107','01','Utcubamba',1),('0201','02','Huaraz',1),('0202','02','Aija',1),('0203','02','Antonio Raymondi',1),('0204','02','Asunción',1),('0205','02','Bolognesi',1),('0206','02','Carhuaz',1),('0207','02','Carlos Fermín Fitzcarrald',1),('0208','02','Casma',1),('0209','02','Corongo',1),('0210','02','Huari',1),('0211','02','Huarmey',1),('0212','02','Huaylas',1),('0213','02','Mariscal Luzuriaga',1),('0214','02','Ocros',1),('0215','02','Pallasca',1),('0216','02','Pomabamba',1),('0217','02','Recuay',1),('0218','02','Santa',1),('0219','02','Sihuas',1),('0220','02','Yungay',1),('0301','03','Abancay',1),('0302','03','Andahuaylas',1),('0303','03','Antabamba',1),('0304','03','Aymaraes',1),('0305','03','Cotabambas',1),('0306','03','Chincheros',1),('0307','03','Grau',1),('0401','04','Arequipa',1),('0402','04','Camaná',1),('0403','04','Caravelí',1),('0404','04','Castilla',1),('0405','04','Caylloma',1),('0406','04','Condesuyos',1),('0407','04','Islay',1),('0408','04','La Uniòn',1),('0501','05','Huamanga',1),('0502','05','Cangallo',1),('0503','05','Huanca Sancos',1),('0504','05','Huanta',1),('0505','05','La Mar',1),('0506','05','Lucanas',1),('0507','05','Parinacochas',1),('0508','05','Pàucar del Sara Sara',1),('0509','05','Sucre',1),('0510','05','Víctor Fajardo',1),('0511','05','Vilcas Huamán',1),('0601','06','Cajamarca',1),('0602','06','Cajabamba',1),('0603','06','Celendín',1),('0604','06','Chota',1),('0605','06','Contumazá',1),('0606','06','Cutervo',1),('0607','06','Hualgayoc',1),('0608','06','Jaén',1),('0609','06','San Ignacio',1),('0610','06','San Marcos',1),('0611','06','San Miguel',1),('0612','06','San Pablo',1),('0613','06','Santa Cruz',1),('0701','07','Prov. Const. del Callao',1),('0801','08','Cusco',1),('0802','08','Acomayo',1),('0803','08','Anta',1),('0804','08','Calca',1),('0805','08','Canas',1),('0806','08','Canchis',1),('0807','08','Chumbivilcas',1),('0808','08','Espinar',1),('0809','08','La Convención',1),('0810','08','Paruro',1),('0811','08','Paucartambo',1),('0812','08','Quispicanchi',1),('0813','08','Urubamba',1),('0901','09','Huancavelica',1),('0902','09','Acobamba',1),('0903','09','Angaraes',1),('0904','09','Castrovirreyna',1),('0905','09','Churcampa',1),('0906','09','Huaytará',1),('0907','09','Tayacaja',1),('1001','10','Huánuco',1),('1002','10','Ambo',1),('1003','10','Dos de Mayo',1),('1004','10','Huacaybamba',1),('1005','10','Huamalíes',1),('1006','10','Leoncio Prado',1),('1007','10','Marañón',1),('1008','10','Pachitea',1),('1009','10','Puerto Inca',1),('1010','10','Lauricocha',1),('1011','10','Yarowilca',1),('1101','11','Ica',1),('1102','11','Chincha',1),('1103','11','Nasca',1),('1104','11','Palpa',1),('1105','11','Pisco',1),('1201','12','Huancayo',1),('1202','12','Concepción',1),('1203','12','Chanchamayo',1),('1204','12','Jauja',1),('1205','12','Junín',1),('1206','12','Satipo',1),('1207','12','Tarma',1),('1208','12','Yauli',1),('1209','12','Chupaca',1),('1301','13','Trujillo',1),('1302','13','Ascope',1),('1303','13','Bolívar',1),('1304','13','Chepén',1),('1305','13','Julcán',1),('1306','13','Otuzco',1),('1307','13','Pacasmayo',1),('1308','13','Pataz',1),('1309','13','Sánchez Carrión',1),('1310','13','Santiago de Chuco',1),('1311','13','Gran Chimú',1),('1312','13','Virú',1),('1401','14','Chiclayo',1),('1402','14','Ferreñafe',1),('1403','14','Lambayeque',1),('1501','15','Lima',1),('1502','15','Barranca',1),('1503','15','Cajatambo',1),('1504','15','Canta',1),('1505','15','Cañete',1),('1506','15','Huaral',1),('1507','15','Huarochirí',1),('1508','15','Huaura',1),('1509','15','Oyón',1),('1510','15','Yauyos',1),('1601','16','Maynas',1),('1602','16','Alto Amazonas',1),('1603','16','Loreto',1),('1604','16','Mariscal Ramón Castilla',1),('1605','16','Requena',1),('1606','16','Ucayali',1),('1607','16','Datem del Marañón',1),('1608','16','Putumayo',1),('1701','17','Tambopata',1),('1702','17','Manu',1),('1703','17','Tahuamanu',1),('1801','18','Mariscal Nieto',1),('1802','18','General Sánchez Cerro',1),('1803','18','Ilo',1),('1901','19','Pasco',1),('1902','19','Daniel Alcides Carrión',1),('1903','19','Oxapampa',1),('2001','20','Piura',1),('2002','20','Ayabaca',1),('2003','20','Huancabamba',1),('2004','20','Morropón',1),('2005','20','Paita',1),('2006','20','Sullana',1),('2007','20','Talara',1),('2008','20','Sechura',1),('2101','21','Puno',1),('2102','21','Azángaro',1),('2103','21','Carabaya',1),('2104','21','Chucuito',1),('2105','21','El Collao',1),('2106','21','Huancané',1),('2107','21','Lampa',1),('2108','21','Melgar',1),('2109','21','Moho',1),('2110','21','San Antonio de Putina',1),('2111','21','San Román',1),('2112','21','Sandia',1),('2113','21','Yunguyo',1),('2201','22','Moyobamba',1),('2202','22','Bellavista',1),('2203','22','El Dorado',1),('2204','22','Huallaga',1),('2205','22','Lamas',1),('2206','22','Mariscal Cáceres',1),('2207','22','Picota',1),('2208','22','Rioja',1),('2209','22','San Martín',1),('2210','22','Tocache',1),('2301','23','Tacna',1),('2302','23','Candarave',1),('2303','23','Jorge Basadre',1),('2304','23','Tarata',1),('2401','24','Tumbes',1),('2402','24','Contralmirante Villar',1),('2403','24','Zarumilla',1),('2501','25','Coronel Portillo',1),('2502','25','Atalaya',1),('2503','25','Padre Abad',1),('2504','25','Purús',1);

--
-- Table structure for table `purchase_fee`
--

CREATE TABLE `purchase_fee` (
  `id` int(10) unsigned NOT NULL AUTO_INCREMENT,
  `purchase_id` int(10) unsigned NOT NULL,
  `date` date NOT NULL,
  `currency_type_id` varchar(255) COLLATE utf8mb4_unicode_ci NOT NULL,
  `amount` decimal(12,2) NOT NULL,
  `payment_method_type_id` char(2) COLLATE utf8mb4_unicode_ci DEFAULT NULL,
  PRIMARY KEY (`id`),
  KEY `purchase_fee_purchase_id_foreign` (`purchase_id`),
  KEY `purchase_fee_currency_type_id_foreign` (`currency_type_id`),
  KEY `purchase_fee_payment_method_type_id_foreign` (`payment_method_type_id`),
  CONSTRAINT `purchase_fee_currency_type_id_foreign` FOREIGN KEY (`currency_type_id`) REFERENCES `cat_currency_types` (`id`),
  CONSTRAINT `purchase_fee_payment_method_type_id_foreign` FOREIGN KEY (`payment_method_type_id`) REFERENCES `payment_method_types` (`id`),
  CONSTRAINT `purchase_fee_purchase_id_foreign` FOREIGN KEY (`purchase_id`) REFERENCES `purchases` (`id`) ON DELETE CASCADE
) ENGINE=InnoDB DEFAULT CHARSET=utf8mb4 COLLATE=utf8mb4_unicode_ci;

--
-- Dumping data for table `purchase_fee`
--


--
-- Table structure for table `purchase_items`
--

CREATE TABLE `purchase_items` (
  `id` int(10) unsigned NOT NULL AUTO_INCREMENT,
  `purchase_id` int(10) unsigned NOT NULL,
  `item_id` int(10) unsigned NOT NULL,
  `item` longtext CHARACTER SET utf8mb4 COLLATE utf8mb4_bin NOT NULL CHECK (json_valid(`item`)),
  `item_lot_group_id` int(10) unsigned DEFAULT NULL,
  `lot_code` varchar(255) COLLATE utf8mb4_unicode_ci DEFAULT NULL,
  `quantity` decimal(12,4) NOT NULL,
  `unit_value` decimal(16,6) NOT NULL,
  `date_of_due` date DEFAULT NULL,
  `affectation_igv_type_id` varchar(255) COLLATE utf8mb4_unicode_ci NOT NULL,
  `total_base_igv` decimal(12,2) NOT NULL,
  `percentage_igv` decimal(12,2) NOT NULL,
  `total_igv` decimal(12,2) NOT NULL,
  `system_isc_type_id` varchar(255) COLLATE utf8mb4_unicode_ci DEFAULT NULL,
  `total_base_isc` decimal(12,2) NOT NULL DEFAULT 0.00,
  `percentage_isc` decimal(12,2) NOT NULL DEFAULT 0.00,
  `total_isc` decimal(12,2) NOT NULL DEFAULT 0.00,
  `total_base_other_taxes` decimal(12,2) NOT NULL DEFAULT 0.00,
  `percentage_other_taxes` decimal(12,2) NOT NULL DEFAULT 0.00,
  `total_other_taxes` decimal(12,2) NOT NULL DEFAULT 0.00,
  `total_taxes` decimal(12,2) NOT NULL,
  `price_type_id` varchar(255) COLLATE utf8mb4_unicode_ci NOT NULL,
  `unit_price` decimal(16,6) NOT NULL,
  `total_value` decimal(12,2) NOT NULL,
  `total_charge` decimal(12,2) NOT NULL DEFAULT 0.00,
  `total_discount` decimal(12,2) NOT NULL DEFAULT 0.00,
  `total` decimal(12,2) NOT NULL,
  `attributes` longtext CHARACTER SET utf8mb4 COLLATE utf8mb4_bin DEFAULT NULL CHECK (json_valid(`attributes`)),
  `discounts` longtext CHARACTER SET utf8mb4 COLLATE utf8mb4_bin DEFAULT NULL CHECK (json_valid(`discounts`)),
  `charges` longtext CHARACTER SET utf8mb4 COLLATE utf8mb4_bin DEFAULT NULL CHECK (json_valid(`charges`)),
  `warehouse_id` int(10) unsigned DEFAULT NULL,
  `name_product_pdf` longtext COLLATE utf8mb4_unicode_ci DEFAULT NULL,
  PRIMARY KEY (`id`),
  KEY `purchase_items_purchase_id_foreign` (`purchase_id`),
  KEY `purchase_items_item_id_foreign` (`item_id`),
  KEY `purchase_items_affectation_igv_type_id_foreign` (`affectation_igv_type_id`),
  KEY `purchase_items_system_isc_type_id_foreign` (`system_isc_type_id`),
  KEY `purchase_items_price_type_id_foreign` (`price_type_id`),
  KEY `purchase_items_warehouse_id_foreign` (`warehouse_id`),
  KEY `purchase_items_item_lot_group_id_index` (`item_lot_group_id`),
  CONSTRAINT `purchase_items_affectation_igv_type_id_foreign` FOREIGN KEY (`affectation_igv_type_id`) REFERENCES `cat_affectation_igv_types` (`id`),
  CONSTRAINT `purchase_items_item_id_foreign` FOREIGN KEY (`item_id`) REFERENCES `items` (`id`),
  CONSTRAINT `purchase_items_price_type_id_foreign` FOREIGN KEY (`price_type_id`) REFERENCES `cat_price_types` (`id`),
  CONSTRAINT `purchase_items_purchase_id_foreign` FOREIGN KEY (`purchase_id`) REFERENCES `purchases` (`id`) ON DELETE CASCADE,
  CONSTRAINT `purchase_items_system_isc_type_id_foreign` FOREIGN KEY (`system_isc_type_id`) REFERENCES `cat_system_isc_types` (`id`),
  CONSTRAINT `purchase_items_warehouse_id_foreign` FOREIGN KEY (`warehouse_id`) REFERENCES `warehouses` (`id`)
) ENGINE=InnoDB AUTO_INCREMENT=4 DEFAULT CHARSET=utf8mb4 COLLATE=utf8mb4_unicode_ci;

--
-- Dumping data for table `purchase_items`
--

INSERT INTO `purchase_items` VALUES (1,1,65,'{\"id\":65,\"item_code\":null,\"full_description\":\"00065 - SILLA FIESTA S\\/BRAZO REY\",\"description\":\"SILLA FIESTA S\\/BRAZO REY\",\"currency_type_id\":\"PEN\",\"currency_type_symbol\":\"S\\/\",\"sale_unit_price\":38,\"purchase_unit_price\":0,\"unit_type_id\":\"NIU\",\"sale_affectation_igv_type_id\":\"20\",\"purchase_affectation_igv_type_id\":\"20\",\"purchase_has_igv\":false,\"has_perception\":false,\"lots_enabled\":false,\"percentage_perception\":null,\"item_unit_types\":[],\"series_enabled\":false,\"purchase_has_isc\":false,\"purchase_system_isc_type_id\":null,\"purchase_percentage_isc\":\"0.00\",\"name_disa\":null,\"laboratory\":null,\"exportable_pharmacy\":false,\"colors\":[],\"stock_by_extra\":{\"total\":-116,\"CatItemStatus\":{\"detailed\":[],\"total\":null},\"CatItemUnitBusiness\":{\"detailed\":[],\"total\":null},\"CatItemMoldCavity\":{\"detailed\":[],\"total\":null},\"CatItemPackageMeasurement\":{\"detailed\":[],\"total\":null},\"CatItemUnitsPerPackage\":{\"detailed\":[],\"total\":null},\"CatItemMoldProperty\":{\"detailed\":[],\"total\":null},\"CatItemProductFamily\":{\"detailed\":[],\"total\":null},\"colors\":{\"detailed\":[],\"total\":null},\"CatItemSize\":{\"detailed\":[],\"total\":null}},\"sanitary\":null,\"cod_digemid\":null,\"unit_type_text\":\"Unidades\",\"name\":null,\"second_name\":null,\"model\":null,\"barcode\":null,\"brand\":null,\"category_description\":null,\"warehouse_id\":1,\"internal_id\":\"00065\",\"item_code_gs1\":null,\"stock\":\"-131.0000\",\"stock_min\":\"5.00\",\"amount_sale_unit_price\":38,\"calculate_quantity\":false,\"has_igv\":true,\"active\":true,\"has_igv_description\":\"No\",\"purchase_has_igv_description\":\"No\",\"sale_unit_price_with_igv\":\"S\\/ 38.00\",\"created_at\":\"2022-02-28 17:07:39\",\"updated_at\":\"2023-01-18 18:50:51\",\"warehouses\":[{\"warehouse_description\":\"Almac\\u00e9n Oficina Principal\",\"stock\":\"-131.0000\",\"warehouse_id\":1,\"checked\":true},{\"warehouse_description\":\"Almac\\u00e9n - SUCURSAL\",\"stock\":\"3985.0000\",\"warehouse_id\":2,\"checked\":false}],\"apply_store\":false,\"apply_restaurant\":false,\"image_url\":\"https:\\/\\/loceriasunion.softlte.net.pe\\/logo\\/imagen-no-disponible.jpg\",\"image_url_medium\":\"https:\\/\\/loceriasunion.softlte.net.pe\\/logo\\/imagen-no-disponible.jpg\",\"image_url_small\":\"https:\\/\\/loceriasunion.softlte.net.pe\\/logo\\/imagen-no-disponible.jpg\",\"tags\":[],\"tags_id\":[],\"item_warehouse_prices\":[],\"is_for_production\":false,\"supplies\":[],\"text_filter\":\"SILLA FIESTA S\\/BRAZO REY 00065\",\"warehouse_description\":\"Almac\\u00e9n Oficina Principal\",\"extra\":{\"colors\":null,\"CatItemUnitsPerPackage\":null,\"CatItemMoldProperty\":null,\"CatItemProductFamily\":null,\"CatItemMoldCavity\":null,\"CatItemPackageMeasurement\":null,\"CatItemStatus\":null,\"CatItemSize\":null,\"CatItemUnitBusiness\":null},\"category\":null,\"purchase_unit_value\":0,\"original_unit_type_id\":\"NIU\",\"sale_affectation_igv_type\":{\"id\":\"20\",\"active\":1,\"exportation\":0,\"free\":0,\"description\":\"Exonerado - Operaci\\u00f3n Onerosa\"},\"has_plastic_bag_taxes\":false,\"amount_plastic_bag_taxes\":\"0.10\",\"CatItemUnitsPerPackage\":[],\"CatItemMoldProperty\":[],\"CatItemProductFamily\":[],\"CatItemMoldCavity\":[],\"CatItemPackageMeasurement\":[],\"CatItemStatus\":[],\"CatItemSize\":[],\"CatItemUnitBusiness\":[],\"attributes\":[],\"lots_group\":[],\"lots\":[],\"is_set\":false,\"lot_code\":null,\"date_of_due\":null,\"change_free_affectation_igv\":false,\"original_affectation_igv_type_id\":\"20\",\"has_isc\":false,\"system_isc_type_id\":null,\"percentage_isc\":\"0.00\",\"subject_to_detraction\":false,\"exchange_points\":false,\"quantity_of_points\":0,\"exchanged_for_points\":false,\"used_points_for_exchange\":null,\"factory_code\":null,\"name_product_pdf\":null,\"unit_price\":\"30\",\"presentation\":[]}',NULL,NULL,100.0000,30.000000,NULL,'20',3000.00,18.00,0.00,NULL,0.00,0.00,0.00,0.00,0.00,0.00,0.00,'01',30.000000,3000.00,0.00,0.00,3000.00,'[]','[]','[]',1,NULL),(2,1,215,'{\"id\":215,\"item_code\":null,\"full_description\":\"00215 - SILLA CLASICA MIAMI REY\",\"description\":\"SILLA CLASICA MIAMI REY\",\"currency_type_id\":\"PEN\",\"currency_type_symbol\":\"S\\/\",\"sale_unit_price\":45,\"purchase_unit_price\":0,\"unit_type_id\":\"NIU\",\"sale_affectation_igv_type_id\":\"20\",\"purchase_affectation_igv_type_id\":\"20\",\"purchase_has_igv\":true,\"has_perception\":false,\"lots_enabled\":false,\"percentage_perception\":null,\"item_unit_types\":[],\"series_enabled\":false,\"purchase_has_isc\":false,\"purchase_system_isc_type_id\":null,\"purchase_percentage_isc\":\"0.00\",\"name_disa\":null,\"laboratory\":null,\"exportable_pharmacy\":false,\"colors\":[],\"stock_by_extra\":{\"total\":-48,\"CatItemStatus\":{\"detailed\":[],\"total\":null},\"CatItemUnitBusiness\":{\"detailed\":[],\"total\":null},\"CatItemMoldCavity\":{\"detailed\":[],\"total\":null},\"CatItemPackageMeasurement\":{\"detailed\":[],\"total\":null},\"CatItemUnitsPerPackage\":{\"detailed\":[],\"total\":null},\"CatItemMoldProperty\":{\"detailed\":[],\"total\":null},\"CatItemProductFamily\":{\"detailed\":[],\"total\":null},\"colors\":{\"detailed\":[],\"total\":null},\"CatItemSize\":{\"detailed\":[],\"total\":null}},\"sanitary\":null,\"cod_digemid\":null,\"unit_type_text\":\"Unidades\",\"name\":null,\"second_name\":null,\"model\":null,\"barcode\":null,\"brand\":null,\"category_description\":null,\"warehouse_id\":null,\"internal_id\":\"00215\",\"item_code_gs1\":null,\"stock\":\"-73.0000\",\"stock_min\":\"5.00\",\"amount_sale_unit_price\":45,\"calculate_quantity\":false,\"has_igv\":true,\"active\":true,\"has_igv_description\":\"No\",\"purchase_has_igv_description\":\"No\",\"sale_unit_price_with_igv\":\"S\\/ 45.00\",\"created_at\":\"2022-09-05 09:19:40\",\"updated_at\":\"2023-01-15 02:37:20\",\"warehouses\":[{\"warehouse_description\":\"Almac\\u00e9n Oficina Principal\",\"stock\":\"-73.0000\",\"warehouse_id\":1,\"checked\":true},{\"warehouse_description\":\"Almac\\u00e9n - SUCURSAL\",\"stock\":\"4000.0000\",\"warehouse_id\":2,\"checked\":false}],\"apply_store\":false,\"apply_restaurant\":false,\"image_url\":\"https:\\/\\/loceriasunion.softlte.net.pe\\/logo\\/imagen-no-disponible.jpg\",\"image_url_medium\":\"https:\\/\\/loceriasunion.softlte.net.pe\\/logo\\/imagen-no-disponible.jpg\",\"image_url_small\":\"https:\\/\\/loceriasunion.softlte.net.pe\\/logo\\/imagen-no-disponible.jpg\",\"tags\":[],\"tags_id\":[],\"item_warehouse_prices\":[],\"is_for_production\":false,\"supplies\":[],\"text_filter\":\"SILLA CLASICA MIAMI REY 00215\",\"warehouse_description\":\"Almac\\u00e9n Oficina Principal\",\"extra\":{\"colors\":null,\"CatItemUnitsPerPackage\":null,\"CatItemMoldProperty\":null,\"CatItemProductFamily\":null,\"CatItemMoldCavity\":null,\"CatItemPackageMeasurement\":null,\"CatItemStatus\":null,\"CatItemSize\":null,\"CatItemUnitBusiness\":null},\"category\":null,\"purchase_unit_value\":0,\"original_unit_type_id\":\"NIU\",\"sale_affectation_igv_type\":{\"id\":\"20\",\"active\":1,\"exportation\":0,\"free\":0,\"description\":\"Exonerado - Operaci\\u00f3n Onerosa\"},\"has_plastic_bag_taxes\":false,\"amount_plastic_bag_taxes\":\"0.10\",\"CatItemUnitsPerPackage\":[],\"CatItemMoldProperty\":[],\"CatItemProductFamily\":[],\"CatItemMoldCavity\":[],\"CatItemPackageMeasurement\":[],\"CatItemStatus\":[],\"CatItemSize\":[],\"CatItemUnitBusiness\":[],\"attributes\":[],\"lots_group\":[],\"lots\":[],\"is_set\":false,\"lot_code\":null,\"date_of_due\":null,\"change_free_affectation_igv\":false,\"original_affectation_igv_type_id\":\"20\",\"has_isc\":false,\"system_isc_type_id\":null,\"percentage_isc\":\"0.00\",\"subject_to_detraction\":false,\"exchange_points\":false,\"quantity_of_points\":0,\"exchanged_for_points\":false,\"used_points_for_exchange\":null,\"factory_code\":null,\"name_product_pdf\":null,\"unit_price\":\"35\",\"presentation\":[]}',NULL,NULL,50.0000,35.000000,NULL,'20',1750.00,18.00,0.00,NULL,0.00,0.00,0.00,0.00,0.00,0.00,0.00,'01',35.000000,1750.00,0.00,0.00,1750.00,'[]','[]','[]',1,NULL),(3,1,68,'{\"id\":68,\"item_code\":null,\"full_description\":\"00068 - SILLA CLASICA CANCUN REY\",\"description\":\"SILLA CLASICA CANCUN REY\",\"currency_type_id\":\"PEN\",\"currency_type_symbol\":\"S\\/\",\"sale_unit_price\":45,\"purchase_unit_price\":0,\"unit_type_id\":\"NIU\",\"sale_affectation_igv_type_id\":\"20\",\"purchase_affectation_igv_type_id\":\"20\",\"purchase_has_igv\":false,\"has_perception\":false,\"lots_enabled\":false,\"percentage_perception\":null,\"item_unit_types\":[],\"series_enabled\":false,\"purchase_has_isc\":false,\"purchase_system_isc_type_id\":null,\"purchase_percentage_isc\":\"0.00\",\"name_disa\":null,\"laboratory\":null,\"exportable_pharmacy\":false,\"colors\":[],\"stock_by_extra\":{\"total\":-221,\"CatItemStatus\":{\"detailed\":[],\"total\":null},\"CatItemUnitBusiness\":{\"detailed\":[],\"total\":null},\"CatItemMoldCavity\":{\"detailed\":[],\"total\":null},\"CatItemPackageMeasurement\":{\"detailed\":[],\"total\":null},\"CatItemUnitsPerPackage\":{\"detailed\":[],\"total\":null},\"CatItemMoldProperty\":{\"detailed\":[],\"total\":null},\"CatItemProductFamily\":{\"detailed\":[],\"total\":null},\"colors\":{\"detailed\":[],\"total\":null},\"CatItemSize\":{\"detailed\":[],\"total\":null}},\"sanitary\":null,\"cod_digemid\":null,\"unit_type_text\":\"Unidades\",\"name\":null,\"second_name\":null,\"model\":null,\"barcode\":null,\"brand\":null,\"category_description\":null,\"warehouse_id\":1,\"internal_id\":\"00068\",\"item_code_gs1\":null,\"stock\":\"-165.0000\",\"stock_min\":\"5.00\",\"amount_sale_unit_price\":45,\"calculate_quantity\":false,\"has_igv\":true,\"active\":true,\"has_igv_description\":\"No\",\"purchase_has_igv_description\":\"No\",\"sale_unit_price_with_igv\":\"S\\/ 45.00\",\"created_at\":\"2022-03-01 16:21:15\",\"updated_at\":\"2023-01-15 02:37:18\",\"warehouses\":[{\"warehouse_description\":\"Almac\\u00e9n Oficina Principal\",\"stock\":\"-165.0000\",\"warehouse_id\":1,\"checked\":true},{\"warehouse_description\":\"Almac\\u00e9n - SUCURSAL\",\"stock\":\"4000.0000\",\"warehouse_id\":2,\"checked\":false}],\"apply_store\":false,\"apply_restaurant\":false,\"image_url\":\"https:\\/\\/loceriasunion.softlte.net.pe\\/logo\\/imagen-no-disponible.jpg\",\"image_url_medium\":\"https:\\/\\/loceriasunion.softlte.net.pe\\/logo\\/imagen-no-disponible.jpg\",\"image_url_small\":\"https:\\/\\/loceriasunion.softlte.net.pe\\/logo\\/imagen-no-disponible.jpg\",\"tags\":[],\"tags_id\":[],\"item_warehouse_prices\":[],\"is_for_production\":false,\"supplies\":[],\"text_filter\":\"SILLA CLASICA CANCUN REY 00068\",\"warehouse_description\":\"Almac\\u00e9n Oficina Principal\",\"extra\":{\"colors\":null,\"CatItemUnitsPerPackage\":null,\"CatItemMoldProperty\":null,\"CatItemProductFamily\":null,\"CatItemMoldCavity\":null,\"CatItemPackageMeasurement\":null,\"CatItemStatus\":null,\"CatItemSize\":null,\"CatItemUnitBusiness\":null},\"category\":null,\"purchase_unit_value\":0,\"original_unit_type_id\":\"NIU\",\"sale_affectation_igv_type\":{\"id\":\"20\",\"active\":1,\"exportation\":0,\"free\":0,\"description\":\"Exonerado - Operaci\\u00f3n Onerosa\"},\"has_plastic_bag_taxes\":false,\"amount_plastic_bag_taxes\":\"0.10\",\"CatItemUnitsPerPackage\":[],\"CatItemMoldProperty\":[],\"CatItemProductFamily\":[],\"CatItemMoldCavity\":[],\"CatItemPackageMeasurement\":[],\"CatItemStatus\":[],\"CatItemSize\":[],\"CatItemUnitBusiness\":[],\"attributes\":[],\"lots_group\":[],\"lots\":[],\"is_set\":false,\"lot_code\":null,\"date_of_due\":null,\"change_free_affectation_igv\":false,\"original_affectation_igv_type_id\":\"20\",\"has_isc\":false,\"system_isc_type_id\":null,\"percentage_isc\":\"0.00\",\"subject_to_detraction\":false,\"exchange_points\":false,\"quantity_of_points\":0,\"exchanged_for_points\":false,\"used_points_for_exchange\":null,\"factory_code\":null,\"name_product_pdf\":null,\"unit_price\":\"35\",\"presentation\":[]}',NULL,NULL,50.0000,35.000000,NULL,'20',1750.00,18.00,0.00,NULL,0.00,0.00,0.00,0.00,0.00,0.00,0.00,'01',35.000000,1750.00,0.00,0.00,1750.00,'[]','[]','[]',1,NULL);

--
-- Table structure for table `purchase_order_items`
--

CREATE TABLE `purchase_order_items` (
  `id` int(10) unsigned NOT NULL AUTO_INCREMENT,
  `purchase_order_id` int(10) unsigned NOT NULL,
  `item_id` int(10) unsigned NOT NULL,
  `item` longtext CHARACTER SET utf8mb4 COLLATE utf8mb4_bin NOT NULL CHECK (json_valid(`item`)),
  `quantity` int(11) NOT NULL,
  `unit_value` decimal(16,6) NOT NULL,
  `affectation_igv_type_id` varchar(255) COLLATE utf8mb4_unicode_ci NOT NULL,
  `total_base_igv` decimal(12,2) NOT NULL,
  `percentage_igv` decimal(12,2) NOT NULL,
  `total_igv` decimal(12,2) NOT NULL,
  `system_isc_type_id` varchar(255) COLLATE utf8mb4_unicode_ci DEFAULT NULL,
  `total_base_isc` decimal(12,2) NOT NULL DEFAULT 0.00,
  `percentage_isc` decimal(12,2) NOT NULL DEFAULT 0.00,
  `total_isc` decimal(12,2) NOT NULL DEFAULT 0.00,
  `total_base_other_taxes` decimal(12,2) NOT NULL DEFAULT 0.00,
  `percentage_other_taxes` decimal(12,2) NOT NULL DEFAULT 0.00,
  `total_other_taxes` decimal(12,2) NOT NULL DEFAULT 0.00,
  `total_taxes` decimal(12,2) NOT NULL,
  `price_type_id` varchar(255) COLLATE utf8mb4_unicode_ci NOT NULL,
  `unit_price` decimal(16,6) NOT NULL,
  `total_value` decimal(12,2) NOT NULL,
  `total_charge` decimal(12,2) NOT NULL DEFAULT 0.00,
  `total_discount` decimal(12,2) NOT NULL DEFAULT 0.00,
  `total` decimal(12,2) NOT NULL,
  `attributes` longtext CHARACTER SET utf8mb4 COLLATE utf8mb4_bin DEFAULT NULL CHECK (json_valid(`attributes`)),
  `discounts` longtext CHARACTER SET utf8mb4 COLLATE utf8mb4_bin DEFAULT NULL CHECK (json_valid(`discounts`)),
  `charges` longtext CHARACTER SET utf8mb4 COLLATE utf8mb4_bin DEFAULT NULL CHECK (json_valid(`charges`)),
  PRIMARY KEY (`id`),
  KEY `purchase_order_items_purchase_order_id_foreign` (`purchase_order_id`),
  KEY `purchase_order_items_item_id_foreign` (`item_id`),
  KEY `purchase_order_items_affectation_igv_type_id_foreign` (`affectation_igv_type_id`),
  KEY `purchase_order_items_system_isc_type_id_foreign` (`system_isc_type_id`),
  KEY `purchase_order_items_price_type_id_foreign` (`price_type_id`),
  CONSTRAINT `purchase_order_items_affectation_igv_type_id_foreign` FOREIGN KEY (`affectation_igv_type_id`) REFERENCES `cat_affectation_igv_types` (`id`),
  CONSTRAINT `purchase_order_items_item_id_foreign` FOREIGN KEY (`item_id`) REFERENCES `items` (`id`),
  CONSTRAINT `purchase_order_items_price_type_id_foreign` FOREIGN KEY (`price_type_id`) REFERENCES `cat_price_types` (`id`),
  CONSTRAINT `purchase_order_items_purchase_order_id_foreign` FOREIGN KEY (`purchase_order_id`) REFERENCES `purchase_orders` (`id`) ON DELETE CASCADE,
  CONSTRAINT `purchase_order_items_system_isc_type_id_foreign` FOREIGN KEY (`system_isc_type_id`) REFERENCES `cat_system_isc_types` (`id`)
) ENGINE=InnoDB DEFAULT CHARSET=utf8mb4 COLLATE=utf8mb4_unicode_ci;

--
-- Dumping data for table `purchase_order_items`
--


--
-- Table structure for table `purchase_orders`
--

CREATE TABLE `purchase_orders` (
  `id` int(10) unsigned NOT NULL AUTO_INCREMENT,
  `user_id` int(10) unsigned NOT NULL,
  `external_id` char(36) COLLATE utf8mb4_unicode_ci NOT NULL,
  `establishment_id` int(10) unsigned NOT NULL,
  `soap_type_id` char(2) COLLATE utf8mb4_unicode_ci NOT NULL,
  `state_type_id` char(2) COLLATE utf8mb4_unicode_ci NOT NULL,
  `prefix` varchar(255) COLLATE utf8mb4_unicode_ci NOT NULL DEFAULT 'OC',
  `date_of_issue` date NOT NULL,
  `date_of_due` date DEFAULT NULL,
  `time_of_issue` time NOT NULL,
  `supplier_id` int(10) unsigned NOT NULL,
  `supplier` longtext CHARACTER SET utf8mb4 COLLATE utf8mb4_bin NOT NULL CHECK (json_valid(`supplier`)),
  `currency_type_id` varchar(255) COLLATE utf8mb4_unicode_ci NOT NULL,
  `exchange_rate_sale` decimal(13,3) NOT NULL,
  `total_prepayment` decimal(12,2) NOT NULL DEFAULT 0.00,
  `total_charge` decimal(12,2) NOT NULL DEFAULT 0.00,
  `total_discount` decimal(12,2) NOT NULL DEFAULT 0.00,
  `total_exportation` decimal(12,2) NOT NULL DEFAULT 0.00,
  `total_free` decimal(12,2) NOT NULL DEFAULT 0.00,
  `total_taxed` decimal(12,2) NOT NULL DEFAULT 0.00,
  `total_unaffected` decimal(12,2) NOT NULL DEFAULT 0.00,
  `total_exonerated` decimal(12,2) NOT NULL DEFAULT 0.00,
  `total_igv` decimal(12,2) NOT NULL DEFAULT 0.00,
  `total_base_isc` decimal(12,2) NOT NULL DEFAULT 0.00,
  `total_isc` decimal(12,2) NOT NULL DEFAULT 0.00,
  `total_base_other_taxes` decimal(12,2) NOT NULL DEFAULT 0.00,
  `total_other_taxes` decimal(12,2) NOT NULL DEFAULT 0.00,
  `total_taxes` decimal(12,2) NOT NULL DEFAULT 0.00,
  `total_value` decimal(12,2) NOT NULL DEFAULT 0.00,
  `total` decimal(12,2) NOT NULL,
  `filename` varchar(255) COLLATE utf8mb4_unicode_ci DEFAULT NULL,
  `upload_filename` varchar(255) COLLATE utf8mb4_unicode_ci DEFAULT NULL,
  `purchase_quotation_id` int(10) unsigned DEFAULT NULL,
  `sale_opportunity_id` int(10) unsigned DEFAULT NULL,
  `payment_method_type_id` char(2) COLLATE utf8mb4_unicode_ci NOT NULL,
  `created_at` timestamp NULL DEFAULT NULL,
  `updated_at` timestamp NULL DEFAULT NULL,
  PRIMARY KEY (`id`),
  KEY `purchase_orders_purchase_quotation_id_foreign` (`purchase_quotation_id`),
  KEY `purchase_orders_user_id_foreign` (`user_id`),
  KEY `purchase_orders_establishment_id_foreign` (`establishment_id`),
  KEY `purchase_orders_supplier_id_foreign` (`supplier_id`),
  KEY `purchase_orders_soap_type_id_foreign` (`soap_type_id`),
  KEY `purchase_orders_state_type_id_foreign` (`state_type_id`),
  KEY `purchase_orders_currency_type_id_foreign` (`currency_type_id`),
  KEY `purchase_orders_payment_method_type_id_foreign` (`payment_method_type_id`),
  KEY `purchase_orders_sale_opportunity_id_foreign` (`sale_opportunity_id`),
  CONSTRAINT `purchase_orders_currency_type_id_foreign` FOREIGN KEY (`currency_type_id`) REFERENCES `cat_currency_types` (`id`),
  CONSTRAINT `purchase_orders_establishment_id_foreign` FOREIGN KEY (`establishment_id`) REFERENCES `establishments` (`id`),
  CONSTRAINT `purchase_orders_payment_method_type_id_foreign` FOREIGN KEY (`payment_method_type_id`) REFERENCES `payment_method_types` (`id`),
  CONSTRAINT `purchase_orders_purchase_quotation_id_foreign` FOREIGN KEY (`purchase_quotation_id`) REFERENCES `purchase_quotations` (`id`),
  CONSTRAINT `purchase_orders_sale_opportunity_id_foreign` FOREIGN KEY (`sale_opportunity_id`) REFERENCES `sale_opportunities` (`id`),
  CONSTRAINT `purchase_orders_soap_type_id_foreign` FOREIGN KEY (`soap_type_id`) REFERENCES `soap_types` (`id`),
  CONSTRAINT `purchase_orders_state_type_id_foreign` FOREIGN KEY (`state_type_id`) REFERENCES `state_types` (`id`),
  CONSTRAINT `purchase_orders_supplier_id_foreign` FOREIGN KEY (`supplier_id`) REFERENCES `persons` (`id`),
  CONSTRAINT `purchase_orders_user_id_foreign` FOREIGN KEY (`user_id`) REFERENCES `users` (`id`)
) ENGINE=InnoDB DEFAULT CHARSET=utf8mb4 COLLATE=utf8mb4_unicode_ci;

--
-- Dumping data for table `purchase_orders`
--


--
-- Table structure for table `purchase_payments`
--

CREATE TABLE `purchase_payments` (
  `id` int(10) unsigned NOT NULL AUTO_INCREMENT,
  `purchase_id` int(10) unsigned NOT NULL,
  `date_of_payment` date NOT NULL,
  `payment_method_type_id` char(2) COLLATE utf8mb4_unicode_ci NOT NULL,
  `has_card` tinyint(1) NOT NULL DEFAULT 0,
  `card_brand_id` char(2) COLLATE utf8mb4_unicode_ci DEFAULT NULL,
  `reference` varchar(255) COLLATE utf8mb4_unicode_ci DEFAULT NULL,
  `payment` decimal(12,2) NOT NULL,
  PRIMARY KEY (`id`),
  KEY `purchase_payments_purchase_id_foreign` (`purchase_id`),
  KEY `purchase_payments_card_brand_id_foreign` (`card_brand_id`),
  KEY `purchase_payments_payment_method_type_id_foreign` (`payment_method_type_id`),
  KEY `purchase_payments_date_of_payment_index` (`date_of_payment`),
  CONSTRAINT `purchase_payments_card_brand_id_foreign` FOREIGN KEY (`card_brand_id`) REFERENCES `card_brands` (`id`),
  CONSTRAINT `purchase_payments_payment_method_type_id_foreign` FOREIGN KEY (`payment_method_type_id`) REFERENCES `payment_method_types` (`id`),
  CONSTRAINT `purchase_payments_purchase_id_foreign` FOREIGN KEY (`purchase_id`) REFERENCES `purchases` (`id`) ON DELETE CASCADE
) ENGINE=InnoDB DEFAULT CHARSET=utf8mb4 COLLATE=utf8mb4_unicode_ci;

--
-- Dumping data for table `purchase_payments`
--


--
-- Table structure for table `purchase_quotation_items`
--

CREATE TABLE `purchase_quotation_items` (
  `id` int(10) unsigned NOT NULL AUTO_INCREMENT,
  `purchase_quotation_id` int(10) unsigned NOT NULL,
  `item_id` int(10) unsigned NOT NULL,
  `item` longtext CHARACTER SET utf8mb4 COLLATE utf8mb4_bin NOT NULL CHECK (json_valid(`item`)),
  `quantity` decimal(12,4) NOT NULL,
  PRIMARY KEY (`id`),
  KEY `purchase_quotation_items_purchase_quotation_id_foreign` (`purchase_quotation_id`),
  KEY `purchase_quotation_items_item_id_foreign` (`item_id`),
  CONSTRAINT `purchase_quotation_items_item_id_foreign` FOREIGN KEY (`item_id`) REFERENCES `items` (`id`),
  CONSTRAINT `purchase_quotation_items_purchase_quotation_id_foreign` FOREIGN KEY (`purchase_quotation_id`) REFERENCES `purchase_quotations` (`id`) ON DELETE CASCADE
) ENGINE=InnoDB DEFAULT CHARSET=utf8mb4 COLLATE=utf8mb4_unicode_ci;

--
-- Dumping data for table `purchase_quotation_items`
--


--
-- Table structure for table `purchase_quotations`
--

CREATE TABLE `purchase_quotations` (
  `id` int(10) unsigned NOT NULL AUTO_INCREMENT,
  `user_id` int(10) unsigned NOT NULL,
  `external_id` char(36) COLLATE utf8mb4_unicode_ci NOT NULL,
  `establishment_id` int(10) unsigned NOT NULL,
  `establishment` longtext CHARACTER SET utf8mb4 COLLATE utf8mb4_bin NOT NULL CHECK (json_valid(`establishment`)),
  `soap_type_id` char(2) COLLATE utf8mb4_unicode_ci NOT NULL,
  `state_type_id` char(2) COLLATE utf8mb4_unicode_ci NOT NULL,
  `prefix` varchar(255) COLLATE utf8mb4_unicode_ci NOT NULL,
  `date_of_issue` date NOT NULL,
  `time_of_issue` time NOT NULL,
  `suppliers` longtext CHARACTER SET utf8mb4 COLLATE utf8mb4_bin NOT NULL CHECK (json_valid(`suppliers`)),
  `filename` varchar(255) COLLATE utf8mb4_unicode_ci DEFAULT NULL,
  `created_at` timestamp NULL DEFAULT NULL,
  `updated_at` timestamp NULL DEFAULT NULL,
  PRIMARY KEY (`id`),
  KEY `purchase_quotations_user_id_foreign` (`user_id`),
  KEY `purchase_quotations_establishment_id_foreign` (`establishment_id`),
  KEY `purchase_quotations_soap_type_id_foreign` (`soap_type_id`),
  KEY `purchase_quotations_state_type_id_foreign` (`state_type_id`),
  CONSTRAINT `purchase_quotations_establishment_id_foreign` FOREIGN KEY (`establishment_id`) REFERENCES `establishments` (`id`),
  CONSTRAINT `purchase_quotations_soap_type_id_foreign` FOREIGN KEY (`soap_type_id`) REFERENCES `soap_types` (`id`),
  CONSTRAINT `purchase_quotations_state_type_id_foreign` FOREIGN KEY (`state_type_id`) REFERENCES `state_types` (`id`),
  CONSTRAINT `purchase_quotations_user_id_foreign` FOREIGN KEY (`user_id`) REFERENCES `users` (`id`)
) ENGINE=InnoDB DEFAULT CHARSET=utf8mb4 COLLATE=utf8mb4_unicode_ci;

--
-- Dumping data for table `purchase_quotations`
--


--
-- Table structure for table `purchase_settlement_items`
--

CREATE TABLE `purchase_settlement_items` (
  `id` int(10) unsigned NOT NULL AUTO_INCREMENT,
  `purchase_settlement_id` int(10) unsigned NOT NULL,
  `item_id` int(10) unsigned NOT NULL,
  `item` longtext CHARACTER SET utf8mb4 COLLATE utf8mb4_bin NOT NULL CHECK (json_valid(`item`)),
  `quantity` decimal(12,2) NOT NULL,
  `unit_value` decimal(12,2) NOT NULL,
  `affectation_igv_type_id` varchar(255) COLLATE utf8mb4_unicode_ci NOT NULL,
  `total_base_igv` decimal(12,2) NOT NULL,
  `percentage_igv` decimal(12,2) NOT NULL,
  `total_igv` decimal(12,2) NOT NULL,
  `total_taxes` decimal(12,2) NOT NULL,
  `price_type_id` varchar(255) COLLATE utf8mb4_unicode_ci NOT NULL,
  `unit_price` decimal(12,2) NOT NULL,
  `total_value` decimal(12,2) NOT NULL,
  `total` decimal(12,2) NOT NULL,
  `income_tax_affectation_igv_type_id` varchar(255) COLLATE utf8mb4_unicode_ci DEFAULT NULL,
  `income_retention_percentage` decimal(12,2) NOT NULL DEFAULT 0.00,
  `income_retention_amount` decimal(12,2) NOT NULL DEFAULT 0.00,
  PRIMARY KEY (`id`),
  KEY `purchase_settlement_items_purchase_settlement_id_foreign` (`purchase_settlement_id`),
  KEY `purchase_settlement_items_item_id_foreign` (`item_id`),
  KEY `p_s_i_income_tax_affectation_igv_type_id_fk` (`income_tax_affectation_igv_type_id`),
  KEY `purchase_settlement_items_affectation_igv_type_id_foreign` (`affectation_igv_type_id`),
  KEY `purchase_settlement_items_price_type_id_foreign` (`price_type_id`),
  CONSTRAINT `p_s_i_income_tax_affectation_igv_type_id_fk` FOREIGN KEY (`income_tax_affectation_igv_type_id`) REFERENCES `cat_affectation_igv_types` (`id`),
  CONSTRAINT `purchase_settlement_items_affectation_igv_type_id_foreign` FOREIGN KEY (`affectation_igv_type_id`) REFERENCES `cat_affectation_igv_types` (`id`),
  CONSTRAINT `purchase_settlement_items_item_id_foreign` FOREIGN KEY (`item_id`) REFERENCES `items` (`id`),
  CONSTRAINT `purchase_settlement_items_price_type_id_foreign` FOREIGN KEY (`price_type_id`) REFERENCES `cat_price_types` (`id`),
  CONSTRAINT `purchase_settlement_items_purchase_settlement_id_foreign` FOREIGN KEY (`purchase_settlement_id`) REFERENCES `purchase_settlements` (`id`) ON DELETE CASCADE
) ENGINE=InnoDB DEFAULT CHARSET=utf8mb4 COLLATE=utf8mb4_unicode_ci;

--
-- Dumping data for table `purchase_settlement_items`
--


--
-- Table structure for table `purchase_settlement_payments`
--

CREATE TABLE `purchase_settlement_payments` (
  `id` int(10) unsigned NOT NULL AUTO_INCREMENT,
  `purchase_settlement_id` int(10) unsigned NOT NULL,
  `date_of_payment` date NOT NULL,
  `payment_method_type_id` char(2) COLLATE utf8mb4_unicode_ci NOT NULL,
  `reference` varchar(255) COLLATE utf8mb4_unicode_ci DEFAULT NULL,
  `change` decimal(12,2) NOT NULL DEFAULT 0.00,
  `payment` decimal(12,2) NOT NULL,
  PRIMARY KEY (`id`),
  KEY `purchase_settlement_payments_purchase_settlement_id_foreign` (`purchase_settlement_id`),
  KEY `purchase_settlement_payments_payment_method_type_id_foreign` (`payment_method_type_id`),
  CONSTRAINT `purchase_settlement_payments_payment_method_type_id_foreign` FOREIGN KEY (`payment_method_type_id`) REFERENCES `payment_method_types` (`id`),
  CONSTRAINT `purchase_settlement_payments_purchase_settlement_id_foreign` FOREIGN KEY (`purchase_settlement_id`) REFERENCES `purchase_settlements` (`id`) ON DELETE CASCADE
) ENGINE=InnoDB DEFAULT CHARSET=utf8mb4 COLLATE=utf8mb4_unicode_ci;

--
-- Dumping data for table `purchase_settlement_payments`
--


--
-- Table structure for table `purchases`
--

CREATE TABLE `purchases` (
  `id` int(10) unsigned NOT NULL AUTO_INCREMENT,
  `user_id` int(10) unsigned NOT NULL,
  `external_id` char(36) COLLATE utf8mb4_unicode_ci NOT NULL,
  `establishment_id` int(10) unsigned NOT NULL,
  `soap_type_id` char(2) COLLATE utf8mb4_unicode_ci NOT NULL,
  `state_type_id` char(2) COLLATE utf8mb4_unicode_ci NOT NULL,
  `group_id` char(2) COLLATE utf8mb4_unicode_ci NOT NULL,
  `document_type_id` varchar(255) COLLATE utf8mb4_unicode_ci NOT NULL,
  `series` char(4) COLLATE utf8mb4_unicode_ci NOT NULL,
  `number` int(11) NOT NULL,
  `date_of_issue` date NOT NULL,
  `date_of_due` date DEFAULT NULL,
  `time_of_issue` time NOT NULL,
  `supplier_id` int(10) unsigned NOT NULL,
  `supplier` longtext CHARACTER SET utf8mb4 COLLATE utf8mb4_bin NOT NULL CHECK (json_valid(`supplier`)),
  `purchase_order_id` int(10) unsigned DEFAULT NULL,
  `currency_type_id` varchar(255) COLLATE utf8mb4_unicode_ci NOT NULL,
  `payment_condition_id` varchar(255) COLLATE utf8mb4_unicode_ci DEFAULT NULL,
  `observation` text COLLATE utf8mb4_unicode_ci DEFAULT NULL,
  `exchange_rate_sale` decimal(13,3) NOT NULL,
  `total_prepayment` decimal(12,2) NOT NULL DEFAULT 0.00,
  `total_charge` decimal(12,2) NOT NULL DEFAULT 0.00,
  `total_discount` decimal(12,2) NOT NULL DEFAULT 0.00,
  `total_exportation` decimal(12,2) NOT NULL DEFAULT 0.00,
  `total_free` decimal(12,2) NOT NULL DEFAULT 0.00,
  `total_taxed` decimal(12,2) NOT NULL DEFAULT 0.00,
  `total_unaffected` decimal(12,2) NOT NULL DEFAULT 0.00,
  `total_exonerated` decimal(12,2) NOT NULL DEFAULT 0.00,
  `total_igv` decimal(12,2) NOT NULL DEFAULT 0.00,
  `total_base_isc` decimal(12,2) NOT NULL DEFAULT 0.00,
  `total_isc` decimal(12,2) NOT NULL DEFAULT 0.00,
  `total_base_other_taxes` decimal(12,2) NOT NULL DEFAULT 0.00,
  `total_other_taxes` decimal(12,2) NOT NULL DEFAULT 0.00,
  `total_taxes` decimal(12,2) NOT NULL DEFAULT 0.00,
  `total_value` decimal(12,2) NOT NULL DEFAULT 0.00,
  `total` decimal(12,2) NOT NULL,
  `filename` varchar(255) COLLATE utf8mb4_unicode_ci DEFAULT NULL,
  `total_canceled` tinyint(1) NOT NULL DEFAULT 0,
  `customer_id` int(10) unsigned DEFAULT NULL,
  `perception_date` date DEFAULT NULL,
  `perception_number` int(11) DEFAULT NULL,
  `total_perception` decimal(12,2) DEFAULT NULL,
  `charges` longtext CHARACTER SET utf8mb4 COLLATE utf8mb4_bin DEFAULT NULL CHECK (json_valid(`charges`)),
  `discounts` longtext CHARACTER SET utf8mb4 COLLATE utf8mb4_bin DEFAULT NULL CHECK (json_valid(`discounts`)),
  `prepayments` longtext CHARACTER SET utf8mb4 COLLATE utf8mb4_bin DEFAULT NULL CHECK (json_valid(`prepayments`)),
  `guides` longtext CHARACTER SET utf8mb4 COLLATE utf8mb4_bin DEFAULT NULL CHECK (json_valid(`guides`)),
  `related` longtext CHARACTER SET utf8mb4 COLLATE utf8mb4_bin DEFAULT NULL CHECK (json_valid(`related`)),
  `perception` longtext CHARACTER SET utf8mb4 COLLATE utf8mb4_bin DEFAULT NULL CHECK (json_valid(`perception`)),
  `detraction` longtext CHARACTER SET utf8mb4 COLLATE utf8mb4_bin DEFAULT NULL CHECK (json_valid(`detraction`)),
  `legends` longtext CHARACTER SET utf8mb4 COLLATE utf8mb4_bin DEFAULT NULL CHECK (json_valid(`legends`)),
  `created_at` timestamp NULL DEFAULT NULL,
  `updated_at` timestamp NULL DEFAULT NULL,
  `deleted_at` timestamp NULL DEFAULT NULL,
  PRIMARY KEY (`id`),
  KEY `purchases_user_id_foreign` (`user_id`),
  KEY `purchases_establishment_id_foreign` (`establishment_id`),
  KEY `purchases_supplier_id_foreign` (`supplier_id`),
  KEY `purchases_soap_type_id_foreign` (`soap_type_id`),
  KEY `purchases_state_type_id_foreign` (`state_type_id`),
  KEY `purchases_group_id_foreign` (`group_id`),
  KEY `purchases_document_type_id_foreign` (`document_type_id`),
  KEY `purchases_currency_type_id_foreign` (`currency_type_id`),
  KEY `purchases_purchase_order_id_foreign` (`purchase_order_id`),
  KEY `purchases_customer_id_foreign` (`customer_id`),
  KEY `purchases_payment_condition_id_foreign` (`payment_condition_id`),
  CONSTRAINT `purchases_currency_type_id_foreign` FOREIGN KEY (`currency_type_id`) REFERENCES `cat_currency_types` (`id`),
  CONSTRAINT `purchases_customer_id_foreign` FOREIGN KEY (`customer_id`) REFERENCES `persons` (`id`),
  CONSTRAINT `purchases_document_type_id_foreign` FOREIGN KEY (`document_type_id`) REFERENCES `cat_document_types` (`id`),
  CONSTRAINT `purchases_establishment_id_foreign` FOREIGN KEY (`establishment_id`) REFERENCES `establishments` (`id`),
  CONSTRAINT `purchases_group_id_foreign` FOREIGN KEY (`group_id`) REFERENCES `groups` (`id`),
  CONSTRAINT `purchases_payment_condition_id_foreign` FOREIGN KEY (`payment_condition_id`) REFERENCES `general_payment_conditions` (`id`),
  CONSTRAINT `purchases_purchase_order_id_foreign` FOREIGN KEY (`purchase_order_id`) REFERENCES `purchase_orders` (`id`),
  CONSTRAINT `purchases_soap_type_id_foreign` FOREIGN KEY (`soap_type_id`) REFERENCES `soap_types` (`id`),
  CONSTRAINT `purchases_state_type_id_foreign` FOREIGN KEY (`state_type_id`) REFERENCES `state_types` (`id`),
  CONSTRAINT `purchases_supplier_id_foreign` FOREIGN KEY (`supplier_id`) REFERENCES `persons` (`id`),
  CONSTRAINT `purchases_user_id_foreign` FOREIGN KEY (`user_id`) REFERENCES `users` (`id`)
) ENGINE=InnoDB AUTO_INCREMENT=2 DEFAULT CHARSET=utf8mb4 COLLATE=utf8mb4_unicode_ci;

--
-- Dumping data for table `purchases`
--

INSERT INTO `purchases` VALUES (1,3,'e822d4d7-ac7d-47e8-bd2d-823f7cef0e20',1,'02','01','01','01','F004',18146,'2023-01-09','2023-01-09','16:35:34',248,'{\"identity_document_type_id\":\"6\",\"identity_document_type\":{\"id\":\"6\",\"description\":\"RUC\"},\"number\":\"20510146698\",\"name\":\"TERRA PLASTIC SOCIEDAD ANONIMA CERRADA\",\"trade_name\":null,\"country_id\":\"PE\",\"country\":{\"id\":\"PE\",\"description\":\"PERU\"},\"department_id\":\"15\",\"department\":{\"id\":\"15\",\"description\":\"LIMA\"},\"province_id\":\"1501\",\"province\":{\"id\":\"1501\",\"description\":\"Lima\"},\"district_id\":\"150101\",\"district\":{\"id\":\"150101\",\"description\":\"Lima\"},\"address\":\"JR. ANDAHUAYLAS NRO. 1009\",\"email\":null,\"telephone\":null,\"perception_agent\":false,\"address_id\":null,\"internal_code\":null,\"address_type_id\":null,\"address_type\":{\"id\":null,\"description\":null}}',NULL,'PEN','01',NULL,3.806,0.00,0.00,0.00,0.00,0.00,0.00,0.00,6500.00,0.00,0.00,0.00,0.00,0.00,0.00,6500.00,6500.00,'F004-0018146-1-20230119',0,NULL,NULL,NULL,NULL,'[]','[]',NULL,'[]',NULL,NULL,NULL,NULL,'2023-01-19 16:51:20','2023-01-19 16:51:20',NULL);

--
-- Table structure for table `quotation_items`
--

CREATE TABLE `quotation_items` (
  `id` int(10) unsigned NOT NULL AUTO_INCREMENT,
  `quotation_id` int(10) unsigned NOT NULL,
  `item_id` int(10) unsigned NOT NULL,
  `item` longtext CHARACTER SET utf8mb4 COLLATE utf8mb4_bin NOT NULL CHECK (json_valid(`item`)),
  `quantity` decimal(12,4) NOT NULL,
  `unit_value` decimal(16,6) NOT NULL,
  `affectation_igv_type_id` varchar(255) COLLATE utf8mb4_unicode_ci NOT NULL,
  `total_base_igv` decimal(12,2) NOT NULL,
  `percentage_igv` decimal(12,2) NOT NULL,
  `total_igv` decimal(12,2) NOT NULL,
  `system_isc_type_id` varchar(255) COLLATE utf8mb4_unicode_ci DEFAULT NULL,
  `total_base_isc` decimal(12,2) NOT NULL DEFAULT 0.00,
  `percentage_isc` decimal(12,2) NOT NULL DEFAULT 0.00,
  `total_isc` decimal(12,2) NOT NULL DEFAULT 0.00,
  `total_base_other_taxes` decimal(12,2) NOT NULL DEFAULT 0.00,
  `percentage_other_taxes` decimal(12,2) NOT NULL DEFAULT 0.00,
  `total_other_taxes` decimal(12,2) NOT NULL DEFAULT 0.00,
  `total_taxes` decimal(12,2) NOT NULL,
  `price_type_id` varchar(255) COLLATE utf8mb4_unicode_ci NOT NULL,
  `unit_price` decimal(16,6) NOT NULL,
  `total_value` decimal(12,2) NOT NULL,
  `total_charge` decimal(12,2) NOT NULL DEFAULT 0.00,
  `total_discount` decimal(12,2) NOT NULL DEFAULT 0.00,
  `total` decimal(12,2) NOT NULL,
  `attributes` longtext CHARACTER SET utf8mb4 COLLATE utf8mb4_bin DEFAULT NULL CHECK (json_valid(`attributes`)),
  `discounts` longtext CHARACTER SET utf8mb4 COLLATE utf8mb4_bin DEFAULT NULL CHECK (json_valid(`discounts`)),
  `charges` longtext CHARACTER SET utf8mb4 COLLATE utf8mb4_bin DEFAULT NULL CHECK (json_valid(`charges`)),
  `additional_information` longtext COLLATE utf8mb4_unicode_ci DEFAULT NULL COMMENT 'Informacion adicional',
  `warehouse_id` int(10) unsigned DEFAULT 0 COMMENT 'Id de warehouse',
  `name_product_pdf` longtext COLLATE utf8mb4_unicode_ci DEFAULT NULL COMMENT 'Nombre de producto en el pdf',
  PRIMARY KEY (`id`),
  KEY `quotation_items_quotation_id_foreign` (`quotation_id`),
  KEY `quotation_items_item_id_foreign` (`item_id`),
  KEY `quotation_items_affectation_igv_type_id_foreign` (`affectation_igv_type_id`),
  KEY `quotation_items_system_isc_type_id_foreign` (`system_isc_type_id`),
  KEY `quotation_items_price_type_id_foreign` (`price_type_id`),
  CONSTRAINT `quotation_items_affectation_igv_type_id_foreign` FOREIGN KEY (`affectation_igv_type_id`) REFERENCES `cat_affectation_igv_types` (`id`),
  CONSTRAINT `quotation_items_item_id_foreign` FOREIGN KEY (`item_id`) REFERENCES `items` (`id`),
  CONSTRAINT `quotation_items_price_type_id_foreign` FOREIGN KEY (`price_type_id`) REFERENCES `cat_price_types` (`id`),
  CONSTRAINT `quotation_items_quotation_id_foreign` FOREIGN KEY (`quotation_id`) REFERENCES `quotations` (`id`) ON DELETE CASCADE,
  CONSTRAINT `quotation_items_system_isc_type_id_foreign` FOREIGN KEY (`system_isc_type_id`) REFERENCES `cat_system_isc_types` (`id`)
) ENGINE=InnoDB AUTO_INCREMENT=42 DEFAULT CHARSET=utf8mb4 COLLATE=utf8mb4_unicode_ci;

--
-- Dumping data for table `quotation_items`
--

INSERT INTO `quotation_items` VALUES (1,1,127,'{\"id\":127,\"item_code\":null,\"full_description\":\"BALDE DE 150 LT BASA -\",\"model\":null,\"brand\":null,\"stock_by_extra\":{\"total\":-1,\"CatItemStatus\":{\"detailed\":[],\"total\":null},\"CatItemUnitBusiness\":{\"detailed\":[],\"total\":null},\"CatItemMoldCavity\":{\"detailed\":[],\"total\":null},\"CatItemPackageMeasurement\":{\"detailed\":[],\"total\":null},\"CatItemUnitsPerPackage\":{\"detailed\":[],\"total\":null},\"CatItemMoldProperty\":{\"detailed\":[],\"total\":null},\"CatItemProductFamily\":{\"detailed\":[],\"total\":null},\"colors\":{\"detailed\":[],\"total\":null},\"CatItemSize\":{\"detailed\":[],\"total\":null}},\"warehouse_description\":\"Almac\\u00e9n Oficina Principal\",\"extra\":{\"colors\":null,\"CatItemUnitsPerPackage\":null,\"CatItemMoldProperty\":null,\"CatItemProductFamily\":null,\"CatItemMoldCavity\":null,\"CatItemPackageMeasurement\":null,\"CatItemStatus\":null,\"CatItemSize\":null,\"CatItemUnitBusiness\":null},\"category\":null,\"stock\":\"39.0000\",\"internal_id\":null,\"description\":\"BALDE DE 150 LT BASA\",\"currency_type_id\":\"PEN\",\"currency_type_symbol\":\"S\\/\",\"sale_unit_price\":\"150.0000\",\"purchase_unit_price\":\"0.000000\",\"unit_type_id\":\"NIU\",\"original_unit_type_id\":\"NIU\",\"sale_affectation_igv_type\":{\"id\":\"20\",\"active\":1,\"exportation\":0,\"free\":0,\"description\":\"Exonerado - Operaci\\u00f3n Onerosa\"},\"sale_affectation_igv_type_id\":\"20\",\"purchase_affectation_igv_type_id\":\"10\",\"calculate_quantity\":false,\"has_igv\":true,\"has_plastic_bag_taxes\":false,\"amount_plastic_bag_taxes\":\"0.10\",\"colors\":[],\"CatItemUnitsPerPackage\":[],\"CatItemMoldProperty\":[],\"CatItemProductFamily\":[],\"CatItemMoldCavity\":[],\"CatItemPackageMeasurement\":[],\"CatItemStatus\":[],\"CatItemSize\":[],\"CatItemUnitBusiness\":[],\"item_unit_types\":[],\"warehouses\":[{\"warehouse_description\":\"Almac\\u00e9n Oficina Principal\",\"stock\":\"39.0000\",\"warehouse_id\":1,\"checked\":true}],\"attributes\":[],\"lots_group\":[],\"lots\":[],\"lots_enabled\":false,\"series_enabled\":false,\"is_set\":false,\"lot_code\":null,\"date_of_due\":null,\"barcode\":\"000000000127\",\"change_free_affectation_igv\":false,\"original_affectation_igv_type_id\":\"20\",\"has_isc\":false,\"system_isc_type_id\":null,\"percentage_isc\":\"0.00\",\"is_for_production\":false,\"subject_to_detraction\":false,\"name_product_pdf\":null,\"unit_price\":\"150.0000\",\"extra_attr_name\":\"Tiempo de entrega\",\"extra_attr_value\":null,\"presentation\":[]}',1.0000,150.000000,'20',150.00,18.00,0.00,NULL,0.00,0.00,0.00,0.00,0.00,0.00,0.00,'01',150.000000,150.00,0.00,0.00,150.00,'[]','[]','[]',NULL,NULL,NULL),(2,2,231,'{\"id\":231,\"item_code\":null,\"full_description\":\"AJICERO PLASTICO -\",\"model\":null,\"brand\":null,\"stock_by_extra\":{\"total\":null,\"CatItemStatus\":{\"detailed\":[],\"total\":null},\"CatItemUnitBusiness\":{\"detailed\":[],\"total\":null},\"CatItemMoldCavity\":{\"detailed\":[],\"total\":null},\"CatItemPackageMeasurement\":{\"detailed\":[],\"total\":null},\"CatItemUnitsPerPackage\":{\"detailed\":[],\"total\":null},\"CatItemMoldProperty\":{\"detailed\":[],\"total\":null},\"CatItemProductFamily\":{\"detailed\":[],\"total\":null},\"colors\":{\"detailed\":[],\"total\":null},\"CatItemSize\":{\"detailed\":[],\"total\":null}},\"warehouse_description\":\"Almac\\u00e9n Oficina Principal\",\"extra\":{\"colors\":null,\"CatItemUnitsPerPackage\":null,\"CatItemMoldProperty\":null,\"CatItemProductFamily\":null,\"CatItemMoldCavity\":null,\"CatItemPackageMeasurement\":null,\"CatItemStatus\":null,\"CatItemSize\":null,\"CatItemUnitBusiness\":null},\"category\":null,\"stock\":\"-3.0000\",\"internal_id\":null,\"description\":\"AJICERO PLASTICO\",\"currency_type_id\":\"PEN\",\"currency_type_symbol\":\"S\\/\",\"sale_unit_price\":\"1.0000\",\"purchase_unit_price\":\"1.000000\",\"unit_type_id\":\"NIU\",\"original_unit_type_id\":\"NIU\",\"sale_affectation_igv_type\":{\"id\":\"20\",\"active\":1,\"exportation\":0,\"free\":0,\"description\":\"Exonerado - Operaci\\u00f3n Onerosa\"},\"sale_affectation_igv_type_id\":\"20\",\"purchase_affectation_igv_type_id\":\"20\",\"calculate_quantity\":false,\"has_igv\":true,\"has_plastic_bag_taxes\":false,\"amount_plastic_bag_taxes\":\"0.10\",\"colors\":[],\"CatItemUnitsPerPackage\":[],\"CatItemMoldProperty\":[],\"CatItemProductFamily\":[],\"CatItemMoldCavity\":[],\"CatItemPackageMeasurement\":[],\"CatItemStatus\":[],\"CatItemSize\":[],\"CatItemUnitBusiness\":[],\"item_unit_types\":[],\"warehouses\":[{\"warehouse_description\":\"Almac\\u00e9n Oficina Principal\",\"stock\":\"-3.0000\",\"warehouse_id\":1,\"checked\":true}],\"attributes\":[],\"lots_group\":[],\"lots\":[],\"lots_enabled\":false,\"series_enabled\":false,\"is_set\":false,\"lot_code\":null,\"date_of_due\":null,\"barcode\":\"000000000231\",\"change_free_affectation_igv\":false,\"original_affectation_igv_type_id\":\"20\",\"has_isc\":false,\"system_isc_type_id\":null,\"percentage_isc\":\"0.00\",\"is_for_production\":false,\"subject_to_detraction\":false,\"name_product_pdf\":null,\"unit_price\":\"0.8\",\"extra_attr_name\":\"Tiempo de entrega\",\"extra_attr_value\":null,\"presentation\":[]}',500.0000,0.800000,'20',400.00,18.00,0.00,NULL,0.00,0.00,0.00,0.00,0.00,0.00,0.00,'01',0.800000,400.00,0.00,0.00,400.00,'[]','[]','[]',NULL,NULL,NULL),(3,3,487,'{\"id\":487,\"item_code\":null,\"full_description\":\"00487 - CUCHARON DE ACERO  555-6onz -\",\"model\":null,\"brand\":null,\"text_filter\":\"CUCHARON DE ACERO  555-6onz 000000000487 00487\",\"stock_by_extra\":{\"total\":null,\"CatItemStatus\":{\"detailed\":[],\"total\":null},\"CatItemUnitBusiness\":{\"detailed\":[],\"total\":null},\"CatItemMoldCavity\":{\"detailed\":[],\"total\":null},\"CatItemPackageMeasurement\":{\"detailed\":[],\"total\":null},\"CatItemUnitsPerPackage\":{\"detailed\":[],\"total\":null},\"CatItemMoldProperty\":{\"detailed\":[],\"total\":null},\"CatItemProductFamily\":{\"detailed\":[],\"total\":null},\"colors\":{\"detailed\":[],\"total\":null},\"CatItemSize\":{\"detailed\":[],\"total\":null}},\"warehouse_description\":\"Almac\\u00e9n Oficina Principal\",\"extra\":{\"colors\":null,\"CatItemUnitsPerPackage\":null,\"CatItemMoldProperty\":null,\"CatItemProductFamily\":null,\"CatItemMoldCavity\":null,\"CatItemPackageMeasurement\":null,\"CatItemStatus\":null,\"CatItemSize\":null,\"CatItemUnitBusiness\":null},\"category\":null,\"stock\":\"12.0000\",\"internal_id\":\"00487\",\"description\":\"CUCHARON DE ACERO  555-6onz\",\"currency_type_id\":\"PEN\",\"currency_type_symbol\":\"S\\/\",\"has_igv\":true,\"sale_unit_price\":\"22.0000\",\"purchase_has_igv\":false,\"purchase_unit_value\":0,\"purchase_unit_price\":0,\"unit_type_id\":\"NIU\",\"original_unit_type_id\":\"NIU\",\"sale_affectation_igv_type\":{\"id\":\"20\",\"active\":1,\"exportation\":0,\"free\":0,\"description\":\"Exonerado - Operaci\\u00f3n Onerosa\"},\"sale_affectation_igv_type_id\":\"20\",\"purchase_affectation_igv_type_id\":\"10\",\"calculate_quantity\":false,\"has_plastic_bag_taxes\":false,\"amount_plastic_bag_taxes\":\"0.10\",\"colors\":[],\"CatItemUnitsPerPackage\":[],\"CatItemMoldProperty\":[],\"CatItemProductFamily\":[],\"CatItemMoldCavity\":[],\"CatItemPackageMeasurement\":[],\"CatItemStatus\":[],\"CatItemSize\":[],\"CatItemUnitBusiness\":[],\"item_unit_types\":[],\"warehouses\":[{\"warehouse_description\":\"Almac\\u00e9n Oficina Principal\",\"stock\":\"12.0000\",\"warehouse_id\":1,\"checked\":true}],\"attributes\":[],\"lots_group\":[],\"lots\":[],\"lots_enabled\":false,\"series_enabled\":false,\"is_set\":false,\"lot_code\":null,\"date_of_due\":null,\"barcode\":\"000000000487\",\"change_free_affectation_igv\":false,\"original_affectation_igv_type_id\":\"20\",\"has_isc\":false,\"system_isc_type_id\":null,\"percentage_isc\":\"0.00\",\"is_for_production\":false,\"subject_to_detraction\":false,\"exchange_points\":false,\"quantity_of_points\":0,\"exchanged_for_points\":false,\"used_points_for_exchange\":null,\"factory_code\":null,\"name_product_pdf\":null,\"unit_price\":\"22.0000\",\"extra_attr_name\":\"Tiempo de entrega\",\"extra_attr_value\":null,\"presentation\":[]}',1.0000,22.000000,'20',22.00,18.00,0.00,NULL,0.00,0.00,0.00,0.00,0.00,0.00,0.00,'01',22.000000,22.00,0.00,0.00,22.00,'[]','[]','[]',NULL,NULL,NULL),(4,3,488,'{\"id\":488,\"item_code\":null,\"full_description\":\"00488 - CUCHARON DE ACERO 555-8 onz -\",\"model\":null,\"brand\":null,\"text_filter\":\"CUCHARON DE ACERO 555-8 onz 000000000488 00488\",\"stock_by_extra\":{\"total\":null,\"CatItemStatus\":{\"detailed\":[],\"total\":null},\"CatItemUnitBusiness\":{\"detailed\":[],\"total\":null},\"CatItemMoldCavity\":{\"detailed\":[],\"total\":null},\"CatItemPackageMeasurement\":{\"detailed\":[],\"total\":null},\"CatItemUnitsPerPackage\":{\"detailed\":[],\"total\":null},\"CatItemMoldProperty\":{\"detailed\":[],\"total\":null},\"CatItemProductFamily\":{\"detailed\":[],\"total\":null},\"colors\":{\"detailed\":[],\"total\":null},\"CatItemSize\":{\"detailed\":[],\"total\":null}},\"warehouse_description\":\"Almac\\u00e9n Oficina Principal\",\"extra\":{\"colors\":null,\"CatItemUnitsPerPackage\":null,\"CatItemMoldProperty\":null,\"CatItemProductFamily\":null,\"CatItemMoldCavity\":null,\"CatItemPackageMeasurement\":null,\"CatItemStatus\":null,\"CatItemSize\":null,\"CatItemUnitBusiness\":null},\"category\":null,\"stock\":\"12.0000\",\"internal_id\":\"00488\",\"description\":\"CUCHARON DE ACERO 555-8 onz\",\"currency_type_id\":\"PEN\",\"currency_type_symbol\":\"S\\/\",\"has_igv\":true,\"sale_unit_price\":\"28.0000\",\"purchase_has_igv\":false,\"purchase_unit_value\":0,\"purchase_unit_price\":0,\"unit_type_id\":\"NIU\",\"original_unit_type_id\":\"NIU\",\"sale_affectation_igv_type\":{\"id\":\"20\",\"active\":1,\"exportation\":0,\"free\":0,\"description\":\"Exonerado - Operaci\\u00f3n Onerosa\"},\"sale_affectation_igv_type_id\":\"20\",\"purchase_affectation_igv_type_id\":\"10\",\"calculate_quantity\":false,\"has_plastic_bag_taxes\":false,\"amount_plastic_bag_taxes\":\"0.10\",\"colors\":[],\"CatItemUnitsPerPackage\":[],\"CatItemMoldProperty\":[],\"CatItemProductFamily\":[],\"CatItemMoldCavity\":[],\"CatItemPackageMeasurement\":[],\"CatItemStatus\":[],\"CatItemSize\":[],\"CatItemUnitBusiness\":[],\"item_unit_types\":[],\"warehouses\":[{\"warehouse_description\":\"Almac\\u00e9n Oficina Principal\",\"stock\":\"12.0000\",\"warehouse_id\":1,\"checked\":true}],\"attributes\":[],\"lots_group\":[],\"lots\":[],\"lots_enabled\":false,\"series_enabled\":false,\"is_set\":false,\"lot_code\":null,\"date_of_due\":null,\"barcode\":\"000000000488\",\"change_free_affectation_igv\":false,\"original_affectation_igv_type_id\":\"20\",\"has_isc\":false,\"system_isc_type_id\":null,\"percentage_isc\":\"0.00\",\"is_for_production\":false,\"subject_to_detraction\":false,\"exchange_points\":false,\"quantity_of_points\":0,\"exchanged_for_points\":false,\"used_points_for_exchange\":null,\"factory_code\":null,\"name_product_pdf\":null,\"unit_price\":\"28.0000\",\"extra_attr_name\":\"Tiempo de entrega\",\"extra_attr_value\":null,\"presentation\":[]}',1.0000,28.000000,'20',28.00,18.00,0.00,NULL,0.00,0.00,0.00,0.00,0.00,0.00,0.00,'01',28.000000,28.00,0.00,0.00,28.00,'[]','[]','[]',NULL,NULL,NULL),(5,3,489,'{\"id\":489,\"item_code\":null,\"full_description\":\"00489 - CUCHARON DE ACERO 555-10 onz -\",\"model\":null,\"brand\":null,\"text_filter\":\"CUCHARON DE ACERO 555-10 onz 000000000489 00489\",\"stock_by_extra\":{\"total\":null,\"CatItemStatus\":{\"detailed\":[],\"total\":null},\"CatItemUnitBusiness\":{\"detailed\":[],\"total\":null},\"CatItemMoldCavity\":{\"detailed\":[],\"total\":null},\"CatItemPackageMeasurement\":{\"detailed\":[],\"total\":null},\"CatItemUnitsPerPackage\":{\"detailed\":[],\"total\":null},\"CatItemMoldProperty\":{\"detailed\":[],\"total\":null},\"CatItemProductFamily\":{\"detailed\":[],\"total\":null},\"colors\":{\"detailed\":[],\"total\":null},\"CatItemSize\":{\"detailed\":[],\"total\":null}},\"warehouse_description\":\"Almac\\u00e9n Oficina Principal\",\"extra\":{\"colors\":null,\"CatItemUnitsPerPackage\":null,\"CatItemMoldProperty\":null,\"CatItemProductFamily\":null,\"CatItemMoldCavity\":null,\"CatItemPackageMeasurement\":null,\"CatItemStatus\":null,\"CatItemSize\":null,\"CatItemUnitBusiness\":null},\"category\":null,\"stock\":\"12.0000\",\"internal_id\":\"00489\",\"description\":\"CUCHARON DE ACERO 555-10 onz\",\"currency_type_id\":\"PEN\",\"currency_type_symbol\":\"S\\/\",\"has_igv\":true,\"sale_unit_price\":\"35.0000\",\"purchase_has_igv\":false,\"purchase_unit_value\":0,\"purchase_unit_price\":0,\"unit_type_id\":\"NIU\",\"original_unit_type_id\":\"NIU\",\"sale_affectation_igv_type\":{\"id\":\"20\",\"active\":1,\"exportation\":0,\"free\":0,\"description\":\"Exonerado - Operaci\\u00f3n Onerosa\"},\"sale_affectation_igv_type_id\":\"20\",\"purchase_affectation_igv_type_id\":\"10\",\"calculate_quantity\":false,\"has_plastic_bag_taxes\":false,\"amount_plastic_bag_taxes\":\"0.10\",\"colors\":[],\"CatItemUnitsPerPackage\":[],\"CatItemMoldProperty\":[],\"CatItemProductFamily\":[],\"CatItemMoldCavity\":[],\"CatItemPackageMeasurement\":[],\"CatItemStatus\":[],\"CatItemSize\":[],\"CatItemUnitBusiness\":[],\"item_unit_types\":[],\"warehouses\":[{\"warehouse_description\":\"Almac\\u00e9n Oficina Principal\",\"stock\":\"12.0000\",\"warehouse_id\":1,\"checked\":true}],\"attributes\":[],\"lots_group\":[],\"lots\":[],\"lots_enabled\":false,\"series_enabled\":false,\"is_set\":false,\"lot_code\":null,\"date_of_due\":null,\"barcode\":\"000000000489\",\"change_free_affectation_igv\":false,\"original_affectation_igv_type_id\":\"20\",\"has_isc\":false,\"system_isc_type_id\":null,\"percentage_isc\":\"0.00\",\"is_for_production\":false,\"subject_to_detraction\":false,\"exchange_points\":false,\"quantity_of_points\":0,\"exchanged_for_points\":false,\"used_points_for_exchange\":null,\"factory_code\":null,\"name_product_pdf\":null,\"unit_price\":\"35.0000\",\"extra_attr_name\":\"Tiempo de entrega\",\"extra_attr_value\":null,\"presentation\":[]}',1.0000,35.000000,'20',35.00,18.00,0.00,NULL,0.00,0.00,0.00,0.00,0.00,0.00,0.00,'01',35.000000,35.00,0.00,0.00,35.00,'[]','[]','[]',NULL,NULL,NULL),(6,3,486,'{\"id\":486,\"item_code\":null,\"full_description\":\"00486 - CUCHARONES DE ACERO 555- 04onz -\",\"model\":null,\"brand\":null,\"text_filter\":\"CUCHARONES DE ACERO 555- 04onz 000000000486 00486\",\"stock_by_extra\":{\"total\":null,\"CatItemStatus\":{\"detailed\":[],\"total\":null},\"CatItemUnitBusiness\":{\"detailed\":[],\"total\":null},\"CatItemMoldCavity\":{\"detailed\":[],\"total\":null},\"CatItemPackageMeasurement\":{\"detailed\":[],\"total\":null},\"CatItemUnitsPerPackage\":{\"detailed\":[],\"total\":null},\"CatItemMoldProperty\":{\"detailed\":[],\"total\":null},\"CatItemProductFamily\":{\"detailed\":[],\"total\":null},\"colors\":{\"detailed\":[],\"total\":null},\"CatItemSize\":{\"detailed\":[],\"total\":null}},\"warehouse_description\":\"Almac\\u00e9n Oficina Principal\",\"extra\":{\"colors\":null,\"CatItemUnitsPerPackage\":null,\"CatItemMoldProperty\":null,\"CatItemProductFamily\":null,\"CatItemMoldCavity\":null,\"CatItemPackageMeasurement\":null,\"CatItemStatus\":null,\"CatItemSize\":null,\"CatItemUnitBusiness\":null},\"category\":null,\"stock\":\"12.0000\",\"internal_id\":\"00486\",\"description\":\"CUCHARONES DE ACERO 555- 04onz\",\"currency_type_id\":\"PEN\",\"currency_type_symbol\":\"S\\/\",\"has_igv\":true,\"sale_unit_price\":\"18.0000\",\"purchase_has_igv\":false,\"purchase_unit_value\":0,\"purchase_unit_price\":0,\"unit_type_id\":\"NIU\",\"original_unit_type_id\":\"NIU\",\"sale_affectation_igv_type\":{\"id\":\"20\",\"active\":1,\"exportation\":0,\"free\":0,\"description\":\"Exonerado - Operaci\\u00f3n Onerosa\"},\"sale_affectation_igv_type_id\":\"20\",\"purchase_affectation_igv_type_id\":\"10\",\"calculate_quantity\":false,\"has_plastic_bag_taxes\":false,\"amount_plastic_bag_taxes\":\"0.10\",\"colors\":[],\"CatItemUnitsPerPackage\":[],\"CatItemMoldProperty\":[],\"CatItemProductFamily\":[],\"CatItemMoldCavity\":[],\"CatItemPackageMeasurement\":[],\"CatItemStatus\":[],\"CatItemSize\":[],\"CatItemUnitBusiness\":[],\"item_unit_types\":[],\"warehouses\":[{\"warehouse_description\":\"Almac\\u00e9n Oficina Principal\",\"stock\":\"12.0000\",\"warehouse_id\":1,\"checked\":true}],\"attributes\":[],\"lots_group\":[],\"lots\":[],\"lots_enabled\":false,\"series_enabled\":false,\"is_set\":false,\"lot_code\":null,\"date_of_due\":null,\"barcode\":\"000000000486\",\"change_free_affectation_igv\":false,\"original_affectation_igv_type_id\":\"20\",\"has_isc\":false,\"system_isc_type_id\":null,\"percentage_isc\":\"0.00\",\"is_for_production\":false,\"subject_to_detraction\":false,\"exchange_points\":false,\"quantity_of_points\":0,\"exchanged_for_points\":false,\"used_points_for_exchange\":null,\"factory_code\":null,\"name_product_pdf\":null,\"unit_price\":\"18.0000\",\"extra_attr_name\":\"Tiempo de entrega\",\"extra_attr_value\":null,\"presentation\":[]}',1.0000,18.000000,'20',18.00,18.00,0.00,NULL,0.00,0.00,0.00,0.00,0.00,0.00,0.00,'01',18.000000,18.00,0.00,0.00,18.00,'[]','[]','[]',NULL,NULL,NULL),(7,3,490,'{\"id\":490,\"item_code\":null,\"full_description\":\"00490 - CUCHILLO DE ACERO N\\u00b06 -\",\"model\":null,\"brand\":null,\"text_filter\":\"CUCHILLO DE ACERO N\\u00b06 000000000490 00490\",\"stock_by_extra\":{\"total\":null,\"CatItemStatus\":{\"detailed\":[],\"total\":null},\"CatItemUnitBusiness\":{\"detailed\":[],\"total\":null},\"CatItemMoldCavity\":{\"detailed\":[],\"total\":null},\"CatItemPackageMeasurement\":{\"detailed\":[],\"total\":null},\"CatItemUnitsPerPackage\":{\"detailed\":[],\"total\":null},\"CatItemMoldProperty\":{\"detailed\":[],\"total\":null},\"CatItemProductFamily\":{\"detailed\":[],\"total\":null},\"colors\":{\"detailed\":[],\"total\":null},\"CatItemSize\":{\"detailed\":[],\"total\":null}},\"warehouse_description\":\"Almac\\u00e9n Oficina Principal\",\"extra\":{\"colors\":null,\"CatItemUnitsPerPackage\":null,\"CatItemMoldProperty\":null,\"CatItemProductFamily\":null,\"CatItemMoldCavity\":null,\"CatItemPackageMeasurement\":null,\"CatItemStatus\":null,\"CatItemSize\":null,\"CatItemUnitBusiness\":null},\"category\":null,\"stock\":\"10.0000\",\"internal_id\":\"00490\",\"description\":\"CUCHILLO DE ACERO N\\u00b06\",\"currency_type_id\":\"PEN\",\"currency_type_symbol\":\"S\\/\",\"has_igv\":true,\"sale_unit_price\":\"25.0000\",\"purchase_has_igv\":false,\"purchase_unit_value\":0,\"purchase_unit_price\":0,\"unit_type_id\":\"NIU\",\"original_unit_type_id\":\"NIU\",\"sale_affectation_igv_type\":{\"id\":\"20\",\"active\":1,\"exportation\":0,\"free\":0,\"description\":\"Exonerado - Operaci\\u00f3n Onerosa\"},\"sale_affectation_igv_type_id\":\"20\",\"purchase_affectation_igv_type_id\":\"10\",\"calculate_quantity\":false,\"has_plastic_bag_taxes\":false,\"amount_plastic_bag_taxes\":\"0.10\",\"colors\":[],\"CatItemUnitsPerPackage\":[],\"CatItemMoldProperty\":[],\"CatItemProductFamily\":[],\"CatItemMoldCavity\":[],\"CatItemPackageMeasurement\":[],\"CatItemStatus\":[],\"CatItemSize\":[],\"CatItemUnitBusiness\":[],\"item_unit_types\":[],\"warehouses\":[{\"warehouse_description\":\"Almac\\u00e9n Oficina Principal\",\"stock\":\"10.0000\",\"warehouse_id\":1,\"checked\":true}],\"attributes\":[],\"lots_group\":[],\"lots\":[],\"lots_enabled\":false,\"series_enabled\":false,\"is_set\":false,\"lot_code\":null,\"date_of_due\":null,\"barcode\":\"000000000490\",\"change_free_affectation_igv\":false,\"original_affectation_igv_type_id\":\"20\",\"has_isc\":false,\"system_isc_type_id\":null,\"percentage_isc\":\"0.00\",\"is_for_production\":false,\"subject_to_detraction\":false,\"exchange_points\":false,\"quantity_of_points\":0,\"exchanged_for_points\":false,\"used_points_for_exchange\":null,\"factory_code\":null,\"name_product_pdf\":null,\"unit_price\":\"25.0000\",\"extra_attr_name\":\"Tiempo de entrega\",\"extra_attr_value\":null,\"presentation\":[]}',1.0000,25.000000,'20',25.00,18.00,0.00,NULL,0.00,0.00,0.00,0.00,0.00,0.00,0.00,'01',25.000000,25.00,0.00,0.00,25.00,'[]','[]','[]',NULL,NULL,NULL),(8,3,491,'{\"id\":491,\"item_code\":null,\"full_description\":\"00491 - CUCHILLO DE ACERO N\\u00b07 -\",\"model\":null,\"brand\":null,\"text_filter\":\"CUCHILLO DE ACERO N\\u00b07 000000000491 00491\",\"stock_by_extra\":{\"total\":null,\"CatItemStatus\":{\"detailed\":[],\"total\":null},\"CatItemUnitBusiness\":{\"detailed\":[],\"total\":null},\"CatItemMoldCavity\":{\"detailed\":[],\"total\":null},\"CatItemPackageMeasurement\":{\"detailed\":[],\"total\":null},\"CatItemUnitsPerPackage\":{\"detailed\":[],\"total\":null},\"CatItemMoldProperty\":{\"detailed\":[],\"total\":null},\"CatItemProductFamily\":{\"detailed\":[],\"total\":null},\"colors\":{\"detailed\":[],\"total\":null},\"CatItemSize\":{\"detailed\":[],\"total\":null}},\"warehouse_description\":\"Almac\\u00e9n Oficina Principal\",\"extra\":{\"colors\":null,\"CatItemUnitsPerPackage\":null,\"CatItemMoldProperty\":null,\"CatItemProductFamily\":null,\"CatItemMoldCavity\":null,\"CatItemPackageMeasurement\":null,\"CatItemStatus\":null,\"CatItemSize\":null,\"CatItemUnitBusiness\":null},\"category\":null,\"stock\":\"10.0000\",\"internal_id\":\"00491\",\"description\":\"CUCHILLO DE ACERO N\\u00b07\",\"currency_type_id\":\"PEN\",\"currency_type_symbol\":\"S\\/\",\"has_igv\":true,\"sale_unit_price\":\"35.0000\",\"purchase_has_igv\":false,\"purchase_unit_value\":0,\"purchase_unit_price\":0,\"unit_type_id\":\"NIU\",\"original_unit_type_id\":\"NIU\",\"sale_affectation_igv_type\":{\"id\":\"20\",\"active\":1,\"exportation\":0,\"free\":0,\"description\":\"Exonerado - Operaci\\u00f3n Onerosa\"},\"sale_affectation_igv_type_id\":\"20\",\"purchase_affectation_igv_type_id\":\"10\",\"calculate_quantity\":false,\"has_plastic_bag_taxes\":false,\"amount_plastic_bag_taxes\":\"0.10\",\"colors\":[],\"CatItemUnitsPerPackage\":[],\"CatItemMoldProperty\":[],\"CatItemProductFamily\":[],\"CatItemMoldCavity\":[],\"CatItemPackageMeasurement\":[],\"CatItemStatus\":[],\"CatItemSize\":[],\"CatItemUnitBusiness\":[],\"item_unit_types\":[],\"warehouses\":[{\"warehouse_description\":\"Almac\\u00e9n Oficina Principal\",\"stock\":\"10.0000\",\"warehouse_id\":1,\"checked\":true}],\"attributes\":[],\"lots_group\":[],\"lots\":[],\"lots_enabled\":false,\"series_enabled\":false,\"is_set\":false,\"lot_code\":null,\"date_of_due\":null,\"barcode\":\"000000000491\",\"change_free_affectation_igv\":false,\"original_affectation_igv_type_id\":\"20\",\"has_isc\":false,\"system_isc_type_id\":null,\"percentage_isc\":\"0.00\",\"is_for_production\":false,\"subject_to_detraction\":false,\"exchange_points\":false,\"quantity_of_points\":0,\"exchanged_for_points\":false,\"used_points_for_exchange\":null,\"factory_code\":null,\"name_product_pdf\":null,\"unit_price\":\"35.0000\",\"extra_attr_name\":\"Tiempo de entrega\",\"extra_attr_value\":null,\"presentation\":[]}',1.0000,35.000000,'20',35.00,18.00,0.00,NULL,0.00,0.00,0.00,0.00,0.00,0.00,0.00,'01',35.000000,35.00,0.00,0.00,35.00,'[]','[]','[]',NULL,NULL,NULL),(9,3,492,'{\"id\":492,\"item_code\":null,\"full_description\":\"00492 - CUCHILLO DE ACERO N\\u00b08 -\",\"model\":null,\"brand\":null,\"text_filter\":\"CUCHILLO DE ACERO N\\u00b08 000000000492 00492\",\"stock_by_extra\":{\"total\":null,\"CatItemStatus\":{\"detailed\":[],\"total\":null},\"CatItemUnitBusiness\":{\"detailed\":[],\"total\":null},\"CatItemMoldCavity\":{\"detailed\":[],\"total\":null},\"CatItemPackageMeasurement\":{\"detailed\":[],\"total\":null},\"CatItemUnitsPerPackage\":{\"detailed\":[],\"total\":null},\"CatItemMoldProperty\":{\"detailed\":[],\"total\":null},\"CatItemProductFamily\":{\"detailed\":[],\"total\":null},\"colors\":{\"detailed\":[],\"total\":null},\"CatItemSize\":{\"detailed\":[],\"total\":null}},\"warehouse_description\":\"Almac\\u00e9n Oficina Principal\",\"extra\":{\"colors\":null,\"CatItemUnitsPerPackage\":null,\"CatItemMoldProperty\":null,\"CatItemProductFamily\":null,\"CatItemMoldCavity\":null,\"CatItemPackageMeasurement\":null,\"CatItemStatus\":null,\"CatItemSize\":null,\"CatItemUnitBusiness\":null},\"category\":null,\"stock\":\"10.0000\",\"internal_id\":\"00492\",\"description\":\"CUCHILLO DE ACERO N\\u00b08\",\"currency_type_id\":\"PEN\",\"currency_type_symbol\":\"S\\/\",\"has_igv\":true,\"sale_unit_price\":\"45.0000\",\"purchase_has_igv\":false,\"purchase_unit_value\":0,\"purchase_unit_price\":0,\"unit_type_id\":\"NIU\",\"original_unit_type_id\":\"NIU\",\"sale_affectation_igv_type\":{\"id\":\"20\",\"active\":1,\"exportation\":0,\"free\":0,\"description\":\"Exonerado - Operaci\\u00f3n Onerosa\"},\"sale_affectation_igv_type_id\":\"20\",\"purchase_affectation_igv_type_id\":\"10\",\"calculate_quantity\":false,\"has_plastic_bag_taxes\":false,\"amount_plastic_bag_taxes\":\"0.10\",\"colors\":[],\"CatItemUnitsPerPackage\":[],\"CatItemMoldProperty\":[],\"CatItemProductFamily\":[],\"CatItemMoldCavity\":[],\"CatItemPackageMeasurement\":[],\"CatItemStatus\":[],\"CatItemSize\":[],\"CatItemUnitBusiness\":[],\"item_unit_types\":[],\"warehouses\":[{\"warehouse_description\":\"Almac\\u00e9n Oficina Principal\",\"stock\":\"10.0000\",\"warehouse_id\":1,\"checked\":true}],\"attributes\":[],\"lots_group\":[],\"lots\":[],\"lots_enabled\":false,\"series_enabled\":false,\"is_set\":false,\"lot_code\":null,\"date_of_due\":null,\"barcode\":\"000000000492\",\"change_free_affectation_igv\":false,\"original_affectation_igv_type_id\":\"20\",\"has_isc\":false,\"system_isc_type_id\":null,\"percentage_isc\":\"0.00\",\"is_for_production\":false,\"subject_to_detraction\":false,\"exchange_points\":false,\"quantity_of_points\":0,\"exchanged_for_points\":false,\"used_points_for_exchange\":null,\"factory_code\":null,\"name_product_pdf\":null,\"unit_price\":\"45.0000\",\"extra_attr_name\":\"Tiempo de entrega\",\"extra_attr_value\":null,\"presentation\":[]}',1.0000,45.000000,'20',45.00,18.00,0.00,NULL,0.00,0.00,0.00,0.00,0.00,0.00,0.00,'01',45.000000,45.00,0.00,0.00,45.00,'[]','[]','[]',NULL,NULL,NULL),(10,3,493,'{\"id\":493,\"item_code\":null,\"full_description\":\"00493 - CAJA ORGANIZADORA UTILISIMA BAJA 28 LT. -\",\"model\":null,\"brand\":null,\"text_filter\":\"CAJA ORGANIZADORA UTILISIMA BAJA 28 LT. 000000000493 00493\",\"stock_by_extra\":{\"total\":null,\"CatItemStatus\":{\"detailed\":[],\"total\":null},\"CatItemUnitBusiness\":{\"detailed\":[],\"total\":null},\"CatItemMoldCavity\":{\"detailed\":[],\"total\":null},\"CatItemPackageMeasurement\":{\"detailed\":[],\"total\":null},\"CatItemUnitsPerPackage\":{\"detailed\":[],\"total\":null},\"CatItemMoldProperty\":{\"detailed\":[],\"total\":null},\"CatItemProductFamily\":{\"detailed\":[],\"total\":null},\"colors\":{\"detailed\":[],\"total\":null},\"CatItemSize\":{\"detailed\":[],\"total\":null}},\"warehouse_description\":\"Almac\\u00e9n Oficina Principal\",\"extra\":{\"colors\":null,\"CatItemUnitsPerPackage\":null,\"CatItemMoldProperty\":null,\"CatItemProductFamily\":null,\"CatItemMoldCavity\":null,\"CatItemPackageMeasurement\":null,\"CatItemStatus\":null,\"CatItemSize\":null,\"CatItemUnitBusiness\":null},\"category\":null,\"stock\":\"6.0000\",\"internal_id\":\"00493\",\"description\":\"CAJA ORGANIZADORA UTILISIMA BAJA 28 LT.\",\"currency_type_id\":\"PEN\",\"currency_type_symbol\":\"S\\/\",\"has_igv\":true,\"sale_unit_price\":\"60.0000\",\"purchase_has_igv\":false,\"purchase_unit_value\":0,\"purchase_unit_price\":0,\"unit_type_id\":\"NIU\",\"original_unit_type_id\":\"NIU\",\"sale_affectation_igv_type\":{\"id\":\"20\",\"active\":1,\"exportation\":0,\"free\":0,\"description\":\"Exonerado - Operaci\\u00f3n Onerosa\"},\"sale_affectation_igv_type_id\":\"20\",\"purchase_affectation_igv_type_id\":\"10\",\"calculate_quantity\":false,\"has_plastic_bag_taxes\":false,\"amount_plastic_bag_taxes\":\"0.10\",\"colors\":[],\"CatItemUnitsPerPackage\":[],\"CatItemMoldProperty\":[],\"CatItemProductFamily\":[],\"CatItemMoldCavity\":[],\"CatItemPackageMeasurement\":[],\"CatItemStatus\":[],\"CatItemSize\":[],\"CatItemUnitBusiness\":[],\"item_unit_types\":[],\"warehouses\":[{\"warehouse_description\":\"Almac\\u00e9n Oficina Principal\",\"stock\":\"6.0000\",\"warehouse_id\":1,\"checked\":true}],\"attributes\":[],\"lots_group\":[],\"lots\":[],\"lots_enabled\":false,\"series_enabled\":false,\"is_set\":false,\"lot_code\":null,\"date_of_due\":null,\"barcode\":\"000000000493\",\"change_free_affectation_igv\":false,\"original_affectation_igv_type_id\":\"20\",\"has_isc\":false,\"system_isc_type_id\":null,\"percentage_isc\":\"0.00\",\"is_for_production\":false,\"subject_to_detraction\":false,\"exchange_points\":false,\"quantity_of_points\":0,\"exchanged_for_points\":false,\"used_points_for_exchange\":null,\"factory_code\":null,\"name_product_pdf\":null,\"unit_price\":\"60.0000\",\"extra_attr_name\":\"Tiempo de entrega\",\"extra_attr_value\":null,\"presentation\":[]}',1.0000,60.000000,'20',60.00,18.00,0.00,NULL,0.00,0.00,0.00,0.00,0.00,0.00,0.00,'01',60.000000,60.00,0.00,0.00,60.00,'[]','[]','[]',NULL,NULL,NULL),(11,3,261,'{\"id\":261,\"item_code\":null,\"full_description\":\"00261 - TABLA DE PICAR PLASTICA CB-001 -\",\"model\":null,\"brand\":null,\"text_filter\":\"TABLA DE PICAR PLASTICA CB-001 00261 00261\",\"stock_by_extra\":{\"total\":null,\"CatItemStatus\":{\"detailed\":[],\"total\":null},\"CatItemUnitBusiness\":{\"detailed\":[],\"total\":null},\"CatItemMoldCavity\":{\"detailed\":[],\"total\":null},\"CatItemPackageMeasurement\":{\"detailed\":[],\"total\":null},\"CatItemUnitsPerPackage\":{\"detailed\":[],\"total\":null},\"CatItemMoldProperty\":{\"detailed\":[],\"total\":null},\"CatItemProductFamily\":{\"detailed\":[],\"total\":null},\"colors\":{\"detailed\":[],\"total\":null},\"CatItemSize\":{\"detailed\":[],\"total\":null}},\"warehouse_description\":\"Almac\\u00e9n Oficina Principal\",\"extra\":{\"colors\":null,\"CatItemUnitsPerPackage\":null,\"CatItemMoldProperty\":null,\"CatItemProductFamily\":null,\"CatItemMoldCavity\":null,\"CatItemPackageMeasurement\":null,\"CatItemStatus\":null,\"CatItemSize\":null,\"CatItemUnitBusiness\":null},\"category\":null,\"stock\":\"8.0000\",\"internal_id\":\"00261\",\"description\":\"TABLA DE PICAR PLASTICA CB-001\",\"currency_type_id\":\"PEN\",\"currency_type_symbol\":\"S\\/\",\"has_igv\":true,\"sale_unit_price\":\"40.0000\",\"purchase_has_igv\":true,\"purchase_unit_value\":0,\"purchase_unit_price\":0,\"unit_type_id\":\"NIU\",\"original_unit_type_id\":\"NIU\",\"sale_affectation_igv_type\":{\"id\":\"20\",\"active\":1,\"exportation\":0,\"free\":0,\"description\":\"Exonerado - Operaci\\u00f3n Onerosa\"},\"sale_affectation_igv_type_id\":\"20\",\"purchase_affectation_igv_type_id\":\"20\",\"calculate_quantity\":false,\"has_plastic_bag_taxes\":false,\"amount_plastic_bag_taxes\":\"0.10\",\"colors\":[],\"CatItemUnitsPerPackage\":[],\"CatItemMoldProperty\":[],\"CatItemProductFamily\":[],\"CatItemMoldCavity\":[],\"CatItemPackageMeasurement\":[],\"CatItemStatus\":[],\"CatItemSize\":[],\"CatItemUnitBusiness\":[],\"item_unit_types\":[],\"warehouses\":[{\"warehouse_description\":\"Almac\\u00e9n Oficina Principal\",\"stock\":\"8.0000\",\"warehouse_id\":1,\"checked\":true},{\"warehouse_description\":\"Almac\\u00e9n - SUCURSAL\",\"stock\":\"3990.0000\",\"warehouse_id\":2,\"checked\":false}],\"attributes\":[],\"lots_group\":[],\"lots\":[],\"lots_enabled\":false,\"series_enabled\":false,\"is_set\":false,\"lot_code\":null,\"date_of_due\":null,\"barcode\":\"00261\",\"change_free_affectation_igv\":false,\"original_affectation_igv_type_id\":\"20\",\"has_isc\":false,\"system_isc_type_id\":null,\"percentage_isc\":\"0.00\",\"is_for_production\":false,\"subject_to_detraction\":false,\"exchange_points\":false,\"quantity_of_points\":0,\"exchanged_for_points\":false,\"used_points_for_exchange\":null,\"factory_code\":null,\"name_product_pdf\":null,\"unit_price\":\"40.0000\",\"extra_attr_name\":\"Tiempo de entrega\",\"extra_attr_value\":null,\"presentation\":[]}',1.0000,40.000000,'20',40.00,18.00,0.00,NULL,0.00,0.00,0.00,0.00,0.00,0.00,0.00,'01',40.000000,40.00,0.00,0.00,40.00,'[]','[]','[]',NULL,NULL,NULL),(12,3,337,'{\"id\":337,\"item_code\":null,\"full_description\":\"00337 - TABLA PICAR PLASTICA CB-002 -\",\"model\":null,\"brand\":null,\"text_filter\":\"TABLA PICAR PLASTICA CB-002 00337 00337\",\"stock_by_extra\":{\"total\":null,\"CatItemStatus\":{\"detailed\":[],\"total\":null},\"CatItemUnitBusiness\":{\"detailed\":[],\"total\":null},\"CatItemMoldCavity\":{\"detailed\":[],\"total\":null},\"CatItemPackageMeasurement\":{\"detailed\":[],\"total\":null},\"CatItemUnitsPerPackage\":{\"detailed\":[],\"total\":null},\"CatItemMoldProperty\":{\"detailed\":[],\"total\":null},\"CatItemProductFamily\":{\"detailed\":[],\"total\":null},\"colors\":{\"detailed\":[],\"total\":null},\"CatItemSize\":{\"detailed\":[],\"total\":null}},\"warehouse_description\":\"Almac\\u00e9n Oficina Principal\",\"extra\":{\"colors\":null,\"CatItemUnitsPerPackage\":null,\"CatItemMoldProperty\":null,\"CatItemProductFamily\":null,\"CatItemMoldCavity\":null,\"CatItemPackageMeasurement\":null,\"CatItemStatus\":null,\"CatItemSize\":null,\"CatItemUnitBusiness\":null},\"category\":null,\"stock\":\"9.0000\",\"internal_id\":\"00337\",\"description\":\"TABLA PICAR PLASTICA CB-002\",\"currency_type_id\":\"PEN\",\"currency_type_symbol\":\"S\\/\",\"has_igv\":true,\"sale_unit_price\":\"30.0000\",\"purchase_has_igv\":true,\"purchase_unit_value\":0,\"purchase_unit_price\":0,\"unit_type_id\":\"NIU\",\"original_unit_type_id\":\"NIU\",\"sale_affectation_igv_type\":{\"id\":\"20\",\"active\":1,\"exportation\":0,\"free\":0,\"description\":\"Exonerado - Operaci\\u00f3n Onerosa\"},\"sale_affectation_igv_type_id\":\"20\",\"purchase_affectation_igv_type_id\":\"20\",\"calculate_quantity\":false,\"has_plastic_bag_taxes\":false,\"amount_plastic_bag_taxes\":\"0.10\",\"colors\":[],\"CatItemUnitsPerPackage\":[],\"CatItemMoldProperty\":[],\"CatItemProductFamily\":[],\"CatItemMoldCavity\":[],\"CatItemPackageMeasurement\":[],\"CatItemStatus\":[],\"CatItemSize\":[],\"CatItemUnitBusiness\":[],\"item_unit_types\":[],\"warehouses\":[{\"warehouse_description\":\"Almac\\u00e9n Oficina Principal\",\"stock\":\"9.0000\",\"warehouse_id\":1,\"checked\":true},{\"warehouse_description\":\"Almac\\u00e9n - SUCURSAL\",\"stock\":\"3990.0000\",\"warehouse_id\":2,\"checked\":false}],\"attributes\":[],\"lots_group\":[],\"lots\":[],\"lots_enabled\":false,\"series_enabled\":false,\"is_set\":false,\"lot_code\":null,\"date_of_due\":null,\"barcode\":\"00337\",\"change_free_affectation_igv\":false,\"original_affectation_igv_type_id\":\"20\",\"has_isc\":false,\"system_isc_type_id\":null,\"percentage_isc\":\"0.00\",\"is_for_production\":false,\"subject_to_detraction\":false,\"exchange_points\":false,\"quantity_of_points\":0,\"exchanged_for_points\":false,\"used_points_for_exchange\":null,\"factory_code\":null,\"name_product_pdf\":null,\"unit_price\":\"30.0000\",\"extra_attr_name\":\"Tiempo de entrega\",\"extra_attr_value\":null,\"presentation\":[]}',1.0000,30.000000,'20',30.00,18.00,0.00,NULL,0.00,0.00,0.00,0.00,0.00,0.00,0.00,'01',30.000000,30.00,0.00,0.00,30.00,'[]','[]','[]',NULL,NULL,NULL),(13,3,484,'{\"id\":484,\"item_code\":null,\"full_description\":\"00484 - TABLA DE PICAR PLASTICA CB-003 -\",\"model\":null,\"brand\":null,\"text_filter\":\"TABLA DE PICAR PLASTICA CB-003 000000000484 00484\",\"stock_by_extra\":{\"total\":null,\"CatItemStatus\":{\"detailed\":[],\"total\":null},\"CatItemUnitBusiness\":{\"detailed\":[],\"total\":null},\"CatItemMoldCavity\":{\"detailed\":[],\"total\":null},\"CatItemPackageMeasurement\":{\"detailed\":[],\"total\":null},\"CatItemUnitsPerPackage\":{\"detailed\":[],\"total\":null},\"CatItemMoldProperty\":{\"detailed\":[],\"total\":null},\"CatItemProductFamily\":{\"detailed\":[],\"total\":null},\"colors\":{\"detailed\":[],\"total\":null},\"CatItemSize\":{\"detailed\":[],\"total\":null}},\"warehouse_description\":\"Almac\\u00e9n Oficina Principal\",\"extra\":{\"colors\":null,\"CatItemUnitsPerPackage\":null,\"CatItemMoldProperty\":null,\"CatItemProductFamily\":null,\"CatItemMoldCavity\":null,\"CatItemPackageMeasurement\":null,\"CatItemStatus\":null,\"CatItemSize\":null,\"CatItemUnitBusiness\":null},\"category\":null,\"stock\":\"2.0000\",\"internal_id\":\"00484\",\"description\":\"TABLA DE PICAR PLASTICA CB-003\",\"currency_type_id\":\"PEN\",\"currency_type_symbol\":\"S\\/\",\"has_igv\":true,\"sale_unit_price\":\"25.0000\",\"purchase_has_igv\":false,\"purchase_unit_value\":0,\"purchase_unit_price\":0,\"unit_type_id\":\"NIU\",\"original_unit_type_id\":\"NIU\",\"sale_affectation_igv_type\":{\"id\":\"20\",\"active\":1,\"exportation\":0,\"free\":0,\"description\":\"Exonerado - Operaci\\u00f3n Onerosa\"},\"sale_affectation_igv_type_id\":\"20\",\"purchase_affectation_igv_type_id\":\"10\",\"calculate_quantity\":false,\"has_plastic_bag_taxes\":false,\"amount_plastic_bag_taxes\":\"0.10\",\"colors\":[],\"CatItemUnitsPerPackage\":[],\"CatItemMoldProperty\":[],\"CatItemProductFamily\":[],\"CatItemMoldCavity\":[],\"CatItemPackageMeasurement\":[],\"CatItemStatus\":[],\"CatItemSize\":[],\"CatItemUnitBusiness\":[],\"item_unit_types\":[],\"warehouses\":[{\"warehouse_description\":\"Almac\\u00e9n - SUCURSAL\",\"stock\":\"10.0000\",\"warehouse_id\":2,\"checked\":false},{\"warehouse_description\":\"Almac\\u00e9n Oficina Principal\",\"stock\":\"2.0000\",\"warehouse_id\":1,\"checked\":true}],\"attributes\":[],\"lots_group\":[],\"lots\":[],\"lots_enabled\":false,\"series_enabled\":false,\"is_set\":false,\"lot_code\":null,\"date_of_due\":null,\"barcode\":\"000000000484\",\"change_free_affectation_igv\":false,\"original_affectation_igv_type_id\":\"20\",\"has_isc\":false,\"system_isc_type_id\":null,\"percentage_isc\":\"0.00\",\"is_for_production\":false,\"subject_to_detraction\":false,\"exchange_points\":false,\"quantity_of_points\":0,\"exchanged_for_points\":false,\"used_points_for_exchange\":null,\"factory_code\":null,\"name_product_pdf\":null,\"unit_price\":\"25.0000\",\"extra_attr_name\":\"Tiempo de entrega\",\"extra_attr_value\":null,\"presentation\":[]}',1.0000,25.000000,'20',25.00,18.00,0.00,NULL,0.00,0.00,0.00,0.00,0.00,0.00,0.00,'01',25.000000,25.00,0.00,0.00,25.00,'[]','[]','[]',NULL,NULL,NULL),(14,3,485,'{\"id\":485,\"item_code\":null,\"full_description\":\"00485 - TABLA DE PICAR PLASTICA CB-004 -\",\"model\":null,\"brand\":null,\"text_filter\":\"TABLA DE PICAR PLASTICA CB-004 000000000485 00485\",\"stock_by_extra\":{\"total\":null,\"CatItemStatus\":{\"detailed\":[],\"total\":null},\"CatItemUnitBusiness\":{\"detailed\":[],\"total\":null},\"CatItemMoldCavity\":{\"detailed\":[],\"total\":null},\"CatItemPackageMeasurement\":{\"detailed\":[],\"total\":null},\"CatItemUnitsPerPackage\":{\"detailed\":[],\"total\":null},\"CatItemMoldProperty\":{\"detailed\":[],\"total\":null},\"CatItemProductFamily\":{\"detailed\":[],\"total\":null},\"colors\":{\"detailed\":[],\"total\":null},\"CatItemSize\":{\"detailed\":[],\"total\":null}},\"warehouse_description\":\"Almac\\u00e9n Oficina Principal\",\"extra\":{\"colors\":null,\"CatItemUnitsPerPackage\":null,\"CatItemMoldProperty\":null,\"CatItemProductFamily\":null,\"CatItemMoldCavity\":null,\"CatItemPackageMeasurement\":null,\"CatItemStatus\":null,\"CatItemSize\":null,\"CatItemUnitBusiness\":null},\"category\":null,\"stock\":\"2.0000\",\"internal_id\":\"00485\",\"description\":\"TABLA DE PICAR PLASTICA CB-004\",\"currency_type_id\":\"PEN\",\"currency_type_symbol\":\"S\\/\",\"has_igv\":true,\"sale_unit_price\":\"20.0000\",\"purchase_has_igv\":false,\"purchase_unit_value\":0,\"purchase_unit_price\":0,\"unit_type_id\":\"NIU\",\"original_unit_type_id\":\"NIU\",\"sale_affectation_igv_type\":{\"id\":\"20\",\"active\":1,\"exportation\":0,\"free\":0,\"description\":\"Exonerado - Operaci\\u00f3n Onerosa\"},\"sale_affectation_igv_type_id\":\"20\",\"purchase_affectation_igv_type_id\":\"10\",\"calculate_quantity\":false,\"has_plastic_bag_taxes\":false,\"amount_plastic_bag_taxes\":\"0.10\",\"colors\":[],\"CatItemUnitsPerPackage\":[],\"CatItemMoldProperty\":[],\"CatItemProductFamily\":[],\"CatItemMoldCavity\":[],\"CatItemPackageMeasurement\":[],\"CatItemStatus\":[],\"CatItemSize\":[],\"CatItemUnitBusiness\":[],\"item_unit_types\":[],\"warehouses\":[{\"warehouse_description\":\"Almac\\u00e9n - SUCURSAL\",\"stock\":\"8.0000\",\"warehouse_id\":2,\"checked\":false},{\"warehouse_description\":\"Almac\\u00e9n Oficina Principal\",\"stock\":\"2.0000\",\"warehouse_id\":1,\"checked\":true}],\"attributes\":[],\"lots_group\":[],\"lots\":[],\"lots_enabled\":false,\"series_enabled\":false,\"is_set\":false,\"lot_code\":null,\"date_of_due\":null,\"barcode\":\"000000000485\",\"change_free_affectation_igv\":false,\"original_affectation_igv_type_id\":\"20\",\"has_isc\":false,\"system_isc_type_id\":null,\"percentage_isc\":\"0.00\",\"is_for_production\":false,\"subject_to_detraction\":false,\"exchange_points\":false,\"quantity_of_points\":0,\"exchanged_for_points\":false,\"used_points_for_exchange\":null,\"factory_code\":null,\"name_product_pdf\":null,\"unit_price\":\"20.0000\",\"extra_attr_name\":\"Tiempo de entrega\",\"extra_attr_value\":null,\"presentation\":[]}',1.0000,20.000000,'20',20.00,18.00,0.00,NULL,0.00,0.00,0.00,0.00,0.00,0.00,0.00,'01',20.000000,20.00,0.00,0.00,20.00,'[]','[]','[]',NULL,NULL,NULL),(15,3,494,'{\"id\":494,\"item_code\":null,\"full_description\":\"00494 - TABLA DE PICAR PLASTICA CB-005 -\",\"model\":null,\"brand\":null,\"text_filter\":\"TABLA DE PICAR PLASTICA CB-005 000000000494 00494\",\"stock_by_extra\":{\"total\":null,\"CatItemStatus\":{\"detailed\":[],\"total\":null},\"CatItemUnitBusiness\":{\"detailed\":[],\"total\":null},\"CatItemMoldCavity\":{\"detailed\":[],\"total\":null},\"CatItemPackageMeasurement\":{\"detailed\":[],\"total\":null},\"CatItemUnitsPerPackage\":{\"detailed\":[],\"total\":null},\"CatItemMoldProperty\":{\"detailed\":[],\"total\":null},\"CatItemProductFamily\":{\"detailed\":[],\"total\":null},\"colors\":{\"detailed\":[],\"total\":null},\"CatItemSize\":{\"detailed\":[],\"total\":null}},\"warehouse_description\":\"Almac\\u00e9n Oficina Principal\",\"extra\":{\"colors\":null,\"CatItemUnitsPerPackage\":null,\"CatItemMoldProperty\":null,\"CatItemProductFamily\":null,\"CatItemMoldCavity\":null,\"CatItemPackageMeasurement\":null,\"CatItemStatus\":null,\"CatItemSize\":null,\"CatItemUnitBusiness\":null},\"category\":null,\"stock\":\"10.0000\",\"internal_id\":\"00494\",\"description\":\"TABLA DE PICAR PLASTICA CB-005\",\"currency_type_id\":\"PEN\",\"currency_type_symbol\":\"S\\/\",\"has_igv\":true,\"sale_unit_price\":\"60.0000\",\"purchase_has_igv\":false,\"purchase_unit_value\":0,\"purchase_unit_price\":0,\"unit_type_id\":\"NIU\",\"original_unit_type_id\":\"NIU\",\"sale_affectation_igv_type\":{\"id\":\"20\",\"active\":1,\"exportation\":0,\"free\":0,\"description\":\"Exonerado - Operaci\\u00f3n Onerosa\"},\"sale_affectation_igv_type_id\":\"20\",\"purchase_affectation_igv_type_id\":\"10\",\"calculate_quantity\":false,\"has_plastic_bag_taxes\":false,\"amount_plastic_bag_taxes\":\"0.10\",\"colors\":[],\"CatItemUnitsPerPackage\":[],\"CatItemMoldProperty\":[],\"CatItemProductFamily\":[],\"CatItemMoldCavity\":[],\"CatItemPackageMeasurement\":[],\"CatItemStatus\":[],\"CatItemSize\":[],\"CatItemUnitBusiness\":[],\"item_unit_types\":[],\"warehouses\":[{\"warehouse_description\":\"Almac\\u00e9n Oficina Principal\",\"stock\":\"10.0000\",\"warehouse_id\":1,\"checked\":true}],\"attributes\":[],\"lots_group\":[],\"lots\":[],\"lots_enabled\":false,\"series_enabled\":false,\"is_set\":false,\"lot_code\":null,\"date_of_due\":null,\"barcode\":\"000000000494\",\"change_free_affectation_igv\":false,\"original_affectation_igv_type_id\":\"20\",\"has_isc\":false,\"system_isc_type_id\":null,\"percentage_isc\":\"0.00\",\"is_for_production\":false,\"subject_to_detraction\":false,\"exchange_points\":false,\"quantity_of_points\":0,\"exchanged_for_points\":false,\"used_points_for_exchange\":null,\"factory_code\":null,\"name_product_pdf\":null,\"unit_price\":\"60.0000\",\"extra_attr_name\":\"Tiempo de entrega\",\"extra_attr_value\":null,\"presentation\":[]}',1.0000,60.000000,'20',60.00,18.00,0.00,NULL,0.00,0.00,0.00,0.00,0.00,0.00,0.00,'01',60.000000,60.00,0.00,0.00,60.00,'[]','[]','[]',NULL,NULL,NULL),(16,3,495,'{\"id\":495,\"item_code\":null,\"full_description\":\"00495 - BALDE BOX #17 LT. BASA -\",\"model\":null,\"brand\":null,\"text_filter\":\"BALDE BOX #17 LT. BASA 000000000495 00495\",\"stock_by_extra\":{\"total\":null,\"CatItemStatus\":{\"detailed\":[],\"total\":null},\"CatItemUnitBusiness\":{\"detailed\":[],\"total\":null},\"CatItemMoldCavity\":{\"detailed\":[],\"total\":null},\"CatItemPackageMeasurement\":{\"detailed\":[],\"total\":null},\"CatItemUnitsPerPackage\":{\"detailed\":[],\"total\":null},\"CatItemMoldProperty\":{\"detailed\":[],\"total\":null},\"CatItemProductFamily\":{\"detailed\":[],\"total\":null},\"colors\":{\"detailed\":[],\"total\":null},\"CatItemSize\":{\"detailed\":[],\"total\":null}},\"warehouse_description\":\"Almac\\u00e9n Oficina Principal\",\"extra\":{\"colors\":null,\"CatItemUnitsPerPackage\":null,\"CatItemMoldProperty\":null,\"CatItemProductFamily\":null,\"CatItemMoldCavity\":null,\"CatItemPackageMeasurement\":null,\"CatItemStatus\":null,\"CatItemSize\":null,\"CatItemUnitBusiness\":null},\"category\":null,\"stock\":\"12.0000\",\"internal_id\":\"00495\",\"description\":\"BALDE BOX #17 LT. BASA\",\"currency_type_id\":\"PEN\",\"currency_type_symbol\":\"S\\/\",\"has_igv\":true,\"sale_unit_price\":\"38.0000\",\"purchase_has_igv\":false,\"purchase_unit_value\":0,\"purchase_unit_price\":0,\"unit_type_id\":\"NIU\",\"original_unit_type_id\":\"NIU\",\"sale_affectation_igv_type\":{\"id\":\"20\",\"active\":1,\"exportation\":0,\"free\":0,\"description\":\"Exonerado - Operaci\\u00f3n Onerosa\"},\"sale_affectation_igv_type_id\":\"20\",\"purchase_affectation_igv_type_id\":\"10\",\"calculate_quantity\":false,\"has_plastic_bag_taxes\":false,\"amount_plastic_bag_taxes\":\"0.10\",\"colors\":[],\"CatItemUnitsPerPackage\":[],\"CatItemMoldProperty\":[],\"CatItemProductFamily\":[],\"CatItemMoldCavity\":[],\"CatItemPackageMeasurement\":[],\"CatItemStatus\":[],\"CatItemSize\":[],\"CatItemUnitBusiness\":[],\"item_unit_types\":[],\"warehouses\":[{\"warehouse_description\":\"Almac\\u00e9n Oficina Principal\",\"stock\":\"12.0000\",\"warehouse_id\":1,\"checked\":true}],\"attributes\":[],\"lots_group\":[],\"lots\":[],\"lots_enabled\":false,\"series_enabled\":false,\"is_set\":false,\"lot_code\":null,\"date_of_due\":null,\"barcode\":\"000000000495\",\"change_free_affectation_igv\":false,\"original_affectation_igv_type_id\":\"20\",\"has_isc\":false,\"system_isc_type_id\":null,\"percentage_isc\":\"0.00\",\"is_for_production\":false,\"subject_to_detraction\":false,\"exchange_points\":false,\"quantity_of_points\":0,\"exchanged_for_points\":false,\"used_points_for_exchange\":null,\"factory_code\":null,\"name_product_pdf\":null,\"unit_price\":\"38.0000\",\"extra_attr_name\":\"Tiempo de entrega\",\"extra_attr_value\":null,\"presentation\":[]}',1.0000,38.000000,'20',38.00,18.00,0.00,NULL,0.00,0.00,0.00,0.00,0.00,0.00,0.00,'01',38.000000,38.00,0.00,0.00,38.00,'[]','[]','[]',NULL,NULL,NULL),(17,3,496,'{\"id\":496,\"item_code\":null,\"full_description\":\"00496 - BALDE BOX 21LT BASA -\",\"model\":null,\"brand\":null,\"text_filter\":\"BALDE BOX 21LT BASA 000000000496 00496\",\"stock_by_extra\":{\"total\":null,\"CatItemStatus\":{\"detailed\":[],\"total\":null},\"CatItemUnitBusiness\":{\"detailed\":[],\"total\":null},\"CatItemMoldCavity\":{\"detailed\":[],\"total\":null},\"CatItemPackageMeasurement\":{\"detailed\":[],\"total\":null},\"CatItemUnitsPerPackage\":{\"detailed\":[],\"total\":null},\"CatItemMoldProperty\":{\"detailed\":[],\"total\":null},\"CatItemProductFamily\":{\"detailed\":[],\"total\":null},\"colors\":{\"detailed\":[],\"total\":null},\"CatItemSize\":{\"detailed\":[],\"total\":null}},\"warehouse_description\":\"Almac\\u00e9n Oficina Principal\",\"extra\":{\"colors\":null,\"CatItemUnitsPerPackage\":null,\"CatItemMoldProperty\":null,\"CatItemProductFamily\":null,\"CatItemMoldCavity\":null,\"CatItemPackageMeasurement\":null,\"CatItemStatus\":null,\"CatItemSize\":null,\"CatItemUnitBusiness\":null},\"category\":null,\"stock\":\"10.0000\",\"internal_id\":\"00496\",\"description\":\"BALDE BOX 21LT BASA\",\"currency_type_id\":\"PEN\",\"currency_type_symbol\":\"S\\/\",\"has_igv\":true,\"sale_unit_price\":\"48.0000\",\"purchase_has_igv\":false,\"purchase_unit_value\":0,\"purchase_unit_price\":0,\"unit_type_id\":\"NIU\",\"original_unit_type_id\":\"NIU\",\"sale_affectation_igv_type\":{\"id\":\"20\",\"active\":1,\"exportation\":0,\"free\":0,\"description\":\"Exonerado - Operaci\\u00f3n Onerosa\"},\"sale_affectation_igv_type_id\":\"20\",\"purchase_affectation_igv_type_id\":\"10\",\"calculate_quantity\":false,\"has_plastic_bag_taxes\":false,\"amount_plastic_bag_taxes\":\"0.10\",\"colors\":[],\"CatItemUnitsPerPackage\":[],\"CatItemMoldProperty\":[],\"CatItemProductFamily\":[],\"CatItemMoldCavity\":[],\"CatItemPackageMeasurement\":[],\"CatItemStatus\":[],\"CatItemSize\":[],\"CatItemUnitBusiness\":[],\"item_unit_types\":[],\"warehouses\":[{\"warehouse_description\":\"Almac\\u00e9n Oficina Principal\",\"stock\":\"10.0000\",\"warehouse_id\":1,\"checked\":true}],\"attributes\":[],\"lots_group\":[],\"lots\":[],\"lots_enabled\":false,\"series_enabled\":false,\"is_set\":false,\"lot_code\":null,\"date_of_due\":null,\"barcode\":\"000000000496\",\"change_free_affectation_igv\":false,\"original_affectation_igv_type_id\":\"20\",\"has_isc\":false,\"system_isc_type_id\":null,\"percentage_isc\":\"0.00\",\"is_for_production\":false,\"subject_to_detraction\":false,\"exchange_points\":false,\"quantity_of_points\":0,\"exchanged_for_points\":false,\"used_points_for_exchange\":null,\"factory_code\":null,\"name_product_pdf\":null,\"unit_price\":\"48.0000\",\"extra_attr_name\":\"Tiempo de entrega\",\"extra_attr_value\":null,\"presentation\":[]}',1.0000,48.000000,'20',48.00,18.00,0.00,NULL,0.00,0.00,0.00,0.00,0.00,0.00,0.00,'01',48.000000,48.00,0.00,0.00,48.00,'[]','[]','[]',NULL,NULL,NULL),(18,3,497,'{\"id\":497,\"item_code\":null,\"full_description\":\"00497 - CAJA ORGANIZADORA ALTA 34LT. BASA -\",\"model\":null,\"brand\":null,\"text_filter\":\"CAJA ORGANIZADORA ALTA 34LT. BASA 000000000497 00497\",\"stock_by_extra\":{\"total\":null,\"CatItemStatus\":{\"detailed\":[],\"total\":null},\"CatItemUnitBusiness\":{\"detailed\":[],\"total\":null},\"CatItemMoldCavity\":{\"detailed\":[],\"total\":null},\"CatItemPackageMeasurement\":{\"detailed\":[],\"total\":null},\"CatItemUnitsPerPackage\":{\"detailed\":[],\"total\":null},\"CatItemMoldProperty\":{\"detailed\":[],\"total\":null},\"CatItemProductFamily\":{\"detailed\":[],\"total\":null},\"colors\":{\"detailed\":[],\"total\":null},\"CatItemSize\":{\"detailed\":[],\"total\":null}},\"warehouse_description\":\"Almac\\u00e9n Oficina Principal\",\"extra\":{\"colors\":null,\"CatItemUnitsPerPackage\":null,\"CatItemMoldProperty\":null,\"CatItemProductFamily\":null,\"CatItemMoldCavity\":null,\"CatItemPackageMeasurement\":null,\"CatItemStatus\":null,\"CatItemSize\":null,\"CatItemUnitBusiness\":null},\"category\":null,\"stock\":\"10.0000\",\"internal_id\":\"00497\",\"description\":\"CAJA ORGANIZADORA ALTA 34LT. BASA\",\"currency_type_id\":\"PEN\",\"currency_type_symbol\":\"S\\/\",\"has_igv\":true,\"sale_unit_price\":\"50.0000\",\"purchase_has_igv\":false,\"purchase_unit_value\":0,\"purchase_unit_price\":0,\"unit_type_id\":\"NIU\",\"original_unit_type_id\":\"NIU\",\"sale_affectation_igv_type\":{\"id\":\"20\",\"active\":1,\"exportation\":0,\"free\":0,\"description\":\"Exonerado - Operaci\\u00f3n Onerosa\"},\"sale_affectation_igv_type_id\":\"20\",\"purchase_affectation_igv_type_id\":\"10\",\"calculate_quantity\":false,\"has_plastic_bag_taxes\":false,\"amount_plastic_bag_taxes\":\"0.10\",\"colors\":[],\"CatItemUnitsPerPackage\":[],\"CatItemMoldProperty\":[],\"CatItemProductFamily\":[],\"CatItemMoldCavity\":[],\"CatItemPackageMeasurement\":[],\"CatItemStatus\":[],\"CatItemSize\":[],\"CatItemUnitBusiness\":[],\"item_unit_types\":[],\"warehouses\":[{\"warehouse_description\":\"Almac\\u00e9n Oficina Principal\",\"stock\":\"10.0000\",\"warehouse_id\":1,\"checked\":true}],\"attributes\":[],\"lots_group\":[],\"lots\":[],\"lots_enabled\":false,\"series_enabled\":false,\"is_set\":false,\"lot_code\":null,\"date_of_due\":null,\"barcode\":\"000000000497\",\"change_free_affectation_igv\":false,\"original_affectation_igv_type_id\":\"20\",\"has_isc\":false,\"system_isc_type_id\":null,\"percentage_isc\":\"0.00\",\"is_for_production\":false,\"subject_to_detraction\":false,\"exchange_points\":false,\"quantity_of_points\":0,\"exchanged_for_points\":false,\"used_points_for_exchange\":null,\"factory_code\":null,\"name_product_pdf\":null,\"unit_price\":\"50.0000\",\"extra_attr_name\":\"Tiempo de entrega\",\"extra_attr_value\":null,\"presentation\":[]}',1.0000,50.000000,'20',50.00,18.00,0.00,NULL,0.00,0.00,0.00,0.00,0.00,0.00,0.00,'01',50.000000,50.00,0.00,0.00,50.00,'[]','[]','[]',NULL,NULL,NULL),(19,3,499,'{\"id\":499,\"item_code\":null,\"full_description\":\"00499 - CAJA ORGANIZADORA CANAAN 30LT. MAGINZA -\",\"model\":null,\"brand\":null,\"text_filter\":\"CAJA ORGANIZADORA CANAAN 30LT. MAGINZA 000000000499 00499\",\"stock_by_extra\":{\"total\":null,\"CatItemStatus\":{\"detailed\":[],\"total\":null},\"CatItemUnitBusiness\":{\"detailed\":[],\"total\":null},\"CatItemMoldCavity\":{\"detailed\":[],\"total\":null},\"CatItemPackageMeasurement\":{\"detailed\":[],\"total\":null},\"CatItemUnitsPerPackage\":{\"detailed\":[],\"total\":null},\"CatItemMoldProperty\":{\"detailed\":[],\"total\":null},\"CatItemProductFamily\":{\"detailed\":[],\"total\":null},\"colors\":{\"detailed\":[],\"total\":null},\"CatItemSize\":{\"detailed\":[],\"total\":null}},\"warehouse_description\":\"Almac\\u00e9n Oficina Principal\",\"extra\":{\"colors\":null,\"CatItemUnitsPerPackage\":null,\"CatItemMoldProperty\":null,\"CatItemProductFamily\":null,\"CatItemMoldCavity\":null,\"CatItemPackageMeasurement\":null,\"CatItemStatus\":null,\"CatItemSize\":null,\"CatItemUnitBusiness\":null},\"category\":null,\"stock\":\"10.0000\",\"internal_id\":\"00499\",\"description\":\"CAJA ORGANIZADORA CANAAN 30LT. MAGINZA\",\"currency_type_id\":\"PEN\",\"currency_type_symbol\":\"S\\/\",\"has_igv\":true,\"sale_unit_price\":\"30.0000\",\"purchase_has_igv\":false,\"purchase_unit_value\":0,\"purchase_unit_price\":0,\"unit_type_id\":\"NIU\",\"original_unit_type_id\":\"NIU\",\"sale_affectation_igv_type\":{\"id\":\"20\",\"active\":1,\"exportation\":0,\"free\":0,\"description\":\"Exonerado - Operaci\\u00f3n Onerosa\"},\"sale_affectation_igv_type_id\":\"20\",\"purchase_affectation_igv_type_id\":\"10\",\"calculate_quantity\":false,\"has_plastic_bag_taxes\":false,\"amount_plastic_bag_taxes\":\"0.10\",\"colors\":[],\"CatItemUnitsPerPackage\":[],\"CatItemMoldProperty\":[],\"CatItemProductFamily\":[],\"CatItemMoldCavity\":[],\"CatItemPackageMeasurement\":[],\"CatItemStatus\":[],\"CatItemSize\":[],\"CatItemUnitBusiness\":[],\"item_unit_types\":[],\"warehouses\":[{\"warehouse_description\":\"Almac\\u00e9n Oficina Principal\",\"stock\":\"10.0000\",\"warehouse_id\":1,\"checked\":true}],\"attributes\":[],\"lots_group\":[],\"lots\":[],\"lots_enabled\":false,\"series_enabled\":false,\"is_set\":false,\"lot_code\":null,\"date_of_due\":null,\"barcode\":\"000000000499\",\"change_free_affectation_igv\":false,\"original_affectation_igv_type_id\":\"20\",\"has_isc\":false,\"system_isc_type_id\":null,\"percentage_isc\":\"0.00\",\"is_for_production\":false,\"subject_to_detraction\":false,\"exchange_points\":false,\"quantity_of_points\":0,\"exchanged_for_points\":false,\"used_points_for_exchange\":null,\"factory_code\":null,\"name_product_pdf\":null,\"unit_price\":\"30.0000\",\"extra_attr_name\":\"Tiempo de entrega\",\"extra_attr_value\":null,\"presentation\":[]}',1.0000,30.000000,'20',30.00,18.00,0.00,NULL,0.00,0.00,0.00,0.00,0.00,0.00,0.00,'01',30.000000,30.00,0.00,0.00,30.00,'[]','[]','[]',NULL,NULL,NULL),(20,3,498,'{\"id\":498,\"item_code\":null,\"full_description\":\"00498 - CAJA ULTRAFORTE 30LT. REY PLAST -\",\"model\":null,\"brand\":null,\"text_filter\":\"CAJA ULTRAFORTE 30LT. REY PLAST 000000000498 00498\",\"stock_by_extra\":{\"total\":null,\"CatItemStatus\":{\"detailed\":[],\"total\":null},\"CatItemUnitBusiness\":{\"detailed\":[],\"total\":null},\"CatItemMoldCavity\":{\"detailed\":[],\"total\":null},\"CatItemPackageMeasurement\":{\"detailed\":[],\"total\":null},\"CatItemUnitsPerPackage\":{\"detailed\":[],\"total\":null},\"CatItemMoldProperty\":{\"detailed\":[],\"total\":null},\"CatItemProductFamily\":{\"detailed\":[],\"total\":null},\"colors\":{\"detailed\":[],\"total\":null},\"CatItemSize\":{\"detailed\":[],\"total\":null}},\"warehouse_description\":\"Almac\\u00e9n Oficina Principal\",\"extra\":{\"colors\":null,\"CatItemUnitsPerPackage\":null,\"CatItemMoldProperty\":null,\"CatItemProductFamily\":null,\"CatItemMoldCavity\":null,\"CatItemPackageMeasurement\":null,\"CatItemStatus\":null,\"CatItemSize\":null,\"CatItemUnitBusiness\":null},\"category\":null,\"stock\":\"10.0000\",\"internal_id\":\"00498\",\"description\":\"CAJA ULTRAFORTE 30LT. REY PLAST\",\"currency_type_id\":\"PEN\",\"currency_type_symbol\":\"S\\/\",\"has_igv\":true,\"sale_unit_price\":\"45.0000\",\"purchase_has_igv\":false,\"purchase_unit_value\":0,\"purchase_unit_price\":0,\"unit_type_id\":\"NIU\",\"original_unit_type_id\":\"NIU\",\"sale_affectation_igv_type\":{\"id\":\"20\",\"active\":1,\"exportation\":0,\"free\":0,\"description\":\"Exonerado - Operaci\\u00f3n Onerosa\"},\"sale_affectation_igv_type_id\":\"20\",\"purchase_affectation_igv_type_id\":\"10\",\"calculate_quantity\":false,\"has_plastic_bag_taxes\":false,\"amount_plastic_bag_taxes\":\"0.10\",\"colors\":[],\"CatItemUnitsPerPackage\":[],\"CatItemMoldProperty\":[],\"CatItemProductFamily\":[],\"CatItemMoldCavity\":[],\"CatItemPackageMeasurement\":[],\"CatItemStatus\":[],\"CatItemSize\":[],\"CatItemUnitBusiness\":[],\"item_unit_types\":[],\"warehouses\":[{\"warehouse_description\":\"Almac\\u00e9n Oficina Principal\",\"stock\":\"10.0000\",\"warehouse_id\":1,\"checked\":true}],\"attributes\":[],\"lots_group\":[],\"lots\":[],\"lots_enabled\":false,\"series_enabled\":false,\"is_set\":false,\"lot_code\":null,\"date_of_due\":null,\"barcode\":\"000000000498\",\"change_free_affectation_igv\":false,\"original_affectation_igv_type_id\":\"20\",\"has_isc\":false,\"system_isc_type_id\":null,\"percentage_isc\":\"0.00\",\"is_for_production\":false,\"subject_to_detraction\":false,\"exchange_points\":false,\"quantity_of_points\":0,\"exchanged_for_points\":false,\"used_points_for_exchange\":null,\"factory_code\":null,\"name_product_pdf\":null,\"unit_price\":\"45.0000\",\"extra_attr_name\":\"Tiempo de entrega\",\"extra_attr_value\":null,\"presentation\":[]}',1.0000,45.000000,'20',45.00,18.00,0.00,NULL,0.00,0.00,0.00,0.00,0.00,0.00,0.00,'01',45.000000,45.00,0.00,0.00,45.00,'[]','[]','[]',NULL,NULL,NULL),(21,3,341,'{\"id\":341,\"item_code\":null,\"full_description\":\"00341 - CAJA ULTRAFORTE 46L. REY -\",\"model\":null,\"brand\":null,\"text_filter\":\"CAJA ULTRAFORTE 46L. REY 00341\",\"stock_by_extra\":{\"total\":-2,\"CatItemStatus\":{\"detailed\":[],\"total\":null},\"CatItemUnitBusiness\":{\"detailed\":[],\"total\":null},\"CatItemMoldCavity\":{\"detailed\":[],\"total\":null},\"CatItemPackageMeasurement\":{\"detailed\":[],\"total\":null},\"CatItemUnitsPerPackage\":{\"detailed\":[],\"total\":null},\"CatItemMoldProperty\":{\"detailed\":[],\"total\":null},\"CatItemProductFamily\":{\"detailed\":[],\"total\":null},\"colors\":{\"detailed\":[],\"total\":null},\"CatItemSize\":{\"detailed\":[],\"total\":null}},\"warehouse_description\":\"Almac\\u00e9n Oficina Principal\",\"extra\":{\"colors\":null,\"CatItemUnitsPerPackage\":null,\"CatItemMoldProperty\":null,\"CatItemProductFamily\":null,\"CatItemMoldCavity\":null,\"CatItemPackageMeasurement\":null,\"CatItemStatus\":null,\"CatItemSize\":null,\"CatItemUnitBusiness\":null},\"category\":null,\"stock\":\"-2.0000\",\"internal_id\":\"00341\",\"description\":\"CAJA ULTRAFORTE 46L. REY\",\"currency_type_id\":\"PEN\",\"currency_type_symbol\":\"S\\/\",\"has_igv\":true,\"sale_unit_price\":\"55.0000\",\"purchase_has_igv\":true,\"purchase_unit_value\":0,\"purchase_unit_price\":0,\"unit_type_id\":\"NIU\",\"original_unit_type_id\":\"NIU\",\"sale_affectation_igv_type\":{\"id\":\"20\",\"active\":1,\"exportation\":0,\"free\":0,\"description\":\"Exonerado - Operaci\\u00f3n Onerosa\"},\"sale_affectation_igv_type_id\":\"20\",\"purchase_affectation_igv_type_id\":\"20\",\"calculate_quantity\":false,\"has_plastic_bag_taxes\":false,\"amount_plastic_bag_taxes\":\"0.10\",\"colors\":[],\"CatItemUnitsPerPackage\":[],\"CatItemMoldProperty\":[],\"CatItemProductFamily\":[],\"CatItemMoldCavity\":[],\"CatItemPackageMeasurement\":[],\"CatItemStatus\":[],\"CatItemSize\":[],\"CatItemUnitBusiness\":[],\"item_unit_types\":[],\"warehouses\":[{\"warehouse_description\":\"Almac\\u00e9n Oficina Principal\",\"stock\":\"-2.0000\",\"warehouse_id\":1,\"checked\":true},{\"warehouse_description\":\"Almac\\u00e9n - SUCURSAL\",\"stock\":\"4000.0000\",\"warehouse_id\":2,\"checked\":false}],\"attributes\":[],\"lots_group\":[],\"lots\":[],\"lots_enabled\":false,\"series_enabled\":false,\"is_set\":false,\"lot_code\":null,\"date_of_due\":null,\"barcode\":null,\"change_free_affectation_igv\":false,\"original_affectation_igv_type_id\":\"20\",\"has_isc\":false,\"system_isc_type_id\":null,\"percentage_isc\":\"0.00\",\"is_for_production\":false,\"subject_to_detraction\":false,\"exchange_points\":false,\"quantity_of_points\":0,\"exchanged_for_points\":false,\"used_points_for_exchange\":null,\"factory_code\":null,\"name_product_pdf\":null,\"unit_price\":\"55.0000\",\"extra_attr_name\":\"Tiempo de entrega\",\"extra_attr_value\":null,\"presentation\":[]}',1.0000,55.000000,'20',55.00,18.00,0.00,NULL,0.00,0.00,0.00,0.00,0.00,0.00,0.00,'01',55.000000,55.00,0.00,0.00,55.00,'[]','[]','[]',NULL,NULL,NULL),(22,3,500,'{\"id\":500,\"item_code\":null,\"full_description\":\"00500 - OLLA DE ACERO BRIKENIA #26 -\",\"model\":null,\"brand\":null,\"text_filter\":\"OLLA DE ACERO BRIKENIA #26 000000000500 00500\",\"stock_by_extra\":{\"total\":null,\"CatItemStatus\":{\"detailed\":[],\"total\":null},\"CatItemUnitBusiness\":{\"detailed\":[],\"total\":null},\"CatItemMoldCavity\":{\"detailed\":[],\"total\":null},\"CatItemPackageMeasurement\":{\"detailed\":[],\"total\":null},\"CatItemUnitsPerPackage\":{\"detailed\":[],\"total\":null},\"CatItemMoldProperty\":{\"detailed\":[],\"total\":null},\"CatItemProductFamily\":{\"detailed\":[],\"total\":null},\"colors\":{\"detailed\":[],\"total\":null},\"CatItemSize\":{\"detailed\":[],\"total\":null}},\"warehouse_description\":\"Almac\\u00e9n Oficina Principal\",\"extra\":{\"colors\":null,\"CatItemUnitsPerPackage\":null,\"CatItemMoldProperty\":null,\"CatItemProductFamily\":null,\"CatItemMoldCavity\":null,\"CatItemPackageMeasurement\":null,\"CatItemStatus\":null,\"CatItemSize\":null,\"CatItemUnitBusiness\":null},\"category\":null,\"stock\":\"10.0000\",\"internal_id\":\"00500\",\"description\":\"OLLA DE ACERO BRIKENIA #26\",\"currency_type_id\":\"PEN\",\"currency_type_symbol\":\"S\\/\",\"has_igv\":true,\"sale_unit_price\":\"95.0000\",\"purchase_has_igv\":false,\"purchase_unit_value\":0,\"purchase_unit_price\":0,\"unit_type_id\":\"NIU\",\"original_unit_type_id\":\"NIU\",\"sale_affectation_igv_type\":{\"id\":\"20\",\"active\":1,\"exportation\":0,\"free\":0,\"description\":\"Exonerado - Operaci\\u00f3n Onerosa\"},\"sale_affectation_igv_type_id\":\"20\",\"purchase_affectation_igv_type_id\":\"10\",\"calculate_quantity\":false,\"has_plastic_bag_taxes\":false,\"amount_plastic_bag_taxes\":\"0.10\",\"colors\":[],\"CatItemUnitsPerPackage\":[],\"CatItemMoldProperty\":[],\"CatItemProductFamily\":[],\"CatItemMoldCavity\":[],\"CatItemPackageMeasurement\":[],\"CatItemStatus\":[],\"CatItemSize\":[],\"CatItemUnitBusiness\":[],\"item_unit_types\":[],\"warehouses\":[{\"warehouse_description\":\"Almac\\u00e9n Oficina Principal\",\"stock\":\"10.0000\",\"warehouse_id\":1,\"checked\":true}],\"attributes\":[],\"lots_group\":[],\"lots\":[],\"lots_enabled\":false,\"series_enabled\":false,\"is_set\":false,\"lot_code\":null,\"date_of_due\":null,\"barcode\":\"000000000500\",\"change_free_affectation_igv\":false,\"original_affectation_igv_type_id\":\"20\",\"has_isc\":false,\"system_isc_type_id\":null,\"percentage_isc\":\"0.00\",\"is_for_production\":false,\"subject_to_detraction\":false,\"exchange_points\":false,\"quantity_of_points\":0,\"exchanged_for_points\":false,\"used_points_for_exchange\":null,\"factory_code\":null,\"name_product_pdf\":null,\"unit_price\":\"95.0000\",\"extra_attr_name\":\"Tiempo de entrega\",\"extra_attr_value\":null,\"presentation\":[]}',1.0000,95.000000,'20',95.00,18.00,0.00,NULL,0.00,0.00,0.00,0.00,0.00,0.00,0.00,'01',95.000000,95.00,0.00,0.00,95.00,'[]','[]','[]',NULL,NULL,NULL),(23,3,324,'{\"id\":324,\"item_code\":null,\"full_description\":\"00324 - OLLA DE ACERO INOXIDABLE 19L. -\",\"model\":null,\"brand\":null,\"text_filter\":\"OLLA DE ACERO INOXIDABLE 19L. 00324 00324\",\"stock_by_extra\":{\"total\":null,\"CatItemStatus\":{\"detailed\":[],\"total\":null},\"CatItemUnitBusiness\":{\"detailed\":[],\"total\":null},\"CatItemMoldCavity\":{\"detailed\":[],\"total\":null},\"CatItemPackageMeasurement\":{\"detailed\":[],\"total\":null},\"CatItemUnitsPerPackage\":{\"detailed\":[],\"total\":null},\"CatItemMoldProperty\":{\"detailed\":[],\"total\":null},\"CatItemProductFamily\":{\"detailed\":[],\"total\":null},\"colors\":{\"detailed\":[],\"total\":null},\"CatItemSize\":{\"detailed\":[],\"total\":null}},\"warehouse_description\":\"Almac\\u00e9n Oficina Principal\",\"extra\":{\"colors\":null,\"CatItemUnitsPerPackage\":null,\"CatItemMoldProperty\":null,\"CatItemProductFamily\":null,\"CatItemMoldCavity\":null,\"CatItemPackageMeasurement\":null,\"CatItemStatus\":null,\"CatItemSize\":null,\"CatItemUnitBusiness\":null},\"category\":null,\"stock\":\"-2.0000\",\"internal_id\":\"00324\",\"description\":\"OLLA DE ACERO INOXIDABLE 19L.\",\"currency_type_id\":\"PEN\",\"currency_type_symbol\":\"S\\/\",\"has_igv\":true,\"sale_unit_price\":\"180.0000\",\"purchase_has_igv\":true,\"purchase_unit_value\":0,\"purchase_unit_price\":0,\"unit_type_id\":\"NIU\",\"original_unit_type_id\":\"NIU\",\"sale_affectation_igv_type\":{\"id\":\"20\",\"active\":1,\"exportation\":0,\"free\":0,\"description\":\"Exonerado - Operaci\\u00f3n Onerosa\"},\"sale_affectation_igv_type_id\":\"20\",\"purchase_affectation_igv_type_id\":\"20\",\"calculate_quantity\":false,\"has_plastic_bag_taxes\":false,\"amount_plastic_bag_taxes\":\"0.10\",\"colors\":[],\"CatItemUnitsPerPackage\":[],\"CatItemMoldProperty\":[],\"CatItemProductFamily\":[],\"CatItemMoldCavity\":[],\"CatItemPackageMeasurement\":[],\"CatItemStatus\":[],\"CatItemSize\":[],\"CatItemUnitBusiness\":[],\"item_unit_types\":[],\"warehouses\":[{\"warehouse_description\":\"Almac\\u00e9n Oficina Principal\",\"stock\":\"-2.0000\",\"warehouse_id\":1,\"checked\":true},{\"warehouse_description\":\"Almac\\u00e9n - SUCURSAL\",\"stock\":\"4000.0000\",\"warehouse_id\":2,\"checked\":false}],\"attributes\":[],\"lots_group\":[],\"lots\":[],\"lots_enabled\":false,\"series_enabled\":false,\"is_set\":false,\"lot_code\":null,\"date_of_due\":null,\"barcode\":\"00324\",\"change_free_affectation_igv\":false,\"original_affectation_igv_type_id\":\"20\",\"has_isc\":false,\"system_isc_type_id\":null,\"percentage_isc\":\"0.00\",\"is_for_production\":false,\"subject_to_detraction\":false,\"exchange_points\":false,\"quantity_of_points\":0,\"exchanged_for_points\":false,\"used_points_for_exchange\":null,\"factory_code\":null,\"name_product_pdf\":null,\"unit_price\":\"180.0000\",\"extra_attr_name\":\"Tiempo de entrega\",\"extra_attr_value\":null,\"presentation\":[]}',1.0000,180.000000,'20',180.00,18.00,0.00,NULL,0.00,0.00,0.00,0.00,0.00,0.00,0.00,'01',180.000000,180.00,0.00,0.00,180.00,'[]','[]','[]',NULL,NULL,NULL),(24,3,82,'{\"id\":82,\"item_code\":null,\"full_description\":\"00082 - OLLA DE ACERO INOXIDABLE DE 20 LT -\",\"model\":null,\"brand\":null,\"text_filter\":\"OLLA DE ACERO INOXIDABLE DE 20 LT 00082\",\"stock_by_extra\":{\"total\":-4,\"CatItemStatus\":{\"detailed\":[],\"total\":null},\"CatItemUnitBusiness\":{\"detailed\":[],\"total\":null},\"CatItemMoldCavity\":{\"detailed\":[],\"total\":null},\"CatItemPackageMeasurement\":{\"detailed\":[],\"total\":null},\"CatItemUnitsPerPackage\":{\"detailed\":[],\"total\":null},\"CatItemMoldProperty\":{\"detailed\":[],\"total\":null},\"CatItemProductFamily\":{\"detailed\":[],\"total\":null},\"colors\":{\"detailed\":[],\"total\":null},\"CatItemSize\":{\"detailed\":[],\"total\":null}},\"warehouse_description\":\"Almac\\u00e9n Oficina Principal\",\"extra\":{\"colors\":null,\"CatItemUnitsPerPackage\":null,\"CatItemMoldProperty\":null,\"CatItemProductFamily\":null,\"CatItemMoldCavity\":null,\"CatItemPackageMeasurement\":null,\"CatItemStatus\":null,\"CatItemSize\":null,\"CatItemUnitBusiness\":null},\"category\":null,\"stock\":\"8.0000\",\"internal_id\":\"00082\",\"description\":\"OLLA DE ACERO INOXIDABLE DE 20 LT\",\"currency_type_id\":\"PEN\",\"currency_type_symbol\":\"S\\/\",\"has_igv\":true,\"sale_unit_price\":\"350.0000\",\"purchase_has_igv\":false,\"purchase_unit_value\":0,\"purchase_unit_price\":0,\"unit_type_id\":\"NIU\",\"original_unit_type_id\":\"NIU\",\"sale_affectation_igv_type\":{\"id\":\"20\",\"active\":1,\"exportation\":0,\"free\":0,\"description\":\"Exonerado - Operaci\\u00f3n Onerosa\"},\"sale_affectation_igv_type_id\":\"20\",\"purchase_affectation_igv_type_id\":\"20\",\"calculate_quantity\":false,\"has_plastic_bag_taxes\":false,\"amount_plastic_bag_taxes\":\"0.10\",\"colors\":[],\"CatItemUnitsPerPackage\":[],\"CatItemMoldProperty\":[],\"CatItemProductFamily\":[],\"CatItemMoldCavity\":[],\"CatItemPackageMeasurement\":[],\"CatItemStatus\":[],\"CatItemSize\":[],\"CatItemUnitBusiness\":[],\"item_unit_types\":[],\"warehouses\":[{\"warehouse_description\":\"Almac\\u00e9n Oficina Principal\",\"stock\":\"8.0000\",\"warehouse_id\":1,\"checked\":true},{\"warehouse_description\":\"Almac\\u00e9n - SUCURSAL\",\"stock\":\"4000.0000\",\"warehouse_id\":2,\"checked\":false}],\"attributes\":[],\"lots_group\":[],\"lots\":[],\"lots_enabled\":false,\"series_enabled\":false,\"is_set\":false,\"lot_code\":null,\"date_of_due\":null,\"barcode\":null,\"change_free_affectation_igv\":false,\"original_affectation_igv_type_id\":\"20\",\"has_isc\":false,\"system_isc_type_id\":null,\"percentage_isc\":\"0.00\",\"is_for_production\":false,\"subject_to_detraction\":false,\"exchange_points\":false,\"quantity_of_points\":0,\"exchanged_for_points\":false,\"used_points_for_exchange\":null,\"factory_code\":null,\"name_product_pdf\":null,\"unit_price\":\"350.0000\",\"extra_attr_name\":\"Tiempo de entrega\",\"extra_attr_value\":null,\"presentation\":[]}',1.0000,350.000000,'20',350.00,18.00,0.00,NULL,0.00,0.00,0.00,0.00,0.00,0.00,0.00,'01',350.000000,350.00,0.00,0.00,350.00,'[]','[]','[]',NULL,NULL,NULL),(25,3,81,'{\"id\":81,\"item_code\":null,\"full_description\":\"00081 - OLLA DE ACERO INOXIDABLE DE 40 LT -\",\"model\":null,\"brand\":null,\"text_filter\":\"OLLA DE ACERO INOXIDABLE DE 40 LT 00081\",\"stock_by_extra\":{\"total\":-2,\"CatItemStatus\":{\"detailed\":[],\"total\":null},\"CatItemUnitBusiness\":{\"detailed\":[],\"total\":null},\"CatItemMoldCavity\":{\"detailed\":[],\"total\":null},\"CatItemPackageMeasurement\":{\"detailed\":[],\"total\":null},\"CatItemUnitsPerPackage\":{\"detailed\":[],\"total\":null},\"CatItemMoldProperty\":{\"detailed\":[],\"total\":null},\"CatItemProductFamily\":{\"detailed\":[],\"total\":null},\"colors\":{\"detailed\":[],\"total\":null},\"CatItemSize\":{\"detailed\":[],\"total\":null}},\"warehouse_description\":\"Almac\\u00e9n Oficina Principal\",\"extra\":{\"colors\":null,\"CatItemUnitsPerPackage\":null,\"CatItemMoldProperty\":null,\"CatItemProductFamily\":null,\"CatItemMoldCavity\":null,\"CatItemPackageMeasurement\":null,\"CatItemStatus\":null,\"CatItemSize\":null,\"CatItemUnitBusiness\":null},\"category\":null,\"stock\":\"4.0000\",\"internal_id\":\"00081\",\"description\":\"OLLA DE ACERO INOXIDABLE DE 40 LT\",\"currency_type_id\":\"PEN\",\"currency_type_symbol\":\"S\\/\",\"has_igv\":true,\"sale_unit_price\":\"650.0000\",\"purchase_has_igv\":false,\"purchase_unit_value\":0,\"purchase_unit_price\":0,\"unit_type_id\":\"NIU\",\"original_unit_type_id\":\"NIU\",\"sale_affectation_igv_type\":{\"id\":\"20\",\"active\":1,\"exportation\":0,\"free\":0,\"description\":\"Exonerado - Operaci\\u00f3n Onerosa\"},\"sale_affectation_igv_type_id\":\"20\",\"purchase_affectation_igv_type_id\":\"20\",\"calculate_quantity\":false,\"has_plastic_bag_taxes\":false,\"amount_plastic_bag_taxes\":\"0.10\",\"colors\":[],\"CatItemUnitsPerPackage\":[],\"CatItemMoldProperty\":[],\"CatItemProductFamily\":[],\"CatItemMoldCavity\":[],\"CatItemPackageMeasurement\":[],\"CatItemStatus\":[],\"CatItemSize\":[],\"CatItemUnitBusiness\":[],\"item_unit_types\":[],\"warehouses\":[{\"warehouse_description\":\"Almac\\u00e9n Oficina Principal\",\"stock\":\"4.0000\",\"warehouse_id\":1,\"checked\":true},{\"warehouse_description\":\"Almac\\u00e9n - SUCURSAL\",\"stock\":\"4000.0000\",\"warehouse_id\":2,\"checked\":false}],\"attributes\":[],\"lots_group\":[],\"lots\":[],\"lots_enabled\":false,\"series_enabled\":false,\"is_set\":false,\"lot_code\":null,\"date_of_due\":null,\"barcode\":null,\"change_free_affectation_igv\":false,\"original_affectation_igv_type_id\":\"20\",\"has_isc\":false,\"system_isc_type_id\":null,\"percentage_isc\":\"0.00\",\"is_for_production\":false,\"subject_to_detraction\":false,\"exchange_points\":false,\"quantity_of_points\":0,\"exchanged_for_points\":false,\"used_points_for_exchange\":null,\"factory_code\":null,\"name_product_pdf\":null,\"unit_price\":\"650.0000\",\"extra_attr_name\":\"Tiempo de entrega\",\"extra_attr_value\":null,\"presentation\":[]}',1.0000,650.000000,'20',650.00,18.00,0.00,NULL,0.00,0.00,0.00,0.00,0.00,0.00,0.00,'01',650.000000,650.00,0.00,0.00,650.00,'[]','[]','[]',NULL,NULL,NULL),(26,3,62,'{\"id\":62,\"item_code\":null,\"full_description\":\"00062 - PORTAVAJILLA GIGANTE C\\/TAPA REY -\",\"model\":null,\"brand\":null,\"text_filter\":\"PORTAVAJILLA GIGANTE C\\/TAPA REY 00062\",\"stock_by_extra\":{\"total\":-4,\"CatItemStatus\":{\"detailed\":[],\"total\":null},\"CatItemUnitBusiness\":{\"detailed\":[],\"total\":null},\"CatItemMoldCavity\":{\"detailed\":[],\"total\":null},\"CatItemPackageMeasurement\":{\"detailed\":[],\"total\":null},\"CatItemUnitsPerPackage\":{\"detailed\":[],\"total\":null},\"CatItemMoldProperty\":{\"detailed\":[],\"total\":null},\"CatItemProductFamily\":{\"detailed\":[],\"total\":null},\"colors\":{\"detailed\":[],\"total\":null},\"CatItemSize\":{\"detailed\":[],\"total\":null}},\"warehouse_description\":\"Almac\\u00e9n Oficina Principal\",\"extra\":{\"colors\":null,\"CatItemUnitsPerPackage\":null,\"CatItemMoldProperty\":null,\"CatItemProductFamily\":null,\"CatItemMoldCavity\":null,\"CatItemPackageMeasurement\":null,\"CatItemStatus\":null,\"CatItemSize\":null,\"CatItemUnitBusiness\":null},\"category\":null,\"stock\":\"-5.0000\",\"internal_id\":\"00062\",\"description\":\"PORTAVAJILLA GIGANTE C\\/TAPA REY\",\"currency_type_id\":\"PEN\",\"currency_type_symbol\":\"S\\/\",\"has_igv\":true,\"sale_unit_price\":\"55.0000\",\"purchase_has_igv\":false,\"purchase_unit_value\":0,\"purchase_unit_price\":0,\"unit_type_id\":\"NIU\",\"original_unit_type_id\":\"NIU\",\"sale_affectation_igv_type\":{\"id\":\"20\",\"active\":1,\"exportation\":0,\"free\":0,\"description\":\"Exonerado - Operaci\\u00f3n Onerosa\"},\"sale_affectation_igv_type_id\":\"20\",\"purchase_affectation_igv_type_id\":\"20\",\"calculate_quantity\":true,\"has_plastic_bag_taxes\":false,\"amount_plastic_bag_taxes\":\"0.10\",\"colors\":[],\"CatItemUnitsPerPackage\":[],\"CatItemMoldProperty\":[],\"CatItemProductFamily\":[],\"CatItemMoldCavity\":[],\"CatItemPackageMeasurement\":[],\"CatItemStatus\":[],\"CatItemSize\":[],\"CatItemUnitBusiness\":[],\"item_unit_types\":[],\"warehouses\":[{\"warehouse_description\":\"Almac\\u00e9n Oficina Principal\",\"stock\":\"-5.0000\",\"warehouse_id\":1,\"checked\":true},{\"warehouse_description\":\"Almac\\u00e9n - SUCURSAL\",\"stock\":\"4000.0000\",\"warehouse_id\":2,\"checked\":false}],\"attributes\":[],\"lots_group\":[],\"lots\":[],\"lots_enabled\":false,\"series_enabled\":false,\"is_set\":false,\"lot_code\":null,\"date_of_due\":null,\"barcode\":null,\"change_free_affectation_igv\":false,\"original_affectation_igv_type_id\":\"20\",\"has_isc\":false,\"system_isc_type_id\":null,\"percentage_isc\":\"0.00\",\"is_for_production\":false,\"subject_to_detraction\":false,\"exchange_points\":false,\"quantity_of_points\":0,\"exchanged_for_points\":false,\"used_points_for_exchange\":null,\"factory_code\":null,\"name_product_pdf\":null,\"unit_price\":\"55.0000\",\"extra_attr_name\":\"Tiempo de entrega\",\"extra_attr_value\":null,\"presentation\":[]}',1.0000,55.000000,'20',55.00,18.00,0.00,NULL,0.00,0.00,0.00,0.00,0.00,0.00,0.00,'01',55.000000,55.00,0.00,0.00,55.00,'[]','[]','[]',NULL,NULL,NULL),(27,3,114,'{\"id\":114,\"item_code\":null,\"full_description\":\"114 - PORTAVAJILLA MAGINZA -\",\"model\":null,\"brand\":null,\"text_filter\":\"PORTAVAJILLA MAGINZA 114\",\"stock_by_extra\":{\"total\":-1,\"CatItemStatus\":{\"detailed\":[],\"total\":null},\"CatItemUnitBusiness\":{\"detailed\":[],\"total\":null},\"CatItemMoldCavity\":{\"detailed\":[],\"total\":null},\"CatItemPackageMeasurement\":{\"detailed\":[],\"total\":null},\"CatItemUnitsPerPackage\":{\"detailed\":[],\"total\":null},\"CatItemMoldProperty\":{\"detailed\":[],\"total\":null},\"CatItemProductFamily\":{\"detailed\":[],\"total\":null},\"colors\":{\"detailed\":[],\"total\":null},\"CatItemSize\":{\"detailed\":[],\"total\":null}},\"warehouse_description\":\"Almac\\u00e9n Oficina Principal\",\"extra\":{\"colors\":null,\"CatItemUnitsPerPackage\":null,\"CatItemMoldProperty\":null,\"CatItemProductFamily\":null,\"CatItemMoldCavity\":null,\"CatItemPackageMeasurement\":null,\"CatItemStatus\":null,\"CatItemSize\":null,\"CatItemUnitBusiness\":null},\"category\":null,\"stock\":\"19.0000\",\"internal_id\":\"114\",\"description\":\"PORTAVAJILLA MAGINZA\",\"currency_type_id\":\"PEN\",\"currency_type_symbol\":\"S\\/\",\"has_igv\":true,\"sale_unit_price\":\"45.0000\",\"purchase_has_igv\":false,\"purchase_unit_value\":0,\"purchase_unit_price\":0,\"unit_type_id\":\"NIU\",\"original_unit_type_id\":\"NIU\",\"sale_affectation_igv_type\":{\"id\":\"20\",\"active\":1,\"exportation\":0,\"free\":0,\"description\":\"Exonerado - Operaci\\u00f3n Onerosa\"},\"sale_affectation_igv_type_id\":\"20\",\"purchase_affectation_igv_type_id\":\"20\",\"calculate_quantity\":false,\"has_plastic_bag_taxes\":false,\"amount_plastic_bag_taxes\":\"0.10\",\"colors\":[],\"CatItemUnitsPerPackage\":[],\"CatItemMoldProperty\":[],\"CatItemProductFamily\":[],\"CatItemMoldCavity\":[],\"CatItemPackageMeasurement\":[],\"CatItemStatus\":[],\"CatItemSize\":[],\"CatItemUnitBusiness\":[],\"item_unit_types\":[],\"warehouses\":[{\"warehouse_description\":\"Almac\\u00e9n Oficina Principal\",\"stock\":\"19.0000\",\"warehouse_id\":1,\"checked\":true},{\"warehouse_description\":\"Almac\\u00e9n - SUCURSAL\",\"stock\":\"4000.0000\",\"warehouse_id\":2,\"checked\":false}],\"attributes\":[],\"lots_group\":[],\"lots\":[],\"lots_enabled\":false,\"series_enabled\":false,\"is_set\":false,\"lot_code\":null,\"date_of_due\":null,\"barcode\":null,\"change_free_affectation_igv\":false,\"original_affectation_igv_type_id\":\"20\",\"has_isc\":false,\"system_isc_type_id\":null,\"percentage_isc\":\"0.00\",\"is_for_production\":false,\"subject_to_detraction\":false,\"exchange_points\":false,\"quantity_of_points\":0,\"exchanged_for_points\":false,\"used_points_for_exchange\":null,\"factory_code\":null,\"name_product_pdf\":null,\"unit_price\":\"45.0000\",\"extra_attr_name\":\"Tiempo de entrega\",\"extra_attr_value\":null,\"presentation\":[]}',1.0000,45.000000,'20',45.00,18.00,0.00,NULL,0.00,0.00,0.00,0.00,0.00,0.00,0.00,'01',45.000000,45.00,0.00,0.00,45.00,'[]','[]','[]',NULL,NULL,NULL),(28,3,211,'{\"id\":211,\"item_code\":null,\"full_description\":\"00211 - PORTAVAJILLA PREMIUM POLINPLAST -\",\"model\":null,\"brand\":null,\"text_filter\":\"PORTAVAJILLA PREMIUM POLINPLAST 00211\",\"stock_by_extra\":{\"total\":null,\"CatItemStatus\":{\"detailed\":[],\"total\":null},\"CatItemUnitBusiness\":{\"detailed\":[],\"total\":null},\"CatItemMoldCavity\":{\"detailed\":[],\"total\":null},\"CatItemPackageMeasurement\":{\"detailed\":[],\"total\":null},\"CatItemUnitsPerPackage\":{\"detailed\":[],\"total\":null},\"CatItemMoldProperty\":{\"detailed\":[],\"total\":null},\"CatItemProductFamily\":{\"detailed\":[],\"total\":null},\"colors\":{\"detailed\":[],\"total\":null},\"CatItemSize\":{\"detailed\":[],\"total\":null}},\"warehouse_description\":\"Almac\\u00e9n Oficina Principal\",\"extra\":{\"colors\":null,\"CatItemUnitsPerPackage\":null,\"CatItemMoldProperty\":null,\"CatItemProductFamily\":null,\"CatItemMoldCavity\":null,\"CatItemPackageMeasurement\":null,\"CatItemStatus\":null,\"CatItemSize\":null,\"CatItemUnitBusiness\":null},\"category\":null,\"stock\":\"0.0000\",\"internal_id\":\"00211\",\"description\":\"PORTAVAJILLA PREMIUM POLINPLAST\",\"currency_type_id\":\"PEN\",\"currency_type_symbol\":\"S\\/\",\"has_igv\":true,\"sale_unit_price\":\"65.0000\",\"purchase_has_igv\":true,\"purchase_unit_value\":0,\"purchase_unit_price\":0,\"unit_type_id\":\"NIU\",\"original_unit_type_id\":\"NIU\",\"sale_affectation_igv_type\":{\"id\":\"20\",\"active\":1,\"exportation\":0,\"free\":0,\"description\":\"Exonerado - Operaci\\u00f3n Onerosa\"},\"sale_affectation_igv_type_id\":\"20\",\"purchase_affectation_igv_type_id\":\"20\",\"calculate_quantity\":true,\"has_plastic_bag_taxes\":false,\"amount_plastic_bag_taxes\":\"0.10\",\"colors\":[],\"CatItemUnitsPerPackage\":[],\"CatItemMoldProperty\":[],\"CatItemProductFamily\":[],\"CatItemMoldCavity\":[],\"CatItemPackageMeasurement\":[],\"CatItemStatus\":[],\"CatItemSize\":[],\"CatItemUnitBusiness\":[],\"item_unit_types\":[],\"warehouses\":[{\"warehouse_description\":\"Almac\\u00e9n Oficina Principal\",\"stock\":\"0.0000\",\"warehouse_id\":1,\"checked\":true},{\"warehouse_description\":\"Almac\\u00e9n - SUCURSAL\",\"stock\":\"4000.0000\",\"warehouse_id\":2,\"checked\":false}],\"attributes\":[],\"lots_group\":[],\"lots\":[],\"lots_enabled\":false,\"series_enabled\":false,\"is_set\":false,\"lot_code\":null,\"date_of_due\":null,\"barcode\":null,\"change_free_affectation_igv\":false,\"original_affectation_igv_type_id\":\"20\",\"has_isc\":false,\"system_isc_type_id\":null,\"percentage_isc\":\"0.00\",\"is_for_production\":false,\"subject_to_detraction\":false,\"exchange_points\":false,\"quantity_of_points\":0,\"exchanged_for_points\":false,\"used_points_for_exchange\":null,\"factory_code\":null,\"name_product_pdf\":null,\"unit_price\":\"65.0000\",\"extra_attr_name\":\"Tiempo de entrega\",\"extra_attr_value\":null,\"presentation\":[]}',1.0000,65.000000,'20',65.00,18.00,0.00,NULL,0.00,0.00,0.00,0.00,0.00,0.00,0.00,'01',65.000000,65.00,0.00,0.00,65.00,'[]','[]','[]',NULL,NULL,NULL),(29,3,504,'{\"id\":504,\"item_code\":null,\"full_description\":\"00504 - .COLADOR DE ACERO #18 -\",\"model\":null,\"brand\":null,\"text_filter\":\".COLADOR DE ACERO #18 000000000504 00504\",\"stock_by_extra\":{\"total\":null,\"CatItemStatus\":{\"detailed\":[],\"total\":null},\"CatItemUnitBusiness\":{\"detailed\":[],\"total\":null},\"CatItemMoldCavity\":{\"detailed\":[],\"total\":null},\"CatItemPackageMeasurement\":{\"detailed\":[],\"total\":null},\"CatItemUnitsPerPackage\":{\"detailed\":[],\"total\":null},\"CatItemMoldProperty\":{\"detailed\":[],\"total\":null},\"CatItemProductFamily\":{\"detailed\":[],\"total\":null},\"colors\":{\"detailed\":[],\"total\":null},\"CatItemSize\":{\"detailed\":[],\"total\":null}},\"warehouse_description\":\"Almac\\u00e9n Oficina Principal\",\"extra\":{\"colors\":null,\"CatItemUnitsPerPackage\":null,\"CatItemMoldProperty\":null,\"CatItemProductFamily\":null,\"CatItemMoldCavity\":null,\"CatItemPackageMeasurement\":null,\"CatItemStatus\":null,\"CatItemSize\":null,\"CatItemUnitBusiness\":null},\"category\":null,\"stock\":\"10.0000\",\"internal_id\":\"00504\",\"description\":\".COLADOR DE ACERO #18\",\"currency_type_id\":\"PEN\",\"currency_type_symbol\":\"S\\/\",\"has_igv\":true,\"sale_unit_price\":\"25.0000\",\"purchase_has_igv\":false,\"purchase_unit_value\":0,\"purchase_unit_price\":0,\"unit_type_id\":\"NIU\",\"original_unit_type_id\":\"NIU\",\"sale_affectation_igv_type\":{\"id\":\"20\",\"active\":1,\"exportation\":0,\"free\":0,\"description\":\"Exonerado - Operaci\\u00f3n Onerosa\"},\"sale_affectation_igv_type_id\":\"20\",\"purchase_affectation_igv_type_id\":\"10\",\"calculate_quantity\":false,\"has_plastic_bag_taxes\":false,\"amount_plastic_bag_taxes\":\"0.10\",\"colors\":[],\"CatItemUnitsPerPackage\":[],\"CatItemMoldProperty\":[],\"CatItemProductFamily\":[],\"CatItemMoldCavity\":[],\"CatItemPackageMeasurement\":[],\"CatItemStatus\":[],\"CatItemSize\":[],\"CatItemUnitBusiness\":[],\"item_unit_types\":[],\"warehouses\":[{\"warehouse_description\":\"Almac\\u00e9n Oficina Principal\",\"stock\":\"10.0000\",\"warehouse_id\":1,\"checked\":true}],\"attributes\":[],\"lots_group\":[],\"lots\":[],\"lots_enabled\":false,\"series_enabled\":false,\"is_set\":false,\"lot_code\":null,\"date_of_due\":null,\"barcode\":\"000000000504\",\"change_free_affectation_igv\":false,\"original_affectation_igv_type_id\":\"20\",\"has_isc\":false,\"system_isc_type_id\":null,\"percentage_isc\":\"0.00\",\"is_for_production\":false,\"subject_to_detraction\":false,\"exchange_points\":false,\"quantity_of_points\":0,\"exchanged_for_points\":false,\"used_points_for_exchange\":null,\"factory_code\":null,\"name_product_pdf\":null,\"unit_price\":\"25.0000\",\"extra_attr_name\":\"Tiempo de entrega\",\"extra_attr_value\":null,\"presentation\":[]}',1.0000,25.000000,'20',25.00,18.00,0.00,NULL,0.00,0.00,0.00,0.00,0.00,0.00,0.00,'01',25.000000,25.00,0.00,0.00,25.00,'[]','[]','[]',NULL,NULL,NULL),(30,3,503,'{\"id\":503,\"item_code\":null,\"full_description\":\"00503 - COLADOR DE ACERO #16 -\",\"model\":null,\"brand\":null,\"text_filter\":\"COLADOR DE ACERO #16 000000000503 00503\",\"stock_by_extra\":{\"total\":null,\"CatItemStatus\":{\"detailed\":[],\"total\":null},\"CatItemUnitBusiness\":{\"detailed\":[],\"total\":null},\"CatItemMoldCavity\":{\"detailed\":[],\"total\":null},\"CatItemPackageMeasurement\":{\"detailed\":[],\"total\":null},\"CatItemUnitsPerPackage\":{\"detailed\":[],\"total\":null},\"CatItemMoldProperty\":{\"detailed\":[],\"total\":null},\"CatItemProductFamily\":{\"detailed\":[],\"total\":null},\"colors\":{\"detailed\":[],\"total\":null},\"CatItemSize\":{\"detailed\":[],\"total\":null}},\"warehouse_description\":\"Almac\\u00e9n Oficina Principal\",\"extra\":{\"colors\":null,\"CatItemUnitsPerPackage\":null,\"CatItemMoldProperty\":null,\"CatItemProductFamily\":null,\"CatItemMoldCavity\":null,\"CatItemPackageMeasurement\":null,\"CatItemStatus\":null,\"CatItemSize\":null,\"CatItemUnitBusiness\":null},\"category\":null,\"stock\":\"10.0000\",\"internal_id\":\"00503\",\"description\":\"COLADOR DE ACERO #16\",\"currency_type_id\":\"PEN\",\"currency_type_symbol\":\"S\\/\",\"has_igv\":true,\"sale_unit_price\":\"20.0000\",\"purchase_has_igv\":false,\"purchase_unit_value\":0,\"purchase_unit_price\":0,\"unit_type_id\":\"NIU\",\"original_unit_type_id\":\"NIU\",\"sale_affectation_igv_type\":{\"id\":\"20\",\"active\":1,\"exportation\":0,\"free\":0,\"description\":\"Exonerado - Operaci\\u00f3n Onerosa\"},\"sale_affectation_igv_type_id\":\"20\",\"purchase_affectation_igv_type_id\":\"10\",\"calculate_quantity\":false,\"has_plastic_bag_taxes\":false,\"amount_plastic_bag_taxes\":\"0.10\",\"colors\":[],\"CatItemUnitsPerPackage\":[],\"CatItemMoldProperty\":[],\"CatItemProductFamily\":[],\"CatItemMoldCavity\":[],\"CatItemPackageMeasurement\":[],\"CatItemStatus\":[],\"CatItemSize\":[],\"CatItemUnitBusiness\":[],\"item_unit_types\":[],\"warehouses\":[{\"warehouse_description\":\"Almac\\u00e9n Oficina Principal\",\"stock\":\"10.0000\",\"warehouse_id\":1,\"checked\":true}],\"attributes\":[],\"lots_group\":[],\"lots\":[],\"lots_enabled\":false,\"series_enabled\":false,\"is_set\":false,\"lot_code\":null,\"date_of_due\":null,\"barcode\":\"000000000503\",\"change_free_affectation_igv\":false,\"original_affectation_igv_type_id\":\"20\",\"has_isc\":false,\"system_isc_type_id\":null,\"percentage_isc\":\"0.00\",\"is_for_production\":false,\"subject_to_detraction\":false,\"exchange_points\":false,\"quantity_of_points\":0,\"exchanged_for_points\":false,\"used_points_for_exchange\":null,\"factory_code\":null,\"name_product_pdf\":null,\"unit_price\":\"20.0000\",\"extra_attr_name\":\"Tiempo de entrega\",\"extra_attr_value\":null,\"presentation\":[]}',1.0000,20.000000,'20',20.00,18.00,0.00,NULL,0.00,0.00,0.00,0.00,0.00,0.00,0.00,'01',20.000000,20.00,0.00,0.00,20.00,'[]','[]','[]',NULL,NULL,NULL),(31,3,505,'{\"id\":505,\"item_code\":null,\"full_description\":\"00505 - COLADOR DE ACERO #20 -\",\"model\":null,\"brand\":null,\"text_filter\":\"COLADOR DE ACERO #20 000000000505 00505\",\"stock_by_extra\":{\"total\":null,\"CatItemStatus\":{\"detailed\":[],\"total\":null},\"CatItemUnitBusiness\":{\"detailed\":[],\"total\":null},\"CatItemMoldCavity\":{\"detailed\":[],\"total\":null},\"CatItemPackageMeasurement\":{\"detailed\":[],\"total\":null},\"CatItemUnitsPerPackage\":{\"detailed\":[],\"total\":null},\"CatItemMoldProperty\":{\"detailed\":[],\"total\":null},\"CatItemProductFamily\":{\"detailed\":[],\"total\":null},\"colors\":{\"detailed\":[],\"total\":null},\"CatItemSize\":{\"detailed\":[],\"total\":null}},\"warehouse_description\":\"Almac\\u00e9n Oficina Principal\",\"extra\":{\"colors\":null,\"CatItemUnitsPerPackage\":null,\"CatItemMoldProperty\":null,\"CatItemProductFamily\":null,\"CatItemMoldCavity\":null,\"CatItemPackageMeasurement\":null,\"CatItemStatus\":null,\"CatItemSize\":null,\"CatItemUnitBusiness\":null},\"category\":null,\"stock\":\"10.0000\",\"internal_id\":\"00505\",\"description\":\"COLADOR DE ACERO #20\",\"currency_type_id\":\"PEN\",\"currency_type_symbol\":\"S\\/\",\"has_igv\":true,\"sale_unit_price\":\"30.0000\",\"purchase_has_igv\":false,\"purchase_unit_value\":0,\"purchase_unit_price\":0,\"unit_type_id\":\"NIU\",\"original_unit_type_id\":\"NIU\",\"sale_affectation_igv_type\":{\"id\":\"20\",\"active\":1,\"exportation\":0,\"free\":0,\"description\":\"Exonerado - Operaci\\u00f3n Onerosa\"},\"sale_affectation_igv_type_id\":\"20\",\"purchase_affectation_igv_type_id\":\"10\",\"calculate_quantity\":false,\"has_plastic_bag_taxes\":false,\"amount_plastic_bag_taxes\":\"0.10\",\"colors\":[],\"CatItemUnitsPerPackage\":[],\"CatItemMoldProperty\":[],\"CatItemProductFamily\":[],\"CatItemMoldCavity\":[],\"CatItemPackageMeasurement\":[],\"CatItemStatus\":[],\"CatItemSize\":[],\"CatItemUnitBusiness\":[],\"item_unit_types\":[],\"warehouses\":[{\"warehouse_description\":\"Almac\\u00e9n Oficina Principal\",\"stock\":\"10.0000\",\"warehouse_id\":1,\"checked\":true}],\"attributes\":[],\"lots_group\":[],\"lots\":[],\"lots_enabled\":false,\"series_enabled\":false,\"is_set\":false,\"lot_code\":null,\"date_of_due\":null,\"barcode\":\"000000000505\",\"change_free_affectation_igv\":false,\"original_affectation_igv_type_id\":\"20\",\"has_isc\":false,\"system_isc_type_id\":null,\"percentage_isc\":\"0.00\",\"is_for_production\":false,\"subject_to_detraction\":false,\"exchange_points\":false,\"quantity_of_points\":0,\"exchanged_for_points\":false,\"used_points_for_exchange\":null,\"factory_code\":null,\"name_product_pdf\":null,\"unit_price\":\"30.0000\",\"extra_attr_name\":\"Tiempo de entrega\",\"extra_attr_value\":null,\"presentation\":[]}',1.0000,30.000000,'20',30.00,18.00,0.00,NULL,0.00,0.00,0.00,0.00,0.00,0.00,0.00,'01',30.000000,30.00,0.00,0.00,30.00,'[]','[]','[]',NULL,NULL,NULL),(32,3,435,'{\"id\":435,\"item_code\":null,\"full_description\":\"00435 - JARRA MEDIDORA 0.5 LT -\",\"model\":null,\"brand\":null,\"text_filter\":\"JARRA MEDIDORA 0.5 LT 00435\",\"stock_by_extra\":{\"total\":null,\"CatItemStatus\":{\"detailed\":[],\"total\":null},\"CatItemUnitBusiness\":{\"detailed\":[],\"total\":null},\"CatItemMoldCavity\":{\"detailed\":[],\"total\":null},\"CatItemPackageMeasurement\":{\"detailed\":[],\"total\":null},\"CatItemUnitsPerPackage\":{\"detailed\":[],\"total\":null},\"CatItemMoldProperty\":{\"detailed\":[],\"total\":null},\"CatItemProductFamily\":{\"detailed\":[],\"total\":null},\"colors\":{\"detailed\":[],\"total\":null},\"CatItemSize\":{\"detailed\":[],\"total\":null}},\"warehouse_description\":\"Almac\\u00e9n Oficina Principal\",\"extra\":{\"colors\":null,\"CatItemUnitsPerPackage\":null,\"CatItemMoldProperty\":null,\"CatItemProductFamily\":null,\"CatItemMoldCavity\":null,\"CatItemPackageMeasurement\":null,\"CatItemStatus\":null,\"CatItemSize\":null,\"CatItemUnitBusiness\":null},\"category\":null,\"stock\":\"-2.0000\",\"internal_id\":\"00435\",\"description\":\"JARRA MEDIDORA 0.5 LT\",\"currency_type_id\":\"PEN\",\"currency_type_symbol\":\"S\\/\",\"has_igv\":true,\"sale_unit_price\":\"2.0000\",\"purchase_has_igv\":true,\"purchase_unit_value\":0,\"purchase_unit_price\":0,\"unit_type_id\":\"NIU\",\"original_unit_type_id\":\"NIU\",\"sale_affectation_igv_type\":{\"id\":\"20\",\"active\":1,\"exportation\":0,\"free\":0,\"description\":\"Exonerado - Operaci\\u00f3n Onerosa\"},\"sale_affectation_igv_type_id\":\"20\",\"purchase_affectation_igv_type_id\":\"20\",\"calculate_quantity\":false,\"has_plastic_bag_taxes\":false,\"amount_plastic_bag_taxes\":\"0.10\",\"colors\":[],\"CatItemUnitsPerPackage\":[],\"CatItemMoldProperty\":[],\"CatItemProductFamily\":[],\"CatItemMoldCavity\":[],\"CatItemPackageMeasurement\":[],\"CatItemStatus\":[],\"CatItemSize\":[],\"CatItemUnitBusiness\":[],\"item_unit_types\":[],\"warehouses\":[{\"warehouse_description\":\"Almac\\u00e9n Oficina Principal\",\"stock\":\"-2.0000\",\"warehouse_id\":1,\"checked\":true},{\"warehouse_description\":\"Almac\\u00e9n - SUCURSAL\",\"stock\":\"4000.0000\",\"warehouse_id\":2,\"checked\":false}],\"attributes\":[],\"lots_group\":[],\"lots\":[],\"lots_enabled\":false,\"series_enabled\":false,\"is_set\":false,\"lot_code\":null,\"date_of_due\":null,\"barcode\":null,\"change_free_affectation_igv\":false,\"original_affectation_igv_type_id\":\"20\",\"has_isc\":false,\"system_isc_type_id\":null,\"percentage_isc\":\"0.00\",\"is_for_production\":false,\"subject_to_detraction\":false,\"exchange_points\":false,\"quantity_of_points\":0,\"exchanged_for_points\":false,\"used_points_for_exchange\":null,\"factory_code\":null,\"name_product_pdf\":null,\"unit_price\":\"2.0000\",\"extra_attr_name\":\"Tiempo de entrega\",\"extra_attr_value\":null,\"presentation\":[]}',1.0000,2.000000,'20',2.00,18.00,0.00,NULL,0.00,0.00,0.00,0.00,0.00,0.00,0.00,'01',2.000000,2.00,0.00,0.00,2.00,'[]','[]','[]',NULL,NULL,NULL),(33,3,444,'{\"id\":444,\"item_code\":null,\"full_description\":\"00444 - JARRA MEDIDORA 1LT. -\",\"model\":null,\"brand\":null,\"text_filter\":\"JARRA MEDIDORA 1LT. 00444\",\"stock_by_extra\":{\"total\":null,\"CatItemStatus\":{\"detailed\":[],\"total\":null},\"CatItemUnitBusiness\":{\"detailed\":[],\"total\":null},\"CatItemMoldCavity\":{\"detailed\":[],\"total\":null},\"CatItemPackageMeasurement\":{\"detailed\":[],\"total\":null},\"CatItemUnitsPerPackage\":{\"detailed\":[],\"total\":null},\"CatItemMoldProperty\":{\"detailed\":[],\"total\":null},\"CatItemProductFamily\":{\"detailed\":[],\"total\":null},\"colors\":{\"detailed\":[],\"total\":null},\"CatItemSize\":{\"detailed\":[],\"total\":null}},\"warehouse_description\":\"Almac\\u00e9n Oficina Principal\",\"extra\":{\"colors\":null,\"CatItemUnitsPerPackage\":null,\"CatItemMoldProperty\":null,\"CatItemProductFamily\":null,\"CatItemMoldCavity\":null,\"CatItemPackageMeasurement\":null,\"CatItemStatus\":null,\"CatItemSize\":null,\"CatItemUnitBusiness\":null},\"category\":null,\"stock\":\"51.0000\",\"internal_id\":\"00444\",\"description\":\"JARRA MEDIDORA 1LT.\",\"currency_type_id\":\"PEN\",\"currency_type_symbol\":\"S\\/\",\"has_igv\":true,\"sale_unit_price\":\"2.0000\",\"purchase_has_igv\":false,\"purchase_unit_value\":0,\"purchase_unit_price\":0,\"unit_type_id\":\"NIU\",\"original_unit_type_id\":\"NIU\",\"sale_affectation_igv_type\":{\"id\":\"20\",\"active\":1,\"exportation\":0,\"free\":0,\"description\":\"Exonerado - Operaci\\u00f3n Onerosa\"},\"sale_affectation_igv_type_id\":\"20\",\"purchase_affectation_igv_type_id\":\"20\",\"calculate_quantity\":false,\"has_plastic_bag_taxes\":false,\"amount_plastic_bag_taxes\":\"0.10\",\"colors\":[],\"CatItemUnitsPerPackage\":[],\"CatItemMoldProperty\":[],\"CatItemProductFamily\":[],\"CatItemMoldCavity\":[],\"CatItemPackageMeasurement\":[],\"CatItemStatus\":[],\"CatItemSize\":[],\"CatItemUnitBusiness\":[],\"item_unit_types\":[],\"warehouses\":[{\"warehouse_description\":\"Almac\\u00e9n Oficina Principal\",\"stock\":\"51.0000\",\"warehouse_id\":1,\"checked\":true},{\"warehouse_description\":\"Almac\\u00e9n - SUCURSAL\",\"stock\":\"4000.0000\",\"warehouse_id\":2,\"checked\":false}],\"attributes\":[],\"lots_group\":[],\"lots\":[],\"lots_enabled\":false,\"series_enabled\":false,\"is_set\":false,\"lot_code\":null,\"date_of_due\":null,\"barcode\":null,\"change_free_affectation_igv\":false,\"original_affectation_igv_type_id\":\"20\",\"has_isc\":false,\"system_isc_type_id\":null,\"percentage_isc\":\"0.00\",\"is_for_production\":false,\"subject_to_detraction\":false,\"exchange_points\":false,\"quantity_of_points\":0,\"exchanged_for_points\":false,\"used_points_for_exchange\":null,\"factory_code\":null,\"name_product_pdf\":null,\"unit_price\":\"2.0000\",\"extra_attr_name\":\"Tiempo de entrega\",\"extra_attr_value\":null,\"presentation\":[]}',1.0000,2.000000,'20',2.00,18.00,0.00,NULL,0.00,0.00,0.00,0.00,0.00,0.00,0.00,'01',2.000000,2.00,0.00,0.00,2.00,'[]','[]','[]',NULL,NULL,NULL),(34,3,454,'{\"id\":454,\"item_code\":null,\"full_description\":\"00454 - JARRA MEDIDORA DE 1\\/4 -\",\"model\":null,\"brand\":null,\"text_filter\":\"JARRA MEDIDORA DE 1\\/4 00454\",\"stock_by_extra\":{\"total\":null,\"CatItemStatus\":{\"detailed\":[],\"total\":null},\"CatItemUnitBusiness\":{\"detailed\":[],\"total\":null},\"CatItemMoldCavity\":{\"detailed\":[],\"total\":null},\"CatItemPackageMeasurement\":{\"detailed\":[],\"total\":null},\"CatItemUnitsPerPackage\":{\"detailed\":[],\"total\":null},\"CatItemMoldProperty\":{\"detailed\":[],\"total\":null},\"CatItemProductFamily\":{\"detailed\":[],\"total\":null},\"colors\":{\"detailed\":[],\"total\":null},\"CatItemSize\":{\"detailed\":[],\"total\":null}},\"warehouse_description\":\"Almac\\u00e9n Oficina Principal\",\"extra\":{\"colors\":null,\"CatItemUnitsPerPackage\":null,\"CatItemMoldProperty\":null,\"CatItemProductFamily\":null,\"CatItemMoldCavity\":null,\"CatItemPackageMeasurement\":null,\"CatItemStatus\":null,\"CatItemSize\":null,\"CatItemUnitBusiness\":null},\"category\":null,\"stock\":\"-7.0000\",\"internal_id\":\"00454\",\"description\":\"JARRA MEDIDORA DE 1\\/4\",\"currency_type_id\":\"PEN\",\"currency_type_symbol\":\"S\\/\",\"has_igv\":true,\"sale_unit_price\":\"1.0000\",\"purchase_has_igv\":true,\"purchase_unit_value\":0,\"purchase_unit_price\":0,\"unit_type_id\":\"NIU\",\"original_unit_type_id\":\"NIU\",\"sale_affectation_igv_type\":{\"id\":\"20\",\"active\":1,\"exportation\":0,\"free\":0,\"description\":\"Exonerado - Operaci\\u00f3n Onerosa\"},\"sale_affectation_igv_type_id\":\"20\",\"purchase_affectation_igv_type_id\":\"20\",\"calculate_quantity\":false,\"has_plastic_bag_taxes\":false,\"amount_plastic_bag_taxes\":\"0.10\",\"colors\":[],\"CatItemUnitsPerPackage\":[],\"CatItemMoldProperty\":[],\"CatItemProductFamily\":[],\"CatItemMoldCavity\":[],\"CatItemPackageMeasurement\":[],\"CatItemStatus\":[],\"CatItemSize\":[],\"CatItemUnitBusiness\":[],\"item_unit_types\":[],\"warehouses\":[{\"warehouse_description\":\"Almac\\u00e9n Oficina Principal\",\"stock\":\"-7.0000\",\"warehouse_id\":1,\"checked\":true},{\"warehouse_description\":\"Almac\\u00e9n - SUCURSAL\",\"stock\":\"4000.0000\",\"warehouse_id\":2,\"checked\":false}],\"attributes\":[],\"lots_group\":[],\"lots\":[],\"lots_enabled\":false,\"series_enabled\":false,\"is_set\":false,\"lot_code\":null,\"date_of_due\":null,\"barcode\":null,\"change_free_affectation_igv\":false,\"original_affectation_igv_type_id\":\"20\",\"has_isc\":false,\"system_isc_type_id\":null,\"percentage_isc\":\"0.00\",\"is_for_production\":false,\"subject_to_detraction\":false,\"exchange_points\":false,\"quantity_of_points\":0,\"exchanged_for_points\":false,\"used_points_for_exchange\":null,\"factory_code\":null,\"name_product_pdf\":null,\"unit_price\":\"1.0000\",\"extra_attr_name\":\"Tiempo de entrega\",\"extra_attr_value\":null,\"presentation\":[]}',1.0000,1.000000,'20',1.00,18.00,0.00,NULL,0.00,0.00,0.00,0.00,0.00,0.00,0.00,'01',1.000000,1.00,0.00,0.00,1.00,'[]','[]','[]',NULL,NULL,NULL),(35,3,501,'{\"id\":501,\"item_code\":null,\"full_description\":\"00501 - ESPRIMIDOR DE LIMOS ACERO -\",\"model\":null,\"brand\":null,\"text_filter\":\"ESPRIMIDOR DE LIMOS ACERO 000000000501 00501\",\"stock_by_extra\":{\"total\":null,\"CatItemStatus\":{\"detailed\":[],\"total\":null},\"CatItemUnitBusiness\":{\"detailed\":[],\"total\":null},\"CatItemMoldCavity\":{\"detailed\":[],\"total\":null},\"CatItemPackageMeasurement\":{\"detailed\":[],\"total\":null},\"CatItemUnitsPerPackage\":{\"detailed\":[],\"total\":null},\"CatItemMoldProperty\":{\"detailed\":[],\"total\":null},\"CatItemProductFamily\":{\"detailed\":[],\"total\":null},\"colors\":{\"detailed\":[],\"total\":null},\"CatItemSize\":{\"detailed\":[],\"total\":null}},\"warehouse_description\":\"Almac\\u00e9n Oficina Principal\",\"extra\":{\"colors\":null,\"CatItemUnitsPerPackage\":null,\"CatItemMoldProperty\":null,\"CatItemProductFamily\":null,\"CatItemMoldCavity\":null,\"CatItemPackageMeasurement\":null,\"CatItemStatus\":null,\"CatItemSize\":null,\"CatItemUnitBusiness\":null},\"category\":null,\"stock\":\"10.0000\",\"internal_id\":\"00501\",\"description\":\"ESPRIMIDOR DE LIMOS ACERO\",\"currency_type_id\":\"PEN\",\"currency_type_symbol\":\"S\\/\",\"has_igv\":true,\"sale_unit_price\":\"15.0000\",\"purchase_has_igv\":false,\"purchase_unit_value\":0,\"purchase_unit_price\":0,\"unit_type_id\":\"NIU\",\"original_unit_type_id\":\"NIU\",\"sale_affectation_igv_type\":{\"id\":\"20\",\"active\":1,\"exportation\":0,\"free\":0,\"description\":\"Exonerado - Operaci\\u00f3n Onerosa\"},\"sale_affectation_igv_type_id\":\"20\",\"purchase_affectation_igv_type_id\":\"10\",\"calculate_quantity\":false,\"has_plastic_bag_taxes\":false,\"amount_plastic_bag_taxes\":\"0.10\",\"colors\":[],\"CatItemUnitsPerPackage\":[],\"CatItemMoldProperty\":[],\"CatItemProductFamily\":[],\"CatItemMoldCavity\":[],\"CatItemPackageMeasurement\":[],\"CatItemStatus\":[],\"CatItemSize\":[],\"CatItemUnitBusiness\":[],\"item_unit_types\":[],\"warehouses\":[{\"warehouse_description\":\"Almac\\u00e9n Oficina Principal\",\"stock\":\"10.0000\",\"warehouse_id\":1,\"checked\":true}],\"attributes\":[],\"lots_group\":[],\"lots\":[],\"lots_enabled\":false,\"series_enabled\":false,\"is_set\":false,\"lot_code\":null,\"date_of_due\":null,\"barcode\":\"000000000501\",\"change_free_affectation_igv\":false,\"original_affectation_igv_type_id\":\"20\",\"has_isc\":false,\"system_isc_type_id\":null,\"percentage_isc\":\"0.00\",\"is_for_production\":false,\"subject_to_detraction\":false,\"exchange_points\":false,\"quantity_of_points\":0,\"exchanged_for_points\":false,\"used_points_for_exchange\":null,\"factory_code\":null,\"name_product_pdf\":null,\"unit_price\":\"15.0000\",\"extra_attr_name\":\"Tiempo de entrega\",\"extra_attr_value\":null,\"presentation\":[]}',1.0000,15.000000,'20',15.00,18.00,0.00,NULL,0.00,0.00,0.00,0.00,0.00,0.00,0.00,'01',15.000000,15.00,0.00,0.00,15.00,'[]','[]','[]',NULL,NULL,NULL),(36,3,507,'{\"id\":507,\"item_code\":null,\"full_description\":\"00507 - BOLO DE ACERO #24 -\",\"model\":null,\"brand\":null,\"text_filter\":\"BOLO DE ACERO #24 000000000507 00507\",\"stock_by_extra\":{\"total\":null,\"CatItemStatus\":{\"detailed\":[],\"total\":null},\"CatItemUnitBusiness\":{\"detailed\":[],\"total\":null},\"CatItemMoldCavity\":{\"detailed\":[],\"total\":null},\"CatItemPackageMeasurement\":{\"detailed\":[],\"total\":null},\"CatItemUnitsPerPackage\":{\"detailed\":[],\"total\":null},\"CatItemMoldProperty\":{\"detailed\":[],\"total\":null},\"CatItemProductFamily\":{\"detailed\":[],\"total\":null},\"colors\":{\"detailed\":[],\"total\":null},\"CatItemSize\":{\"detailed\":[],\"total\":null}},\"warehouse_description\":\"Almac\\u00e9n Oficina Principal\",\"extra\":{\"colors\":null,\"CatItemUnitsPerPackage\":null,\"CatItemMoldProperty\":null,\"CatItemProductFamily\":null,\"CatItemMoldCavity\":null,\"CatItemPackageMeasurement\":null,\"CatItemStatus\":null,\"CatItemSize\":null,\"CatItemUnitBusiness\":null},\"category\":null,\"stock\":\"10.0000\",\"internal_id\":\"00507\",\"description\":\"BOLO DE ACERO #24\",\"currency_type_id\":\"PEN\",\"currency_type_symbol\":\"S\\/\",\"has_igv\":true,\"sale_unit_price\":\"42.0000\",\"purchase_has_igv\":false,\"purchase_unit_value\":0,\"purchase_unit_price\":0,\"unit_type_id\":\"NIU\",\"original_unit_type_id\":\"NIU\",\"sale_affectation_igv_type\":{\"id\":\"20\",\"active\":1,\"exportation\":0,\"free\":0,\"description\":\"Exonerado - Operaci\\u00f3n Onerosa\"},\"sale_affectation_igv_type_id\":\"20\",\"purchase_affectation_igv_type_id\":\"10\",\"calculate_quantity\":false,\"has_plastic_bag_taxes\":false,\"amount_plastic_bag_taxes\":\"0.10\",\"colors\":[],\"CatItemUnitsPerPackage\":[],\"CatItemMoldProperty\":[],\"CatItemProductFamily\":[],\"CatItemMoldCavity\":[],\"CatItemPackageMeasurement\":[],\"CatItemStatus\":[],\"CatItemSize\":[],\"CatItemUnitBusiness\":[],\"item_unit_types\":[],\"warehouses\":[{\"warehouse_description\":\"Almac\\u00e9n Oficina Principal\",\"stock\":\"10.0000\",\"warehouse_id\":1,\"checked\":true}],\"attributes\":[],\"lots_group\":[],\"lots\":[],\"lots_enabled\":false,\"series_enabled\":false,\"is_set\":false,\"lot_code\":null,\"date_of_due\":null,\"barcode\":\"000000000507\",\"change_free_affectation_igv\":false,\"original_affectation_igv_type_id\":\"20\",\"has_isc\":false,\"system_isc_type_id\":null,\"percentage_isc\":\"0.00\",\"is_for_production\":false,\"subject_to_detraction\":false,\"exchange_points\":false,\"quantity_of_points\":0,\"exchanged_for_points\":false,\"used_points_for_exchange\":null,\"factory_code\":null,\"name_product_pdf\":null,\"unit_price\":\"42.0000\",\"extra_attr_name\":\"Tiempo de entrega\",\"extra_attr_value\":null,\"presentation\":[]}',1.0000,42.000000,'20',42.00,18.00,0.00,NULL,0.00,0.00,0.00,0.00,0.00,0.00,0.00,'01',42.000000,42.00,0.00,0.00,42.00,'[]','[]','[]',NULL,NULL,NULL),(37,3,508,'{\"id\":508,\"item_code\":null,\"full_description\":\"00508 - BOLO DE ACERO #28 -\",\"model\":null,\"brand\":null,\"text_filter\":\"BOLO DE ACERO #28 000000000508 00508\",\"stock_by_extra\":{\"total\":null,\"CatItemStatus\":{\"detailed\":[],\"total\":null},\"CatItemUnitBusiness\":{\"detailed\":[],\"total\":null},\"CatItemMoldCavity\":{\"detailed\":[],\"total\":null},\"CatItemPackageMeasurement\":{\"detailed\":[],\"total\":null},\"CatItemUnitsPerPackage\":{\"detailed\":[],\"total\":null},\"CatItemMoldProperty\":{\"detailed\":[],\"total\":null},\"CatItemProductFamily\":{\"detailed\":[],\"total\":null},\"colors\":{\"detailed\":[],\"total\":null},\"CatItemSize\":{\"detailed\":[],\"total\":null}},\"warehouse_description\":\"Almac\\u00e9n Oficina Principal\",\"extra\":{\"colors\":null,\"CatItemUnitsPerPackage\":null,\"CatItemMoldProperty\":null,\"CatItemProductFamily\":null,\"CatItemMoldCavity\":null,\"CatItemPackageMeasurement\":null,\"CatItemStatus\":null,\"CatItemSize\":null,\"CatItemUnitBusiness\":null},\"category\":null,\"stock\":\"10.0000\",\"internal_id\":\"00508\",\"description\":\"BOLO DE ACERO #28\",\"currency_type_id\":\"PEN\",\"currency_type_symbol\":\"S\\/\",\"has_igv\":true,\"sale_unit_price\":\"55.0000\",\"purchase_has_igv\":false,\"purchase_unit_value\":0,\"purchase_unit_price\":0,\"unit_type_id\":\"NIU\",\"original_unit_type_id\":\"NIU\",\"sale_affectation_igv_type\":{\"id\":\"20\",\"active\":1,\"exportation\":0,\"free\":0,\"description\":\"Exonerado - Operaci\\u00f3n Onerosa\"},\"sale_affectation_igv_type_id\":\"20\",\"purchase_affectation_igv_type_id\":\"10\",\"calculate_quantity\":false,\"has_plastic_bag_taxes\":false,\"amount_plastic_bag_taxes\":\"0.10\",\"colors\":[],\"CatItemUnitsPerPackage\":[],\"CatItemMoldProperty\":[],\"CatItemProductFamily\":[],\"CatItemMoldCavity\":[],\"CatItemPackageMeasurement\":[],\"CatItemStatus\":[],\"CatItemSize\":[],\"CatItemUnitBusiness\":[],\"item_unit_types\":[],\"warehouses\":[{\"warehouse_description\":\"Almac\\u00e9n Oficina Principal\",\"stock\":\"10.0000\",\"warehouse_id\":1,\"checked\":true}],\"attributes\":[],\"lots_group\":[],\"lots\":[],\"lots_enabled\":false,\"series_enabled\":false,\"is_set\":false,\"lot_code\":null,\"date_of_due\":null,\"barcode\":\"000000000508\",\"change_free_affectation_igv\":false,\"original_affectation_igv_type_id\":\"20\",\"has_isc\":false,\"system_isc_type_id\":null,\"percentage_isc\":\"0.00\",\"is_for_production\":false,\"subject_to_detraction\":false,\"exchange_points\":false,\"quantity_of_points\":0,\"exchanged_for_points\":false,\"used_points_for_exchange\":null,\"factory_code\":null,\"name_product_pdf\":null,\"unit_price\":\"55.0000\",\"extra_attr_name\":\"Tiempo de entrega\",\"extra_attr_value\":null,\"presentation\":[]}',1.0000,55.000000,'20',55.00,18.00,0.00,NULL,0.00,0.00,0.00,0.00,0.00,0.00,0.00,'01',55.000000,55.00,0.00,0.00,55.00,'[]','[]','[]',NULL,NULL,NULL),(38,3,509,'{\"id\":509,\"item_code\":null,\"full_description\":\"00509 - BOLO DE ACERO #30 -\",\"model\":null,\"brand\":null,\"text_filter\":\"BOLO DE ACERO #30 000000000509 00509\",\"stock_by_extra\":{\"total\":null,\"CatItemStatus\":{\"detailed\":[],\"total\":null},\"CatItemUnitBusiness\":{\"detailed\":[],\"total\":null},\"CatItemMoldCavity\":{\"detailed\":[],\"total\":null},\"CatItemPackageMeasurement\":{\"detailed\":[],\"total\":null},\"CatItemUnitsPerPackage\":{\"detailed\":[],\"total\":null},\"CatItemMoldProperty\":{\"detailed\":[],\"total\":null},\"CatItemProductFamily\":{\"detailed\":[],\"total\":null},\"colors\":{\"detailed\":[],\"total\":null},\"CatItemSize\":{\"detailed\":[],\"total\":null}},\"warehouse_description\":\"Almac\\u00e9n Oficina Principal\",\"extra\":{\"colors\":null,\"CatItemUnitsPerPackage\":null,\"CatItemMoldProperty\":null,\"CatItemProductFamily\":null,\"CatItemMoldCavity\":null,\"CatItemPackageMeasurement\":null,\"CatItemStatus\":null,\"CatItemSize\":null,\"CatItemUnitBusiness\":null},\"category\":null,\"stock\":\"10.0000\",\"internal_id\":\"00509\",\"description\":\"BOLO DE ACERO #30\",\"currency_type_id\":\"PEN\",\"currency_type_symbol\":\"S\\/\",\"has_igv\":true,\"sale_unit_price\":\"65.0000\",\"purchase_has_igv\":false,\"purchase_unit_value\":0,\"purchase_unit_price\":0,\"unit_type_id\":\"NIU\",\"original_unit_type_id\":\"NIU\",\"sale_affectation_igv_type\":{\"id\":\"20\",\"active\":1,\"exportation\":0,\"free\":0,\"description\":\"Exonerado - Operaci\\u00f3n Onerosa\"},\"sale_affectation_igv_type_id\":\"20\",\"purchase_affectation_igv_type_id\":\"10\",\"calculate_quantity\":false,\"has_plastic_bag_taxes\":false,\"amount_plastic_bag_taxes\":\"0.10\",\"colors\":[],\"CatItemUnitsPerPackage\":[],\"CatItemMoldProperty\":[],\"CatItemProductFamily\":[],\"CatItemMoldCavity\":[],\"CatItemPackageMeasurement\":[],\"CatItemStatus\":[],\"CatItemSize\":[],\"CatItemUnitBusiness\":[],\"item_unit_types\":[],\"warehouses\":[{\"warehouse_description\":\"Almac\\u00e9n Oficina Principal\",\"stock\":\"10.0000\",\"warehouse_id\":1,\"checked\":true}],\"attributes\":[],\"lots_group\":[],\"lots\":[],\"lots_enabled\":false,\"series_enabled\":false,\"is_set\":false,\"lot_code\":null,\"date_of_due\":null,\"barcode\":\"000000000509\",\"change_free_affectation_igv\":false,\"original_affectation_igv_type_id\":\"20\",\"has_isc\":false,\"system_isc_type_id\":null,\"percentage_isc\":\"0.00\",\"is_for_production\":false,\"subject_to_detraction\":false,\"exchange_points\":false,\"quantity_of_points\":0,\"exchanged_for_points\":false,\"used_points_for_exchange\":null,\"factory_code\":null,\"name_product_pdf\":null,\"unit_price\":\"65.0000\",\"extra_attr_name\":\"Tiempo de entrega\",\"extra_attr_value\":null,\"presentation\":[]}',1.0000,65.000000,'20',65.00,18.00,0.00,NULL,0.00,0.00,0.00,0.00,0.00,0.00,0.00,'01',65.000000,65.00,0.00,0.00,65.00,'[]','[]','[]',NULL,NULL,NULL),(39,3,113,'{\"id\":113,\"item_code\":null,\"full_description\":\"00113 - CUCHARON BOCONA -\",\"model\":null,\"brand\":null,\"text_filter\":\"CUCHARON BOCONA 00113\",\"stock_by_extra\":{\"total\":-4,\"CatItemStatus\":{\"detailed\":[],\"total\":null},\"CatItemUnitBusiness\":{\"detailed\":[],\"total\":null},\"CatItemMoldCavity\":{\"detailed\":[],\"total\":null},\"CatItemPackageMeasurement\":{\"detailed\":[],\"total\":null},\"CatItemUnitsPerPackage\":{\"detailed\":[],\"total\":null},\"CatItemMoldProperty\":{\"detailed\":[],\"total\":null},\"CatItemProductFamily\":{\"detailed\":[],\"total\":null},\"colors\":{\"detailed\":[],\"total\":null},\"CatItemSize\":{\"detailed\":[],\"total\":null}},\"warehouse_description\":\"Almac\\u00e9n Oficina Principal\",\"extra\":{\"colors\":null,\"CatItemUnitsPerPackage\":null,\"CatItemMoldProperty\":null,\"CatItemProductFamily\":null,\"CatItemMoldCavity\":null,\"CatItemPackageMeasurement\":null,\"CatItemStatus\":null,\"CatItemSize\":null,\"CatItemUnitBusiness\":null},\"category\":null,\"stock\":\"14.0000\",\"internal_id\":\"00113\",\"description\":\"CUCHARON BOCONA\",\"currency_type_id\":\"PEN\",\"currency_type_symbol\":\"S\\/\",\"has_igv\":true,\"sale_unit_price\":\"10.0000\",\"purchase_has_igv\":false,\"purchase_unit_value\":0,\"purchase_unit_price\":0,\"unit_type_id\":\"NIU\",\"original_unit_type_id\":\"NIU\",\"sale_affectation_igv_type\":{\"id\":\"20\",\"active\":1,\"exportation\":0,\"free\":0,\"description\":\"Exonerado - Operaci\\u00f3n Onerosa\"},\"sale_affectation_igv_type_id\":\"20\",\"purchase_affectation_igv_type_id\":\"20\",\"calculate_quantity\":false,\"has_plastic_bag_taxes\":false,\"amount_plastic_bag_taxes\":\"0.10\",\"colors\":[],\"CatItemUnitsPerPackage\":[],\"CatItemMoldProperty\":[],\"CatItemProductFamily\":[],\"CatItemMoldCavity\":[],\"CatItemPackageMeasurement\":[],\"CatItemStatus\":[],\"CatItemSize\":[],\"CatItemUnitBusiness\":[],\"item_unit_types\":[],\"warehouses\":[{\"warehouse_description\":\"Almac\\u00e9n Oficina Principal\",\"stock\":\"14.0000\",\"warehouse_id\":1,\"checked\":true},{\"warehouse_description\":\"Almac\\u00e9n - SUCURSAL\",\"stock\":\"4000.0000\",\"warehouse_id\":2,\"checked\":false}],\"attributes\":[],\"lots_group\":[],\"lots\":[],\"lots_enabled\":false,\"series_enabled\":false,\"is_set\":false,\"lot_code\":null,\"date_of_due\":null,\"barcode\":null,\"change_free_affectation_igv\":false,\"original_affectation_igv_type_id\":\"20\",\"has_isc\":false,\"system_isc_type_id\":null,\"percentage_isc\":\"0.00\",\"is_for_production\":false,\"subject_to_detraction\":false,\"exchange_points\":false,\"quantity_of_points\":0,\"exchanged_for_points\":false,\"used_points_for_exchange\":null,\"factory_code\":null,\"name_product_pdf\":null,\"unit_price\":\"10.0000\",\"extra_attr_name\":\"Tiempo de entrega\",\"extra_attr_value\":null,\"presentation\":[]}',1.0000,10.000000,'20',10.00,18.00,0.00,NULL,0.00,0.00,0.00,0.00,0.00,0.00,0.00,'01',10.000000,10.00,0.00,0.00,10.00,'[]','[]','[]',NULL,NULL,NULL),(40,3,502,'{\"id\":502,\"item_code\":null,\"full_description\":\"00502 - PRENSADOR DE PAPA FACUSA -\",\"model\":null,\"brand\":null,\"text_filter\":\"PRENSADOR DE PAPA FACUSA 000000000502 00502\",\"stock_by_extra\":{\"total\":null,\"CatItemStatus\":{\"detailed\":[],\"total\":null},\"CatItemUnitBusiness\":{\"detailed\":[],\"total\":null},\"CatItemMoldCavity\":{\"detailed\":[],\"total\":null},\"CatItemPackageMeasurement\":{\"detailed\":[],\"total\":null},\"CatItemUnitsPerPackage\":{\"detailed\":[],\"total\":null},\"CatItemMoldProperty\":{\"detailed\":[],\"total\":null},\"CatItemProductFamily\":{\"detailed\":[],\"total\":null},\"colors\":{\"detailed\":[],\"total\":null},\"CatItemSize\":{\"detailed\":[],\"total\":null}},\"warehouse_description\":\"Almac\\u00e9n Oficina Principal\",\"extra\":{\"colors\":null,\"CatItemUnitsPerPackage\":null,\"CatItemMoldProperty\":null,\"CatItemProductFamily\":null,\"CatItemMoldCavity\":null,\"CatItemPackageMeasurement\":null,\"CatItemStatus\":null,\"CatItemSize\":null,\"CatItemUnitBusiness\":null},\"category\":null,\"stock\":\"10.0000\",\"internal_id\":\"00502\",\"description\":\"PRENSADOR DE PAPA FACUSA\",\"currency_type_id\":\"PEN\",\"currency_type_symbol\":\"S\\/\",\"has_igv\":true,\"sale_unit_price\":\"75.0000\",\"purchase_has_igv\":false,\"purchase_unit_value\":0,\"purchase_unit_price\":0,\"unit_type_id\":\"NIU\",\"original_unit_type_id\":\"NIU\",\"sale_affectation_igv_type\":{\"id\":\"20\",\"active\":1,\"exportation\":0,\"free\":0,\"description\":\"Exonerado - Operaci\\u00f3n Onerosa\"},\"sale_affectation_igv_type_id\":\"20\",\"purchase_affectation_igv_type_id\":\"10\",\"calculate_quantity\":false,\"has_plastic_bag_taxes\":false,\"amount_plastic_bag_taxes\":\"0.10\",\"colors\":[],\"CatItemUnitsPerPackage\":[],\"CatItemMoldProperty\":[],\"CatItemProductFamily\":[],\"CatItemMoldCavity\":[],\"CatItemPackageMeasurement\":[],\"CatItemStatus\":[],\"CatItemSize\":[],\"CatItemUnitBusiness\":[],\"item_unit_types\":[],\"warehouses\":[{\"warehouse_description\":\"Almac\\u00e9n Oficina Principal\",\"stock\":\"10.0000\",\"warehouse_id\":1,\"checked\":true}],\"attributes\":[],\"lots_group\":[],\"lots\":[],\"lots_enabled\":false,\"series_enabled\":false,\"is_set\":false,\"lot_code\":null,\"date_of_due\":null,\"barcode\":\"000000000502\",\"change_free_affectation_igv\":false,\"original_affectation_igv_type_id\":\"20\",\"has_isc\":false,\"system_isc_type_id\":null,\"percentage_isc\":\"0.00\",\"is_for_production\":false,\"subject_to_detraction\":false,\"exchange_points\":false,\"quantity_of_points\":0,\"exchanged_for_points\":false,\"used_points_for_exchange\":null,\"factory_code\":null,\"name_product_pdf\":null,\"unit_price\":\"75.0000\",\"extra_attr_name\":\"Tiempo de entrega\",\"extra_attr_value\":null,\"presentation\":[]}',1.0000,75.000000,'20',75.00,18.00,0.00,NULL,0.00,0.00,0.00,0.00,0.00,0.00,0.00,'01',75.000000,75.00,0.00,0.00,75.00,'[]','[]','[]',NULL,NULL,NULL),(41,3,249,'{\"id\":249,\"item_code\":null,\"full_description\":\"00249 - SECADORES TELA -\",\"model\":null,\"brand\":null,\"text_filter\":\"SECADORES TELA 00249\",\"stock_by_extra\":{\"total\":null,\"CatItemStatus\":{\"detailed\":[],\"total\":null},\"CatItemUnitBusiness\":{\"detailed\":[],\"total\":null},\"CatItemMoldCavity\":{\"detailed\":[],\"total\":null},\"CatItemPackageMeasurement\":{\"detailed\":[],\"total\":null},\"CatItemUnitsPerPackage\":{\"detailed\":[],\"total\":null},\"CatItemMoldProperty\":{\"detailed\":[],\"total\":null},\"CatItemProductFamily\":{\"detailed\":[],\"total\":null},\"colors\":{\"detailed\":[],\"total\":null},\"CatItemSize\":{\"detailed\":[],\"total\":null}},\"warehouse_description\":\"Almac\\u00e9n Oficina Principal\",\"extra\":{\"colors\":null,\"CatItemUnitsPerPackage\":null,\"CatItemMoldProperty\":null,\"CatItemProductFamily\":null,\"CatItemMoldCavity\":null,\"CatItemPackageMeasurement\":null,\"CatItemStatus\":null,\"CatItemSize\":null,\"CatItemUnitBusiness\":null},\"category\":null,\"stock\":\"-11.0000\",\"internal_id\":\"00249\",\"description\":\"SECADORES TELA\",\"currency_type_id\":\"PEN\",\"currency_type_symbol\":\"S\\/\",\"has_igv\":true,\"sale_unit_price\":\"4.0000\",\"purchase_has_igv\":true,\"purchase_unit_value\":0,\"purchase_unit_price\":0,\"unit_type_id\":\"NIU\",\"original_unit_type_id\":\"NIU\",\"sale_affectation_igv_type\":{\"id\":\"20\",\"active\":1,\"exportation\":0,\"free\":0,\"description\":\"Exonerado - Operaci\\u00f3n Onerosa\"},\"sale_affectation_igv_type_id\":\"20\",\"purchase_affectation_igv_type_id\":\"20\",\"calculate_quantity\":false,\"has_plastic_bag_taxes\":false,\"amount_plastic_bag_taxes\":\"0.10\",\"colors\":[],\"CatItemUnitsPerPackage\":[],\"CatItemMoldProperty\":[],\"CatItemProductFamily\":[],\"CatItemMoldCavity\":[],\"CatItemPackageMeasurement\":[],\"CatItemStatus\":[],\"CatItemSize\":[],\"CatItemUnitBusiness\":[],\"item_unit_types\":[],\"warehouses\":[{\"warehouse_description\":\"Almac\\u00e9n Oficina Principal\",\"stock\":\"-11.0000\",\"warehouse_id\":1,\"checked\":true},{\"warehouse_description\":\"Almac\\u00e9n - SUCURSAL\",\"stock\":\"4000.0000\",\"warehouse_id\":2,\"checked\":false}],\"attributes\":[],\"lots_group\":[],\"lots\":[],\"lots_enabled\":false,\"series_enabled\":false,\"is_set\":false,\"lot_code\":null,\"date_of_due\":null,\"barcode\":null,\"change_free_affectation_igv\":false,\"original_affectation_igv_type_id\":\"20\",\"has_isc\":false,\"system_isc_type_id\":null,\"percentage_isc\":\"0.00\",\"is_for_production\":false,\"subject_to_detraction\":false,\"exchange_points\":false,\"quantity_of_points\":0,\"exchanged_for_points\":false,\"used_points_for_exchange\":null,\"factory_code\":null,\"name_product_pdf\":null,\"unit_price\":\"10.0000\",\"extra_attr_name\":\"Tiempo de entrega\",\"extra_attr_value\":null,\"presentation\":[]}',1.0000,10.000000,'20',10.00,18.00,0.00,NULL,0.00,0.00,0.00,0.00,0.00,0.00,0.00,'01',10.000000,10.00,0.00,0.00,10.00,'[]','[]','[]',NULL,NULL,NULL);

--
