(2834,1,'login','2023-02-11','00:30:18',1,'App\\Models\\Tenant\\User',NULL,'0','desktop','0','0','0','0',NULL,NULL,NULL,'2023-02-11 00:30:18','2023-02-11 00:30:18'),(2835,1,'login','2023-02-11','00:30:19',1,'App\\Models\\Tenant\\User',NULL,'0','desktop','0','0','0','0',NULL,NULL,NULL,'2023-02-11 00:30:19','2023-02-11 00:30:19'),(2836,1,'login','2023-02-11','00:30:20',1,'App\\Models\\Tenant\\User',NULL,'0','desktop','0','0','0','0',NULL,NULL,NULL,'2023-02-11 00:30:20','2023-02-11 00:30:20'),(2837,1,'login','2023-02-11','00:30:20',1,'App\\Models\\Tenant\\User',NULL,'0','desktop','0','0','0','0',NULL,NULL,NULL,'2023-02-11 00:30:20','2023-02-11 00:30:20'),(2838,1,'login','2023-02-11','00:30:21',1,'App\\Models\\Tenant\\User',NULL,'0','desktop','0','0','0','0',NULL,NULL,NULL,'2023-02-11 00:30:21','2023-02-11 00:30:21'),(2839,1,'login','2023-02-11','00:30:21',1,'App\\Models\\Tenant\\User',NULL,'0','desktop','0','0','0','0',NULL,NULL,NULL,'2023-02-11 00:30:21','2023-02-11 00:30:21'),(2840,1,'login','2023-02-11','00:30:22',1,'App\\Models\\Tenant\\User',NULL,'0','desktop','0','0','0','0',NULL,NULL,NULL,'2023-02-11 00:30:22','2023-02-11 00:30:22'),(2841,1,'login','2023-02-11','00:30:22',1,'App\\Models\\Tenant\\User',NULL,'0','desktop','0','0','0','0',NULL,NULL,NULL,'2023-02-11 00:30:23','2023-02-11 00:30:23'),(2842,1,'login','2023-02-11','00:30:23',1,'App\\Models\\Tenant\\User',NULL,'0','desktop','0','0','0','0',NULL,NULL,NULL,'2023-02-11 00:30:23','2023-02-11 00:30:23'),(2843,1,'login','2023-02-11','00:30:23',1,'App\\Models\\Tenant\\User',NULL,'0','desktop','0','0','0','0',NULL,NULL,NULL,'2023-02-11 00:30:23','2023-02-11 00:30:23'),(2844,1,'login','2023-02-12','00:00:05',1,'App\\Models\\Tenant\\User',NULL,'0','desktop','0','0','0','0',NULL,NULL,NULL,'2023-02-12 00:00:05','2023-02-12 00:00:05'),(2845,1,'login','2023-02-12','00:00:05',1,'App\\Models\\Tenant\\User',NULL,'0','desktop','0','0','0','0',NULL,NULL,NULL,'2023-02-12 00:00:05','2023-02-12 00:00:05'),(2846,1,'login','2023-02-12','00:00:50',1,'App\\Models\\Tenant\\User',NULL,'0','desktop','0','0','0','0',NULL,NULL,NULL,'2023-02-12 00:00:50','2023-02-12 00:00:50'),(2847,1,'login','2023-02-12','00:00:52',1,'App\\Models\\Tenant\\User',NULL,'0','desktop','0','0','0','0',NULL,NULL,NULL,'2023-02-12 00:00:52','2023-02-12 00:00:52'),(2848,1,'login','2023-02-12','00:00:54',1,'App\\Models\\Tenant\\User',NULL,'0','desktop','0','0','0','0',NULL,NULL,NULL,'2023-02-12 00:00:54','2023-02-12 00:00:54'),(2849,1,'login','2023-02-12','00:00:55',1,'App\\Models\\Tenant\\User',NULL,'0','desktop','0','0','0','0',NULL,NULL,NULL,'2023-02-12 00:00:55','2023-02-12 00:00:55'),(2850,1,'login','2023-02-12','00:00:56',1,'App\\Models\\Tenant\\User',NULL,'0','desktop','0','0','0','0',NULL,NULL,NULL,'2023-02-12 00:00:56','2023-02-12 00:00:56'),(2851,1,'login','2023-02-12','00:00:57',1,'App\\Models\\Tenant\\User',NULL,'0','desktop','0','0','0','0',NULL,NULL,NULL,'2023-02-12 00:00:57','2023-02-12 00:00:57'),(2852,1,'login','2023-02-12','00:00:58',1,'App\\Models\\Tenant\\User',NULL,'0','desktop','0','0','0','0',NULL,NULL,NULL,'2023-02-12 00:00:58','2023-02-12 00:00:58'),(2853,1,'login','2023-02-12','00:00:59',1,'App\\Models\\Tenant\\User',NULL,'0','desktop','0','0','0','0',NULL,NULL,NULL,'2023-02-12 00:00:59','2023-02-12 00:00:59'),(2854,1,'login','2023-02-12','00:00:59',1,'App\\Models\\Tenant\\User',NULL,'0','desktop','0','0','0','0',NULL,NULL,NULL,'2023-02-12 00:00:59','2023-02-12 00:00:59'),(2855,1,'login','2023-02-12','00:30:02',1,'App\\Models\\Tenant\\User',NULL,'0','desktop','0','0','0','0',NULL,NULL,NULL,'2023-02-12 00:30:02','2023-02-12 00:30:02'),(2856,1,'login','2023-02-12','00:30:02',1,'App\\Models\\Tenant\\User',NULL,'0','desktop','0','0','0','0',NULL,NULL,NULL,'2023-02-12 00:30:02','2023-02-12 00:30:02'),(2857,1,'login','2023-02-12','00:30:05',1,'App\\Models\\Tenant\\User',NULL,'0','desktop','0','0','0','0',NULL,NULL,NULL,'2023-02-12 00:30:05','2023-02-12 00:30:05'),(2858,1,'login','2023-02-12','00:30:05',1,'App\\Models\\Tenant\\User',NULL,'0','desktop','0','0','0','0',NULL,NULL,NULL,'2023-02-12 00:30:05','2023-02-12 00:30:05'),(2859,1,'login','2023-02-12','00:30:06',1,'App\\Models\\Tenant\\User',NULL,'0','desktop','0','0','0','0',NULL,NULL,NULL,'2023-02-12 00:30:06','2023-02-12 00:30:06'),(2860,1,'login','2023-02-12','00:30:07',1,'App\\Models\\Tenant\\User',NULL,'0','desktop','0','0','0','0',NULL,NULL,NULL,'2023-02-12 00:30:07','2023-02-12 00:30:07'),(2861,1,'login','2023-02-12','00:30:07',1,'App\\Models\\Tenant\\User',NULL,'0','desktop','0','0','0','0',NULL,NULL,NULL,'2023-02-12 00:30:07','2023-02-12 00:30:07'),(2862,1,'login','2023-02-12','00:30:08',1,'App\\Models\\Tenant\\User',NULL,'0','desktop','0','0','0','0',NULL,NULL,NULL,'2023-02-12 00:30:08','2023-02-12 00:30:08'),(2863,1,'login','2023-02-12','00:30:09',1,'App\\Models\\Tenant\\User',NULL,'0','desktop','0','0','0','0',NULL,NULL,NULL,'2023-02-12 00:30:09','2023-02-12 00:30:09'),(2864,1,'login','2023-02-12','00:30:09',1,'App\\Models\\Tenant\\User',NULL,'0','desktop','0','0','0','0',NULL,NULL,NULL,'2023-02-12 00:30:09','2023-02-12 00:30:09'),(2865,1,'login','2023-02-12','00:30:10',1,'App\\Models\\Tenant\\User',NULL,'0','desktop','0','0','0','0',NULL,NULL,NULL,'2023-02-12 00:30:10','2023-02-12 00:30:10'),(2866,1,'login','2023-02-12','00:30:10',1,'App\\Models\\Tenant\\User',NULL,'0','desktop','0','0','0','0',NULL,NULL,NULL,'2023-02-12 00:30:10','2023-02-12 00:30:10'),(2867,1,'login','2023-02-12','00:30:11',1,'App\\Models\\Tenant\\User',NULL,'0','desktop','0','0','0','0',NULL,NULL,NULL,'2023-02-12 00:30:11','2023-02-12 00:30:11'),(2868,1,'login','2023-02-12','00:30:11',1,'App\\Models\\Tenant\\User',NULL,'0','desktop','0','0','0','0',NULL,NULL,NULL,'2023-02-12 00:30:11','2023-02-12 00:30:11'),(2869,1,'login','2023-02-12','00:30:12',1,'App\\Models\\Tenant\\User',NULL,'0','desktop','0','0','0','0',NULL,NULL,NULL,'2023-02-12 00:30:12','2023-02-12 00:30:12'),(2870,1,'login','2023-02-12','00:30:12',1,'App\\Models\\Tenant\\User',NULL,'0','desktop','0','0','0','0',NULL,NULL,NULL,'2023-02-12 00:30:13','2023-02-12 00:30:13'),(2871,1,'login','2023-02-13','00:00:04',1,'App\\Models\\Tenant\\User',NULL,'0','desktop','0','0','0','0',NULL,NULL,NULL,'2023-02-13 00:00:04','2023-02-13 00:00:04'),(2872,1,'login','2023-02-13','00:00:05',1,'App\\Models\\Tenant\\User',NULL,'0','desktop','0','0','0','0',NULL,NULL,NULL,'2023-02-13 00:00:05','2023-02-13 00:00:05'),(2873,1,'login','2023-02-13','00:00:43',1,'App\\Models\\Tenant\\User',NULL,'0','desktop','0','0','0','0',NULL,NULL,NULL,'2023-02-13 00:00:43','2023-02-13 00:00:43'),(2874,1,'login','2023-02-13','00:00:45',1,'App\\Models\\Tenant\\User',NULL,'0','desktop','0','0','0','0',NULL,NULL,NULL,'2023-02-13 00:00:45','2023-02-13 00:00:45'),(2875,1,'login','2023-02-13','00:00:46',1,'App\\Models\\Tenant\\User',NULL,'0','desktop','0','0','0','0',NULL,NULL,NULL,'2023-02-13 00:00:46','2023-02-13 00:00:46'),(2876,1,'login','2023-02-13','00:00:46',1,'App\\Models\\Tenant\\User',NULL,'0','desktop','0','0','0','0',NULL,NULL,NULL,'2023-02-13 00:00:46','2023-02-13 00:00:46'),(2877,1,'login','2023-02-13','00:00:48',1,'App\\Models\\Tenant\\User',NULL,'0','desktop','0','0','0','0',NULL,NULL,NULL,'2023-02-13 00:00:48','2023-02-13 00:00:48'),(2878,1,'login','2023-02-13','00:00:49',1,'App\\Models\\Tenant\\User',NULL,'0','desktop','0','0','0','0',NULL,NULL,NULL,'2023-02-13 00:00:49','2023-02-13 00:00:49'),(2879,1,'login','2023-02-13','00:00:50',1,'App\\Models\\Tenant\\User',NULL,'0','desktop','0','0','0','0',NULL,NULL,NULL,'2023-02-13 00:00:50','2023-02-13 00:00:50'),(2880,1,'login','2023-02-13','00:00:51',1,'App\\Models\\Tenant\\User',NULL,'0','desktop','0','0','0','0',NULL,NULL,NULL,'2023-02-13 00:00:51','2023-02-13 00:00:51'),(2881,1,'login','2023-02-13','00:00:52',1,'App\\Models\\Tenant\\User',NULL,'0','desktop','0','0','0','0',NULL,NULL,NULL,'2023-02-13 00:00:52','2023-02-13 00:00:52'),(2882,1,'login','2023-02-13','00:00:53',1,'App\\Models\\Tenant\\User',NULL,'0','desktop','0','0','0','0',NULL,NULL,NULL,'2023-02-13 00:00:53','2023-02-13 00:00:53'),(2883,1,'login','2023-02-13','00:00:54',1,'App\\Models\\Tenant\\User',NULL,'0','desktop','0','0','0','0',NULL,NULL,NULL,'2023-02-13 00:00:54','2023-02-13 00:00:54'),(2884,1,'login','2023-02-13','00:00:55',1,'App\\Models\\Tenant\\User',NULL,'0','desktop','0','0','0','0',NULL,NULL,NULL,'2023-02-13 00:00:55','2023-02-13 00:00:55'),(2885,1,'login','2023-02-13','00:00:56',1,'App\\Models\\Tenant\\User',NULL,'0','desktop','0','0','0','0',NULL,NULL,NULL,'2023-02-13 00:00:56','2023-02-13 00:00:56'),(2886,1,'login','2023-02-13','00:00:56',1,'App\\Models\\Tenant\\User',NULL,'0','desktop','0','0','0','0',NULL,NULL,NULL,'2023-02-13 00:00:56','2023-02-13 00:00:56'),(2887,1,'login','2023-02-13','00:30:02',1,'App\\Models\\Tenant\\User',NULL,'0','desktop','0','0','0','0',NULL,NULL,NULL,'2023-02-13 00:30:02','2023-02-13 00:30:02'),(2888,1,'login','2023-02-13','00:30:02',1,'App\\Models\\Tenant\\User',NULL,'0','desktop','0','0','0','0',NULL,NULL,NULL,'2023-02-13 00:30:02','2023-02-13 00:30:02'),(2889,1,'login','2023-02-13','00:30:07',1,'App\\Models\\Tenant\\User',NULL,'0','desktop','0','0','0','0',NULL,NULL,NULL,'2023-02-13 00:30:07','2023-02-13 00:30:07'),(2890,1,'login','2023-02-13','00:30:08',1,'App\\Models\\Tenant\\User',NULL,'0','desktop','0','0','0','0',NULL,NULL,NULL,'2023-02-13 00:30:08','2023-02-13 00:30:08'),(2891,1,'login','2023-02-13','00:30:09',1,'App\\Models\\Tenant\\User',NULL,'0','desktop','0','0','0','0',NULL,NULL,NULL,'2023-02-13 00:30:09','2023-02-13 00:30:09'),(2892,1,'login','2023-02-13','00:30:09',1,'App\\Models\\Tenant\\User',NULL,'0','desktop','0','0','0','0',NULL,NULL,NULL,'2023-02-13 00:30:09','2023-02-13 00:30:09'),(2893,1,'login','2023-02-13','00:30:10',1,'App\\Models\\Tenant\\User',NULL,'0','desktop','0','0','0','0',NULL,NULL,NULL,'2023-02-13 00:30:10','2023-02-13 00:30:10'),(2894,1,'login','2023-02-13','00:30:11',1,'App\\Models\\Tenant\\User',NULL,'0','desktop','0','0','0','0',NULL,NULL,NULL,'2023-02-13 00:30:11','2023-02-13 00:30:11'),(2895,1,'login','2023-02-13','00:30:11',1,'App\\Models\\Tenant\\User',NULL,'0','desktop','0','0','0','0',NULL,NULL,NULL,'2023-02-13 00:30:11','2023-02-13 00:30:11'),(2896,1,'login','2023-02-13','00:30:11',1,'App\\Models\\Tenant\\User',NULL,'0','desktop','0','0','0','0',NULL,NULL,NULL,'2023-02-13 00:30:12','2023-02-13 00:30:12'),(2897,1,'login','2023-02-13','00:30:12',1,'App\\Models\\Tenant\\User',NULL,'0','desktop','0','0','0','0',NULL,NULL,NULL,'2023-02-13 00:30:12','2023-02-13 00:30:12'),(2898,1,'login','2023-02-13','00:30:13',1,'App\\Models\\Tenant\\User',NULL,'0','desktop','0','0','0','0',NULL,NULL,NULL,'2023-02-13 00:30:13','2023-02-13 00:30:13'),(2899,1,'login','2023-02-13','00:30:13',1,'App\\Models\\Tenant\\User',NULL,'0','desktop','0','0','0','0',NULL,NULL,NULL,'2023-02-13 00:30:13','2023-02-13 00:30:13'),(2900,1,'login','2023-02-13','00:30:14',1,'App\\Models\\Tenant\\User',NULL,'0','desktop','0','0','0','0',NULL,NULL,NULL,'2023-02-13 00:30:14','2023-02-13 00:30:14'),(2901,1,'login','2023-02-13','00:30:14',1,'App\\Models\\Tenant\\User',NULL,'0','desktop','0','0','0','0',NULL,NULL,NULL,'2023-02-13 00:30:14','2023-02-13 00:30:14'),(2902,1,'login','2023-02-13','00:30:15',1,'App\\Models\\Tenant\\User',NULL,'0','desktop','0','0','0','0',NULL,NULL,NULL,'2023-02-13 00:30:15','2023-02-13 00:30:15'),(2903,1,'login','2023-02-14','00:00:03',1,'App\\Models\\Tenant\\User',NULL,'0','desktop','0','0','0','0',NULL,NULL,NULL,'2023-02-14 00:00:03','2023-02-14 00:00:03'),(2904,1,'login','2023-02-14','00:00:03',1,'App\\Models\\Tenant\\User',NULL,'0','desktop','0','0','0','0',NULL,NULL,NULL,'2023-02-14 00:00:03','2023-02-14 00:00:03'),(2905,1,'login','2023-02-14','00:00:56',1,'App\\Models\\Tenant\\User',NULL,'0','desktop','0','0','0','0',NULL,NULL,NULL,'2023-02-14 00:00:56','2023-02-14 00:00:56'),(2906,1,'login','2023-02-14','00:00:58',1,'App\\Models\\Tenant\\User',NULL,'0','desktop','0','0','0','0',NULL,NULL,NULL,'2023-02-14 00:00:58','2023-02-14 00:00:58'),(2907,1,'login','2023-02-14','00:01:00',1,'App\\Models\\Tenant\\User',NULL,'0','desktop','0','0','0','0',NULL,NULL,NULL,'2023-02-14 00:01:00','2023-02-14 00:01:00'),(2908,1,'login','2023-02-14','00:30:02',1,'App\\Models\\Tenant\\User',NULL,'0','desktop','0','0','0','0',NULL,NULL,NULL,'2023-02-14 00:30:02','2023-02-14 00:30:02'),(2909,1,'login','2023-02-14','00:30:02',1,'App\\Models\\Tenant\\User',NULL,'0','desktop','0','0','0','0',NULL,NULL,NULL,'2023-02-14 00:30:02','2023-02-14 00:30:02'),(2910,1,'login','2023-02-14','00:30:19',1,'App\\Models\\Tenant\\User',NULL,'0','desktop','0','0','0','0',NULL,NULL,NULL,'2023-02-14 00:30:19','2023-02-14 00:30:19'),(2911,1,'login','2023-02-14','00:30:19',1,'App\\Models\\Tenant\\User',NULL,'0','desktop','0','0','0','0',NULL,NULL,NULL,'2023-02-14 00:30:19','2023-02-14 00:30:19'),(2912,1,'login','2023-02-14','00:30:20',1,'App\\Models\\Tenant\\User',NULL,'0','desktop','0','0','0','0',NULL,NULL,NULL,'2023-02-14 00:30:20','2023-02-14 00:30:20'),(2913,1,'login','2023-02-14','00:30:20',1,'App\\Models\\Tenant\\User',NULL,'0','desktop','0','0','0','0',NULL,NULL,NULL,'2023-02-14 00:30:20','2023-02-14 00:30:20'),(2914,1,'login','2023-02-14','00:30:21',1,'App\\Models\\Tenant\\User',NULL,'0','desktop','0','0','0','0',NULL,NULL,NULL,'2023-02-14 00:30:21','2023-02-14 00:30:21'),(2915,1,'login','2023-02-14','00:30:21',1,'App\\Models\\Tenant\\User',NULL,'0','desktop','0','0','0','0',NULL,NULL,NULL,'2023-02-14 00:30:21','2023-02-14 00:30:21'),(2916,1,'login','2023-02-14','00:30:21',1,'App\\Models\\Tenant\\User',NULL,'0','desktop','0','0','0','0',NULL,NULL,NULL,'2023-02-14 00:30:21','2023-02-14 00:30:21'),(2917,1,'login','2023-02-14','00:30:22',1,'App\\Models\\Tenant\\User',NULL,'0','desktop','0','0','0','0',NULL,NULL,NULL,'2023-02-14 00:30:22','2023-02-14 00:30:22'),(2918,1,'login','2023-02-14','00:30:22',1,'App\\Models\\Tenant\\User',NULL,'0','desktop','0','0','0','0',NULL,NULL,NULL,'2023-02-14 00:30:22','2023-02-14 00:30:22'),(2919,1,'login','2023-02-14','00:30:23',1,'App\\Models\\Tenant\\User',NULL,'0','desktop','0','0','0','0',NULL,NULL,NULL,'2023-02-14 00:30:23','2023-02-14 00:30:23'),(2920,1,'login','2023-02-14','00:30:24',1,'App\\Models\\Tenant\\User',NULL,'0','desktop','0','0','0','0',NULL,NULL,NULL,'2023-02-14 00:30:24','2023-02-14 00:30:24'),(2921,1,'login','2023-02-14','00:30:24',1,'App\\Models\\Tenant\\User',NULL,'0','desktop','0','0','0','0',NULL,NULL,NULL,'2023-02-14 00:30:24','2023-02-14 00:30:24'),(2922,1,'login','2023-02-14','00:30:25',1,'App\\Models\\Tenant\\User',NULL,'0','desktop','0','0','0','0',NULL,NULL,NULL,'2023-02-14 00:30:25','2023-02-14 00:30:25'),(2923,1,'login','2023-02-14','00:30:26',1,'App\\Models\\Tenant\\User',NULL,'0','desktop','0','0','0','0',NULL,NULL,NULL,'2023-02-14 00:30:26','2023-02-14 00:30:26'),(2924,1,'login','2023-02-14','11:29:08',1,'App\\Models\\Tenant\\User','190.236.12.231','WebKit','desktop','Windows','10.0','Chrome','109.0.0.0',NULL,NULL,'{\"country_name\":\"Peru\",\"country_code\":\"PE\",\"region_code\":\"LMA\",\"region_name\":\"Lima\",\"city_name\":\"Lima\",\"latitude\":\"-12.0464\",\"longitude\":\"-77.0428\",\"timezone\":\"America\\/Lima\"}','2023-02-14 11:29:08','2023-02-14 11:29:08'),(2925,3,'login','2023-02-14','16:02:40',3,'App\\Models\\Tenant\\User','190.235.160.220','WebKit','desktop','Windows','10.0','Edge','110.0.1587.41',NULL,NULL,'{\"country_name\":\"Peru\",\"country_code\":\"PE\",\"region_code\":\"LMA\",\"region_name\":\"Lima\",\"city_name\":\"Lima\",\"latitude\":\"-12.0464\",\"longitude\":\"-77.0428\",\"timezone\":\"America\\/Lima\"}','2023-02-14 16:02:40','2023-02-14 16:02:40'),(2926,1,'login','2023-02-15','00:00:03',1,'App\\Models\\Tenant\\User',NULL,'0','desktop','0','0','0','0',NULL,NULL,NULL,'2023-02-15 00:00:03','2023-02-15 00:00:03'),(2927,1,'login','2023-02-15','00:00:03',1,'App\\Models\\Tenant\\User',NULL,'0','desktop','0','0','0','0',NULL,NULL,NULL,'2023-02-15 00:00:03','2023-02-15 00:00:03'),(2928,1,'login','2023-02-15','00:00:36',1,'App\\Models\\Tenant\\User',NULL,'0','desktop','0','0','0','0',NULL,NULL,NULL,'2023-02-15 00:00:36','2023-02-15 00:00:36'),(2929,1,'login','2023-02-15','00:00:38',1,'App\\Models\\Tenant\\User',NULL,'0','desktop','0','0','0','0',NULL,NULL,NULL,'2023-02-15 00:00:38','2023-02-15 00:00:38'),(2930,1,'login','2023-02-15','00:00:40',1,'App\\Models\\Tenant\\User',NULL,'0','desktop','0','0','0','0',NULL,NULL,NULL,'2023-02-15 00:00:40','2023-02-15 00:00:40'),(2931,1,'login','2023-02-15','00:00:42',1,'App\\Models\\Tenant\\User',NULL,'0','desktop','0','0','0','0',NULL,NULL,NULL,'2023-02-15 00:00:42','2023-02-15 00:00:42'),(2932,1,'login','2023-02-15','00:00:44',1,'App\\Models\\Tenant\\User',NULL,'0','desktop','0','0','0','0',NULL,NULL,NULL,'2023-02-15 00:00:44','2023-02-15 00:00:44'),(2933,1,'login','2023-02-15','00:00:45',1,'App\\Models\\Tenant\\User',NULL,'0','desktop','0','0','0','0',NULL,NULL,NULL,'2023-02-15 00:00:45','2023-02-15 00:00:45'),(2934,1,'login','2023-02-15','00:00:46',1,'App\\Models\\Tenant\\User',NULL,'0','desktop','0','0','0','0',NULL,NULL,NULL,'2023-02-15 00:00:46','2023-02-15 00:00:46'),(2935,1,'login','2023-02-15','00:00:48',1,'App\\Models\\Tenant\\User',NULL,'0','desktop','0','0','0','0',NULL,NULL,NULL,'2023-02-15 00:00:48','2023-02-15 00:00:48'),(2936,1,'login','2023-02-15','00:00:49',1,'App\\Models\\Tenant\\User',NULL,'0','desktop','0','0','0','0',NULL,NULL,NULL,'2023-02-15 00:00:49','2023-02-15 00:00:49'),(2937,1,'login','2023-02-15','00:00:52',1,'App\\Models\\Tenant\\User',NULL,'0','desktop','0','0','0','0',NULL,NULL,NULL,'2023-02-15 00:00:52','2023-02-15 00:00:52'),(2938,1,'login','2023-02-15','00:00:53',1,'App\\Models\\Tenant\\User',NULL,'0','desktop','0','0','0','0',NULL,NULL,NULL,'2023-02-15 00:00:53','2023-02-15 00:00:53'),(2939,1,'login','2023-02-15','00:00:55',1,'App\\Models\\Tenant\\User',NULL,'0','desktop','0','0','0','0',NULL,NULL,NULL,'2023-02-15 00:00:55','2023-02-15 00:00:55'),(2940,1,'login','2023-02-15','00:00:56',1,'App\\Models\\Tenant\\User',NULL,'0','desktop','0','0','0','0',NULL,NULL,NULL,'2023-02-15 00:00:56','2023-02-15 00:00:56'),(2941,1,'login','2023-02-15','00:00:58',1,'App\\Models\\Tenant\\User',NULL,'0','desktop','0','0','0','0',NULL,NULL,NULL,'2023-02-15 00:00:58','2023-02-15 00:00:58'),(2942,1,'login','2023-02-15','00:30:03',1,'App\\Models\\Tenant\\User',NULL,'0','desktop','0','0','0','0',NULL,NULL,NULL,'2023-02-15 00:30:03','2023-02-15 00:30:03'),(2943,1,'login','2023-02-15','00:30:03',1,'App\\Models\\Tenant\\User',NULL,'0','desktop','0','0','0','0',NULL,NULL,NULL,'2023-02-15 00:30:03','2023-02-15 00:30:03'),(2944,1,'login','2023-02-15','00:30:16',1,'App\\Models\\Tenant\\User',NULL,'0','desktop','0','0','0','0',NULL,NULL,NULL,'2023-02-15 00:30:16','2023-02-15 00:30:16'),(2945,1,'login','2023-02-15','00:30:16',1,'App\\Models\\Tenant\\User',NULL,'0','desktop','0','0','0','0',NULL,NULL,NULL,'2023-02-15 00:30:16','2023-02-15 00:30:16'),(2946,1,'login','2023-02-15','00:30:17',1,'App\\Models\\Tenant\\User',NULL,'0','desktop','0','0','0','0',NULL,NULL,NULL,'2023-02-15 00:30:17','2023-02-15 00:30:17'),(2947,1,'login','2023-02-15','00:30:18',1,'App\\Models\\Tenant\\User',NULL,'0','desktop','0','0','0','0',NULL,NULL,NULL,'2023-02-15 00:30:18','2023-02-15 00:30:18'),(2948,1,'login','2023-02-15','00:30:18',1,'App\\Models\\Tenant\\User',NULL,'0','desktop','0','0','0','0',NULL,NULL,NULL,'2023-02-15 00:30:18','2023-02-15 00:30:18'),(2949,1,'login','2023-02-15','00:30:19',1,'App\\Models\\Tenant\\User',NULL,'0','desktop','0','0','0','0',NULL,NULL,NULL,'2023-02-15 00:30:19','2023-02-15 00:30:19'),(2950,1,'login','2023-02-15','00:30:20',1,'App\\Models\\Tenant\\User',NULL,'0','desktop','0','0','0','0',NULL,NULL,NULL,'2023-02-15 00:30:20','2023-02-15 00:30:20'),(2951,1,'login','2023-02-15','00:30:20',1,'App\\Models\\Tenant\\User',NULL,'0','desktop','0','0','0','0',NULL,NULL,NULL,'2023-02-15 00:30:20','2023-02-15 00:30:20'),(2952,1,'login','2023-02-15','00:30:21',1,'App\\Models\\Tenant\\User',NULL,'0','desktop','0','0','0','0',NULL,NULL,NULL,'2023-02-15 00:30:21','2023-02-15 00:30:21'),(2953,1,'login','2023-02-15','00:30:22',1,'App\\Models\\Tenant\\User',NULL,'0','desktop','0','0','0','0',NULL,NULL,NULL,'2023-02-15 00:30:22','2023-02-15 00:30:22'),(2954,1,'login','2023-02-15','00:30:22',1,'App\\Models\\Tenant\\User',NULL,'0','desktop','0','0','0','0',NULL,NULL,NULL,'2023-02-15 00:30:22','2023-02-15 00:30:22'),(2955,1,'login','2023-02-15','00:30:23',1,'App\\Models\\Tenant\\User',NULL,'0','desktop','0','0','0','0',NULL,NULL,NULL,'2023-02-15 00:30:23','2023-02-15 00:30:23'),(2956,1,'login','2023-02-15','00:30:23',1,'App\\Models\\Tenant\\User',NULL,'0','desktop','0','0','0','0',NULL,NULL,NULL,'2023-02-15 00:30:23','2023-02-15 00:30:23'),(2957,1,'login','2023-02-15','00:30:24',1,'App\\Models\\Tenant\\User',NULL,'0','desktop','0','0','0','0',NULL,NULL,NULL,'2023-02-15 00:30:24','2023-02-15 00:30:24'),(2958,3,'login','2023-02-15','12:33:23',3,'App\\Models\\Tenant\\User','190.235.160.220','WebKit','desktop','Windows','10.0','Edge','110.0.1587.46',NULL,NULL,'{\"country_name\":\"Peru\",\"country_code\":\"PE\",\"region_code\":\"LMA\",\"region_name\":\"Lima\",\"city_name\":\"Lima\",\"latitude\":\"-12.0464\",\"longitude\":\"-77.0428\",\"timezone\":\"America\\/Lima\"}','2023-02-15 12:33:23','2023-02-15 12:33:23'),(2959,3,'login','2023-02-15','14:38:46',3,'App\\Models\\Tenant\\User','190.235.160.220','WebKit','desktop','Windows','10.0','Edge','110.0.1587.46',NULL,NULL,'{\"country_name\":\"Peru\",\"country_code\":\"PE\",\"region_code\":\"LMA\",\"region_name\":\"Lima\",\"city_name\":\"Lima\",\"latitude\":\"-12.0464\",\"longitude\":\"-77.0428\",\"timezone\":\"America\\/Lima\"}','2023-02-15 14:38:46','2023-02-15 14:38:46'),(2960,1,'login','2023-02-16','00:00:04',1,'App\\Models\\Tenant\\User',NULL,'0','desktop','0','0','0','0',NULL,NULL,NULL,'2023-02-16 00:00:04','2023-02-16 00:00:04'),(2961,1,'login','2023-02-16','00:00:04',1,'App\\Models\\Tenant\\User',NULL,'0','desktop','0','0','0','0',NULL,NULL,NULL,'2023-02-16 00:00:04','2023-02-16 00:00:04'),(2962,1,'login','2023-02-16','00:00:51',1,'App\\Models\\Tenant\\User',NULL,'0','desktop','0','0','0','0',NULL,NULL,NULL,'2023-02-16 00:00:51','2023-02-16 00:00:51'),(2963,1,'login','2023-02-16','00:00:54',1,'App\\Models\\Tenant\\User',NULL,'0','desktop','0','0','0','0',NULL,NULL,NULL,'2023-02-16 00:00:54','2023-02-16 00:00:54'),(2964,1,'login','2023-02-16','00:00:55',1,'App\\Models\\Tenant\\User',NULL,'0','desktop','0','0','0','0',NULL,NULL,NULL,'2023-02-16 00:00:56','2023-02-16 00:00:56'),(2965,1,'login','2023-02-16','00:00:57',1,'App\\Models\\Tenant\\User',NULL,'0','desktop','0','0','0','0',NULL,NULL,NULL,'2023-02-16 00:00:57','2023-02-16 00:00:57'),(2966,1,'login','2023-02-16','00:00:58',1,'App\\Models\\Tenant\\User',NULL,'0','desktop','0','0','0','0',NULL,NULL,NULL,'2023-02-16 00:00:58','2023-02-16 00:00:58'),(2967,1,'login','2023-02-16','00:00:59',1,'App\\Models\\Tenant\\User',NULL,'0','desktop','0','0','0','0',NULL,NULL,NULL,'2023-02-16 00:00:59','2023-02-16 00:00:59'),(2968,1,'login','2023-02-16','00:30:02',1,'App\\Models\\Tenant\\User',NULL,'0','desktop','0','0','0','0',NULL,NULL,NULL,'2023-02-16 00:30:02','2023-02-16 00:30:02'),(2969,1,'login','2023-02-16','00:30:02',1,'App\\Models\\Tenant\\User',NULL,'0','desktop','0','0','0','0',NULL,NULL,NULL,'2023-02-16 00:30:02','2023-02-16 00:30:02'),(2970,1,'login','2023-02-16','00:30:13',1,'App\\Models\\Tenant\\User',NULL,'0','desktop','0','0','0','0',NULL,NULL,NULL,'2023-02-16 00:30:14','2023-02-16 00:30:14'),(2971,1,'login','2023-02-16','00:30:14',1,'App\\Models\\Tenant\\User',NULL,'0','desktop','0','0','0','0',NULL,NULL,NULL,'2023-02-16 00:30:14','2023-02-16 00:30:14'),(2972,1,'login','2023-02-16','00:30:15',1,'App\\Models\\Tenant\\User',NULL,'0','desktop','0','0','0','0',NULL,NULL,NULL,'2023-02-16 00:30:15','2023-02-16 00:30:15'),(2973,1,'login','2023-02-16','00:30:16',1,'App\\Models\\Tenant\\User',NULL,'0','desktop','0','0','0','0',NULL,NULL,NULL,'2023-02-16 00:30:16','2023-02-16 00:30:16'),(2974,1,'login','2023-02-16','00:30:16',1,'App\\Models\\Tenant\\User',NULL,'0','desktop','0','0','0','0',NULL,NULL,NULL,'2023-02-16 00:30:16','2023-02-16 00:30:16'),(2975,1,'login','2023-02-16','00:30:17',1,'App\\Models\\Tenant\\User',NULL,'0','desktop','0','0','0','0',NULL,NULL,NULL,'2023-02-16 00:30:17','2023-02-16 00:30:17'),(2976,1,'login','2023-02-16','00:30:18',1,'App\\Models\\Tenant\\User',NULL,'0','desktop','0','0','0','0',NULL,NULL,NULL,'2023-02-16 00:30:18','2023-02-16 00:30:18'),(2977,1,'login','2023-02-16','00:30:18',1,'App\\Models\\Tenant\\User',NULL,'0','desktop','0','0','0','0',NULL,NULL,NULL,'2023-02-16 00:30:18','2023-02-16 00:30:18'),(2978,1,'login','2023-02-16','00:30:19',1,'App\\Models\\Tenant\\User',NULL,'0','desktop','0','0','0','0',NULL,NULL,NULL,'2023-02-16 00:30:19','2023-02-16 00:30:19'),(2979,1,'login','2023-02-16','00:30:19',1,'App\\Models\\Tenant\\User',NULL,'0','desktop','0','0','0','0',NULL,NULL,NULL,'2023-02-16 00:30:19','2023-02-16 00:30:19'),(2980,1,'login','2023-02-16','00:30:20',1,'App\\Models\\Tenant\\User',NULL,'0','desktop','0','0','0','0',NULL,NULL,NULL,'2023-02-16 00:30:20','2023-02-16 00:30:20'),(2981,1,'login','2023-02-16','00:30:20',1,'App\\Models\\Tenant\\User',NULL,'0','desktop','0','0','0','0',NULL,NULL,NULL,'2023-02-16 00:30:20','2023-02-16 00:30:20'),(2982,1,'login','2023-02-16','00:30:21',1,'App\\Models\\Tenant\\User',NULL,'0','desktop','0','0','0','0',NULL,NULL,NULL,'2023-02-16 00:30:21','2023-02-16 00:30:21'),(2983,1,'login','2023-02-16','00:30:21',1,'App\\Models\\Tenant\\User',NULL,'0','desktop','0','0','0','0',NULL,NULL,NULL,'2023-02-16 00:30:21','2023-02-16 00:30:21'),(2984,3,'login','2023-02-16','10:15:41',3,'App\\Models\\Tenant\\User','190.235.160.220','WebKit','desktop','Windows','10.0','Edge','110.0.1587.46',NULL,NULL,'{\"country_name\":\"Peru\",\"country_code\":\"PE\",\"region_code\":\"LMA\",\"region_name\":\"Lima\",\"city_name\":\"Lima\",\"latitude\":\"-12.0464\",\"longitude\":\"-77.0428\",\"timezone\":\"America\\/Lima\"}','2023-02-16 10:15:41','2023-02-16 10:15:41'),(2985,3,'login','2023-02-16','12:58:36',3,'App\\Models\\Tenant\\User','190.235.160.220','WebKit','desktop','Windows','10.0','Edge','110.0.1587.46',NULL,NULL,'{\"country_name\":\"Peru\",\"country_code\":\"PE\",\"region_code\":\"LMA\",\"region_name\":\"Lima\",\"city_name\":\"Lima\",\"latitude\":\"-12.0464\",\"longitude\":\"-77.0428\",\"timezone\":\"America\\/Lima\"}','2023-02-16 12:58:36','2023-02-16 12:58:36'),(2986,2,'login','2023-02-16','12:58:52',2,'App\\Models\\Tenant\\User','190.235.160.220','WebKit','desktop','Windows','10.0','Chrome','110.0.0.0',NULL,NULL,'{\"country_name\":\"Peru\",\"country_code\":\"PE\",\"region_code\":\"LMA\",\"region_name\":\"Lima\",\"city_name\":\"Lima\",\"latitude\":\"-12.0464\",\"longitude\":\"-77.0428\",\"timezone\":\"America\\/Lima\"}','2023-02-16 12:58:52','2023-02-16 12:58:52'),(2987,1,'login','2023-02-16','17:10:17',1,'App\\Models\\Tenant\\User','190.236.1.236','WebKit','desktop','Windows','10.0','Chrome','110.0.0.0',NULL,NULL,'{\"country_name\":\"Peru\",\"country_code\":\"PE\",\"region_code\":\"LMA\",\"region_name\":\"Lima\",\"city_name\":\"Lima\",\"latitude\":\"-12.0464\",\"longitude\":\"-77.0428\",\"timezone\":\"America\\/Lima\"}','2023-02-16 17:10:17','2023-02-16 17:10:17'),(2988,3,'login','2023-02-16','17:52:51',3,'App\\Models\\Tenant\\User','190.235.160.220','WebKit','desktop','Windows','10.0','Edge','110.0.1587.46',NULL,NULL,'{\"country_name\":\"Peru\",\"country_code\":\"PE\",\"region_code\":\"LMA\",\"region_name\":\"Lima\",\"city_name\":\"Lima\",\"latitude\":\"-12.0464\",\"longitude\":\"-77.0428\",\"timezone\":\"America\\/Lima\"}','2023-02-16 17:52:51','2023-02-16 17:52:51'),(2989,1,'login','2023-02-17','00:00:03',1,'App\\Models\\Tenant\\User',NULL,'0','desktop','0','0','0','0',NULL,NULL,NULL,'2023-02-17 00:00:03','2023-02-17 00:00:03'),(2990,1,'login','2023-02-17','00:00:03',1,'App\\Models\\Tenant\\User',NULL,'0','desktop','0','0','0','0',NULL,NULL,NULL,'2023-02-17 00:00:03','2023-02-17 00:00:03'),(2991,1,'login','2023-02-17','00:00:37',1,'App\\Models\\Tenant\\User',NULL,'0','desktop','0','0','0','0',NULL,NULL,NULL,'2023-02-17 00:00:37','2023-02-17 00:00:37'),(2992,1,'login','2023-02-17','00:00:38',1,'App\\Models\\Tenant\\User',NULL,'0','desktop','0','0','0','0',NULL,NULL,NULL,'2023-02-17 00:00:38','2023-02-17 00:00:38'),(2993,1,'login','2023-02-17','00:00:39',1,'App\\Models\\Tenant\\User',NULL,'0','desktop','0','0','0','0',NULL,NULL,NULL,'2023-02-17 00:00:39','2023-02-17 00:00:39'),(2994,1,'login','2023-02-17','00:00:40',1,'App\\Models\\Tenant\\User',NULL,'0','desktop','0','0','0','0',NULL,NULL,NULL,'2023-02-17 00:00:40','2023-02-17 00:00:40'),(2995,1,'login','2023-02-17','00:00:41',1,'App\\Models\\Tenant\\User',NULL,'0','desktop','0','0','0','0',NULL,NULL,NULL,'2023-02-17 00:00:41','2023-02-17 00:00:41'),(2996,1,'login','2023-02-17','00:00:42',1,'App\\Models\\Tenant\\User',NULL,'0','desktop','0','0','0','0',NULL,NULL,NULL,'2023-02-17 00:00:42','2023-02-17 00:00:42'),(2997,1,'login','2023-02-17','00:00:43',1,'App\\Models\\Tenant\\User',NULL,'0','desktop','0','0','0','0',NULL,NULL,NULL,'2023-02-17 00:00:43','2023-02-17 00:00:43'),(2998,1,'login','2023-02-17','00:00:44',1,'App\\Models\\Tenant\\User',NULL,'0','desktop','0','0','0','0',NULL,NULL,NULL,'2023-02-17 00:00:44','2023-02-17 00:00:44'),(2999,1,'login','2023-02-17','00:00:45',1,'App\\Models\\Tenant\\User',NULL,'0','desktop','0','0','0','0',NULL,NULL,NULL,'2023-02-17 00:00:45','2023-02-17 00:00:45'),(3000,1,'login','2023-02-17','00:00:46',1,'App\\Models\\Tenant\\User',NULL,'0','desktop','0','0','0','0',NULL,NULL,NULL,'2023-02-17 00:00:46','2023-02-17 00:00:46'),(3001,1,'login','2023-02-17','00:00:48',1,'App\\Models\\Tenant\\User',NULL,'0','desktop','0','0','0','0',NULL,NULL,NULL,'2023-02-17 00:00:48','2023-02-17 00:00:48'),(3002,1,'login','2023-02-17','00:00:49',1,'App\\Models\\Tenant\\User',NULL,'0','desktop','0','0','0','0',NULL,NULL,NULL,'2023-02-17 00:00:49','2023-02-17 00:00:49'),(3003,1,'login','2023-02-17','00:00:50',1,'App\\Models\\Tenant\\User',NULL,'0','desktop','0','0','0','0',NULL,NULL,NULL,'2023-02-17 00:00:50','2023-02-17 00:00:50'),(3004,1,'login','2023-02-17','00:30:02',1,'App\\Models\\Tenant\\User',NULL,'0','desktop','0','0','0','0',NULL,NULL,NULL,'2023-02-17 00:30:02','2023-02-17 00:30:02'),(3005,1,'login','2023-02-17','00:30:02',1,'App\\Models\\Tenant\\User',NULL,'0','desktop','0','0','0','0',NULL,NULL,NULL,'2023-02-17 00:30:02','2023-02-17 00:30:02'),(3006,1,'login','2023-02-17','00:30:09',1,'App\\Models\\Tenant\\User',NULL,'0','desktop','0','0','0','0',NULL,NULL,NULL,'2023-02-17 00:30:09','2023-02-17 00:30:09'),(3007,1,'login','2023-02-17','00:30:09',1,'App\\Models\\Tenant\\User',NULL,'0','desktop','0','0','0','0',NULL,NULL,NULL,'2023-02-17 00:30:09','2023-02-17 00:30:09'),(3008,1,'login','2023-02-17','00:30:10',1,'App\\Models\\Tenant\\User',NULL,'0','desktop','0','0','0','0',NULL,NULL,NULL,'2023-02-17 00:30:10','2023-02-17 00:30:10'),(3009,1,'login','2023-02-17','00:30:11',1,'App\\Models\\Tenant\\User',NULL,'0','desktop','0','0','0','0',NULL,NULL,NULL,'2023-02-17 00:30:11','2023-02-17 00:30:11'),(3010,1,'login','2023-02-17','00:30:11',1,'App\\Models\\Tenant\\User',NULL,'0','desktop','0','0','0','0',NULL,NULL,NULL,'2023-02-17 00:30:11','2023-02-17 00:30:11'),(3011,1,'login','2023-02-17','00:30:12',1,'App\\Models\\Tenant\\User',NULL,'0','desktop','0','0','0','0',NULL,NULL,NULL,'2023-02-17 00:30:12','2023-02-17 00:30:12'),(3012,1,'login','2023-02-17','00:30:12',1,'App\\Models\\Tenant\\User',NULL,'0','desktop','0','0','0','0',NULL,NULL,NULL,'2023-02-17 00:30:12','2023-02-17 00:30:12'),(3013,1,'login','2023-02-17','00:30:13',1,'App\\Models\\Tenant\\User',NULL,'0','desktop','0','0','0','0',NULL,NULL,NULL,'2023-02-17 00:30:13','2023-02-17 00:30:13'),(3014,1,'login','2023-02-17','00:30:14',1,'App\\Models\\Tenant\\User',NULL,'0','desktop','0','0','0','0',NULL,NULL,NULL,'2023-02-17 00:30:14','2023-02-17 00:30:14'),(3015,1,'login','2023-02-17','00:30:14',1,'App\\Models\\Tenant\\User',NULL,'0','desktop','0','0','0','0',NULL,NULL,NULL,'2023-02-17 00:30:14','2023-02-17 00:30:14'),(3016,1,'login','2023-02-17','00:30:15',1,'App\\Models\\Tenant\\User',NULL,'0','desktop','0','0','0','0',NULL,NULL,NULL,'2023-02-17 00:30:15','2023-02-17 00:30:15'),(3017,1,'login','2023-02-17','00:30:15',1,'App\\Models\\Tenant\\User',NULL,'0','desktop','0','0','0','0',NULL,NULL,NULL,'2023-02-17 00:30:15','2023-02-17 00:30:15'),(3018,1,'login','2023-02-17','00:30:16',1,'App\\Models\\Tenant\\User',NULL,'0','desktop','0','0','0','0',NULL,NULL,NULL,'2023-02-17 00:30:16','2023-02-17 00:30:16'),(3019,3,'login','2023-02-17','11:27:14',3,'App\\Models\\Tenant\\User','190.235.160.220','WebKit','desktop','Windows','10.0','Edge','110.0.1587.46',NULL,NULL,'{\"country_name\":\"Peru\",\"country_code\":\"PE\",\"region_code\":\"LMA\",\"region_name\":\"Lima\",\"city_name\":\"Lima\",\"latitude\":\"-12.0464\",\"longitude\":\"-77.0428\",\"timezone\":\"America\\/Lima\"}','2023-02-17 11:27:14','2023-02-17 11:27:14'),(3020,1,'login','2023-02-18','00:00:03',1,'App\\Models\\Tenant\\User',NULL,'0','desktop','0','0','0','0',NULL,NULL,NULL,'2023-02-18 00:00:03','2023-02-18 00:00:03'),(3021,1,'login','2023-02-18','00:00:04',1,'App\\Models\\Tenant\\User',NULL,'0','desktop','0','0','0','0',NULL,NULL,NULL,'2023-02-18 00:00:04','2023-02-18 00:00:04'),(3022,1,'login','2023-02-18','00:00:54',1,'App\\Models\\Tenant\\User',NULL,'0','desktop','0','0','0','0',NULL,NULL,NULL,'2023-02-18 00:00:54','2023-02-18 00:00:54'),(3023,1,'login','2023-02-18','00:00:55',1,'App\\Models\\Tenant\\User',NULL,'0','desktop','0','0','0','0',NULL,NULL,NULL,'2023-02-18 00:00:55','2023-02-18 00:00:55'),(3024,1,'login','2023-02-18','00:00:56',1,'App\\Models\\Tenant\\User',NULL,'0','desktop','0','0','0','0',NULL,NULL,NULL,'2023-02-18 00:00:56','2023-02-18 00:00:56'),(3025,1,'login','2023-02-18','00:00:56',1,'App\\Models\\Tenant\\User',NULL,'0','desktop','0','0','0','0',NULL,NULL,NULL,'2023-02-18 00:00:56','2023-02-18 00:00:56'),(3026,1,'login','2023-02-18','00:00:57',1,'App\\Models\\Tenant\\User',NULL,'0','desktop','0','0','0','0',NULL,NULL,NULL,'2023-02-18 00:00:57','2023-02-18 00:00:57'),(3027,1,'login','2023-02-18','00:00:58',1,'App\\Models\\Tenant\\User',NULL,'0','desktop','0','0','0','0',NULL,NULL,NULL,'2023-02-18 00:00:58','2023-02-18 00:00:58'),(3028,1,'login','2023-02-18','00:30:02',1,'App\\Models\\Tenant\\User',NULL,'0','desktop','0','0','0','0',NULL,NULL,NULL,'2023-02-18 00:30:02','2023-02-18 00:30:02'),(3029,1,'login','2023-02-18','00:30:02',1,'App\\Models\\Tenant\\User',NULL,'0','desktop','0','0','0','0',NULL,NULL,NULL,'2023-02-18 00:30:02','2023-02-18 00:30:02'),(3030,1,'login','2023-02-18','00:30:10',1,'App\\Models\\Tenant\\User',NULL,'0','desktop','0','0','0','0',NULL,NULL,NULL,'2023-02-18 00:30:10','2023-02-18 00:30:10'),(3031,1,'login','2023-02-18','00:30:11',1,'App\\Models\\Tenant\\User',NULL,'0','desktop','0','0','0','0',NULL,NULL,NULL,'2023-02-18 00:30:11','2023-02-18 00:30:11'),(3032,1,'login','2023-02-18','00:30:12',1,'App\\Models\\Tenant\\User',NULL,'0','desktop','0','0','0','0',NULL,NULL,NULL,'2023-02-18 00:30:12','2023-02-18 00:30:12'),(3033,1,'login','2023-02-18','00:30:12',1,'App\\Models\\Tenant\\User',NULL,'0','desktop','0','0','0','0',NULL,NULL,NULL,'2023-02-18 00:30:12','2023-02-18 00:30:12'),(3034,1,'login','2023-02-18','00:30:13',1,'App\\Models\\Tenant\\User',NULL,'0','desktop','0','0','0','0',NULL,NULL,NULL,'2023-02-18 00:30:13','2023-02-18 00:30:13'),(3035,1,'login','2023-02-18','00:30:13',1,'App\\Models\\Tenant\\User',NULL,'0','desktop','0','0','0','0',NULL,NULL,NULL,'2023-02-18 00:30:13','2023-02-18 00:30:13'),(3036,1,'login','2023-02-18','00:30:14',1,'App\\Models\\Tenant\\User',NULL,'0','desktop','0','0','0','0',NULL,NULL,NULL,'2023-02-18 00:30:14','2023-02-18 00:30:14'),(3037,1,'login','2023-02-18','00:30:14',1,'App\\Models\\Tenant\\User',NULL,'0','desktop','0','0','0','0',NULL,NULL,NULL,'2023-02-18 00:30:14','2023-02-18 00:30:14'),(3038,1,'login','2023-02-18','00:30:15',1,'App\\Models\\Tenant\\User',NULL,'0','desktop','0','0','0','0',NULL,NULL,NULL,'2023-02-18 00:30:15','2023-02-18 00:30:15'),(3039,1,'login','2023-02-18','00:30:15',1,'App\\Models\\Tenant\\User',NULL,'0','desktop','0','0','0','0',NULL,NULL,NULL,'2023-02-18 00:30:15','2023-02-18 00:30:15'),(3040,1,'login','2023-02-18','00:30:15',1,'App\\Models\\Tenant\\User',NULL,'0','desktop','0','0','0','0',NULL,NULL,NULL,'2023-02-18 00:30:15','2023-02-18 00:30:15'),(3041,1,'login','2023-02-18','00:30:16',1,'App\\Models\\Tenant\\User',NULL,'0','desktop','0','0','0','0',NULL,NULL,NULL,'2023-02-18 00:30:16','2023-02-18 00:30:16'),(3042,1,'login','2023-02-18','00:30:16',1,'App\\Models\\Tenant\\User',NULL,'0','desktop','0','0','0','0',NULL,NULL,NULL,'2023-02-18 00:30:16','2023-02-18 00:30:16'),(3043,3,'login','2023-02-18','14:58:12',3,'App\\Models\\Tenant\\User','190.232.159.157','WebKit','desktop','Windows','10.0','Edge','110.0.1587.50',NULL,NULL,'{\"country_name\":\"Peru\",\"country_code\":\"PE\",\"region_code\":\"LIM\",\"region_name\":\"Lima region\",\"city_name\":\"Miraflores District\",\"latitude\":\"-12.1207\",\"longitude\":\"-77.0296\",\"timezone\":\"America\\/Lima\"}','2023-02-18 14:58:12','2023-02-18 14:58:12'),(3044,2,'login','2023-02-18','16:50:36',2,'App\\Models\\Tenant\\User','190.232.159.157','WebKit','desktop','Windows','10.0','Chrome','110.0.0.0',NULL,NULL,'{\"country_name\":\"Peru\",\"country_code\":\"PE\",\"region_code\":\"LIM\",\"region_name\":\"Lima region\",\"city_name\":\"Miraflores District\",\"latitude\":\"-12.1207\",\"longitude\":\"-77.0296\",\"timezone\":\"America\\/Lima\"}','2023-02-18 16:50:36','2023-02-18 16:50:36'),(3045,1,'login','2023-02-18','17:55:57',1,'App\\Models\\Tenant\\User','190.236.27.233','WebKit','desktop','Windows','10.0','Chrome','110.0.0.0',NULL,NULL,'{\"country_name\":\"Peru\",\"country_code\":\"PE\",\"region_code\":\"LAL\",\"region_name\":\"La Libertad\",\"city_name\":\"Trujillo\",\"latitude\":\"-8.1191\",\"longitude\":\"-79.0355\",\"timezone\":\"America\\/Lima\"}','2023-02-18 17:55:57','2023-02-18 17:55:57'),(3046,1,'login','2023-02-19','00:00:03',1,'App\\Models\\Tenant\\User',NULL,'0','desktop','0','0','0','0',NULL,NULL,NULL,'2023-02-19 00:00:03','2023-02-19 00:00:03'),(3047,1,'login','2023-02-19','00:00:03',1,'App\\Models\\Tenant\\User',NULL,'0','desktop','0','0','0','0',NULL,NULL,NULL,'2023-02-19 00:00:03','2023-02-19 00:00:03'),(3048,1,'login','2023-02-19','00:00:52',1,'App\\Models\\Tenant\\User',NULL,'0','desktop','0','0','0','0',NULL,NULL,NULL,'2023-02-19 00:00:52','2023-02-19 00:00:52'),(3049,1,'login','2023-02-19','00:00:54',1,'App\\Models\\Tenant\\User',NULL,'0','desktop','0','0','0','0',NULL,NULL,NULL,'2023-02-19 00:00:54','2023-02-19 00:00:54'),(3050,1,'login','2023-02-19','00:00:55',1,'App\\Models\\Tenant\\User',NULL,'0','desktop','0','0','0','0',NULL,NULL,NULL,'2023-02-19 00:00:55','2023-02-19 00:00:55'),(3051,1,'login','2023-02-19','00:00:56',1,'App\\Models\\Tenant\\User',NULL,'0','desktop','0','0','0','0',NULL,NULL,NULL,'2023-02-19 00:00:56','2023-02-19 00:00:56'),(3052,1,'login','2023-02-19','00:00:57',1,'App\\Models\\Tenant\\User',NULL,'0','desktop','0','0','0','0',NULL,NULL,NULL,'2023-02-19 00:00:57','2023-02-19 00:00:57'),(3053,1,'login','2023-02-19','00:00:58',1,'App\\Models\\Tenant\\User',NULL,'0','desktop','0','0','0','0',NULL,NULL,NULL,'2023-02-19 00:00:58','2023-02-19 00:00:58'),(3054,1,'login','2023-02-19','00:00:59',1,'App\\Models\\Tenant\\User',NULL,'0','desktop','0','0','0','0',NULL,NULL,NULL,'2023-02-19 00:00:59','2023-02-19 00:00:59'),(3055,1,'login','2023-02-19','00:30:02',1,'App\\Models\\Tenant\\User',NULL,'0','desktop','0','0','0','0',NULL,NULL,NULL,'2023-02-19 00:30:02','2023-02-19 00:30:02'),(3056,1,'login','2023-02-19','00:30:02',1,'App\\Models\\Tenant\\User',NULL,'0','desktop','0','0','0','0',NULL,NULL,NULL,'2023-02-19 00:30:02','2023-02-19 00:30:02'),(3057,1,'login','2023-02-19','00:30:08',1,'App\\Models\\Tenant\\User',NULL,'0','desktop','0','0','0','0',NULL,NULL,NULL,'2023-02-19 00:30:08','2023-02-19 00:30:08'),(3058,1,'login','2023-02-19','00:30:09',1,'App\\Models\\Tenant\\User',NULL,'0','desktop','0','0','0','0',NULL,NULL,NULL,'2023-02-19 00:30:09','2023-02-19 00:30:09'),(3059,1,'login','2023-02-19','00:30:10',1,'App\\Models\\Tenant\\User',NULL,'0','desktop','0','0','0','0',NULL,NULL,NULL,'2023-02-19 00:30:10','2023-02-19 00:30:10'),(3060,1,'login','2023-02-19','00:30:10',1,'App\\Models\\Tenant\\User',NULL,'0','desktop','0','0','0','0',NULL,NULL,NULL,'2023-02-19 00:30:10','2023-02-19 00:30:10'),(3061,1,'login','2023-02-19','00:30:11',1,'App\\Models\\Tenant\\User',NULL,'0','desktop','0','0','0','0',NULL,NULL,NULL,'2023-02-19 00:30:11','2023-02-19 00:30:11'),(3062,1,'login','2023-02-19','00:30:12',1,'App\\Models\\Tenant\\User',NULL,'0','desktop','0','0','0','0',NULL,NULL,NULL,'2023-02-19 00:30:12','2023-02-19 00:30:12'),(3063,1,'login','2023-02-19','00:30:12',1,'App\\Models\\Tenant\\User',NULL,'0','desktop','0','0','0','0',NULL,NULL,NULL,'2023-02-19 00:30:12','2023-02-19 00:30:12'),(3064,1,'login','2023-02-19','00:30:13',1,'App\\Models\\Tenant\\User',NULL,'0','desktop','0','0','0','0',NULL,NULL,NULL,'2023-02-19 00:30:13','2023-02-19 00:30:13'),(3065,1,'login','2023-02-19','00:30:14',1,'App\\Models\\Tenant\\User',NULL,'0','desktop','0','0','0','0',NULL,NULL,NULL,'2023-02-19 00:30:14','2023-02-19 00:30:14'),(3066,1,'login','2023-02-19','00:30:14',1,'App\\Models\\Tenant\\User',NULL,'0','desktop','0','0','0','0',NULL,NULL,NULL,'2023-02-19 00:30:14','2023-02-19 00:30:14'),(3067,1,'login','2023-02-19','00:30:15',1,'App\\Models\\Tenant\\User',NULL,'0','desktop','0','0','0','0',NULL,NULL,NULL,'2023-02-19 00:30:15','2023-02-19 00:30:15'),(3068,1,'login','2023-02-19','00:30:15',1,'App\\Models\\Tenant\\User',NULL,'0','desktop','0','0','0','0',NULL,NULL,NULL,'2023-02-19 00:30:15','2023-02-19 00:30:15'),(3069,1,'login','2023-02-19','00:30:16',1,'App\\Models\\Tenant\\User',NULL,'0','desktop','0','0','0','0',NULL,NULL,NULL,'2023-02-19 00:30:16','2023-02-19 00:30:16'),(3070,1,'login','2023-02-19','00:30:17',1,'App\\Models\\Tenant\\User',NULL,'0','desktop','0','0','0','0',NULL,NULL,NULL,'2023-02-19 00:30:17','2023-02-19 00:30:17'),(3071,3,'login','2023-02-19','11:18:21',3,'App\\Models\\Tenant\\User','190.232.159.157','WebKit','desktop','Windows','10.0','Edge','110.0.1587.50',NULL,NULL,'{\"country_name\":\"Peru\",\"country_code\":\"PE\",\"region_code\":\"LIM\",\"region_name\":\"Lima region\",\"city_name\":\"Miraflores District\",\"latitude\":\"-12.1207\",\"longitude\":\"-77.0296\",\"timezone\":\"America\\/Lima\"}','2023-02-19 11:18:21','2023-02-19 11:18:21'),(3072,3,'login','2023-02-19','13:35:49',3,'App\\Models\\Tenant\\User','190.232.159.157','WebKit','desktop','Windows','10.0','Edge','110.0.1587.50',NULL,NULL,'{\"country_name\":\"Peru\",\"country_code\":\"PE\",\"region_code\":\"LIM\",\"region_name\":\"Lima region\",\"city_name\":\"Miraflores District\",\"latitude\":\"-12.1207\",\"longitude\":\"-77.0296\",\"timezone\":\"America\\/Lima\"}','2023-02-19 13:35:49','2023-02-19 13:35:49'),(3073,1,'login','2023-02-20','00:00:02',1,'App\\Models\\Tenant\\User',NULL,'0','desktop','0','0','0','0',NULL,NULL,NULL,'2023-02-20 00:00:02','2023-02-20 00:00:02'),(3074,1,'login','2023-02-20','00:00:02',1,'App\\Models\\Tenant\\User',NULL,'0','desktop','0','0','0','0',NULL,NULL,NULL,'2023-02-20 00:00:02','2023-02-20 00:00:02'),(3075,1,'login','2023-02-20','00:00:38',1,'App\\Models\\Tenant\\User',NULL,'0','desktop','0','0','0','0',NULL,NULL,NULL,'2023-02-20 00:00:38','2023-02-20 00:00:38'),(3076,1,'login','2023-02-20','00:00:39',1,'App\\Models\\Tenant\\User',NULL,'0','desktop','0','0','0','0',NULL,NULL,NULL,'2023-02-20 00:00:39','2023-02-20 00:00:39'),(3077,1,'login','2023-02-20','00:00:40',1,'App\\Models\\Tenant\\User',NULL,'0','desktop','0','0','0','0',NULL,NULL,NULL,'2023-02-20 00:00:40','2023-02-20 00:00:40'),(3078,1,'login','2023-02-20','00:00:41',1,'App\\Models\\Tenant\\User',NULL,'0','desktop','0','0','0','0',NULL,NULL,NULL,'2023-02-20 00:00:41','2023-02-20 00:00:41'),(3079,1,'login','2023-02-20','00:00:42',1,'App\\Models\\Tenant\\User',NULL,'0','desktop','0','0','0','0',NULL,NULL,NULL,'2023-02-20 00:00:42','2023-02-20 00:00:42'),(3080,1,'login','2023-02-20','00:00:43',1,'App\\Models\\Tenant\\User',NULL,'0','desktop','0','0','0','0',NULL,NULL,NULL,'2023-02-20 00:00:43','2023-02-20 00:00:43'),(3081,1,'login','2023-02-20','00:00:44',1,'App\\Models\\Tenant\\User',NULL,'0','desktop','0','0','0','0',NULL,NULL,NULL,'2023-02-20 00:00:44','2023-02-20 00:00:44'),(3082,1,'login','2023-02-20','00:00:45',1,'App\\Models\\Tenant\\User',NULL,'0','desktop','0','0','0','0',NULL,NULL,NULL,'2023-02-20 00:00:45','2023-02-20 00:00:45'),(3083,1,'login','2023-02-20','00:00:46',1,'App\\Models\\Tenant\\User',NULL,'0','desktop','0','0','0','0',NULL,NULL,NULL,'2023-02-20 00:00:46','2023-02-20 00:00:46'),(3084,1,'login','2023-02-20','00:00:47',1,'App\\Models\\Tenant\\User',NULL,'0','desktop','0','0','0','0',NULL,NULL,NULL,'2023-02-20 00:00:47','2023-02-20 00:00:47'),(3085,1,'login','2023-02-20','00:00:47',1,'App\\Models\\Tenant\\User',NULL,'0','desktop','0','0','0','0',NULL,NULL,NULL,'2023-02-20 00:00:47','2023-02-20 00:00:47'),(3086,1,'login','2023-02-20','00:00:48',1,'App\\Models\\Tenant\\User',NULL,'0','desktop','0','0','0','0',NULL,NULL,NULL,'2023-02-20 00:00:48','2023-02-20 00:00:48'),(3087,1,'login','2023-02-20','00:00:49',1,'App\\Models\\Tenant\\User',NULL,'0','desktop','0','0','0','0',NULL,NULL,NULL,'2023-02-20 00:00:49','2023-02-20 00:00:49'),(3088,1,'login','2023-02-20','00:00:50',1,'App\\Models\\Tenant\\User',NULL,'0','desktop','0','0','0','0',NULL,NULL,NULL,'2023-02-20 00:00:50','2023-02-20 00:00:50'),(3089,1,'login','2023-02-20','00:30:03',1,'App\\Models\\Tenant\\User',NULL,'0','desktop','0','0','0','0',NULL,NULL,NULL,'2023-02-20 00:30:03','2023-02-20 00:30:03'),(3090,1,'login','2023-02-20','00:30:03',1,'App\\Models\\Tenant\\User',NULL,'0','desktop','0','0','0','0',NULL,NULL,NULL,'2023-02-20 00:30:03','2023-02-20 00:30:03'),(3091,1,'login','2023-02-20','00:30:09',1,'App\\Models\\Tenant\\User',NULL,'0','desktop','0','0','0','0',NULL,NULL,NULL,'2023-02-20 00:30:09','2023-02-20 00:30:09'),(3092,1,'login','2023-02-20','00:30:09',1,'App\\Models\\Tenant\\User',NULL,'0','desktop','0','0','0','0',NULL,NULL,NULL,'2023-02-20 00:30:09','2023-02-20 00:30:09'),(3093,1,'login','2023-02-20','00:30:10',1,'App\\Models\\Tenant\\User',NULL,'0','desktop','0','0','0','0',NULL,NULL,NULL,'2023-02-20 00:30:10','2023-02-20 00:30:10'),(3094,1,'login','2023-02-20','00:30:11',1,'App\\Models\\Tenant\\User',NULL,'0','desktop','0','0','0','0',NULL,NULL,NULL,'2023-02-20 00:30:11','2023-02-20 00:30:11'),(3095,1,'login','2023-02-20','00:30:11',1,'App\\Models\\Tenant\\User',NULL,'0','desktop','0','0','0','0',NULL,NULL,NULL,'2023-02-20 00:30:11','2023-02-20 00:30:11'),(3096,1,'login','2023-02-20','00:30:12',1,'App\\Models\\Tenant\\User',NULL,'0','desktop','0','0','0','0',NULL,NULL,NULL,'2023-02-20 00:30:12','2023-02-20 00:30:12'),(3097,1,'login','2023-02-20','00:30:13',1,'App\\Models\\Tenant\\User',NULL,'0','desktop','0','0','0','0',NULL,NULL,NULL,'2023-02-20 00:30:13','2023-02-20 00:30:13'),(3098,1,'login','2023-02-20','00:30:14',1,'App\\Models\\Tenant\\User',NULL,'0','desktop','0','0','0','0',NULL,NULL,NULL,'2023-02-20 00:30:14','2023-02-20 00:30:14'),(3099,1,'login','2023-02-20','00:30:14',1,'App\\Models\\Tenant\\User',NULL,'0','desktop','0','0','0','0',NULL,NULL,NULL,'2023-02-20 00:30:14','2023-02-20 00:30:14'),(3100,1,'login','2023-02-20','00:30:15',1,'App\\Models\\Tenant\\User',NULL,'0','desktop','0','0','0','0',NULL,NULL,NULL,'2023-02-20 00:30:15','2023-02-20 00:30:15'),(3101,1,'login','2023-02-20','00:30:15',1,'App\\Models\\Tenant\\User',NULL,'0','desktop','0','0','0','0',NULL,NULL,NULL,'2023-02-20 00:30:15','2023-02-20 00:30:15'),(3102,1,'login','2023-02-20','00:30:16',1,'App\\Models\\Tenant\\User',NULL,'0','desktop','0','0','0','0',NULL,NULL,NULL,'2023-02-20 00:30:16','2023-02-20 00:30:16'),(3103,1,'login','2023-02-20','00:30:17',1,'App\\Models\\Tenant\\User',NULL,'0','desktop','0','0','0','0',NULL,NULL,NULL,'2023-02-20 00:30:17','2023-02-20 00:30:17'),(3104,1,'login','2023-02-20','00:30:17',1,'App\\Models\\Tenant\\User',NULL,'0','desktop','0','0','0','0',NULL,NULL,NULL,'2023-02-20 00:30:17','2023-02-20 00:30:17'),(3105,3,'login','2023-02-20','15:52:15',3,'App\\Models\\Tenant\\User','190.235.160.42','WebKit','desktop','Windows','10.0','Edge','110.0.1587.50',NULL,NULL,'{\"country_name\":\"Peru\",\"country_code\":\"PE\",\"region_code\":\"LMA\",\"region_name\":\"Lima\",\"city_name\":\"Lima\",\"latitude\":\"-12.0464\",\"longitude\":\"-77.0428\",\"timezone\":\"America\\/Lima\"}','2023-02-20 15:52:15','2023-02-20 15:52:15'),(3106,1,'login','2023-02-21','00:00:06',1,'App\\Models\\Tenant\\User',NULL,'0','desktop','0','0','0','0',NULL,NULL,NULL,'2023-02-21 00:00:06','2023-02-21 00:00:06'),(3107,1,'login','2023-02-21','00:00:06',1,'App\\Models\\Tenant\\User',NULL,'0','desktop','0','0','0','0',NULL,NULL,NULL,'2023-02-21 00:00:06','2023-02-21 00:00:06'),(3108,1,'login','2023-02-21','00:30:03',1,'App\\Models\\Tenant\\User',NULL,'0','desktop','0','0','0','0',NULL,NULL,NULL,'2023-02-21 00:30:03','2023-02-21 00:30:03'),(3109,1,'login','2023-02-21','00:30:03',1,'App\\Models\\Tenant\\User',NULL,'0','desktop','0','0','0','0',NULL,NULL,NULL,'2023-02-21 00:30:03','2023-02-21 00:30:03'),(3110,1,'login','2023-02-21','00:30:22',1,'App\\Models\\Tenant\\User',NULL,'0','desktop','0','0','0','0',NULL,NULL,NULL,'2023-02-21 00:30:22','2023-02-21 00:30:22'),(3111,1,'login','2023-02-21','00:30:23',1,'App\\Models\\Tenant\\User',NULL,'0','desktop','0','0','0','0',NULL,NULL,NULL,'2023-02-21 00:30:23','2023-02-21 00:30:23'),(3112,1,'login','2023-02-21','00:30:23',1,'App\\Models\\Tenant\\User',NULL,'0','desktop','0','0','0','0',NULL,NULL,NULL,'2023-02-21 00:30:23','2023-02-21 00:30:23'),(3113,1,'login','2023-02-21','00:30:24',1,'App\\Models\\Tenant\\User',NULL,'0','desktop','0','0','0','0',NULL,NULL,NULL,'2023-02-21 00:30:24','2023-02-21 00:30:24'),(3114,1,'login','2023-02-21','00:30:25',1,'App\\Models\\Tenant\\User',NULL,'0','desktop','0','0','0','0',NULL,NULL,NULL,'2023-02-21 00:30:25','2023-02-21 00:30:25'),(3115,1,'login','2023-02-21','00:30:25',1,'App\\Models\\Tenant\\User',NULL,'0','desktop','0','0','0','0',NULL,NULL,NULL,'2023-02-21 00:30:25','2023-02-21 00:30:25'),(3116,1,'login','2023-02-21','00:30:26',1,'App\\Models\\Tenant\\User',NULL,'0','desktop','0','0','0','0',NULL,NULL,NULL,'2023-02-21 00:30:26','2023-02-21 00:30:26'),(3117,1,'login','2023-02-21','00:30:26',1,'App\\Models\\Tenant\\User',NULL,'0','desktop','0','0','0','0',NULL,NULL,NULL,'2023-02-21 00:30:26','2023-02-21 00:30:26'),(3118,1,'login','2023-02-21','00:30:27',1,'App\\Models\\Tenant\\User',NULL,'0','desktop','0','0','0','0',NULL,NULL,NULL,'2023-02-21 00:30:27','2023-02-21 00:30:27'),(3119,1,'login','2023-02-21','00:30:27',1,'App\\Models\\Tenant\\User',NULL,'0','desktop','0','0','0','0',NULL,NULL,NULL,'2023-02-21 00:30:27','2023-02-21 00:30:27'),(3120,1,'login','2023-02-21','00:30:28',1,'App\\Models\\Tenant\\User',NULL,'0','desktop','0','0','0','0',NULL,NULL,NULL,'2023-02-21 00:30:28','2023-02-21 00:30:28'),(3121,1,'login','2023-02-21','00:30:28',1,'App\\Models\\Tenant\\User',NULL,'0','desktop','0','0','0','0',NULL,NULL,NULL,'2023-02-21 00:30:28','2023-02-21 00:30:28'),(3122,1,'login','2023-02-21','00:30:29',1,'App\\Models\\Tenant\\User',NULL,'0','desktop','0','0','0','0',NULL,NULL,NULL,'2023-02-21 00:30:29','2023-02-21 00:30:29'),(3123,1,'login','2023-02-21','00:30:30',1,'App\\Models\\Tenant\\User',NULL,'0','desktop','0','0','0','0',NULL,NULL,NULL,'2023-02-21 00:30:30','2023-02-21 00:30:30'),(3124,3,'login','2023-02-21','11:00:59',3,'App\\Models\\Tenant\\User','190.235.160.42','WebKit','desktop','Windows','10.0','Edge','110.0.1587.50',NULL,NULL,'{\"country_name\":\"Peru\",\"country_code\":\"PE\",\"region_code\":\"LMA\",\"region_name\":\"Lima\",\"city_name\":\"Lima\",\"latitude\":\"-12.0464\",\"longitude\":\"-77.0428\",\"timezone\":\"America\\/Lima\"}','2023-02-21 11:00:59','2023-02-21 11:00:59'),(3125,3,'login','2023-02-21','11:01:15',3,'App\\Models\\Tenant\\User','190.235.160.42','WebKit','desktop','Windows','10.0','Edge','110.0.1587.50',NULL,NULL,'{\"country_name\":\"Peru\",\"country_code\":\"PE\",\"region_code\":\"LMA\",\"region_name\":\"Lima\",\"city_name\":\"Lima\",\"latitude\":\"-12.0464\",\"longitude\":\"-77.0428\",\"timezone\":\"America\\/Lima\"}','2023-02-21 11:01:15','2023-02-21 11:01:15'),(3126,3,'login','2023-02-21','15:29:34',3,'App\\Models\\Tenant\\User','190.235.160.42','WebKit','desktop','Windows','10.0','Edge','110.0.1587.50',NULL,NULL,'{\"country_name\":\"Peru\",\"country_code\":\"PE\",\"region_code\":\"LMA\",\"region_name\":\"Lima\",\"city_name\":\"Lima\",\"latitude\":\"-12.0464\",\"longitude\":\"-77.0428\",\"timezone\":\"America\\/Lima\"}','2023-02-21 15:29:34','2023-02-21 15:29:34'),(3127,1,'login','2023-02-22','00:00:04',1,'App\\Models\\Tenant\\User',NULL,'0','desktop','0','0','0','0',NULL,NULL,NULL,'2023-02-22 00:00:04','2023-02-22 00:00:04'),(3128,1,'login','2023-02-22','00:00:04',1,'App\\Models\\Tenant\\User',NULL,'0','desktop','0','0','0','0',NULL,NULL,NULL,'2023-02-22 00:00:04','2023-02-22 00:00:04'),(3129,1,'login','2023-02-22','00:00:56',1,'App\\Models\\Tenant\\User',NULL,'0','desktop','0','0','0','0',NULL,NULL,NULL,'2023-02-22 00:00:56','2023-02-22 00:00:56'),(3130,1,'login','2023-02-22','00:00:58',1,'App\\Models\\Tenant\\User',NULL,'0','desktop','0','0','0','0',NULL,NULL,NULL,'2023-02-22 00:00:58','2023-02-22 00:00:58'),(3131,1,'login','2023-02-22','00:00:59',1,'App\\Models\\Tenant\\User',NULL,'0','desktop','0','0','0','0',NULL,NULL,NULL,'2023-02-22 00:00:59','2023-02-22 00:00:59'),(3132,1,'login','2023-02-22','00:30:02',1,'App\\Models\\Tenant\\User',NULL,'0','desktop','0','0','0','0',NULL,NULL,NULL,'2023-02-22 00:30:02','2023-02-22 00:30:02'),(3133,1,'login','2023-02-22','00:30:02',1,'App\\Models\\Tenant\\User',NULL,'0','desktop','0','0','0','0',NULL,NULL,NULL,'2023-02-22 00:30:02','2023-02-22 00:30:02'),(3134,1,'login','2023-02-22','00:30:10',1,'App\\Models\\Tenant\\User',NULL,'0','desktop','0','0','0','0',NULL,NULL,NULL,'2023-02-22 00:30:10','2023-02-22 00:30:10'),(3135,1,'login','2023-02-22','00:30:11',1,'App\\Models\\Tenant\\User',NULL,'0','desktop','0','0','0','0',NULL,NULL,NULL,'2023-02-22 00:30:11','2023-02-22 00:30:11'),(3136,1,'login','2023-02-22','00:30:12',1,'App\\Models\\Tenant\\User',NULL,'0','desktop','0','0','0','0',NULL,NULL,NULL,'2023-02-22 00:30:12','2023-02-22 00:30:12'),(3137,1,'login','2023-02-22','00:30:13',1,'App\\Models\\Tenant\\User',NULL,'0','desktop','0','0','0','0',NULL,NULL,NULL,'2023-02-22 00:30:13','2023-02-22 00:30:13'),(3138,1,'login','2023-02-22','00:30:14',1,'App\\Models\\Tenant\\User',NULL,'0','desktop','0','0','0','0',NULL,NULL,NULL,'2023-02-22 00:30:14','2023-02-22 00:30:14'),(3139,1,'login','2023-02-22','00:30:15',1,'App\\Models\\Tenant\\User',NULL,'0','desktop','0','0','0','0',NULL,NULL,NULL,'2023-02-22 00:30:15','2023-02-22 00:30:15'),(3140,1,'login','2023-02-22','00:30:16',1,'App\\Models\\Tenant\\User',NULL,'0','desktop','0','0','0','0',NULL,NULL,NULL,'2023-02-22 00:30:16','2023-02-22 00:30:16'),(3141,1,'login','2023-02-22','00:30:17',1,'App\\Models\\Tenant\\User',NULL,'0','desktop','0','0','0','0',NULL,NULL,NULL,'2023-02-22 00:30:17','2023-02-22 00:30:17'),(3142,1,'login','2023-02-22','00:30:18',1,'App\\Models\\Tenant\\User',NULL,'0','desktop','0','0','0','0',NULL,NULL,NULL,'2023-02-22 00:30:18','2023-02-22 00:30:18'),(3143,1,'login','2023-02-22','00:30:18',1,'App\\Models\\Tenant\\User',NULL,'0','desktop','0','0','0','0',NULL,NULL,NULL,'2023-02-22 00:30:18','2023-02-22 00:30:18'),(3144,1,'login','2023-02-22','00:30:18',1,'App\\Models\\Tenant\\User',NULL,'0','desktop','0','0','0','0',NULL,NULL,NULL,'2023-02-22 00:30:18','2023-02-22 00:30:18'),(3145,1,'login','2023-02-22','00:30:19',1,'App\\Models\\Tenant\\User',NULL,'0','desktop','0','0','0','0',NULL,NULL,NULL,'2023-02-22 00:30:19','2023-02-22 00:30:19'),(3146,1,'login','2023-02-22','00:30:20',1,'App\\Models\\Tenant\\User',NULL,'0','desktop','0','0','0','0',NULL,NULL,NULL,'2023-02-22 00:30:20','2023-02-22 00:30:20'),(3147,1,'login','2023-02-22','00:30:20',1,'App\\Models\\Tenant\\User',NULL,'0','desktop','0','0','0','0',NULL,NULL,NULL,'2023-02-22 00:30:20','2023-02-22 00:30:20'),(3148,3,'login','2023-02-22','15:48:36',3,'App\\Models\\Tenant\\User','190.239.247.155','WebKit','desktop','Windows','10.0','Edge','110.0.1587.50',NULL,NULL,'{\"country_name\":\"Peru\",\"country_code\":\"PE\",\"region_code\":\"LMA\",\"region_name\":\"Lima\",\"city_name\":\"Lima\",\"latitude\":\"-12.0464\",\"longitude\":\"-77.0428\",\"timezone\":\"America\\/Lima\"}','2023-02-22 15:48:36','2023-02-22 15:48:36'),(3149,1,'login','2023-02-23','00:00:04',1,'App\\Models\\Tenant\\User',NULL,'0','desktop','0','0','0','0',NULL,NULL,NULL,'2023-02-23 00:00:04','2023-02-23 00:00:04'),(3150,1,'login','2023-02-23','00:00:04',1,'App\\Models\\Tenant\\User',NULL,'0','desktop','0','0','0','0',NULL,NULL,NULL,'2023-02-23 00:00:04','2023-02-23 00:00:04'),(3151,1,'login','2023-02-23','00:00:42',1,'App\\Models\\Tenant\\User',NULL,'0','desktop','0','0','0','0',NULL,NULL,NULL,'2023-02-23 00:00:42','2023-02-23 00:00:42'),(3152,1,'login','2023-02-23','00:00:43',1,'App\\Models\\Tenant\\User',NULL,'0','desktop','0','0','0','0',NULL,NULL,NULL,'2023-02-23 00:00:43','2023-02-23 00:00:43'),(3153,1,'login','2023-02-23','00:00:44',1,'App\\Models\\Tenant\\User',NULL,'0','desktop','0','0','0','0',NULL,NULL,NULL,'2023-02-23 00:00:44','2023-02-23 00:00:44'),(3154,1,'login','2023-02-23','00:00:45',1,'App\\Models\\Tenant\\User',NULL,'0','desktop','0','0','0','0',NULL,NULL,NULL,'2023-02-23 00:00:45','2023-02-23 00:00:45'),(3155,1,'login','2023-02-23','00:00:46',1,'App\\Models\\Tenant\\User',NULL,'0','desktop','0','0','0','0',NULL,NULL,NULL,'2023-02-23 00:00:46','2023-02-23 00:00:46'),(3156,1,'login','2023-02-23','00:00:47',1,'App\\Models\\Tenant\\User',NULL,'0','desktop','0','0','0','0',NULL,NULL,NULL,'2023-02-23 00:00:47','2023-02-23 00:00:47'),(3157,1,'login','2023-02-23','00:00:48',1,'App\\Models\\Tenant\\User',NULL,'0','desktop','0','0','0','0',NULL,NULL,NULL,'2023-02-23 00:00:48','2023-02-23 00:00:48'),(3158,1,'login','2023-02-23','00:00:49',1,'App\\Models\\Tenant\\User',NULL,'0','desktop','0','0','0','0',NULL,NULL,NULL,'2023-02-23 00:00:49','2023-02-23 00:00:49'),(3159,1,'login','2023-02-23','00:00:50',1,'App\\Models\\Tenant\\User',NULL,'0','desktop','0','0','0','0',NULL,NULL,NULL,'2023-02-23 00:00:50','2023-02-23 00:00:50'),(3160,1,'login','2023-02-23','00:00:51',1,'App\\Models\\Tenant\\User',NULL,'0','desktop','0','0','0','0',NULL,NULL,NULL,'2023-02-23 00:00:51','2023-02-23 00:00:51'),(3161,1,'login','2023-02-23','00:00:53',1,'App\\Models\\Tenant\\User',NULL,'0','desktop','0','0','0','0',NULL,NULL,NULL,'2023-02-23 00:00:53','2023-02-23 00:00:53'),(3162,1,'login','2023-02-23','00:00:55',1,'App\\Models\\Tenant\\User',NULL,'0','desktop','0','0','0','0',NULL,NULL,NULL,'2023-02-23 00:00:55','2023-02-23 00:00:55'),(3163,1,'login','2023-02-23','00:00:56',1,'App\\Models\\Tenant\\User',NULL,'0','desktop','0','0','0','0',NULL,NULL,NULL,'2023-02-23 00:00:56','2023-02-23 00:00:56'),(3164,1,'login','2023-02-23','00:00:57',1,'App\\Models\\Tenant\\User',NULL,'0','desktop','0','0','0','0',NULL,NULL,NULL,'2023-02-23 00:00:57','2023-02-23 00:00:57'),(3165,1,'login','2023-02-23','00:30:03',1,'App\\Models\\Tenant\\User',NULL,'0','desktop','0','0','0','0',NULL,NULL,NULL,'2023-02-23 00:30:03','2023-02-23 00:30:03'),(3166,1,'login','2023-02-23','00:30:03',1,'App\\Models\\Tenant\\User',NULL,'0','desktop','0','0','0','0',NULL,NULL,NULL,'2023-02-23 00:30:03','2023-02-23 00:30:03'),(3167,1,'login','2023-02-23','00:30:11',1,'App\\Models\\Tenant\\User',NULL,'0','desktop','0','0','0','0',NULL,NULL,NULL,'2023-02-23 00:30:11','2023-02-23 00:30:11'),(3168,1,'login','2023-02-23','00:30:12',1,'App\\Models\\Tenant\\User',NULL,'0','desktop','0','0','0','0',NULL,NULL,NULL,'2023-02-23 00:30:12','2023-02-23 00:30:12'),(3169,1,'login','2023-02-23','00:30:13',1,'App\\Models\\Tenant\\User',NULL,'0','desktop','0','0','0','0',NULL,NULL,NULL,'2023-02-23 00:30:13','2023-02-23 00:30:13'),(3170,1,'login','2023-02-23','00:30:13',1,'App\\Models\\Tenant\\User',NULL,'0','desktop','0','0','0','0',NULL,NULL,NULL,'2023-02-23 00:30:13','2023-02-23 00:30:13'),(3171,1,'login','2023-02-23','00:30:14',1,'App\\Models\\Tenant\\User',NULL,'0','desktop','0','0','0','0',NULL,NULL,NULL,'2023-02-23 00:30:14','2023-02-23 00:30:14'),(3172,1,'login','2023-02-23','00:30:15',1,'App\\Models\\Tenant\\User',NULL,'0','desktop','0','0','0','0',NULL,NULL,NULL,'2023-02-23 00:30:15','2023-02-23 00:30:15'),(3173,1,'login','2023-02-23','00:30:15',1,'App\\Models\\Tenant\\User',NULL,'0','desktop','0','0','0','0',NULL,NULL,NULL,'2023-02-23 00:30:15','2023-02-23 00:30:15'),(3174,1,'login','2023-02-23','00:30:16',1,'App\\Models\\Tenant\\User',NULL,'0','desktop','0','0','0','0',NULL,NULL,NULL,'2023-02-23 00:30:16','2023-02-23 00:30:16'),(3175,1,'login','2023-02-23','00:30:17',1,'App\\Models\\Tenant\\User',NULL,'0','desktop','0','0','0','0',NULL,NULL,NULL,'2023-02-23 00:30:17','2023-02-23 00:30:17'),(3176,1,'login','2023-02-23','00:30:18',1,'App\\Models\\Tenant\\User',NULL,'0','desktop','0','0','0','0',NULL,NULL,NULL,'2023-02-23 00:30:18','2023-02-23 00:30:18'),(3177,1,'login','2023-02-23','00:30:18',1,'App\\Models\\Tenant\\User',NULL,'0','desktop','0','0','0','0',NULL,NULL,NULL,'2023-02-23 00:30:18','2023-02-23 00:30:18'),(3178,1,'login','2023-02-23','00:30:19',1,'App\\Models\\Tenant\\User',NULL,'0','desktop','0','0','0','0',NULL,NULL,NULL,'2023-02-23 00:30:19','2023-02-23 00:30:19'),(3179,1,'login','2023-02-23','00:30:20',1,'App\\Models\\Tenant\\User',NULL,'0','desktop','0','0','0','0',NULL,NULL,NULL,'2023-02-23 00:30:20','2023-02-23 00:30:20'),(3180,1,'login','2023-02-23','00:30:20',1,'App\\Models\\Tenant\\User',NULL,'0','desktop','0','0','0','0',NULL,NULL,NULL,'2023-02-23 00:30:20','2023-02-23 00:30:20'),(3181,3,'login','2023-02-23','09:47:04',3,'App\\Models\\Tenant\\User','190.239.247.155','WebKit','desktop','Windows','10.0','Edge','110.0.1587.50',NULL,NULL,'{\"country_name\":\"Peru\",\"country_code\":\"PE\",\"region_code\":\"LMA\",\"region_name\":\"Lima\",\"city_name\":\"Lima\",\"latitude\":\"-12.0464\",\"longitude\":\"-77.0428\",\"timezone\":\"America\\/Lima\"}','2023-02-23 09:47:04','2023-02-23 09:47:04'),(3182,3,'login','2023-02-23','18:33:49',3,'App\\Models\\Tenant\\User','190.239.247.155','WebKit','desktop','Windows','10.0','Edge','110.0.1587.50',NULL,NULL,'{\"country_name\":\"Peru\",\"country_code\":\"PE\",\"region_code\":\"LMA\",\"region_name\":\"Lima\",\"city_name\":\"Lima\",\"latitude\":\"-12.0464\",\"longitude\":\"-77.0428\",\"timezone\":\"America\\/Lima\"}','2023-02-23 18:33:49','2023-02-23 18:33:49'),(3183,1,'login','2023-02-24','00:00:04',1,'App\\Models\\Tenant\\User',NULL,'0','desktop','0','0','0','0',NULL,NULL,NULL,'2023-02-24 00:00:04','2023-02-24 00:00:04'),(3184,1,'login','2023-02-24','00:00:04',1,'App\\Models\\Tenant\\User',NULL,'0','desktop','0','0','0','0',NULL,NULL,NULL,'2023-02-24 00:00:04','2023-02-24 00:00:04'),(3185,1,'login','2023-02-24','00:30:02',1,'App\\Models\\Tenant\\User',NULL,'0','desktop','0','0','0','0',NULL,NULL,NULL,'2023-02-24 00:30:02','2023-02-24 00:30:02'),(3186,1,'login','2023-02-24','00:30:02',1,'App\\Models\\Tenant\\User',NULL,'0','desktop','0','0','0','0',NULL,NULL,NULL,'2023-02-24 00:30:02','2023-02-24 00:30:02'),(3187,1,'login','2023-02-24','00:30:15',1,'App\\Models\\Tenant\\User',NULL,'0','desktop','0','0','0','0',NULL,NULL,NULL,'2023-02-24 00:30:15','2023-02-24 00:30:15'),(3188,1,'login','2023-02-24','00:30:16',1,'App\\Models\\Tenant\\User',NULL,'0','desktop','0','0','0','0',NULL,NULL,NULL,'2023-02-24 00:30:16','2023-02-24 00:30:16'),(3189,1,'login','2023-02-24','00:30:17',1,'App\\Models\\Tenant\\User',NULL,'0','desktop','0','0','0','0',NULL,NULL,NULL,'2023-02-24 00:30:17','2023-02-24 00:30:17'),(3190,1,'login','2023-02-24','00:30:18',1,'App\\Models\\Tenant\\User',NULL,'0','desktop','0','0','0','0',NULL,NULL,NULL,'2023-02-24 00:30:18','2023-02-24 00:30:18'),(3191,1,'login','2023-02-24','00:30:19',1,'App\\Models\\Tenant\\User',NULL,'0','desktop','0','0','0','0',NULL,NULL,NULL,'2023-02-24 00:30:19','2023-02-24 00:30:19'),(3192,1,'login','2023-02-24','00:30:19',1,'App\\Models\\Tenant\\User',NULL,'0','desktop','0','0','0','0',NULL,NULL,NULL,'2023-02-24 00:30:19','2023-02-24 00:30:19'),(3193,1,'login','2023-02-24','00:30:20',1,'App\\Models\\Tenant\\User',NULL,'0','desktop','0','0','0','0',NULL,NULL,NULL,'2023-02-24 00:30:20','2023-02-24 00:30:20'),(3194,1,'login','2023-02-24','00:30:20',1,'App\\Models\\Tenant\\User',NULL,'0','desktop','0','0','0','0',NULL,NULL,NULL,'2023-02-24 00:30:20','2023-02-24 00:30:20'),(3195,1,'login','2023-02-24','00:30:21',1,'App\\Models\\Tenant\\User',NULL,'0','desktop','0','0','0','0',NULL,NULL,NULL,'2023-02-24 00:30:21','2023-02-24 00:30:21'),(3196,1,'login','2023-02-24','00:30:22',1,'App\\Models\\Tenant\\User',NULL,'0','desktop','0','0','0','0',NULL,NULL,NULL,'2023-02-24 00:30:22','2023-02-24 00:30:22'),(3197,1,'login','2023-02-24','00:30:22',1,'App\\Models\\Tenant\\User',NULL,'0','desktop','0','0','0','0',NULL,NULL,NULL,'2023-02-24 00:30:22','2023-02-24 00:30:22'),(3198,1,'login','2023-02-24','00:30:23',1,'App\\Models\\Tenant\\User',NULL,'0','desktop','0','0','0','0',NULL,NULL,NULL,'2023-02-24 00:30:23','2023-02-24 00:30:23'),(3199,1,'login','2023-02-24','00:30:24',1,'App\\Models\\Tenant\\User',NULL,'0','desktop','0','0','0','0',NULL,NULL,NULL,'2023-02-24 00:30:24','2023-02-24 00:30:24'),(3200,1,'login','2023-02-24','00:30:24',1,'App\\Models\\Tenant\\User',NULL,'0','desktop','0','0','0','0',NULL,NULL,NULL,'2023-02-24 00:30:24','2023-02-24 00:30:24'),(3201,3,'login','2023-02-24','11:58:15',3,'App\\Models\\Tenant\\User','190.239.247.155','WebKit','desktop','Windows','10.0','Edge','110.0.1587.56',NULL,NULL,'{\"country_name\":\"Peru\",\"country_code\":\"PE\",\"region_code\":\"LMA\",\"region_name\":\"Lima\",\"city_name\":\"Lima\",\"latitude\":\"-12.0464\",\"longitude\":\"-77.0428\",\"timezone\":\"America\\/Lima\"}','2023-02-24 11:58:15','2023-02-24 11:58:15'),(3202,1,'login','2023-02-25','00:00:03',1,'App\\Models\\Tenant\\User',NULL,'0','desktop','0','0','0','0',NULL,NULL,NULL,'2023-02-25 00:00:03','2023-02-25 00:00:03'),(3203,1,'login','2023-02-25','00:00:03',1,'App\\Models\\Tenant\\User',NULL,'0','desktop','0','0','0','0',NULL,NULL,NULL,'2023-02-25 00:00:03','2023-02-25 00:00:03'),(3204,1,'login','2023-02-25','00:00:42',1,'App\\Models\\Tenant\\User',NULL,'0','desktop','0','0','0','0',NULL,NULL,NULL,'2023-02-25 00:00:42','2023-02-25 00:00:42'),(3205,1,'login','2023-02-25','00:00:44',1,'App\\Models\\Tenant\\User',NULL,'0','desktop','0','0','0','0',NULL,NULL,NULL,'2023-02-25 00:00:44','2023-02-25 00:00:44'),(3206,1,'login','2023-02-25','00:00:45',1,'App\\Models\\Tenant\\User',NULL,'0','desktop','0','0','0','0',NULL,NULL,NULL,'2023-02-25 00:00:45','2023-02-25 00:00:45'),(3207,1,'login','2023-02-25','00:00:47',1,'App\\Models\\Tenant\\User',NULL,'0','desktop','0','0','0','0',NULL,NULL,NULL,'2023-02-25 00:00:47','2023-02-25 00:00:47'),(3208,1,'login','2023-02-25','00:00:48',1,'App\\Models\\Tenant\\User',NULL,'0','desktop','0','0','0','0',NULL,NULL,NULL,'2023-02-25 00:00:48','2023-02-25 00:00:48'),(3209,1,'login','2023-02-25','00:00:49',1,'App\\Models\\Tenant\\User',NULL,'0','desktop','0','0','0','0',NULL,NULL,NULL,'2023-02-25 00:00:49','2023-02-25 00:00:49'),(3210,1,'login','2023-02-25','00:00:50',1,'App\\Models\\Tenant\\User',NULL,'0','desktop','0','0','0','0',NULL,NULL,NULL,'2023-02-25 00:00:50','2023-02-25 00:00:50'),(3211,1,'login','2023-02-25','00:00:51',1,'App\\Models\\Tenant\\User',NULL,'0','desktop','0','0','0','0',NULL,NULL,NULL,'2023-02-25 00:00:51','2023-02-25 00:00:51'),(3212,1,'login','2023-02-25','00:00:53',1,'App\\Models\\Tenant\\User',NULL,'0','desktop','0','0','0','0',NULL,NULL,NULL,'2023-02-25 00:00:53','2023-02-25 00:00:53'),(3213,1,'login','2023-02-25','00:00:54',1,'App\\Models\\Tenant\\User',NULL,'0','desktop','0','0','0','0',NULL,NULL,NULL,'2023-02-25 00:00:54','2023-02-25 00:00:54'),(3214,1,'login','2023-02-25','00:00:55',1,'App\\Models\\Tenant\\User',NULL,'0','desktop','0','0','0','0',NULL,NULL,NULL,'2023-02-25 00:00:55','2023-02-25 00:00:55'),(3215,1,'login','2023-02-25','00:00:57',1,'App\\Models\\Tenant\\User',NULL,'0','desktop','0','0','0','0',NULL,NULL,NULL,'2023-02-25 00:00:57','2023-02-25 00:00:57'),(3216,1,'login','2023-02-25','00:00:58',1,'App\\Models\\Tenant\\User',NULL,'0','desktop','0','0','0','0',NULL,NULL,NULL,'2023-02-25 00:00:58','2023-02-25 00:00:58'),(3217,1,'login','2023-02-25','00:00:58',1,'App\\Models\\Tenant\\User',NULL,'0','desktop','0','0','0','0',NULL,NULL,NULL,'2023-02-25 00:00:58','2023-02-25 00:00:58'),(3218,1,'login','2023-02-25','00:30:02',1,'App\\Models\\Tenant\\User',NULL,'0','desktop','0','0','0','0',NULL,NULL,NULL,'2023-02-25 00:30:02','2023-02-25 00:30:02'),(3219,1,'login','2023-02-25','00:30:02',1,'App\\Models\\Tenant\\User',NULL,'0','desktop','0','0','0','0',NULL,NULL,NULL,'2023-02-25 00:30:02','2023-02-25 00:30:02'),(3220,1,'login','2023-02-25','00:30:10',1,'App\\Models\\Tenant\\User',NULL,'0','desktop','0','0','0','0',NULL,NULL,NULL,'2023-02-25 00:30:10','2023-02-25 00:30:10'),(3221,1,'login','2023-02-25','00:30:11',1,'App\\Models\\Tenant\\User',NULL,'0','desktop','0','0','0','0',NULL,NULL,NULL,'2023-02-25 00:30:11','2023-02-25 00:30:11'),(3222,1,'login','2023-02-25','00:30:12',1,'App\\Models\\Tenant\\User',NULL,'0','desktop','0','0','0','0',NULL,NULL,NULL,'2023-02-25 00:30:12','2023-02-25 00:30:12'),(3223,1,'login','2023-02-25','00:30:13',1,'App\\Models\\Tenant\\User',NULL,'0','desktop','0','0','0','0',NULL,NULL,NULL,'2023-02-25 00:30:13','2023-02-25 00:30:13'),(3224,1,'login','2023-02-25','00:30:14',1,'App\\Models\\Tenant\\User',NULL,'0','desktop','0','0','0','0',NULL,NULL,NULL,'2023-02-25 00:30:14','2023-02-25 00:30:14'),(3225,1,'login','2023-02-25','00:30:14',1,'App\\Models\\Tenant\\User',NULL,'0','desktop','0','0','0','0',NULL,NULL,NULL,'2023-02-25 00:30:14','2023-02-25 00:30:14'),(3226,1,'login','2023-02-25','00:30:15',1,'App\\Models\\Tenant\\User',NULL,'0','desktop','0','0','0','0',NULL,NULL,NULL,'2023-02-25 00:30:15','2023-02-25 00:30:15'),(3227,1,'login','2023-02-25','00:30:15',1,'App\\Models\\Tenant\\User',NULL,'0','desktop','0','0','0','0',NULL,NULL,NULL,'2023-02-25 00:30:15','2023-02-25 00:30:15'),(3228,1,'login','2023-02-25','00:30:16',1,'App\\Models\\Tenant\\User',NULL,'0','desktop','0','0','0','0',NULL,NULL,NULL,'2023-02-25 00:30:16','2023-02-25 00:30:16'),(3229,1,'login','2023-02-25','00:30:17',1,'App\\Models\\Tenant\\User',NULL,'0','desktop','0','0','0','0',NULL,NULL,NULL,'2023-02-25 00:30:17','2023-02-25 00:30:17'),(3230,1,'login','2023-02-25','00:30:18',1,'App\\Models\\Tenant\\User',NULL,'0','desktop','0','0','0','0',NULL,NULL,NULL,'2023-02-25 00:30:18','2023-02-25 00:30:18'),(3231,1,'login','2023-02-25','00:30:19',1,'App\\Models\\Tenant\\User',NULL,'0','desktop','0','0','0','0',NULL,NULL,NULL,'2023-02-25 00:30:19','2023-02-25 00:30:19'),(3232,1,'login','2023-02-25','00:30:19',1,'App\\Models\\Tenant\\User',NULL,'0','desktop','0','0','0','0',NULL,NULL,NULL,'2023-02-25 00:30:19','2023-02-25 00:30:19'),(3233,1,'login','2023-02-25','00:30:20',1,'App\\Models\\Tenant\\User',NULL,'0','desktop','0','0','0','0',NULL,NULL,NULL,'2023-02-25 00:30:20','2023-02-25 00:30:20'),(3234,2,'login','2023-02-25','10:48:24',2,'App\\Models\\Tenant\\User','181.67.82.231','WebKit','desktop','Windows','10.0','Chrome','110.0.0.0',NULL,NULL,'{\"country_name\":\"Peru\",\"country_code\":\"PE\",\"region_code\":\"LIM\",\"region_name\":\"Lima region\",\"city_name\":\"Los Alisos\",\"latitude\":\"-11.977\",\"longitude\":\"-77.0748\",\"timezone\":\"America\\/Lima\"}','2023-02-25 10:48:24','2023-02-25 10:48:24'),(3235,1,'login','2023-02-26','00:00:03',1,'App\\Models\\Tenant\\User',NULL,'0','desktop','0','0','0','0',NULL,NULL,NULL,'2023-02-26 00:00:03','2023-02-26 00:00:03'),(3236,1,'login','2023-02-26','00:00:03',1,'App\\Models\\Tenant\\User',NULL,'0','desktop','0','0','0','0',NULL,NULL,NULL,'2023-02-26 00:00:03','2023-02-26 00:00:03'),(3237,1,'login','2023-02-26','00:00:52',1,'App\\Models\\Tenant\\User',NULL,'0','desktop','0','0','0','0',NULL,NULL,NULL,'2023-02-26 00:00:52','2023-02-26 00:00:52'),(3238,1,'login','2023-02-26','00:00:57',1,'App\\Models\\Tenant\\User',NULL,'0','desktop','0','0','0','0',NULL,NULL,NULL,'2023-02-26 00:00:57','2023-02-26 00:00:57'),(3239,1,'login','2023-02-26','00:30:02',1,'App\\Models\\Tenant\\User',NULL,'0','desktop','0','0','0','0',NULL,NULL,NULL,'2023-02-26 00:30:02','2023-02-26 00:30:02'),(3240,1,'login','2023-02-26','00:30:02',1,'App\\Models\\Tenant\\User',NULL,'0','desktop','0','0','0','0',NULL,NULL,NULL,'2023-02-26 00:30:02','2023-02-26 00:30:02'),(3241,1,'login','2023-02-26','00:30:07',1,'App\\Models\\Tenant\\User',NULL,'0','desktop','0','0','0','0',NULL,NULL,NULL,'2023-02-26 00:30:07','2023-02-26 00:30:07'),(3242,1,'login','2023-02-26','00:30:08',1,'App\\Models\\Tenant\\User',NULL,'0','desktop','0','0','0','0',NULL,NULL,NULL,'2023-02-26 00:30:08','2023-02-26 00:30:08'),(3243,1,'login','2023-02-26','00:30:09',1,'App\\Models\\Tenant\\User',NULL,'0','desktop','0','0','0','0',NULL,NULL,NULL,'2023-02-26 00:30:09','2023-02-26 00:30:09'),(3244,1,'login','2023-02-26','00:30:09',1,'App\\Models\\Tenant\\User',NULL,'0','desktop','0','0','0','0',NULL,NULL,NULL,'2023-02-26 00:30:09','2023-02-26 00:30:09'),(3245,1,'login','2023-02-26','00:30:10',1,'App\\Models\\Tenant\\User',NULL,'0','desktop','0','0','0','0',NULL,NULL,NULL,'2023-02-26 00:30:10','2023-02-26 00:30:10'),(3246,1,'login','2023-02-26','00:30:10',1,'App\\Models\\Tenant\\User',NULL,'0','desktop','0','0','0','0',NULL,NULL,NULL,'2023-02-26 00:30:10','2023-02-26 00:30:10'),(3247,1,'login','2023-02-26','00:30:11',1,'App\\Models\\Tenant\\User',NULL,'0','desktop','0','0','0','0',NULL,NULL,NULL,'2023-02-26 00:30:11','2023-02-26 00:30:11'),(3248,1,'login','2023-02-26','00:30:11',1,'App\\Models\\Tenant\\User',NULL,'0','desktop','0','0','0','0',NULL,NULL,NULL,'2023-02-26 00:30:11','2023-02-26 00:30:11'),(3249,1,'login','2023-02-26','00:30:12',1,'App\\Models\\Tenant\\User',NULL,'0','desktop','0','0','0','0',NULL,NULL,NULL,'2023-02-26 00:30:12','2023-02-26 00:30:12'),(3250,1,'login','2023-02-26','00:30:13',1,'App\\Models\\Tenant\\User',NULL,'0','desktop','0','0','0','0',NULL,NULL,NULL,'2023-02-26 00:30:13','2023-02-26 00:30:13'),(3251,1,'login','2023-02-26','00:30:14',1,'App\\Models\\Tenant\\User',NULL,'0','desktop','0','0','0','0',NULL,NULL,NULL,'2023-02-26 00:30:14','2023-02-26 00:30:14'),(3252,1,'login','2023-02-26','00:30:14',1,'App\\Models\\Tenant\\User',NULL,'0','desktop','0','0','0','0',NULL,NULL,NULL,'2023-02-26 00:30:14','2023-02-26 00:30:14'),(3253,1,'login','2023-02-26','00:30:15',1,'App\\Models\\Tenant\\User',NULL,'0','desktop','0','0','0','0',NULL,NULL,NULL,'2023-02-26 00:30:15','2023-02-26 00:30:15'),(3254,1,'login','2023-02-26','00:30:16',1,'App\\Models\\Tenant\\User',NULL,'0','desktop','0','0','0','0',NULL,NULL,NULL,'2023-02-26 00:30:16','2023-02-26 00:30:16'),(3255,1,'login','2023-02-27','00:00:03',1,'App\\Models\\Tenant\\User',NULL,'0','desktop','0','0','0','0',NULL,NULL,NULL,'2023-02-27 00:00:03','2023-02-27 00:00:03'),(3256,1,'login','2023-02-27','00:00:03',1,'App\\Models\\Tenant\\User',NULL,'0','desktop','0','0','0','0',NULL,NULL,NULL,'2023-02-27 00:00:03','2023-02-27 00:00:03'),(3257,1,'login','2023-02-27','00:00:41',1,'App\\Models\\Tenant\\User',NULL,'0','desktop','0','0','0','0',NULL,NULL,NULL,'2023-02-27 00:00:41','2023-02-27 00:00:41'),(3258,1,'login','2023-02-27','00:00:42',1,'App\\Models\\Tenant\\User',NULL,'0','desktop','0','0','0','0',NULL,NULL,NULL,'2023-02-27 00:00:42','2023-02-27 00:00:42'),(3259,1,'login','2023-02-27','00:00:43',1,'App\\Models\\Tenant\\User',NULL,'0','desktop','0','0','0','0',NULL,NULL,NULL,'2023-02-27 00:00:43','2023-02-27 00:00:43'),(3260,1,'login','2023-02-27','00:00:44',1,'App\\Models\\Tenant\\User',NULL,'0','desktop','0','0','0','0',NULL,NULL,NULL,'2023-02-27 00:00:44','2023-02-27 00:00:44'),(3261,1,'login','2023-02-27','00:00:45',1,'App\\Models\\Tenant\\User',NULL,'0','desktop','0','0','0','0',NULL,NULL,NULL,'2023-02-27 00:00:45','2023-02-27 00:00:45'),(3262,1,'login','2023-02-27','00:00:46',1,'App\\Models\\Tenant\\User',NULL,'0','desktop','0','0','0','0',NULL,NULL,NULL,'2023-02-27 00:00:46','2023-02-27 00:00:46'),(3263,1,'login','2023-02-27','00:00:47',1,'App\\Models\\Tenant\\User',NULL,'0','desktop','0','0','0','0',NULL,NULL,NULL,'2023-02-27 00:00:47','2023-02-27 00:00:47'),(3264,1,'login','2023-02-27','00:00:48',1,'App\\Models\\Tenant\\User',NULL,'0','desktop','0','0','0','0',NULL,NULL,NULL,'2023-02-27 00:00:48','2023-02-27 00:00:48'),(3265,1,'login','2023-02-27','00:00:49',1,'App\\Models\\Tenant\\User',NULL,'0','desktop','0','0','0','0',NULL,NULL,NULL,'2023-02-27 00:00:49','2023-02-27 00:00:49'),(3266,1,'login','2023-02-27','00:00:50',1,'App\\Models\\Tenant\\User',NULL,'0','desktop','0','0','0','0',NULL,NULL,NULL,'2023-02-27 00:00:50','2023-02-27 00:00:50'),(3267,1,'login','2023-02-27','00:00:51',1,'App\\Models\\Tenant\\User',NULL,'0','desktop','0','0','0','0',NULL,NULL,NULL,'2023-02-27 00:00:51','2023-02-27 00:00:51'),(3268,1,'login','2023-02-27','00:00:52',1,'App\\Models\\Tenant\\User',NULL,'0','desktop','0','0','0','0',NULL,NULL,NULL,'2023-02-27 00:00:52','2023-02-27 00:00:52'),(3269,1,'login','2023-02-27','00:00:53',1,'App\\Models\\Tenant\\User',NULL,'0','desktop','0','0','0','0',NULL,NULL,NULL,'2023-02-27 00:00:53','2023-02-27 00:00:53'),(3270,1,'login','2023-02-27','00:00:54',1,'App\\Models\\Tenant\\User',NULL,'0','desktop','0','0','0','0',NULL,NULL,NULL,'2023-02-27 00:00:54','2023-02-27 00:00:54'),(3271,1,'login','2023-02-27','00:30:02',1,'App\\Models\\Tenant\\User',NULL,'0','desktop','0','0','0','0',NULL,NULL,NULL,'2023-02-27 00:30:02','2023-02-27 00:30:02'),(3272,1,'login','2023-02-27','00:30:02',1,'App\\Models\\Tenant\\User',NULL,'0','desktop','0','0','0','0',NULL,NULL,NULL,'2023-02-27 00:30:02','2023-02-27 00:30:02'),(3273,1,'login','2023-02-27','00:30:12',1,'App\\Models\\Tenant\\User',NULL,'0','desktop','0','0','0','0',NULL,NULL,NULL,'2023-02-27 00:30:12','2023-02-27 00:30:12'),(3274,1,'login','2023-02-27','00:30:13',1,'App\\Models\\Tenant\\User',NULL,'0','desktop','0','0','0','0',NULL,NULL,NULL,'2023-02-27 00:30:13','2023-02-27 00:30:13'),(3275,1,'login','2023-02-27','00:30:13',1,'App\\Models\\Tenant\\User',NULL,'0','desktop','0','0','0','0',NULL,NULL,NULL,'2023-02-27 00:30:13','2023-02-27 00:30:13'),(3276,1,'login','2023-02-27','00:30:14',1,'App\\Models\\Tenant\\User',NULL,'0','desktop','0','0','0','0',NULL,NULL,NULL,'2023-02-27 00:30:14','2023-02-27 00:30:14'),(3277,1,'login','2023-02-27','00:30:14',1,'App\\Models\\Tenant\\User',NULL,'0','desktop','0','0','0','0',NULL,NULL,NULL,'2023-02-27 00:30:14','2023-02-27 00:30:14'),(3278,1,'login','2023-02-27','00:30:15',1,'App\\Models\\Tenant\\User',NULL,'0','desktop','0','0','0','0',NULL,NULL,NULL,'2023-02-27 00:30:15','2023-02-27 00:30:15'),(3279,1,'login','2023-02-27','00:30:15',1,'App\\Models\\Tenant\\User',NULL,'0','desktop','0','0','0','0',NULL,NULL,NULL,'2023-02-27 00:30:15','2023-02-27 00:30:15'),(3280,1,'login','2023-02-27','00:30:16',1,'App\\Models\\Tenant\\User',NULL,'0','desktop','0','0','0','0',NULL,NULL,NULL,'2023-02-27 00:30:16','2023-02-27 00:30:16'),(3281,1,'login','2023-02-27','00:30:17',1,'App\\Models\\Tenant\\User',NULL,'0','desktop','0','0','0','0',NULL,NULL,NULL,'2023-02-27 00:30:17','2023-02-27 00:30:17'),(3282,1,'login','2023-02-27','00:30:17',1,'App\\Models\\Tenant\\User',NULL,'0','desktop','0','0','0','0',NULL,NULL,NULL,'2023-02-27 00:30:17','2023-02-27 00:30:17'),(3283,1,'login','2023-02-27','00:30:18',1,'App\\Models\\Tenant\\User',NULL,'0','desktop','0','0','0','0',NULL,NULL,NULL,'2023-02-27 00:30:18','2023-02-27 00:30:18'),(3284,1,'login','2023-02-27','00:30:18',1,'App\\Models\\Tenant\\User',NULL,'0','desktop','0','0','0','0',NULL,NULL,NULL,'2023-02-27 00:30:18','2023-02-27 00:30:18'),(3285,1,'login','2023-02-27','00:30:19',1,'App\\Models\\Tenant\\User',NULL,'0','desktop','0','0','0','0',NULL,NULL,NULL,'2023-02-27 00:30:19','2023-02-27 00:30:19'),(3286,1,'login','2023-02-27','00:30:20',1,'App\\Models\\Tenant\\User',NULL,'0','desktop','0','0','0','0',NULL,NULL,NULL,'2023-02-27 00:30:20','2023-02-27 00:30:20'),(3287,3,'login','2023-02-27','09:53:39',3,'App\\Models\\Tenant\\User','181.67.82.231','WebKit','desktop','Windows','10.0','Edge','110.0.1587.57',NULL,NULL,'{\"country_name\":\"Peru\",\"country_code\":\"PE\",\"region_code\":\"LIM\",\"region_name\":\"Lima region\",\"city_name\":\"Los Alisos\",\"latitude\":\"-11.977\",\"longitude\":\"-77.0748\",\"timezone\":\"America\\/Lima\"}','2023-02-27 09:53:39','2023-02-27 09:53:39'),(3288,1,'login','2023-02-27','11:34:30',1,'App\\Models\\Tenant\\User','190.42.33.62','WebKit','desktop','Windows','10.0','Chrome','110.0.0.0',NULL,NULL,'{\"country_name\":\"Peru\",\"country_code\":\"PE\",\"region_code\":\"LAM\",\"region_name\":\"Lambayeque\",\"city_name\":\"Chiclayo\",\"latitude\":\"-6.7711\",\"longitude\":\"-79.8431\",\"timezone\":\"America\\/Lima\"}','2023-02-27 11:34:30','2023-02-27 11:34:30'),(3289,3,'login','2023-02-27','17:47:37',3,'App\\Models\\Tenant\\User','200.106.93.180','WebKit','desktop','Windows','10.0','Edge','110.0.1587.57',NULL,NULL,'{\"country_name\":\"Peru\",\"country_code\":\"PE\",\"region_code\":\"LMA\",\"region_name\":\"Lima\",\"city_name\":\"Lima\",\"latitude\":\"-12.0464\",\"longitude\":\"-77.0428\",\"timezone\":\"America\\/Lima\"}','2023-02-27 17:47:37','2023-02-27 17:47:37'),(3290,1,'login','2023-02-28','00:00:04',1,'App\\Models\\Tenant\\User',NULL,'0','desktop','0','0','0','0',NULL,NULL,NULL,'2023-02-28 00:00:04','2023-02-28 00:00:04'),(3291,1,'login','2023-02-28','00:00:05',1,'App\\Models\\Tenant\\User',NULL,'0','desktop','0','0','0','0',NULL,NULL,NULL,'2023-02-28 00:00:05','2023-02-28 00:00:05'),(3292,1,'login','2023-02-28','00:00:49',1,'App\\Models\\Tenant\\User',NULL,'0','desktop','0','0','0','0',NULL,NULL,NULL,'2023-02-28 00:00:49','2023-02-28 00:00:49'),(3293,1,'login','2023-02-28','00:00:50',1,'App\\Models\\Tenant\\User',NULL,'0','desktop','0','0','0','0',NULL,NULL,NULL,'2023-02-28 00:00:50','2023-02-28 00:00:50'),(3294,1,'login','2023-02-28','00:00:51',1,'App\\Models\\Tenant\\User',NULL,'0','desktop','0','0','0','0',NULL,NULL,NULL,'2023-02-28 00:00:51','2023-02-28 00:00:51'),(3295,1,'login','2023-02-28','00:00:52',1,'App\\Models\\Tenant\\User',NULL,'0','desktop','0','0','0','0',NULL,NULL,NULL,'2023-02-28 00:00:52','2023-02-28 00:00:52'),(3296,1,'login','2023-02-28','00:00:53',1,'App\\Models\\Tenant\\User',NULL,'0','desktop','0','0','0','0',NULL,NULL,NULL,'2023-02-28 00:00:53','2023-02-28 00:00:53'),(3297,1,'login','2023-02-28','00:00:54',1,'App\\Models\\Tenant\\User',NULL,'0','desktop','0','0','0','0',NULL,NULL,NULL,'2023-02-28 00:00:54','2023-02-28 00:00:54'),(3298,1,'login','2023-02-28','00:00:55',1,'App\\Models\\Tenant\\User',NULL,'0','desktop','0','0','0','0',NULL,NULL,NULL,'2023-02-28 00:00:55','2023-02-28 00:00:55'),(3299,1,'login','2023-02-28','00:00:57',1,'App\\Models\\Tenant\\User',NULL,'0','desktop','0','0','0','0',NULL,NULL,NULL,'2023-02-28 00:00:57','2023-02-28 00:00:57'),(3300,1,'login','2023-02-28','00:00:58',1,'App\\Models\\Tenant\\User',NULL,'0','desktop','0','0','0','0',NULL,NULL,NULL,'2023-02-28 00:00:58','2023-02-28 00:00:58'),(3301,1,'login','2023-02-28','00:00:59',1,'App\\Models\\Tenant\\User',NULL,'0','desktop','0','0','0','0',NULL,NULL,NULL,'2023-02-28 00:00:59','2023-02-28 00:00:59'),(3302,1,'login','2023-02-28','00:30:02',1,'App\\Models\\Tenant\\User',NULL,'0','desktop','0','0','0','0',NULL,NULL,NULL,'2023-02-28 00:30:02','2023-02-28 00:30:02'),(3303,1,'login','2023-02-28','00:30:02',1,'App\\Models\\Tenant\\User',NULL,'0','desktop','0','0','0','0',NULL,NULL,NULL,'2023-02-28 00:30:02','2023-02-28 00:30:02'),(3304,1,'login','2023-02-28','00:30:11',1,'App\\Models\\Tenant\\User',NULL,'0','desktop','0','0','0','0',NULL,NULL,NULL,'2023-02-28 00:30:11','2023-02-28 00:30:11'),(3305,1,'login','2023-02-28','00:30:11',1,'App\\Models\\Tenant\\User',NULL,'0','desktop','0','0','0','0',NULL,NULL,NULL,'2023-02-28 00:30:11','2023-02-28 00:30:11'),(3306,1,'login','2023-02-28','00:30:12',1,'App\\Models\\Tenant\\User',NULL,'0','desktop','0','0','0','0',NULL,NULL,NULL,'2023-02-28 00:30:12','2023-02-28 00:30:12'),(3307,1,'login','2023-02-28','00:30:13',1,'App\\Models\\Tenant\\User',NULL,'0','desktop','0','0','0','0',NULL,NULL,NULL,'2023-02-28 00:30:13','2023-02-28 00:30:13'),(3308,1,'login','2023-02-28','00:30:13',1,'App\\Models\\Tenant\\User',NULL,'0','desktop','0','0','0','0',NULL,NULL,NULL,'2023-02-28 00:30:13','2023-02-28 00:30:13'),(3309,1,'login','2023-02-28','00:30:14',1,'App\\Models\\Tenant\\User',NULL,'0','desktop','0','0','0','0',NULL,NULL,NULL,'2023-02-28 00:30:14','2023-02-28 00:30:14'),(3310,1,'login','2023-02-28','00:30:15',1,'App\\Models\\Tenant\\User',NULL,'0','desktop','0','0','0','0',NULL,NULL,NULL,'2023-02-28 00:30:15','2023-02-28 00:30:15'),(3311,1,'login','2023-02-28','00:30:15',1,'App\\Models\\Tenant\\User',NULL,'0','desktop','0','0','0','0',NULL,NULL,NULL,'2023-02-28 00:30:15','2023-02-28 00:30:15'),(3312,1,'login','2023-02-28','00:30:16',1,'App\\Models\\Tenant\\User',NULL,'0','desktop','0','0','0','0',NULL,NULL,NULL,'2023-02-28 00:30:16','2023-02-28 00:30:16'),(3313,1,'login','2023-02-28','00:30:17',1,'App\\Models\\Tenant\\User',NULL,'0','desktop','0','0','0','0',NULL,NULL,NULL,'2023-02-28 00:30:17','2023-02-28 00:30:17'),(3314,1,'login','2023-02-28','00:30:18',1,'App\\Models\\Tenant\\User',NULL,'0','desktop','0','0','0','0',NULL,NULL,NULL,'2023-02-28 00:30:18','2023-02-28 00:30:18'),(3315,1,'login','2023-02-28','00:30:19',1,'App\\Models\\Tenant\\User',NULL,'0','desktop','0','0','0','0',NULL,NULL,NULL,'2023-02-28 00:30:19','2023-02-28 00:30:19'),(3316,1,'login','2023-02-28','00:30:19',1,'App\\Models\\Tenant\\User',NULL,'0','desktop','0','0','0','0',NULL,NULL,NULL,'2023-02-28 00:30:19','2023-02-28 00:30:19'),(3317,1,'login','2023-02-28','00:30:20',1,'App\\Models\\Tenant\\User',NULL,'0','desktop','0','0','0','0',NULL,NULL,NULL,'2023-02-28 00:30:20','2023-02-28 00:30:20'),(3318,3,'login','2023-02-28','12:01:36',3,'App\\Models\\Tenant\\User','200.106.93.180','WebKit','desktop','Windows','10.0','Edge','110.0.1587.57',NULL,NULL,'{\"country_name\":\"Peru\",\"country_code\":\"PE\",\"region_code\":\"LMA\",\"region_name\":\"Lima\",\"city_name\":\"Lima\",\"latitude\":\"-12.0432\",\"longitude\":\"-77.0282\",\"timezone\":\"America\\/Lima\"}','2023-02-28 12:01:36','2023-02-28 12:01:36'),(3319,3,'login','2023-02-28','14:20:46',3,'App\\Models\\Tenant\\User','200.106.93.180','WebKit','desktop','Windows','10.0','Edge','110.0.1587.57',NULL,NULL,'{\"country_name\":\"Peru\",\"country_code\":\"PE\",\"region_code\":\"LMA\",\"region_name\":\"Lima\",\"city_name\":\"Lima\",\"latitude\":\"-12.0432\",\"longitude\":\"-77.0282\",\"timezone\":\"America\\/Lima\"}','2023-02-28 14:20:46','2023-02-28 14:20:46'),(3320,3,'login','2023-02-28','16:42:11',3,'App\\Models\\Tenant\\User','200.106.93.180','WebKit','desktop','Windows','10.0','Edge','110.0.1587.57',NULL,NULL,'{\"country_name\":\"Peru\",\"country_code\":\"PE\",\"region_code\":\"LMA\",\"region_name\":\"Lima\",\"city_name\":\"Lima\",\"latitude\":\"-12.0432\",\"longitude\":\"-77.0282\",\"timezone\":\"America\\/Lima\"}','2023-02-28 16:42:11','2023-02-28 16:42:11'),(3321,3,'login','2023-02-28','16:42:49',3,'App\\Models\\Tenant\\User','200.106.93.180','WebKit','desktop','Windows','10.0','Edge','110.0.1587.57',NULL,NULL,'{\"country_name\":\"Peru\",\"country_code\":\"PE\",\"region_code\":\"LMA\",\"region_name\":\"Lima\",\"city_name\":\"Lima\",\"latitude\":\"-12.0432\",\"longitude\":\"-77.0282\",\"timezone\":\"America\\/Lima\"}','2023-02-28 16:42:49','2023-02-28 16:42:49'),(3322,2,'login','2023-02-28','16:43:04',2,'App\\Models\\Tenant\\User','200.106.93.180','WebKit','desktop','Windows','10.0','Chrome','110.0.0.0',NULL,NULL,'{\"country_name\":\"Peru\",\"country_code\":\"PE\",\"region_code\":\"LMA\",\"region_name\":\"Lima\",\"city_name\":\"Lima\",\"latitude\":\"-12.0432\",\"longitude\":\"-77.0282\",\"timezone\":\"America\\/Lima\"}','2023-02-28 16:43:04','2023-02-28 16:43:04'),(3323,1,'login','2023-02-28','18:41:39',1,'App\\Models\\Tenant\\User','190.42.33.62','WebKit','desktop','Windows','10.0','Chrome','110.0.0.0',NULL,NULL,'{\"country_name\":\"Peru\",\"country_code\":\"PE\",\"region_code\":\"LAM\",\"region_name\":\"Lambayeque\",\"city_name\":\"Chiclayo\",\"latitude\":\"-6.7711\",\"longitude\":\"-79.8431\",\"timezone\":\"America\\/Lima\"}','2023-02-28 18:41:39','2023-02-28 18:41:39'),(3324,1,'login','2023-03-01','00:00:03',1,'App\\Models\\Tenant\\User',NULL,'0','desktop','0','0','0','0',NULL,NULL,NULL,'2023-03-01 00:00:03','2023-03-01 00:00:03'),(3325,1,'login','2023-03-01','00:00:03',1,'App\\Models\\Tenant\\User',NULL,'0','desktop','0','0','0','0',NULL,NULL,NULL,'2023-03-01 00:00:03','2023-03-01 00:00:03'),(3326,1,'login','2023-03-01','00:00:44',1,'App\\Models\\Tenant\\User',NULL,'0','desktop','0','0','0','0',NULL,NULL,NULL,'2023-03-01 00:00:44','2023-03-01 00:00:44'),(3327,1,'login','2023-03-01','00:00:46',1,'App\\Models\\Tenant\\User',NULL,'0','desktop','0','0','0','0',NULL,NULL,NULL,'2023-03-01 00:00:46','2023-03-01 00:00:46'),(3328,1,'login','2023-03-01','00:00:47',1,'App\\Models\\Tenant\\User',NULL,'0','desktop','0','0','0','0',NULL,NULL,NULL,'2023-03-01 00:00:47','2023-03-01 00:00:47'),(3329,1,'login','2023-03-01','00:00:48',1,'App\\Models\\Tenant\\User',NULL,'0','desktop','0','0','0','0',NULL,NULL,NULL,'2023-03-01 00:00:48','2023-03-01 00:00:48'),(3330,1,'login','2023-03-01','00:00:49',1,'App\\Models\\Tenant\\User',NULL,'0','desktop','0','0','0','0',NULL,NULL,NULL,'2023-03-01 00:00:49','2023-03-01 00:00:49'),(3331,1,'login','2023-03-01','00:00:50',1,'App\\Models\\Tenant\\User',NULL,'0','desktop','0','0','0','0',NULL,NULL,NULL,'2023-03-01 00:00:50','2023-03-01 00:00:50'),(3332,1,'login','2023-03-01','00:00:51',1,'App\\Models\\Tenant\\User',NULL,'0','desktop','0','0','0','0',NULL,NULL,NULL,'2023-03-01 00:00:51','2023-03-01 00:00:51'),(3333,1,'login','2023-03-01','00:00:52',1,'App\\Models\\Tenant\\User',NULL,'0','desktop','0','0','0','0',NULL,NULL,NULL,'2023-03-01 00:00:52','2023-03-01 00:00:52'),(3334,1,'login','2023-03-01','00:00:53',1,'App\\Models\\Tenant\\User',NULL,'0','desktop','0','0','0','0',NULL,NULL,NULL,'2023-03-01 00:00:53','2023-03-01 00:00:53'),(3335,1,'login','2023-03-01','00:00:54',1,'App\\Models\\Tenant\\User',NULL,'0','desktop','0','0','0','0',NULL,NULL,NULL,'2023-03-01 00:00:54','2023-03-01 00:00:54'),(3336,1,'login','2023-03-01','00:00:55',1,'App\\Models\\Tenant\\User',NULL,'0','desktop','0','0','0','0',NULL,NULL,NULL,'2023-03-01 00:00:55','2023-03-01 00:00:55'),(3337,1,'login','2023-03-01','00:00:56',1,'App\\Models\\Tenant\\User',NULL,'0','desktop','0','0','0','0',NULL,NULL,NULL,'2023-03-01 00:00:56','2023-03-01 00:00:56'),(3338,1,'login','2023-03-01','00:00:57',1,'App\\Models\\Tenant\\User',NULL,'0','desktop','0','0','0','0',NULL,NULL,NULL,'2023-03-01 00:00:57','2023-03-01 00:00:57'),(3339,1,'login','2023-03-01','00:00:58',1,'App\\Models\\Tenant\\User',NULL,'0','desktop','0','0','0','0',NULL,NULL,NULL,'2023-03-01 00:00:58','2023-03-01 00:00:58'),(3340,1,'login','2023-03-01','00:30:02',1,'App\\Models\\Tenant\\User',NULL,'0','desktop','0','0','0','0',NULL,NULL,NULL,'2023-03-01 00:30:02','2023-03-01 00:30:02'),(3341,1,'login','2023-03-01','00:30:02',1,'App\\Models\\Tenant\\User',NULL,'0','desktop','0','0','0','0',NULL,NULL,NULL,'2023-03-01 00:30:02','2023-03-01 00:30:02'),(3342,1,'login','2023-03-01','00:30:13',1,'App\\Models\\Tenant\\User',NULL,'0','desktop','0','0','0','0',NULL,NULL,NULL,'2023-03-01 00:30:13','2023-03-01 00:30:13'),(3343,1,'login','2023-03-01','00:30:14',1,'App\\Models\\Tenant\\User',NULL,'0','desktop','0','0','0','0',NULL,NULL,NULL,'2023-03-01 00:30:14','2023-03-01 00:30:14'),(3344,1,'login','2023-03-01','00:30:15',1,'App\\Models\\Tenant\\User',NULL,'0','desktop','0','0','0','0',NULL,NULL,NULL,'2023-03-01 00:30:15','2023-03-01 00:30:15'),(3345,1,'login','2023-03-01','00:30:16',1,'App\\Models\\Tenant\\User',NULL,'0','desktop','0','0','0','0',NULL,NULL,NULL,'2023-03-01 00:30:16','2023-03-01 00:30:16'),(3346,1,'login','2023-03-01','00:30:17',1,'App\\Models\\Tenant\\User',NULL,'0','desktop','0','0','0','0',NULL,NULL,NULL,'2023-03-01 00:30:17','2023-03-01 00:30:17'),(3347,1,'login','2023-03-01','00:30:18',1,'App\\Models\\Tenant\\User',NULL,'0','desktop','0','0','0','0',NULL,NULL,NULL,'2023-03-01 00:30:18','2023-03-01 00:30:18'),(3348,1,'login','2023-03-01','00:30:18',1,'App\\Models\\Tenant\\User',NULL,'0','desktop','0','0','0','0',NULL,NULL,NULL,'2023-03-01 00:30:18','2023-03-01 00:30:18'),(3349,1,'login','2023-03-01','00:30:19',1,'App\\Models\\Tenant\\User',NULL,'0','desktop','0','0','0','0',NULL,NULL,NULL,'2023-03-01 00:30:19','2023-03-01 00:30:19'),(3350,1,'login','2023-03-01','00:30:20',1,'App\\Models\\Tenant\\User',NULL,'0','desktop','0','0','0','0',NULL,NULL,NULL,'2023-03-01 00:30:20','2023-03-01 00:30:20'),(3351,1,'login','2023-03-01','00:30:21',1,'App\\Models\\Tenant\\User',NULL,'0','desktop','0','0','0','0',NULL,NULL,NULL,'2023-03-01 00:30:21','2023-03-01 00:30:21'),(3352,1,'login','2023-03-01','00:30:21',1,'App\\Models\\Tenant\\User',NULL,'0','desktop','0','0','0','0',NULL,NULL,NULL,'2023-03-01 00:30:21','2023-03-01 00:30:21'),(3353,1,'login','2023-03-01','00:30:22',1,'App\\Models\\Tenant\\User',NULL,'0','desktop','0','0','0','0',NULL,NULL,NULL,'2023-03-01 00:30:22','2023-03-01 00:30:22'),(3354,1,'login','2023-03-01','00:30:22',1,'App\\Models\\Tenant\\User',NULL,'0','desktop','0','0','0','0',NULL,NULL,NULL,'2023-03-01 00:30:22','2023-03-01 00:30:22'),(3355,1,'login','2023-03-01','00:30:23',1,'App\\Models\\Tenant\\User',NULL,'0','desktop','0','0','0','0',NULL,NULL,NULL,'2023-03-01 00:30:23','2023-03-01 00:30:23'),(3356,3,'login','2023-03-01','11:07:49',3,'App\\Models\\Tenant\\User','200.106.93.180','WebKit','desktop','Windows','10.0','Edge','110.0.1587.57',NULL,NULL,'{\"country_name\":\"Peru\",\"country_code\":\"PE\",\"region_code\":\"LMA\",\"region_name\":\"Lima\",\"city_name\":\"Lima\",\"latitude\":\"-12.0432\",\"longitude\":\"-77.0282\",\"timezone\":\"America\\/Lima\"}','2023-03-01 11:07:49','2023-03-01 11:07:49'),(3357,3,'login','2023-03-01','13:56:42',3,'App\\Models\\Tenant\\User','200.106.93.180','WebKit','desktop','Windows','10.0','Edge','110.0.1587.57',NULL,NULL,'{\"country_name\":\"Peru\",\"country_code\":\"PE\",\"region_code\":\"LMA\",\"region_name\":\"Lima\",\"city_name\":\"Lima\",\"latitude\":\"-12.0432\",\"longitude\":\"-77.0282\",\"timezone\":\"America\\/Lima\"}','2023-03-01 13:56:42','2023-03-01 13:56:42'),(3358,3,'login','2023-03-01','16:50:19',3,'App\\Models\\Tenant\\User','200.106.93.180','WebKit','desktop','Windows','10.0','Edge','110.0.1587.57',NULL,NULL,'{\"country_name\":\"Peru\",\"country_code\":\"PE\",\"region_code\":\"LMA\",\"region_name\":\"Lima\",\"city_name\":\"Lima\",\"latitude\":\"-12.0432\",\"longitude\":\"-77.0282\",\"timezone\":\"America\\/Lima\"}','2023-03-01 16:50:19','2023-03-01 16:50:19'),(3359,1,'login','2023-03-01','20:53:25',1,'App\\Models\\Tenant\\User','190.238.86.160','WebKit','desktop','Windows','10.0','Chrome','110.0.0.0',NULL,NULL,'{\"country_name\":\"Peru\",\"country_code\":\"PE\",\"region_code\":\"LMA\",\"region_name\":\"Lima\",\"city_name\":\"Lima\",\"latitude\":\"-12.0432\",\"longitude\":\"-77.0282\",\"timezone\":\"America\\/Lima\"}','2023-03-01 20:53:25','2023-03-01 20:53:25');

--
-- Table structure for table `tags`
--

CREATE TABLE `tags` (
  `id` int(10) unsigned NOT NULL AUTO_INCREMENT,
  `name` varchar(255) COLLATE utf8mb4_unicode_ci NOT NULL,
  `description` varchar(255) COLLATE utf8mb4_unicode_ci NOT NULL,
  `created_at` timestamp NULL DEFAULT NULL,
  `updated_at` timestamp NULL DEFAULT NULL,
  `status` tinyint(1) NOT NULL DEFAULT 1,
  PRIMARY KEY (`id`)
) ENGINE=InnoDB DEFAULT CHARSET=utf8mb4 COLLATE=utf8mb4_unicode_ci;

--
-- Dumping data for table `tags`
--


--
-- Table structure for table `tasks`
--

CREATE TABLE `tasks` (
  `id` int(10) unsigned NOT NULL AUTO_INCREMENT,
  `class` varchar(255) COLLATE utf8mb4_unicode_ci NOT NULL,
  `execution_time` time NOT NULL,
  `output` longtext COLLATE utf8mb4_unicode_ci DEFAULT NULL,
  `created_at` timestamp NULL DEFAULT NULL,
  `updated_at` timestamp NULL DEFAULT NULL,
  PRIMARY KEY (`id`)
) ENGINE=InnoDB AUTO_INCREMENT=4 DEFAULT CHARSET=utf8mb4 COLLATE=utf8mb4_unicode_ci;

--
-- Dumping data for table `tasks`
--

INSERT INTO `tasks` VALUES (2,'App\\Console\\Commands\\SummarySendCommand','00:00:00','The command was started\nThe command is finished\n','2022-01-24 14:28:41','2023-03-01 00:00:45'),(3,'App\\Console\\Commands\\SummaryQueryCommand','00:30:00','The command was started\nThe command is finished\n','2022-01-24 14:29:35','2023-01-23 00:30:05');

--
-- Table structure for table `technical_service_items`
--

CREATE TABLE `technical_service_items` (
  `id` int(10) unsigned NOT NULL AUTO_INCREMENT,
  `technical_services_id` int(10) unsigned DEFAULT 0 COMMENT 'Id de technical_services',
  `item_id` int(10) unsigned DEFAULT 0 COMMENT 'Id de item',
  `item` longtext CHARACTER SET utf8mb4 COLLATE utf8mb4_bin DEFAULT NULL COMMENT 'Json con el contenido de item' CHECK (json_valid(`item`)),
  `quantity` double(12,4) DEFAULT 0.0000 COMMENT 'Cantidad de item usado',
  `unit_value` double(16,6) DEFAULT 0.000000 COMMENT 'unit_value',
  `affectation_igv_type_id` longtext COLLATE utf8mb4_unicode_ci DEFAULT NULL COMMENT 'Tipo de afectacion dde igv. cat_affectation_igv_types',
  `total_base_igv` double(12,2) DEFAULT 0.00 COMMENT 'Monto base del IGV',
  `percentage_igv` double(12,2) DEFAULT 0.00,
  `total_igv` double(12,2) DEFAULT 0.00,
  `system_isc_type_id` longtext COLLATE utf8mb4_unicode_ci DEFAULT NULL,
  `total_base_isc` double(12,2) DEFAULT 0.00,
  `percentage_isc` double(12,2) DEFAULT 0.00,
  `total_isc` double(12,2) DEFAULT 0.00,
  `total_base_other_taxes` double(12,2) DEFAULT 0.00,
  `percentage_other_taxes` double(12,2) DEFAULT 0.00,
  `total_other_taxes` double(12,2) DEFAULT 0.00,
  `total_plastic_bag_taxes` double(6,2) DEFAULT 0.00,
  `total_taxes` double(12,2) DEFAULT 0.00,
  `price_type_id` longtext COLLATE utf8mb4_unicode_ci DEFAULT NULL,
  `unit_price` double(16,6) DEFAULT 0.000000,
  `total_value` double(12,2) DEFAULT 0.00,
  `total_charge` double(12,2) DEFAULT 0.00,
  `total_discount` double(12,2) DEFAULT 0.00,
  `total` double(12,2) DEFAULT 0.00,
  `attributes` longtext CHARACTER SET utf8mb4 COLLATE utf8mb4_bin DEFAULT NULL COMMENT 'Atributos' CHECK (json_valid(`attributes`)),
  `discounts` longtext CHARACTER SET utf8mb4 COLLATE utf8mb4_bin DEFAULT NULL COMMENT 'Descuentos' CHECK (json_valid(`discounts`)),
  `charges` longtext CHARACTER SET utf8mb4 COLLATE utf8mb4_bin DEFAULT NULL COMMENT 'Cargos' CHECK (json_valid(`charges`)),
  `additional_information` longtext COLLATE utf8mb4_unicode_ci DEFAULT NULL COMMENT 'Informacion adicional',
  `warehouse_id` int(10) unsigned DEFAULT 0 COMMENT 'Id de item',
  `name_product_pdf` longtext COLLATE utf8mb4_unicode_ci DEFAULT NULL COMMENT 'Nombre de producto en el pdf',
  `created_at` timestamp NULL DEFAULT NULL,
  `updated_at` timestamp NULL DEFAULT NULL,
  PRIMARY KEY (`id`)
) ENGINE=InnoDB DEFAULT CHARSET=utf8mb4 COLLATE=utf8mb4_unicode_ci;

--
-- Dumping data for table `technical_service_items`
--


--
-- Table structure for table `technical_service_payments`
--

CREATE TABLE `technical_service_payments` (
  `id` int(10) unsigned NOT NULL AUTO_INCREMENT,
  `technical_service_id` int(10) unsigned NOT NULL,
  `date_of_payment` date NOT NULL,
  `payment_method_type_id` char(2) COLLATE utf8mb4_unicode_ci NOT NULL,
  `reference` varchar(255) COLLATE utf8mb4_unicode_ci DEFAULT NULL,
  `change` decimal(12,2) NOT NULL DEFAULT 0.00,
  `payment` decimal(12,2) NOT NULL,
  PRIMARY KEY (`id`),
  KEY `technical_service_payments_technical_service_id_foreign` (`technical_service_id`),
  KEY `technical_service_payments_payment_method_type_id_foreign` (`payment_method_type_id`),
  CONSTRAINT `technical_service_payments_payment_method_type_id_foreign` FOREIGN KEY (`payment_method_type_id`) REFERENCES `payment_method_types` (`id`),
  CONSTRAINT `technical_service_payments_technical_service_id_foreign` FOREIGN KEY (`technical_service_id`) REFERENCES `technical_services` (`id`) ON DELETE CASCADE
) ENGINE=InnoDB DEFAULT CHARSET=utf8mb4 COLLATE=utf8mb4_unicode_ci;

--
-- Dumping data for table `technical_service_payments`
--


--
-- Table structure for table `technical_services`
--

CREATE TABLE `technical_services` (
  `id` int(10) unsigned NOT NULL AUTO_INCREMENT,
  `user_id` int(10) unsigned NOT NULL,
  `soap_type_id` char(2) COLLATE utf8mb4_unicode_ci NOT NULL,
  `establishment_id` int(10) unsigned DEFAULT 0,
  `establishment` longtext CHARACTER SET utf8mb4 COLLATE utf8mb4_bin DEFAULT NULL CHECK (json_valid(`establishment`)),
  `customer_id` int(10) unsigned NOT NULL,
  `customer` longtext CHARACTER SET utf8mb4 COLLATE utf8mb4_bin NOT NULL CHECK (json_valid(`customer`)),
  `currency_type_id` text COLLATE utf8mb4_unicode_ci DEFAULT NULL,
  `payment_condition_id` text COLLATE utf8mb4_unicode_ci DEFAULT NULL,
  `payment_method_type_id` text COLLATE utf8mb4_unicode_ci DEFAULT NULL,
  `seller_id` int(10) unsigned DEFAULT 0,
  `exchange_rate_sale` decimal(13,3) DEFAULT 0.000,
  `total_prepayment` decimal(12,2) DEFAULT 0.00,
  `total_charge` decimal(12,2) DEFAULT 0.00,
  `total_discount` decimal(12,2) DEFAULT 0.00,
  `total_exportation` decimal(12,2) DEFAULT 0.00,
  `total_free` decimal(12,2) DEFAULT 0.00,
  `total_taxed` decimal(12,2) DEFAULT 0.00,
  `total_unaffected` decimal(12,2) DEFAULT 0.00,
  `total_exonerated` decimal(12,2) DEFAULT 0.00,
  `total_igv` decimal(12,2) DEFAULT 0.00,
  `total_igv_free` decimal(12,2) DEFAULT 0.00,
  `total_base_isc` decimal(12,2) DEFAULT 0.00,
  `total_isc` decimal(12,2) DEFAULT 0.00,
  `total_base_other_taxes` decimal(12,2) DEFAULT 0.00,
  `total_other_taxes` decimal(12,2) DEFAULT 0.00,
  `total_plastic_bag_taxes` decimal(6,2) DEFAULT 0.00,
  `total_taxes` decimal(12,2) DEFAULT 0.00,
  `total_value` decimal(12,2) DEFAULT 0.00,
  `subtotal` decimal(12,2) DEFAULT 0.00,
  `total` decimal(12,2) DEFAULT 0.00,
  `is_editable` tinyint(3) unsigned DEFAULT 0,
  `cellphone` varchar(255) COLLATE utf8mb4_unicode_ci NOT NULL,
  `date_of_issue` date NOT NULL,
  `time_of_issue` time NOT NULL,
  `description` text COLLATE utf8mb4_unicode_ci NOT NULL,
  `state` text COLLATE utf8mb4_unicode_ci NOT NULL,
  `reason` text COLLATE utf8mb4_unicode_ci NOT NULL,
  `serial_number` varchar(255) COLLATE utf8mb4_unicode_ci NOT NULL,
  `filename` varchar(255) COLLATE utf8mb4_unicode_ci DEFAULT NULL,
  `cost` decimal(12,2) NOT NULL DEFAULT 0.00,
  `prepayment` decimal(12,2) NOT NULL DEFAULT 0.00,
  `activities` text COLLATE utf8mb4_unicode_ci DEFAULT NULL,
  `created_at` timestamp NULL DEFAULT NULL,
  `updated_at` timestamp NULL DEFAULT NULL,
  `brand` varchar(255) COLLATE utf8mb4_unicode_ci DEFAULT NULL,
  `equipment` varchar(255) COLLATE utf8mb4_unicode_ci DEFAULT NULL,
  `important_note` text COLLATE utf8mb4_unicode_ci DEFAULT NULL,
  `repair` tinyint(1) NOT NULL DEFAULT 0,
  `warranty` tinyint(1) NOT NULL DEFAULT 0,
  `maintenance` tinyint(1) NOT NULL DEFAULT 0,
  `diagnosis` tinyint(1) NOT NULL DEFAULT 0,
  PRIMARY KEY (`id`),
  KEY `technical_services_user_id_foreign` (`user_id`),
  KEY `technical_services_soap_type_id_foreign` (`soap_type_id`),
  KEY `technical_services_customer_id_foreign` (`customer_id`),
  KEY `technical_services_date_of_issue_index` (`date_of_issue`),
  KEY `technical_services_serial_number_index` (`serial_number`),
  CONSTRAINT `technical_services_customer_id_foreign` FOREIGN KEY (`customer_id`) REFERENCES `persons` (`id`),
  CONSTRAINT `technical_services_soap_type_id_foreign` FOREIGN KEY (`soap_type_id`) REFERENCES `soap_types` (`id`),
  CONSTRAINT `technical_services_user_id_foreign` FOREIGN KEY (`user_id`) REFERENCES `users` (`id`)
) ENGINE=InnoDB DEFAULT CHARSET=utf8mb4 COLLATE=utf8mb4_unicode_ci;

--
-- Dumping data for table `technical_services`
--


--
-- Table structure for table `tips`
--

CREATE TABLE `tips` (
  `id` int(10) unsigned NOT NULL AUTO_INCREMENT,
  `soap_type_id` char(2) COLLATE utf8mb4_unicode_ci NOT NULL,
  `date` date NOT NULL COMMENT 'Fecha de registro',
  `origin_date_of_issue` date NOT NULL COMMENT 'Fecha del documento origen de la propina',
  `origin_id` int(11) NOT NULL,
  `origin_type` varchar(255) COLLATE utf8mb4_unicode_ci NOT NULL,
  `worker_full_name` varchar(255) COLLATE utf8mb4_unicode_ci NOT NULL,
  `total` decimal(12,2) NOT NULL,
  `created_at` timestamp NULL DEFAULT NULL,
  `updated_at` timestamp NULL DEFAULT NULL,
  PRIMARY KEY (`id`),
  KEY `origin_index` (`origin_id`,`origin_type`),
  KEY `tips_soap_type_id_foreign` (`soap_type_id`),
  KEY `tips_date_index` (`date`),
  KEY `tips_origin_date_of_issue_index` (`origin_date_of_issue`),
  KEY `tips_worker_full_name_index` (`worker_full_name`),
  CONSTRAINT `tips_soap_type_id_foreign` FOREIGN KEY (`soap_type_id`) REFERENCES `soap_types` (`id`)
) ENGINE=InnoDB DEFAULT CHARSET=utf8mb4 COLLATE=utf8mb4_unicode_ci;

--
-- Dumping data for table `tips`
--


--
-- Table structure for table `track_api_peru_services`
--

CREATE TABLE `track_api_peru_services` (
  `id` int(10) unsigned NOT NULL AUTO_INCREMENT,
  `service` int(10) unsigned DEFAULT 0 COMMENT 'Tipo de servicio  1 => sunat/dni, 2 => validacion_multiple_cpe, 3 => CPE, 4 => tipo_de_cambio, 5 => printer_ticket',
  `date_of_issue` timestamp NULL DEFAULT NULL,
  PRIMARY KEY (`id`)
) ENGINE=InnoDB DEFAULT CHARSET=utf8mb4 COLLATE=utf8mb4_unicode_ci;

--
-- Dumping data for table `track_api_peru_services`
--


--
-- Table structure for table `transaction_queries`
--

CREATE TABLE `transaction_queries` (
  `id` int(10) unsigned NOT NULL AUTO_INCREMENT,
  `date` date NOT NULL,
  `time` time NOT NULL,
  `response` longtext CHARACTER SET utf8mb4 COLLATE utf8mb4_bin NOT NULL CHECK (json_valid(`response`)),
  `transaction_id` int(10) unsigned NOT NULL,
  `created_at` timestamp NULL DEFAULT NULL,
  `updated_at` timestamp NULL DEFAULT NULL,
  PRIMARY KEY (`id`),
  KEY `transaction_queries_transaction_id_foreign` (`transaction_id`),
  CONSTRAINT `transaction_queries_transaction_id_foreign` FOREIGN KEY (`transaction_id`) REFERENCES `transactions` (`id`)
) ENGINE=InnoDB DEFAULT CHARSET=utf8mb4 COLLATE=utf8mb4_unicode_ci;

--
-- Dumping data for table `transaction_queries`
--


--
-- Table structure for table `transaction_states`
--

CREATE TABLE `transaction_states` (
  `id` varchar(255) COLLATE utf8mb4_unicode_ci NOT NULL,
  `name` varchar(255) COLLATE utf8mb4_unicode_ci NOT NULL,
  `success` tinyint(1) NOT NULL,
  `status` varchar(255) COLLATE utf8mb4_unicode_ci NOT NULL,
  `status_detail` varchar(255) COLLATE utf8mb4_unicode_ci NOT NULL,
  `original_message` varchar(255) COLLATE utf8mb4_unicode_ci NOT NULL,
  `user_message` varchar(255) COLLATE utf8mb4_unicode_ci NOT NULL,
  PRIMARY KEY (`id`),
  KEY `transaction_states_name_index` (`name`),
  KEY `transaction_states_success_index` (`success`),
  KEY `transaction_states_status_index` (`status`),
  KEY `transaction_states_status_detail_index` (`status_detail`)
) ENGINE=InnoDB DEFAULT CHARSET=utf8mb4 COLLATE=utf8mb4_unicode_ci;

--
-- Dumping data for table `transaction_states`
--

INSERT INTO `transaction_states` VALUES ('00','Rechazado (Error desconocido)',0,'other','other','Error desconocido','Lo sentimos, ocurrió un error inesperado.'),('01','Aceptado',1,'approved','accredited','¡Listo! Se acreditó tu pago. En tu resumen verás el cargo de amount como statement_descriptor.','¡Listo! Se acreditó tu pago. En tu resumen verás el cargo del pago.'),('02','En proceso',1,'in_process','pending_contingency','Estamos procesando tu pago. No te preocupes, menos de 2 días hábiles te avisaremos por e-mail si se acreditó.','Estamos procesando tu pago. No te preocupes, en menos de 2 días hábiles te avisaremos por e-mail si se acreditó.'),('03','En proceso',1,'in_process','pending_review_manual','Estamos procesando tu pago. No te preocupes, menos de 2 días hábiles te avisaremos por e-mail si se acreditó o si necesitamos más información.','Estamos procesando tu pago. No te preocupes, en menos de 2 días hábiles te avisaremos por e-mail si se acreditó o si necesitamos más información.'),('04','Rechazado',0,'rejected','cc_rejected_bad_filled_card_number','Revisa el número de tarjeta.','Lo sentimos, ocurrió un inconveniente. Revisa el número de tarjeta.'),('05','Rechazado',0,'rejected','cc_rejected_bad_filled_date','Revisa la fecha de vencimiento.','Lo sentimos, ocurrió un inconveniente. Revisa la fecha de vencimiento.'),('06','Rechazado',0,'rejected','cc_rejected_bad_filled_other','Revisa los datos.','Lo sentimos, ocurrió un inconveniente. Revisa los datos.'),('07','Rechazado',0,'rejected','cc_rejected_bad_filled_security_code','Revisa el código de seguridad de la tarjeta.','Lo sentimos, ocurrió un inconveniente. Revisa el código de seguridad de la tarjeta.'),('08','Rechazado',0,'rejected','cc_rejected_blacklist','No pudimos procesar tu pago.','Lo sentimos, ocurrió un inconveniente. No pudimos procesar tu pago.'),('09','Rechazado',0,'rejected','cc_rejected_call_for_authorize','Debes autorizar ante payment_method_id el pago de amount.','Debes autorizar ante el medio de pago, el pago a realizar.'),('10','Rechazado',0,'rejected','cc_rejected_card_disabled','Llama a payment_method_id para activar tu tarjeta o usa otro medio de pago. El teléfono está al dorso de tu tarjeta.','Llama a la entidad para activar tu tarjeta o usa otro medio de pago. El teléfono está al dorso de tu tarjeta.'),('11','Rechazado',0,'rejected','cc_rejected_card_error','No pudimos procesar tu pago.','Lo sentimos, ocurrió un inconveniente. No pudimos procesar tu pago.'),('12','Rechazado',0,'rejected','cc_rejected_duplicated_payment','Ya hiciste un pago por ese valor. Si necesitas volver a pagar usa otra tarjeta u otro medio de pago.','Ya hiciste un pago por ese valor. Si necesitas volver a pagar usa otra tarjeta u otro medio de pago.'),('13','Rechazado',0,'rejected','cc_rejected_high_risk','Tu pago fue rechazado. Elige otro de los medios de pago, te recomendamos con medios en efectivo.','Tu pago fue rechazado. Elige otro de los medios de pago, te recomendamos con medios en efectivo.'),('14','Rechazado',0,'rejected','cc_rejected_insufficient_amount','Tu payment_method_id no tiene fondos suficientes.','Lo sentimos, ocurrió un inconveniente. Tu medio de pago no tiene fondos suficientes.'),('15','Rechazado',0,'rejected','cc_rejected_invalid_installments','payment_method_id no procesa pagos en installments cuotas.','Para el medio de pago ingresado, no se puede procesar los pagos en la cantidad de cuotas seleccionadas.'),('16','Rechazado',0,'rejected','cc_rejected_max_attempts','Llegaste al límite de intentos permitidos. Elige otra tarjeta u otro medio de pago.','Llegaste al límite de intentos permitidos. Elige otra tarjeta u otro medio de pago.'),('17','Rechazado',0,'rejected','cc_rejected_other_reason','payment_method_id no procesó el pago.','Lo sentimos, ocurrió un inconveniente. El pago no pudo ser procesado por el medio usado');

--
-- Table structure for table `transactions`
--

CREATE TABLE `transactions` (
  `id` int(10) unsigned NOT NULL AUTO_INCREMENT,
  `payment_link_id` int(10) unsigned NOT NULL,
  `soap_type_id` char(2) COLLATE utf8mb4_unicode_ci DEFAULT NULL,
  `date` date NOT NULL,
  `time` time NOT NULL,
  `uuid` char(36) COLLATE utf8mb4_unicode_ci NOT NULL,
  `description` varchar(255) COLLATE utf8mb4_unicode_ci NOT NULL,
  `payment_id` varchar(255) COLLATE utf8mb4_unicode_ci DEFAULT NULL,
  `amount` decimal(16,2) NOT NULL,
  `transaction_state_id` varchar(255) COLLATE utf8mb4_unicode_ci NOT NULL,
  `created_at` timestamp NULL DEFAULT NULL,
  `updated_at` timestamp NULL DEFAULT NULL,
  PRIMARY KEY (`id`),
  UNIQUE KEY `transactions_uuid_unique` (`uuid`),
  KEY `transactions_payment_link_id_foreign` (`payment_link_id`),
  KEY `transactions_transaction_state_id_foreign` (`transaction_state_id`),
  KEY `transactions_date_index` (`date`),
  KEY `transactions_time_index` (`time`),
  KEY `transactions_description_index` (`description`),
  KEY `transactions_payment_id_index` (`payment_id`),
  KEY `transactions_amount_index` (`amount`),
  KEY `transactions_soap_type_id_foreign` (`soap_type_id`),
  CONSTRAINT `transactions_payment_link_id_foreign` FOREIGN KEY (`payment_link_id`) REFERENCES `payment_links` (`id`),
  CONSTRAINT `transactions_soap_type_id_foreign` FOREIGN KEY (`soap_type_id`) REFERENCES `soap_types` (`id`),
  CONSTRAINT `transactions_transaction_state_id_foreign` FOREIGN KEY (`transaction_state_id`) REFERENCES `transaction_states` (`id`)
) ENGINE=InnoDB DEFAULT CHARSET=utf8mb4 COLLATE=utf8mb4_unicode_ci;

--
-- Dumping data for table `transactions`
--


--
-- Table structure for table `transfer_account_payments`
--

CREATE TABLE `transfer_account_payments` (
  `id` int(10) unsigned NOT NULL AUTO_INCREMENT,
  `origin_id` int(10) unsigned DEFAULT 0 COMMENT 'id Cuenta de origen',
  `origin_type` text COLLATE utf8mb4_unicode_ci DEFAULT NULL COMMENT 'Modelo de origen',
  `destiny_id` int(10) unsigned DEFAULT 0 COMMENT 'id Cuenta de destino',
  `destiny_type` text COLLATE utf8mb4_unicode_ci DEFAULT NULL COMMENT 'Modelo de destino',
  `amount` decimal(9,2) DEFAULT 0.00 COMMENT 'Monto a transferir',
  `date_of_movement` datetime DEFAULT NULL COMMENT 'Fecha de movimiento',
  `user_id` int(10) unsigned DEFAULT 0 COMMENT 'Usuario que realiza el movimiento',
  `created_at` timestamp NULL DEFAULT NULL,
  `updated_at` timestamp NULL DEFAULT NULL,
  PRIMARY KEY (`id`)
) ENGINE=InnoDB DEFAULT CHARSET=utf8mb4 COLLATE=utf8mb4_unicode_ci;

--
-- Dumping data for table `transfer_account_payments`
--


--
-- Table structure for table `transports`
--

CREATE TABLE `transports` (
  `id` int(10) unsigned NOT NULL AUTO_INCREMENT,
  `plate_number` varchar(50) COLLATE utf8mb4_unicode_ci NOT NULL,
  `model` varchar(255) COLLATE utf8mb4_unicode_ci NOT NULL,
  `brand` varchar(255) COLLATE utf8mb4_unicode_ci NOT NULL,
  `is_default` tinyint(1) NOT NULL DEFAULT 0,
  `is_active` tinyint(1) NOT NULL DEFAULT 1,
  `created_at` timestamp NULL DEFAULT NULL,
  `updated_at` timestamp NULL DEFAULT NULL,
  PRIMARY KEY (`id`)
) ENGINE=InnoDB DEFAULT CHARSET=utf8mb4 COLLATE=utf8mb4_unicode_ci;

--
-- Dumping data for table `transports`
--


--
-- Table structure for table `user_commissions`
--

CREATE TABLE `user_commissions` (
  `id` int(10) unsigned NOT NULL AUTO_INCREMENT,
  `user_id` int(10) unsigned NOT NULL,
  `amount` decimal(8,2) NOT NULL,
  `type` varchar(255) COLLATE utf8mb4_unicode_ci NOT NULL,
  `created_at` timestamp NULL DEFAULT NULL,
  `updated_at` timestamp NULL DEFAULT NULL,
  PRIMARY KEY (`id`),
  KEY `user_commissions_user_id_foreign` (`user_id`),
  CONSTRAINT `user_commissions_user_id_foreign` FOREIGN KEY (`user_id`) REFERENCES `users` (`id`)
) ENGINE=InnoDB DEFAULT CHARSET=utf8mb4 COLLATE=utf8mb4_unicode_ci;

--
-- Dumping data for table `user_commissions`
--


--
-- Table structure for table `user_default_document_types`
--

CREATE TABLE `user_default_document_types` (
  `id` int(10) unsigned NOT NULL AUTO_INCREMENT,
  `user_id` int(10) unsigned NOT NULL,
  `document_type_id` varchar(255) COLLATE utf8mb4_unicode_ci NOT NULL,
  `series_id` int(10) unsigned NOT NULL,
  `created_at` timestamp NULL DEFAULT NULL,
  `updated_at` timestamp NULL DEFAULT NULL,
  PRIMARY KEY (`id`),
  KEY `user_default_document_types_user_id_foreign` (`user_id`),
  KEY `user_default_document_types_document_type_id_foreign` (`document_type_id`),
  KEY `user_default_document_types_series_id_foreign` (`series_id`),
  CONSTRAINT `user_default_document_types_document_type_id_foreign` FOREIGN KEY (`document_type_id`) REFERENCES `cat_document_types` (`id`),
  CONSTRAINT `user_default_document_types_series_id_foreign` FOREIGN KEY (`series_id`) REFERENCES `series` (`id`),
  CONSTRAINT `user_default_document_types_user_id_foreign` FOREIGN KEY (`user_id`) REFERENCES `users` (`id`)
) ENGINE=InnoDB DEFAULT CHARSET=utf8mb4 COLLATE=utf8mb4_unicode_ci;

--
-- Dumping data for table `user_default_document_types`
--


--
-- Table structure for table `user_rel_suscription_plans`
--

CREATE TABLE `user_rel_suscription_plans` (
  `id` int(10) unsigned NOT NULL AUTO_INCREMENT,
  `user_id` int(10) unsigned DEFAULT 0 COMMENT 'Relacion con usuario',
  `suscription_plan_id` int(10) unsigned DEFAULT 0 COMMENT 'Relacion con planes de suscripcion',
  `cat_period_id` int(10) unsigned DEFAULT 0 COMMENT 'Relacion con el periodo de tiempo',
  `items` longtext CHARACTER SET utf8mb4 COLLATE utf8mb4_bin NOT NULL COMMENT 'Pega los items relacionados a modo de standar' CHECK (json_valid(`items`)),
  `editable` tinyint(4) NOT NULL DEFAULT 0 COMMENT 'Si ya ha sido adquirido, no puede ser modificado',
  `deletable` tinyint(4) NOT NULL DEFAULT 0 COMMENT 'Si ya ha sido adquirido, no puede ser borrado',
  `start_date` date DEFAULT NULL COMMENT 'Fecha de inicio',
  `sale_notes` text COLLATE utf8mb4_unicode_ci DEFAULT NULL,
  `documents` text COLLATE utf8mb4_unicode_ci DEFAULT NULL,
  `dates_of_documents` text COLLATE utf8mb4_unicode_ci DEFAULT NULL,
  `automatic_date_of_issue` date DEFAULT NULL,
  `customer_id` int(10) unsigned DEFAULT 0,
  `customer` longtext CHARACTER SET utf8mb4 COLLATE utf8mb4_bin NOT NULL CHECK (json_valid(`customer`)),
  `parent_customer_id` int(10) unsigned DEFAULT 0,
  `parent_customer` longtext CHARACTER SET utf8mb4 COLLATE utf8mb4_bin NOT NULL CHECK (json_valid(`parent_customer`)),
  `children_customer_id` int(10) unsigned DEFAULT 0,
  `children_customer` longtext CHARACTER SET utf8mb4 COLLATE utf8mb4_bin DEFAULT NULL,
  `quantity_period` int(10) unsigned DEFAULT 0,
  `apply_concurrency` int(10) unsigned NOT NULL DEFAULT 0,
  `enabled_concurrency` int(10) unsigned NOT NULL DEFAULT 1 COMMENT 'Se pasará a nota de ventas como activo',
  `currency_type_id` varchar(255) COLLATE utf8mb4_unicode_ci DEFAULT NULL,
  `payment_method_type_id` varchar(255) COLLATE utf8mb4_unicode_ci DEFAULT NULL,
  `exchange_rate_sale` double(13,3) DEFAULT 0.000,
  `total_prepayment` double(12,2) DEFAULT 0.00,
  `total_charge` double(12,2) DEFAULT 0.00,
  `total_discount` double(12,2) DEFAULT 0.00,
  `total_exportation` double(12,2) DEFAULT 0.00,
  `total_free` double(12,2) DEFAULT 0.00,
  `total_taxed` double(12,2) DEFAULT 0.00,
  `total_unaffected` double(12,2) DEFAULT 0.00,
  `total_exonerated` double(12,2) DEFAULT 0.00,
  `total_igv` double(12,2) DEFAULT 0.00,
  `total_igv_free` double(12,2) DEFAULT 0.00,
  `total_base_isc` double(12,2) DEFAULT 0.00,
  `total_isc` double(12,2) DEFAULT 0.00,
  `total_base_other_taxes` double(12,2) DEFAULT 0.00,
  `total_other_taxes` double(12,2) DEFAULT 0.00,
  `total_taxes` double(12,2) DEFAULT 0.00,
  `total_value` double(12,2) DEFAULT 0.00,
  `total` decimal(12,2) DEFAULT 0.00,
  `charges` longtext CHARACTER SET utf8mb4 COLLATE utf8mb4_bin DEFAULT NULL CHECK (json_valid(`charges`)),
  `attributes` longtext CHARACTER SET utf8mb4 COLLATE utf8mb4_bin DEFAULT NULL CHECK (json_valid(`attributes`)),
  `discounts` longtext CHARACTER SET utf8mb4 COLLATE utf8mb4_bin DEFAULT NULL CHECK (json_valid(`discounts`)),
  `prepayments` longtext CHARACTER SET utf8mb4 COLLATE utf8mb4_bin DEFAULT NULL CHECK (json_valid(`prepayments`)),
  `related` longtext CHARACTER SET utf8mb4 COLLATE utf8mb4_bin DEFAULT NULL CHECK (json_valid(`related`)),
  `perception` longtext CHARACTER SET utf8mb4 COLLATE utf8mb4_bin DEFAULT NULL CHECK (json_valid(`perception`)),
  `detraction` longtext CHARACTER SET utf8mb4 COLLATE utf8mb4_bin DEFAULT NULL CHECK (json_valid(`detraction`)),
  `legends` longtext CHARACTER SET utf8mb4 COLLATE utf8mb4_bin DEFAULT NULL CHECK (json_valid(`legends`)),
  `terms_condition` longtext COLLATE utf8mb4_unicode_ci DEFAULT NULL,
  `created_at` timestamp NULL DEFAULT NULL,
  `updated_at` timestamp NULL DEFAULT NULL,
  `grade` text COLLATE utf8mb4_unicode_ci DEFAULT NULL COMMENT 'Grado designado - utilizado en matricula',
  `section` text COLLATE utf8mb4_unicode_ci DEFAULT NULL COMMENT 'Seccion designado - utilizado en matricula',
  PRIMARY KEY (`id`)
) ENGINE=InnoDB DEFAULT CHARSET=utf8mb4 COLLATE=utf8mb4_unicode_ci;

--
-- Dumping data for table `user_rel_suscription_plans`
--


--
-- Table structure for table `voided`
--

CREATE TABLE `voided` (
  `id` int(10) unsigned NOT NULL AUTO_INCREMENT,
  `user_id` int(10) unsigned NOT NULL,
  `external_id` char(36) COLLATE utf8mb4_unicode_ci NOT NULL,
  `soap_type_id` char(2) COLLATE utf8mb4_unicode_ci NOT NULL,
  `state_type_id` char(2) COLLATE utf8mb4_unicode_ci NOT NULL,
  `ubl_version` varchar(255) COLLATE utf8mb4_unicode_ci NOT NULL,
  `date_of_issue` date NOT NULL,
  `date_of_reference` date NOT NULL,
  `identifier` varchar(255) COLLATE utf8mb4_unicode_ci NOT NULL,
  `filename` varchar(255) COLLATE utf8mb4_unicode_ci NOT NULL,
  `ticket` varchar(255) COLLATE utf8mb4_unicode_ci DEFAULT NULL,
  `has_ticket` tinyint(1) NOT NULL DEFAULT 0,
  `has_cdr` tinyint(1) NOT NULL DEFAULT 0,
  `soap_shipping_response` longtext CHARACTER SET utf8mb4 COLLATE utf8mb4_bin DEFAULT NULL CHECK (json_valid(`soap_shipping_response`)),
  `send_to_pse` tinyint(1) NOT NULL DEFAULT 0,
  `response_signature_pse` longtext CHARACTER SET utf8mb4 COLLATE utf8mb4_bin DEFAULT NULL CHECK (json_valid(`response_signature_pse`)),
  `response_send_cdr_pse` longtext CHARACTER SET utf8mb4 COLLATE utf8mb4_bin DEFAULT NULL CHECK (json_valid(`response_send_cdr_pse`)),
  `created_at` timestamp NULL DEFAULT NULL,
  `updated_at` timestamp NULL DEFAULT NULL,
  PRIMARY KEY (`id`),
  KEY `voided_user_id_foreign` (`user_id`),
  KEY `voided_soap_type_id_foreign` (`soap_type_id`),
  KEY `voided_state_type_id_foreign` (`state_type_id`),
  CONSTRAINT `voided_soap_type_id_foreign` FOREIGN KEY (`soap_type_id`) REFERENCES `soap_types` (`id`),
  CONSTRAINT `voided_state_type_id_foreign` FOREIGN KEY (`state_type_id`) REFERENCES `state_types` (`id`),
  CONSTRAINT `voided_user_id_foreign` FOREIGN KEY (`user_id`) REFERENCES `users` (`id`)
) ENGINE=InnoDB AUTO_INCREMENT=15 DEFAULT CHARSET=utf8mb4 COLLATE=utf8mb4_unicode_ci;

--
-- Dumping data for table `voided`
--

INSERT INTO `voided` VALUES (1,1,'b3c968b7-98d5-4242-87c8-346348c0decc','02','05','2.0','2022-01-24','2022-01-24','RA-20220124-1','10802930041-RA-20220124-1','202208554229376',0,0,'{\"sent\":true,\"code\":\"0\",\"description\":\"La Comunicacion de baja numero RA-20220124-1, ha sido aceptada\",\"notes\":[],\"is_accepted\":true,\"status_code\":0}',0,NULL,NULL,'2022-01-24 22:27:34','2022-01-24 22:27:57'),(2,1,'ec98eaf3-5e13-4556-acb1-6879b272dc54','02','05','2.0','2022-02-11','2022-01-27','RA-20220211-1','10802930041-RA-20220211-1','202208655244401',0,0,'{\"sent\":true,\"code\":\"0\",\"description\":\"La Comunicacion de baja numero RA-20220211-1, ha sido aceptada\",\"notes\":[],\"is_accepted\":true,\"status_code\":0}',0,NULL,NULL,'2022-02-11 16:04:01','2022-02-11 16:05:10'),(5,1,'9d13d8d3-3698-46f5-8d47-3046d8d0deac','02','05','2.0','2022-04-22','2022-04-22','RA-20220422-1','10802930041-RA-20220422-1','202209078567855',0,0,'{\"sent\":true,\"code\":\"0\",\"description\":\"La Comunicacion de baja numero RA-20220422-1, ha sido aceptada\",\"notes\":[],\"is_accepted\":true,\"status_code\":0}',0,NULL,NULL,'2022-04-22 14:21:17','2022-04-22 14:21:57'),(6,1,'9af59e3d-6ec4-41ae-ad74-c39b2746cf9e','02','05','2.0','2022-12-10','2022-12-10','RA-20221210-1','10802930041-RA-20221210-1','202210559140114',0,0,'{\"sent\":true,\"code\":\"0\",\"description\":\"La Comunicacion de baja numero RA-20221210-1, ha sido aceptada\",\"notes\":[],\"is_accepted\":true,\"status_code\":0}',0,NULL,NULL,'2022-12-10 16:13:21','2022-12-13 08:18:11'),(7,1,'6c9f9f93-fb23-4836-b4a5-bf0e32a606cf','02','05','2.0','2022-12-10','2022-12-10','RA-20221210-2','10802930041-RA-20221210-2','202210559237815',0,0,'{\"sent\":true,\"code\":\"0\",\"description\":\"La Comunicacion de baja numero RA-20221210-2, ha sido aceptada\",\"notes\":[],\"is_accepted\":true,\"status_code\":0}',0,NULL,NULL,'2022-12-10 16:27:09','2022-12-13 08:18:10'),(8,1,'edb27c0d-ec17-4c9b-b8f6-b3f9d2636d15','02','05','2.0','2022-12-10','2022-12-10','RA-20221210-3','10802930041-RA-20221210-3','202210559240907',0,0,'{\"sent\":true,\"code\":\"0\",\"description\":\"La Comunicacion de baja numero RA-20221210-3, ha sido aceptada\",\"notes\":[],\"is_accepted\":true,\"status_code\":0}',0,NULL,NULL,'2022-12-10 16:27:43','2022-12-13 08:18:13'),(9,1,'d3251259-af11-466c-b46c-d19d16b294ca','02','05','2.0','2022-12-20','2022-12-20','RA-20221220-1','10802930041-RA-20221220-1','202210626417296',0,0,'{\"sent\":true,\"code\":\"0\",\"description\":\"La Comunicacion de baja numero RA-20221220-1, ha sido aceptada\",\"notes\":[],\"is_accepted\":true,\"status_code\":0}',0,NULL,NULL,'2022-12-20 11:21:00','2022-12-22 17:24:31'),(10,1,'19ed6c5f-88d0-4b5e-93e1-23874bd3f941','02','05','2.0','2022-12-20','2022-12-20','RA-20221220-2','10802930041-RA-20221220-2','202210626418651',0,0,'{\"sent\":true,\"code\":\"0\",\"description\":\"La Comunicacion de baja numero RA-20221220-2, ha sido aceptada\",\"notes\":[],\"is_accepted\":true,\"status_code\":0}',0,NULL,NULL,'2022-12-20 11:21:14','2022-12-22 17:24:33'),(11,1,'9c7916bf-6eec-4baa-941e-b3f5408ca230','02','05','2.0','2022-12-20','2022-12-20','RA-20221220-3','10802930041-RA-20221220-3','202210626421600',0,0,'{\"sent\":true,\"code\":\"0\",\"description\":\"La Comunicacion de baja numero RA-20221220-3, ha sido aceptada\",\"notes\":[],\"is_accepted\":true,\"status_code\":0}',0,NULL,NULL,'2022-12-20 11:21:44','2022-12-22 17:24:31'),(12,1,'047f9ded-6530-40bf-901b-5016c53211c3','02','05','2.0','2022-12-20','2022-12-20','RA-20221220-4','10802930041-RA-20221220-4','202210626422230',0,0,'{\"sent\":true,\"code\":\"0\",\"description\":\"La Comunicacion de baja numero RA-20221220-4, ha sido aceptada\",\"notes\":[],\"is_accepted\":true,\"status_code\":0}',0,NULL,NULL,'2022-12-20 11:21:56','2022-12-22 17:24:35'),(13,1,'26e415a5-d053-4016-a599-256ffcac9e63','02','05','2.0','2022-12-27','2022-12-20','RA-20221227-1','10802930041-RA-20221227-1','202210676193337',0,0,'{\"sent\":true,\"code\":\"0\",\"description\":\"La Comunicacion de baja numero RA-20221227-1, ha sido aceptada\",\"notes\":[],\"is_accepted\":true,\"status_code\":0}',0,NULL,NULL,'2022-12-27 15:42:57','2022-12-30 13:43:03'),(14,1,'ecc365c3-06a2-44cb-bbdb-7703d1fcb8fb','02','05','2.0','2023-01-13','2023-01-10','RA-20230113-1','10802930041-RA-20230113-1','202310807074826',0,0,'{\"sent\":true,\"code\":\"0\",\"description\":\"La Comunicacion de baja numero RA-20230113-1, ha sido aceptada\",\"notes\":[],\"is_accepted\":true,\"status_code\":0}',0,NULL,NULL,'2023-01-13 11:20:46','2023-01-13 11:57:22');

--
-- Table structure for table `voided_documents`
--

CREATE TABLE `voided_documents` (
  `id` int(10) unsigned NOT NULL AUTO_INCREMENT,
  `voided_id` int(10) unsigned NOT NULL,
  `document_id` int(10) unsigned NOT NULL,
  `description` varchar(255) COLLATE utf8mb4_unicode_ci NOT NULL,
  PRIMARY KEY (`id`),
  KEY `voided_documents_voided_id_foreign` (`voided_id`),
  KEY `voided_documents_document_id_foreign` (`document_id`),
  CONSTRAINT `voided_documents_document_id_foreign` FOREIGN KEY (`document_id`) REFERENCES `documents` (`id`),
  CONSTRAINT `voided_documents_voided_id_foreign` FOREIGN KEY (`voided_id`) REFERENCES `voided` (`id`) ON DELETE CASCADE
) ENGINE=InnoDB AUTO_INCREMENT=14 DEFAULT CHARSET=utf8mb4 COLLATE=utf8mb4_unicode_ci;

--
-- Dumping data for table `voided_documents`
--

INSERT INTO `voided_documents` VALUES (1,1,3,'Equivocacion'),(2,2,5,'mal'),(4,5,62,'f'),(5,6,337,'NO SE ESCRIBIO EL CODIGO DEL CLIENTE'),(6,7,340,'TIENE OTRA COPIA'),(7,8,339,'NO SE ESCRIBIO CORRECTO EL NOMBRE'),(8,9,353,'ESTA MAL ELAVORADO'),(9,10,354,'FALTO DATOS'),(10,11,355,'FALTO DATOS'),(11,12,356,'FALTO DATOS'),(12,13,358,'FALTO DESCONTAR'),(13,14,410,'falto el ingreso de datos');

--
-- Table structure for table `waiters`
--

CREATE TABLE `waiters` (
  `id` int(10) unsigned NOT NULL AUTO_INCREMENT,
  `name` varchar(255) COLLATE utf8mb4_unicode_ci NOT NULL,
  `last_name` varchar(255) COLLATE utf8mb4_unicode_ci NOT NULL,
  `created_at` timestamp NULL DEFAULT NULL,
  `updated_at` timestamp NULL DEFAULT NULL,
  PRIMARY KEY (`id`)
) ENGINE=InnoDB DEFAULT CHARSET=utf8mb4 COLLATE=utf8mb4_unicode_ci;

--
-- Dumping data for table `waiters`
--


--
-- Table structure for table `warehouses`
--

CREATE TABLE `warehouses` (
  `id` int(10) unsigned NOT NULL AUTO_INCREMENT,
  `establishment_id` int(10) unsigned NOT NULL,
  `description` varchar(255) COLLATE utf8mb4_unicode_ci NOT NULL,
  `created_at` timestamp NULL DEFAULT NULL,
  `updated_at` timestamp NULL DEFAULT NULL,
  PRIMARY KEY (`id`),
  KEY `warehouses_establishment_id_foreign` (`establishment_id`),
  CONSTRAINT `warehouses_establishment_id_foreign` FOREIGN KEY (`establishment_id`) REFERENCES `establishments` (`id`) ON DELETE CASCADE
) ENGINE=InnoDB AUTO_INCREMENT=3 DEFAULT CHARSET=utf8mb4 COLLATE=utf8mb4_unicode_ci;

--
-- Dumping data for table `warehouses`
--

INSERT INTO `warehouses` VALUES (1,1,'Almacén Oficina Principal','2022-01-24 11:17:33','2022-01-24 11:17:33'),(2,2,'Almacén - SUCURSAL','2023-01-15 02:22:33','2023-01-15 02:22:33');

--
-- Table structure for table `web_platforms`
--

CREATE TABLE `web_platforms` (
  `id` int(10) unsigned NOT NULL AUTO_INCREMENT,
  `name` varchar(255) COLLATE utf8mb4_unicode_ci NOT NULL,
  `created_at` timestamp NULL DEFAULT NULL,
  `updated_at` timestamp NULL DEFAULT NULL,
  PRIMARY KEY (`id`)
) ENGINE=InnoDB AUTO_INCREMENT=4 DEFAULT CHARSET=utf8mb4 COLLATE=utf8mb4_unicode_ci;

--
-- Dumping data for table `web_platforms`
--

INSERT INTO `web_platforms` VALUES (1,'Saga Falabella',NULL,NULL),(2,'Mercado Libre ',NULL,NULL),(3,'Linio',NULL,NULL);

--
-- Table structure for table `workers`
--

CREATE TABLE `workers` (
  `id` int(10) unsigned NOT NULL AUTO_INCREMENT,
  `identity_document_type_id` varchar(255) COLLATE utf8mb4_unicode_ci NOT NULL,
  `number` varchar(255) COLLATE utf8mb4_unicode_ci NOT NULL,
  `name` varchar(255) COLLATE utf8mb4_unicode_ci NOT NULL,
  `birth_date` date NOT NULL,
  `admission_date` date NOT NULL,
  `occupation` varchar(255) COLLATE utf8mb4_unicode_ci NOT NULL,
  `address` varchar(255) COLLATE utf8mb4_unicode_ci DEFAULT NULL,
  `email` varchar(255) COLLATE utf8mb4_unicode_ci DEFAULT NULL,
  `telephone` varchar(255) COLLATE utf8mb4_unicode_ci DEFAULT NULL,
  `created_at` timestamp NULL DEFAULT NULL,
  `updated_at` timestamp NULL DEFAULT NULL,
  PRIMARY KEY (`id`),
  KEY `workers_identity_document_type_id_foreign` (`identity_document_type_id`),
  KEY `workers_number_index` (`number`),
  KEY `workers_name_index` (`name`),
  CONSTRAINT `workers_identity_document_type_id_foreign` FOREIGN KEY (`identity_document_type_id`) REFERENCES `cat_identity_document_types` (`id`)
) ENGINE=InnoDB DEFAULT CHARSET=utf8mb4 COLLATE=utf8mb4_unicode_ci;

--
-- Dumping data for table `workers`
--


--
-- Table structure for table `zones`
--

CREATE TABLE `zones` (
  `id` int(10) unsigned NOT NULL AUTO_INCREMENT,
  `name` varchar(255) COLLATE utf8mb4_unicode_ci NOT NULL,
  PRIMARY KEY (`id`)
) ENGINE=InnoDB DEFAULT CHARSET=utf8mb4 COLLATE=utf8mb4_unicode_ci;

--
-- Dumping data for table `zones`
--


--
-- Dumping events for database 'tenancy_loceriasunion'
--

--
-- Dumping routines for database 'tenancy_loceriasunion'
--


