-- Table structure for table `machine_types`
--

CREATE TABLE `machine_types` (
  `id` int(10) unsigned NOT NULL AUTO_INCREMENT,
  `name` text COLLATE utf8mb4_unicode_ci NOT NULL,
  `description` text COLLATE utf8mb4_unicode_ci DEFAULT NULL,
  `active` tinyint(1) NOT NULL DEFAULT 0,
  `created_at` timestamp NULL DEFAULT NULL,
  `updated_at` timestamp NULL DEFAULT NULL,
  PRIMARY KEY (`id`)
) ENGINE=InnoDB DEFAULT CHARSET=utf8mb4 COLLATE=utf8mb4_unicode_ci;

--
-- Dumping data for table `machine_types`
--


--
-- Table structure for table `machines`
--

CREATE TABLE `machines` (
  `id` int(10) unsigned NOT NULL AUTO_INCREMENT,
  `machine_type_id` int(10) unsigned NOT NULL,
  `name` text COLLATE utf8mb4_unicode_ci DEFAULT NULL,
  `brand` text COLLATE utf8mb4_unicode_ci DEFAULT NULL,
  `model` text COLLATE utf8mb4_unicode_ci DEFAULT NULL,
  `closing_force` text COLLATE utf8mb4_unicode_ci DEFAULT NULL,
  `created_at` timestamp NULL DEFAULT NULL,
  `updated_at` timestamp NULL DEFAULT NULL,
  PRIMARY KEY (`id`)
) ENGINE=InnoDB DEFAULT CHARSET=utf8mb4 COLLATE=utf8mb4_unicode_ci;

--
-- Dumping data for table `machines`
--


--
-- Table structure for table `mi_tienda_pe`
--

CREATE TABLE `mi_tienda_pe` (
  `id` int(10) unsigned NOT NULL AUTO_INCREMENT,
  `order_number` text COLLATE utf8mb4_unicode_ci DEFAULT NULL COMMENT 'Numero de pedido',
  `transaction_code` text COLLATE utf8mb4_unicode_ci DEFAULT NULL COMMENT 'Codigo de pasareña',
  `order_note_id` int(10) unsigned DEFAULT 0,
  `document_id` int(10) unsigned DEFAULT 0,
  `created_at` timestamp NULL DEFAULT NULL,
  `updated_at` timestamp NULL DEFAULT NULL,
  PRIMARY KEY (`id`)
) ENGINE=InnoDB DEFAULT CHARSET=utf8mb4 COLLATE=utf8mb4_unicode_ci;

--
-- Dumping data for table `mi_tienda_pe`
--


--
-- Table structure for table `migrations`
--

CREATE TABLE `migrations` (
  `id` int(10) unsigned NOT NULL AUTO_INCREMENT,
  `migration` varchar(255) COLLATE utf8mb4_unicode_ci NOT NULL,
  `batch` int(11) NOT NULL,
  PRIMARY KEY (`id`)
) ENGINE=InnoDB AUTO_INCREMENT=828 DEFAULT CHARSET=utf8mb4 COLLATE=utf8mb4_unicode_ci;

--
-- Dumping data for table `migrations`
--

INSERT INTO `migrations` VALUES (1,'2018_00_00_000000_tenant_catalogs_table',1),(2,'2018_01_00_000000_tenant_system_table',1),(3,'2018_01_01_000000_tenant_users_table',1),(4,'2018_01_01_000001_tenant_password_resets_table',1),(5,'2018_01_01_000004_tenant_modules_table',1),(6,'2018_01_01_000006_tenant_module_user_table',1),(7,'2018_01_01_000013_tenant_location_table',1),(8,'2018_05_16_000800_tenant_companies_table',1),(9,'2018_05_16_000810_tenant_establishments_table',1),(10,'2018_05_16_000900_tenant_configurations_table',1),(11,'2018_05_17_000002_tenant_series_table',1),(12,'2018_05_17_000101_tenant_persons_table',1),(13,'2018_06_17_000001_tenant_items_table',1),(14,'2018_06_17_000002_tenant_documents_table',1),(15,'2018_06_17_000005_tenant_document_items_table',1),(16,'2018_06_19_000020_tenant_invoices_table',1),(17,'2018_06_19_000021_tenant_notes_table',1),(18,'2018_06_21_000002_tenant_summaries_table',1),(19,'2018_06_21_000003_tenant_summary_documents_table',1),(20,'2018_06_21_000004_tenant_voided_table',1),(21,'2018_06_21_000005_tenant_voided_documents_table',1),(22,'2018_06_22_000022_tenant_retentions_table',1),(23,'2018_06_22_000023_tenant_retention_documents_table',1),(24,'2018_06_22_000024_tenant_perceptions_table',1),(25,'2018_06_22_000026_tenant_perception_details_table',1),(26,'2018_07_22_000024_tenant_dispatches_table',1),(27,'2018_07_22_000030_tenant_dispatch_items_table',1),(28,'2019_02_12_000002_tenant_purchases_table',1),(29,'2019_02_12_000005_tenant_purchase_items_table',1),(30,'2019_02_12_000007_tenant_kardex_table',1),(31,'2019_02_13_150334_tenant_add_cront_to_configurations',1),(32,'2019_02_13_175903_tenant_change_type_column_quantity_to_document_items',1),(33,'2019_02_13_190940_tenant_add_information_to_documents',1),(34,'2019_02_14_100645_tenant_add_establishment_id_to_users',1),(35,'2019_02_19_150123_tenant_change_columns_to_exchange_rates',1),(36,'2019_02_25_074400_tenant_add_data_json_to_documents',1),(37,'2019_02_26_084922_tenant_change_columns_offline_to_documents',1),(38,'2019_02_27_093803_tenant_add_send_online_to_documents',1),(39,'2019_02_27_150015_create_tasks_table',1),(40,'2019_02_28_100503_tenant_add_calculate_quantity_to_items',1),(41,'2019_02_28_154355_tenant_delete_unique_class_to_tasks',1),(42,'2019_02_28_215128_tenant_change_decimal_column_quantity_to_document_items',1),(43,'2019_03_01_100028_tenant_change_decimal_column_stock_to_items',1),(44,'2019_03_01_100550_tenant_change_type_column_quantity_to_purchase_items',1),(45,'2019_03_01_100938_tenant_change_type_column_quantity_to_kardex',1),(46,'2019_03_01_163938_tenant_add_locked_to_users',1),(47,'2019_03_16_095539_tenant_quotations_table',1),(48,'2019_03_16_095620_tenant_quotation_items_table',1),(49,'2019_03_19_155345_tenant_sale_notes_table',1),(50,'2019_03_19_155546_tenant_sale_note_items_table',1),(51,'2019_03_20_152101_tenant_add_sale_note_id_to_kardex',1),(52,'2019_03_22_095723_tenant_change_nullable_colum_type_to_kardex',1),(53,'2019_03_23_114011_tenant_warehouses_table',1),(54,'2019_03_23_134515_add_warehouse_id_to_items',1),(55,'2019_03_23_154011_tenant_item_warehouse_table',1),(56,'2019_03_25_120709_tenant_inventories_table',1),(57,'2019_03_26_120709_tenant_inventory_kardex_table',1),(58,'2019_03_27_104823_tenant_add_record_to_warehouses',1),(59,'2019_03_28_102106_tenant_add_quotation_id_to_documents',1),(60,'2019_03_28_112106_tenant_add_foreign_establishment_id_to_warehouses',1),(61,'2019_03_29_100403_tenant_add_foreign_to_item_warehouse',1),(62,'2019_03_29_100413_tenant_add_foreign_to_inventories',1),(63,'2019_03_29_100433_tenant_add_foreign_to_inventory_kardex',1),(64,'2019_03_29_100503_tenant_add_has_igv_to_items',1),(65,'2019_04_24_151702_tenant_add_stock_to_configurations',1),(66,'2019_04_26_105302_tenant_add_contingency_to_series',1),(67,'2019_04_29_111659_tenant_inventory_configurations_table',1),(68,'2019_04_29_164935_tenant_add_record_to_inventory_configurations',1),(69,'2019_04_30_140509_tenant_add_type_to_users',1),(70,'2019_05_06_174801_tenant_change_column_type_to_users',1),(71,'2019_05_07_160954_tenant_item_unit_types_table',1),(72,'2019_05_10_172128_tenant_add_price_default_to_item_unit_types',1),(73,'2019_05_13_145524_tenant_fix_error_to_inventories',1),(74,'2019_05_14_091046_tenant_description_to_item_unit_types',1),(75,'2019_05_27_185903_tenant_change_type_column_qr_to_documents',1),(76,'2019_05_28_172128_tenant_add_percentage_of_profit_to_items',1),(77,'2019_06_12_000005_tenant_document_payments_table',1),(78,'2019_06_12_000015_tenant_sale_note_payments_table',1),(79,'2019_06_12_172128_tenant_add_total_canceled_to_sale_notes',1),(80,'2019_06_13_100503_tenant_change_unit_price_to_items',1),(81,'2019_06_14_100503_tenant_person_address_table',1),(82,'2019_06_24_122116_tenant_add_changed_to_sale_notes',1),(83,'2019_07_09_141248_tenant_expense_types_table',1),(84,'2019_07_09_141408_tenant_expenses_table',1),(85,'2019_07_09_141508_tenant_expense_items_table',1),(86,'2019_07_09_172826_tenant_add_perception_agent_to_persons',1),(87,'2019_07_10_092347_tenant_add_percentage_perception_to_items',1),(88,'2019_07_10_103811_tenant_add_columns_perceptions_to_purchases',1),(89,'2019_07_10_120610_tenant_add_columns_purchases_to_payment_method_types',1),(90,'2019_07_10_123325_tenant_purchase_payments_table',1),(91,'2019_07_10_140636_tenant_add_date_of_due_to_purchases',1),(92,'2019_07_10_151332_tenant_add_warehouse_id_to_purchase_items',1),(93,'2019_07_12_181618_tenant_add_columns_aditional_to_establishments',1),(94,'2019_07_19_163617_tenant_add_columns_system_to_configurations',1),(95,'2019_07_22_094601_tenant_cash_table',1),(96,'2019_07_22_094658_tenant_cash_documents_table',1),(97,'2019_07_22_094725_tenant_add_image_to_items',1),(98,'2019_07_22_094803_tenant_modify_document_id_to_cash_documents',1),(99,'2019_07_22_102243_tenant_accounts_table',1),(100,'2019_07_22_103459_tenant_add_account_id_to_items',1),(101,'2019_07_23_175808_tenant_modify_decimals_to_item_unit_types',1),(102,'2019_07_24_162847_tenant_add_data_module_for_pos',1),(103,'2019_07_25_144505_tenant_add_ose_to_companies',1),(104,'2019_07_27_181623_tenant_add_name_name2_to_items',1),(105,'2019_07_31_165537_tenant_add_subtotal_account_to_configurations',1),(106,'2019_08_01_002801_tenant_add_status_to_item',1),(107,'2019_08_01_005553_tenant_add_status_to_persons',1),(108,'2019_08_01_011908_tenant_add_description_to_quotations',1),(109,'2019_08_01_095140_tenant_add_status_to_bank_accounts',1),(110,'2019_08_01_101234_tenant_add_active_to_banks',1),(111,'2019_08_01_102419_tenant_add_active_to_card_brands',1),(112,'2019_08_01_105836_tenant_delete_subtotal_account_to_configurations',1),(113,'2019_08_01_110045_tenant_company_accounts_table',1),(114,'2019_08_03_162431_tenant_add_data_modules_for_dashboard',1),(115,'2019_08_05_130830_tenant_add_index_external_id_to_documents',1),(116,'2019_08_12_125016_tenant_up_unit_price_to_items',1),(117,'2019_08_13_082230_tenant_add_column_limit_user_to_configurations',1),(118,'2019_08_16_153648_tenant_add_more_decimal_column_stock_to_items',1),(119,'2019_08_16_161756_tenant_add_total_plastic_bag_taxes_to_documents',1),(120,'2019_08_16_161824_tenant_add_total_plastic_bag_taxes_to_document_items',1),(121,'2019_08_16_161854_tenant_add_amount_plastic_bag_taxes_to_items',1),(122,'2019_08_19_112540_tenant_add_quotation_id_to_sale_notes',1),(123,'2019_08_19_115344_tenant_add_sale_note_id_to_documents',1),(124,'2019_08_19_124610_tenant_add_state_condition_to_persons',1),(125,'2019_08_20_121326_tenant_add_indexes_to_documents',1),(126,'2019_08_20_144511_tenant_add_indexes_to_summaries',1),(127,'2019_08_20_151037_tenant_add_indexes_to_persons',1),(128,'2019_08_21_145954_tenant_modify_name_name2_to_items',1),(129,'2019_08_23_115358_tenant_add_data_accounnting_inventory_to_modules',1),(130,'2019_08_23_160411_tenant_modify_description_to_items',1),(131,'2019_09_03_153427_tenant_change_nullable_column_affected_document_id_to_notes',1),(132,'2019_09_03_153656_tenant_add_data_affected_document_to_notes',1),(133,'2019_09_09_153206_tenant_add_sale_note_id_to_cash_documents',1),(134,'2019_09_09_174848_tenant_modify_columns_to_perceptions',1),(135,'2019_09_09_174916_tenant_modify_columns_to_perception_details',1),(136,'2019_09_10_102854_tenant_modify_series_id_to_perceptions',1),(137,'2019_09_11_131559_tenant_add_apply_store_to_items',1),(138,'2019_09_11_154949_tenant_expense_method_types',1),(139,'2019_09_11_155535_tenant_expense_payments',1),(140,'2019_09_11_174858_tenant_expense_reasons',1),(141,'2019_09_11_174929_tenant_add_expense_reason_id_to_expenses',1),(142,'2019_09_13_112026_tenant_add_column_image_medium_and_image_small_to_items',1),(143,'2019_09_15_233528_tenant_create_table_tag',1),(144,'2019_09_15_233537_tenant_create_table_item_tag',1),(145,'2019_09_16_121938_tenant_add_date_of_due_to_items',1),(146,'2019_09_16_133219_tenant_add_data_ecommerce_to_modules',1),(147,'2019_09_16_160453_tenant_add_timestamps_to_tag',1),(148,'2019_09_16_161726_tenant_add_status_to_tags',1),(149,'2019_09_17_131050_tenant_add_type_client_to_users',1),(150,'2019_09_17_202003_tenant_promotions_table',1),(151,'2019_09_18_152416_tenant_add_percentage_perception_to_persons',1),(152,'2019_09_18_160838_tenant_add_has_perception_to_items',1),(153,'2019_09_30_151349_tenant_add_has_prepayment_to_documents',1),(154,'2019_09_30_160541_tenant_inventory_transactions_table',1),(155,'2019_09_30_160919_tenant_change_columns_to_inventories',1),(156,'2019_10_04_092658_tenant_business_turns_table',1),(157,'2019_10_04_094841_tenant_document_hotels_table',1),(158,'2019_10_09_101229_tenant_add_locked_tenant_to_configurations',1),(159,'2019_10_10_155554_tenant_add_quantity_documents_date_time_start_to_configurations',1),(160,'2019_10_11_095050_tenant_billing_cycles_table',1),(161,'2019_10_11_153948_tenant_add_locked_users_to_configurations',1),(162,'2019_10_14_101501_tenant_add_column_set_to_items',1),(163,'2019_10_14_102317_tenant_item_sets_table',1),(164,'2019_10_14_235308_tenant_orders_table',1),(165,'2019_10_15_122633_tenant_person_types_table',1),(166,'2019_10_15_123201_tenant_add_person_types_to_persons',1),(167,'2019_10_16_001052_tenant_add_identity_and_number_to_users',1),(168,'2019_10_17_100307_tenant_add_data_to_document_types',1),(169,'2019_10_18_150004_tenant_categories_table',1),(170,'2019_10_18_150414_tenant_brands_table',1),(171,'2019_10_18_150604_tenant_brand_category_to_items',1),(172,'2019_10_18_194622_tenant_add_soft_delete_to_purchases',1),(173,'2019_10_20_190039_tenant_add_plan_to_configurations',1),(174,'2019_10_20_195730_tenant_add_cuenta_to_modules',1),(175,'2019_10_20_200958_tenant_account_payments_table',1),(176,'2019_10_22_173407_tenant_add_was_deducted_prepayment_to_documents',1),(177,'2019_10_24_103947_tenant_add_sunat_alternate_server_to_configurations',1),(178,'2019_10_24_183250_tenant_add_document_id_to_orders',1),(179,'2019_10_24_210806_tenant_items_rating_table',1),(180,'2019_10_26_213130_tenant_add_logo_store_to_companies',1),(181,'2019_10_28_202116_tenant_add_reference_number_to_cash',1),(182,'2019_11_05_113236_create_padrones_table',1),(183,'2019_11_05_113320_create_charge_padrones_table',1),(184,'2019_11_06_095251_tenant_add_success_shipping_status_to_documents',1),(185,'2019_11_06_102422_tenant_add_success_sunat_shipping_status_to_documents',1),(186,'2019_11_06_110606_tenant_add_success_query_status_to_documents',1),(187,'2019_11_06_113035_tenant_offline_configurations_table',1),(188,'2019_11_11_102124_tenant_series_configurations_table',1),(189,'2019_11_12_223340_tenant_add_reference_document_id_to_dispatches',1),(190,'2019_11_13_124821_tenant_add_document_type_id_to_series_configurations',1),(191,'2019_11_18_154307_tenant_create_congiguration_ecommerce_table',1),(192,'2019_11_19_113132_tenant_cat_detraction_types_table',1),(193,'2019_11_20_175549_tenant_add_inventory_kardex_id_to_sale_note_items',1),(194,'2019_11_20_221547_tenant_add_address_to_configuration_ecommerce',1),(195,'2019_11_25_213648_tenant_add_social_to_configuration_ecommerce',1),(196,'2019_11_29_093342_tenant_add_detraction_account_to_companies',1),(197,'2019_12_02_105910_tenant_add_purchase_expense_to_cash_documents',1),(198,'2019_12_02_111743_tenant_change_expense_reason_id_to_expenses',1),(199,'2019_12_02_111837_tenant_add_soap_type_id_to_expenses',1),(200,'2019_12_02_152128_tenant_add_date_of_due_to_quotations',1),(201,'2019_12_02_161856_tenant_add_data_to_payment_method_types',1),(202,'2019_12_02_163726_tenant_add_payment_method_type_id_to_quotations',1),(203,'2019_12_05_104120_tenant_fixed_columns_to_cash_documents',1),(204,'2019_12_06_114132_tenant_add_shipping_address_to_quotations',1),(205,'2019_12_06_120917_tenant_add_commission_amount_to_items',1),(206,'2019_12_11_111224_tenant_purchase_quotations_table',1),(207,'2019_12_11_112209_tenant_purchase_quotation_items_table',1),(208,'2019_12_11_122830_tenant_add_reference_quotation_id_to_dispatches',1),(209,'2019_12_11_174726_tenant_purchase_orders_table',1),(210,'2019_12_11_175353_tenant_purchase_order_items_table',1),(211,'2019_12_16_103759_tenant_add_decimal_quantity_to_configurations',1),(212,'2019_12_16_181022_tenant_add_prefix_to_purchase_orders',1),(213,'2019_12_17_101130_tenant_add_purchase_order_id_to_purchases',1),(214,'2019_12_19_102946_tenant_item_lots_table',1),(215,'2019_12_19_105644_tenant_add_lot_code_to_items',1),(216,'2019_12_19_141604_tenant_add_operation_amazonia_to_companies',1),(217,'2019_12_20_123931_tenant_module_levels_table',1),(218,'2019_12_20_123945_tenant_module_level_user_table',1),(219,'2019_12_23_144236_tenant_add_apply_concurrency_to_sale_notes',1),(220,'2019_12_23_171335_tenant_add_columns_periods_to_sale_notes',1),(221,'2019_12_24_114350_tenant_add_columns_lots_to_item_lots',1),(222,'2019_12_24_123601_tenant_add_lot_code_to_purchase_items',1),(223,'2019_12_27_111848_tenant_add_lot_code_to_inventories',1),(224,'2019_12_30_095201_tenant_add_lots_enabled_to_items',1),(225,'2020_01_03_111747_tenant_add_amount_plastic_bag_taxes_to_configurations',1),(226,'2020_01_08_102051_tenant_add_total_canceled_to_documents',1),(227,'2020_01_09_094728_tenant_change_decimal_column_quantity_to_dispatch_items',1),(228,'2020_01_09_102017_tenant_change_type_decimal_column_quantity_to_dispatch_items',1),(229,'2020_01_09_153023_tenant_add_compact_sidebar_to_configurations',1),(230,'2020_01_10_095143_tenant_add_cci_to_bank_accounts',1),(231,'2020_01_10_121518_tenant_add_warehouse_id_to_document_items',1),(232,'2020_01_15_095621_tenant_add_change_decimal_exchange_rate_sale_tables',1),(233,'2020_01_15_100032_tenant_add_data_to_cat_document_types',1),(234,'2020_01_15_144606_tenant_add_series_number_to_sale_notes',1),(235,'2020_01_15_172447_tenant_add_paid_to_sale_notes',1),(236,'2020_01_15_181229_tenant_add_plate_to_sale_notes',1),(237,'2020_01_16_101424_tenant_add_detail_to_inventories',1),(238,'2020_01_16_103741_tenant_change_decimals_unit_price_tables',1),(239,'2020_01_16_121313_tenant_add_state_to_item_lots',1),(240,'2020_01_17_095233_tenant_document_transports_table',1),(241,'2020_01_17_115328_tenant_add_plate_number_to_documents',1),(242,'2020_01_17_175217_tenant_add_state_type_to_expenses',1),(243,'2020_01_21_153921_tenant_inventories_transfer_table',1),(244,'2020_01_21_155245_tenant_add_inventories_transfer_id_to_inventories',1),(245,'2020_01_23_120700_tenant_drop_compact_sidebar_to_configurations',1),(246,'2020_01_23_120830_tenant_re_create_compact_sidebar_to_configurations',1),(247,'2020_01_23_123235_tenant_add_columns_to_document_hotels',1),(248,'2020_01_27_121553_tenant_add_commission_type_to_items',1),(249,'2020_01_27_150915_tenant_change_column_number_to_sale_notes',1),(250,'2020_01_28_135422_tenant_add_tag_to_configuration_ecommerce',1),(251,'2020_01_31_122444_tenant_add_config_system_to_configurations',1),(252,'2020_02_05_124542_tenant_add_guests_to_document_hotels',1),(253,'2020_02_07_164026_tenant_create_person_addresses',1),(254,'2020_02_10_111943_tenant_add_affectation_type_prepayment_to_documents',1),(255,'2020_02_11_210535_tenant_add_active_to_items',1),(256,'2020_02_12_203736_tenant_add_contact_to_users',1),(257,'2020_02_17_115050_tenant_add_delivery_date_to_quotations',1),(258,'2020_02_17_141658_tenant_create_format_templates_table',1),(259,'2020_02_17_194731_tenant_add_formats_to_configurations',1),(260,'2020_02_17_202910_tenant_item_images_table',1),(261,'2020_02_19_102018_tenant_order_notes_table',1),(262,'2020_02_19_121619_tenant_order_note_items_table',1),(263,'2020_02_19_150814_tenant_add_order_note_id_to_documents',1),(264,'2020_02_19_150828_tenant_add_order_note_id_to_sale_notes',1),(265,'2020_02_19_160926_tenant_add_reference_order_note_id_to_dispatches',1),(266,'2020_02_20_224501_tenant_add_colums_grid_items_to_configurations',1),(267,'2020_02_21_172411_tenant_add_soap_shipping_response_to_documents',1),(268,'2020_02_24_213558_tenant_date_of_due_column_to_purchase_items',1),(269,'2020_02_25_103837_tenant_add_options_pos_to_configurations',1),(270,'2020_02_25_154338_tenant_add_change_to_document_payments',1),(271,'2020_02_26_201604_tenant_item_lots_group_table',1),(272,'2020_02_26_203030_tenant_add_series_enabled_to_items',1),(273,'2020_02_27_113111_tenant_add_change_to_sale_note_payments',1),(274,'2020_03_03_172821_tenant_add_additional_information_to_document_items',1),(275,'2020_03_06_101730_tenant_global_payments_table',1),(276,'2020_03_10_165850_tenant_add_data_module_for_finance',1),(277,'2020_03_11_151338_tenant_add_edit_name_product_purchase',1),(278,'2020_03_13_110238_add_column_name_product_pdf',1),(279,'2020_03_13_134951_add_column_name_product_pdf_update',1),(280,'2020_03_13_134955_add_column_name_product_pdf_change',1),(281,'2020_03_16_152939_tenant_add_indexes_to_payments_tables_for_finances',1),(282,'2020_03_16_162652_tenant_add_enabled_to_persons',1),(283,'2020_03_20_030559_add_columna_restrict_receipt_date',1),(284,'2020_03_20_174637_tenant_add_affectation_igv_type_id_to_configurations',1),(285,'2020_03_25_173128_tenant_sale_opportunities_table',1),(286,'2020_03_25_173442_tenant_sale_opportunity_items_table',1),(287,'2020_03_26_121642_tenant_add_sale_opportunity_id_to_quotations',1),(288,'2020_03_26_170415_tenant_sale_opportunity_files_table',1),(289,'2020_03_27_111133_tenant_quotation_payments_table',1),(290,'2020_03_27_123343_tenant_add_changed_to_quotations',1),(291,'2020_03_27_141008_tenant_add_column_visual_to_configurations',1),(292,'2020_03_27_143825_tenant_add_account_number_to_quotations',1),(293,'2020_03_27_150024_tenant_add_terms_condition_to_quotations',1),(294,'2020_03_30_112859_tenant_payment_files_table',1),(295,'2020_03_31_111522_tenant_add_customer_id_to_purchases',1),(296,'2020_03_31_122445_tenant_fixed_asset_items_table',1),(297,'2020_03_31_141008_tenant_add_column_show_ws_to_configurations',1),(298,'2020_03_31_151057_tenant_fixed_asset_purchases_table',1),(299,'2020_03_31_151323_tenant_fixed_asset_purchase_items_table',1),(300,'2020_04_01_150413_tenant_add_terms_condition_to_configurations',1),(301,'2020_04_02_124023_tenant_add_sale_opportunity_id_to_purchase_orders',1),(302,'2020_04_02_151534_tenant_add_total_canceled_to_purchases',1),(303,'2020_04_02_154134_tenant_contracts_table',1),(304,'2020_04_02_154147_tenant_contract_items_table',1),(305,'2020_04_02_154244_tenant_contract_payments_table',1),(306,'2020_04_03_111019_tenant_income_types_table',1),(307,'2020_04_03_111139_tenant_income_reasons_table',1),(308,'2020_04_03_111209_tenant_income_table',1),(309,'2020_04_03_111703_tenant_income_items_table',1),(310,'2020_04_03_124629_tenant_income_payments_table',1),(311,'2020_04_03_143703_tenant_insert_internal_to_soap_types',1),(312,'2020_05_06_205001_create_status_orders_table',1),(313,'2020_05_06_210451_tenant_add_status_orders_to_orders',1),(314,'2020_05_07_123152_tenant_technical_services_table',1),(315,'2020_05_07_164323_tenant_user_commissions_table',1),(316,'2020_05_12_131218_add_product_to_configurations',1),(317,'2020_05_12_204311_tenant_add_cotizaction_finance_configurations',1),(318,'2020_05_19_162014_tenant_add_contact_to_persons',1),(319,'2020_05_25_140825_tenant_add_column_plate_number_to_sales_note',1),(320,'2020_05_30_132013_tenant_add_certificate_due_to_companies',1),(321,'2020_06_05_111820_tenant_add_line_to_items',1),(322,'2020_06_10_102549_tenant_add_columns_technical_specifications_items',1),(323,'2020_06_11_093739_tenant_add_columns_header_image_legend_footer_to_configurations',1),(324,'2020_06_11_152155_tenant_add_purchase_orders',1),(325,'2020_06_23_122822_tenant_drivers_table',1),(326,'2020_06_23_122938_tenant_dispatchers_table',1),(327,'2020_06_23_123012_tenant_order_forms_table',1),(328,'2020_06_23_123126_tenant_order_form_items_table',1),(329,'2020_06_24_173951_tenant_add_reference_order_form_id_to_dispatches',1),(330,'2020_07_03_124017_tenant_add_purchase_has_igv_to_items',1),(331,'2020_07_08_163451_tenant_change_column_name_product_pdf_to_document_items',1),(332,'2020_07_21_213555_tenant_add_columns_to_technical_services',1),(333,'2020_07_23_153920_tenant_add_user_id_to_global_payments',1),(334,'2020_07_23_215548_tenant_add_img_firm_to_companies',1),(335,'2020_07_23_221614_tenant_add_qr_to_order_forms',1),(336,'2020_07_30_101311_tenant_add_soap_shipping_response_to_summaries',1),(337,'2020_07_30_105514_tenant_add_soap_shipping_response_to_voided',1),(338,'2020_08_03_123426_tenant_add_secondary_license_plates_to_dispatches',1),(339,'2020_08_04_104159_tenant_add_initial_balance_to_bank_accounts',1),(340,'2020_08_04_123149_tenant_add_pending_amount_prepayment_to_documents',1),(341,'2020_08_05_104849_tenant_add_payment_method_type_id_to_documents',1),(342,'2020_08_05_125307_tenant_add_filename_to_purchases',1),(343,'2020_08_06_101100_tenant_change_columns_delivery_date_date_of_due_to_quotations',1),(344,'2020_08_06_120140_tenant_add_data_to_module_levels',1),(345,'2020_08_20_151205_tenant_change_column_terms_condition_to_quotations',1),(346,'2020_08_20_151856_tenant_change_column_terms_condition_to_configurations',1),(347,'2020_08_20_172938_tenant_change_decimal_column_quantity_to_item_lots_group',1),(348,'2020_08_26_142025_tenant_add_indexes_to_items',1),(349,'2020_08_27_101335_tenant_add_indexes_to_item_lots',1),(350,'2020_08_28_100623_tenant_change_type_column_terms_condition_to_contracts',1),(351,'2020_09_01_160245_tenant_add_warehouse_id_to_sale_note_items',1),(352,'2020_09_02_103127_tenant_add_warehouse_id_to_order_note_items',1),(353,'2020_09_02_124906_tenant_add_customer_id_to_establishments',1),(354,'2020_09_04_094513_tenant_add_quantity_to_item_sets',1),(355,'2020_09_04_165849_tenant_active_data_to_cat_operation_types',1),(356,'2020_09_07_110546_tenant_add_data_module_for_establishments_users',1),(357,'2020_09_08_141513_tenant_add_regularize_shipping_to_documents',1),(358,'2020_09_08_142658_tenant_add_response_regularize_shipping_to_documents',1),(359,'2020_09_09_144419_tenant_modify_text_description_to_expense_method_types',1),(360,'2020_09_09_151848_tenant_change_column_number_to_expenses',1),(361,'2020_09_09_160249_tenant_contract_state_types_table',1),(362,'2020_09_09_161329_tenant_change_state_type_id_to_contracts',1),(363,'2020_09_11_105705_tenant_cash_transactions_table',1),(364,'2020_09_14_123539_tenant_technical_service_payments_table',1),(365,'2020_09_25_113553_tenant_add_data_rh_to_cat_document_types',1),(366,'2020_09_29_110506_tenant_change_description_to_items',1),(367,'2020_10_09_153402_tenant_add_default_document_type_03_to_configurations',1),(368,'2020_10_13_095308_tenant_add_data_public_services_to_cat_document_types',1),(369,'2020_10_13_111740_tenant_web_platforms_table',1),(370,'2020_10_13_112548_tenant_add_destination_default_to_configurations',1),(371,'2020_10_13_120454_tenant_add_web_platform_id_to_items',1),(372,'2020_10_15_120313_tenant_active_transport_1004_to_cat_operation_types',1),(373,'2020_10_15_173515_tenant_add_contact_phone_to_quotations',1),(374,'2020_10_16_101845_teanant_add_data_to_module_levels',1),(375,'2020_10_16_143042_tenant_add_columns_aditional_to_modules',1),(376,'2020_10_26_151606_tenant_change_columns_nullable_to_dispatches',1),(377,'2020_11_05_103808_tenant_add_seller_to_documents',1),(378,'2020_11_05_120923_tenant_add_payment_method_type_id_to_sale_notes',1),(379,'2020_11_06_104926_tenant_add_soap_shipping_response_to_retentions',1),(380,'2020_11_10_101728_tenant_change_column_name_to_items',1),(381,'2020_11_12_143726_tenant_add_observation_to_sale_notes',1),(382,'2020_11_12_164451_tenant_add_reference_sale_note_id_to_dispatches',1),(383,'2020_11_18_123948_tenant_add_soap_shipping_response_to_dispatches',1),(384,'2020_11_19_115728_tenant_devolution_reasons_table',1),(385,'2020_11_19_115848_tenant_devolutions_table',1),(386,'2020_11_19_115944_tenant_devolution_items_table',1),(387,'2020_11_25_115944_tenant_create_preprinted_format_templates_table',1),(388,'2020_12_01_172908_tenant_add_reference_data_to_documents_sale_notes',1),(389,'2020_12_03_141335_tenant_change_text_description_to_cat_document_types',1),(390,'2020_12_31_103348_tenant_add_has_plastic_bag_taxes_to_items',1),(391,'2021_01_05_145928_add_model_column_to_items_table',1),(392,'2021_01_08_095018_add_barcode_column_to_items_table',1),(393,'2021_01_08_103402_update_barcode_column_to_items_table',1),(394,'2021_01_18_143008_change_lenght_to_items_table',1),(395,'2021_01_19_111533_add_internal_code_column_to_persons_table',1),(396,'2021_01_21_181843_add_terms_condition_sale_to_configurations_table',1),(397,'2021_01_21_183856_add_terms_condition_column_to_documents_table',1),(398,'2021_01_26_102448_create_hotel_rates_table',1),(399,'2021_01_26_152649_create_hotel_categories_table',1),(400,'2021_01_26_161851_create_hotel_floors_table',1),(401,'2021_01_26_171515_create_hotel_rooms_table',1),(402,'2021_01_27_155235_create_hotel_room_rates_table',1),(403,'2021_01_28_205134_create_hotel_rents_table',1),(404,'2021_01_31_163211_create_hotel_rent_items_table',1),(405,'2021_02_01_102051_add_columns_to_hotel_rents_table',1),(406,'2021_02_01_112617_add_column_item_id_to_hotel_rooms_table',1),(407,'2021_02_02_180153_add_arrears_column_to_hotel_rents_table',1),(408,'2021_02_04_215327_add_show_in_document_column_to_bank_accounts_table',1),(409,'2021_02_08_111945_add_document_id_column_to_dispatches_table',1),(410,'2021_02_10_153546_add_login_column_to_configurations_table',1),(411,'2021_02_11_113008_change_destination_to_global_payments_table',1),(412,'2021_02_15_101110_add_favicon_column_to_companies_table',1),(413,'2021_02_15_175921_add_navbar_column_to_configurations_table',1),(414,'2021_02_19_165318_add_finances_column_to_configurations_table',1),(415,'2021_02_25_165224_create_documentary_offices_table',1),(416,'2021_02_25_180958_create_documentary_processes_table',1),(417,'2021_02_25_183124_create_documentary_documents_table',1),(418,'2021_02_26_102851_create_documentary_actions_table',1),(419,'2021_02_26_102900_create_documentary_files_table',1),(420,'2021_03_01_120554_add_user_id_column_to_documentary_files_table',1),(421,'2021_03_01_120931_create_documentary_file_offices_table',1),(422,'2021_03_10_163436_add_extra_modules_to_modules_table',1),(423,'2021_03_11_111743_add_logo_column_to_establishments_table',1),(424,'2021_03_19_204148_add_items_to_modules_table',1),(425,'2021_03_19_221614_add_referential_information_to_quotations_table',1),(426,'2021_03_20_112202_change_order_items_to_modules_table',1),(427,'2021_03_20_115648_add_seller_id_column_to_quotations_table',1),(428,'2021_03_20_132104_add_seller_id_column_to_contracts_table',1),(429,'2021_03_21_165318_add_quotation_allow_seller_generate_sale_column_to_configurations_table',1),(430,'2021_03_24_111209_tenant_payment_conditions_table',1),(431,'2021_03_24_111211_tenant_add_payment_condition_to_documents',1),(432,'2021_03_24_141211_tenant_document_fee_table',1),(433,'2021_03_25_162827_add_purchase_order_column_to_sale_notes_table',1),(434,'2021_03_31_212318_add_document_id_column_to_sale_notes_table',1),(435,'2021_04_01_113520_add_levels_to_module_levels_table',1),(436,'2021_04_05_115318_add_allow_edit_unit_price_to_seller_column_to_configurations_table',1),(437,'2021_04_06_172009_create_item_warehouse_prices_table',1),(438,'2021_04_08_175347_change_electronico_at_cat_document_type',1),(439,'2021_04_17_163456_add_technical_service_id_to_cash_documents_table',1),(440,'2021_04_22_170915_add_template_pdf_to_establishments_table',1),(441,'2021_04_23_143433_add_edit_flag_to_documents_table',1),(442,'2021_04_27_105557_add_payment_type_to_payment_method',1),(443,'2021_04_29_122333_add_visual_ticket_58_to_configurations_table',1),(444,'2021_05_03_131833_add_mail_configuration',1),(445,'2021_05_06_152551_add_due_date_to_sales_note',1),(446,'2021_05_07_154207_add_soft_delete_to_document',1),(447,'2021_05_07_154207_remove_soft_delete_to_document',1),(448,'2021_05_12_163406_add_seller_can_create_porduct_to_configuration',1),(449,'2021_05_13_120615_add_seller_can_view_balance_on_finance_to_configuration',1),(450,'2021_05_27_124620_add_generate_option_to_sale_opportunities',1),(451,'2021_06_03_122337_add_method_type_to_documents_fee',1),(452,'2021_06_03_165209_add_serie_and_document_to_user',1),(453,'2021_06_07_140759_change_format_number_to_expenses_table',1),(454,'2021_06_09_124243_add_update_documents_by_dispaches_to_configurations',1),(455,'2021_06_10_092525_add_pharmacy_to_items',1),(456,'2021_06_15_094333_add_name_product_pdf_to_order_note_items',1),(457,'2021_06_16_154233_add_send_auto_sunat_to_dispatches',1),(458,'2021_06_18_141048_add_modules_digemid',1),(459,'2021_06_22_112855_add_fields_to_client',1),(460,'2021_06_23_130016_create_digemid_catalog',1),(461,'2021_06_28_125907_add_fields_to_documentary_office',1),(462,'2021_06_28_142358_tenant_add_active_warehouse_prices_to_configurations',1),(463,'2021_06_29_173743_tenant_add_allowance_charge_to_configurations',1),(464,'2021_06_29_184419_remove_key_from_documentary',1),(465,'2021_06_30_174147_create_adjust_to_docymentary_offices',1),(466,'2021_06_30_175311_tenant_add_purchase_to_cash_documents',1),(467,'2021_07_01_171620_adjust_to_docymentary_procedure',1),(468,'2021_07_02_133558_add_office_to_process',1),(469,'2021_07_05_091229_change_data_to',1),(470,'2021_07_05_094927_create_documentary_guides_number',1),(471,'2021_07_05_125811_add_field_to_documentary_file',1),(472,'2021_07_05_141048_add_modules_docymentary_requirements',1),(473,'2021_07_05_213052_change_observation_from_file_offices',1),(474,'2021_07_05_220241_add_requirements_to_documentary_file',1),(475,'2021_07_06_114113_tenant_add_discount_stock_to_cat_transfer_reason_types',1),(476,'2021_07_06_173358_tenant_add_dispatch_id_to_documents',1),(477,'2021_07_06_174510_add_name_pdf_to_sale_note_item',1),(478,'2021_07_14_103324_add_data_affected_document',1),(479,'2021_07_16_204722_add_phone_to_configuration_ecommerce',1),(480,'2021_07_19_132554_add_days_to_client',1),(481,'2021_08_03_115743_add_field_to_send_sale_note_to_other_site',1),(482,'2021_08_05_143043_add_quotation_to_order_note',1),(483,'2021_08_05_144042_tenant_add_search_item_by_series_to_configurations',1),(484,'2021_08_06_094151_tenant_add_change_free_affectation_igv_to_configurations',1),(485,'2021_08_09_115837_add_currency_to_configuration',1),(486,'2021_08_09_131738_tenant_add_select_available_price_list_to_configurations',1),(487,'2021_08_16_111909_create_colors_for_items',1),(488,'2021_08_17_091109_add_more_propertys_to_item',1),(489,'2021_08_20_153033_add_extra_data_of_product_to_configuration',1),(490,'2021_08_20_161555_add_extra_data_item_menu',1),(491,'2021_08_23_105050_tenant_add_group_items_generate_document_to_configurations',1),(492,'2021_08_23_172828_adjust_inventory_item_extra_data',1),(493,'2021_08_24_153219_tenant_add_columns_unknown_error_to_summaries',1),(494,'2021_08_25_155900_tenant_add_columns_integrated_query_to_companies',1),(495,'2021_09_08_165136_add_optional_emails_to_person',1),(496,'2021_09_10_120216_create_email_send_log',1),(497,'2021_09_10_143648_tenant_add_subtotal_to_documents',1),(498,'2021_09_13_171757_tenat_add_total_igv_free_to_documents',1),(499,'2021_09_15_115746_add_global_igv_to_purchase',1),(500,'2021_09_15_170619_tenant_change_length_description_to_quotations',1),(501,'2021_09_16_144202_add_app_to_modules',1),(502,'2021_09_17_120309_add_url_apk_to_configurations',1),(503,'2021_09_17_150025_transfer_accounts_payment',1),(504,'2021_09_21_172056_add_file_to_format_templates',1),(505,'2021_09_22_120834_add_fields_technical_services',1),(506,'2021_09_22_120835_create_technical_service_items',1),(507,'2021_09_24_114832_add_configuration_to_show_name_of_pdf',1),(508,'2021_09_28_183535_add_name_pdf_to_quotation_items',1),(509,'2021_09_29_123827_add_text_to_address_in_configuration',1),(510,'2021_09_29_180607_tenant_add_set_address_by_establishment_to_configurations',1),(511,'2021_09_30_135325_tenant_add_order_id_to_sale_notes',1),(512,'2021_09_30_170149_tenant_add_permission_to_edit_cpe_to_configurations',1),(513,'2021_09_30_171912_tenant_add_permission_edit_cpe_to_users',1),(514,'2021_10_04_154837_tenant_change_nullable_packages_number_to_dispatches',1),(515,'2021_10_05_171912_add_configuration_module_to_user',1),(516,'2021_10_05_174410_tenant_add_total_igv_free_to_quotations',1),(517,'2021_10_06_132920_tenant_add_total_igv_free_to_order_notes',1),(518,'2021_10_07_144354_create_guide_file',1),(519,'2021_10_11_110825_create_item_movement_table',1),(520,'2021_10_12_111345_create_item_movement_rel_extra_table',1),(521,'2021_10_13_113504_add_only_user_warehouse_item_to_config',1),(522,'2021_10_18_110547_tenant_add_technical_service_id_to_documents',1),(523,'2021_10_18_110700_change_default_show_items_only_user_stablishment',1),(524,'2021_10_18_110700_change_value_show_items_only_user_stablishment',1),(525,'2021_10_18_110907_tenant_add_technical_service_id_to_sale_notes',1),(526,'2021_10_18_150100_tenant_add_document_type_04_to_cat_document_types',1),(527,'2021_10_18_150136_tenant_add_data_operation_type_0501_to_cat_operation_types',1),(528,'2021_10_18_150154_tenant_cat_address_types_table',1),(529,'2021_10_18_150215_tenant_add_address_type_id_to_persons',1),(530,'2021_10_18_150306_tenant_purchase_settlements_table',1),(531,'2021_10_18_150324_tenant_purchase_settlement_items_table',1),(532,'2021_10_18_153949_tenant_add_data_purchase_settlements_to_module_levels',1),(533,'2021_10_18_174146_tenant_add_subtotal_to_purchase_settlements',1),(534,'2021_10_19_150956_tenant_add_pending_amount_detraction_to_documents',1),(535,'2021_10_20_160503_tenant_add_retention_to_documents',1),(536,'2021_10_20_161035_tenant_add_data_retention_to_cat_charge_discount_types',1),(537,'2021_10_20_174401_tenant_rename_pending_amount_detraction_to_documents',1),(538,'2021_10_21_093921_tenant_add_igv_retention_percentage_to_configurations',1),(539,'2021_10_22_130040_create_app_suscription',1),(540,'2021_10_25_112316_tenant_add_subtotal_to_quotations',1),(541,'2021_10_25_142908_create_suscription_plans_table',1),(542,'2021_10_25_154009_tenant_add_option_13_to_cat_note_credit_types',1),(543,'2021_10_27_105710_tenant_add_subtotal_to_sale_notes',1),(544,'2021_10_27_133333_add_parent_id_field_to_persons',1),(545,'2021_10_28_110438_alter_sale_notes_and_documents',1),(546,'2021_10_28_173041_tenant_add_name_product_xml_to_document_items',1),(547,'2021_10_29_110421_tenant_add_name_product_pdf_to_xml_to_configurations',1),(548,'2021_10_29_114826_change_value_alternate_server_to_configurations',1),(549,'2021_11_09_113608_tenant_add_default_document_type_80_to_configurations',1),(550,'2021_11_09_143629_tenant_add_search_item_by_barcode_to_configurations',1),(551,'2021_11_09_173326_add_grade_and_section_touser_rel_suscription_plan',1),(552,'2021_11_11_113443_tenant_general_payment_conditions_table',1),(553,'2021_11_11_114229_tenant_add_payment_condition_id_to_purchases',1),(554,'2021_11_11_152521_tenant_purchase_fee_table',1),(555,'2021_11_11_180653_tenant_add_recreate_documents_to_users',1),(556,'2021_11_12_102347_add_grade_and_section_tables',1),(557,'2021_11_15_152956_additem_description_default_pdf_name_configuration',1),(558,'2021_11_16_150657_add_user_id_to_inventories_transfer',1),(559,'2021_11_25_105300_create_accounting_ledger_table',1),(560,'2021_11_25_154025_add_auto_print_to_configurations',1),(561,'2021_12_01_113756_add_show_services_on_pos',1),(562,'2021_12_02_141408_tenant_bank_loans_table',1),(563,'2021_12_08_211200_add_pos_history_and_cost_to_configuration',1),(564,'2021_12_09_182924_add_flag_to_production_for_item',1),(565,'2021_12_10_122529_add_zone_id_to_person',1),(566,'2021_12_10_130040_create_app_production',1),(567,'2021_12_10_172959_add_name_to_mill',1),(568,'2021_12_11_101624_add_data_to_inventory_transactions',1),(569,'2021_12_11_114856_add_item_to_mill_item',1),(570,'2021_12_11_170251_create_item_supplies',1),(571,'2021_12_15_112106_create_columns_to_show_by_user',1),(572,'2021_12_16_144057_add_show_totals_on_c_p_e_list',1),(573,'2021_12_21_134408_add_simplify_to_documentary',1),(574,'2021_12_22_150753_add_guide_to_documentary_archive',1),(575,'2021_12_25_163345_add_colors_to_documentary',1),(576,'2021_12_31_105910_change_documentary_process_characters',1),(577,'2022_01_05_170742_create_machine_for_production',1),(578,'2022_01_07_124919_add_complete_to_documentary_files',1),(579,'2022_01_11_140319_tenant_add_columns_send_pse_to_documents',1),(580,'2022_01_11_174033_tenant_add_columns_send_pse_to_companies',1),(581,'2022_01_12_180810_tenant_add_detraction_amount_rounded_int_to_configurations',1),(582,'2022_01_13_141051_tenant_add_sale_notes_relateds_to_documents',1),(583,'2022_01_15_130321_add_old_quantity_to_item_lot_group',1),(584,'2022_01_18_094821_tenant_add_data_to_inventory_transactions',1),(585,'2022_01_18_120000_add_show_term_condition_pos_to_configurations',1),(586,'2022_01_18_213317_tenant_create_cash_documents_credit',1),(587,'2022_01_20_202655_tenant_add_unique_filename_to_documents',1),(588,'2020_07_27_184250_add_apiruc_to_configurations',2),(589,'2022_01_22_001715_add_date_end_to_documentary_files',2),(590,'2022_01_25_150315_add_apply_restaurant_to_items',2),(591,'2022_01_25_152940_create_app_restaurant',2),(592,'2022_01_26_175429_create_mi_tienda_pe',2),(593,'2022_01_28_110155_tenant_add_related_to_dispatches',2),(594,'2022_01_29_141957_add_purchase_order_and_observation_to_purchase',2),(595,'2022_01_29_191503_create_packaging_table',2),(596,'2022_01_30_120653_create_configuration_to_mi_tienda_pe',2),(597,'2022_02_02_203403_add_autogenerate_c_p_e_to_mi_tienda_pe',2),(598,'2022_02_07_110836_add_ticket_template_pdf_to_establishments_table',2),(599,'2022_02_07_121152_add_is_custom_ticket_to_format_templates',2),(600,'2022_02_07_142617_add_format_tickets_to_configurations',2),(601,'2022_02_07_161128_tenant_add_data_to_promotions_table',2),(602,'2022_02_08_213251_tenant_add_restaurant_to_orders',2),(603,'2022_02_11_162919_tenant_add_last_sale_price_to_configurations',2),(604,'2022_02_16_150615_tenant_add_show_logo_establishment_to_configuration',2),(605,'2022_02_17_195824_add_colaborator_to_production_as_text',2),(606,'2022_02_22_111659_tenant_add_columns_send_pse_to_voided',2),(607,'2022_02_24_134926_tenant_add_columns_purchase_isc_to_items',2),(608,'2022_02_24_201345_tenant_download_tray_table',2),(609,'2022_02_25_172811_add_print_next_line_to_pdf_on_observation',2),(610,'2022_02_27_120405_tenant_add_comments_to_inventories',2),(611,'2022_03_03_110115_tenant_add_global_discount_type_id_to_configurations',2),(612,'2022_03_04_003932_tenant_add_quotation_to_cash_documents',2),(613,'2022_03_08_112351_tenant_add_columns_send_pse_to_dispatches',2),(614,'2022_03_09_111107_tenant_add_restaurant_to_cash',2),(615,'2022_03_10_094902_tenant_add_shipping_time_days_to_configurations',2),(616,'2022_03_11_120508_add_trace_to_api_peru_service',2),(617,'2022_03_14_221802_tenant_add_type_to_download_tray',2),(618,'2022_03_18_140238_tenant_add_total_igv_free_to_sale_notes',2),(619,'2022_03_21_110605_create_restaurant_configuration',2),(620,'2022_03_21_161851_add_configuration_new_valdiator_pagination',2),(621,'2022_03_25_170158_tenant_add_validate_purchase_sale_unit_price_to_configurations',2),(622,'2022_03_28_174245_add_barcode_column_to_persons_table',2),(623,'2022_03_29_101534_add_quantity_to_restaurant_configuration',2),(624,'2022_03_31_132849_create_app_pos_garage',2),(625,'2022_04_04_151234_add_commands_to_restaurant_configurations',2),(626,'2022_04_06_111531_create_restaurant_roles_table',2),(627,'2022_04_06_112454_add_restaurant_role_to_users',2),(628,'2022_04_06_170626_tenant_add_unique_filename_to_sale_notes',2),(629,'2022_04_11_143145_tenant_add_name_product_pdf_to_contract_items',2),(630,'2022_04_11_152502_tenant_add_name_product_pdf_to_dispatch_items',2),(631,'2022_04_12_111023_tenant_add_columns_igv_unit_price_purchases_to_configurations',2),(632,'2022_04_12_121903_addindex_to_item_movement_rel_extra',2),(633,'2022_04_18_153331_tenant_add_payment_permissions_to_users',2),(634,'2022_02_14_222010_tenant_add_flasg_to_inventory_configurations',3),(635,'2022_02_14_224820_tenant_add_barcode_to_item_unit_types',3),(636,'2022_03_25_134555_tenant_add_customer_filter_by_seller_to_configurations',3),(637,'2022_03_25_143916_tenant_add_index_seller_id_to_persons',3),(638,'2022_04_12_162742_tenant_report_configurations_table',3),(639,'2022_04_19_114422_tenant_add_set_global_purchase_currency_items_to_configurations',3),(640,'2022_04_20_115118_tenant_add_subject_to_detraction_to_items',3),(641,'2022_04_22_101547_tenant_change_type_observation_to_sale_notes',3),(642,'2022_04_22_133909_tenant_add_set_unit_price_dispatch_related_record_to_configurations',3),(643,'2022_04_25_151827_tenant_add_index_barcode_to_item_unit_types',3),(644,'2022_04_26_175613_tenant_add_columns_restrict_voided_to_configurations',3),(645,'2022_04_28_175537_tenant_add_order_form_external_to_dispatches',3),(646,'2022_04_29_140515_tenant_add_enabled_tips_pos_to_configurations',3),(647,'2022_04_29_144947_tenant_tips_table',3),(648,'2022_05_02_170654_tenant_add_data_district_250307_to_districts',3),(649,'2022_05_04_150922_tenant_change_type_column_quantity_to_item_supplies',3),(650,'2022_05_04_155103_tenant_workers_table',3),(651,'2022_05_04_174017_tenant_add_unique_filename_to_summaries',3),(652,'2022_05_05_110908_tenant_add_soap_type_id_to_production',3),(653,'2022_05_05_115054_tenant_add_soap_type_id_to_mill',3),(654,'2022_05_05_134703_tenant_add_soap_type_id_to_packaging',3),(655,'2022_05_13_162912_tenant_add_index_regularize_shipping_to_documents',4),(656,'2022_05_12_180154_tenant_add_legend_forest_to_xml_to_configurations',5),(657,'2022_05_13_172504_tenant_add_change_currency_item_to_configurations',5),(658,'2022_05_17_164646_tenant_add_enabled_advanced_records_search_to_configurations',5),(659,'2022_05_23_133515_tenant_add_decimal_quantity_unit_price_pdf_to_configurations',5),(660,'2022_05_02_135252_tenant_add_fields_to_module_levels',6),(661,'2022_05_02_152925_tenant_add_top_menu_to_configurations',6),(662,'2022_05_03_143911_tenant_create_skins_table',6),(663,'2022_05_06_162034_add_fields_to_person',6),(664,'2022_05_08_122934_tenant_add_route_path_to_module_levels',6),(665,'2022_05_08_130040_create_app_full_suscription',6),(666,'2022_05_08_130054_tenant_update_data_to_skins',6),(667,'2022_05_09_105130_tenant_payment_configurations_table',6),(668,'2022_05_09_122150_tenant_add_defaults_to_configurations',6),(669,'2022_05_09_141114_tenant_payment_link_types_table',6),(670,'2022_05_09_143633_tenant_payment_links_table',6),(671,'2022_05_09_212753_tenant_register_app_generate_link_to_modules',6),(672,'2022_05_10_113515_tenant_transaction_states_table',6),(673,'2022_05_10_113608_tenant_transactions_table',6),(674,'2022_05_10_113734_tenant_transaction_queries_table',6),(675,'2022_05_10_113800_tenant_client_error_types_table',6),(676,'2022_05_10_113813_tenant_client_errors_table',6),(677,'2022_05_10_163722_tenant_config_default_to_configurations',6),(678,'2022_05_11_104030_tenant_add_soap_type_id_to_transactions',6),(679,'2022_05_11_115321_tenant_add_query_transaction_to_payment_links',6),(680,'2022_05_11_161435_tenant_change_nullable_payment_to_payment_links',6),(681,'2022_06_01_114042_tenant_add_separate_cash_transactions_to_configurations',6),(682,'2022_06_01_164204_tenant_add_order_cash_income_to_configurations',6),(683,'2022_06_02_160925_tenant_add_data_district_080915_to_districts',6),(684,'2022_06_03_135513_tenant_add_generate_order_note_from_quotation_to_configurations',6),(685,'2022_06_06_144610_tenant_add_list_items_by_warehouse_to_configurations',6),(686,'2022_06_17_143817_tenant_add_payment_received_to_document_payments',6),(687,'2022_06_21_101957_tenant_add_columns_login_pse_to_companies',6),(688,'2022_06_21_165810_tenant_add_user_pse_to_companies',6),(689,'2022_03_30_145732_tenant_add_nationality_to_persons',7),(690,'2022_05_03_171845_tenant_add_purchase_settlement_id_to_kardex',7),(691,'2022_05_04_143113_tenant_add_payment_method_type_id_to_purchase_settlements',7),(692,'2022_05_13_163802_tenant_purchase_settlement_payments_table',7),(693,'2022_06_01_161857_add_column_hotel_rate_id_to_hotel_rents_table',7),(694,'2022_06_16_143605_tenant_app_configurations_table',7),(695,'2022_06_23_141216_tenant_add_print_format_pdf_to_app_configurations',7),(696,'2022_06_28_164504_tenant_add_date_of_issue_to_inventories',7),(697,'2022_06_30_110007_tenant_add_columns_send_pse_to_summaries',7),(698,'2022_06_30_172004_tenant_add_index_external_id_to_income',7),(699,'2022_06_30_172247_tenant_add_filename_to_income',7),(700,'2022_07_01_103451_tenant_add_filename_to_expenses',7),(701,'2022_07_01_172113_tenant_add_hide_pdf_view_documents_to_configurations',7),(702,'2022_07_04_152229_tenant_add_ticket_single_shipment_to_configurations',7),(703,'2022_07_04_153343_tenant_add_ticket_single_shipment_to_documents',7),(704,'2022_07_05_103856_tenant_add_purchase_permissions_to_users',7),(705,'2022_07_06_113107_tenant_add_columns_theme_configuration_to_app_configurations',7),(706,'2022_07_06_233507_tenant_add_columns_header_configuration_to_app_configurations',7),(707,'2022_07_07_100534_tenant_add_module_app_2_generator_to_modules',7),(708,'2022_07_07_131216_tenant_app_modules_table',7),(709,'2022_07_07_143039_tenant_app_module_user_table',7),(710,'2022_07_08_101718_tenant_add_data_configuration_to_app_modules',7),(711,'2022_07_08_165430_tenant_add_indexes_columns_to_cash',7),(712,'2022_07_11_180145_tenant_add_data_quotation_to_app_modules',7),(713,'2022_07_14_095450_tenant_add_app_logo_to_companies',7),(714,'2022_07_14_120321_tenant_add_affect_all_documents_to_configuration',7),(715,'2022_07_14_143450_tenant_add_terms_condition_column_to_sale_notes_table',7),(716,'2022_07_14_162144_tenant_add_terms_condition_column_to_dispatches_table',7),(717,'2022_07_15_110508_tenant_add_text_filter_to_items',7),(718,'2022_07_18_172843_tenant_add_app_mode_to_app_configurations',7),(719,'2022_07_19_033009_tenant_add_dashboard_options_to_configurations',7),(720,'2022_07_25_115003_tenant_add_quantity_sales_notes_to_configurations',7),(721,'2022_07_30_133127_tenant_add_direct_print_to_app_configurations',7),(722,'2022_08_05_174505_tenant_add_favorite_to_items',7),(723,'2022_08_07_122150_tenant_add_folio_to_documents',7),(724,'2022_08_11_151009_tenant_add_data_district_080916_to_districts',7),(725,'2022_08_11_151307_tenant_add_data_district_080917_to_districts',7),(726,'2022_08_11_151330_tenant_add_data_district_080918_to_districts',7),(727,'2022_08_11_151345_tenant_add_data_district_080919_to_districts',7),(728,'2022_08_14_190940_tenant_add_additional_data_to_documents',7),(729,'2022_08_15_101024_tenant_add_data_default_various_clients_to_persons',7),(730,'2022_08_23_140943_tenant_add_personal_information_to_users',7),(731,'2022_08_23_174028_tenant_user_default_document_types_table',7),(732,'2022_08_24_155445_tenant_add_data_district_080914_to_districts',7),(733,'2022_08_24_160940_tenant_add_additional_data_to_document_items',7),(734,'2022_08_24_165942_tenant_add_restrict_series_selection_seller_to_configurations',7),(735,'2022_08_25_113149_tenant_system_activity_logs_table',7),(736,'2022_08_29_015753_tenant_add_igv_31556_to_establishments',7),(737,'2022_08_30_104544_tenant_add_location_to_system_activity_logs',7),(738,'2022_08_30_140345_tenant_rename_column_auth_transaction_type_to_system_activity_logs',7),(739,'2022_08_30_175558_tenant_add_regex_password_user_to_configurations',7),(740,'2022_08_31_105919_tenant_add_route_to_system_activity_logs',7),(741,'2022_08_31_112916_tenant_system_activity_log_types_table',7),(742,'2022_08_31_131222_tenant_add_foreign_transaction_type_to_system_activity_logs',7),(743,'2022_08_31_142530_tenant_add_columns_remember_change_password_to_configurations',7),(744,'2022_08_31_150743_tenant_add_last_password_update_to_users',7),(745,'2022_09_01_173835_tenant_add_columns_point_system_to_configurations',7),(746,'2022_09_02_100607_tenant_add_accumulated_points_to_persons',7),(747,'2022_09_02_130726_tenant_add_point_system_to_documents',7),(748,'2022_09_02_152858_tenant_add_columns_point_system_to_items',7),(749,'2022_09_02_172003_tenant_add_show_complete_name_pos_to_configurations',7),(750,'2022_09_03_190940_tenant_add_additional_data_to_documents_error',7),(751,'2022_09_06_165424_tenant_add_round_points_of_sale_to_configurations',7),(752,'2022_09_07_101240_tenant_add_columns_point_system_to_sale_notes',7),(753,'2022_09_08_102133_tenant_add_enable_categories_products_view_to_configurations',7),(754,'2022_09_08_113936_tenant_add_columns_restrict_seller_discount_to_configurations',7),(755,'2022_09_08_151132_tenant_authorized_discount_users_table',7),(756,'2022_09_09_110646_tenant_enabled_sales_agents_to_configurations',7),(757,'2022_09_09_113545_tenant_agents_table',7),(758,'2022_09_09_144216_tenant_add_agent_id_to_documents_sale_notes',7),(759,'2022_09_10_114510_tenant_add_inventory_review_to_inventory_configurations',7),(760,'2022_09_14_170825_tenant_add_change_affectation_exonerated_igv_to_configurations',7),(761,'2022_09_20_101814_tenant_add_data_login_lockout_to_system_activity_log_types',7),(762,'2022_09_20_155523_tenant_add_request_email_to_system_activity_logs',7),(763,'2022_09_27_104853_tenant_add_factory_code_to_items',7),(764,'2022_09_27_115234_tenant_add_search_factory_code_items_to_configurations',7),(765,'2022_09_28_101354_tenant_add_show_load_voucher_to_configurations',7),(766,'2022_09_29_114005_tenant_add_force_send_by_summary_to_documents',7),(767,'2022_09_29_115507_tenant_add_permission_force_send_by_summary_to_users',7),(768,'2022_10_04_141907_tenant_change_description_value_to_module_levels',7),(769,'2022_10_05_152438_tenant_add_environment_to_restaurant_configurations',7),(770,'2022_10_05_162751_tenant_add_index_changed_to_sale_notes',7),(771,'2022_10_12_141349_tenant_add_real_system_stock_to_inventories',8),(772,'2022_10_16_101354_tenant_add_enable_discount_by_customer_to_configurations',8),(773,'2022_10_16_110607_tenant_add_discount_to_persons',8),(774,'2022_10_20_123539_tenant_add_image_default_to_items',8),(775,'2022_10_21_190940_tenant_add_additional_data_to_dispatches',8),(776,'2022_10_21_210941_tenant_add_additional_data_to_dispatch_items',8),(777,'2022_10_21_213010_tenant_add_config_to_restaurant_configurations',8),(778,'2022_10_22_113308_tenant_create_waiters_table',8),(779,'2022_10_22_174921_tenant_add_quantity_mesas_and_and_env4_to_environment_restaurant',8),(780,'2022_08_05_110445_tenant_add_columns_whatsapp_to_companies',9),(781,'2022_10_14_172645_tenant_add_register_series_invoice_xml_to_configurations',9),(782,'2022_11_04_142103_tenant_add_enabled_dispatch_ticket_pdf_to_configurations',9),(783,'2022_11_04_173318_tenant_add_dispatch_ticket_pdf_to_document_sale_notes',9),(784,'2022_11_10_132533_tenant_add_item_lot_group_id_to_purchase_items',9),(785,'2022_11_14_162628_tenant_add_validate_stock_add_item_to_inventory_configurations',9),(786,'2022_11_16_000856_create_restaurant_table_envs_table',9),(787,'2022_11_16_000857_add_data_restaurant_table_envs',9),(788,'2022_11_16_235623_create_restaurant_tables_table',9),(789,'2022_11_17_154241_tenant_add_direct_send_documents_whatsapp_to_app_configurations',9),(790,'2022_11_27_235623_create_restaurant_notes_table',9),(791,'2022_11_28_007706_tenant_guides_table',9),(792,'2022_11_28_017707_tenant_guide_items_table',9),(793,'2022_11_28_101718_tenant_add_guide_id_to_inventories',9),(794,'2022_11_28_111428_tenant_add_series_and_number_to_inventories_transfer',9),(795,'2022_11_29_113028_tenant_create_number_series_to_guides',9),(796,'2022_11_30_103028_tenant_add_api_sunat_to_companies',9),(797,'2022_12_01_013028_tenant_add_ticket_to_dispatches',9),(798,'2022_12_01_112321_tenant_update_data_to_dispatches',9),(799,'2022_12_02_023125_tenant_add_number_mtc_to_dispatchers',9),(800,'2022_12_04_113118_tenant_add_sunat_to_companies',9),(801,'2022_12_07_112335_add_show_price_in_barcode_ticket_to_configurations',9),(802,'2022_12_12_225021_tenant_update_roles_restaurant_mozo',9),(803,'2022_12_13_131847_tenant_change_column_inventory_transaction_id_to_guides',9),(804,'2022_12_13_153125_tenant_add_unit_type_to_cat_unit_types',9),(805,'2022_12_06_105443_tenant_add_name_product_pdf_to_purchase_items',10),(806,'2022_12_16_153346_tenant_add_price_selected_add_product_to_configurations',10),(807,'2022_12_20_160732_tenant_add_additional_data_to_order_notes',10),(808,'2022_12_21_113016_tenant_edit_unit_type_to_cat_unit_types',10),(809,'2022_12_22_101455_tenant_pdf_footer_images_to_configurations',10),(810,'2022_12_26_112720_add_data_district050511_to_districts',10),(811,'2022_12_27_012101_tenant_transports_table',11),(812,'2022_12_28_270513_tenant_update_to_dispatches',11),(813,'2022_12_29_120310_tenant_update_to_drivers',11),(814,'2022_12_29_132101_tenant_origin_addresses_table',11),(815,'2022_12_31_100513_tenant_add_transport_data_to_dispatches',11),(816,'2022_08_25_154533_create_dispatch_sale_notes_table',12),(817,'2022_12_23_132614_tenant_add_locked_create_establishments_to_configurations',12),(818,'2022_12_23_173228_tenant_add_restrict_sales_limit_to_configurations',12),(819,'2022_12_27_152518_tenant_add_restrict_sale_items_cpe_to_configurations',12),(820,'2022_12_27_154226_tenant_add_restrict_sale_cpe_to_items',12),(821,'2022_12_28_174959_tenant_add_show_convert_cpe_pos_to_configurations',12),(822,'2022_12_30_120731_tenant_add_index_is_credit_to_payment_method_types',12),(823,'2023_01_14_013028_tenant_change_length_ticket_to_dispatches',12),(824,'2023_01_15_122101_tenant_dispatch_addresses_table',12),(825,'2023_01_16_110612_tenant_add_receiver_to_dispatches',12),(826,'2023_01_16_150612_tenant_change_customer_id_to_dispatches',12),(827,'2023_02_09_144759_create_inventory_transfer_items',12);

--
-- Table structure for table `mill`
--

CREATE TABLE `mill` (
  `id` int(10) unsigned NOT NULL AUTO_INCREMENT,
  `date_start` date DEFAULT NULL,
  `time_start` time DEFAULT NULL,
  `date_end` date DEFAULT NULL,
  `time_end` time DEFAULT NULL,
  `user_id` int(10) unsigned DEFAULT 0,
  `soap_type_id` char(2) COLLATE utf8mb4_unicode_ci DEFAULT NULL,
  `created_at` timestamp NULL DEFAULT NULL,
  `updated_at` timestamp NULL DEFAULT NULL,
  `name` varchar(255) COLLATE utf8mb4_unicode_ci DEFAULT NULL,
  `comment` longtext COLLATE utf8mb4_unicode_ci DEFAULT NULL,
  `mill_name` varchar(255) COLLATE utf8mb4_unicode_ci DEFAULT NULL,
  `lot_code` varchar(255) COLLATE utf8mb4_unicode_ci DEFAULT NULL,
  PRIMARY KEY (`id`),
  KEY `mill_soap_type_id_foreign` (`soap_type_id`),
  CONSTRAINT `mill_soap_type_id_foreign` FOREIGN KEY (`soap_type_id`) REFERENCES `soap_types` (`id`)
) ENGINE=InnoDB DEFAULT CHARSET=utf8mb4 COLLATE=utf8mb4_unicode_ci;

--
-- Dumping data for table `mill`
--


--
-- Table structure for table `mill_items`
--

CREATE TABLE `mill_items` (
  `id` int(10) unsigned NOT NULL AUTO_INCREMENT,
  `item_id` int(10) unsigned DEFAULT 0,
  `mill_id` int(10) unsigned DEFAULT 0,
  `height_to_mill` decimal(12,3) DEFAULT 0.000 COMMENT 'Peso de entrada',
  `total_height` decimal(12,3) DEFAULT 0.000 COMMENT 'Peso dle insumo ',
  `created_at` timestamp NULL DEFAULT NULL,
  `updated_at` timestamp NULL DEFAULT NULL,
  `item` longtext CHARACTER SET utf8mb4 COLLATE utf8mb4_bin NOT NULL CHECK (json_valid(`item`)),
  `quantity` decimal(12,3) DEFAULT 0.000 COMMENT 'Peso dle insumo ',
  `item_extra_data` longtext CHARACTER SET utf8mb4 COLLATE utf8mb4_bin DEFAULT NULL CHECK (json_valid(`item_extra_data`)),
  PRIMARY KEY (`id`)
) ENGINE=InnoDB DEFAULT CHARSET=utf8mb4 COLLATE=utf8mb4_unicode_ci;

--
-- Dumping data for table `mill_items`
--


--
-- Table structure for table `module_level_user`
--

CREATE TABLE `module_level_user` (
  `id` int(10) unsigned NOT NULL AUTO_INCREMENT,
  `module_level_id` int(10) unsigned NOT NULL,
  `user_id` int(10) unsigned NOT NULL,
  PRIMARY KEY (`id`)
) ENGINE=InnoDB AUTO_INCREMENT=404 DEFAULT CHARSET=utf8mb4 COLLATE=utf8mb4_unicode_ci;

--
-- Dumping data for table `module_level_user`
--

INSERT INTO `module_level_user` VALUES (1,76,0),(2,77,0),(3,78,0),(48,1,2),(49,2,2),(50,3,2),(51,6,2),(52,7,2),(53,8,2),(54,9,2),(55,14,2),(56,15,2),(57,16,2),(58,23,2),(59,26,2),(60,27,2),(61,28,2),(62,29,2),(63,30,2),(92,1,2),(93,2,2),(94,3,2),(95,6,2),(96,7,2),(97,8,2),(98,9,2),(99,14,2),(100,15,2),(101,16,2),(102,23,2),(103,26,2),(104,27,2),(105,28,2),(106,29,2),(107,30,2),(108,1,2),(109,2,2),(110,3,2),(111,6,2),(112,7,2),(113,8,2),(114,9,2),(115,14,2),(116,15,2),(117,16,2),(118,23,2),(119,26,2),(120,27,2),(121,28,2),(122,29,2),(123,30,2),(124,1,3),(125,2,3),(126,3,3),(127,6,3),(128,7,3),(129,8,3),(130,9,3),(131,14,3),(132,15,3),(133,16,3),(134,23,3),(135,26,3),(136,27,3),(137,28,3),(138,29,3),(139,30,3),(140,1,3),(141,2,3),(142,3,3),(143,6,3),(144,7,3),(145,8,3),(146,9,3),(147,14,3),(148,15,3),(149,16,3),(150,23,3),(151,26,3),(152,27,3),(153,28,3),(154,29,3),(155,30,3),(156,1,2),(157,2,2),(158,3,2),(159,6,2),(160,7,2),(161,8,2),(162,9,2),(163,14,2),(164,15,2),(165,16,2),(166,23,2),(167,26,2),(168,27,2),(169,28,2),(170,29,2),(171,30,2),(172,1,3),(173,2,3),(174,3,3),(175,6,3),(176,7,3),(177,8,3),(178,9,3),(179,14,3),(180,15,3),(181,16,3),(182,23,3),(183,26,3),(184,27,3),(185,28,3),(186,29,3),(187,30,3),(188,1,2),(189,2,2),(190,3,2),(191,6,2),(192,7,2),(193,8,2),(194,9,2),(195,14,2),(196,15,2),(197,16,2),(198,23,2),(199,26,2),(200,27,2),(201,28,2),(202,29,2),(203,30,2),(204,1,3),(205,2,3),(206,3,3),(207,6,3),(208,7,3),(209,8,3),(210,9,3),(211,14,3),(212,15,3),(213,16,3),(214,23,3),(215,26,3),(216,27,3),(217,28,3),(218,29,3),(219,30,3),(220,1,2),(221,2,2),(222,3,2),(223,6,2),(224,7,2),(225,8,2),(226,9,2),(227,14,2),(228,15,2),(229,16,2),(230,23,2),(231,26,2),(232,27,2),(233,28,2),(234,29,2),(235,30,2),(236,1,3),(237,2,3),(238,3,3),(239,6,3),(240,7,3),(241,8,3),(242,9,3),(243,14,3),(244,15,3),(245,16,3),(246,23,3),(247,26,3),(248,27,3),(249,28,3),(250,29,3),(251,30,3),(252,1,2),(253,2,2),(254,3,2),(255,6,2),(256,7,2),(257,8,2),(258,9,2),(259,14,2),(260,15,2),(261,16,2),(262,23,2),(263,26,2),(264,27,2),(265,28,2),(266,29,2),(267,30,2),(268,1,3),(269,2,3),(270,3,3),(271,6,3),(272,7,3),(273,8,3),(274,9,3),(275,14,3),(276,15,3),(277,16,3),(278,23,3),(279,26,3),(280,27,3),(281,28,3),(282,29,3),(283,30,3),(284,1,1),(285,2,1),(286,3,1),(287,6,1),(288,7,1),(289,8,1),(290,9,1),(291,14,1),(292,15,1),(293,16,1),(294,23,1),(295,26,1),(296,27,1),(297,28,1),(298,29,1),(299,30,1),(300,31,1),(301,32,1),(302,33,1),(303,34,1),(304,35,1),(305,36,1),(306,37,1),(307,38,1),(308,39,1),(309,40,1),(310,41,1),(311,42,1),(312,43,1),(313,44,1),(314,45,1),(315,46,1),(316,51,1),(317,52,1),(318,53,1),(319,54,1),(320,55,1),(321,56,1),(322,57,1),(323,58,1),(324,59,1),(325,60,1),(326,61,1),(327,75,1),(328,76,1),(329,77,1),(330,78,1),(331,1,2),(332,2,2),(333,3,2),(334,6,2),(335,7,2),(336,8,2),(337,9,2),(338,14,2),(339,15,2),(340,16,2),(341,23,2),(342,26,2),(343,27,2),(344,28,2),(345,29,2),(346,30,2),(347,1,2),(348,2,2),(349,3,2),(350,6,2),(351,7,2),(352,8,2),(353,9,2),(354,14,2),(355,15,2),(356,16,2),(357,23,2),(358,26,2),(359,27,2),(360,28,2),(361,29,2),(362,30,2),(363,51,2),(364,52,2),(365,53,2),(366,1,3),(367,2,3),(368,3,3),(369,6,3),(370,7,3),(371,8,3),(372,9,3),(373,14,3),(374,15,3),(375,16,3),(376,23,3),(377,26,3),(378,27,3),(379,28,3),(380,29,3),(381,30,3),(382,51,3),(383,52,3),(384,53,3),(385,1,2),(386,2,2),(387,3,2),(388,6,2),(389,7,2),(390,8,2),(391,9,2),(392,14,2),(393,15,2),(394,16,2),(395,23,2),(396,26,2),(397,27,2),(398,28,2),(399,29,2),(400,30,2),(401,51,2),(402,52,2),(403,53,2);

--
-- Table structure for table `module_levels`
--

CREATE TABLE `module_levels` (
  `id` int(10) unsigned NOT NULL AUTO_INCREMENT,
  `value` varchar(255) COLLATE utf8mb4_unicode_ci NOT NULL,
  `description` varchar(255) COLLATE utf8mb4_unicode_ci NOT NULL,
  `module_id` int(10) unsigned NOT NULL,
  `route_name` varchar(255) COLLATE utf8mb4_unicode_ci DEFAULT NULL,
  `route_path` varchar(255) COLLATE utf8mb4_unicode_ci DEFAULT NULL,
  `label_menu` varchar(3) COLLATE utf8mb4_unicode_ci DEFAULT NULL,
  `created_at` timestamp NULL DEFAULT NULL,
  `updated_at` timestamp NULL DEFAULT NULL,
  PRIMARY KEY (`id`),
  KEY `module_levels_module_id_foreign` (`module_id`),
  CONSTRAINT `module_levels_module_id_foreign` FOREIGN KEY (`module_id`) REFERENCES `modules` (`id`)
) ENGINE=InnoDB AUTO_INCREMENT=85 DEFAULT CHARSET=utf8mb4 COLLATE=utf8mb4_unicode_ci;

--
-- Dumping data for table `module_levels`
--

INSERT INTO `module_levels` VALUES (1,'new_document','Nuevo comprobante',1,'tenant.documents.create','/documents/create','NC',NULL,NULL),(2,'list_document','L. Comprobantes',1,NULL,NULL,NULL,NULL,NULL),(3,'document_not_sent','Doc. No enviados',1,NULL,NULL,NULL,NULL,NULL),(4,'document_contingengy','Doc. Contingencia',1,NULL,NULL,NULL,NULL,NULL),(5,'catalogs','Catálogos',1,NULL,NULL,NULL,NULL,NULL),(6,'summary_voided','Resúmenes y Anulaciones',1,NULL,NULL,NULL,NULL,NULL),(7,'quotations','Cotizaciones',1,NULL,NULL,NULL,NULL,NULL),(8,'sale_notes','Notas de Venta',1,'tenant.sale_notes.index','/sale-notes','NV',NULL,NULL),(9,'incentives','Comisiones',1,NULL,NULL,NULL,NULL,NULL),(10,'sale-opportunity','Oportunidad de venta',1,NULL,NULL,NULL,NULL,NULL),(11,'contracts','Contratos',1,NULL,NULL,NULL,NULL,NULL),(12,'order-note','Pedidos',1,'tenant.order_notes.index','/order-notes','PED',NULL,NULL),(13,'technical-service','Servicios de soporte técnico',1,NULL,NULL,NULL,NULL,NULL),(14,'regularize_shipping','CPE pendientes de rectificación',1,NULL,NULL,NULL,NULL,NULL),(15,'pos','Punto de venta',6,'tenant.pos.index','/pos','POS',NULL,NULL),(16,'cash','Caja chica POS',6,NULL,NULL,NULL,NULL,NULL),(17,'ecommerce','Ir a la tienda',10,NULL,NULL,NULL,NULL,NULL),(18,'ecommerce_orders','Pedidos',10,NULL,NULL,NULL,NULL,NULL),(19,'ecommerce_items','Productos tienda virtual',10,NULL,NULL,NULL,NULL,NULL),(20,'ecommerce_tags','Etiquetas',10,NULL,NULL,NULL,NULL,NULL),(21,'ecommerce_promotions','Promociones - Banners',10,NULL,NULL,NULL,NULL,NULL),(22,'ecommerce_settings','Configuración',10,NULL,NULL,NULL,NULL,NULL),(23,'items','Productos',17,'tenant.items.index','/items','PRO',NULL,NULL),(24,'items_packs','Packs',17,NULL,NULL,NULL,NULL,NULL),(25,'items_services','Servicios',17,NULL,NULL,NULL,NULL,NULL),(26,'items_categories','Categorías',17,NULL,NULL,NULL,NULL,NULL),(27,'items_brands','Marcas',17,NULL,NULL,NULL,NULL,NULL),(28,'items_lots','Series',17,NULL,NULL,NULL,NULL,NULL),(29,'clients','Clientes',18,NULL,NULL,NULL,NULL,NULL),(30,'clients_types','Tipos de clientes',18,NULL,NULL,NULL,NULL,NULL),(31,'purchases_create','Nueva Compra',2,'tenant.purchases.create','/purchases/create','NC',NULL,NULL),(32,'purchases_list','Listado',2,NULL,NULL,NULL,NULL,NULL),(33,'purchases_orders','Ordenes de compra',2,NULL,NULL,NULL,NULL,NULL),(34,'purchases_expenses','Gastos diversos',2,NULL,NULL,NULL,NULL,NULL),(35,'purchases_suppliers','Proveedores',2,NULL,NULL,NULL,NULL,NULL),(36,'purchases_quotations','Solicitar cotización',2,NULL,NULL,NULL,NULL,NULL),(37,'purchases_fixed_assets_items','Activos fijos - Ítems',2,NULL,NULL,NULL,NULL,NULL),(38,'purchases_fixed_assets_purchases','Activos fijos - Compras',2,NULL,NULL,NULL,NULL,NULL),(39,'inventory','Movimientos',8,'inventory.index','/inventory','INV',NULL,NULL),(40,'inventory_transfers','Traslados',8,NULL,NULL,NULL,NULL,NULL),(41,'inventory_devolutions','Devoluciones',8,NULL,NULL,NULL,NULL,NULL),(42,'inventory_report_kardex','Reporte kardex',8,NULL,NULL,NULL,NULL,NULL),(43,'inventory_report','Reporte inventario',8,NULL,NULL,NULL,NULL,NULL),(44,'inventory_report_valued_kardex','Kardex valorizado',8,NULL,NULL,NULL,NULL,'2022-10-14 22:23:47'),(45,'users','Usuarios',14,'tenant.users.index','/users','USR',NULL,NULL),(46,'users_establishments','Establecimientos',14,'tenant.establishments.index','/establishments','ES',NULL,NULL),(47,'advanced_retentions','Retenciones',3,NULL,NULL,NULL,NULL,NULL),(48,'advanced_dispatches','Guías de remisión',3,NULL,NULL,NULL,NULL,NULL),(49,'advanced_perceptions','Percepciones',3,NULL,NULL,NULL,NULL,NULL),(50,'advanced_order_forms','Ordenes de pedido',3,NULL,NULL,NULL,NULL,NULL),(51,'account_report','Exportar reporte',9,NULL,NULL,NULL,NULL,NULL),(52,'account_formats','Exportar formatos',9,NULL,NULL,NULL,NULL,NULL),(53,'account_summary','Reporte resumido - Ventas',9,NULL,NULL,NULL,NULL,NULL),(54,'finances_movements','Movimientos',12,NULL,NULL,NULL,NULL,NULL),(55,'finances_incomes','Ingresos',12,NULL,NULL,NULL,NULL,NULL),(56,'finances_unpaid','Cuentas por cobrar',12,NULL,NULL,NULL,NULL,NULL),(57,'finances_to_pay','Cuentas por pagar',12,NULL,NULL,NULL,NULL,NULL),(58,'finances_payments','Pagos',12,NULL,NULL,NULL,NULL,NULL),(59,'finances_balance','Balance',12,NULL,NULL,NULL,NULL,NULL),(60,'finances_payment_method_types','Ingresos y Egresos - M. Pago',12,NULL,NULL,NULL,NULL,NULL),(61,'account_users_settings','Configuración',11,NULL,NULL,NULL,NULL,NULL),(62,'account_users_list','Lista de pagos',11,NULL,NULL,NULL,NULL,NULL),(63,'hotels_reception','Recepción',15,NULL,NULL,NULL,NULL,NULL),(64,'hotels_rates','Tarifas',15,NULL,NULL,NULL,NULL,NULL),(65,'hotels_floors','Pisos',15,NULL,NULL,NULL,NULL,NULL),(66,'hotels_cats','Categorías',15,NULL,NULL,NULL,NULL,NULL),(67,'hotels_rooms','Habitaciones',15,NULL,NULL,NULL,NULL,NULL),(68,'documentary_offices','Oficinas',16,NULL,NULL,NULL,NULL,NULL),(69,'documentary_process','Procesos',16,NULL,NULL,NULL,NULL,NULL),(70,'documentary_documents','Tipos de documento',16,NULL,NULL,NULL,NULL,NULL),(71,'documentary_actions','Acciones',16,NULL,NULL,NULL,NULL,NULL),(72,'documentary_files','Expedientes',16,NULL,NULL,NULL,NULL,NULL),(73,'digemid','Productos',19,NULL,NULL,NULL,'2022-03-17 16:56:04','2022-03-17 16:56:04'),(74,'documentary_requirements','Requerimientos',16,NULL,NULL,NULL,'2022-03-17 16:56:04','2022-03-17 16:56:04'),(75,'inventory_item_extra_data','Datos extra de items',8,NULL,NULL,NULL,NULL,NULL),(76,'configuration_company','Empresa',5,'tenant.companies.create','/companies/create','ME',NULL,NULL),(77,'configuration_advance','Avanzado',5,NULL,NULL,NULL,NULL,NULL),(78,'configuration_visual','Visual',5,NULL,NULL,NULL,NULL,NULL),(79,'advanced_purchase_settlements','Liquidaciones de compra',3,NULL,NULL,NULL,NULL,NULL),(80,'suscription_app_client','Cliente',21,NULL,NULL,NULL,NULL,NULL),(81,'suscription_app_service','Servicio',21,NULL,NULL,NULL,NULL,NULL),(82,'suscription_app_payments','Pagos',21,NULL,NULL,NULL,NULL,NULL),(83,'suscription_app_plans','Planes',21,NULL,NULL,NULL,NULL,NULL),(84,'pos_garage','Venta rapida',6,NULL,NULL,NULL,NULL,NULL);

--
-- Table structure for table `module_user`
--

CREATE TABLE `module_user` (
  `id` int(10) unsigned NOT NULL AUTO_INCREMENT,
  `module_id` int(10) unsigned NOT NULL,
  `user_id` int(10) unsigned NOT NULL,
  PRIMARY KEY (`id`)
) ENGINE=InnoDB AUTO_INCREMENT=121 DEFAULT CHARSET=utf8mb4 COLLATE=utf8mb4_unicode_ci;

--
-- Dumping data for table `module_user`
--

INSERT INTO `module_user` VALUES (13,7,2),(14,1,2),(15,6,2),(16,17,2),(17,18,2),(25,7,2),(26,1,2),(27,6,2),(28,17,2),(29,18,2),(30,7,2),(31,1,2),(32,6,2),(33,17,2),(34,18,2),(35,7,3),(36,1,3),(37,6,3),(38,17,3),(39,18,3),(40,7,3),(41,1,3),(42,6,3),(43,17,3),(44,18,3),(45,7,2),(46,1,2),(47,6,2),(48,17,2),(49,18,2),(50,7,3),(51,1,3),(52,6,3),(53,17,3),(54,18,3),(55,7,2),(56,1,2),(57,6,2),(58,17,2),(59,18,2),(60,7,3),(61,1,3),(62,6,3),(63,17,3),(64,18,3),(65,7,2),(66,1,2),(67,6,2),(68,17,2),(69,18,2),(70,7,3),(71,1,3),(72,6,3),(73,17,3),(74,18,3),(75,7,2),(76,1,2),(77,6,2),(78,17,2),(79,18,2),(80,7,3),(81,1,3),(82,6,3),(83,17,3),(84,18,3),(85,1,1),(86,2,1),(87,4,1),(88,5,1),(89,6,1),(90,7,1),(91,8,1),(92,9,1),(93,11,1),(94,12,1),(95,14,1),(96,17,1),(97,18,1),(98,7,2),(99,1,2),(100,6,2),(101,17,2),(102,18,2),(103,7,2),(104,1,2),(105,6,2),(106,17,2),(107,18,2),(108,9,2),(109,7,3),(110,1,3),(111,6,3),(112,17,3),(113,18,3),(114,9,3),(115,7,2),(116,1,2),(117,6,2),(118,17,2),(119,18,2),(120,9,2);

--
-- Table structure for table `modules`
--

CREATE TABLE `modules` (
  `id` int(10) unsigned NOT NULL AUTO_INCREMENT,
  `value` varchar(255) COLLATE utf8mb4_unicode_ci NOT NULL,
  `description` varchar(255) COLLATE utf8mb4_unicode_ci NOT NULL,
  `order_menu` int(11) NOT NULL,
  `created_at` timestamp NULL DEFAULT NULL,
  `updated_at` timestamp NULL DEFAULT NULL,
  PRIMARY KEY (`id`)
) ENGINE=InnoDB AUTO_INCREMENT=27 DEFAULT CHARSET=utf8mb4 COLLATE=utf8mb4_unicode_ci;

--
-- Dumping data for table `modules`
--

INSERT INTO `modules` VALUES (1,'documents','Ventas',2,NULL,NULL),(2,'purchases','Compras',7,NULL,NULL),(3,'advanced','Documentos Avanzados',8,NULL,NULL),(4,'reports','Reportes',9,NULL,NULL),(5,'configuration','Configuration',12,NULL,NULL),(6,'pos','Punto de venta (POS)',3,NULL,NULL),(7,'dashboard','Dashboard',1,NULL,NULL),(8,'inventory','Inventario',7,NULL,NULL),(9,'accounting','Contabilidad',10,NULL,NULL),(10,'ecommerce','Ecommerce',4,NULL,NULL),(11,'cuenta','Cuenta',13,NULL,NULL),(12,'finance','Finanzas',11,NULL,NULL),(14,'establishments','Usuarios/Locales & Series',7,NULL,NULL),(15,'hotels','Hoteles',14,NULL,NULL),(16,'documentary-procedure','Trámite documentario',15,NULL,NULL),(17,'items','Productos/Servicios',5,NULL,NULL),(18,'persons','Clientes',6,NULL,NULL),(19,'digemid','Farmacia',15,'2022-03-17 16:56:04','2022-03-17 16:56:04'),(20,'apps','Apps',13,NULL,NULL),(21,'suscription_app','Suscriptiones',16,NULL,NULL),(22,'production_app','Producción',17,NULL,NULL),(23,'restaurant_app','Restaurante',18,NULL,NULL),(24,'full_suscription_app','Suscripción Servicios SAAS',17,NULL,NULL),(25,'generate_link_app','Generador de link de pago',19,NULL,NULL),(26,'app_2_generator','Generador APP 2.0',20,NULL,NULL);

--
-- Table structure for table `notes`
--

CREATE TABLE `notes` (
  `id` int(10) unsigned NOT NULL AUTO_INCREMENT,
  `document_id` int(10) unsigned NOT NULL,
  `note_type` enum('credit','debit') COLLATE utf8mb4_unicode_ci NOT NULL,
  `note_credit_type_id` varchar(255) COLLATE utf8mb4_unicode_ci DEFAULT NULL,
  `note_debit_type_id` varchar(255) COLLATE utf8mb4_unicode_ci DEFAULT NULL,
  `note_description` varchar(255) COLLATE utf8mb4_unicode_ci NOT NULL,
  `affected_document_id` int(10) unsigned DEFAULT NULL,
  `data_affected_document` longtext CHARACTER SET utf8mb4 COLLATE utf8mb4_bin DEFAULT NULL CHECK (json_valid(`data_affected_document`)),
  PRIMARY KEY (`id`),
  KEY `notes_document_id_foreign` (`document_id`),
  KEY `notes_note_credit_type_id_foreign` (`note_credit_type_id`),
  KEY `notes_note_debit_type_id_foreign` (`note_debit_type_id`),
  KEY `notes_affected_document_id_foreign` (`affected_document_id`),
  CONSTRAINT `notes_affected_document_id_foreign` FOREIGN KEY (`affected_document_id`) REFERENCES `documents` (`id`),
  CONSTRAINT `notes_document_id_foreign` FOREIGN KEY (`document_id`) REFERENCES `documents` (`id`) ON DELETE CASCADE,
  CONSTRAINT `notes_note_credit_type_id_foreign` FOREIGN KEY (`note_credit_type_id`) REFERENCES `cat_note_credit_types` (`id`),
  CONSTRAINT `notes_note_debit_type_id_foreign` FOREIGN KEY (`note_debit_type_id`) REFERENCES `cat_note_debit_types` (`id`)
) ENGINE=InnoDB DEFAULT CHARSET=utf8mb4 COLLATE=utf8mb4_unicode_ci;

--
-- Dumping data for table `notes`
--


--
-- Table structure for table `offline_configurations`
--

CREATE TABLE `offline_configurations` (
  `id` int(10) unsigned NOT NULL AUTO_INCREMENT,
  `is_client` tinyint(1) NOT NULL DEFAULT 0,
  `token_server` varchar(255) COLLATE utf8mb4_unicode_ci DEFAULT NULL,
  `url_server` varchar(255) COLLATE utf8mb4_unicode_ci DEFAULT NULL,
  `created_at` timestamp NULL DEFAULT NULL,
  `updated_at` timestamp NULL DEFAULT NULL,
  PRIMARY KEY (`id`)
) ENGINE=InnoDB AUTO_INCREMENT=2 DEFAULT CHARSET=utf8mb4 COLLATE=utf8mb4_unicode_ci;

--
-- Dumping data for table `offline_configurations`
--

INSERT INTO `offline_configurations` VALUES (1,0,NULL,NULL,NULL,NULL);

--
-- Table structure for table `order_form_items`
--

CREATE TABLE `order_form_items` (
  `id` int(10) unsigned NOT NULL AUTO_INCREMENT,
  `order_form_id` int(10) unsigned NOT NULL,
  `item_id` int(10) unsigned NOT NULL,
  `item` longtext CHARACTER SET utf8mb4 COLLATE utf8mb4_bin NOT NULL CHECK (json_valid(`item`)),
  `quantity` decimal(12,4) NOT NULL,
  PRIMARY KEY (`id`),
  KEY `order_form_items_order_form_id_foreign` (`order_form_id`),
  KEY `order_form_items_item_id_foreign` (`item_id`),
  CONSTRAINT `order_form_items_item_id_foreign` FOREIGN KEY (`item_id`) REFERENCES `items` (`id`),
  CONSTRAINT `order_form_items_order_form_id_foreign` FOREIGN KEY (`order_form_id`) REFERENCES `order_forms` (`id`) ON DELETE CASCADE
) ENGINE=InnoDB DEFAULT CHARSET=utf8mb4 COLLATE=utf8mb4_unicode_ci;

--
-- Dumping data for table `order_form_items`
--


--
-- Table structure for table `order_forms`
--

CREATE TABLE `order_forms` (
  `id` int(10) unsigned NOT NULL AUTO_INCREMENT,
  `user_id` int(10) unsigned NOT NULL,
  `external_id` char(36) COLLATE utf8mb4_unicode_ci NOT NULL,
  `establishment_id` int(10) unsigned NOT NULL,
  `establishment` longtext CHARACTER SET utf8mb4 COLLATE utf8mb4_bin NOT NULL CHECK (json_valid(`establishment`)),
  `soap_type_id` char(2) COLLATE utf8mb4_unicode_ci NOT NULL,
  `state_type_id` char(2) COLLATE utf8mb4_unicode_ci NOT NULL,
  `prefix` varchar(255) COLLATE utf8mb4_unicode_ci NOT NULL,
  `date_of_issue` date NOT NULL,
  `time_of_issue` time NOT NULL,
  `customer_id` int(10) unsigned NOT NULL,
  `customer` longtext CHARACTER SET utf8mb4 COLLATE utf8mb4_bin NOT NULL CHECK (json_valid(`customer`)),
  `observations` text COLLATE utf8mb4_unicode_ci NOT NULL,
  `transport_mode_type_id` varchar(255) COLLATE utf8mb4_unicode_ci NOT NULL,
  `transfer_reason_type_id` varchar(255) COLLATE utf8mb4_unicode_ci NOT NULL,
  `transfer_reason_description` varchar(255) COLLATE utf8mb4_unicode_ci NOT NULL,
  `date_of_shipping` date NOT NULL,
  `transshipment_indicator` tinyint(1) NOT NULL,
  `port_code` varchar(255) COLLATE utf8mb4_unicode_ci DEFAULT NULL,
  `unit_type_id` varchar(255) COLLATE utf8mb4_unicode_ci NOT NULL,
  `total_weight` decimal(10,2) NOT NULL,
  `packages_number` int(11) NOT NULL,
  `container_number` int(11) DEFAULT NULL,
  `origin` longtext CHARACTER SET utf8mb4 COLLATE utf8mb4_bin NOT NULL CHECK (json_valid(`origin`)),
  `delivery` longtext CHARACTER SET utf8mb4 COLLATE utf8mb4_bin NOT NULL CHECK (json_valid(`delivery`)),
  `dispatcher_id` int(10) unsigned NOT NULL,
  `driver_id` int(10) unsigned NOT NULL,
  `license_plates` longtext CHARACTER SET utf8mb4 COLLATE utf8mb4_bin DEFAULT NULL CHECK (json_valid(`license_plates`)),
  `legends` longtext CHARACTER SET utf8mb4 COLLATE utf8mb4_bin DEFAULT NULL CHECK (json_valid(`legends`)),
  `optional` longtext CHARACTER SET utf8mb4 COLLATE utf8mb4_bin DEFAULT NULL CHECK (json_valid(`optional`)),
  `filename` varchar(255) COLLATE utf8mb4_unicode_ci DEFAULT NULL,
  `qr` longtext COLLATE utf8mb4_unicode_ci DEFAULT NULL,
  `created_at` timestamp NULL DEFAULT NULL,
  `updated_at` timestamp NULL DEFAULT NULL,
  PRIMARY KEY (`id`),
  KEY `order_forms_dispatcher_id_foreign` (`dispatcher_id`),
  KEY `order_forms_driver_id_foreign` (`driver_id`),
  KEY `order_forms_user_id_foreign` (`user_id`),
  KEY `order_forms_establishment_id_foreign` (`establishment_id`),
  KEY `order_forms_soap_type_id_foreign` (`soap_type_id`),
  KEY `order_forms_state_type_id_foreign` (`state_type_id`),
  KEY `order_forms_customer_id_foreign` (`customer_id`),
  KEY `order_forms_unit_type_id_foreign` (`unit_type_id`),
  KEY `order_forms_transport_mode_type_id_foreign` (`transport_mode_type_id`),
  KEY `order_forms_transfer_reason_type_id_foreign` (`transfer_reason_type_id`),
  KEY `order_forms_date_of_issue_index` (`date_of_issue`),
  CONSTRAINT `order_forms_customer_id_foreign` FOREIGN KEY (`customer_id`) REFERENCES `persons` (`id`),
  CONSTRAINT `order_forms_dispatcher_id_foreign` FOREIGN KEY (`dispatcher_id`) REFERENCES `dispatchers` (`id`),
  CONSTRAINT `order_forms_driver_id_foreign` FOREIGN KEY (`driver_id`) REFERENCES `drivers` (`id`),
  CONSTRAINT `order_forms_establishment_id_foreign` FOREIGN KEY (`establishment_id`) REFERENCES `establishments` (`id`),
  CONSTRAINT `order_forms_soap_type_id_foreign` FOREIGN KEY (`soap_type_id`) REFERENCES `soap_types` (`id`),
  CONSTRAINT `order_forms_state_type_id_foreign` FOREIGN KEY (`state_type_id`) REFERENCES `state_types` (`id`),
  CONSTRAINT `order_forms_transfer_reason_type_id_foreign` FOREIGN KEY (`transfer_reason_type_id`) REFERENCES `cat_transfer_reason_types` (`id`),
  CONSTRAINT `order_forms_transport_mode_type_id_foreign` FOREIGN KEY (`transport_mode_type_id`) REFERENCES `cat_transport_mode_types` (`id`),
  CONSTRAINT `order_forms_unit_type_id_foreign` FOREIGN KEY (`unit_type_id`) REFERENCES `cat_unit_types` (`id`),
  CONSTRAINT `order_forms_user_id_foreign` FOREIGN KEY (`user_id`) REFERENCES `users` (`id`)
) ENGINE=InnoDB DEFAULT CHARSET=utf8mb4 COLLATE=utf8mb4_unicode_ci;

--
-- Dumping data for table `order_forms`
--


--
-- Table structure for table `order_note_items`
--

CREATE TABLE `order_note_items` (
  `id` int(10) unsigned NOT NULL AUTO_INCREMENT,
  `order_note_id` int(10) unsigned NOT NULL,
  `item_id` int(10) unsigned NOT NULL,
  `item` longtext CHARACTER SET utf8mb4 COLLATE utf8mb4_bin NOT NULL CHECK (json_valid(`item`)),
  `quantity` decimal(12,4) NOT NULL,
  `unit_value` decimal(16,6) NOT NULL,
  `affectation_igv_type_id` varchar(255) COLLATE utf8mb4_unicode_ci NOT NULL,
  `total_base_igv` decimal(12,2) NOT NULL,
  `percentage_igv` decimal(12,2) NOT NULL,
  `total_igv` decimal(12,2) NOT NULL,
  `system_isc_type_id` varchar(255) COLLATE utf8mb4_unicode_ci DEFAULT NULL,
  `total_base_isc` decimal(12,2) NOT NULL DEFAULT 0.00,
  `percentage_isc` decimal(12,2) NOT NULL DEFAULT 0.00,
  `total_isc` decimal(12,2) NOT NULL DEFAULT 0.00,
  `total_base_other_taxes` decimal(12,2) NOT NULL DEFAULT 0.00,
  `percentage_other_taxes` decimal(12,2) NOT NULL DEFAULT 0.00,
  `total_other_taxes` decimal(12,2) NOT NULL DEFAULT 0.00,
  `total_plastic_bag_taxes` decimal(6,2) DEFAULT 0.00 COMMENT 'Impuesto bolsa plastica',
  `total_taxes` decimal(12,2) NOT NULL,
  `price_type_id` varchar(255) COLLATE utf8mb4_unicode_ci NOT NULL,
  `unit_price` decimal(16,6) NOT NULL,
  `total_value` decimal(12,2) NOT NULL,
  `total_charge` decimal(12,2) NOT NULL DEFAULT 0.00,
  `total_discount` decimal(12,2) NOT NULL DEFAULT 0.00,
  `total` decimal(12,2) NOT NULL,
  `attributes` longtext CHARACTER SET utf8mb4 COLLATE utf8mb4_bin DEFAULT NULL CHECK (json_valid(`attributes`)),
  `discounts` longtext CHARACTER SET utf8mb4 COLLATE utf8mb4_bin DEFAULT NULL CHECK (json_valid(`discounts`)),
  `charges` longtext CHARACTER SET utf8mb4 COLLATE utf8mb4_bin DEFAULT NULL CHECK (json_valid(`charges`)),
  `additional_information` longtext COLLATE utf8mb4_unicode_ci DEFAULT NULL COMMENT 'Informacion adcional',
  `warehouse_id` int(10) unsigned DEFAULT NULL,
  `name_product_pdf` longtext COLLATE utf8mb4_unicode_ci DEFAULT NULL COMMENT 'Nombre del producto para el pdf',
  PRIMARY KEY (`id`),
  KEY `order_note_items_order_note_id_foreign` (`order_note_id`),
  KEY `order_note_items_item_id_foreign` (`item_id`),
  KEY `order_note_items_affectation_igv_type_id_foreign` (`affectation_igv_type_id`),
  KEY `order_note_items_system_isc_type_id_foreign` (`system_isc_type_id`),
  KEY `order_note_items_price_type_id_foreign` (`price_type_id`),
  KEY `order_note_items_warehouse_id_foreign` (`warehouse_id`),
  CONSTRAINT `order_note_items_affectation_igv_type_id_foreign` FOREIGN KEY (`affectation_igv_type_id`) REFERENCES `cat_affectation_igv_types` (`id`),
  CONSTRAINT `order_note_items_item_id_foreign` FOREIGN KEY (`item_id`) REFERENCES `items` (`id`),
  CONSTRAINT `order_note_items_order_note_id_foreign` FOREIGN KEY (`order_note_id`) REFERENCES `order_notes` (`id`) ON DELETE CASCADE,
  CONSTRAINT `order_note_items_price_type_id_foreign` FOREIGN KEY (`price_type_id`) REFERENCES `cat_price_types` (`id`),
  CONSTRAINT `order_note_items_system_isc_type_id_foreign` FOREIGN KEY (`system_isc_type_id`) REFERENCES `cat_system_isc_types` (`id`),
  CONSTRAINT `order_note_items_warehouse_id_foreign` FOREIGN KEY (`warehouse_id`) REFERENCES `warehouses` (`id`)
) ENGINE=InnoDB DEFAULT CHARSET=utf8mb4 COLLATE=utf8mb4_unicode_ci;

--
-- Dumping data for table `order_note_items`
--


--
-- Table structure for table `order_notes`
--

CREATE TABLE `order_notes` (
  `id` int(10) unsigned NOT NULL AUTO_INCREMENT,
  `user_id` int(10) unsigned NOT NULL,
  `external_id` char(36) COLLATE utf8mb4_unicode_ci NOT NULL,
  `establishment_id` int(10) unsigned NOT NULL,
  `establishment` longtext CHARACTER SET utf8mb4 COLLATE utf8mb4_bin NOT NULL CHECK (json_valid(`establishment`)),
  `soap_type_id` char(2) COLLATE utf8mb4_unicode_ci NOT NULL,
  `state_type_id` char(2) COLLATE utf8mb4_unicode_ci NOT NULL,
  `prefix` char(3) COLLATE utf8mb4_unicode_ci NOT NULL,
  `date_of_issue` date NOT NULL,
  `time_of_issue` time NOT NULL,
  `date_of_due` date DEFAULT NULL,
  `delivery_date` date DEFAULT NULL,
  `customer_id` int(10) unsigned NOT NULL,
  `customer` longtext CHARACTER SET utf8mb4 COLLATE utf8mb4_bin NOT NULL CHECK (json_valid(`customer`)),
  `shipping_address` text COLLATE utf8mb4_unicode_ci DEFAULT NULL,
  `currency_type_id` varchar(255) COLLATE utf8mb4_unicode_ci NOT NULL,
  `payment_method_type_id` char(2) COLLATE utf8mb4_unicode_ci DEFAULT NULL,
  `exchange_rate_sale` decimal(13,3) NOT NULL,
  `total_prepayment` decimal(12,2) NOT NULL DEFAULT 0.00,
  `total_charge` decimal(12,2) NOT NULL DEFAULT 0.00,
  `total_discount` decimal(12,2) NOT NULL DEFAULT 0.00,
  `total_exportation` decimal(12,2) NOT NULL DEFAULT 0.00,
  `total_free` decimal(12,2) NOT NULL DEFAULT 0.00,
  `total_taxed` decimal(12,2) NOT NULL DEFAULT 0.00,
  `total_unaffected` decimal(12,2) NOT NULL DEFAULT 0.00,
  `total_exonerated` decimal(12,2) NOT NULL DEFAULT 0.00,
  `total_igv` decimal(12,2) NOT NULL DEFAULT 0.00,
  `total_igv_free` decimal(12,2) NOT NULL DEFAULT 0.00,
  `total_base_isc` decimal(12,2) NOT NULL DEFAULT 0.00,
  `total_isc` decimal(12,2) NOT NULL DEFAULT 0.00,
  `total_base_other_taxes` decimal(12,2) NOT NULL DEFAULT 0.00,
  `total_other_taxes` decimal(12,2) NOT NULL DEFAULT 0.00,
  `total_taxes` decimal(12,2) NOT NULL DEFAULT 0.00,
  `total_value` decimal(12,2) NOT NULL DEFAULT 0.00,
  `total` decimal(12,2) NOT NULL,
  `charges` longtext CHARACTER SET utf8mb4 COLLATE utf8mb4_bin DEFAULT NULL CHECK (json_valid(`charges`)),
  `discounts` longtext CHARACTER SET utf8mb4 COLLATE utf8mb4_bin DEFAULT NULL CHECK (json_valid(`discounts`)),
  `prepayments` longtext CHARACTER SET utf8mb4 COLLATE utf8mb4_bin DEFAULT NULL CHECK (json_valid(`prepayments`)),
  `guides` longtext CHARACTER SET utf8mb4 COLLATE utf8mb4_bin DEFAULT NULL CHECK (json_valid(`guides`)),
  `related` longtext CHARACTER SET utf8mb4 COLLATE utf8mb4_bin DEFAULT NULL CHECK (json_valid(`related`)),
  `perception` longtext CHARACTER SET utf8mb4 COLLATE utf8mb4_bin DEFAULT NULL CHECK (json_valid(`perception`)),
  `detraction` longtext CHARACTER SET utf8mb4 COLLATE utf8mb4_bin DEFAULT NULL CHECK (json_valid(`detraction`)),
  `legends` longtext CHARACTER SET utf8mb4 COLLATE utf8mb4_bin DEFAULT NULL CHECK (json_valid(`legends`)),
  `additional_data` longtext CHARACTER SET utf8mb4 COLLATE utf8mb4_bin DEFAULT NULL CHECK (json_valid(`additional_data`)),
  `filename` varchar(255) COLLATE utf8mb4_unicode_ci DEFAULT NULL,
  `observation` text COLLATE utf8mb4_unicode_ci DEFAULT NULL,
  `created_at` timestamp NULL DEFAULT NULL,
  `updated_at` timestamp NULL DEFAULT NULL,
  `quotation_id` int(10) unsigned DEFAULT 0 COMMENT 'Relacion con cotizaciones',
  PRIMARY KEY (`id`),
  KEY `order_notes_user_id_foreign` (`user_id`),
  KEY `order_notes_establishment_id_foreign` (`establishment_id`),
  KEY `order_notes_customer_id_foreign` (`customer_id`),
  KEY `order_notes_soap_type_id_foreign` (`soap_type_id`),
  KEY `order_notes_state_type_id_foreign` (`state_type_id`),
  KEY `order_notes_currency_type_id_foreign` (`currency_type_id`),
  KEY `order_notes_payment_method_type_id_foreign` (`payment_method_type_id`),
  CONSTRAINT `order_notes_currency_type_id_foreign` FOREIGN KEY (`currency_type_id`) REFERENCES `cat_currency_types` (`id`),
  CONSTRAINT `order_notes_customer_id_foreign` FOREIGN KEY (`customer_id`) REFERENCES `persons` (`id`),
  CONSTRAINT `order_notes_establishment_id_foreign` FOREIGN KEY (`establishment_id`) REFERENCES `establishments` (`id`),
  CONSTRAINT `order_notes_payment_method_type_id_foreign` FOREIGN KEY (`payment_method_type_id`) REFERENCES `payment_method_types` (`id`),
  CONSTRAINT `order_notes_soap_type_id_foreign` FOREIGN KEY (`soap_type_id`) REFERENCES `soap_types` (`id`),
  CONSTRAINT `order_notes_state_type_id_foreign` FOREIGN KEY (`state_type_id`) REFERENCES `state_types` (`id`),
  CONSTRAINT `order_notes_user_id_foreign` FOREIGN KEY (`user_id`) REFERENCES `users` (`id`)
) ENGINE=InnoDB DEFAULT CHARSET=utf8mb4 COLLATE=utf8mb4_unicode_ci;

--
-- Dumping data for table `order_notes`
--


--
-- Table structure for table `orders`
--

CREATE TABLE `orders` (
  `id` int(10) unsigned NOT NULL AUTO_INCREMENT,
  `external_id` char(36) COLLATE utf8mb4_unicode_ci NOT NULL,
  `customer` longtext CHARACTER SET utf8mb4 COLLATE utf8mb4_bin NOT NULL CHECK (json_valid(`customer`)),
  `shipping_address` varchar(255) COLLATE utf8mb4_unicode_ci DEFAULT NULL,
  `items` longtext CHARACTER SET utf8mb4 COLLATE utf8mb4_bin NOT NULL CHECK (json_valid(`items`)),
  `total` decimal(12,2) NOT NULL,
  `reference_payment` varchar(255) COLLATE utf8mb4_unicode_ci NOT NULL,
  `document_external_id` char(36) COLLATE utf8mb4_unicode_ci DEFAULT NULL,
  `number_document` varchar(255) COLLATE utf8mb4_unicode_ci DEFAULT NULL,
  `status_order_id` tinyint(3) unsigned DEFAULT NULL,
  `purchase` longtext CHARACTER SET utf8mb4 COLLATE utf8mb4_bin DEFAULT NULL CHECK (json_valid(`purchase`)),
  `created_at` timestamp NULL DEFAULT NULL,
  `updated_at` timestamp NULL DEFAULT NULL,
  `deleted_at` timestamp NULL DEFAULT NULL,
  `apply_restaurant` tinyint(1) DEFAULT 0,
  PRIMARY KEY (`id`),
  KEY `orders_status_order_id_foreign` (`status_order_id`),
  CONSTRAINT `orders_status_order_id_foreign` FOREIGN KEY (`status_order_id`) REFERENCES `status_orders` (`id`)
) ENGINE=InnoDB DEFAULT CHARSET=utf8mb4 COLLATE=utf8mb4_unicode_ci;

--
-- Dumping data for table `orders`
--


--
-- Table structure for table `origin_addresses`
--

CREATE TABLE `origin_addresses` (
  `id` int(10) unsigned NOT NULL AUTO_INCREMENT,
  `address` varchar(255) COLLATE utf8mb4_unicode_ci NOT NULL,
  `location_id` longtext CHARACTER SET utf8mb4 COLLATE utf8mb4_bin NOT NULL CHECK (json_valid(`location_id`)),
  `is_default` tinyint(1) NOT NULL DEFAULT 0,
  `is_active` tinyint(1) NOT NULL DEFAULT 1,
  `created_at` timestamp NULL DEFAULT NULL,
  `updated_at` timestamp NULL DEFAULT NULL,
  PRIMARY KEY (`id`)
) ENGINE=InnoDB DEFAULT CHARSET=utf8mb4 COLLATE=utf8mb4_unicode_ci;

--
-- Dumping data for table `origin_addresses`
--


--
-- Table structure for table `packaging`
--

CREATE TABLE `packaging` (
  `id` int(10) unsigned NOT NULL AUTO_INCREMENT,
  `item_id` int(10) unsigned NOT NULL,
  `user_id` int(10) unsigned DEFAULT NULL,
  `soap_type_id` char(2) COLLATE utf8mb4_unicode_ci DEFAULT NULL,
  `item_extra_data` longtext CHARACTER SET utf8mb4 COLLATE utf8mb4_bin DEFAULT NULL CHECK (json_valid(`item_extra_data`)),
  `establishment_id` int(10) unsigned DEFAULT NULL,
  `quantity` decimal(8,2) DEFAULT 0.00,
  `number_packages` decimal(8,2) DEFAULT 0.00,
  `item` longtext CHARACTER SET utf8mb4 COLLATE utf8mb4_bin DEFAULT NULL CHECK (json_valid(`item`)),
  `observation` longtext COLLATE utf8mb4_unicode_ci DEFAULT NULL,
  `lot_code` varchar(255) COLLATE utf8mb4_unicode_ci DEFAULT NULL,
  `name` varchar(255) COLLATE utf8mb4_unicode_ci DEFAULT NULL,
  `date_start` date DEFAULT NULL,
  `time_start` time DEFAULT NULL,
  `date_end` date DEFAULT NULL,
  `time_end` time DEFAULT NULL,
  `created_at` timestamp NULL DEFAULT NULL,
  `updated_at` timestamp NULL DEFAULT NULL,
  `packaging_collaborator` text COLLATE utf8mb4_unicode_ci DEFAULT NULL,
  PRIMARY KEY (`id`),
  KEY `packaging_soap_type_id_foreign` (`soap_type_id`),
  CONSTRAINT `packaging_soap_type_id_foreign` FOREIGN KEY (`soap_type_id`) REFERENCES `soap_types` (`id`)
) ENGINE=InnoDB DEFAULT CHARSET=utf8mb4 COLLATE=utf8mb4_unicode_ci;

--
-- Dumping data for table `packaging`
--


--
-- Table structure for table `padrones`
--

CREATE TABLE `padrones` (
  `id` bigint(20) unsigned NOT NULL AUTO_INCREMENT,
  `ruc` varchar(255) COLLATE utf8mb4_unicode_ci NOT NULL,
  `nombre_razon_social` varchar(155) COLLATE utf8mb4_unicode_ci NOT NULL,
  `estado_contribuyente` varchar(100) COLLATE utf8mb4_unicode_ci NOT NULL,
  `condicion_domicilio` varchar(100) COLLATE utf8mb4_unicode_ci NOT NULL,
  `ubigeo` varchar(50) COLLATE utf8mb4_unicode_ci NOT NULL,
  `tipo_via` varchar(20) COLLATE utf8mb4_unicode_ci NOT NULL,
  `nombre_via` varchar(50) COLLATE utf8mb4_unicode_ci NOT NULL,
  `codigo_zona` varchar(155) COLLATE utf8mb4_unicode_ci NOT NULL,
  `tipo_zona` varchar(20) COLLATE utf8mb4_unicode_ci NOT NULL,
  `numero` varchar(155) COLLATE utf8mb4_unicode_ci NOT NULL,
  `interior` varchar(50) COLLATE utf8mb4_unicode_ci NOT NULL,
  `lote` varchar(20) COLLATE utf8mb4_unicode_ci NOT NULL,
  `departamento` varchar(100) COLLATE utf8mb4_unicode_ci NOT NULL,
  `manzana` varchar(20) COLLATE utf8mb4_unicode_ci NOT NULL,
  `kilometro` varchar(20) COLLATE utf8mb4_unicode_ci NOT NULL,
  `status` tinyint(4) NOT NULL DEFAULT 1,
  `created_at` timestamp NULL DEFAULT NULL,
  `updated_at` timestamp NULL DEFAULT NULL,
  PRIMARY KEY (`id`),
  KEY `padrones_ruc_index` (`ruc`)
) ENGINE=InnoDB DEFAULT CHARSET=utf8mb4 COLLATE=utf8mb4_unicode_ci;

--
-- Dumping data for table `padrones`
--


--
-- Table structure for table `payment_conditions`
--

CREATE TABLE `payment_conditions` (
  `id` varchar(255) COLLATE utf8mb4_unicode_ci NOT NULL,
  `name` varchar(255) COLLATE utf8mb4_unicode_ci NOT NULL,
  `days` int(11) NOT NULL DEFAULT 0,
  `is_locked` tinyint(1) NOT NULL DEFAULT 0,
  `is_active` tinyint(1) NOT NULL DEFAULT 1,
  KEY `payment_conditions_id_index` (`id`)
) ENGINE=InnoDB DEFAULT CHARSET=utf8mb4 COLLATE=utf8mb4_unicode_ci;

--
-- Dumping data for table `payment_conditions`
--

INSERT INTO `payment_conditions` VALUES ('01','Contado',0,1,1),('02','Crédito',0,1,1);

--
-- Table structure for table `payment_files`
--

CREATE TABLE `payment_files` (
  `id` int(10) unsigned NOT NULL AUTO_INCREMENT,
  `filename` varchar(255) COLLATE utf8mb4_unicode_ci NOT NULL,
  `payment_id` int(11) NOT NULL,
  `payment_type` varchar(255) COLLATE utf8mb4_unicode_ci NOT NULL,
  PRIMARY KEY (`id`),
  KEY `payment_index` (`payment_id`,`payment_type`)
) ENGINE=InnoDB DEFAULT CHARSET=utf8mb4 COLLATE=utf8mb4_unicode_ci;

--
-- Dumping data for table `payment_files`
--


--
-- Table structure for table `payment_link_types`
--

CREATE TABLE `payment_link_types` (
  `id` char(2) COLLATE utf8mb4_unicode_ci NOT NULL,
  `description` varchar(255) COLLATE utf8mb4_unicode_ci NOT NULL,
  PRIMARY KEY (`id`)
) ENGINE=InnoDB DEFAULT CHARSET=utf8mb4 COLLATE=utf8mb4_unicode_ci;

--
-- Dumping data for table `payment_link_types`
--

INSERT INTO `payment_link_types` VALUES ('01','Yape'),('02','Mercado Pago');

--
-- Table structure for table `payment_links`
--

CREATE TABLE `payment_links` (
  `id` int(10) unsigned NOT NULL AUTO_INCREMENT,
  `soap_type_id` char(2) COLLATE utf8mb4_unicode_ci NOT NULL,
  `uuid` char(36) COLLATE utf8mb4_unicode_ci NOT NULL,
  `user_id` int(10) unsigned NOT NULL,
  `payment_link_type_id` char(2) COLLATE utf8mb4_unicode_ci NOT NULL,
  `payment_id` int(11) DEFAULT NULL,
  `payment_type` varchar(255) COLLATE utf8mb4_unicode_ci DEFAULT NULL,
  `total` decimal(12,2) NOT NULL,
  `uploaded_filename` varchar(255) COLLATE utf8mb4_unicode_ci DEFAULT NULL,
  `query_transaction` tinyint(1) NOT NULL DEFAULT 0,
  `created_at` timestamp NULL DEFAULT NULL,
  `updated_at` timestamp NULL DEFAULT NULL,
  PRIMARY KEY (`id`),
  UNIQUE KEY `payment_links_uuid_unique` (`uuid`),
  KEY `payment_index` (`payment_id`,`payment_type`),
  KEY `payment_links_user_id_foreign` (`user_id`),
  KEY `payment_links_soap_type_id_foreign` (`soap_type_id`),
  KEY `payment_links_payment_link_type_id_foreign` (`payment_link_type_id`),
  CONSTRAINT `payment_links_payment_link_type_id_foreign` FOREIGN KEY (`payment_link_type_id`) REFERENCES `payment_link_types` (`id`),
  CONSTRAINT `payment_links_soap_type_id_foreign` FOREIGN KEY (`soap_type_id`) REFERENCES `soap_types` (`id`),
  CONSTRAINT `payment_links_user_id_foreign` FOREIGN KEY (`user_id`) REFERENCES `users` (`id`)
) ENGINE=InnoDB DEFAULT CHARSET=utf8mb4 COLLATE=utf8mb4_unicode_ci;

--
-- Dumping data for table `payment_links`
--


--
-- Table structure for table `payment_method_types`
--

CREATE TABLE `payment_method_types` (
  `id` char(2) COLLATE utf8mb4_unicode_ci NOT NULL,
  `description` varchar(255) COLLATE utf8mb4_unicode_ci NOT NULL,
  `has_card` tinyint(1) NOT NULL DEFAULT 0,
  `charge` decimal(12,2) DEFAULT NULL,
  `number_days` int(11) DEFAULT NULL,
  `is_credit` tinyint(1) NOT NULL DEFAULT 0 COMMENT 'Define si es tipo credito',
  `is_cash` tinyint(1) NOT NULL DEFAULT 0 COMMENT 'Define si es es efectivo',
  KEY `payment_method_types_id_index` (`id`),
  KEY `payment_method_types_is_credit_index` (`is_credit`)
) ENGINE=InnoDB DEFAULT CHARSET=utf8mb4 COLLATE=utf8mb4_unicode_ci;

--
-- Dumping data for table `payment_method_types`
--

INSERT INTO `payment_method_types` VALUES ('01','Efectivo',0,NULL,NULL,0,1),('02','Tarjeta de crédito',1,NULL,NULL,0,0),('03','Tarjeta de débito',1,NULL,NULL,0,0),('04','Transferencia',0,NULL,NULL,0,0),('05','Factura a 30 días',0,NULL,30,1,0),('06','Tarjeta crédito visa',1,3.68,NULL,0,0),('07','Contado contraentrega',0,NULL,NULL,0,0),('08','A 30 días',0,NULL,30,1,0),('09','Crédito',1,NULL,NULL,1,0),('10','Contado',0,NULL,NULL,0,1);

--
-- Table structure for table `perception_documents`
--

CREATE TABLE `perception_documents` (
  `id` int(10) unsigned NOT NULL AUTO_INCREMENT,
  `perception_id` int(10) unsigned NOT NULL,
  `document_type_id` varchar(255) COLLATE utf8mb4_unicode_ci NOT NULL,
  `number` varchar(255) COLLATE utf8mb4_unicode_ci NOT NULL,
  `date_of_issue` date NOT NULL,
  `date_of_perception` date NOT NULL,
  `currency_type_id` varchar(255) COLLATE utf8mb4_unicode_ci NOT NULL,
  `total_document` decimal(10,2) NOT NULL,
  `total_perception` decimal(10,2) NOT NULL,
  `payments` longtext CHARACTER SET utf8mb4 COLLATE utf8mb4_bin NOT NULL CHECK (json_valid(`payments`)),
  `series` varchar(255) COLLATE utf8mb4_unicode_ci NOT NULL,
  `exchange_rate` longtext CHARACTER SET utf8mb4 COLLATE utf8mb4_bin NOT NULL CHECK (json_valid(`exchange_rate`)),
  `total_to_pay` decimal(10,2) NOT NULL,
  `total_payment` decimal(10,2) NOT NULL,
  PRIMARY KEY (`id`),
  KEY `perception_details_perception_id_foreign` (`perception_id`),
  KEY `perception_documents_document_type_id_foreign` (`document_type_id`),
  KEY `perception_documents_currency_type_id_foreign` (`currency_type_id`),
  CONSTRAINT `perception_details_perception_id_foreign` FOREIGN KEY (`perception_id`) REFERENCES `perceptions` (`id`) ON DELETE CASCADE,
  CONSTRAINT `perception_documents_currency_type_id_foreign` FOREIGN KEY (`currency_type_id`) REFERENCES `cat_currency_types` (`id`),
  CONSTRAINT `perception_documents_document_type_id_foreign` FOREIGN KEY (`document_type_id`) REFERENCES `cat_document_types` (`id`)
) ENGINE=InnoDB DEFAULT CHARSET=utf8mb4 COLLATE=utf8mb4_unicode_ci;

--
-- Dumping data for table `perception_documents`
--


--
-- Table structure for table `person_address`
--

CREATE TABLE `person_address` (
  `id` int(10) unsigned NOT NULL AUTO_INCREMENT,
  `person_id` int(10) unsigned NOT NULL,
  `department_id` char(2) COLLATE utf8mb4_unicode_ci DEFAULT NULL,
  `province_id` char(4) COLLATE utf8mb4_unicode_ci DEFAULT NULL,
  `district_id` char(6) COLLATE utf8mb4_unicode_ci DEFAULT NULL,
  `address` varchar(255) COLLATE utf8mb4_unicode_ci DEFAULT NULL,
  PRIMARY KEY (`id`),
  KEY `person_address_person_id_foreign` (`person_id`),
  KEY `person_address_department_id_foreign` (`department_id`),
  KEY `person_address_province_id_foreign` (`province_id`),
  KEY `person_address_district_id_foreign` (`district_id`),
  CONSTRAINT `person_address_department_id_foreign` FOREIGN KEY (`department_id`) REFERENCES `departments` (`id`),
  CONSTRAINT `person_address_district_id_foreign` FOREIGN KEY (`district_id`) REFERENCES `districts` (`id`),
  CONSTRAINT `person_address_person_id_foreign` FOREIGN KEY (`person_id`) REFERENCES `persons` (`id`),
  CONSTRAINT `person_address_province_id_foreign` FOREIGN KEY (`province_id`) REFERENCES `provinces` (`id`)
) ENGINE=InnoDB DEFAULT CHARSET=utf8mb4 COLLATE=utf8mb4_unicode_ci;

--
-- Dumping data for table `person_address`
--


--
-- Table structure for table `person_addresses`
--

CREATE TABLE `person_addresses` (
  `id` int(10) unsigned NOT NULL AUTO_INCREMENT,
  `person_id` int(10) unsigned NOT NULL,
  `country_id` char(2) COLLATE utf8mb4_unicode_ci NOT NULL,
  `department_id` char(2) COLLATE utf8mb4_unicode_ci DEFAULT NULL,
  `province_id` char(4) COLLATE utf8mb4_unicode_ci DEFAULT NULL,
  `district_id` char(6) COLLATE utf8mb4_unicode_ci DEFAULT NULL,
  `address` varchar(255) COLLATE utf8mb4_unicode_ci DEFAULT NULL,
  `phone` varchar(255) COLLATE utf8mb4_unicode_ci DEFAULT NULL,
  `email` varchar(255) COLLATE utf8mb4_unicode_ci DEFAULT NULL,
  `main` tinyint(1) NOT NULL DEFAULT 0,
  PRIMARY KEY (`id`),
  KEY `person_addresses_person_id_foreign` (`person_id`),
  KEY `person_addresses_country_id_foreign` (`country_id`),
  KEY `person_addresses_department_id_foreign` (`department_id`),
  KEY `person_addresses_province_id_foreign` (`province_id`),
  KEY `person_addresses_district_id_foreign` (`district_id`),
  CONSTRAINT `person_addresses_country_id_foreign` FOREIGN KEY (`country_id`) REFERENCES `countries` (`id`),
  CONSTRAINT `person_addresses_department_id_foreign` FOREIGN KEY (`department_id`) REFERENCES `departments` (`id`),
  CONSTRAINT `person_addresses_district_id_foreign` FOREIGN KEY (`district_id`) REFERENCES `districts` (`id`),
  CONSTRAINT `person_addresses_person_id_foreign` FOREIGN KEY (`person_id`) REFERENCES `persons` (`id`),
  CONSTRAINT `person_addresses_province_id_foreign` FOREIGN KEY (`province_id`) REFERENCES `provinces` (`id`)
) ENGINE=InnoDB AUTO_INCREMENT=2 DEFAULT CHARSET=utf8mb4 COLLATE=utf8mb4_unicode_ci;

--
-- Dumping data for table `person_addresses`
--

INSERT INTO `person_addresses` VALUES (1,158,'PE',NULL,NULL,NULL,NULL,NULL,NULL,0);

--
-- Table structure for table `person_types`
--

CREATE TABLE `person_types` (
  `id` int(10) unsigned NOT NULL AUTO_INCREMENT,
  `description` text COLLATE utf8mb4_unicode_ci NOT NULL,
  `created_at` timestamp NULL DEFAULT NULL,
  `updated_at` timestamp NULL DEFAULT NULL,
  PRIMARY KEY (`id`)
) ENGINE=InnoDB AUTO_INCREMENT=3 DEFAULT CHARSET=utf8mb4 COLLATE=utf8mb4_unicode_ci;

--
-- Dumping data for table `person_types`
--

INSERT INTO `person_types` VALUES (1,'Interno','2022-03-17 16:55:58','2022-03-17 16:55:58'),(2,'Distribuidor','2022-03-17 16:55:58','2022-03-17 16:55:58');

--
-- Table structure for table `persons`
--

CREATE TABLE `persons` (
  `id` int(10) unsigned NOT NULL AUTO_INCREMENT,
  `type` enum('customers','suppliers') COLLATE utf8mb4_unicode_ci NOT NULL,
  `identity_document_type_id` varchar(255) COLLATE utf8mb4_unicode_ci NOT NULL,
  `number` varchar(255) COLLATE utf8mb4_unicode_ci NOT NULL,
  `name` varchar(255) COLLATE utf8mb4_unicode_ci NOT NULL,
  `trade_name` varchar(255) COLLATE utf8mb4_unicode_ci DEFAULT NULL,
  `internal_code` varchar(100) COLLATE utf8mb4_unicode_ci DEFAULT NULL,
  `barcode` varchar(150) COLLATE utf8mb4_unicode_ci DEFAULT NULL,
  `country_id` char(2) COLLATE utf8mb4_unicode_ci NOT NULL,
  `nationality_id` char(2) COLLATE utf8mb4_unicode_ci DEFAULT NULL,
  `department_id` char(2) COLLATE utf8mb4_unicode_ci DEFAULT NULL,
  `province_id` char(4) COLLATE utf8mb4_unicode_ci DEFAULT NULL,
  `district_id` char(6) COLLATE utf8mb4_unicode_ci DEFAULT NULL,
  `address_type_id` varchar(255) COLLATE utf8mb4_unicode_ci DEFAULT NULL,
  `address` varchar(255) COLLATE utf8mb4_unicode_ci DEFAULT NULL,
  `condition` varchar(255) COLLATE utf8mb4_unicode_ci DEFAULT NULL,
  `state` varchar(255) COLLATE utf8mb4_unicode_ci DEFAULT NULL,
  `email` varchar(255) COLLATE utf8mb4_unicode_ci DEFAULT NULL,
  `telephone` varchar(255) COLLATE utf8mb4_unicode_ci DEFAULT NULL,
  `accumulated_points` decimal(12,2) NOT NULL DEFAULT 0.00 COMMENT 'sistema por puntos',
  `perception_agent` tinyint(1) NOT NULL DEFAULT 0,
  `person_type_id` int(10) unsigned DEFAULT NULL,
  `contact` longtext CHARACTER SET utf8mb4 COLLATE utf8mb4_bin DEFAULT NULL CHECK (json_valid(`contact`)),
  `comment` varchar(255) COLLATE utf8mb4_unicode_ci DEFAULT NULL,
  `percentage_perception` decimal(12,2) DEFAULT NULL,
  `enabled` tinyint(1) NOT NULL DEFAULT 1,
  `website` text COLLATE utf8mb4_unicode_ci DEFAULT NULL COMMENT 'Sitio Web',
  `zone` longtext COLLATE utf8mb4_unicode_ci DEFAULT NULL COMMENT 'Zona',
  `observation` longtext COLLATE utf8mb4_unicode_ci DEFAULT NULL COMMENT 'Observaciones',
  `created_at` timestamp NULL DEFAULT NULL,
  `updated_at` timestamp NULL DEFAULT NULL,
  `status` tinyint(4) NOT NULL DEFAULT 1,
  `credit_days` int(10) unsigned DEFAULT 0 COMMENT 'establece los dias de credito',
  `optional_email` longtext COLLATE utf8mb4_unicode_ci DEFAULT NULL COMMENT 'Conjunto de correos de envio',
  `parent_id` int(10) unsigned DEFAULT 0 COMMENT 'Se relaciona con si mismo, numero mayor a 0 es el id del padre.',
  `zone_id` int(10) unsigned DEFAULT NULL,
  `seller_id` int(10) unsigned DEFAULT NULL,
  `has_discount` tinyint(1) NOT NULL DEFAULT 0,
  `discount_type` char(2) COLLATE utf8mb4_unicode_ci NOT NULL DEFAULT '01',
  `discount_amount` decimal(12,2) NOT NULL DEFAULT 0.00,
  PRIMARY KEY (`id`),
  KEY `persons_identity_document_type_id_foreign` (`identity_document_type_id`),
  KEY `persons_country_id_foreign` (`country_id`),
  KEY `persons_department_id_foreign` (`department_id`),
  KEY `persons_province_id_foreign` (`province_id`),
  KEY `persons_district_id_foreign` (`district_id`),
  KEY `persons_name_index` (`name`),
  KEY `persons_number_index` (`number`),
  KEY `persons_type_index` (`type`),
  KEY `persons_person_type_id_foreign` (`person_type_id`),
  KEY `persons_enabled_index` (`enabled`),
  KEY `persons_address_type_id_foreign` (`address_type_id`),
  KEY `persons_seller_id_index` (`seller_id`),
  KEY `persons_nationality_id_foreign` (`nationality_id`),
  CONSTRAINT `persons_address_type_id_foreign` FOREIGN KEY (`address_type_id`) REFERENCES `cat_address_types` (`id`),
  CONSTRAINT `persons_country_id_foreign` FOREIGN KEY (`country_id`) REFERENCES `countries` (`id`),
  CONSTRAINT `persons_department_id_foreign` FOREIGN KEY (`department_id`) REFERENCES `departments` (`id`),
  CONSTRAINT `persons_district_id_foreign` FOREIGN KEY (`district_id`) REFERENCES `districts` (`id`),
  CONSTRAINT `persons_identity_document_type_id_foreign` FOREIGN KEY (`identity_document_type_id`) REFERENCES `cat_identity_document_types` (`id`),
  CONSTRAINT `persons_nationality_id_foreign` FOREIGN KEY (`nationality_id`) REFERENCES `countries` (`id`),
  CONSTRAINT `persons_person_type_id_foreign` FOREIGN KEY (`person_type_id`) REFERENCES `person_types` (`id`),
  CONSTRAINT `persons_province_id_foreign` FOREIGN KEY (`province_id`) REFERENCES `provinces` (`id`)
) ENGINE=InnoDB AUTO_INCREMENT=430 DEFAULT CHARSET=utf8mb4 COLLATE=utf8mb4_unicode_ci;

--
-- Dumping data for table `persons`
--

INSERT INTO `persons` VALUES (1,'customers','1','75478910','VEGA SALAZAR, JEAN CLAUDE',NULL,NULL,NULL,'PE',NULL,NULL,NULL,NULL,NULL,NULL,NULL,NULL,NULL,NULL,0.00,0,NULL,'{\"full_name\":null,\"phone\":null}',NULL,0.00,1,NULL,NULL,NULL,'2022-03-21 14:35:49','2022-03-21 14:35:49',1,0,NULL,0,NULL,NULL,0,'01',0.00),(2,'customers','1','70890220','REQUEJO QUIROZ, DIANA ROSMERY',NULL,NULL,NULL,'PE',NULL,NULL,NULL,NULL,NULL,NULL,NULL,NULL,NULL,NULL,0.00,0,NULL,'{\"full_name\":null,\"phone\":null}',NULL,0.00,1,NULL,NULL,NULL,'2022-03-21 14:40:34','2022-03-21 14:40:34',1,0,NULL,0,NULL,NULL,0,'01',0.00),(3,'customers','1','33588503','QUIROZ PEREZ, ROXANI MARGOTH',NULL,NULL,NULL,'PE',NULL,NULL,NULL,NULL,NULL,NULL,NULL,NULL,NULL,NULL,0.00,0,NULL,'{\"full_name\":null,\"phone\":null}',NULL,0.00,1,NULL,NULL,NULL,'2022-03-21 14:55:59','2022-03-21 14:55:59',1,0,NULL,0,NULL,NULL,0,'01',0.00),(4,'customers','1','71209592','REQUEJO QUIROZ, LUIS HERNAN',NULL,NULL,NULL,'PE',NULL,NULL,NULL,NULL,NULL,NULL,NULL,NULL,NULL,NULL,0.00,0,NULL,'{\"full_name\":null,\"phone\":null}',NULL,0.00,1,NULL,NULL,NULL,'2022-04-05 12:33:55','2022-04-05 12:33:55',1,0,NULL,0,NULL,NULL,0,'01',0.00),(5,'customers','1','33590637','REQUEJO VASQUEZ, HERNAN',NULL,NULL,NULL,'PE',NULL,NULL,NULL,NULL,NULL,NULL,NULL,NULL,NULL,NULL,0.00,0,NULL,'{\"full_name\":null,\"phone\":null}',NULL,0.00,1,NULL,NULL,NULL,'2022-04-05 12:44:26','2022-04-05 12:44:26',1,0,NULL,0,NULL,NULL,0,'01',0.00),(6,'customers','1','75210299','JACINTO LIZANA, KELY ROXANA',NULL,NULL,NULL,'PE',NULL,NULL,NULL,NULL,NULL,NULL,NULL,NULL,NULL,NULL,0.00,0,NULL,'{\"full_name\":null,\"phone\":null}',NULL,0.00,1,NULL,NULL,NULL,'2022-04-05 12:55:28','2022-04-05 12:55:28',1,0,NULL,0,NULL,NULL,0,'01',0.00),(7,'customers','1','77487343','LEO VENTURA, VICTOR ORLANDO',NULL,NULL,NULL,'PE',NULL,NULL,NULL,NULL,NULL,NULL,NULL,NULL,NULL,NULL,0.00,0,NULL,'{\"full_name\":null,\"phone\":null}',NULL,0.00,1,NULL,NULL,NULL,'2022-04-06 17:44:09','2022-04-06 17:44:09',1,0,NULL,0,NULL,NULL,0,'01',0.00),(8,'customers','1','72958497','CHUMACERO TAMAY, EBERTH ALEJANDRO',NULL,NULL,NULL,'PE',NULL,NULL,NULL,NULL,NULL,NULL,NULL,NULL,NULL,NULL,0.00,0,NULL,'{\"full_name\":null,\"phone\":null}',NULL,0.00,1,NULL,NULL,NULL,'2022-04-06 17:56:43','2022-04-06 17:56:43',1,0,NULL,0,NULL,NULL,0,'01',0.00),(9,'customers','1','27840433','SOTO VALENCIA, FRANCISCA ALTAGRACIA',NULL,NULL,NULL,'PE',NULL,NULL,NULL,NULL,NULL,NULL,NULL,NULL,NULL,NULL,0.00,0,NULL,'{\"full_name\":null,\"phone\":null}',NULL,0.00,1,NULL,NULL,NULL,'2022-04-06 18:04:24','2022-04-06 18:04:24',1,0,NULL,0,NULL,NULL,0,'01',0.00),(10,'customers','0','99999999','Clientes - Varios',NULL,NULL,NULL,'PE',NULL,NULL,NULL,NULL,NULL,NULL,NULL,NULL,NULL,NULL,0.00,0,NULL,'{\"full_name\":null,\"phone\":null}',NULL,0.00,1,NULL,NULL,NULL,'2022-04-06 18:53:15','2022-04-06 18:53:15',1,0,NULL,0,NULL,NULL,0,'01',0.00),(11,'customers','0','11111','cliente',NULL,NULL,NULL,'PE',NULL,NULL,NULL,NULL,NULL,NULL,NULL,NULL,NULL,NULL,0.00,0,NULL,'{\"full_name\":null,\"phone\":null}',NULL,0.00,1,NULL,NULL,NULL,'2022-04-07 18:38:14','2022-04-07 18:38:14',1,0,NULL,0,NULL,NULL,0,'01',0.00),(12,'customers','0','888888','Clientes - Varios1',NULL,NULL,NULL,'PE',NULL,NULL,NULL,NULL,NULL,NULL,NULL,NULL,NULL,NULL,0.00,0,NULL,'{\"full_name\":null,\"phone\":null}',NULL,0.00,1,NULL,NULL,NULL,'2022-04-07 18:42:25','2022-04-07 18:42:25',1,0,NULL,0,NULL,NULL,0,'01',0.00),(13,'customers','0','777777','Clientes - Varios2',NULL,NULL,NULL,'PE',NULL,NULL,NULL,NULL,NULL,NULL,NULL,NULL,NULL,NULL,0.00,0,NULL,'{\"full_name\":null,\"phone\":null}',NULL,0.00,1,NULL,NULL,NULL,'2022-04-07 18:43:40','2022-04-07 18:43:40',1,0,NULL,0,NULL,NULL,0,'01',0.00),(14,'customers','0','9999999','Clientes',NULL,NULL,NULL,'PE',NULL,NULL,NULL,NULL,NULL,NULL,NULL,NULL,NULL,NULL,0.00,0,NULL,'{\"full_name\":null,\"phone\":null}',NULL,0.00,1,NULL,NULL,NULL,'2022-04-07 20:22:38','2022-04-07 20:22:38',1,0,NULL,0,NULL,NULL,0,'01',0.00),(15,'customers','0','11111111','Cliente4',NULL,NULL,NULL,'PE',NULL,NULL,NULL,NULL,NULL,NULL,NULL,NULL,NULL,NULL,0.00,0,NULL,'{\"full_name\":null,\"phone\":null}',NULL,0.00,1,NULL,NULL,NULL,'2022-04-08 20:26:10','2022-04-08 20:26:10',1,0,NULL,0,NULL,NULL,0,'01',0.00),(16,'customers','0','222222222','Cliente5',NULL,NULL,NULL,'PE',NULL,NULL,NULL,NULL,NULL,NULL,NULL,NULL,NULL,NULL,0.00,0,NULL,'{\"full_name\":null,\"phone\":null}',NULL,0.00,1,NULL,NULL,NULL,'2022-04-08 20:28:52','2022-04-08 20:28:52',1,0,NULL,0,NULL,NULL,0,'01',0.00),(17,'customers','0','01','CLIENTE 01',NULL,NULL,NULL,'PE',NULL,NULL,NULL,NULL,NULL,NULL,NULL,NULL,NULL,NULL,0.00,0,NULL,'{\"full_name\":null,\"phone\":null}',NULL,0.00,1,NULL,NULL,NULL,'2022-04-08 20:48:23','2022-04-08 20:48:23',1,0,NULL,0,NULL,NULL,0,'01',0.00),(18,'customers','0','02','Cliente 02',NULL,NULL,NULL,'PE',NULL,NULL,NULL,NULL,NULL,NULL,NULL,NULL,NULL,NULL,0.00,0,NULL,'{\"full_name\":null,\"phone\":null}',NULL,0.00,1,NULL,NULL,NULL,'2022-04-09 14:44:38','2022-04-09 14:44:38',1,0,NULL,0,NULL,NULL,0,'01',0.00),(19,'customers','0','002','Clientes02',NULL,NULL,NULL,'PE',NULL,NULL,NULL,NULL,NULL,NULL,NULL,NULL,NULL,NULL,0.00,0,NULL,'{\"full_name\":null,\"phone\":null}',NULL,0.00,1,NULL,NULL,NULL,'2022-04-09 14:45:54','2022-04-09 14:45:54',1,0,NULL,0,NULL,NULL,0,'01',0.00),(20,'customers','0','003','Cliente03',NULL,NULL,NULL,'PE',NULL,NULL,NULL,NULL,NULL,NULL,NULL,NULL,NULL,NULL,0.00,0,NULL,'{\"full_name\":null,\"phone\":null}',NULL,0.00,1,NULL,NULL,NULL,'2022-04-09 14:48:12','2022-04-09 14:48:12',1,0,NULL,0,NULL,NULL,0,'01',0.00),(21,'customers','0','999999999','Cliente6',NULL,NULL,NULL,'PE',NULL,NULL,NULL,NULL,NULL,NULL,NULL,NULL,NULL,NULL,0.00,0,NULL,'{\"full_name\":null,\"phone\":null}',NULL,0.00,1,NULL,NULL,NULL,'2022-04-09 17:35:30','2022-04-09 17:35:30',1,0,NULL,0,NULL,NULL,0,'01',0.00),(22,'customers','0','99999998','Cliente7',NULL,NULL,NULL,'PE',NULL,NULL,NULL,NULL,NULL,NULL,NULL,NULL,NULL,NULL,0.00,0,NULL,'{\"full_name\":null,\"phone\":null}',NULL,0.00,1,NULL,NULL,NULL,'2022-04-09 17:36:10','2022-04-09 17:36:10',1,0,NULL,0,NULL,NULL,0,'01',0.00),(23,'customers','0','4444444','Clienta',NULL,NULL,NULL,'PE',NULL,NULL,NULL,NULL,NULL,NULL,NULL,NULL,NULL,NULL,0.00,0,NULL,'{\"full_name\":null,\"phone\":null}',NULL,0.00,1,NULL,NULL,NULL,'2022-04-09 17:38:37','2022-04-09 17:38:37',1,0,NULL,0,NULL,NULL,0,'01',0.00),(24,'customers','1','47209867','GONZALES QUINDE, MARBIS',NULL,NULL,NULL,'PE',NULL,NULL,NULL,NULL,NULL,NULL,NULL,NULL,NULL,NULL,0.00,0,NULL,'{\"full_name\":null,\"phone\":null}',NULL,0.00,1,NULL,NULL,NULL,'2022-04-10 12:12:10','2022-04-10 12:12:10',1,0,NULL,0,NULL,NULL,0,'01',0.00),(25,'customers','0','004','Cliente04',NULL,NULL,NULL,'PE',NULL,NULL,NULL,NULL,NULL,NULL,NULL,NULL,NULL,NULL,0.00,0,NULL,'{\"full_name\":null,\"phone\":null}',NULL,0.00,1,NULL,NULL,NULL,'2022-04-11 20:56:20','2022-04-11 20:56:20',1,0,NULL,0,NULL,NULL,0,'01',0.00),(26,'customers','0','05','Cliente05',NULL,NULL,NULL,'PE',NULL,NULL,NULL,NULL,NULL,NULL,NULL,NULL,NULL,NULL,0.00,0,NULL,'{\"full_name\":null,\"phone\":null}',NULL,0.00,1,NULL,NULL,NULL,'2022-04-11 20:58:31','2022-04-11 20:58:31',1,0,NULL,0,NULL,NULL,0,'01',0.00),(27,'customers','0','007','Cliente07',NULL,NULL,NULL,'PE',NULL,NULL,NULL,NULL,NULL,NULL,NULL,NULL,NULL,NULL,0.00,0,NULL,'{\"full_name\":null,\"phone\":null}',NULL,0.00,1,NULL,NULL,NULL,'2022-04-12 16:57:48','2022-04-12 16:57:48',1,0,NULL,0,NULL,NULL,0,'01',0.00),(28,'customers','0','008','CLIENTE 08',NULL,NULL,NULL,'PE',NULL,NULL,NULL,NULL,NULL,NULL,NULL,NULL,NULL,NULL,0.00,0,NULL,'{\"full_name\":null,\"phone\":null}',NULL,0.00,1,NULL,NULL,NULL,'2022-04-12 17:05:07','2022-04-12 17:05:07',1,0,NULL,0,NULL,NULL,0,'01',0.00),(29,'customers','0','005','Cliente 0004',NULL,NULL,NULL,'PE',NULL,NULL,NULL,NULL,NULL,NULL,NULL,NULL,NULL,NULL,0.00,0,NULL,'{\"full_name\":null,\"phone\":null}',NULL,0.00,1,NULL,NULL,NULL,'2022-04-16 18:41:18','2022-04-16 18:41:18',1,0,NULL,0,NULL,NULL,0,'01',0.00),(30,'customers','0','006','Cliente006',NULL,NULL,NULL,'PE',NULL,NULL,NULL,NULL,NULL,NULL,NULL,NULL,NULL,NULL,0.00,0,NULL,'{\"full_name\":null,\"phone\":null}',NULL,0.00,1,NULL,NULL,NULL,'2022-04-16 18:42:03','2022-04-16 18:42:03',1,0,NULL,0,NULL,NULL,0,'01',0.00),(31,'customers','0','5555555555','Cliente10',NULL,NULL,NULL,'PE',NULL,NULL,NULL,NULL,NULL,NULL,NULL,NULL,NULL,NULL,0.00,0,NULL,'{\"full_name\":null,\"phone\":null}',NULL,0.00,1,NULL,NULL,NULL,'2022-04-16 19:19:40','2022-04-16 19:19:40',1,0,NULL,0,NULL,NULL,0,'01',0.00),(32,'customers','0','3333333333333','Cliente11',NULL,NULL,NULL,'PE',NULL,NULL,NULL,NULL,NULL,NULL,NULL,NULL,NULL,NULL,0.00,0,NULL,'{\"full_name\":null,\"phone\":null}',NULL,0.00,1,NULL,NULL,NULL,'2022-04-16 19:20:38','2022-04-16 19:20:38',1,0,NULL,0,NULL,NULL,0,'01',0.00),(33,'customers','0','99999','Cliente13',NULL,NULL,NULL,'PE',NULL,NULL,NULL,NULL,NULL,NULL,NULL,NULL,NULL,NULL,0.00,0,NULL,'{\"full_name\":null,\"phone\":null}',NULL,0.00,1,NULL,NULL,NULL,'2022-04-17 13:36:42','2022-04-17 13:36:42',1,0,NULL,0,NULL,NULL,0,'01',0.00),(34,'customers','0','12121','Cliente14',NULL,NULL,NULL,'PE',NULL,NULL,NULL,NULL,NULL,NULL,NULL,NULL,NULL,NULL,0.00,0,NULL,'{\"full_name\":null,\"phone\":null}',NULL,0.00,1,NULL,NULL,NULL,'2022-04-17 13:38:21','2022-04-17 13:38:21',1,0,NULL,0,NULL,NULL,0,'01',0.00),(35,'customers','0','99','Cliente15',NULL,NULL,NULL,'PE',NULL,NULL,NULL,NULL,NULL,NULL,NULL,NULL,NULL,NULL,0.00,0,NULL,'{\"full_name\":null,\"phone\":null}',NULL,0.00,1,NULL,NULL,NULL,'2022-04-17 13:39:11','2022-04-17 13:39:11',1,0,NULL,0,NULL,NULL,0,'01',0.00),(36,'customers','0','0007','Cliente007',NULL,NULL,NULL,'PE',NULL,NULL,NULL,NULL,NULL,NULL,NULL,NULL,NULL,NULL,0.00,0,NULL,'{\"full_name\":null,\"phone\":null}',NULL,0.00,1,NULL,NULL,NULL,'2022-04-17 13:40:01','2022-04-17 13:40:01',1,0,NULL,0,NULL,NULL,0,'01',0.00),(37,'customers','0','0008','Cliente008',NULL,NULL,NULL,'PE',NULL,NULL,NULL,NULL,NULL,NULL,NULL,NULL,NULL,NULL,0.00,0,NULL,'{\"full_name\":null,\"phone\":null}',NULL,0.00,1,NULL,NULL,NULL,'2022-04-17 13:41:11','2022-04-17 13:41:11',1,0,NULL,0,NULL,NULL,0,'01',0.00),(38,'customers','0','00008','Clientes0091',NULL,NULL,NULL,'PE',NULL,NULL,NULL,NULL,NULL,NULL,NULL,NULL,NULL,NULL,0.00,0,NULL,'{\"full_name\":null,\"phone\":null}',NULL,0.00,1,NULL,NULL,NULL,'2022-04-17 13:43:06','2022-04-17 13:43:06',1,0,NULL,0,NULL,NULL,0,'01',0.00),(39,'customers','0','009','Clientes009',NULL,NULL,NULL,'PE',NULL,NULL,NULL,NULL,NULL,NULL,NULL,NULL,NULL,NULL,0.00,0,NULL,'{\"full_name\":null,\"phone\":null}',NULL,0.00,1,NULL,NULL,NULL,'2022-04-18 19:17:08','2022-04-18 19:17:08',1,0,NULL,0,NULL,NULL,0,'01',0.00),(40,'customers','0','001','Clientes001',NULL,NULL,NULL,'PE',NULL,NULL,NULL,NULL,NULL,NULL,NULL,NULL,NULL,NULL,0.00,0,NULL,'{\"full_name\":null,\"phone\":null}',NULL,0.00,1,NULL,NULL,NULL,'2022-04-18 19:29:30','2022-04-18 19:29:30',1,0,NULL,0,NULL,NULL,0,'01',0.00),(41,'customers','0','0002','Clientes002',NULL,NULL,NULL,'PE',NULL,NULL,NULL,NULL,NULL,NULL,NULL,NULL,NULL,NULL,0.00,0,NULL,'{\"full_name\":null,\"phone\":null}',NULL,0.00,1,NULL,NULL,NULL,'2022-04-18 19:34:16','2022-04-18 19:34:16',1,0,NULL,0,NULL,NULL,0,'01',0.00),(42,'customers','0','0003','Clientes003',NULL,NULL,NULL,'PE',NULL,NULL,NULL,NULL,NULL,NULL,NULL,NULL,NULL,NULL,0.00,0,NULL,'{\"full_name\":null,\"phone\":null}',NULL,0.00,1,NULL,NULL,NULL,'2022-04-18 19:39:32','2022-04-18 19:39:32',1,0,NULL,0,NULL,NULL,0,'01',0.00),(43,'customers','0','666666666','Cliente17',NULL,NULL,NULL,'PE',NULL,NULL,NULL,NULL,NULL,NULL,NULL,NULL,NULL,NULL,0.00,0,NULL,'{\"full_name\":null,\"phone\":null}',NULL,0.00,1,NULL,NULL,NULL,'2022-04-19 13:58:15','2022-04-19 13:58:15',1,0,NULL,0,NULL,NULL,0,'01',0.00),(44,'customers','0','12121212','Cliente18',NULL,NULL,NULL,'PE',NULL,NULL,NULL,NULL,NULL,NULL,NULL,NULL,NULL,NULL,0.00,0,NULL,'{\"full_name\":null,\"phone\":null}',NULL,0.00,1,NULL,NULL,NULL,'2022-04-19 14:04:25','2022-04-19 14:04:25',1,0,NULL,0,NULL,NULL,0,'01',0.00),(45,'customers','0','00031','Cliente0031',NULL,NULL,NULL,'PE',NULL,NULL,NULL,NULL,NULL,NULL,NULL,NULL,NULL,NULL,0.00,0,NULL,'{\"full_name\":null,\"phone\":null}',NULL,0.00,1,NULL,NULL,NULL,'2022-04-19 20:22:44','2022-04-19 20:22:44',1,0,NULL,0,NULL,NULL,0,'01',0.00),(46,'customers','0','00081','Cliente0009',NULL,NULL,NULL,'PE',NULL,NULL,NULL,NULL,NULL,NULL,NULL,NULL,NULL,NULL,0.00,0,NULL,'{\"full_name\":null,\"phone\":null}',NULL,0.00,1,NULL,NULL,NULL,'2022-04-19 20:25:42','2022-04-19 20:25:42',1,0,NULL,0,NULL,NULL,0,'01',0.00),(47,'customers','0','747474','Cliente21',NULL,NULL,NULL,'PE',NULL,NULL,NULL,NULL,NULL,NULL,NULL,NULL,NULL,NULL,0.00,0,NULL,'{\"full_name\":null,\"phone\":null}',NULL,0.00,1,NULL,NULL,NULL,'2022-04-20 12:33:04','2022-04-20 12:33:04',1,0,NULL,0,NULL,NULL,0,'01',0.00),(48,'customers','0','00009','Clientes00031',NULL,NULL,NULL,'PE',NULL,NULL,NULL,NULL,NULL,NULL,NULL,NULL,NULL,NULL,0.00,0,NULL,'{\"full_name\":null,\"phone\":null}',NULL,0.00,1,NULL,NULL,NULL,'2022-04-20 19:42:17','2022-04-20 19:42:17',1,0,NULL,0,NULL,NULL,0,'01',0.00),(49,'customers','0','00000035','CLIENTES 0008',NULL,NULL,NULL,'PE',NULL,NULL,NULL,NULL,NULL,NULL,NULL,NULL,NULL,NULL,0.00,0,NULL,'{\"full_name\":null,\"phone\":null}',NULL,0.00,1,NULL,NULL,NULL,'2022-04-20 19:48:21','2022-04-20 19:48:21',1,0,NULL,0,NULL,NULL,0,'01',0.00),(50,'customers','0','000031','Clientes000031',NULL,NULL,NULL,'PE',NULL,NULL,NULL,NULL,NULL,NULL,NULL,NULL,NULL,NULL,0.00,0,NULL,'{\"full_name\":null,\"phone\":null}',NULL,0.00,1,NULL,NULL,NULL,'2022-04-22 21:03:06','2022-04-22 21:03:06',1,0,NULL,0,NULL,NULL,0,'01',0.00),(51,'customers','0','00012','Cliente 0012',NULL,NULL,NULL,'PE',NULL,NULL,NULL,NULL,NULL,NULL,NULL,NULL,NULL,NULL,0.00,0,NULL,'{\"full_name\":null,\"phone\":null}',NULL,0.00,1,NULL,NULL,NULL,'2022-04-22 21:05:08','2022-04-22 21:05:08',1,0,NULL,0,NULL,NULL,0,'01',0.00),(52,'customers','0','00000000','Clientes Varios',NULL,NULL,NULL,'PE',NULL,NULL,NULL,NULL,NULL,NULL,NULL,NULL,NULL,NULL,0.00,0,NULL,'{\"full_name\":null,\"phone\":null}',NULL,0.00,1,NULL,NULL,NULL,'2022-04-23 10:26:29','2023-02-21 08:18:59',1,0,NULL,0,NULL,NULL,0,'01',0.00),(53,'customers','0','88585','Clientes 636',NULL,NULL,NULL,'PE',NULL,NULL,NULL,NULL,NULL,NULL,NULL,NULL,NULL,NULL,0.00,0,NULL,'{\"full_name\":null,\"phone\":null}',NULL,0.00,1,NULL,NULL,NULL,'2022-04-23 21:09:30','2022-04-23 21:09:30',1,0,NULL,0,NULL,NULL,0,'01',0.00),(54,'customers','1','48897470','CABRERA QUIROZ, CINTHIA NIKOLY',NULL,NULL,NULL,'PE',NULL,NULL,NULL,NULL,NULL,NULL,NULL,NULL,NULL,NULL,0.00,0,NULL,'{\"full_name\":null,\"phone\":null}',NULL,0.00,1,NULL,NULL,NULL,'2022-04-25 18:15:15','2022-04-25 18:15:15',1,0,NULL,0,NULL,NULL,0,'01',0.00),(55,'customers','1','48991408','ARSUBIALDE RAMIREZ, JULISSA',NULL,NULL,NULL,'PE',NULL,NULL,NULL,NULL,NULL,NULL,NULL,NULL,NULL,NULL,0.00,0,NULL,'{\"full_name\":null,\"phone\":null}',NULL,0.00,1,NULL,NULL,NULL,'2022-04-25 20:32:41','2022-04-25 20:32:41',1,0,NULL,0,NULL,NULL,0,'01',0.00),(56,'customers','0','00087','Cliente022',NULL,NULL,NULL,'PE',NULL,NULL,NULL,NULL,NULL,NULL,NULL,NULL,NULL,NULL,0.00,0,NULL,'{\"full_name\":null,\"phone\":null}',NULL,0.00,1,NULL,NULL,NULL,'2022-04-26 18:48:18','2022-04-26 18:48:18',1,0,NULL,0,NULL,NULL,0,'01',0.00),(57,'customers','0','225','Cliente5245',NULL,NULL,NULL,'PE',NULL,NULL,NULL,NULL,NULL,NULL,NULL,NULL,NULL,NULL,0.00,0,NULL,'{\"full_name\":null,\"phone\":null}',NULL,0.00,1,NULL,NULL,NULL,'2022-04-26 18:48:48','2022-04-26 18:48:48',1,0,NULL,0,NULL,NULL,0,'01',0.00),(58,'customers','0','42542','Cliente52',NULL,NULL,NULL,'PE',NULL,NULL,NULL,NULL,NULL,NULL,NULL,NULL,NULL,NULL,0.00,0,NULL,'{\"full_name\":null,\"phone\":null}',NULL,0.00,1,NULL,NULL,NULL,'2022-04-26 18:49:09','2022-04-26 18:49:09',1,0,NULL,0,NULL,NULL,0,'01',0.00),(59,'customers','0','00065','Clientes653',NULL,NULL,NULL,'PE',NULL,NULL,NULL,NULL,NULL,NULL,NULL,NULL,NULL,NULL,0.00,0,NULL,'{\"full_name\":null,\"phone\":null}',NULL,0.00,1,NULL,NULL,NULL,'2022-04-27 17:09:39','2022-04-27 17:09:39',1,0,NULL,0,NULL,NULL,0,'01',0.00),(60,'customers','0','25353','Clientes6535',NULL,NULL,NULL,'PE',NULL,NULL,NULL,NULL,NULL,NULL,NULL,NULL,NULL,NULL,0.00,0,NULL,'{\"full_name\":null,\"phone\":null}',NULL,0.00,1,NULL,NULL,NULL,'2022-04-27 17:10:19','2022-04-27 17:10:19',1,0,NULL,0,NULL,NULL,0,'01',0.00),(61,'customers','0','010203','Cliente 010203',NULL,NULL,NULL,'PE',NULL,NULL,NULL,NULL,NULL,NULL,NULL,NULL,NULL,NULL,0.00,0,NULL,'{\"full_name\":null,\"phone\":null}',NULL,0.00,1,NULL,NULL,NULL,'2022-04-27 19:09:39','2022-04-27 19:09:39',1,0,NULL,0,NULL,NULL,0,'01',0.00),(62,'customers','1','27839383','SAAVEDRA TACURE, ARMENGOL',NULL,NULL,NULL,'PE',NULL,NULL,NULL,NULL,NULL,NULL,NULL,NULL,NULL,NULL,0.00,0,NULL,'{\"full_name\":null,\"phone\":null}',NULL,0.00,1,NULL,NULL,NULL,'2022-04-29 14:44:30','2022-04-29 14:44:30',1,0,NULL,0,NULL,NULL,0,'01',0.00),(63,'customers','0','5535','Clientes1252325',NULL,NULL,NULL,'PE',NULL,NULL,NULL,NULL,NULL,NULL,NULL,NULL,NULL,NULL,0.00,0,NULL,'{\"full_name\":null,\"phone\":null}',NULL,0.00,1,NULL,NULL,NULL,'2022-04-29 20:54:54','2022-04-29 20:54:54',1,0,NULL,0,NULL,NULL,0,'01',0.00),(64,'customers','0','99868','Clientes9998568',NULL,NULL,NULL,'PE',NULL,NULL,NULL,NULL,NULL,NULL,NULL,NULL,NULL,NULL,0.00,0,NULL,'{\"full_name\":null,\"phone\":null}',NULL,0.00,1,NULL,NULL,NULL,'2022-04-29 21:14:38','2022-04-29 21:14:38',1,0,NULL,0,NULL,NULL,0,'01',0.00),(65,'customers','1','74556318','WAJACH YUU, GLIMER',NULL,NULL,NULL,'PE',NULL,NULL,NULL,NULL,NULL,NULL,NULL,NULL,NULL,NULL,0.00,0,NULL,'{\"full_name\":null,\"phone\":null}',NULL,0.00,1,NULL,NULL,NULL,'2022-04-30 12:44:03','2022-04-30 12:44:03',1,0,NULL,0,NULL,NULL,0,'01',0.00),(66,'customers','1','43261599','FLORES CUMBAY, ARAMINDA',NULL,NULL,NULL,'PE',NULL,NULL,NULL,NULL,NULL,NULL,NULL,NULL,NULL,NULL,0.00,0,NULL,'{\"full_name\":null,\"phone\":null}',NULL,0.00,1,NULL,NULL,NULL,'2022-04-30 16:18:31','2022-04-30 16:18:31',1,0,NULL,0,NULL,NULL,0,'01',0.00),(67,'customers','0','5425','Cliente5253',NULL,NULL,NULL,'PE',NULL,NULL,NULL,NULL,NULL,NULL,NULL,NULL,NULL,NULL,0.00,0,NULL,'{\"full_name\":null,\"phone\":null}',NULL,0.00,1,NULL,NULL,NULL,'2022-05-01 14:05:38','2022-05-01 14:05:38',1,0,NULL,0,NULL,NULL,0,'01',0.00),(68,'customers','0','95242','Cliente5254',NULL,NULL,NULL,'PE',NULL,NULL,NULL,NULL,NULL,NULL,NULL,NULL,NULL,NULL,0.00,0,NULL,'{\"full_name\":null,\"phone\":null}',NULL,0.00,1,NULL,NULL,NULL,'2022-05-01 14:06:03','2022-05-01 14:06:03',1,0,NULL,0,NULL,NULL,0,'01',0.00),(69,'customers','0','5456','Cliente5468756',NULL,NULL,NULL,'PE',NULL,NULL,NULL,NULL,NULL,NULL,NULL,NULL,NULL,NULL,0.00,0,NULL,'{\"full_name\":null,\"phone\":null}',NULL,0.00,1,NULL,NULL,NULL,'2022-05-02 20:40:47','2022-05-02 20:40:47',1,0,NULL,0,NULL,NULL,0,'01',0.00),(70,'customers','0','6387966','Clientes 54657',NULL,NULL,NULL,'PE',NULL,NULL,NULL,NULL,NULL,NULL,NULL,NULL,NULL,NULL,0.00,0,NULL,'{\"full_name\":null,\"phone\":null}',NULL,0.00,1,NULL,NULL,NULL,'2022-05-02 20:41:26','2022-05-02 20:41:26',1,0,NULL,0,NULL,NULL,0,'01',0.00),(71,'customers','1','41616604','HUANGAL SUAREZ, GILMER',NULL,NULL,NULL,'PE',NULL,NULL,NULL,NULL,NULL,NULL,NULL,NULL,NULL,NULL,0.00,0,NULL,'{\"full_name\":null,\"phone\":null}',NULL,0.00,1,NULL,NULL,NULL,'2022-05-03 15:35:34','2022-05-03 15:35:34',1,0,NULL,0,NULL,NULL,0,'01',0.00),(72,'customers','0','336688999','44221166',NULL,NULL,NULL,'PE',NULL,NULL,NULL,NULL,NULL,NULL,NULL,NULL,NULL,NULL,0.00,0,NULL,'{\"full_name\":null,\"phone\":null}',NULL,0.00,1,NULL,NULL,NULL,'2022-05-03 16:21:41','2022-05-03 16:21:41',1,0,NULL,0,NULL,NULL,0,'01',0.00),(73,'customers','0','5635436543','Cliente4633',NULL,NULL,NULL,'PE',NULL,NULL,NULL,NULL,NULL,NULL,NULL,NULL,NULL,NULL,0.00,0,NULL,'{\"full_name\":null,\"phone\":null}',NULL,0.00,1,NULL,NULL,NULL,'2022-05-03 18:44:30','2022-05-03 18:44:30',1,0,NULL,0,NULL,NULL,0,'01',0.00),(74,'customers','0','56789444','4564321657',NULL,NULL,NULL,'PE',NULL,NULL,NULL,NULL,NULL,NULL,NULL,NULL,NULL,NULL,0.00,0,NULL,'{\"full_name\":null,\"phone\":null}',NULL,0.00,1,NULL,NULL,NULL,'2022-05-04 16:01:35','2022-05-04 16:01:35',1,0,NULL,0,NULL,NULL,0,'01',0.00),(75,'customers','0','55451452152','456415454',NULL,NULL,NULL,'PE',NULL,NULL,NULL,NULL,NULL,NULL,NULL,NULL,NULL,NULL,0.00,0,NULL,'{\"full_name\":null,\"phone\":null}',NULL,0.00,1,NULL,NULL,NULL,'2022-05-04 16:01:44','2022-05-04 16:01:44',1,0,NULL,0,NULL,NULL,0,'01',0.00),(76,'customers','0','45623456','435687598',NULL,NULL,NULL,'PE',NULL,NULL,NULL,NULL,NULL,NULL,NULL,NULL,NULL,NULL,0.00,0,NULL,'{\"full_name\":null,\"phone\":null}',NULL,0.00,1,NULL,NULL,NULL,'2022-05-04 16:12:10','2022-05-04 16:12:10',1,0,NULL,0,NULL,NULL,0,'01',0.00),(77,'customers','0','356356','Clientes365',NULL,NULL,NULL,'PE',NULL,NULL,NULL,NULL,NULL,NULL,NULL,NULL,NULL,NULL,0.00,0,NULL,'{\"full_name\":null,\"phone\":null}',NULL,0.00,1,NULL,NULL,NULL,'2022-05-04 19:46:20','2022-05-04 19:46:20',1,0,NULL,0,NULL,NULL,0,'01',0.00),(78,'customers','0','99999999587','Cliente5636',NULL,NULL,NULL,'PE',NULL,NULL,NULL,NULL,NULL,NULL,NULL,NULL,NULL,NULL,0.00,0,NULL,'{\"full_name\":null,\"phone\":null}',NULL,0.00,1,NULL,NULL,NULL,'2022-05-05 17:55:35','2022-05-05 17:55:35',1,0,NULL,0,NULL,NULL,0,'01',0.00),(79,'customers','0','976468432','36547888',NULL,NULL,NULL,'PE',NULL,NULL,NULL,NULL,NULL,NULL,NULL,NULL,NULL,NULL,0.00,0,NULL,'{\"full_name\":null,\"phone\":null}',NULL,0.00,1,NULL,NULL,NULL,'2022-05-05 18:17:15','2022-05-05 18:17:15',1,0,NULL,0,NULL,NULL,0,'01',0.00),(80,'customers','0','654723456','4536789456',NULL,NULL,NULL,'PE',NULL,NULL,NULL,NULL,NULL,NULL,NULL,NULL,NULL,NULL,0.00,0,NULL,'{\"full_name\":null,\"phone\":null}',NULL,0.00,1,NULL,NULL,NULL,'2022-05-05 18:20:04','2022-05-05 18:20:04',1,0,NULL,0,NULL,NULL,0,'01',0.00),(81,'customers','0','9865346567','6578943356',NULL,NULL,NULL,'PE',NULL,NULL,NULL,NULL,NULL,NULL,NULL,NULL,NULL,NULL,0.00,0,NULL,'{\"full_name\":null,\"phone\":null}',NULL,0.00,1,NULL,NULL,NULL,'2022-05-05 18:22:06','2022-05-05 18:22:06',1,0,NULL,0,NULL,NULL,0,'01',0.00),(82,'customers','0','123256708876','7684965322',NULL,NULL,NULL,'PE',NULL,NULL,NULL,NULL,NULL,NULL,NULL,NULL,NULL,NULL,0.00,0,NULL,'{\"full_name\":null,\"phone\":null}',NULL,0.00,1,NULL,NULL,NULL,'2022-05-05 18:24:37','2022-05-05 18:24:37',1,0,NULL,0,NULL,NULL,0,'01',0.00),(83,'customers','0','6785322567','56784321567',NULL,NULL,NULL,'PE',NULL,NULL,NULL,NULL,NULL,NULL,NULL,NULL,NULL,NULL,0.00,0,NULL,'{\"full_name\":null,\"phone\":null}',NULL,0.00,1,NULL,NULL,NULL,'2022-05-05 18:26:23','2022-05-05 18:26:23',1,0,NULL,0,NULL,NULL,0,'01',0.00),(84,'customers','0','9567845687','678345687956',NULL,NULL,NULL,'PE',NULL,NULL,NULL,NULL,NULL,NULL,NULL,NULL,NULL,NULL,0.00,0,NULL,'{\"full_name\":null,\"phone\":null}',NULL,0.00,1,NULL,NULL,NULL,'2022-05-05 18:28:50','2022-05-05 18:28:50',1,0,NULL,0,NULL,NULL,0,'01',0.00),(85,'customers','0','564789543','564389765',NULL,NULL,NULL,'PE',NULL,NULL,NULL,NULL,NULL,NULL,NULL,NULL,NULL,NULL,0.00,0,NULL,'{\"full_name\":null,\"phone\":null}',NULL,0.00,1,NULL,NULL,NULL,'2022-05-06 13:15:05','2022-05-06 13:15:05',1,0,NULL,0,NULL,NULL,0,'01',0.00),(86,'customers','1','70088971','CORDOVA RAMIREZ, ROXANA ELIZABETH',NULL,NULL,NULL,'PE',NULL,NULL,NULL,NULL,NULL,NULL,NULL,NULL,NULL,NULL,0.00,0,NULL,'{\"full_name\":null,\"phone\":null}',NULL,0.00,1,NULL,NULL,NULL,'2022-05-06 18:30:19','2022-05-06 18:30:19',1,0,NULL,0,NULL,NULL,0,'01',0.00),(87,'customers','0','6578995443','564378654',NULL,NULL,NULL,'PE',NULL,NULL,NULL,NULL,NULL,NULL,NULL,NULL,NULL,NULL,0.00,0,NULL,'{\"full_name\":null,\"phone\":null}',NULL,0.00,1,NULL,NULL,NULL,'2022-05-07 20:33:56','2022-05-07 20:33:56',1,0,NULL,0,NULL,NULL,0,'01',0.00),(88,'customers','1','47091426','MOLERO VELA, EDITH',NULL,NULL,NULL,'PE',NULL,NULL,NULL,NULL,NULL,NULL,NULL,NULL,NULL,NULL,0.00,0,NULL,'{\"full_name\":null,\"phone\":null}',NULL,0.00,1,NULL,NULL,NULL,'2022-05-08 10:29:00','2022-05-08 10:29:00',1,0,NULL,0,NULL,NULL,0,'01',0.00),(89,'customers','1','70128718','CUNIA MERINO, GIANMARCO',NULL,NULL,NULL,'PE',NULL,NULL,NULL,NULL,NULL,NULL,NULL,NULL,NULL,NULL,0.00,0,NULL,'{\"full_name\":null,\"phone\":null}',NULL,0.00,1,NULL,NULL,NULL,'2022-05-08 12:03:17','2022-05-08 12:03:17',1,0,NULL,0,NULL,NULL,0,'01',0.00),(90,'customers','0','999539','Clientes 959',NULL,NULL,NULL,'PE',NULL,NULL,NULL,NULL,NULL,NULL,NULL,NULL,NULL,NULL,0.00,0,NULL,'{\"full_name\":null,\"phone\":null}',NULL,0.00,1,NULL,NULL,NULL,'2022-05-08 12:20:23','2022-05-08 12:20:23',1,0,NULL,0,NULL,NULL,0,'01',0.00),(91,'customers','0','99969369','Clientes - 936205',NULL,NULL,NULL,'PE',NULL,NULL,NULL,NULL,NULL,NULL,NULL,NULL,NULL,NULL,0.00,0,NULL,'{\"full_name\":null,\"phone\":null}',NULL,0.00,1,NULL,NULL,NULL,'2022-05-08 12:21:52','2022-05-08 12:21:52',1,0,NULL,0,NULL,NULL,0,'01',0.00),(92,'customers','1','41137443','RIVERA OLIVERA, ARTEMIO',NULL,NULL,NULL,'PE',NULL,NULL,NULL,NULL,NULL,NULL,NULL,NULL,NULL,NULL,0.00,0,NULL,'{\"full_name\":null,\"phone\":null}',NULL,0.00,1,NULL,NULL,NULL,'2022-05-08 15:24:37','2022-05-08 15:24:37',1,0,NULL,0,NULL,NULL,0,'01',0.00),(93,'customers','0','942543254','Clientes 254254',NULL,NULL,NULL,'PE',NULL,NULL,NULL,NULL,NULL,NULL,NULL,NULL,NULL,NULL,0.00,0,NULL,'{\"full_name\":null,\"phone\":null}',NULL,0.00,1,NULL,NULL,NULL,'2022-05-09 17:06:38','2022-05-09 17:06:38',1,0,NULL,0,NULL,NULL,0,'01',0.00),(94,'customers','1','71897272','HERRERA ALBERCA, ALEJANDRA',NULL,NULL,NULL,'PE',NULL,NULL,NULL,NULL,NULL,NULL,NULL,NULL,NULL,NULL,0.00,0,NULL,'{\"full_name\":null,\"phone\":null}',NULL,0.00,1,NULL,NULL,NULL,'2022-05-09 17:55:39','2022-05-09 17:55:39',1,0,NULL,0,NULL,NULL,0,'01',0.00),(95,'customers','0','9999920029','Clientes 240',NULL,NULL,NULL,'PE',NULL,NULL,NULL,NULL,NULL,NULL,NULL,NULL,NULL,NULL,0.00,0,NULL,'{\"full_name\":null,\"phone\":null}',NULL,0.00,1,NULL,NULL,NULL,'2022-05-09 21:15:58','2022-05-09 21:15:58',1,0,NULL,0,NULL,NULL,0,'01',0.00),(96,'customers','1','70477999','ABAD MENDOZA, WINDER EMERSON',NULL,NULL,NULL,'PE',NULL,NULL,NULL,NULL,NULL,NULL,NULL,NULL,NULL,NULL,0.00,0,NULL,'{\"full_name\":null,\"phone\":null}',NULL,0.00,1,NULL,NULL,NULL,'2022-05-10 10:44:59','2022-05-10 10:44:59',1,0,NULL,0,NULL,NULL,0,'01',0.00),(97,'customers','1','80206520','VASQUEZ LLANOS, ROSEL',NULL,NULL,NULL,'PE',NULL,NULL,NULL,NULL,NULL,NULL,NULL,NULL,NULL,NULL,0.00,0,NULL,'{\"full_name\":null,\"phone\":null}',NULL,0.00,1,NULL,NULL,NULL,'2022-05-10 12:10:25','2022-05-10 12:10:25',1,0,NULL,0,NULL,NULL,0,'01',0.00),(98,'customers','1','43626347','MAJUAN PAICO, MARIA NELLY',NULL,NULL,NULL,'PE',NULL,NULL,NULL,NULL,NULL,NULL,NULL,NULL,NULL,NULL,0.00,0,NULL,'{\"full_name\":null,\"phone\":null}',NULL,0.00,1,NULL,NULL,NULL,'2022-05-10 15:14:36','2022-05-10 15:14:36',1,0,NULL,0,NULL,NULL,0,'01',0.00),(99,'customers','1','89654323','jose castillo',NULL,NULL,NULL,'PE',NULL,NULL,NULL,NULL,NULL,NULL,NULL,NULL,NULL,NULL,0.00,0,1,'{\"full_name\":null,\"phone\":null}',NULL,0.00,1,NULL,NULL,NULL,'2022-05-11 15:12:51','2022-07-04 19:27:03',1,0,NULL,0,NULL,NULL,0,'01',0.00),(100,'customers','0','768956777','678598764',NULL,NULL,NULL,'PE',NULL,NULL,NULL,NULL,NULL,NULL,NULL,NULL,NULL,NULL,0.00,0,NULL,'{\"full_name\":null,\"phone\":null}',NULL,0.00,1,NULL,NULL,NULL,'2022-05-11 18:53:14','2022-05-11 18:53:14',1,0,NULL,0,NULL,NULL,0,'01',0.00),(101,'customers','0','6548790543','6658975422',NULL,NULL,NULL,'PE',NULL,NULL,NULL,NULL,NULL,NULL,NULL,NULL,NULL,NULL,0.00,0,NULL,'{\"full_name\":null,\"phone\":null}',NULL,0.00,1,NULL,NULL,NULL,'2022-05-11 18:56:04','2022-05-11 18:56:04',1,0,NULL,0,NULL,NULL,0,'01',0.00),(102,'customers','0','952542','Clientes52752',NULL,NULL,NULL,'PE',NULL,NULL,NULL,NULL,NULL,NULL,NULL,NULL,NULL,NULL,0.00,0,NULL,'{\"full_name\":null,\"phone\":null}',NULL,0.00,1,NULL,NULL,NULL,'2022-05-11 19:36:38','2022-05-11 19:36:38',1,0,NULL,0,NULL,NULL,0,'01',0.00),(103,'customers','0','99999532532','Clientes57332',NULL,NULL,NULL,'PE',NULL,NULL,NULL,NULL,NULL,NULL,NULL,NULL,NULL,NULL,0.00,0,NULL,'{\"full_name\":null,\"phone\":null}',NULL,0.00,1,NULL,NULL,NULL,'2022-05-11 19:37:08','2022-05-11 19:37:08',1,0,NULL,0,NULL,NULL,0,'01',0.00),(104,'customers','0','769045368','5648763425',NULL,NULL,NULL,'PE',NULL,NULL,NULL,NULL,NULL,NULL,NULL,NULL,NULL,NULL,0.00,0,NULL,'{\"full_name\":null,\"phone\":null}',NULL,0.00,1,NULL,NULL,NULL,'2022-05-12 17:42:59','2022-05-12 17:42:59',1,0,NULL,0,NULL,NULL,0,'01',0.00),(105,'customers','0','9870986578','6758987606',NULL,NULL,NULL,'PE',NULL,NULL,NULL,NULL,NULL,NULL,NULL,NULL,NULL,NULL,0.00,0,NULL,'{\"full_name\":null,\"phone\":null}',NULL,0.00,1,NULL,NULL,NULL,'2022-05-12 17:44:55','2022-05-12 17:44:55',1,0,NULL,0,NULL,NULL,0,'01',0.00),(106,'customers','0','999635383','Clientes63853',NULL,NULL,NULL,'PE',NULL,NULL,NULL,NULL,NULL,NULL,NULL,NULL,NULL,NULL,0.00,0,NULL,'{\"full_name\":null,\"phone\":null}',NULL,0.00,1,NULL,NULL,NULL,'2022-05-12 20:55:09','2022-05-12 20:55:09',1,0,NULL,0,NULL,NULL,0,'01',0.00),(107,'customers','0','99995252532','Clientes325432',NULL,NULL,NULL,'PE',NULL,NULL,NULL,NULL,NULL,NULL,NULL,NULL,NULL,NULL,0.00,0,NULL,'{\"full_name\":null,\"phone\":null}',NULL,0.00,1,NULL,NULL,NULL,'2022-05-12 21:02:03','2022-05-12 21:02:03',1,0,NULL,0,NULL,NULL,0,'01',0.00),(108,'customers','0','12132425','Cliente2020',NULL,NULL,NULL,'PE',NULL,NULL,NULL,NULL,NULL,NULL,NULL,NULL,NULL,NULL,0.00,0,NULL,'{\"full_name\":null,\"phone\":null}',NULL,0.00,1,NULL,NULL,NULL,'2022-05-13 14:50:03','2022-05-13 14:50:03',1,0,NULL,0,NULL,NULL,0,'01',0.00),(109,'customers','0','9999943653','Clientes63363',NULL,NULL,NULL,'PE',NULL,NULL,NULL,NULL,NULL,NULL,NULL,NULL,NULL,NULL,0.00,0,NULL,'{\"full_name\":null,\"phone\":null}',NULL,0.00,1,NULL,NULL,NULL,'2022-05-13 20:53:35','2022-05-13 20:53:35',1,0,NULL,0,NULL,NULL,0,'01',0.00),(110,'customers','0','53433','Clientes 43453',NULL,NULL,NULL,'PE',NULL,NULL,NULL,NULL,NULL,NULL,NULL,NULL,NULL,NULL,0.00,0,NULL,'{\"full_name\":null,\"phone\":null}',NULL,0.00,1,NULL,NULL,NULL,'2022-05-13 20:54:07','2022-05-13 20:54:07',1,0,NULL,0,NULL,NULL,0,'01',0.00),(111,'customers','1','33574452','PEREZ CRUZADO, HOLMER',NULL,NULL,NULL,'PE',NULL,NULL,NULL,NULL,NULL,NULL,NULL,NULL,NULL,NULL,0.00,0,NULL,'{\"full_name\":null,\"phone\":null}',NULL,0.00,1,NULL,NULL,NULL,'2022-05-14 11:44:34','2022-05-14 11:44:34',1,0,NULL,0,NULL,NULL,0,'01',0.00),(112,'customers','1','27858873','LALANGUI ALVA, SONIA KARINA',NULL,NULL,NULL,'PE',NULL,NULL,NULL,NULL,NULL,NULL,NULL,NULL,NULL,NULL,0.00,0,NULL,'{\"full_name\":null,\"phone\":null}',NULL,0.00,1,NULL,NULL,NULL,'2022-05-15 14:42:17','2022-05-15 14:42:17',1,0,NULL,0,NULL,NULL,0,'01',0.00),(113,'customers','1','60679767','CUJA PACUNTA, JOHN NIEL',NULL,NULL,NULL,'PE',NULL,NULL,NULL,NULL,NULL,NULL,NULL,NULL,NULL,NULL,0.00,0,NULL,'{\"full_name\":null,\"phone\":null}',NULL,0.00,1,NULL,NULL,NULL,'2022-05-16 17:41:03','2022-05-16 17:41:03',1,0,NULL,0,NULL,NULL,0,'01',0.00),(114,'customers','1','75478441','PINTADO RAMIREZ, BRAYAN SMITH',NULL,NULL,NULL,'PE',NULL,NULL,NULL,NULL,NULL,NULL,NULL,NULL,NULL,NULL,0.00,0,NULL,'{\"full_name\":null,\"phone\":null}',NULL,0.00,1,NULL,NULL,NULL,'2022-05-16 17:57:21','2022-05-16 17:57:21',1,0,NULL,0,NULL,NULL,0,'01',0.00),(115,'customers','1','77482023','PADILLA TSEJEM, FELIPE UGKUM',NULL,NULL,NULL,'PE',NULL,NULL,NULL,NULL,NULL,NULL,NULL,NULL,NULL,NULL,0.00,0,NULL,'{\"full_name\":null,\"phone\":null}',NULL,0.00,1,NULL,NULL,NULL,'2022-05-16 19:14:54','2022-05-16 19:14:54',1,0,NULL,0,NULL,NULL,0,'01',0.00),(116,'customers','1','60906767','TORRES PAICO, OSCAR JHAMPIER',NULL,NULL,NULL,'PE',NULL,NULL,NULL,NULL,NULL,NULL,NULL,NULL,NULL,NULL,0.00,0,NULL,'{\"full_name\":null,\"phone\":null}',NULL,0.00,1,NULL,NULL,NULL,'2022-05-17 19:48:54','2022-05-17 19:48:54',1,0,NULL,0,NULL,NULL,0,'01',0.00),(117,'customers','1','77689202','LOJA ALVARADO, JOSE ARMANDO',NULL,NULL,NULL,'PE',NULL,NULL,NULL,NULL,NULL,NULL,NULL,NULL,NULL,NULL,0.00,0,NULL,'{\"full_name\":null,\"phone\":null}',NULL,0.00,1,NULL,NULL,NULL,'2022-05-18 15:38:48','2022-05-18 15:38:48',1,0,NULL,0,NULL,NULL,0,'01',0.00),(118,'customers','1','43903792','LEYVA MERA, LENIN',NULL,NULL,NULL,'PE',NULL,NULL,NULL,NULL,NULL,NULL,NULL,NULL,NULL,NULL,0.00,0,NULL,'{\"full_name\":null,\"phone\":null}',NULL,0.00,1,NULL,NULL,NULL,'2022-05-18 17:06:49','2022-05-18 17:06:49',1,0,NULL,0,NULL,NULL,0,'01',0.00),(119,'customers','1','42666799','GAMONAL FLORES, HENRRY WALTER',NULL,NULL,NULL,'PE',NULL,NULL,NULL,NULL,NULL,NULL,NULL,NULL,NULL,NULL,0.00,0,NULL,'{\"full_name\":null,\"phone\":null}',NULL,0.00,1,NULL,NULL,NULL,'2022-05-18 21:10:02','2022-05-18 21:10:02',1,0,NULL,0,NULL,NULL,0,'01',0.00),(120,'customers','0','999525252','Clientes254252',NULL,NULL,NULL,'PE',NULL,NULL,NULL,NULL,NULL,NULL,NULL,NULL,NULL,NULL,0.00,0,NULL,'{\"full_name\":null,\"phone\":null}',NULL,0.00,1,NULL,NULL,NULL,'2022-05-19 19:03:01','2022-05-19 19:03:01',1,0,NULL,0,NULL,NULL,0,'01',0.00),(121,'customers','0','999992425','Clientes 4532',NULL,NULL,NULL,'PE',NULL,NULL,NULL,NULL,NULL,NULL,NULL,NULL,NULL,NULL,0.00,0,NULL,'{\"full_name\":null,\"phone\":null}',NULL,0.00,1,NULL,NULL,NULL,'2022-05-19 19:03:51','2022-05-19 19:03:51',1,0,NULL,0,NULL,NULL,0,'01',0.00),(122,'customers','1','40186564','VILLEGAS MENDOZA, JUANA',NULL,NULL,NULL,'PE',NULL,NULL,NULL,NULL,NULL,NULL,NULL,NULL,NULL,NULL,0.00,0,NULL,'{\"full_name\":null,\"phone\":null}',NULL,0.00,1,NULL,NULL,NULL,'2022-05-20 16:33:34','2022-05-20 16:33:34',1,0,NULL,0,NULL,NULL,0,'01',0.00),(123,'customers','1','45418419','CERNA QUIROZ, ONAN CARLOS',NULL,NULL,NULL,'PE',NULL,NULL,NULL,NULL,NULL,NULL,NULL,NULL,NULL,NULL,0.00,0,NULL,'{\"full_name\":null,\"phone\":null}',NULL,0.00,1,NULL,NULL,NULL,'2022-05-20 16:43:54','2022-05-20 16:43:54',1,0,NULL,0,NULL,NULL,0,'01',0.00),(124,'customers','1','33588788','RODRIGUEZ PATIÑO, LUIS FELIPE',NULL,NULL,NULL,'PE',NULL,NULL,NULL,NULL,NULL,NULL,NULL,NULL,NULL,NULL,0.00,0,NULL,'{\"full_name\":null,\"phone\":null}',NULL,0.00,1,NULL,NULL,NULL,'2022-05-21 12:39:54','2022-05-21 12:39:54',1,0,NULL,0,NULL,NULL,0,'01',0.00),(125,'customers','1','44190033','CHINCHAY CUMBIA, NEPTALI',NULL,NULL,NULL,'PE',NULL,NULL,NULL,NULL,NULL,NULL,NULL,NULL,NULL,NULL,0.00,0,NULL,'{\"full_name\":null,\"phone\":null}',NULL,0.00,1,NULL,NULL,NULL,'2022-05-21 12:56:28','2022-05-21 12:56:28',1,0,NULL,0,NULL,NULL,0,'01',0.00),(126,'customers','1','75611125','DOMINGUEZ HUAMAN, ESWIN ELINDER',NULL,NULL,NULL,'PE',NULL,NULL,NULL,NULL,NULL,NULL,NULL,NULL,NULL,NULL,0.00,0,NULL,'{\"full_name\":null,\"phone\":null}',NULL,0.00,1,NULL,NULL,NULL,'2022-05-21 15:25:21','2022-05-21 15:25:21',1,0,NULL,0,NULL,NULL,0,'01',0.00),(127,'customers','1','74978895','TOCTO LOZANO, RODRIGO',NULL,NULL,NULL,'PE',NULL,NULL,NULL,NULL,NULL,NULL,NULL,NULL,NULL,NULL,0.00,0,NULL,'{\"full_name\":null,\"phone\":null}',NULL,0.00,1,NULL,NULL,NULL,'2022-05-23 19:03:11','2022-05-23 19:03:11',1,0,NULL,0,NULL,NULL,0,'01',0.00),(128,'customers','1','74430838','PORTAL TERRONES, LUIS FERNANDO',NULL,NULL,NULL,'PE',NULL,NULL,NULL,NULL,NULL,NULL,NULL,NULL,NULL,NULL,0.00,0,NULL,'{\"full_name\":null,\"phone\":null}',NULL,0.00,1,NULL,NULL,NULL,'2022-05-23 19:07:11','2022-05-23 19:07:11',1,0,NULL,0,NULL,NULL,0,'01',0.00),(129,'customers','1','33562728','TERRONES AVELLANEDA, DINA CARMEN',NULL,NULL,NULL,'PE',NULL,NULL,NULL,NULL,NULL,NULL,NULL,NULL,NULL,NULL,0.00,0,NULL,'{\"full_name\":null,\"phone\":null}',NULL,0.00,1,NULL,NULL,NULL,'2022-05-23 20:13:13','2022-05-23 20:13:13',1,0,NULL,0,NULL,NULL,0,'01',0.00),(130,'customers','1','33566852','PAREDES ANDRADE, NELIDA',NULL,NULL,NULL,'PE',NULL,NULL,NULL,NULL,NULL,NULL,NULL,NULL,NULL,NULL,0.00,0,NULL,'{\"full_name\":null,\"phone\":null}',NULL,0.00,1,NULL,NULL,NULL,'2022-05-24 10:10:37','2022-05-24 10:10:37',1,0,NULL,0,NULL,NULL,0,'01',0.00),(131,'customers','1','46012418','CUEVA ROJAS, JOSE WILDOR',NULL,NULL,NULL,'PE',NULL,NULL,NULL,NULL,NULL,NULL,NULL,NULL,NULL,NULL,0.00,0,NULL,'{\"full_name\":null,\"phone\":null}',NULL,0.00,1,NULL,NULL,NULL,'2022-05-24 10:15:46','2022-05-24 10:15:46',1,0,NULL,0,NULL,NULL,0,'01',0.00),(132,'customers','1','76680875','REQUEJO PAZ, ALEX RAÚL',NULL,NULL,NULL,'PE',NULL,'14','1401','140106',NULL,'PUEBLO JOVEN SEÑOR DE LA MISERICORDIA MZ. F LT. 10',NULL,NULL,NULL,NULL,0.00,0,NULL,'{\"full_name\":null,\"phone\":null}',NULL,0.00,1,NULL,NULL,NULL,'2022-05-25 20:41:40','2022-05-25 20:41:40',1,0,NULL,0,NULL,NULL,0,'01',0.00),(133,'customers','1','41616648','BRIONES TERRONES, ARACELHY',NULL,NULL,NULL,'PE',NULL,NULL,NULL,NULL,NULL,NULL,NULL,NULL,NULL,NULL,0.00,0,NULL,'{\"full_name\":null,\"phone\":null}',NULL,0.00,1,NULL,NULL,NULL,'2022-05-25 20:45:18','2022-05-25 20:45:18',1,0,NULL,0,NULL,NULL,0,'01',0.00),(134,'customers','1','75843096','MALCA ILATOMA, YOLANDA SHAQUIRA',NULL,NULL,NULL,'PE',NULL,'01','0102','010201',NULL,'AREQUIPA 181',NULL,NULL,NULL,NULL,0.00,0,NULL,'{\"full_name\":null,\"phone\":null}',NULL,0.00,1,NULL,NULL,NULL,'2022-05-27 21:16:13','2022-05-27 21:16:13',1,0,NULL,0,NULL,NULL,0,'01',0.00),(135,'customers','1','41716898','ROJAS FLORES, NEYDA MARISA',NULL,NULL,NULL,'PE',NULL,'01','0102','010201',NULL,'JR. ATAHUALPA 167',NULL,NULL,NULL,NULL,0.00,0,NULL,'{\"full_name\":null,\"phone\":null}',NULL,0.00,1,NULL,NULL,NULL,'2022-05-28 12:21:36','2022-05-28 12:21:36',1,0,NULL,0,NULL,NULL,0,'01',0.00),(136,'customers','1','48131282','LIMA BUSTAMANTE, JOSE EDIN',NULL,NULL,NULL,'PE',NULL,'15','1501','150110',NULL,'JR. HUSARES DE JUNIN 699',NULL,NULL,NULL,NULL,0.00,0,NULL,'{\"full_name\":null,\"phone\":null}',NULL,0.00,1,NULL,NULL,NULL,'2022-05-28 13:52:45','2022-05-28 13:52:45',1,0,NULL,0,NULL,NULL,0,'01',0.00),(137,'customers','1','33663709','GONZALES GAONA, JOSE LEODAN',NULL,NULL,NULL,'PE',NULL,'14','1401','140101',NULL,'CALLE 24 DE JULIO 115',NULL,NULL,NULL,NULL,0.00,0,NULL,'{\"full_name\":null,\"phone\":null}',NULL,0.00,1,NULL,NULL,NULL,'2022-05-30 11:35:48','2022-05-30 11:35:48',1,0,NULL,0,NULL,NULL,0,'01',0.00),(138,'customers','1','42488204','MESTANZA CABALLERO, LUIS AGUINALDO',NULL,NULL,NULL,'PE',NULL,'01','0107','010704',NULL,'CASERIO LA PAPAYA',NULL,NULL,NULL,NULL,0.00,0,NULL,'{\"full_name\":null,\"phone\":null}',NULL,0.00,1,NULL,NULL,NULL,'2022-05-31 16:17:18','2022-05-31 16:17:18',1,0,NULL,0,NULL,NULL,0,'01',0.00),(139,'customers','1','27750274','HUATANGARE FERNANDEZ, LORENZO',NULL,NULL,NULL,'PE',NULL,'06','0608','060812',NULL,'CASERIO MOLINO',NULL,NULL,NULL,NULL,0.00,0,NULL,'{\"full_name\":null,\"phone\":null}',NULL,0.00,1,NULL,NULL,NULL,'2022-05-31 16:51:36','2022-05-31 16:51:36',1,0,NULL,0,NULL,NULL,0,'01',0.00),(140,'customers','6','20109565017','CONSTRUCCION Y ADMINISTRACION S.A.',NULL,NULL,NULL,'PE',NULL,'15','1501','150140',NULL,'AV. JAVIER PRADO ESTE NRO. 4109 URB. SANTA CONSTANZA','HABIDO','ACTIVO',NULL,NULL,0.00,0,NULL,'{\"full_name\":null,\"phone\":null}',NULL,0.00,1,NULL,NULL,NULL,'2022-06-01 09:24:13','2022-06-01 09:24:13',1,0,NULL,0,NULL,NULL,0,'01',0.00),(141,'customers','1','72756341','FLORES PAQUIRACHIN, JENIFER KAREN',NULL,NULL,NULL,'PE',NULL,'06','0609','060906',NULL,'SECTOR VISTA FLORIDA',NULL,NULL,NULL,NULL,0.00,0,NULL,'{\"full_name\":null,\"phone\":null}',NULL,0.00,1,NULL,NULL,NULL,'2022-06-03 16:57:28','2022-06-03 16:57:28',1,0,NULL,0,NULL,NULL,0,'01',0.00),(142,'customers','1','48144453','TEETS CHAVEZ, ELMER JHONNY',NULL,NULL,NULL,'PE',NULL,'01','0102','010205',NULL,'COMUNIDAD NATIVA WAWAS',NULL,NULL,NULL,NULL,0.00,0,NULL,'{\"full_name\":null,\"phone\":null}',NULL,0.00,1,NULL,NULL,NULL,'2022-06-03 20:50:28','2022-06-03 20:50:28',1,0,NULL,0,NULL,NULL,0,'01',0.00),(143,'customers','1','61602820','OJEDA ROMAN, LUZ SOCORRO',NULL,NULL,NULL,'PE',NULL,'06','0609','060901',NULL,'CASERIO NUEVO PORVENIR',NULL,NULL,NULL,NULL,0.00,0,NULL,'{\"full_name\":null,\"phone\":null}',NULL,0.00,1,NULL,NULL,NULL,'2022-06-04 11:34:39','2022-06-04 11:34:39',1,0,NULL,0,NULL,NULL,0,'01',0.00),(144,'customers','1','46094332','KAJEKUI MASHIGKASH, BETO',NULL,NULL,NULL,'PE',NULL,'01','0102','010205',NULL,'COMUNID.NATIVA NAZARETH',NULL,NULL,NULL,NULL,0.00,0,NULL,'{\"full_name\":null,\"phone\":null}',NULL,0.00,1,NULL,NULL,NULL,'2022-06-04 12:15:21','2022-06-04 12:15:21',1,0,NULL,0,NULL,NULL,0,'01',0.00),(145,'customers','1','02805780','UCEDA OLIVA, WILFREDO',NULL,NULL,NULL,'PE',NULL,'06','0601','060101',NULL,'JR. HORACIO URTEAGA 157B INT. PISO 3 BARRIO SAN PEDRO',NULL,NULL,NULL,NULL,0.00,0,NULL,'{\"full_name\":null,\"phone\":null}',NULL,0.00,1,NULL,NULL,NULL,'2022-06-04 13:19:11','2022-06-04 13:19:11',1,0,NULL,0,NULL,NULL,0,'01',0.00),(146,'customers','1','75865108','VALLES PEREZ, EDWIN ORLANDO',NULL,NULL,NULL,'PE',NULL,'01','0102','010201',NULL,'CP DE TOMAQUE CASERIO EL HORNO',NULL,NULL,NULL,NULL,0.00,0,NULL,'{\"full_name\":null,\"phone\":null}',NULL,0.00,1,NULL,NULL,NULL,'2022-06-06 12:59:19','2022-06-06 12:59:19',1,0,NULL,0,NULL,NULL,0,'01',0.00),(147,'customers','1','33578822','MEGO ROJAS, SANTOS CHARLES',NULL,NULL,NULL,'PE',NULL,'01','0102','010201',NULL,'JR.AYACUCHO 846',NULL,NULL,NULL,NULL,0.00,0,NULL,'{\"full_name\":null,\"phone\":null}',NULL,0.00,1,NULL,NULL,NULL,'2022-06-06 14:44:40','2022-06-06 14:44:40',1,0,NULL,0,NULL,NULL,0,'01',0.00),(148,'customers','1','76574944','QUINDE GOMEZ, DELIS',NULL,NULL,NULL,'PE',NULL,'01','0102','010201',NULL,'PSJ. TUPAC AMARU 392',NULL,NULL,NULL,NULL,0.00,0,NULL,'{\"full_name\":null,\"phone\":null}',NULL,0.00,1,NULL,NULL,NULL,'2022-06-06 16:19:18','2022-06-06 16:19:18',1,0,NULL,0,NULL,NULL,0,'01',0.00),(149,'customers','1','41779361','HUAMAN QUISTAN, ROVINSON',NULL,NULL,NULL,'PE',NULL,'01','0101','010108',NULL,'JR.CAMPORREDONDO S/N',NULL,NULL,NULL,NULL,0.00,0,NULL,'{\"full_name\":null,\"phone\":null}',NULL,0.00,1,NULL,NULL,NULL,'2022-06-08 16:31:50','2022-06-08 16:31:50',1,0,NULL,0,NULL,NULL,0,'01',0.00),(150,'customers','1','45167669','TORRES RIVAS DE SUAREZ, SUSETHY ESTHER',NULL,NULL,NULL,'PE',NULL,'01','0102','010201',NULL,'JR. COMERCIO 372',NULL,NULL,NULL,NULL,0.00,0,NULL,'{\"full_name\":null,\"phone\":null}',NULL,0.00,1,NULL,NULL,NULL,'2022-06-08 20:39:02','2022-06-08 20:39:02',1,0,NULL,0,NULL,NULL,0,'01',0.00),(151,'customers','1','61313733','INFANTAS CALDERON, LEANDRO DANIEL',NULL,NULL,NULL,'PE',NULL,'01','0102','010206',NULL,'AV. INDEPENDENCIA 437',NULL,NULL,NULL,NULL,0.00,0,NULL,'{\"full_name\":null,\"phone\":null}',NULL,0.00,1,NULL,NULL,NULL,'2022-06-09 18:02:53','2022-06-09 18:02:53',1,0,NULL,0,NULL,NULL,0,'01',0.00),(152,'customers','1','73439311','SEGURA LLAMO, DARWIN ALEXIS',NULL,NULL,NULL,'PE',NULL,'01','0102','010206',NULL,'CP CHONZA ALTA',NULL,NULL,NULL,NULL,0.00,0,NULL,'{\"full_name\":null,\"phone\":null}',NULL,0.00,1,NULL,NULL,NULL,'2022-06-10 11:29:19','2022-06-10 11:29:19',1,0,NULL,0,NULL,NULL,0,'01',0.00),(153,'customers','1','44642841','TANTALEAN QUISPE, JOSE RONALD',NULL,NULL,NULL,'PE',NULL,'01','0102','010206',NULL,'CPM. EL TRIUNFO',NULL,NULL,NULL,NULL,0.00,0,NULL,'{\"full_name\":null,\"phone\":null}',NULL,0.00,1,NULL,NULL,NULL,'2022-06-10 11:32:32','2022-06-10 11:32:32',1,0,NULL,0,NULL,NULL,0,'01',0.00),(154,'customers','1','48905160','ROBALINO MELENDEZ, GILBERTO ALEN',NULL,NULL,NULL,'PE',NULL,'16','1607','160704',NULL,'CPM. PUERTA AMERICA',NULL,NULL,NULL,NULL,0.00,0,NULL,'{\"full_name\":null,\"phone\":null}',NULL,0.00,1,NULL,NULL,NULL,'2022-06-11 15:56:21','2022-06-11 15:56:21',1,0,NULL,0,NULL,NULL,0,'01',0.00),(155,'customers','1','48421597','REYNA MUCUSHUA, CARLOS ADRIAN',NULL,NULL,NULL,'PE',NULL,'16','1607','160704',NULL,'CASERIO PUERTO AMERICA',NULL,NULL,NULL,NULL,0.00,0,NULL,'{\"full_name\":null,\"phone\":null}',NULL,0.00,1,NULL,NULL,NULL,'2022-06-11 15:57:36','2022-06-11 15:57:36',1,0,NULL,0,NULL,NULL,0,'01',0.00),(156,'customers','1','75806149','SANCHEZ DELGADO, DANNER OMAR',NULL,NULL,NULL,'PE',NULL,'01','0102','010201',NULL,'JR. ICA 474',NULL,NULL,NULL,NULL,0.00,0,NULL,'{\"full_name\":null,\"phone\":null}',NULL,0.00,1,NULL,NULL,NULL,'2022-06-12 12:19:53','2022-06-12 12:19:53',1,0,NULL,0,NULL,NULL,0,'01',0.00),(157,'customers','1','62423275','MONTEZA CASTILLO, SAHID ANDERSON',NULL,'861',NULL,'PE',NULL,'01','0102','010201',NULL,'JR. ARGENTINA 158',NULL,NULL,NULL,NULL,0.00,0,NULL,'{\"full_name\":null,\"phone\":null}',NULL,0.00,1,NULL,NULL,NULL,'2022-06-13 11:50:30','2022-06-13 11:50:30',1,0,NULL,0,NULL,NULL,0,'01',0.00),(158,'customers','1','43000584','MONTEZA GUEVARA, RAUL DARIO','cod: 002',NULL,NULL,'PE',NULL,'01','0102','010201',NULL,'PSJ. JAVIER HERAUD 100',NULL,NULL,NULL,NULL,0.00,0,NULL,'{\"full_name\":null,\"phone\":null}',NULL,0.00,1,NULL,NULL,NULL,'2022-06-13 12:01:49','2022-06-13 12:01:49',1,0,NULL,0,NULL,NULL,0,'01',0.00),(159,'customers','1','72076371','AREVALO CARRASCO, ROSBIN',NULL,NULL,NULL,'PE',NULL,'01','0107','010704',NULL,'CENTRO POBLADO JOROBAMBA',NULL,NULL,NULL,NULL,0.00,0,NULL,'{\"full_name\":null,\"phone\":null}',NULL,0.00,1,NULL,NULL,NULL,'2022-06-16 16:39:37','2022-06-16 16:39:37',1,0,NULL,0,NULL,NULL,0,'01',0.00),(160,'customers','1','71071673','SANTA CRUZ LLOCLLA, NOLBERTO JOSE',NULL,NULL,NULL,'PE',NULL,'06','0609','060901',NULL,'CASERIO BAJO IHUAMACA',NULL,NULL,NULL,NULL,0.00,0,NULL,'{\"full_name\":null,\"phone\":null}',NULL,0.00,1,NULL,NULL,NULL,'2022-06-16 19:55:34','2022-06-16 19:55:34',1,0,NULL,0,NULL,NULL,0,'01',0.00),(161,'customers','1','33569140','URIOL NINATANTA, NEIDA MARDELI',NULL,NULL,NULL,'PE',NULL,'01','0102','010201',NULL,'CALLE FELIZMER URIOL 292',NULL,NULL,NULL,NULL,0.00,0,NULL,'{\"full_name\":null,\"phone\":null}',NULL,0.00,1,NULL,NULL,NULL,'2022-06-18 10:03:55','2022-06-18 10:03:55',1,0,NULL,0,NULL,NULL,0,'01',0.00),(162,'customers','1','75878768','VASQUEZ DELGADO, NILSON',NULL,NULL,NULL,'PE',NULL,'01','0102','010202',NULL,'CPM. EL PORVENIR',NULL,NULL,NULL,NULL,0.00,0,NULL,'{\"full_name\":null,\"phone\":null}',NULL,0.00,1,NULL,NULL,NULL,'2022-06-18 10:30:06','2022-06-18 10:30:06',1,0,NULL,0,NULL,NULL,0,'01',0.00),(163,'customers','1','45222819','OLANO GUERRERO, JOSE WILDER',NULL,NULL,NULL,'PE',NULL,'01','0107','010704',NULL,'CASERIO CRUCE CAYALTI',NULL,NULL,NULL,NULL,0.00,0,NULL,'{\"full_name\":null,\"phone\":null}',NULL,0.00,1,NULL,NULL,NULL,'2022-06-19 14:52:11','2022-06-19 14:52:11',1,0,NULL,0,NULL,NULL,0,'01',0.00),(164,'customers','1','72076323','LOZANO CONTRERAS, EFRAIN',NULL,NULL,NULL,'PE',NULL,'01','0107','010704',NULL,'CAS. CRUCE CAYLTI',NULL,NULL,NULL,NULL,0.00,0,NULL,'{\"full_name\":null,\"phone\":null}',NULL,0.00,1,NULL,NULL,NULL,'2022-06-19 15:52:55','2022-06-19 15:52:55',1,0,NULL,0,NULL,NULL,0,'01',0.00),(165,'customers','1','73698631','CASTAÑEDA MONTENEGRO, RUTH FAUSTINA',NULL,NULL,NULL,'PE',NULL,'01','0102','010204',NULL,'CP. TOLOPAMPA',NULL,NULL,NULL,NULL,0.00,0,NULL,'{\"full_name\":null,\"phone\":null}',NULL,0.00,1,NULL,NULL,NULL,'2022-06-19 16:38:20','2022-06-19 16:38:20',1,0,NULL,0,NULL,NULL,0,'01',0.00),(166,'customers','1','41472677','ROJAS SANTA CRUZ, MAGALI',NULL,NULL,NULL,'PE',NULL,'01','0102','010204',NULL,'CASERIO PUERTO BOLIVAR',NULL,NULL,NULL,NULL,0.00,0,NULL,'{\"full_name\":null,\"phone\":null}',NULL,0.00,1,NULL,NULL,NULL,'2022-06-21 17:48:53','2022-06-21 17:48:53',1,0,NULL,0,NULL,NULL,0,'01',0.00),(167,'customers','1','40837879','MONTENEGRO PERALES, ROSA HAYDEE',NULL,NULL,NULL,'PE',NULL,'01','0102','010205',NULL,'AV. PRINCIPAL S/N-CPM. CHIRIACO',NULL,NULL,NULL,NULL,0.00,0,NULL,'{\"full_name\":null,\"phone\":null}',NULL,0.00,1,NULL,NULL,NULL,'2022-06-21 18:38:52','2022-06-21 18:38:52',1,0,NULL,0,NULL,NULL,0,'01',0.00),(168,'customers','1','48678039','INTAKEA AMPUSH, LEANORA MAVILA LEADY',NULL,NULL,NULL,'PE',NULL,'01','0104','010401',NULL,'C.POBLADO KIGKIS',NULL,NULL,NULL,NULL,0.00,0,NULL,'{\"full_name\":null,\"phone\":null}',NULL,0.00,1,NULL,NULL,NULL,'2022-06-22 12:04:11','2022-06-22 12:04:11',1,0,NULL,0,NULL,NULL,0,'01',0.00),(169,'customers','1','47925391','CRUZ ALTAMIRANO, ARACELY',NULL,NULL,NULL,'PE',NULL,'06','0609','060902',NULL,'CAS. INDOAMERICA',NULL,NULL,NULL,NULL,0.00,0,NULL,'{\"full_name\":null,\"phone\":null}',NULL,0.00,1,NULL,NULL,NULL,'2022-06-22 15:59:11','2022-06-22 15:59:11',1,0,NULL,0,NULL,NULL,0,'01',0.00),(170,'customers','1','75801854','VELASCO NEYRA, MAGDA YUSUNI',NULL,NULL,NULL,'PE',NULL,'06','0609','060901',NULL,'CAS. ALFONSO UGARTE',NULL,NULL,NULL,NULL,0.00,0,NULL,'{\"full_name\":null,\"phone\":null}',NULL,0.00,1,NULL,NULL,NULL,'2022-06-23 15:11:06','2022-06-23 15:11:06',1,0,NULL,0,NULL,NULL,0,'01',0.00),(171,'customers','1','72210244','OBLITAS VILLANUEVA, SANTOS HERNAN',NULL,NULL,NULL,'PE',NULL,'14','1401','140101',NULL,'CALLE CAJAMARCA 445 PP.JJ JOSE OLAYA',NULL,NULL,NULL,NULL,0.00,0,NULL,'{\"full_name\":null,\"phone\":null}',NULL,0.00,1,NULL,NULL,NULL,'2022-06-23 21:00:47','2022-06-23 21:00:47',1,0,NULL,0,NULL,NULL,0,'01',0.00),(172,'customers','0','0021','Clientes NEPTALI',NULL,NULL,NULL,'PE',NULL,'01','0102','010205',NULL,'CASERIO NUEVO HUANCABAMBA',NULL,NULL,NULL,NULL,0.00,0,2,'{\"full_name\":null,\"phone\":null}',NULL,0.00,1,NULL,NULL,NULL,'2022-06-24 14:50:00','2022-06-24 14:50:00',1,0,NULL,0,NULL,NULL,0,'01',0.00),(173,'customers','1','46374997','CHINCHAY CUMBIA, ABSALON',NULL,NULL,NULL,'PE',NULL,'22','2203','220301',NULL,'JR. TACNA 639',NULL,NULL,NULL,NULL,0.00,0,NULL,'{\"full_name\":null,\"phone\":null}',NULL,0.00,1,NULL,NULL,NULL,'2022-06-24 14:51:45','2022-06-24 14:51:45',1,0,NULL,0,NULL,NULL,0,'01',0.00),(174,'customers','1','33826079','HORNA VASQUEZ, TOMAS',NULL,NULL,NULL,'PE',NULL,'01','0107','010701',NULL,'JR. PUMACAHUA 223',NULL,NULL,NULL,NULL,0.00,0,NULL,'{\"full_name\":null,\"phone\":null}',NULL,0.00,1,NULL,NULL,NULL,'2022-06-24 20:54:05','2022-06-24 20:54:05',1,0,NULL,0,NULL,NULL,0,'01',0.00),(175,'customers','1','41273812','ROJAS GARCIA, VIKY',NULL,NULL,NULL,'PE',NULL,'06','0609','060903',NULL,'SECTOR LA FILA',NULL,NULL,NULL,NULL,0.00,0,NULL,'{\"full_name\":null,\"phone\":null}',NULL,0.00,1,NULL,NULL,NULL,'2022-06-25 11:08:15','2022-06-25 11:08:15',1,0,NULL,0,NULL,NULL,0,'01',0.00),(176,'customers','1','46005446','LLACSAHUANGA ACHA, ELCY',NULL,NULL,NULL,'PE',NULL,'06','0609','060901',NULL,'PJ. C-1 URB. SAN MARTIN',NULL,NULL,NULL,NULL,0.00,0,NULL,'{\"full_name\":null,\"phone\":null}',NULL,0.00,1,NULL,NULL,NULL,'2022-06-25 11:40:26','2022-06-25 11:40:26',1,0,NULL,0,NULL,NULL,0,'01',0.00),(177,'customers','1','76182316','BERRIOS LA TORRE, IAN BRAYAN',NULL,NULL,NULL,'PE',NULL,'15','1501','150132',NULL,'AV. LOS JARDINES 517 URB. INCA MANCO CAPAC',NULL,NULL,NULL,NULL,0.00,0,NULL,'{\"full_name\":null,\"phone\":null}',NULL,0.00,1,NULL,NULL,NULL,'2022-06-25 17:08:02','2022-06-25 17:08:02',1,0,NULL,0,NULL,NULL,0,'01',0.00),(178,'customers','1','26957984','ARMAS PAREDES, TOMAS WILLAN',NULL,NULL,NULL,'PE',NULL,'01','0102','010201',NULL,'JR. MOQUEGUA 1000',NULL,NULL,NULL,NULL,0.00,0,NULL,'{\"full_name\":null,\"phone\":null}',NULL,0.00,1,NULL,NULL,NULL,'2022-06-26 10:13:55','2022-06-26 10:13:55',1,0,NULL,0,NULL,NULL,0,'01',0.00),(179,'customers','1','45043562','FLORES JARAMILLO, VICTORIA ROSA',NULL,NULL,NULL,'PE',NULL,'06','0609','060901',NULL,'CA. ATAHUALPA 501',NULL,NULL,NULL,NULL,0.00,0,NULL,'{\"full_name\":null,\"phone\":null}',NULL,0.00,1,NULL,NULL,NULL,'2022-06-26 10:28:43','2022-06-26 10:28:43',1,0,NULL,0,NULL,NULL,0,'01',0.00),(180,'customers','1','72003407','GALLO ALVAREZ, MARIA BELEN MILAGRITOS',NULL,NULL,NULL,'PE',NULL,'01','0102','010201',NULL,'JR. VALCARCEL C-02',NULL,NULL,NULL,NULL,0.00,0,NULL,'{\"full_name\":null,\"phone\":null}',NULL,0.00,1,NULL,NULL,NULL,'2022-06-26 10:36:48','2022-06-26 10:36:48',1,0,NULL,0,NULL,NULL,0,'01',0.00),(181,'customers','1','72718777','CHUQUILLANQUI SOTO, VICTOR MANUEL',NULL,NULL,NULL,'PE',NULL,'20','2001','200104',NULL,'CALLE LOS ROSALES MZ N LT 6 URB EL BOSQUE',NULL,NULL,NULL,NULL,0.00,0,NULL,'{\"full_name\":null,\"phone\":null}',NULL,0.00,1,NULL,NULL,NULL,'2022-06-27 15:37:37','2022-06-27 15:37:37',1,0,NULL,0,NULL,NULL,0,'01',0.00),(182,'customers','1','46058893','BURGOS NUÑEZ, NILDA ROSA',NULL,NULL,NULL,'PE',NULL,'15','1501','150121',NULL,'CALLE SANTA ISABEL 665 URB COLMENARES',NULL,NULL,NULL,NULL,0.00,0,NULL,'{\"full_name\":null,\"phone\":null}',NULL,0.00,1,NULL,NULL,NULL,'2022-06-29 14:55:50','2022-06-29 14:55:50',1,0,NULL,0,NULL,NULL,0,'01',0.00),(183,'customers','1','74381280','PEÑA DIAZ, SEGUNDO JACINTO',NULL,NULL,NULL,'PE',NULL,'01','0102','010205',NULL,'CALLE LAS DELICIAS S/N C.POBLADO CHIRIACO',NULL,NULL,NULL,NULL,0.00,0,NULL,'{\"full_name\":null,\"phone\":null}',NULL,0.00,1,NULL,NULL,NULL,'2022-06-29 21:27:01','2022-06-29 21:27:01',1,0,NULL,0,NULL,NULL,0,'01',0.00),(184,'customers','1','03130597','DOMINGUEZ PEÑA, OVIDIO',NULL,NULL,NULL,'PE',NULL,'06','0609','060901',NULL,'CAS. BELLAVISTA',NULL,NULL,NULL,NULL,0.00,0,NULL,'{\"full_name\":null,\"phone\":null}',NULL,0.00,1,NULL,NULL,NULL,'2022-07-01 14:59:29','2022-07-01 14:59:29',1,0,NULL,0,NULL,NULL,0,'01',0.00),(185,'customers','1','75741801','TSAMAJAIN APIKAI, LUIS NEVER',NULL,NULL,NULL,'PE',NULL,'01','0102','010205',NULL,'COMUNID.NATIVA SHUSHUG',NULL,NULL,NULL,NULL,0.00,0,NULL,'{\"full_name\":null,\"phone\":null}',NULL,0.00,1,NULL,NULL,NULL,'2022-07-01 19:46:34','2022-07-01 19:46:34',1,0,NULL,0,NULL,NULL,0,'01',0.00),(186,'customers','1','42542574','LESCANO VALLEJOS, MARIA ELVIA',NULL,NULL,NULL,'PE',NULL,'01','0102','010201',NULL,'JR. ICA C-4 INT. 0011 CENT BAGUA',NULL,NULL,NULL,NULL,0.00,0,NULL,'{\"full_name\":null,\"phone\":null}',NULL,0.00,1,NULL,NULL,NULL,'2022-07-01 20:21:04','2022-07-01 20:21:04',1,0,NULL,0,NULL,NULL,0,'01',0.00),(187,'customers','1','42140758','ORDOÑEZ ROMAN, JORGE JOSE',NULL,NULL,NULL,'PE',NULL,'06','0609','060901',NULL,'CASERIO MIRAFLORES',NULL,NULL,NULL,NULL,0.00,0,NULL,'{\"full_name\":null,\"phone\":null}',NULL,0.00,1,NULL,NULL,NULL,'2022-07-02 11:21:35','2022-07-02 11:21:35',1,0,NULL,0,NULL,NULL,0,'01',0.00),(188,'customers','1','47357056','JULCA VASQUEZ, ALFONSO',NULL,NULL,NULL,'PE',NULL,'06','0606','060614',NULL,'C.POBLADO SAN ANTONIO',NULL,NULL,NULL,NULL,0.00,0,NULL,'{\"full_name\":null,\"phone\":null}',NULL,0.00,1,NULL,NULL,NULL,'2022-07-02 11:57:00','2022-07-02 11:57:00',1,0,NULL,0,NULL,NULL,0,'01',0.00),(189,'customers','1','71201511','GONZALES CHUQUIHUANGA, KELIDA',NULL,NULL,NULL,'PE',NULL,'06','0609','060906',NULL,'C.P. CALABOZO',NULL,NULL,NULL,NULL,0.00,0,NULL,'{\"full_name\":null,\"phone\":null}',NULL,0.00,1,NULL,NULL,NULL,'2022-07-02 16:22:07','2022-07-02 16:22:07',1,0,NULL,0,NULL,NULL,0,'01',0.00),(190,'customers','1','70889096','GUERRERO RODRIGUEZ, ANDY HELBERT',NULL,NULL,NULL,'PE',NULL,'01','0102','010201',NULL,'PSJ. LOS OLIVOS 100',NULL,NULL,NULL,NULL,0.00,0,NULL,'{\"full_name\":null,\"phone\":null}',NULL,0.00,1,NULL,NULL,NULL,'2022-07-02 20:42:13','2022-07-02 20:42:13',1,0,NULL,0,NULL,NULL,0,'01',0.00),(191,'customers','1','76380110','MELENDREZ NEIRA, IRISBELLA MARISOL',NULL,NULL,NULL,'PE',NULL,'06','0609','060901',NULL,'AV. MARIANO MELGAR S/N',NULL,NULL,NULL,NULL,0.00,0,NULL,'{\"full_name\":null,\"phone\":null}',NULL,0.00,1,NULL,NULL,NULL,'2022-07-05 14:55:22','2022-07-05 14:55:22',1,0,NULL,0,NULL,NULL,0,'01',0.00),(192,'customers','1','47624077','MURAYARI YUYARIMA, GLENDY MARGARITA',NULL,NULL,NULL,'PE',NULL,'15','1501','150135',NULL,'JR. LAS AMERICAS 1031 MZ. K2 LT. 20 PISO 2 URB. EL ROSARIO',NULL,NULL,NULL,NULL,0.00,0,NULL,'{\"full_name\":null,\"phone\":null}',NULL,0.00,1,NULL,NULL,NULL,'2022-07-06 10:37:50','2022-07-06 10:37:50',1,0,NULL,0,NULL,NULL,0,'01',0.00),(193,'customers','1','45907788','DELGADO PIZARRO, YMELDA',NULL,NULL,NULL,'PE',NULL,'01','0102','010204',NULL,'CA CAJAMARCA 0777',NULL,NULL,NULL,NULL,0.00,0,NULL,'{\"full_name\":null,\"phone\":null}',NULL,0.00,1,NULL,NULL,NULL,'2022-07-06 17:17:34','2022-07-06 17:17:34',1,0,NULL,0,NULL,NULL,0,'01',0.00),(194,'customers','1','73244532','FLORES YNFANTE, BRAYAN ANTONY',NULL,NULL,NULL,'PE',NULL,'06','0609','060903',NULL,'CASERIO CRUCE MOLINO',NULL,NULL,NULL,NULL,0.00,0,NULL,'{\"full_name\":null,\"phone\":null}',NULL,0.00,1,NULL,NULL,NULL,'2022-07-06 19:14:52','2022-07-06 19:14:52',1,0,NULL,0,NULL,NULL,0,'01',0.00),(195,'customers','6','20522623998','EPE',NULL,NULL,NULL,'PE',NULL,'15','1501','150113',NULL,'AV. GREGORIO ESCOBEDO NRO. 426 RES. SAN FELIPE DPTO. 1701','HABIDO','ACTIVO',NULL,NULL,0.00,0,NULL,'{\"full_name\":null,\"phone\":null}',NULL,0.00,1,NULL,NULL,NULL,'2022-07-07 10:14:45','2022-07-07 10:14:45',1,0,NULL,0,NULL,NULL,0,'01',0.00),(196,'customers','1','70926968','FLORES SALVADOR, ALEX MAYCOL',NULL,NULL,NULL,'PE',NULL,'25','2501','250101',NULL,'JR. IQUITOS 593',NULL,NULL,NULL,NULL,0.00,0,NULL,'{\"full_name\":null,\"phone\":null}',NULL,0.00,1,NULL,NULL,NULL,'2022-07-07 15:28:01','2022-07-07 15:28:01',1,0,NULL,0,NULL,NULL,0,'01',0.00),(197,'customers','1','41548115','DELGADO GUEVARA, AUDIAS',NULL,NULL,NULL,'PE',NULL,'01','0102','010201',NULL,'CA TOMAQUE S/N SEC. BRUJO PATA',NULL,NULL,NULL,NULL,0.00,0,NULL,'{\"full_name\":null,\"phone\":null}',NULL,0.00,1,NULL,NULL,NULL,'2022-07-08 14:34:54','2022-07-08 14:34:54',1,0,NULL,0,NULL,NULL,0,'01',0.00),(198,'customers','1','42606688','CORONADO FERNANDEZ, JUAN CARLOS',NULL,NULL,NULL,'PE',NULL,'01','0102','010201',NULL,'AV.CIRCUNVALACION 1652',NULL,NULL,NULL,NULL,0.00,0,NULL,'{\"full_name\":null,\"phone\":null}',NULL,0.00,1,NULL,NULL,NULL,'2022-07-09 16:35:34','2022-07-09 16:35:34',1,0,NULL,0,NULL,NULL,0,'01',0.00),(199,'customers','1','17619748','SANTISTEVAN RUBIO, MARCO ANTONIO',NULL,NULL,NULL,'PE',NULL,'01','0102','010206',NULL,'CPM.SAN ISIDRO',NULL,NULL,NULL,NULL,0.00,0,NULL,'{\"full_name\":null,\"phone\":null}',NULL,0.00,1,NULL,NULL,NULL,'2022-07-10 09:36:53','2022-07-10 09:36:53',1,0,NULL,0,NULL,NULL,0,'01',0.00),(200,'customers','1','47117300','SOTO SERRANO, ALEX',NULL,NULL,NULL,'PE',NULL,'10','1006','100602',NULL,'CENTRO POBLADO PUMAHUASI',NULL,NULL,NULL,NULL,0.00,0,NULL,'{\"full_name\":null,\"phone\":null}',NULL,0.00,1,NULL,NULL,NULL,'2022-07-10 10:38:41','2022-07-10 10:38:41',1,0,NULL,0,NULL,NULL,0,'01',0.00),(201,'customers','1','48022601','VILLANUEVA SARMIENTO, DEYBER',NULL,NULL,NULL,'PE',NULL,'06','0608','060812',NULL,'CASERIO LA YUNGA',NULL,NULL,NULL,NULL,0.00,0,NULL,'{\"full_name\":null,\"phone\":null}',NULL,0.00,1,NULL,NULL,NULL,'2022-07-14 16:11:38','2022-07-14 16:11:38',1,0,NULL,0,NULL,NULL,0,'01',0.00),(202,'customers','1','72967308','VELASQUEZ MEZA, EUDI JERLI',NULL,NULL,NULL,'PE',NULL,'06','0609','060906',NULL,'CASERIO LA CHORRERA',NULL,NULL,NULL,NULL,0.00,0,NULL,'{\"full_name\":null,\"phone\":null}',NULL,0.00,1,NULL,NULL,NULL,'2022-07-15 12:33:13','2022-07-15 12:33:13',1,0,NULL,0,NULL,NULL,0,'01',0.00),(203,'customers','0','52533','Clientes 41227',NULL,NULL,NULL,'PE',NULL,NULL,NULL,NULL,NULL,NULL,NULL,NULL,NULL,NULL,0.00,0,NULL,'{\"full_name\":null,\"phone\":null}',NULL,0.00,1,NULL,NULL,NULL,'2022-07-15 21:50:15','2022-07-15 21:50:15',1,0,NULL,0,NULL,NULL,0,'01',0.00),(204,'customers','1','75801390','REQUEJO PEREZ, ROMEL ALAIN',NULL,NULL,NULL,'PE',NULL,'01','0107','010704',NULL,'CP SAN PEDRO DE LA PAPAYA CASERIO',NULL,NULL,NULL,NULL,0.00,0,NULL,'{\"full_name\":null,\"phone\":null}',NULL,0.00,1,NULL,NULL,NULL,'2022-07-16 14:31:29','2022-07-16 14:31:29',1,0,NULL,0,NULL,NULL,0,'01',0.00),(205,'customers','1','47127721','HUAMAN DELGADO, ALCIDES',NULL,NULL,NULL,'PE',NULL,'06','0609','060906',NULL,'CAS LOS ALPES',NULL,NULL,NULL,NULL,0.00,0,NULL,'{\"full_name\":null,\"phone\":null}',NULL,0.00,1,NULL,NULL,NULL,'2022-07-16 16:25:09','2022-07-16 16:25:09',1,0,NULL,0,NULL,NULL,0,'01',0.00),(206,'customers','1','44389815','TORRES NUNAYALLI, ROBIN SANTOS',NULL,NULL,NULL,'PE',NULL,'01','0102','010206',NULL,'JR.PIURA 296 BAGUA',NULL,NULL,NULL,NULL,0.00,0,NULL,'{\"full_name\":null,\"phone\":null}',NULL,0.00,1,NULL,NULL,NULL,'2022-07-17 10:48:18','2022-07-17 10:48:18',1,0,NULL,0,NULL,NULL,0,'01',0.00),(207,'customers','1','42905515','CHANTA PUSMA, ELMER',NULL,NULL,NULL,'PE',NULL,'15','1501','150134',NULL,'YEN ESCOBEDO 532 LA VIÑA',NULL,NULL,NULL,NULL,0.00,0,NULL,'{\"full_name\":null,\"phone\":null}',NULL,0.00,1,NULL,NULL,NULL,'2022-07-18 11:12:21','2022-07-18 11:12:21',1,0,NULL,0,NULL,NULL,0,'01',0.00),(208,'customers','1','73069962','VITON SAAVEDRA, JUNIOR JOHANNS',NULL,NULL,NULL,'PE',NULL,'01','0102','010201',NULL,'JR.SARGENTO LORES C-11',NULL,NULL,NULL,NULL,0.00,0,NULL,'{\"full_name\":null,\"phone\":null}',NULL,0.00,1,NULL,NULL,NULL,'2022-07-18 20:22:33','2022-07-18 20:22:33',1,0,NULL,0,NULL,NULL,0,'01',0.00),(209,'customers','1','70457823','RAMIREZ ROMERO, JUNIOR ANTONY',NULL,NULL,NULL,'PE',NULL,'22','2209','220901',NULL,'JR.URUGUAY 120 TRAS DE FONAVI',NULL,NULL,NULL,NULL,0.00,0,NULL,'{\"full_name\":null,\"phone\":null}',NULL,0.00,1,NULL,NULL,NULL,'2022-07-22 14:17:22','2022-07-22 14:17:22',1,0,NULL,0,NULL,NULL,0,'01',0.00),(210,'customers','1','44541774','SHIKIU UKUNCHAM, ADELINA',NULL,NULL,NULL,'PE',NULL,'15','1501','150117',NULL,'MZ.22 LT.34 ASENT. H. LAURA CALLER IBERICO',NULL,NULL,NULL,NULL,0.00,0,NULL,'{\"full_name\":null,\"phone\":null}',NULL,0.00,1,NULL,NULL,NULL,'2022-07-22 19:49:49','2022-07-22 19:49:49',1,0,NULL,0,NULL,NULL,0,'01',0.00),(211,'customers','1','45680020','GARCIA GARCIA, AMIN',NULL,NULL,NULL,'PE',NULL,'06','0609','060905',NULL,'CASERIO PAMPA VERDE',NULL,NULL,NULL,NULL,0.00,0,NULL,'{\"full_name\":null,\"phone\":null}',NULL,0.00,1,NULL,NULL,NULL,'2022-07-23 10:11:53','2022-07-23 10:11:53',1,0,NULL,0,NULL,NULL,0,'01',0.00),(212,'customers','6','10206406840','CAMACHO DELGADO FREDDY MANUEL',NULL,NULL,NULL,'PE',NULL,'15','1501','150117',NULL,'JR. PARIAHUANCA NRO. 608 URB. EL PARQUE DEL NARANJ','HABIDO','ACTIVO',NULL,NULL,0.00,0,NULL,'{\"full_name\":null,\"phone\":null}',NULL,0.00,1,NULL,NULL,NULL,'2022-07-23 20:43:49','2022-07-23 20:43:49',1,0,NULL,0,NULL,NULL,0,'01',0.00),(213,'customers','1','70587181','LIBAQUE BERNAL, DONICIO',NULL,NULL,NULL,'PE',NULL,'01','0102','010201',NULL,'CASERIO GUADALUPE',NULL,NULL,NULL,NULL,0.00,0,NULL,'{\"full_name\":null,\"phone\":null}',NULL,0.00,1,NULL,NULL,NULL,'2022-07-24 12:57:00','2022-07-24 12:57:00',1,0,NULL,0,NULL,NULL,0,'01',0.00),(214,'customers','1','80536276','ROJAS VERA, DARIO',NULL,NULL,NULL,'PE',NULL,'01','0102','010201',NULL,'AV.MARIANO MELGAR 763',NULL,NULL,NULL,NULL,0.00,0,NULL,'{\"full_name\":null,\"phone\":null}',NULL,0.00,1,NULL,NULL,NULL,'2022-07-25 10:32:07','2022-07-25 10:32:07',1,0,NULL,0,NULL,NULL,0,'01',0.00),(215,'customers','1','75718695','ADRIANZEN TINEO, YOICCI ALEXANDRA',NULL,NULL,NULL,'PE',NULL,'06','0609','060901',NULL,'CALLE JOSE A.QUIÑONES O LT.3 INT.MZ-4 SEC SANTIAGO',NULL,NULL,NULL,NULL,0.00,0,NULL,'{\"full_name\":null,\"phone\":null}',NULL,0.00,1,NULL,NULL,NULL,'2022-07-27 11:40:17','2022-07-27 11:40:17',1,0,NULL,0,NULL,NULL,0,'01',0.00),(216,'customers','1','45830214','DIAZ RIOS, BIANCA VIVIANA',NULL,NULL,NULL,'PE',NULL,'01','0102','010201',NULL,'JR. LAMBAYEQUE 633',NULL,NULL,NULL,NULL,0.00,0,NULL,'{\"full_name\":null,\"phone\":null}',NULL,0.00,1,NULL,NULL,NULL,'2022-07-28 15:15:13','2022-07-28 15:15:13',1,0,NULL,0,NULL,NULL,0,'01',0.00),(217,'customers','1','02823867','CARRASCO TEJADA, JAIME LUIS',NULL,NULL,NULL,'PE',NULL,'01','0102','010201',NULL,'JR. AYACUCHO 872',NULL,NULL,NULL,NULL,0.00,0,NULL,'{\"full_name\":null,\"phone\":null}',NULL,0.00,1,NULL,NULL,NULL,'2022-07-30 19:54:51','2022-07-30 19:54:51',1,0,NULL,0,NULL,NULL,0,'01',0.00),(218,'customers','1','41310303','DIAZ JULON, WILIAN NIXON',NULL,NULL,NULL,'PE',NULL,'01','0102','010201',NULL,'AV.CIRCUNVALACION 1700',NULL,NULL,NULL,NULL,0.00,0,NULL,'{\"full_name\":null,\"phone\":null}',NULL,0.00,1,NULL,NULL,NULL,'2022-07-31 11:34:55','2022-07-31 11:34:55',1,0,NULL,0,NULL,NULL,0,'01',0.00),(219,'customers','1','74949120','GRANADOS VASQUEZ, VICTOR ALFREDO',NULL,NULL,NULL,'PE',NULL,'01','0102','010204',NULL,'CASERIO BUENOS AIRES',NULL,NULL,NULL,NULL,0.00,0,NULL,'{\"full_name\":null,\"phone\":null}',NULL,0.00,1,NULL,NULL,NULL,'2022-07-31 11:52:05','2022-07-31 11:52:05',1,0,NULL,0,NULL,NULL,0,'01',0.00),(220,'customers','1','33590148','NUÑEZ SALAZAR, DILMER',NULL,NULL,NULL,'PE',NULL,'01','0102','010201',NULL,'JR.MESONES MURO 345',NULL,NULL,NULL,NULL,0.00,0,NULL,'{\"full_name\":null,\"phone\":null}',NULL,0.00,1,NULL,NULL,NULL,'2022-08-01 18:53:03','2022-08-01 18:53:03',1,0,NULL,0,NULL,NULL,0,'01',0.00),(221,'customers','1','27732351','FERNANDEZ RAFAEL, ANIBAL',NULL,NULL,NULL,'PE',NULL,'01','0102','010201',NULL,'JR. CAJAMARCA 800',NULL,NULL,NULL,NULL,0.00,0,NULL,'{\"full_name\":null,\"phone\":null}',NULL,0.00,1,NULL,NULL,NULL,'2022-08-02 13:47:12','2022-08-02 13:47:12',1,0,NULL,0,NULL,NULL,0,'01',0.00),(222,'customers','1','73521374','VASQUEZ NEIRA, JOSE LUIS ENRIQUE',NULL,NULL,NULL,'PE',NULL,'01','0102','010206',NULL,'JR. LIMA 238-CPM.ARRAYAN',NULL,NULL,NULL,NULL,0.00,0,NULL,'{\"full_name\":null,\"phone\":null}',NULL,0.00,1,NULL,NULL,NULL,'2022-08-03 13:31:01','2022-08-03 13:31:01',1,0,NULL,0,NULL,NULL,0,'01',0.00),(223,'customers','6','10335734012','CASTILLO DELGADO BENILDE',NULL,NULL,NULL,'PE',NULL,'06','0608','060801',NULL,'CAL. JUNIN NRO. 423 MORRO SOLAR','HABIDO','ACTIVO',NULL,NULL,0.00,0,NULL,'{\"full_name\":null,\"phone\":null}',NULL,0.00,1,NULL,NULL,NULL,'2022-08-04 09:30:26','2022-08-04 09:30:26',1,0,NULL,0,NULL,NULL,0,'01',0.00),(224,'customers','1','43319701','IMPI RUIZ, JANNY',NULL,NULL,NULL,'PE',NULL,'01','0102','010201',NULL,'JR. 1RO SETIEMBRE C-02 SEC. 18 DE ENERO',NULL,NULL,NULL,NULL,0.00,0,NULL,'{\"full_name\":null,\"phone\":null}',NULL,0.00,1,NULL,NULL,NULL,'2022-08-04 17:20:11','2022-08-04 17:20:11',1,0,NULL,0,NULL,NULL,0,'01',0.00),(225,'customers','1','47191141','MENDOZA FERNANDEZ, JOSELITO',NULL,NULL,NULL,'PE',NULL,'01','0102','010206',NULL,'JR. A 303 CP. ARRAYAN',NULL,NULL,NULL,NULL,0.00,0,NULL,'{\"full_name\":null,\"phone\":null}',NULL,0.00,1,NULL,NULL,NULL,'2022-08-05 11:15:50','2022-08-05 11:15:50',1,0,NULL,0,NULL,NULL,0,'01',0.00),(226,'customers','1','72083302','CORREA CHINCHAY, JORGE ELIAS',NULL,NULL,NULL,'PE',NULL,'01','0102','010206',NULL,'CA. SANTIAGO DE LOMAS 00212',NULL,NULL,NULL,NULL,0.00,0,NULL,'{\"full_name\":null,\"phone\":null}',NULL,0.00,1,NULL,NULL,NULL,'2022-08-05 12:13:04','2022-08-05 12:13:04',1,0,NULL,0,NULL,NULL,0,'01',0.00),(227,'customers','1','77065679','LINARES ALTAMIRANO, JUAN GABRIEL',NULL,NULL,NULL,'PE',NULL,'01','0107','010702',NULL,'CP. EL RON',NULL,NULL,NULL,NULL,0.00,0,NULL,'{\"full_name\":null,\"phone\":null}',NULL,0.00,1,NULL,NULL,NULL,'2022-08-05 15:12:26','2022-08-05 15:12:26',1,0,NULL,0,NULL,NULL,0,'01',0.00),(228,'customers','1','46591943','UGKUCH PETSA, BALTAZAR TSAMAJAIN',NULL,NULL,NULL,'PE',NULL,'01','0104','010403',NULL,'C.P. YUTUPIS',NULL,NULL,NULL,NULL,0.00,0,NULL,'{\"full_name\":null,\"phone\":null}',NULL,0.00,1,NULL,NULL,NULL,'2022-08-05 16:26:14','2022-08-05 16:26:14',1,0,NULL,0,NULL,NULL,0,'01',0.00),(229,'customers','0','99955557','Clientes 785',NULL,NULL,NULL,'PE',NULL,NULL,NULL,NULL,NULL,NULL,NULL,NULL,NULL,NULL,0.00,0,NULL,'{\"full_name\":null,\"phone\":null}',NULL,0.00,1,NULL,NULL,NULL,'2022-08-05 21:42:58','2022-08-05 21:42:58',1,0,NULL,0,NULL,NULL,0,'01',0.00),(230,'customers','1','71066132','TOCTO QUINTANA, ALEX FERNANDO',NULL,NULL,NULL,'PE',NULL,'06','0609','060901',NULL,'CAS MARIZAGUA',NULL,NULL,NULL,NULL,0.00,0,NULL,'{\"full_name\":null,\"phone\":null}',NULL,0.00,1,NULL,NULL,NULL,'2022-08-06 14:08:17','2022-08-06 14:08:17',1,0,NULL,0,NULL,NULL,0,'01',0.00),(231,'customers','1','43761347','MANCHAY PADILLA, REYNALDO',NULL,NULL,NULL,'PE',NULL,'01','0102','010202',NULL,'JR. AMAZONAS 00S/N CENT ARAMANGO',NULL,NULL,NULL,NULL,0.00,0,NULL,'{\"full_name\":null,\"phone\":null}',NULL,0.00,1,NULL,NULL,NULL,'2022-08-06 16:46:35','2022-08-06 16:46:35',1,0,NULL,0,NULL,NULL,0,'01',0.00),(232,'customers','1','77145572','SUKUT TSAMAJAIN, ELSA',NULL,NULL,NULL,'PE',NULL,'01','0102','010205',NULL,'COMUNID.NATIVA MEENTE - SHUSHUG',NULL,NULL,NULL,NULL,0.00,0,NULL,'{\"full_name\":null,\"phone\":null}',NULL,0.00,1,NULL,NULL,NULL,'2022-08-07 11:09:16','2022-08-07 11:09:16',1,0,NULL,0,NULL,NULL,0,'01',0.00),(233,'customers','1','45049187','DIAZ TORRES, WINKERMAN',NULL,NULL,NULL,'PE',NULL,'15','1501','150110',NULL,'COOP. PRIMAVERA MZ. A1 LT. 40',NULL,NULL,NULL,NULL,0.00,0,NULL,'{\"full_name\":null,\"phone\":null}',NULL,0.00,1,NULL,NULL,NULL,'2022-08-09 11:16:45','2022-08-09 11:16:45',1,0,NULL,0,NULL,NULL,0,'01',0.00),(234,'customers','0','999999222','Clientes - 4242',NULL,NULL,NULL,'PE',NULL,NULL,NULL,NULL,NULL,NULL,NULL,NULL,NULL,NULL,0.00,0,NULL,'{\"full_name\":null,\"phone\":null}',NULL,0.00,1,NULL,NULL,NULL,'2022-08-09 21:12:43','2022-08-09 21:12:43',1,0,NULL,0,NULL,NULL,0,'01',0.00),(235,'customers','1','46448187','LLAUCE GONZALES, ANA LIDIA',NULL,NULL,NULL,'PE',NULL,'01','0102','010201',NULL,'JR.PIURA C-04',NULL,NULL,NULL,NULL,0.00,0,NULL,'{\"full_name\":null,\"phone\":null}',NULL,0.00,1,NULL,NULL,NULL,'2022-08-11 20:45:07','2022-08-11 20:45:07',1,0,NULL,0,NULL,NULL,0,'01',0.00),(236,'customers','1','27823144','OCUPA OJEDA, CLARA NELIDA',NULL,NULL,NULL,'PE',NULL,'06','0609','060901',NULL,'CAS. CHILILIQUE',NULL,NULL,NULL,NULL,0.00,0,NULL,'{\"full_name\":null,\"phone\":null}',NULL,0.00,1,NULL,NULL,NULL,'2022-08-13 17:49:41','2022-08-13 17:49:41',1,0,NULL,0,NULL,NULL,0,'01',0.00),(237,'customers','0','9995787587','Clientes75875',NULL,NULL,NULL,'PE',NULL,NULL,NULL,NULL,NULL,NULL,NULL,NULL,NULL,NULL,0.00,0,NULL,'{\"full_name\":null,\"phone\":null}',NULL,0.00,1,NULL,NULL,NULL,'2022-08-13 20:16:27','2022-08-13 20:16:27',1,0,NULL,0,NULL,NULL,0,'01',0.00),(238,'customers','1','43208151','VASQUEZ CARRASCAL, SEGUNDO OSCAR',NULL,NULL,NULL,'PE',NULL,'01','0102','010203',NULL,'SECTOR MIRAFLORES',NULL,NULL,NULL,NULL,0.00,0,NULL,'{\"full_name\":null,\"phone\":null}',NULL,0.00,1,NULL,NULL,NULL,'2022-08-14 11:32:42','2022-08-14 11:32:42',1,0,NULL,0,NULL,NULL,0,'01',0.00),(239,'customers','1','43000564','CABRERA BARDALES, ELIAS',NULL,NULL,NULL,'PE',NULL,'01','0102','010206',NULL,'JR. CHACHAPOYAS 00 S/N',NULL,NULL,NULL,NULL,0.00,0,NULL,'{\"full_name\":null,\"phone\":null}',NULL,0.00,1,NULL,NULL,NULL,'2022-08-14 11:59:08','2022-08-14 11:59:08',1,0,NULL,0,NULL,NULL,0,'01',0.00),(240,'customers','0','9999233','Clientes53543',NULL,NULL,NULL,'PE',NULL,NULL,NULL,NULL,NULL,NULL,NULL,NULL,NULL,NULL,0.00,0,NULL,'{\"full_name\":null,\"phone\":null}',NULL,0.00,1,NULL,NULL,NULL,'2022-08-14 12:38:23','2022-08-14 12:38:23',1,0,NULL,0,NULL,NULL,0,'01',0.00),(241,'customers','1','45418374','DOMINGUEZ JARA, MANUEL ENRIQUE',NULL,NULL,NULL,'PE',NULL,'01','0102','010201',NULL,'C.POBLADO TOMAQUE',NULL,NULL,NULL,NULL,0.00,0,NULL,'{\"full_name\":null,\"phone\":null}',NULL,0.00,1,NULL,NULL,NULL,'2022-08-15 19:09:33','2022-08-15 19:09:33',1,0,NULL,0,NULL,NULL,0,'01',0.00),(242,'customers','1','43146141','MEGO VALQUI, NELSON',NULL,NULL,NULL,'PE',NULL,'01','0102','010201',NULL,'HUASCARAN 635',NULL,NULL,NULL,NULL,0.00,0,NULL,'{\"full_name\":null,\"phone\":null}',NULL,0.00,1,NULL,NULL,NULL,'2022-08-16 17:51:55','2022-08-16 17:51:55',1,0,NULL,0,NULL,NULL,0,'01',0.00),(243,'customers','0','992252','Clientes 525',NULL,NULL,NULL,'PE',NULL,NULL,NULL,NULL,NULL,NULL,NULL,NULL,NULL,NULL,0.00,0,NULL,'{\"full_name\":null,\"phone\":null}',NULL,0.00,1,NULL,NULL,NULL,'2022-08-17 18:09:36','2022-08-17 18:09:36',1,0,NULL,0,NULL,NULL,0,'01',0.00),(244,'customers','0','999252','Clientes - 252542',NULL,NULL,NULL,'PE',NULL,NULL,NULL,NULL,NULL,NULL,NULL,NULL,NULL,NULL,0.00,0,NULL,'{\"full_name\":null,\"phone\":null}',NULL,0.00,1,NULL,NULL,NULL,'2022-08-18 20:06:09','2022-08-18 20:06:09',1,0,NULL,0,NULL,NULL,0,'01',0.00),(245,'customers','0','9995535','Clientes - 53535',NULL,NULL,NULL,'PE',NULL,NULL,NULL,NULL,NULL,NULL,NULL,NULL,NULL,NULL,0.00,0,NULL,'{\"full_name\":null,\"phone\":null}',NULL,0.00,1,NULL,NULL,NULL,'2022-08-18 20:13:56','2022-08-18 20:13:56',1,0,NULL,0,NULL,NULL,0,'01',0.00),(246,'customers','0','999433','Clientes 556',NULL,NULL,NULL,'PE',NULL,NULL,NULL,NULL,NULL,NULL,NULL,NULL,NULL,NULL,0.00,0,NULL,'{\"full_name\":null,\"phone\":null}',NULL,0.00,1,NULL,NULL,NULL,'2022-08-19 21:00:25','2022-08-19 21:00:25',1,0,NULL,0,NULL,NULL,0,'01',0.00),(247,'customers','1','47752662','AKINTUI WASHIKAT, ELENGAY ELEDINO',NULL,NULL,NULL,'PE',NULL,'01','0102','010205',NULL,'COMUNIDAD NATIVA COCHA VERDE',NULL,NULL,NULL,NULL,0.00,0,NULL,'{\"full_name\":null,\"phone\":null}',NULL,0.00,1,NULL,NULL,NULL,'2022-08-20 16:37:12','2022-08-20 16:37:12',1,0,NULL,0,NULL,NULL,0,'01',0.00),(248,'customers','1','40771446','LEON QUISPE, LUCY',NULL,NULL,NULL,'PE',NULL,'01','0102','010206',NULL,'JR.LIMA 229',NULL,NULL,NULL,NULL,0.00,0,NULL,'{\"full_name\":null,\"phone\":null}',NULL,0.00,1,NULL,NULL,NULL,'2022-08-20 17:27:04','2022-08-20 17:27:04',1,0,NULL,0,NULL,NULL,0,'01',0.00),(249,'customers','0','999954363','Clientes - 636',NULL,NULL,NULL,'PE',NULL,NULL,NULL,NULL,NULL,NULL,NULL,NULL,NULL,NULL,0.00,0,NULL,'{\"full_name\":null,\"phone\":null}',NULL,0.00,1,NULL,NULL,NULL,'2022-08-21 14:04:12','2022-08-21 14:04:12',1,0,NULL,0,NULL,NULL,0,'01',0.00),(250,'customers','0','56353','Clientes 5785',NULL,NULL,NULL,'PE',NULL,NULL,NULL,NULL,NULL,NULL,NULL,NULL,NULL,NULL,0.00,0,NULL,'{\"full_name\":null,\"phone\":null}',NULL,0.00,1,NULL,NULL,NULL,'2022-08-22 20:15:28','2022-08-22 20:15:28',1,0,NULL,0,NULL,NULL,0,'01',0.00),(251,'customers','0','5436543','Clientes 4252',NULL,NULL,NULL,'PE',NULL,NULL,NULL,NULL,NULL,NULL,NULL,NULL,NULL,NULL,0.00,0,NULL,'{\"full_name\":null,\"phone\":null}',NULL,0.00,1,NULL,NULL,NULL,'2022-08-22 20:17:40','2022-08-22 20:17:40',1,0,NULL,0,NULL,NULL,0,'01',0.00),(252,'customers','0','9999565','Clientes - 36533',NULL,NULL,NULL,'PE',NULL,NULL,NULL,NULL,NULL,NULL,NULL,NULL,NULL,NULL,0.00,0,NULL,'{\"full_name\":null,\"phone\":null}',NULL,0.00,1,NULL,NULL,NULL,'2022-08-25 22:17:32','2022-08-25 22:17:32',1,0,NULL,0,NULL,NULL,0,'01',0.00),(253,'customers','0','993653','Clientes - 566+5',NULL,NULL,NULL,'PE',NULL,NULL,NULL,NULL,NULL,NULL,NULL,NULL,NULL,NULL,0.00,0,NULL,'{\"full_name\":null,\"phone\":null}',NULL,0.00,1,NULL,NULL,NULL,'2022-08-25 22:18:43','2022-08-25 22:18:43',1,0,NULL,0,NULL,NULL,0,'01',0.00),(254,'customers','1','40760817','NUÑEZ ABANTO, YENI GRISELDA',NULL,NULL,NULL,'PE',NULL,'01','0102','010204',NULL,'AV. TUPAC AMARU 776 CIUDAD DISTRITO',NULL,NULL,NULL,NULL,0.00,0,NULL,'{\"full_name\":null,\"phone\":null}',NULL,0.00,1,NULL,NULL,NULL,'2022-08-26 18:00:46','2022-08-26 18:00:46',1,0,NULL,0,NULL,NULL,0,'01',0.00),(255,'customers','0','999425','Client542535',NULL,NULL,NULL,'PE',NULL,NULL,NULL,NULL,NULL,NULL,NULL,NULL,NULL,NULL,0.00,0,NULL,'{\"full_name\":null,\"phone\":null}',NULL,0.00,1,NULL,NULL,NULL,'2022-08-26 18:35:19','2022-08-26 18:35:19',1,0,NULL,0,NULL,NULL,0,'01',0.00),(256,'customers','1','71099094','SAUCEDO RUIZ, BRAIN CHARLIE',NULL,NULL,NULL,'PE',NULL,'01','0102','010201',NULL,'JR. MESONES MURO 307',NULL,NULL,NULL,NULL,0.00,0,NULL,'{\"full_name\":null,\"phone\":null}',NULL,0.00,1,NULL,NULL,NULL,'2022-08-26 20:41:42','2022-08-26 20:41:42',1,0,NULL,0,NULL,NULL,0,'01',0.00),(257,'customers','1','44157935','DE LOS SANTOS ORDOÑEZ, ELIANA YUDITH',NULL,NULL,NULL,'PE',NULL,'01','0102','010201',NULL,'JR.MADRE DE DIOS C.01 BAGUA',NULL,NULL,NULL,NULL,0.00,0,NULL,'{\"full_name\":null,\"phone\":null}',NULL,0.00,1,NULL,NULL,NULL,'2022-08-27 10:23:49','2022-08-27 10:23:49',1,0,NULL,0,NULL,NULL,0,'01',0.00),(258,'customers','0','99455','Clientes - 5656',NULL,NULL,NULL,'PE',NULL,NULL,NULL,NULL,NULL,NULL,NULL,NULL,NULL,NULL,0.00,0,NULL,'{\"full_name\":null,\"phone\":null}',NULL,0.00,1,NULL,NULL,NULL,'2022-08-27 21:29:58','2022-08-27 21:29:58',1,0,NULL,0,NULL,NULL,0,'01',0.00),(259,'customers','0','9956353','Clientes 565',NULL,NULL,NULL,'PE',NULL,NULL,NULL,NULL,NULL,NULL,NULL,NULL,NULL,NULL,0.00,0,NULL,'{\"full_name\":null,\"phone\":null}',NULL,0.00,1,NULL,NULL,NULL,'2022-08-27 21:30:51','2022-08-27 21:30:51',1,0,NULL,0,NULL,NULL,0,'01',0.00),(260,'customers','0','70890635','Clientes -7545',NULL,NULL,NULL,'PE',NULL,NULL,NULL,NULL,NULL,NULL,NULL,NULL,NULL,NULL,0.00,0,NULL,'{\"full_name\":null,\"phone\":null}',NULL,0.00,1,NULL,NULL,NULL,'2022-08-28 12:05:59','2022-08-28 12:05:59',1,0,NULL,0,NULL,NULL,0,'01',0.00),(261,'customers','0','9994542','Clientes - 556',NULL,NULL,NULL,'PE',NULL,NULL,NULL,NULL,NULL,NULL,NULL,NULL,NULL,NULL,0.00,0,NULL,'{\"full_name\":null,\"phone\":null}',NULL,0.00,1,NULL,NULL,NULL,'2022-08-28 12:08:34','2022-08-28 12:08:34',1,0,NULL,0,NULL,NULL,0,'01',0.00),(262,'customers','1','73873968','HERRERA CASTAÑEDA, ELIAS',NULL,NULL,NULL,'PE',NULL,'01','0107','010705',NULL,'CASERIO EL ASERRADERO',NULL,NULL,NULL,NULL,0.00,0,NULL,'{\"full_name\":null,\"phone\":null}',NULL,0.00,1,NULL,NULL,NULL,'2022-08-29 16:58:51','2022-08-29 16:58:51',1,0,NULL,0,NULL,NULL,0,'01',0.00),(263,'customers','1','46942245','ZULUETA TOLENTINO, ADARLIT',NULL,NULL,NULL,'PE',NULL,'01','0102','010201',NULL,'JR.CERRO DE PASCO C-03',NULL,NULL,NULL,NULL,0.00,0,NULL,'{\"full_name\":null,\"phone\":null}',NULL,0.00,1,NULL,NULL,NULL,'2022-08-31 18:48:30','2022-08-31 18:48:30',1,0,NULL,0,NULL,NULL,0,'01',0.00),(264,'customers','0','95252','Clientes 52543',NULL,NULL,NULL,'PE',NULL,NULL,NULL,NULL,NULL,NULL,NULL,NULL,NULL,NULL,0.00,0,NULL,'{\"full_name\":null,\"phone\":null}',NULL,0.00,1,NULL,NULL,NULL,'2022-08-31 20:11:58','2022-08-31 20:11:58',1,0,NULL,0,NULL,NULL,0,'01',0.00),(265,'customers','0','999923','Clientes - 3',NULL,NULL,NULL,'PE',NULL,NULL,NULL,NULL,NULL,NULL,NULL,NULL,NULL,NULL,0.00,0,NULL,'{\"full_name\":null,\"phone\":null}',NULL,0.00,1,NULL,NULL,NULL,'2022-09-01 19:33:30','2022-09-01 19:33:30',1,0,NULL,0,NULL,NULL,0,'01',0.00),(266,'customers','0','99995633','Clientes - 56665456',NULL,NULL,NULL,'PE',NULL,NULL,NULL,NULL,NULL,NULL,NULL,NULL,NULL,NULL,0.00,0,NULL,'{\"full_name\":null,\"phone\":null}',NULL,0.00,1,NULL,NULL,NULL,'2022-09-01 19:33:47','2022-09-01 19:33:47',1,0,NULL,0,NULL,NULL,0,'01',0.00),(267,'customers','1','44856240','TOCTO RUEDA, JHON DEYER',NULL,NULL,NULL,'PE',NULL,'15','1501','150143',NULL,'AV. EL SOL 912 P.J CERCADO MZ. J9 LT. 5B',NULL,NULL,NULL,NULL,0.00,0,NULL,'{\"full_name\":null,\"phone\":null}',NULL,0.00,1,NULL,NULL,NULL,'2022-09-03 13:17:02','2022-09-03 13:17:02',1,0,NULL,0,NULL,NULL,0,'01',0.00),(268,'customers','1','42669166','TARRILLO ROJAS, ERIBERTO',NULL,NULL,NULL,'PE',NULL,'01','0102','010201',NULL,'AV. 28 DE JULIO 905',NULL,NULL,NULL,NULL,0.00,0,NULL,'{\"full_name\":null,\"phone\":null}',NULL,0.00,1,NULL,NULL,NULL,'2022-09-03 16:32:01','2022-09-03 16:32:01',1,0,NULL,0,NULL,NULL,0,'01',0.00),(269,'customers','0','995654','Clientes - 6566',NULL,NULL,NULL,'PE',NULL,NULL,NULL,NULL,NULL,NULL,NULL,NULL,NULL,NULL,0.00,0,NULL,'{\"full_name\":null,\"phone\":null}',NULL,0.00,1,NULL,NULL,NULL,'2022-09-05 21:06:10','2022-09-05 21:06:10',1,0,NULL,0,NULL,NULL,0,'01',0.00),(270,'customers','1','27420348','REQUEJO VASQUEZ, MARLENI',NULL,NULL,NULL,'PE',NULL,'06','0604','060401',NULL,'AV. INCA GARCILAZO DE LA VEGA 652',NULL,NULL,NULL,NULL,0.00,0,NULL,'{\"full_name\":null,\"phone\":null}',NULL,0.00,1,NULL,NULL,NULL,'2022-09-07 20:12:32','2022-09-07 20:12:32',1,0,NULL,0,NULL,NULL,0,'01',0.00),(271,'customers','1','74914378','CELIZ HUAMAN, ELZER',NULL,NULL,NULL,'PE',NULL,'01','0105','010508',NULL,'ANEXO SAN PABLO',NULL,NULL,NULL,NULL,0.00,0,NULL,'{\"full_name\":null,\"phone\":null}',NULL,0.00,1,NULL,NULL,NULL,'2022-09-08 20:40:12','2022-09-08 20:40:12',1,0,NULL,0,NULL,NULL,0,'01',0.00),(272,'customers','1','43339230','GARCIA VASQUEZ, SAMUEL',NULL,NULL,NULL,'PE',NULL,'06','0609','060906',NULL,'CASERIO VILLA RICA',NULL,NULL,NULL,NULL,0.00,0,NULL,'{\"full_name\":null,\"phone\":null}',NULL,0.00,1,NULL,NULL,NULL,'2022-09-09 11:18:12','2022-09-09 11:18:12',1,0,NULL,0,NULL,NULL,0,'01',0.00),(273,'customers','1','33588920','BALLE CARRASCO, SIMON',NULL,NULL,NULL,'PE',NULL,'01','0102','010201',NULL,'SECTOR EL HORNO',NULL,NULL,NULL,NULL,0.00,0,NULL,'{\"full_name\":null,\"phone\":null}',NULL,0.00,1,NULL,NULL,NULL,'2022-09-09 18:33:50','2022-09-09 18:33:50',1,0,NULL,0,NULL,NULL,0,'01',0.00),(274,'customers','0','98966','Clientes - 561414',NULL,NULL,NULL,'PE',NULL,NULL,NULL,NULL,NULL,NULL,NULL,NULL,NULL,NULL,0.00,0,NULL,'{\"full_name\":null,\"phone\":null}',NULL,0.00,1,NULL,NULL,NULL,'2022-09-10 17:54:48','2022-09-10 17:54:48',1,0,NULL,0,NULL,NULL,0,'01',0.00),(275,'customers','0','532532','Clientes -545',NULL,NULL,NULL,'PE',NULL,NULL,NULL,NULL,NULL,NULL,NULL,NULL,NULL,NULL,0.00,0,NULL,'{\"full_name\":null,\"phone\":null}',NULL,0.00,1,NULL,NULL,NULL,'2022-09-12 19:33:23','2022-09-12 19:33:23',1,0,NULL,0,NULL,NULL,0,'01',0.00),(276,'customers','0','9999564','Clientes 5456',NULL,NULL,NULL,'PE',NULL,NULL,NULL,NULL,NULL,NULL,NULL,NULL,NULL,NULL,0.00,0,NULL,'{\"full_name\":null,\"phone\":null}',NULL,0.00,1,NULL,NULL,NULL,'2022-09-13 21:01:05','2022-09-13 21:01:05',1,0,NULL,0,NULL,NULL,0,'01',0.00),(277,'customers','1','33591952','GUERRERO NAUCA, PORFIRIO',NULL,NULL,NULL,'PE',NULL,'01','0102','010201',NULL,'GAMONAL 100 - LOS OLIVOS BAGUA',NULL,NULL,NULL,NULL,0.00,0,NULL,'{\"full_name\":null,\"phone\":null}',NULL,0.00,1,NULL,NULL,NULL,'2022-09-14 21:13:41','2022-09-14 21:13:41',1,0,NULL,0,NULL,NULL,0,'01',0.00),(278,'customers','0','9994546','Clientes - 56356',NULL,NULL,NULL,'PE',NULL,NULL,NULL,NULL,NULL,NULL,NULL,NULL,NULL,NULL,0.00,0,NULL,'{\"full_name\":null,\"phone\":null}',NULL,0.00,1,NULL,NULL,NULL,'2022-09-15 19:30:09','2022-09-15 19:30:09',1,0,NULL,0,NULL,NULL,0,'01',0.00),(279,'customers','6','10744675478','SANTOS SANTOS SOLIS HEYNER',NULL,NULL,NULL,'PE',NULL,NULL,NULL,NULL,NULL,NULL,'HABIDO','ACTIVO',NULL,NULL,0.00,0,NULL,'{\"full_name\":null,\"phone\":null}',NULL,0.00,1,NULL,NULL,NULL,'2022-09-17 20:20:08','2022-09-17 20:20:08',1,0,NULL,0,NULL,NULL,0,'01',0.00),(280,'customers','0','9991324','Clientes - 43534',NULL,NULL,NULL,'PE',NULL,NULL,NULL,NULL,NULL,NULL,NULL,NULL,NULL,NULL,0.00,0,NULL,'{\"full_name\":null,\"phone\":null}',NULL,0.00,1,NULL,NULL,NULL,'2022-09-17 21:06:54','2022-09-17 21:06:54',1,0,NULL,0,NULL,NULL,0,'01',0.00),(281,'customers','1','75557185','GARCIA OJEDA, MARIO ALEX',NULL,NULL,NULL,'PE',NULL,'06','0609','060901',NULL,'CAS FRANCISCO BOLOGNESI',NULL,NULL,NULL,NULL,0.00,0,NULL,'{\"full_name\":null,\"phone\":null}',NULL,0.00,1,NULL,NULL,NULL,'2022-09-19 10:52:59','2022-09-19 10:52:59',1,0,NULL,0,NULL,NULL,0,'01',0.00),(282,'customers','1','44607990','ARQUIMEDES CARMONA, SUSAN LYNN SYBILA',NULL,NULL,NULL,'PE',NULL,'15','1501','150108',NULL,'CALLE LAS ANTARAS 255 INT. D URB SAN JUAN BAUTISTA DE VILLA',NULL,NULL,NULL,NULL,0.00,0,NULL,'{\"full_name\":null,\"phone\":null}',NULL,0.00,1,NULL,NULL,NULL,'2022-09-19 11:38:10','2022-09-19 11:38:10',1,0,NULL,0,NULL,NULL,0,'01',0.00),(283,'customers','0','567366','Clientes - 4567336',NULL,NULL,NULL,'PE',NULL,NULL,NULL,NULL,NULL,NULL,NULL,NULL,NULL,NULL,0.00,0,NULL,'{\"full_name\":null,\"phone\":null}',NULL,0.00,1,NULL,NULL,NULL,'2022-09-19 21:10:28','2022-09-19 21:10:28',1,0,NULL,0,NULL,NULL,0,'01',0.00),(284,'customers','0','16206','MUNICIPIO ESCOLAR DE LA I.E. N 16206',NULL,NULL,NULL,'PE',NULL,NULL,NULL,NULL,NULL,NULL,NULL,NULL,NULL,NULL,0.00,0,NULL,'{\"full_name\":null,\"phone\":null}',NULL,0.00,1,NULL,NULL,NULL,'2022-09-19 21:19:14','2022-09-19 21:19:14',1,0,NULL,0,NULL,NULL,0,'01',0.00),(285,'customers','1','40762024','ANTINORI REQUEJO, LILI MIRIAM',NULL,NULL,NULL,'PE',NULL,'01','0102','010201',NULL,'JR.29 DE AGOSTO 330',NULL,NULL,NULL,NULL,0.00,0,NULL,'{\"full_name\":null,\"phone\":null}',NULL,0.00,1,NULL,NULL,NULL,'2022-09-19 21:21:30','2022-09-19 21:21:30',1,0,NULL,0,NULL,NULL,0,'01',0.00),(286,'customers','1','33566785','RODRIGO TAMAYA, MARIA ISABEL',NULL,NULL,NULL,'PE',NULL,'01','0102','010201',NULL,'HEROES DEL CENEPA C-1',NULL,NULL,NULL,NULL,0.00,0,NULL,'{\"full_name\":null,\"phone\":null}',NULL,0.00,1,NULL,NULL,NULL,'2022-09-20 10:40:36','2022-09-20 10:40:36',1,0,NULL,0,NULL,NULL,0,'01',0.00),(287,'customers','0','5885','Clientes - 7676',NULL,NULL,NULL,'PE',NULL,NULL,NULL,NULL,NULL,NULL,NULL,NULL,NULL,NULL,0.00,0,NULL,'{\"full_name\":null,\"phone\":null}',NULL,0.00,1,NULL,NULL,NULL,'2022-09-20 18:26:16','2022-09-20 18:26:16',1,0,NULL,0,NULL,NULL,0,'01',0.00),(288,'customers','1','44515175','NAIRA PEÑA, JORGE LUIS',NULL,NULL,NULL,'PE',NULL,'06','0609','060901',NULL,'CASERIO SAN ANTONIO DE LA BALSA',NULL,NULL,NULL,NULL,0.00,0,NULL,'{\"full_name\":null,\"phone\":null}',NULL,0.00,1,NULL,NULL,NULL,'2022-09-21 16:03:28','2022-09-21 16:03:28',1,0,NULL,0,NULL,NULL,0,'01',0.00),(289,'customers','1','48001382','VILCHEZ CELIS, EDIL',NULL,NULL,NULL,'PE',NULL,'06','0608','060801',NULL,'CALLE IQUITOS 1664 SEC. PUEBLO NUEVO',NULL,NULL,NULL,NULL,0.00,0,NULL,'{\"full_name\":null,\"phone\":null}',NULL,0.00,1,NULL,NULL,NULL,'2022-09-21 17:10:56','2022-09-21 17:10:56',1,0,NULL,0,NULL,NULL,0,'01',0.00),(290,'customers','0','995363','Clientes -56466',NULL,NULL,NULL,'PE',NULL,NULL,NULL,NULL,NULL,NULL,NULL,NULL,NULL,NULL,0.00,0,NULL,'{\"full_name\":null,\"phone\":null}',NULL,0.00,1,NULL,NULL,NULL,'2022-09-21 17:22:04','2022-09-21 17:22:04',1,0,NULL,0,NULL,NULL,0,'01',0.00),(291,'customers','0','9999456','Clientes - 646',NULL,NULL,NULL,'PE',NULL,NULL,NULL,NULL,NULL,NULL,NULL,NULL,NULL,NULL,0.00,0,NULL,'{\"full_name\":null,\"phone\":null}',NULL,0.00,1,NULL,NULL,NULL,'2022-09-22 21:14:58','2022-09-22 21:14:58',1,0,NULL,0,NULL,NULL,0,'01',0.00),(292,'customers','1','46508535','CAMACHO CHINCHAY, LUZMERI',NULL,NULL,NULL,'PE',NULL,'06','0609','060906',NULL,'CAS.PEDREGAL',NULL,NULL,NULL,NULL,0.00,0,NULL,'{\"full_name\":null,\"phone\":null}',NULL,0.00,1,NULL,NULL,NULL,'2022-09-23 11:02:53','2022-09-23 11:02:53',1,0,NULL,0,NULL,NULL,0,'01',0.00),(293,'customers','1','74472350','SANTA CRUZ ROJAS, EDILBRANDO',NULL,NULL,NULL,'PE',NULL,'01','0102','010201',NULL,'JR. ICA 300',NULL,NULL,NULL,NULL,0.00,0,NULL,'{\"full_name\":null,\"phone\":null}',NULL,0.00,1,NULL,NULL,NULL,'2022-09-24 15:52:26','2022-09-24 15:52:26',1,0,NULL,0,NULL,NULL,0,'01',0.00),(294,'customers','1','09803945','KININ INCHIPISH, EDILBERTO',NULL,NULL,NULL,'PE',NULL,'01','0102','010205',NULL,'CALLE TIWIENTSA S/N C.POBLADO CHIRIACO',NULL,NULL,NULL,NULL,0.00,0,NULL,'{\"full_name\":null,\"phone\":null}',NULL,0.00,1,NULL,NULL,NULL,'2022-09-24 18:39:54','2022-09-24 18:39:54',1,0,NULL,0,NULL,NULL,0,'01',0.00),(295,'customers','1','61946399','GARCIA DIAZ, FRANKLIN OMAR',NULL,NULL,NULL,'PE',NULL,'06','0609','060906',NULL,'CAS VILLARICA',NULL,NULL,NULL,NULL,0.00,0,NULL,'{\"full_name\":null,\"phone\":null}',NULL,0.00,1,NULL,NULL,NULL,'2022-09-24 19:22:49','2022-09-24 19:22:49',1,0,NULL,0,NULL,NULL,0,'01',0.00),(296,'customers','0','999945253','Clien525432',NULL,NULL,NULL,'PE',NULL,NULL,NULL,NULL,NULL,NULL,NULL,NULL,NULL,NULL,0.00,0,NULL,'{\"full_name\":null,\"phone\":null}',NULL,0.00,1,NULL,NULL,NULL,'2022-09-25 13:27:50','2022-09-25 13:27:50',1,0,NULL,0,NULL,NULL,0,'01',0.00),(297,'customers','1','25853086','HUAMAN PEÑA, HAYDEE',NULL,NULL,NULL,'PE',NULL,'06','0609','060901',NULL,'JR. MARIANO MELGAR 110',NULL,NULL,NULL,NULL,0.00,0,NULL,'{\"full_name\":null,\"phone\":null}',NULL,0.00,1,NULL,NULL,NULL,'2022-09-26 15:15:03','2022-09-26 15:15:03',1,0,NULL,0,NULL,NULL,0,'01',0.00),(298,'customers','0','546546','Clientes 6546',NULL,NULL,NULL,'PE',NULL,NULL,NULL,NULL,NULL,NULL,NULL,NULL,NULL,NULL,0.00,0,NULL,'{\"full_name\":null,\"phone\":null}',NULL,0.00,1,NULL,NULL,NULL,'2022-09-28 20:52:31','2022-09-28 20:52:31',1,0,NULL,0,NULL,NULL,0,'01',0.00),(299,'customers','0','5365454','Clientes - 565',NULL,NULL,NULL,'PE',NULL,NULL,NULL,NULL,NULL,NULL,NULL,NULL,NULL,NULL,0.00,0,NULL,'{\"full_name\":null,\"phone\":null}',NULL,0.00,1,NULL,NULL,NULL,'2022-09-29 20:09:35','2022-09-29 20:09:35',1,0,NULL,0,NULL,NULL,0,'01',0.00),(300,'customers','1','77495694','TIMIAS BIKAYU, JHACK',NULL,NULL,NULL,'PE',NULL,'15','1501','150115',NULL,'SECTOR 4 LT. 22',NULL,NULL,NULL,NULL,0.00,0,NULL,'{\"full_name\":null,\"phone\":null}',NULL,0.00,1,NULL,NULL,NULL,'2022-09-30 18:50:20','2022-09-30 18:50:20',1,0,NULL,0,NULL,NULL,0,'01',0.00),(301,'customers','6','20602056750','CENTRO MEDICO ESPECIALIZADO Y SALUD OCUPACIONAL SR. DE LOS MILAGROS EPS EIRL',NULL,NULL,NULL,'PE',NULL,'16','1602','160201',NULL,'PROGRESO NRO. 322','HABIDO','ACTIVO',NULL,NULL,0.00,0,NULL,'{\"full_name\":null,\"phone\":null}',NULL,0.00,1,NULL,NULL,NULL,'2022-10-01 21:07:44','2022-10-01 21:07:44',1,0,NULL,0,NULL,NULL,0,'01',0.00),(302,'customers','1','41432065','DAVILA GRANADOS, JOSE WETHLER',NULL,NULL,NULL,'PE',NULL,'01','0102','010201',NULL,'JR. TACNA 750',NULL,NULL,NULL,NULL,0.00,0,NULL,'{\"full_name\":null,\"phone\":null}',NULL,0.00,1,NULL,NULL,NULL,'2022-10-02 10:48:49','2022-10-02 10:48:49',1,0,NULL,0,NULL,NULL,0,'01',0.00),(303,'customers','1','77432278','PUJUPAT PAATI, FRANCO BRAULIO',NULL,NULL,NULL,'PE',NULL,'01','0102','010205',NULL,'COMUNID.NATIVA KUSU KUNCHIN',NULL,NULL,NULL,NULL,0.00,0,NULL,'{\"full_name\":null,\"phone\":null}',NULL,0.00,1,NULL,NULL,NULL,'2022-10-03 17:47:14','2022-10-03 17:47:14',1,0,NULL,0,NULL,NULL,0,'01',0.00),(304,'customers','1','43554064','GARCIA OJEDA, AMPARITO MELINA',NULL,NULL,NULL,'PE',NULL,'06','0609','060901',NULL,'CASERIO FRANCISCO BOLOGNESI',NULL,NULL,NULL,NULL,0.00,0,NULL,'{\"full_name\":null,\"phone\":null}',NULL,0.00,1,NULL,NULL,NULL,'2022-10-05 14:47:37','2022-10-05 14:47:37',1,0,NULL,0,NULL,NULL,0,'01',0.00),(305,'customers','1','46442725','PEÑA QUINDE, ISMAEL',NULL,NULL,NULL,'PE',NULL,'15','1501','150134',NULL,'AV. DE LA ROSA TORO 618',NULL,NULL,NULL,NULL,0.00,0,NULL,'{\"full_name\":null,\"phone\":null}',NULL,0.00,1,NULL,NULL,NULL,'2022-10-06 18:33:43','2022-10-06 18:33:43',1,0,NULL,0,NULL,NULL,0,'01',0.00),(306,'customers','1','27834514','TOCTO ABAD, FAUSTINA',NULL,NULL,NULL,'PE',NULL,'06','0609','060901',NULL,'CASERIO BARRIO NUEVO',NULL,NULL,NULL,NULL,0.00,0,NULL,'{\"full_name\":null,\"phone\":null}',NULL,0.00,1,NULL,NULL,NULL,'2022-10-07 10:02:44','2022-10-07 10:02:44',1,0,NULL,0,NULL,NULL,0,'01',0.00),(307,'customers','0','422','Clientes 5466',NULL,NULL,NULL,'PE',NULL,NULL,NULL,NULL,NULL,NULL,NULL,NULL,NULL,NULL,0.00,0,NULL,'{\"full_name\":null,\"phone\":null}',NULL,0.00,1,NULL,NULL,NULL,'2022-10-07 16:03:04','2022-10-07 16:03:04',1,0,NULL,0,NULL,NULL,0,'01',0.00),(308,'customers','0','999995','Clientes - V542',NULL,NULL,NULL,'PE',NULL,NULL,NULL,NULL,NULL,NULL,NULL,NULL,NULL,NULL,0.00,0,NULL,'{\"full_name\":null,\"phone\":null}',NULL,0.00,1,NULL,NULL,NULL,'2022-10-07 16:07:04','2022-10-07 16:07:04',1,0,NULL,0,NULL,NULL,0,'01',0.00),(309,'customers','0','99995536','Clientes - 633',NULL,NULL,NULL,'PE',NULL,NULL,NULL,NULL,NULL,NULL,NULL,NULL,NULL,NULL,0.00,0,NULL,'{\"full_name\":null,\"phone\":null}',NULL,0.00,1,NULL,NULL,NULL,'2022-10-08 19:16:57','2022-10-08 19:16:57',1,0,NULL,0,NULL,NULL,0,'01',0.00),(310,'customers','0','999945646','Clientes - 896876',NULL,NULL,NULL,'PE',NULL,NULL,NULL,NULL,NULL,NULL,NULL,NULL,NULL,NULL,0.00,0,NULL,'{\"full_name\":null,\"phone\":null}',NULL,0.00,1,NULL,NULL,NULL,'2022-10-08 19:20:21','2022-10-08 19:20:21',1,0,NULL,0,NULL,NULL,0,'01',0.00),(311,'customers','0','354353','Clientes - 6363',NULL,NULL,NULL,'PE',NULL,NULL,NULL,NULL,NULL,NULL,NULL,NULL,NULL,NULL,0.00,0,NULL,'{\"full_name\":null,\"phone\":null}',NULL,0.00,1,NULL,NULL,NULL,'2022-10-08 21:21:39','2022-10-08 21:21:39',1,0,NULL,0,NULL,NULL,0,'01',0.00),(312,'customers','1','40560617','QUIROZ PEREZ, ENMA MARIELA',NULL,NULL,NULL,'PE',NULL,'01','0102','010201',NULL,'CIRCUNVALACION 235',NULL,NULL,NULL,NULL,0.00,0,NULL,'{\"full_name\":null,\"phone\":null}',NULL,0.00,1,NULL,NULL,NULL,'2022-10-11 19:52:50','2022-10-11 19:52:50',1,0,NULL,0,NULL,NULL,0,'01',0.00),(313,'customers','0','5343','Clientes - 5633',NULL,NULL,NULL,'PE',NULL,NULL,NULL,NULL,NULL,NULL,NULL,NULL,NULL,NULL,0.00,0,NULL,'{\"full_name\":null,\"phone\":null}',NULL,0.00,1,NULL,NULL,NULL,'2022-10-11 19:54:34','2022-10-11 19:54:34',1,0,NULL,0,NULL,NULL,0,'01',0.00),(314,'customers','0','666654','Clientes - 6898',NULL,NULL,NULL,'PE',NULL,NULL,NULL,NULL,NULL,NULL,NULL,NULL,NULL,NULL,0.00,0,NULL,'{\"full_name\":null,\"phone\":null}',NULL,0.00,1,NULL,NULL,NULL,'2022-10-12 20:17:19','2022-10-12 20:17:19',1,0,NULL,0,NULL,NULL,0,'01',0.00),(315,'customers','0','99999456','Clientes - 566',NULL,NULL,NULL,'PE',NULL,NULL,NULL,NULL,NULL,NULL,NULL,NULL,NULL,NULL,0.00,0,NULL,'{\"full_name\":null,\"phone\":null}',NULL,0.00,1,NULL,NULL,NULL,'2022-10-12 20:20:47','2022-10-12 20:20:47',1,0,NULL,0,NULL,NULL,0,'01',0.00),(316,'customers','1','27745236','CORDOVA MARTINEZ, DANILO ISABEL',NULL,NULL,NULL,'PE',NULL,'06','0608','060801',NULL,'CALLE HUAMANTANGA 2021',NULL,NULL,NULL,NULL,0.00,0,NULL,'{\"full_name\":null,\"phone\":null}',NULL,0.00,1,NULL,NULL,NULL,'2022-10-13 13:18:07','2022-10-13 13:18:07',1,0,NULL,0,NULL,NULL,0,'01',0.00),(317,'customers','0','6','VENTAS DEL DÍA',NULL,NULL,NULL,'PE',NULL,NULL,NULL,NULL,NULL,NULL,NULL,NULL,NULL,NULL,0.00,0,NULL,'{\"full_name\":null,\"phone\":null}',NULL,0.00,1,NULL,NULL,NULL,'2022-10-14 21:03:22','2022-10-14 21:03:22',1,0,NULL,0,NULL,NULL,0,'01',0.00),(318,'customers','1','48582812','ZURITA HERRERA, MARIA LISAURA',NULL,NULL,NULL,'PE','PE','06','0609','060901',NULL,'CAS. UNION LAS MERCEDES',NULL,NULL,NULL,NULL,0.00,0,NULL,'{\"full_name\":null,\"phone\":null}',NULL,0.00,1,NULL,NULL,NULL,'2022-10-15 11:30:29','2022-10-15 11:30:29',1,0,NULL,0,NULL,NULL,0,'01',0.00),(319,'customers','1','75582368','CORDOVA MEGO, JHORLY ANTHONY',NULL,NULL,NULL,'PE','PE','06','0609','060901',NULL,'CAS NUEVO ORIENTE',NULL,NULL,NULL,NULL,0.00,0,NULL,'{\"full_name\":null,\"phone\":null}',NULL,0.00,1,NULL,NULL,NULL,'2022-10-15 12:31:13','2022-10-15 12:31:13',1,0,NULL,0,NULL,NULL,0,'01',0.00),(320,'customers','1','48919971','REYES RIVERA, MARLENY',NULL,NULL,NULL,'PE','PE','06','0609','060906',NULL,'CAS. FAIQUE',NULL,NULL,NULL,NULL,0.00,0,NULL,'{\"full_name\":null,\"phone\":null}',NULL,0.00,1,NULL,NULL,NULL,'2022-10-16 10:18:08','2022-10-16 10:18:08',1,0,NULL,0,NULL,NULL,0,'01',0.00),(321,'customers','1','71053400','YANAYACO CUNYA, GLADYS',NULL,NULL,NULL,'PE','PE','06','0609','060906',NULL,'CASERIO EL FAIQUE',NULL,NULL,NULL,NULL,0.00,0,NULL,'{\"full_name\":null,\"phone\":null}',NULL,0.00,1,NULL,NULL,NULL,'2022-10-16 12:18:42','2022-10-16 12:18:42',1,0,NULL,0,NULL,NULL,0,'01',0.00),(322,'customers','1','44163723','RUIZ GARCIA, MANUEL',NULL,NULL,NULL,'PE','PE','06','0609','060901',NULL,'CAS UNION LAS MERCEDES',NULL,NULL,NULL,NULL,0.00,0,NULL,'{\"full_name\":null,\"phone\":null}',NULL,0.00,1,NULL,NULL,NULL,'2022-10-17 08:42:44','2022-10-17 08:42:44',1,0,NULL,0,NULL,NULL,0,'01',0.00),(323,'customers','1','33568336','MERINO BANCES, FERNANDO EDGAR',NULL,NULL,NULL,'PE','PE','01','0102','010201',NULL,'LAS JUNTAS C-3',NULL,NULL,NULL,NULL,0.00,0,NULL,'{\"full_name\":null,\"phone\":null}',NULL,0.00,1,NULL,NULL,NULL,'2022-10-22 17:03:48','2022-10-22 17:03:48',1,0,NULL,0,NULL,NULL,0,'01',0.00),(324,'customers','0','51456456456','Clientes154545454',NULL,NULL,NULL,'PE','PE',NULL,NULL,NULL,NULL,NULL,NULL,NULL,NULL,NULL,0.00,0,NULL,'{\"full_name\":null,\"phone\":null}',NULL,0.00,1,NULL,NULL,NULL,'2022-10-22 17:26:19','2022-10-22 17:26:19',1,0,NULL,0,NULL,NULL,0,'01',0.00),(325,'customers','0','1224','Clientes1224',NULL,NULL,NULL,'PE','PE','01',NULL,NULL,NULL,NULL,NULL,NULL,NULL,NULL,0.00,0,1,'{\"full_name\":null,\"phone\":null}',NULL,0.00,1,NULL,NULL,NULL,'2022-10-22 17:35:40','2022-10-22 17:35:40',1,0,NULL,0,NULL,NULL,0,'01',0.00),(326,'customers','0','15614','Clientes - 162561',NULL,NULL,NULL,'PE','PE',NULL,NULL,NULL,NULL,NULL,NULL,NULL,NULL,NULL,0.00,0,NULL,'{\"full_name\":null,\"phone\":null}',NULL,0.00,1,NULL,NULL,NULL,'2022-10-22 21:06:56','2022-10-22 21:06:56',1,0,NULL,0,NULL,NULL,0,'01',0.00),(327,'customers','1','43080942','SANCHEZ BERNAL, GIULIANA LISSET',NULL,NULL,NULL,'PE','PE','14','1401','140117',NULL,'CALLE MANUEL ANTONIO MESONES MURO 0061 C.POBLADO POSOPE ALTO MZ. 58 LT. 0006',NULL,NULL,NULL,NULL,0.00,0,NULL,'{\"full_name\":null,\"phone\":null}',NULL,0.00,1,NULL,NULL,NULL,'2022-10-23 12:37:35','2022-10-23 12:37:35',1,0,NULL,0,NULL,NULL,0,'01',0.00),(328,'customers','1','41518429','CAJUSOL ZEÑA, MARIA NATIVIDAD',NULL,NULL,NULL,'PE','PE','01','0102','010206',NULL,'JR. PROGRESO 00S/N',NULL,NULL,NULL,NULL,0.00,0,NULL,'{\"full_name\":null,\"phone\":null}',NULL,0.00,1,NULL,NULL,NULL,'2022-10-24 14:29:02','2022-10-24 14:29:02',1,0,NULL,0,NULL,NULL,0,'01',0.00),(329,'customers','0','99999879','Clientes6655',NULL,NULL,NULL,'PE','PE',NULL,NULL,NULL,NULL,NULL,NULL,NULL,NULL,NULL,0.00,0,NULL,'{\"full_name\":null,\"phone\":null}',NULL,0.00,1,NULL,NULL,NULL,'2022-10-26 19:01:38','2022-10-26 19:01:38',1,0,NULL,0,NULL,NULL,0,'01',0.00),(330,'customers','1','33583396','CUBAS DE GOMEZ, MARIA AMALIA',NULL,NULL,NULL,'PE','PE','01','0102','010206',NULL,'CPM.LA PECA Z1 AV.CHACHAPOYAS 318',NULL,NULL,NULL,NULL,0.00,0,NULL,'{\"full_name\":null,\"phone\":null}',NULL,0.00,1,NULL,NULL,NULL,'2022-10-27 10:15:52','2022-10-27 10:15:52',1,0,NULL,0,NULL,NULL,0,'01',0.00),(331,'customers','1','26600306','SILVA DIAZ, FREDY JAIME',NULL,NULL,NULL,'PE','PE','06','0601','060101',NULL,'CALLE EL CAPULI A-8 URB. SAN ROQUE',NULL,NULL,NULL,NULL,0.00,0,NULL,'{\"full_name\":null,\"phone\":null}',NULL,0.00,1,NULL,NULL,NULL,'2022-10-27 12:35:05','2022-10-27 12:35:05',1,0,NULL,0,NULL,NULL,0,'01',0.00),(332,'customers','1','77870313','PERLECHE IZQUIERDO, JIMMY ALIM',NULL,NULL,NULL,'PE','PE','01','0102','010201',NULL,'AV. MARIANO MELGAR 300',NULL,NULL,NULL,NULL,0.00,0,NULL,'{\"full_name\":null,\"phone\":null}',NULL,0.00,1,NULL,NULL,NULL,'2022-10-27 21:21:24','2022-10-27 21:21:24',1,0,NULL,0,NULL,NULL,0,'01',0.00),(333,'customers','1','71895023','GUERRERO PEÑA, RENZO VLADIMIR',NULL,NULL,NULL,'PE','PE','06','0609','060905',NULL,'CASERIO LA UNION',NULL,NULL,NULL,NULL,0.00,0,NULL,'{\"full_name\":null,\"phone\":null}',NULL,0.00,1,NULL,NULL,NULL,'2022-10-28 18:05:49','2022-10-28 18:05:49',1,0,NULL,0,NULL,NULL,0,'01',0.00),(334,'customers','1','42853317','CUBAS GARCIA, MARLENY DEL PILAR',NULL,NULL,NULL,'PE','PE','06','0609','060901',NULL,'CAS. CAMPANA',NULL,NULL,NULL,NULL,0.00,0,NULL,'{\"full_name\":null,\"phone\":null}',NULL,0.00,1,NULL,NULL,NULL,'2022-10-29 11:42:35','2022-10-29 11:42:35',1,0,NULL,0,NULL,NULL,0,'01',0.00),(335,'customers','1','42740777','LIVIA PEÑA, LUCINDA',NULL,NULL,NULL,'PE','PE','15','1501','150137',NULL,'MZ K LT 12 URB. LOS PRODUCTORES',NULL,NULL,NULL,NULL,0.00,0,NULL,'{\"full_name\":null,\"phone\":null}',NULL,0.00,1,NULL,NULL,NULL,'2022-10-29 12:31:28','2022-10-29 12:31:28',1,0,NULL,0,NULL,NULL,0,'01',0.00),(336,'customers','0','999965654','Clientes 566',NULL,NULL,NULL,'PE','PE',NULL,NULL,NULL,NULL,NULL,NULL,NULL,NULL,NULL,0.00,0,NULL,'{\"full_name\":null,\"phone\":null}',NULL,0.00,1,NULL,NULL,NULL,'2022-10-29 19:42:50','2022-10-29 19:42:50',1,0,NULL,0,NULL,NULL,0,'01',0.00),(337,'customers','1','72646079','ROJAS COLLANTES, LOLA',NULL,'54656',NULL,'PE','PE','01','0102','010201',NULL,'JR.ICA 300',NULL,NULL,NULL,NULL,0.00,0,1,'{\"full_name\":null,\"phone\":null}',NULL,0.00,1,NULL,NULL,NULL,'2022-10-30 12:58:32','2022-10-30 12:58:32',1,0,NULL,0,NULL,NULL,0,'01',0.00),(338,'customers','0','999235454','Clientes - 54656',NULL,NULL,NULL,'PE','PE',NULL,NULL,NULL,NULL,NULL,NULL,NULL,NULL,NULL,0.00,0,NULL,'{\"full_name\":null,\"phone\":null}',NULL,0.00,1,NULL,NULL,NULL,'2022-10-31 20:39:25','2022-10-31 20:39:25',1,0,NULL,0,NULL,NULL,0,'01',0.00),(339,'customers','0','99999536','Clientes - 5636',NULL,NULL,NULL,'PE','PE',NULL,NULL,NULL,NULL,NULL,NULL,NULL,NULL,NULL,0.00,0,NULL,'{\"full_name\":null,\"phone\":null}',NULL,0.00,1,NULL,NULL,NULL,'2022-10-31 20:41:12','2022-10-31 20:41:12',1,0,NULL,0,NULL,NULL,0,'01',0.00),(340,'customers','0','99995666','Clientes 6989',NULL,NULL,NULL,'PE','PE',NULL,NULL,NULL,NULL,NULL,NULL,NULL,NULL,NULL,0.00,0,NULL,'{\"full_name\":null,\"phone\":null}',NULL,0.00,1,NULL,NULL,NULL,'2022-11-02 19:42:06','2022-11-02 19:42:06',1,0,NULL,0,NULL,NULL,0,'01',0.00),(341,'customers','0','5466','Clientes 6346',NULL,NULL,NULL,'PE','PE',NULL,NULL,NULL,NULL,NULL,NULL,NULL,NULL,NULL,0.00,0,NULL,'{\"full_name\":null,\"phone\":null}',NULL,0.00,1,NULL,NULL,NULL,'2022-11-04 21:06:23','2022-11-04 21:06:23',1,0,NULL,0,NULL,NULL,0,'01',0.00),(342,'customers','0','99995663','Clientes - 676',NULL,NULL,NULL,'PE','PE',NULL,NULL,NULL,NULL,NULL,NULL,NULL,NULL,NULL,0.00,0,NULL,'{\"full_name\":null,\"phone\":null}',NULL,0.00,1,NULL,NULL,NULL,'2022-11-04 21:09:24','2022-11-04 21:09:24',1,0,NULL,0,NULL,NULL,0,'01',0.00),(343,'customers','1','77354901','DEKENTAI CHUIN, ELZER',NULL,NULL,NULL,'PE','PE','01','0102','010205',NULL,'C.N.NUMPATKAIM',NULL,NULL,NULL,NULL,0.00,0,NULL,'{\"full_name\":null,\"phone\":null}',NULL,0.00,1,NULL,NULL,NULL,'2022-11-05 12:26:59','2022-11-05 12:26:59',1,0,NULL,0,NULL,NULL,0,'01',0.00),(344,'customers','0','9998999','Clientes - 899',NULL,NULL,NULL,'PE','PE',NULL,NULL,NULL,NULL,NULL,NULL,NULL,NULL,NULL,0.00,0,NULL,'{\"full_name\":null,\"phone\":null}',NULL,0.00,1,NULL,NULL,NULL,'2022-11-05 20:45:03','2022-11-05 20:45:03',1,0,NULL,0,NULL,NULL,0,'01',0.00),(345,'customers','0','999956','Clientes - 66',NULL,NULL,NULL,'PE','PE',NULL,NULL,NULL,NULL,NULL,NULL,NULL,NULL,NULL,0.00,0,NULL,'{\"full_name\":null,\"phone\":null}',NULL,0.00,1,NULL,NULL,NULL,'2022-11-07 21:12:01','2022-11-07 21:12:01',1,0,NULL,0,NULL,NULL,0,'01',0.00),(346,'customers','0','995656876','Clientes -876876',NULL,NULL,NULL,'PE','PE',NULL,NULL,NULL,NULL,NULL,NULL,NULL,NULL,NULL,0.00,0,NULL,'{\"full_name\":null,\"phone\":null}',NULL,0.00,1,NULL,NULL,NULL,'2022-11-10 18:44:45','2022-11-10 18:44:45',1,0,NULL,0,NULL,NULL,0,'01',0.00),(347,'customers','1','73209205','MEDINA FERNANDEZ, MARIA ARACELI',NULL,NULL,NULL,'PE','PE','06','0609','060903',NULL,'C.POBLADO HUARANDOZA',NULL,NULL,NULL,NULL,0.00,0,NULL,'{\"full_name\":null,\"phone\":null}',NULL,0.00,1,NULL,NULL,NULL,'2022-11-11 16:50:22','2022-11-11 16:50:22',1,0,NULL,0,NULL,NULL,0,'01',0.00),(348,'customers','0','5635466','Clientes 5614',NULL,NULL,NULL,'PE','PE',NULL,NULL,NULL,NULL,NULL,NULL,NULL,NULL,NULL,0.00,0,NULL,'{\"full_name\":null,\"phone\":null}',NULL,0.00,1,NULL,NULL,NULL,'2022-11-11 20:06:33','2022-11-11 20:06:33',1,0,NULL,0,NULL,NULL,0,'01',0.00),(349,'customers','0','999956255','Clientes 652',NULL,NULL,NULL,'PE','PE',NULL,NULL,NULL,NULL,NULL,NULL,NULL,NULL,NULL,0.00,0,NULL,'{\"full_name\":null,\"phone\":null}',NULL,0.00,1,NULL,NULL,NULL,'2022-11-13 13:09:15','2022-11-13 13:09:15',1,0,NULL,0,NULL,NULL,0,'01',0.00),(350,'customers','0','999999356656','Clientes 32131',NULL,NULL,NULL,'PE','PE',NULL,NULL,NULL,NULL,NULL,NULL,NULL,NULL,NULL,0.00,0,NULL,'{\"full_name\":null,\"phone\":null}',NULL,0.00,1,NULL,NULL,NULL,'2022-11-14 21:41:58','2022-11-14 21:41:58',1,0,NULL,0,NULL,NULL,0,'01',0.00),(351,'customers','1','79349458','BUSTAMANTE VENTURA, FERNANDO SAMUEL',NULL,NULL,NULL,'PE','PE','01','0102','010201',NULL,'JR. LAMBAYEQUE 620',NULL,NULL,NULL,NULL,0.00,0,NULL,'{\"full_name\":null,\"phone\":null}',NULL,0.00,1,NULL,NULL,NULL,'2022-11-17 19:23:56','2022-11-17 19:23:56',1,0,NULL,0,NULL,NULL,0,'01',0.00),(352,'customers','1','75841114','TOCTO LIZANA, MARILEYSI',NULL,NULL,NULL,'PE','PE','06','0609','060901',NULL,'CAS. CHAMANAL',NULL,NULL,NULL,NULL,0.00,0,NULL,'{\"full_name\":null,\"phone\":null}',NULL,0.00,1,NULL,NULL,NULL,'2022-11-18 16:04:28','2022-11-18 16:04:28',1,0,NULL,0,NULL,NULL,0,'01',0.00),(353,'customers','0','9995456','Clientes 4866',NULL,NULL,NULL,'PE','PE',NULL,NULL,NULL,NULL,NULL,NULL,NULL,NULL,NULL,0.00,0,NULL,'{\"full_name\":null,\"phone\":null}',NULL,0.00,1,NULL,NULL,NULL,'2022-11-18 20:15:30','2022-11-18 20:15:30',1,0,NULL,0,NULL,NULL,0,'01',0.00),(354,'customers','0','999999565','Clientes 54636',NULL,NULL,NULL,'PE','PE',NULL,NULL,NULL,NULL,NULL,NULL,NULL,NULL,NULL,0.00,0,NULL,'{\"full_name\":null,\"phone\":null}',NULL,0.00,1,NULL,NULL,NULL,'2022-11-21 21:01:28','2022-11-21 21:01:28',1,0,NULL,0,NULL,NULL,0,'01',0.00),(355,'customers','0','99912546','Clientes 64656',NULL,NULL,NULL,'PE','PE',NULL,NULL,NULL,NULL,NULL,NULL,NULL,NULL,NULL,0.00,0,NULL,'{\"full_name\":null,\"phone\":null}',NULL,0.00,1,NULL,NULL,NULL,'2022-11-22 21:08:03','2022-11-22 21:08:03',1,0,NULL,0,NULL,NULL,0,'01',0.00),(356,'customers','0','99953646','Clientes - 56546',NULL,NULL,NULL,'PE','PE',NULL,NULL,NULL,NULL,NULL,NULL,NULL,NULL,NULL,0.00,0,NULL,'{\"full_name\":null,\"phone\":null}',NULL,0.00,1,NULL,NULL,NULL,'2022-11-23 21:29:32','2022-11-23 21:29:32',1,0,NULL,0,NULL,NULL,0,'01',0.00),(357,'customers','0','99995656','Clientes5645',NULL,NULL,NULL,'PE','PE',NULL,NULL,NULL,NULL,NULL,NULL,NULL,NULL,NULL,0.00,0,NULL,'{\"full_name\":null,\"phone\":null}',NULL,0.00,1,NULL,NULL,NULL,'2022-11-25 20:55:18','2022-11-25 20:55:18',1,0,NULL,0,NULL,NULL,0,'01',0.00),(358,'customers','0','9999546456','Clientes5646',NULL,NULL,NULL,'PE','PE',NULL,NULL,NULL,NULL,NULL,NULL,NULL,NULL,NULL,0.00,0,NULL,'{\"full_name\":null,\"phone\":null}',NULL,0.00,1,NULL,NULL,NULL,'2022-11-26 20:15:45','2022-11-26 20:15:45',1,0,NULL,0,NULL,NULL,0,'01',0.00),(359,'customers','0','99995654','Clientes - 45646',NULL,NULL,NULL,'PE','PE',NULL,NULL,NULL,NULL,NULL,NULL,NULL,NULL,NULL,0.00,0,NULL,'{\"full_name\":null,\"phone\":null}',NULL,0.00,1,NULL,NULL,NULL,'2022-11-27 22:27:46','2022-11-27 22:27:46',1,0,NULL,0,NULL,NULL,0,'01',0.00),(360,'customers','0','9999564546','Clientes 56654654',NULL,NULL,NULL,'PE','PE',NULL,NULL,NULL,NULL,NULL,NULL,NULL,NULL,NULL,0.00,0,NULL,'{\"full_name\":null,\"phone\":null}',NULL,0.00,1,NULL,NULL,NULL,'2022-11-27 22:29:07','2022-11-27 22:29:07',1,0,NULL,0,NULL,NULL,0,'01',0.00),(361,'customers','0','99995676','Clientes 56656',NULL,NULL,NULL,'PE','PE',NULL,NULL,NULL,NULL,NULL,NULL,NULL,NULL,NULL,0.00,0,NULL,'{\"full_name\":null,\"phone\":null}',NULL,0.00,1,NULL,NULL,NULL,'2022-11-28 18:04:40','2022-11-28 18:04:40',1,0,NULL,0,NULL,NULL,0,'01',0.00),(362,'customers','0','9999255','Clientes 5353',NULL,NULL,NULL,'PE','PE',NULL,NULL,NULL,NULL,NULL,NULL,NULL,NULL,NULL,0.00,0,NULL,'{\"full_name\":null,\"phone\":null}',NULL,0.00,1,NULL,NULL,NULL,'2022-11-28 18:06:54','2022-11-28 18:06:54',1,0,NULL,0,NULL,NULL,0,'01',0.00),(363,'customers','0','99546','Clientes646',NULL,NULL,NULL,'PE','PE',NULL,NULL,NULL,NULL,NULL,NULL,NULL,NULL,NULL,0.00,0,NULL,'{\"full_name\":null,\"phone\":null}',NULL,0.00,1,NULL,NULL,NULL,'2022-11-29 12:15:47','2022-11-29 12:15:47',1,0,NULL,0,NULL,NULL,0,'01',0.00),(364,'customers','0','999023262','Clientes 898989',NULL,NULL,NULL,'PE','PE',NULL,NULL,NULL,NULL,NULL,NULL,NULL,NULL,NULL,0.00,0,NULL,'{\"full_name\":null,\"phone\":null}',NULL,0.00,1,NULL,NULL,NULL,'2022-12-01 20:49:37','2022-12-01 20:49:37',1,0,NULL,0,NULL,NULL,0,'01',0.00),(365,'customers','0','999956456','Clientes 546454',NULL,NULL,NULL,'PE','PE',NULL,NULL,NULL,NULL,NULL,NULL,NULL,NULL,NULL,0.00,0,NULL,'{\"full_name\":null,\"phone\":null}',NULL,0.00,1,NULL,NULL,NULL,'2022-12-05 21:20:45','2022-12-05 21:20:45',1,0,NULL,0,NULL,NULL,0,'01',0.00),(366,'customers','1','70769800','RETETE CRUZ, IRENE FATIMA',NULL,NULL,NULL,'PE','PE','15','1501','150108',NULL,'PSJ. ELENA FRAY DE PASTOR 64 VILLA MILITAR OESTE',NULL,NULL,NULL,NULL,0.00,0,NULL,'{\"full_name\":null,\"phone\":null}',NULL,0.00,1,NULL,NULL,NULL,'2022-12-07 12:19:12','2022-12-07 12:19:12',1,0,NULL,0,NULL,NULL,0,'01',0.00),(367,'customers','1','75314090','BARRANZUELA DELGADO, JEANPEARE',NULL,NULL,NULL,'PE','PE','01','0102','010201',NULL,'JR. AYACUCHO 1236',NULL,NULL,NULL,NULL,0.00,0,NULL,'{\"full_name\":null,\"phone\":null}',NULL,0.00,1,NULL,NULL,NULL,'2022-12-07 19:39:51','2022-12-07 19:39:51',1,0,NULL,0,NULL,NULL,0,'01',0.00),(368,'customers','0','6767686','Clientes - 686788',NULL,NULL,NULL,'PE','PE',NULL,NULL,NULL,NULL,NULL,NULL,NULL,NULL,NULL,0.00,0,NULL,'{\"full_name\":null,\"phone\":null}',NULL,0.00,1,NULL,NULL,NULL,'2022-12-07 19:44:12','2022-12-07 19:44:12',1,0,NULL,0,NULL,NULL,0,'01',0.00),(369,'customers','0','99786868','Clientes - 8586',NULL,NULL,NULL,'PE','PE',NULL,NULL,NULL,NULL,NULL,NULL,NULL,NULL,NULL,0.00,0,NULL,'{\"full_name\":null,\"phone\":null}',NULL,0.00,1,NULL,NULL,NULL,'2022-12-08 18:34:24','2022-12-08 18:34:24',1,0,NULL,0,NULL,NULL,0,'01',0.00),(370,'customers','0','99999525','Clientes 54656',NULL,NULL,NULL,'PE','PE',NULL,NULL,NULL,NULL,NULL,NULL,NULL,NULL,NULL,0.00,0,NULL,'{\"full_name\":null,\"phone\":null}',NULL,0.00,1,NULL,NULL,NULL,'2022-12-08 18:40:31','2022-12-08 18:40:31',1,0,NULL,0,NULL,NULL,0,'01',0.00),(371,'customers','1','44026924','ANJIS SUAMUT, JUAN JOSE',NULL,NULL,NULL,'PE','PE','01','0104','010401',NULL,'COMUNIDAD NATIVA DE NAPURUKA',NULL,NULL,NULL,NULL,0.00,0,NULL,'{\"full_name\":null,\"phone\":null}',NULL,0.00,1,NULL,NULL,NULL,'2022-12-09 18:32:43','2022-12-09 18:32:43',1,0,NULL,0,NULL,NULL,0,'01',0.00),(372,'customers','0','9999954454','Clientes 546689689',NULL,NULL,NULL,'PE','PE',NULL,NULL,NULL,NULL,NULL,NULL,NULL,NULL,NULL,0.00,0,NULL,'{\"full_name\":null,\"phone\":null}',NULL,0.00,1,NULL,NULL,NULL,'2022-12-10 20:40:00','2022-12-10 20:40:00',1,0,NULL,0,NULL,NULL,0,'01',0.00),(373,'customers','1','47425315','CRUZ GARCIA, OSWALDO',NULL,NULL,NULL,'PE','PE','06','0609','060901',NULL,'CASERIO UNION LAS MERCEDES',NULL,NULL,NULL,NULL,0.00,0,NULL,'{\"full_name\":null,\"phone\":null}',NULL,0.00,1,NULL,NULL,NULL,'2022-12-11 12:14:37','2022-12-11 12:14:37',1,0,NULL,0,NULL,NULL,0,'01',0.00),(374,'customers','1','41521950','MULATILLO GIRON, MIGUEL SERBULO',NULL,NULL,NULL,'PE','PE','06','0609','060901',NULL,'CASERIO SEÑOR CAUTIVO',NULL,NULL,NULL,NULL,0.00,0,NULL,'{\"full_name\":null,\"phone\":null}',NULL,0.00,1,NULL,NULL,NULL,'2022-12-12 10:08:43','2022-12-12 10:08:43',1,0,NULL,0,NULL,NULL,0,'01',0.00),(375,'customers','0','999546569','Clientes 5654656',NULL,NULL,NULL,'PE','PE',NULL,NULL,NULL,NULL,NULL,NULL,NULL,NULL,NULL,0.00,0,NULL,'{\"full_name\":null,\"phone\":null}',NULL,0.00,1,NULL,NULL,NULL,'2022-12-12 20:34:11','2022-12-12 20:34:11',1,0,NULL,0,NULL,NULL,0,'01',0.00),(376,'customers','0','9999868','Clientes 965668',NULL,NULL,NULL,'PE','PE',NULL,NULL,NULL,NULL,NULL,NULL,NULL,NULL,NULL,0.00,0,NULL,'{\"full_name\":null,\"phone\":null}',NULL,0.00,1,NULL,NULL,NULL,'2022-12-13 17:16:41','2022-12-13 17:16:41',1,0,NULL,0,NULL,NULL,0,'01',0.00),(377,'customers','1','72961258','CORDOVA RAMIREZ, YANELI',NULL,NULL,NULL,'PE','PE',NULL,NULL,NULL,NULL,NULL,NULL,NULL,NULL,NULL,0.00,0,NULL,'{\"full_name\":null,\"phone\":null}',NULL,0.00,1,NULL,NULL,NULL,'2022-12-14 11:23:17','2022-12-14 11:23:17',1,0,NULL,0,NULL,NULL,0,'01',0.00),(378,'customers','0','35433','Clientes 54354343',NULL,NULL,NULL,'PE','PE',NULL,NULL,NULL,NULL,NULL,NULL,NULL,NULL,NULL,0.00,0,NULL,'{\"full_name\":null,\"phone\":null}',NULL,0.00,1,NULL,NULL,NULL,'2022-12-14 21:05:04','2022-12-14 21:05:04',1,0,NULL,0,NULL,NULL,0,'01',0.00),(379,'customers','0','5466545','Clientes543654363',NULL,NULL,NULL,'PE','PE',NULL,NULL,NULL,NULL,NULL,NULL,NULL,NULL,NULL,0.00,0,NULL,'{\"full_name\":null,\"phone\":null}',NULL,0.00,1,NULL,NULL,NULL,'2022-12-15 12:53:45','2022-12-15 12:53:45',1,0,NULL,0,NULL,NULL,0,'01',0.00),(380,'customers','0','999955463','Clientes 5566',NULL,NULL,NULL,'PE','PE',NULL,NULL,NULL,NULL,NULL,NULL,NULL,NULL,NULL,0.00,0,NULL,'{\"full_name\":null,\"phone\":null}',NULL,0.00,1,NULL,NULL,NULL,'2022-12-19 21:19:35','2022-12-19 21:19:35',1,0,NULL,0,NULL,NULL,0,'01',0.00),(381,'customers','0','9999566464','Clientes 64646',NULL,NULL,NULL,'PE','PE',NULL,NULL,NULL,NULL,NULL,NULL,NULL,NULL,NULL,0.00,0,NULL,'{\"full_name\":null,\"phone\":null}',NULL,0.00,1,NULL,NULL,NULL,'2022-12-21 21:08:02','2022-12-21 21:08:02',1,0,NULL,0,NULL,NULL,0,'01',0.00),(382,'customers','0','999995466','Clientes 66666',NULL,NULL,NULL,'PE','PE',NULL,NULL,NULL,NULL,NULL,NULL,NULL,NULL,NULL,0.00,0,NULL,'{\"full_name\":null,\"phone\":null}',NULL,0.00,1,NULL,NULL,NULL,'2022-12-22 21:19:12','2022-12-22 21:19:12',1,0,NULL,0,NULL,NULL,0,'01',0.00),(383,'customers','0','898499','Clientes54685464',NULL,NULL,NULL,'PE','PE',NULL,NULL,NULL,NULL,NULL,NULL,NULL,NULL,NULL,0.00,0,NULL,'{\"full_name\":null,\"phone\":null}',NULL,0.00,1,NULL,NULL,NULL,'2022-12-28 20:20:57','2022-12-28 20:20:57',1,0,NULL,0,NULL,NULL,0,'01',0.00),(384,'customers','0','9999896','Clientes9789',NULL,NULL,NULL,'PE','PE',NULL,NULL,NULL,NULL,NULL,NULL,NULL,NULL,NULL,0.00,0,NULL,'{\"full_name\":null,\"phone\":null}',NULL,0.00,1,NULL,NULL,NULL,'2022-12-29 21:08:59','2022-12-29 21:08:59',1,0,NULL,0,NULL,NULL,0,'01',0.00),(385,'customers','0','999543254354','Clientes - 67676',NULL,NULL,NULL,'PE','PE',NULL,NULL,NULL,NULL,NULL,NULL,NULL,NULL,NULL,0.00,0,NULL,'{\"full_name\":null,\"phone\":null}',NULL,0.00,1,NULL,NULL,NULL,'2023-01-04 21:44:20','2023-01-04 21:44:20',1,0,NULL,0,NULL,NULL,0,'01',0.00),(386,'customers','0','99954656','Clientes 5666',NULL,NULL,NULL,'PE','PE',NULL,NULL,NULL,NULL,NULL,NULL,NULL,NULL,NULL,0.00,0,NULL,'{\"full_name\":null,\"phone\":null}',NULL,0.00,1,NULL,NULL,NULL,'2023-01-05 21:25:14','2023-01-05 21:25:14',1,0,NULL,0,NULL,NULL,0,'01',0.00),(387,'customers','0','93535353535357','Clientes 786868',NULL,NULL,NULL,'PE','PE',NULL,NULL,NULL,NULL,NULL,NULL,NULL,NULL,NULL,0.00,0,NULL,'{\"full_name\":null,\"phone\":null}',NULL,0.00,1,NULL,NULL,NULL,'2023-01-17 21:36:16','2023-01-17 21:36:16',1,0,NULL,0,NULL,NULL,0,'01',0.00),(388,'customers','0','9999564545','Clientes5656',NULL,NULL,NULL,'PE','PE',NULL,NULL,NULL,NULL,NULL,NULL,NULL,NULL,NULL,0.00,0,NULL,'{\"full_name\":null,\"phone\":null}',NULL,0.00,1,NULL,NULL,NULL,'2023-01-18 21:40:35','2023-01-18 21:40:35',1,0,NULL,0,NULL,NULL,0,'01',0.00),(389,'customers','1','72926347','CORREA CORDOVA, HAROLD MARTIN',NULL,NULL,NULL,'PE','PE','01','0102','010201',NULL,'PSJ. LOS OLIVOS 174',NULL,NULL,NULL,NULL,0.00,0,NULL,'{\"full_name\":null,\"phone\":null}',NULL,0.00,1,NULL,NULL,NULL,'2023-01-19 11:42:56','2023-01-19 11:42:56',1,0,NULL,0,NULL,NULL,0,'01',0.00),(390,'customers','0','999565469','Clientes 643',NULL,NULL,NULL,'PE','PE',NULL,NULL,NULL,NULL,NULL,NULL,NULL,NULL,NULL,0.00,0,NULL,'{\"full_name\":null,\"phone\":null}',NULL,0.00,1,NULL,NULL,NULL,'2023-01-20 19:36:24','2023-01-20 19:36:24',1,0,NULL,0,NULL,NULL,0,'01',0.00),(391,'customers','0','99921456','Clientes 46445656',NULL,NULL,NULL,'PE','PE',NULL,NULL,NULL,NULL,NULL,NULL,NULL,NULL,NULL,0.00,0,NULL,'{\"full_name\":null,\"phone\":null}',NULL,0.00,1,NULL,NULL,NULL,'2023-01-21 17:42:52','2023-01-21 17:42:52',1,0,NULL,0,NULL,NULL,0,'01',0.00),(392,'customers','0','99956','Clientes54666',NULL,NULL,NULL,'PE','PE',NULL,NULL,NULL,NULL,NULL,NULL,NULL,NULL,NULL,0.00,0,NULL,'{\"full_name\":null,\"phone\":null}',NULL,0.00,1,NULL,NULL,NULL,'2023-01-21 17:44:19','2023-01-21 17:44:19',1,0,NULL,0,NULL,NULL,0,'01',0.00),(393,'customers','0','45646','Clientes 3654674',NULL,NULL,NULL,'PE','PE',NULL,NULL,NULL,NULL,NULL,NULL,NULL,NULL,NULL,0.00,0,NULL,'{\"full_name\":null,\"phone\":null}',NULL,0.00,1,NULL,NULL,NULL,'2023-01-21 17:45:09','2023-01-21 17:45:09',1,0,NULL,0,NULL,NULL,0,'01',0.00),(394,'customers','0','99995546545','Clientes 588656',NULL,NULL,NULL,'PE','PE',NULL,NULL,NULL,NULL,NULL,NULL,NULL,NULL,NULL,0.00,0,NULL,'{\"full_name\":null,\"phone\":null}',NULL,0.00,1,NULL,NULL,NULL,'2023-01-21 21:20:16','2023-01-21 21:20:16',1,0,NULL,0,NULL,NULL,0,'01',0.00),(395,'customers','1','42467566','CORONEL LOZANO, CLARIBEL DEL ROCIO',NULL,NULL,NULL,'PE','PE','01','0107','010704',NULL,'CP JOROBAMBA',NULL,NULL,NULL,NULL,0.00,0,NULL,'{\"full_name\":null,\"phone\":null}',NULL,0.00,1,NULL,NULL,NULL,'2023-01-23 13:18:12','2023-01-23 13:18:12',1,0,NULL,0,NULL,NULL,0,'01',0.00),(396,'customers','0','9994566','Clientes 453656',NULL,NULL,NULL,'PE','PE',NULL,NULL,NULL,NULL,NULL,NULL,NULL,NULL,NULL,0.00,0,NULL,'{\"full_name\":null,\"phone\":null}',NULL,0.00,1,NULL,NULL,NULL,'2023-01-23 19:49:09','2023-01-23 19:49:09',1,0,NULL,0,NULL,NULL,0,'01',0.00),(397,'customers','0','62728906','ROGER ERICK,GARCIA OGEDA',NULL,NULL,NULL,'PE','PE',NULL,NULL,NULL,NULL,NULL,NULL,NULL,NULL,NULL,0.00,0,NULL,'{\"full_name\":null,\"phone\":null}',NULL,0.00,1,NULL,NULL,NULL,'2023-01-24 12:46:34','2023-01-24 12:46:34',1,0,NULL,0,NULL,NULL,0,'01',0.00),(398,'customers','6','20602869459','SERVICIOS EMPRESARIALES VOLTIOS S.A.C.',NULL,NULL,NULL,'PE','PE','06','0604','060401',NULL,'CAL. NUEVA SANTA ROSA NRO. 194','HABIDO','ACTIVO',NULL,NULL,0.00,0,NULL,'{\"full_name\":null,\"phone\":null}',NULL,0.00,1,NULL,NULL,NULL,'2023-01-25 08:27:24','2023-01-25 08:27:24',1,0,NULL,0,NULL,NULL,0,'01',0.00),(399,'customers','0','99945343','Clientes 566666645',NULL,NULL,NULL,'PE','PE',NULL,NULL,NULL,NULL,NULL,NULL,NULL,NULL,NULL,0.00,0,NULL,'{\"full_name\":null,\"phone\":null}',NULL,0.00,1,NULL,NULL,NULL,'2023-01-25 20:09:20','2023-01-25 20:09:20',1,0,NULL,0,NULL,NULL,0,'01',0.00),(400,'customers','0','93332121','Clientes 321233',NULL,NULL,NULL,'PE','PE',NULL,NULL,NULL,NULL,NULL,NULL,NULL,NULL,NULL,0.00,0,NULL,'{\"full_name\":null,\"phone\":null}',NULL,0.00,1,NULL,NULL,NULL,'2023-01-26 20:56:51','2023-01-26 20:56:51',1,0,NULL,0,NULL,NULL,0,'01',0.00),(401,'customers','0','99995645646','Clientes54646464',NULL,NULL,NULL,'PE','PE',NULL,NULL,NULL,NULL,NULL,NULL,NULL,NULL,NULL,0.00,0,NULL,'{\"full_name\":null,\"phone\":null}',NULL,0.00,1,NULL,NULL,NULL,'2023-01-28 20:26:33','2023-01-28 20:26:33',1,0,NULL,0,NULL,NULL,0,'01',0.00),(402,'customers','0','99353655','Clientes3653',NULL,NULL,NULL,'PE','PE',NULL,NULL,NULL,NULL,NULL,NULL,NULL,NULL,NULL,0.00,0,NULL,'{\"full_name\":null,\"phone\":null}',NULL,0.00,1,NULL,NULL,NULL,'2023-01-30 14:38:06','2023-01-30 14:38:06',1,0,NULL,0,NULL,NULL,0,'01',0.00),(403,'customers','0','9999566666','Clientes 666666',NULL,NULL,NULL,'PE','PE',NULL,NULL,NULL,NULL,NULL,NULL,NULL,NULL,NULL,0.00,0,NULL,'{\"full_name\":null,\"phone\":null}',NULL,0.00,1,NULL,NULL,NULL,'2023-02-01 20:45:06','2023-02-01 20:45:06',1,0,NULL,0,NULL,NULL,0,'01',0.00),(404,'customers','6','10726718283','QUIROZ AMPUERO RODNEY DANIEL',NULL,NULL,NULL,'PE','PE','01','0102','010206',NULL,'JR. CUZCO NRO. 186','HABIDO','ACTIVO',NULL,NULL,0.00,0,NULL,'{\"full_name\":null,\"phone\":null}',NULL,0.00,1,NULL,NULL,NULL,'2023-02-02 11:13:27','2023-02-02 11:13:27',1,0,NULL,0,NULL,NULL,0,'01',0.00),(405,'customers','0','9935454545','Clientes 5454566654',NULL,NULL,NULL,'PE','PE',NULL,NULL,NULL,NULL,NULL,NULL,NULL,NULL,NULL,0.00,0,NULL,'{\"full_name\":null,\"phone\":null}',NULL,0.00,1,NULL,NULL,NULL,'2023-02-02 18:52:29','2023-02-02 18:52:29',1,0,NULL,0,NULL,NULL,0,'01',0.00),(406,'customers','0','9999935435433','Clientes 54354356',NULL,NULL,NULL,'PE','PE',NULL,NULL,NULL,NULL,NULL,NULL,NULL,NULL,NULL,0.00,0,NULL,'{\"full_name\":null,\"phone\":null}',NULL,0.00,1,NULL,NULL,NULL,'2023-02-03 19:46:10','2023-02-03 19:46:10',1,0,NULL,0,NULL,NULL,0,'01',0.00),(407,'customers','0','99925454656','Clientes 54645454',NULL,NULL,NULL,'PE','PE','01','0102','010201',NULL,'JR. AMAZONAS 506',NULL,NULL,NULL,NULL,0.00,0,NULL,'{\"full_name\":null,\"phone\":null}',NULL,0.00,1,NULL,NULL,NULL,'2023-02-03 19:47:12','2023-02-03 19:47:12',1,0,NULL,0,NULL,NULL,0,'01',0.00),(408,'customers','0','878877','LEODAN,ALBERCA NEIRA',NULL,NULL,NULL,'PE','PE',NULL,NULL,NULL,NULL,NULL,NULL,NULL,NULL,NULL,0.00,0,NULL,'{\"full_name\":null,\"phone\":null}',NULL,0.00,1,NULL,NULL,NULL,'2023-02-07 18:35:00','2023-02-07 18:35:00',1,0,NULL,0,NULL,NULL,0,'01',0.00),(409,'customers','0','999565','Clientes 565656',NULL,NULL,NULL,'PE','PE',NULL,NULL,NULL,NULL,NULL,NULL,NULL,NULL,NULL,0.00,0,NULL,'{\"full_name\":null,\"phone\":null}',NULL,0.00,1,NULL,NULL,NULL,'2023-02-10 12:03:27','2023-02-10 12:03:27',1,0,NULL,0,NULL,NULL,0,'01',0.00),(410,'customers','0','99942542553','Clientes 56*',NULL,NULL,NULL,'PE','PE',NULL,NULL,NULL,NULL,NULL,NULL,NULL,NULL,NULL,0.00,0,NULL,'{\"full_name\":null,\"phone\":null}',NULL,0.00,1,NULL,NULL,NULL,'2023-02-10 19:23:35','2023-02-10 19:23:35',1,0,NULL,0,NULL,NULL,0,'01',0.00),(411,'customers','0','999996666','Clientes664654456',NULL,NULL,NULL,'PE','PE',NULL,NULL,NULL,NULL,NULL,NULL,NULL,NULL,NULL,0.00,0,NULL,'{\"full_name\":null,\"phone\":null}',NULL,0.00,1,NULL,NULL,NULL,'2023-02-11 20:32:31','2023-02-11 20:32:31',1,0,NULL,0,NULL,NULL,0,'01',0.00),(412,'customers','1','46564348','PEJERREY ROJAS, CYNTHYA ISABEL',NULL,NULL,NULL,'PE','PE','14','1401','140107',NULL,'CALLE CALLAO 551 CERCADO MOCUPE',NULL,NULL,NULL,NULL,0.00,0,NULL,'{\"full_name\":null,\"phone\":null}',NULL,0.00,1,NULL,NULL,NULL,'2023-02-12 13:10:38','2023-02-12 13:10:38',1,0,NULL,0,NULL,NULL,0,'01',0.00),(413,'customers','0','0000925','Clientes - 925',NULL,NULL,NULL,'PE','PE',NULL,NULL,NULL,NULL,NULL,NULL,NULL,NULL,NULL,0.00,0,NULL,'{\"full_name\":null,\"phone\":null}',NULL,0.00,1,NULL,NULL,NULL,'2023-02-13 10:12:02','2023-02-13 10:12:02',1,0,NULL,0,NULL,NULL,0,'01',0.00),(414,'customers','0','9999545645','Clientes 5465465464',NULL,NULL,NULL,'PE','PE',NULL,NULL,NULL,NULL,NULL,NULL,NULL,NULL,NULL,0.00,0,NULL,'{\"full_name\":null,\"phone\":null}',NULL,0.00,1,NULL,NULL,NULL,'2023-02-14 21:09:12','2023-02-14 21:09:12',1,0,NULL,0,NULL,NULL,0,'01',0.00),(415,'customers','1','76288589','JIMENEZ GUERRERO, EDWIN ELIAS',NULL,NULL,NULL,'PE','PE','01','0102','010202',NULL,'CASERIO BUENOS AIRES',NULL,NULL,NULL,NULL,0.00,0,NULL,'{\"full_name\":null,\"phone\":null}',NULL,0.00,1,NULL,NULL,NULL,'2023-02-15 10:23:15','2023-02-15 10:23:15',1,0,NULL,0,NULL,NULL,0,'01',0.00),(416,'customers','0','9993563','Clientes6566',NULL,NULL,NULL,'PE','PE',NULL,NULL,NULL,NULL,NULL,NULL,NULL,NULL,NULL,0.00,0,NULL,'{\"full_name\":null,\"phone\":null}',NULL,0.00,1,NULL,NULL,NULL,'2023-02-15 10:26:03','2023-02-15 10:26:03',1,0,NULL,0,NULL,NULL,0,'01',0.00),(417,'customers','0','99943543','Clientes 434334',NULL,NULL,NULL,'PE','PE',NULL,NULL,NULL,NULL,NULL,NULL,NULL,NULL,NULL,0.00,0,NULL,'{\"full_name\":null,\"phone\":null}',NULL,0.00,1,NULL,NULL,NULL,'2023-02-15 17:40:49','2023-02-15 17:40:49',1,0,NULL,0,NULL,NULL,0,'01',0.00),(418,'customers','0','996363','Clientes 65566654',NULL,NULL,NULL,'PE','PE',NULL,NULL,NULL,NULL,NULL,NULL,NULL,NULL,NULL,0.00,0,NULL,'{\"full_name\":null,\"phone\":null}',NULL,0.00,1,NULL,NULL,NULL,'2023-02-17 20:47:22','2023-02-17 20:47:22',1,0,NULL,0,NULL,NULL,0,'01',0.00),(419,'customers','1','61804746','TORRES DE LA CRUZ, HANNY MARILUZ',NULL,NULL,NULL,'PE','PE','14','1402','140201',NULL,'CL. HECTOR AURICH SOTO 537',NULL,NULL,NULL,NULL,0.00,0,NULL,'{\"full_name\":null,\"phone\":null}',NULL,0.00,1,NULL,NULL,NULL,'2023-02-18 11:03:55','2023-02-18 11:03:55',1,0,NULL,0,NULL,NULL,0,'01',0.00),(420,'customers','0','99999122243','Clientes 34356433',NULL,NULL,NULL,'PE','PE',NULL,NULL,NULL,NULL,NULL,NULL,NULL,NULL,NULL,0.00,0,NULL,'{\"full_name\":null,\"phone\":null}',NULL,0.00,1,NULL,NULL,NULL,'2023-02-18 21:00:04','2023-02-18 21:00:04',1,0,NULL,0,NULL,NULL,0,'01',0.00),(421,'customers','0','99954456','Clientes 644644',NULL,NULL,NULL,'PE','PE',NULL,NULL,NULL,NULL,NULL,NULL,NULL,NULL,NULL,0.00,0,NULL,'{\"full_name\":null,\"phone\":null}',NULL,0.00,1,NULL,NULL,NULL,'2023-02-20 21:05:55','2023-02-20 21:05:55',1,0,NULL,0,NULL,NULL,0,'01',0.00),(422,'customers','1','46637467','HUAMAN MACHUCA, MARIA YSABEL',NULL,NULL,NULL,'PE','PE','01','0102','010201',NULL,'CALLE A S/N SECTOR TOMAQUE',NULL,NULL,NULL,NULL,0.00,0,NULL,'{\"full_name\":null,\"phone\":null}',NULL,0.00,1,NULL,NULL,NULL,'2023-02-21 11:23:38','2023-02-21 11:23:38',1,0,NULL,0,NULL,NULL,0,'01',0.00),(423,'customers','0','999999956569','Clientes 565566',NULL,NULL,NULL,'PE','PE',NULL,NULL,NULL,NULL,NULL,NULL,NULL,NULL,NULL,0.00,0,NULL,'{\"full_name\":null,\"phone\":null}',NULL,0.00,1,NULL,NULL,NULL,'2023-02-22 19:20:31','2023-02-22 19:20:31',1,0,NULL,0,NULL,NULL,0,'01',0.00),(424,'customers','0','9995535433','Clientes 4',NULL,NULL,NULL,'PE','PE',NULL,NULL,NULL,NULL,NULL,NULL,NULL,NULL,NULL,0.00,0,NULL,'{\"full_name\":null,\"phone\":null}',NULL,0.00,1,NULL,NULL,NULL,'2023-02-23 19:46:55','2023-02-23 19:46:55',1,0,NULL,0,NULL,NULL,0,'01',0.00),(425,'customers','0','99994525435','Clientes 56354343',NULL,NULL,NULL,'PE','PE',NULL,NULL,NULL,NULL,NULL,NULL,NULL,NULL,NULL,0.00,0,NULL,'{\"full_name\":null,\"phone\":null}',NULL,0.00,1,NULL,NULL,NULL,'2023-02-25 21:06:36','2023-02-25 21:06:36',1,0,NULL,0,NULL,NULL,0,'01',0.00),(426,'customers','0','999963564','Clientes 6566565',NULL,NULL,NULL,'PE','PE',NULL,NULL,NULL,NULL,NULL,NULL,NULL,NULL,NULL,0.00,0,NULL,'{\"full_name\":null,\"phone\":null}',NULL,0.00,1,NULL,NULL,NULL,'2023-02-27 20:27:03','2023-02-27 20:27:03',1,0,NULL,0,NULL,NULL,0,'01',0.00),(427,'customers','0','999645','Clientes6456546',NULL,NULL,NULL,'PE','PE',NULL,NULL,NULL,NULL,NULL,NULL,NULL,NULL,NULL,0.00,0,NULL,'{\"full_name\":null,\"phone\":null}',NULL,0.00,1,NULL,NULL,NULL,'2023-02-28 14:48:22','2023-02-28 14:48:22',1,0,NULL,0,NULL,NULL,0,'01',0.00),(428,'customers','0','9963536','Clientes 56566525',NULL,NULL,NULL,'PE','PE',NULL,NULL,NULL,NULL,NULL,NULL,NULL,NULL,NULL,0.00,0,NULL,'{\"full_name\":null,\"phone\":null}',NULL,0.00,1,NULL,NULL,NULL,'2023-02-28 20:34:04','2023-02-28 20:34:04',1,0,NULL,0,NULL,NULL,0,'01',0.00),(429,'customers','0','9945646456','Clientes56456464',NULL,NULL,NULL,'PE','PE',NULL,NULL,NULL,NULL,NULL,NULL,NULL,NULL,NULL,0.00,0,NULL,'{\"full_name\":null,\"phone\":null}',NULL,0.00,1,NULL,NULL,NULL,'2023-03-01 20:56:25','2023-03-01 20:56:25',1,0,NULL,0,NULL,NULL,0,'01',0.00);

--
-- Table structure for table `preprinted_format_templates`
--

CREATE TABLE `preprinted_format_templates` (
  `id` int(10) unsigned NOT NULL AUTO_INCREMENT,
  `formats` varchar(255) COLLATE utf8mb4_unicode_ci NOT NULL,
  PRIMARY KEY (`id`)
) ENGINE=InnoDB DEFAULT CHARSET=utf8mb4 COLLATE=utf8mb4_unicode_ci;

--
-- Dumping data for table `preprinted_format_templates`
--


--
-- Table structure for table `production`
--

CREATE TABLE `production` (
  `id` int(10) unsigned NOT NULL AUTO_INCREMENT,
  `user_id` int(10) unsigned DEFAULT 0,
  `soap_type_id` char(2) COLLATE utf8mb4_unicode_ci DEFAULT NULL,
  `item_id` int(10) unsigned DEFAULT 0,
  `inventory_id_reference` int(10) unsigned DEFAULT NULL,
  `quantity` decimal(12,4) DEFAULT 0.0000 COMMENT 'Peso dle insumo ',
  `created_at` timestamp NULL DEFAULT NULL,
  `updated_at` timestamp NULL DEFAULT NULL,
  `machine_id` int(10) unsigned NOT NULL DEFAULT 0,
  `production_order` varchar(255) COLLATE utf8mb4_unicode_ci DEFAULT NULL,
  `name` varchar(255) COLLATE utf8mb4_unicode_ci DEFAULT NULL,
  `comment` longtext COLLATE utf8mb4_unicode_ci DEFAULT NULL,
  `date_start` date DEFAULT NULL,
  `time_start` time DEFAULT NULL,
  `date_end` date DEFAULT NULL,
  `time_end` time DEFAULT NULL,
  `lot_code` varchar(255) COLLATE utf8mb4_unicode_ci DEFAULT NULL,
  `item_extra_data` longtext CHARACTER SET utf8mb4 COLLATE utf8mb4_bin DEFAULT NULL CHECK (json_valid(`item_extra_data`)),
  `mix_date_start` date DEFAULT NULL,
  `mix_time_start` time DEFAULT NULL,
  `mix_date_end` date DEFAULT NULL,
  `mix_time_end` time DEFAULT NULL,
  `informative` tinyint(3) unsigned DEFAULT 0,
  `agreed` decimal(8,2) DEFAULT 0.00,
  `imperfect` decimal(8,2) DEFAULT 0.00,
  `proccess_type` longtext COLLATE utf8mb4_unicode_ci DEFAULT NULL,
  `production_collaborator` text COLLATE utf8mb4_unicode_ci DEFAULT NULL,
  `mix_collaborator` text COLLATE utf8mb4_unicode_ci DEFAULT NULL,
  PRIMARY KEY (`id`),
  KEY `production_soap_type_id_foreign` (`soap_type_id`),
  CONSTRAINT `production_soap_type_id_foreign` FOREIGN KEY (`soap_type_id`) REFERENCES `soap_types` (`id`)
) ENGINE=InnoDB DEFAULT CHARSET=utf8mb4 COLLATE=utf8mb4_unicode_ci;

--
-- Dumping data for table `production`
--


--
-- Table structure for table `promotions`
--

CREATE TABLE `promotions` (
  `id` int(10) unsigned NOT NULL AUTO_INCREMENT,
  `name` varchar(255) COLLATE utf8mb4_unicode_ci NOT NULL,
  `description` varchar(255) COLLATE utf8mb4_unicode_ci NOT NULL,
  `type` varchar(255) COLLATE utf8mb4_unicode_ci DEFAULT NULL,
  `image` varchar(255) COLLATE utf8mb4_unicode_ci NOT NULL,
  `item_id` int(10) unsigned NOT NULL,
  `status` tinyint(1) NOT NULL DEFAULT 1,
  `created_at` timestamp NULL DEFAULT NULL,
  `updated_at` timestamp NULL DEFAULT NULL,
  `apply_restaurant` tinyint(1) DEFAULT 0,
  PRIMARY KEY (`id`),
  KEY `promotions_item_id_foreign` (`item_id`),
  CONSTRAINT `promotions_item_id_foreign` FOREIGN KEY (`item_id`) REFERENCES `items` (`id`)
) ENGINE=InnoDB DEFAULT CHARSET=utf8mb4 COLLATE=utf8mb4_unicode_ci;

--
-- Dumping data for table `promotions`
--


--
-- Table structure for table `provinces`
--

CREATE TABLE `provinces` (
  `id` char(4) COLLATE utf8mb4_unicode_ci NOT NULL,
  `department_id` char(2) COLLATE utf8mb4_unicode_ci NOT NULL,
  `description` varchar(255) COLLATE utf8mb4_unicode_ci NOT NULL,
  `active` tinyint(1) NOT NULL DEFAULT 1,
  KEY `provinces_department_id_foreign` (`department_id`),
  KEY `provinces_id_index` (`id`),
  CONSTRAINT `provinces_department_id_foreign` FOREIGN KEY (`department_id`) REFERENCES `departments` (`id`)
) ENGINE=InnoDB DEFAULT CHARSET=utf8mb4 COLLATE=utf8mb4_unicode_ci;

--
-- Dumping data for table `provinces`
--

INSERT INTO `provinces` VALUES ('0101','01','Chachapoyas',1),('0102','01','Bagua',1),('0103','01','Bongará',1),('0104','01','Condorcanqui',1),('0105','01','Luya',1),('0106','01','Rodríguez de Mendoza',1),('0107','01','Utcubamba',1),('0201','02','Huaraz',1),('0202','02','Aija',1),('0203','02','Antonio Raymondi',1),('0204','02','Asunción',1),('0205','02','Bolognesi',1),('0206','02','Carhuaz',1),('0207','02','Carlos Fermín Fitzcarrald',1),('0208','02','Casma',1),('0209','02','Corongo',1),('0210','02','Huari',1),('0211','02','Huarmey',1),('0212','02','Huaylas',1),('0213','02','Mariscal Luzuriaga',1),('0214','02','Ocros',1),('0215','02','Pallasca',1),('0216','02','Pomabamba',1),('0217','02','Recuay',1),('0218','02','Santa',1),('0219','02','Sihuas',1),('0220','02','Yungay',1),('0301','03','Abancay',1),('0302','03','Andahuaylas',1),('0303','03','Antabamba',1),('0304','03','Aymaraes',1),('0305','03','Cotabambas',1),('0306','03','Chincheros',1),('0307','03','Grau',1),('0401','04','Arequipa',1),('0402','04','Camaná',1),('0403','04','Caravelí',1),('0404','04','Castilla',1),('0405','04','Caylloma',1),('0406','04','Condesuyos',1),('0407','04','Islay',1),('0408','04','La Uniòn',1),('0501','05','Huamanga',1),('0502','05','Cangallo',1),('0503','05','Huanca Sancos',1),('0504','05','Huanta',1),('0505','05','La Mar',1),('0506','05','Lucanas',1),('0507','05','Parinacochas',1),('0508','05','Pàucar del Sara Sara',1),('0509','05','Sucre',1),('0510','05','Víctor Fajardo',1),('0511','05','Vilcas Huamán',1),('0601','06','Cajamarca',1),('0602','06','Cajabamba',1),('0603','06','Celendín',1),('0604','06','Chota',1),('0605','06','Contumazá',1),('0606','06','Cutervo',1),('0607','06','Hualgayoc',1),('0608','06','Jaén',1),('0609','06','San Ignacio',1),('0610','06','San Marcos',1),('0611','06','San Miguel',1),('0612','06','San Pablo',1),('0613','06','Santa Cruz',1),('0701','07','Prov. Const. del Callao',1),('0801','08','Cusco',1),('0802','08','Acomayo',1),('0803','08','Anta',1),('0804','08','Calca',1),('0805','08','Canas',1),('0806','08','Canchis',1),('0807','08','Chumbivilcas',1),('0808','08','Espinar',1),('0809','08','La Convención',1),('0810','08','Paruro',1),('0811','08','Paucartambo',1),('0812','08','Quispicanchi',1),('0813','08','Urubamba',1),('0901','09','Huancavelica',1),('0902','09','Acobamba',1),('0903','09','Angaraes',1),('0904','09','Castrovirreyna',1),('0905','09','Churcampa',1),('0906','09','Huaytará',1),('0907','09','Tayacaja',1),('1001','10','Huánuco',1),('1002','10','Ambo',1),('1003','10','Dos de Mayo',1),('1004','10','Huacaybamba',1),('1005','10','Huamalíes',1),('1006','10','Leoncio Prado',1),('1007','10','Marañón',1),('1008','10','Pachitea',1),('1009','10','Puerto Inca',1),('1010','10','Lauricocha',1),('1011','10','Yarowilca',1),('1101','11','Ica',1),('1102','11','Chincha',1),('1103','11','Nasca',1),('1104','11','Palpa',1),('1105','11','Pisco',1),('1201','12','Huancayo',1),('1202','12','Concepción',1),('1203','12','Chanchamayo',1),('1204','12','Jauja',1),('1205','12','Junín',1),('1206','12','Satipo',1),('1207','12','Tarma',1),('1208','12','Yauli',1),('1209','12','Chupaca',1),('1301','13','Trujillo',1),('1302','13','Ascope',1),('1303','13','Bolívar',1),('1304','13','Chepén',1),('1305','13','Julcán',1),('1306','13','Otuzco',1),('1307','13','Pacasmayo',1),('1308','13','Pataz',1),('1309','13','Sánchez Carrión',1),('1310','13','Santiago de Chuco',1),('1311','13','Gran Chimú',1),('1312','13','Virú',1),('1401','14','Chiclayo',1),('1402','14','Ferreñafe',1),('1403','14','Lambayeque',1),('1501','15','Lima',1),('1502','15','Barranca',1),('1503','15','Cajatambo',1),('1504','15','Canta',1),('1505','15','Cañete',1),('1506','15','Huaral',1),('1507','15','Huarochirí',1),('1508','15','Huaura',1),('1509','15','Oyón',1),('1510','15','Yauyos',1),('1601','16','Maynas',1),('1602','16','Alto Amazonas',1),('1603','16','Loreto',1),('1604','16','Mariscal Ramón Castilla',1),('1605','16','Requena',1),('1606','16','Ucayali',1),('1607','16','Datem del Marañón',1),('1608','16','Putumayo',1),('1701','17','Tambopata',1),('1702','17','Manu',1),('1703','17','Tahuamanu',1),('1801','18','Mariscal Nieto',1),('1802','18','General Sánchez Cerro',1),('1803','18','Ilo',1),('1901','19','Pasco',1),('1902','19','Daniel Alcides Carrión',1),('1903','19','Oxapampa',1),('2001','20','Piura',1),('2002','20','Ayabaca',1),('2003','20','Huancabamba',1),('2004','20','Morropón',1),('2005','20','Paita',1),('2006','20','Sullana',1),('2007','20','Talara',1),('2008','20','Sechura',1),('2101','21','Puno',1),('2102','21','Azángaro',1),('2103','21','Carabaya',1),('2104','21','Chucuito',1),('2105','21','El Collao',1),('2106','21','Huancané',1),('2107','21','Lampa',1),('2108','21','Melgar',1),('2109','21','Moho',1),('2110','21','San Antonio de Putina',1),('2111','21','San Román',1),('2112','21','Sandia',1),('2113','21','Yunguyo',1),('2201','22','Moyobamba',1),('2202','22','Bellavista',1),('2203','22','El Dorado',1),('2204','22','Huallaga',1),('2205','22','Lamas',1),('2206','22','Mariscal Cáceres',1),('2207','22','Picota',1),('2208','22','Rioja',1),('2209','22','San Martín',1),('2210','22','Tocache',1),('2301','23','Tacna',1),('2302','23','Candarave',1),('2303','23','Jorge Basadre',1),('2304','23','Tarata',1),('2401','24','Tumbes',1),('2402','24','Contralmirante Villar',1),('2403','24','Zarumilla',1),('2501','25','Coronel Portillo',1),('2502','25','Atalaya',1),('2503','25','Padre Abad',1),('2504','25','Purús',1);

--
-- Table structure for table `purchase_fee`
--

CREATE TABLE `purchase_fee` (
  `id` int(10) unsigned NOT NULL AUTO_INCREMENT,
  `purchase_id` int(10) unsigned NOT NULL,
  `date` date NOT NULL,
  `currency_type_id` varchar(255) COLLATE utf8mb4_unicode_ci NOT NULL,
  `amount` decimal(12,2) NOT NULL,
  `payment_method_type_id` char(2) COLLATE utf8mb4_unicode_ci DEFAULT NULL,
  PRIMARY KEY (`id`),
  KEY `purchase_fee_purchase_id_foreign` (`purchase_id`),
  KEY `purchase_fee_currency_type_id_foreign` (`currency_type_id`),
  KEY `purchase_fee_payment_method_type_id_foreign` (`payment_method_type_id`),
  CONSTRAINT `purchase_fee_currency_type_id_foreign` FOREIGN KEY (`currency_type_id`) REFERENCES `cat_currency_types` (`id`),
  CONSTRAINT `purchase_fee_payment_method_type_id_foreign` FOREIGN KEY (`payment_method_type_id`) REFERENCES `payment_method_types` (`id`),
  CONSTRAINT `purchase_fee_purchase_id_foreign` FOREIGN KEY (`purchase_id`) REFERENCES `purchases` (`id`) ON DELETE CASCADE
) ENGINE=InnoDB DEFAULT CHARSET=utf8mb4 COLLATE=utf8mb4_unicode_ci;

--
-- Dumping data for table `purchase_fee`
--


--
-- Table structure for table `purchase_items`
--

CREATE TABLE `purchase_items` (
  `id` int(10) unsigned NOT NULL AUTO_INCREMENT,
  `purchase_id` int(10) unsigned NOT NULL,
  `item_id` int(10) unsigned NOT NULL,
  `item` longtext CHARACTER SET utf8mb4 COLLATE utf8mb4_bin NOT NULL CHECK (json_valid(`item`)),
  `item_lot_group_id` int(10) unsigned DEFAULT NULL,
  `lot_code` varchar(255) COLLATE utf8mb4_unicode_ci DEFAULT NULL,
  `quantity` decimal(12,4) NOT NULL,
  `unit_value` decimal(16,6) NOT NULL,
  `date_of_due` date DEFAULT NULL,
  `affectation_igv_type_id` varchar(255) COLLATE utf8mb4_unicode_ci NOT NULL,
  `total_base_igv` decimal(12,2) NOT NULL,
  `percentage_igv` decimal(12,2) NOT NULL,
  `total_igv` decimal(12,2) NOT NULL,
  `system_isc_type_id` varchar(255) COLLATE utf8mb4_unicode_ci DEFAULT NULL,
  `total_base_isc` decimal(12,2) NOT NULL DEFAULT 0.00,
  `percentage_isc` decimal(12,2) NOT NULL DEFAULT 0.00,
  `total_isc` decimal(12,2) NOT NULL DEFAULT 0.00,
  `total_base_other_taxes` decimal(12,2) NOT NULL DEFAULT 0.00,
  `percentage_other_taxes` decimal(12,2) NOT NULL DEFAULT 0.00,
  `total_other_taxes` decimal(12,2) NOT NULL DEFAULT 0.00,
  `total_taxes` decimal(12,2) NOT NULL,
  `price_type_id` varchar(255) COLLATE utf8mb4_unicode_ci NOT NULL,
  `unit_price` decimal(16,6) NOT NULL,
  `total_value` decimal(12,2) NOT NULL,
  `total_charge` decimal(12,2) NOT NULL DEFAULT 0.00,
  `total_discount` decimal(12,2) NOT NULL DEFAULT 0.00,
  `total` decimal(12,2) NOT NULL,
  `attributes` longtext CHARACTER SET utf8mb4 COLLATE utf8mb4_bin DEFAULT NULL CHECK (json_valid(`attributes`)),
  `discounts` longtext CHARACTER SET utf8mb4 COLLATE utf8mb4_bin DEFAULT NULL CHECK (json_valid(`discounts`)),
  `charges` longtext CHARACTER SET utf8mb4 COLLATE utf8mb4_bin DEFAULT NULL CHECK (json_valid(`charges`)),
  `warehouse_id` int(10) unsigned DEFAULT NULL,
  `name_product_pdf` longtext COLLATE utf8mb4_unicode_ci DEFAULT NULL,
  PRIMARY KEY (`id`),
  KEY `purchase_items_purchase_id_foreign` (`purchase_id`),
  KEY `purchase_items_item_id_foreign` (`item_id`),
  KEY `purchase_items_affectation_igv_type_id_foreign` (`affectation_igv_type_id`),
  KEY `purchase_items_system_isc_type_id_foreign` (`system_isc_type_id`),
  KEY `purchase_items_price_type_id_foreign` (`price_type_id`),
  KEY `purchase_items_warehouse_id_foreign` (`warehouse_id`),
  KEY `purchase_items_item_lot_group_id_index` (`item_lot_group_id`),
  CONSTRAINT `purchase_items_affectation_igv_type_id_foreign` FOREIGN KEY (`affectation_igv_type_id`) REFERENCES `cat_affectation_igv_types` (`id`),
  CONSTRAINT `purchase_items_item_id_foreign` FOREIGN KEY (`item_id`) REFERENCES `items` (`id`),
  CONSTRAINT `purchase_items_price_type_id_foreign` FOREIGN KEY (`price_type_id`) REFERENCES `cat_price_types` (`id`),
  CONSTRAINT `purchase_items_purchase_id_foreign` FOREIGN KEY (`purchase_id`) REFERENCES `purchases` (`id`) ON DELETE CASCADE,
  CONSTRAINT `purchase_items_system_isc_type_id_foreign` FOREIGN KEY (`system_isc_type_id`) REFERENCES `cat_system_isc_types` (`id`),
  CONSTRAINT `purchase_items_warehouse_id_foreign` FOREIGN KEY (`warehouse_id`) REFERENCES `warehouses` (`id`)
) ENGINE=InnoDB DEFAULT CHARSET=utf8mb4 COLLATE=utf8mb4_unicode_ci;

--
-- Dumping data for table `purchase_items`
--


--
-- Table structure for table `purchase_order_items`
--

CREATE TABLE `purchase_order_items` (
  `id` int(10) unsigned NOT NULL AUTO_INCREMENT,
  `purchase_order_id` int(10) unsigned NOT NULL,
  `item_id` int(10) unsigned NOT NULL,
  `item` longtext CHARACTER SET utf8mb4 COLLATE utf8mb4_bin NOT NULL CHECK (json_valid(`item`)),
  `quantity` int(11) NOT NULL,
  `unit_value` decimal(16,6) NOT NULL,
  `affectation_igv_type_id` varchar(255) COLLATE utf8mb4_unicode_ci NOT NULL,
  `total_base_igv` decimal(12,2) NOT NULL,
  `percentage_igv` decimal(12,2) NOT NULL,
  `total_igv` decimal(12,2) NOT NULL,
  `system_isc_type_id` varchar(255) COLLATE utf8mb4_unicode_ci DEFAULT NULL,
  `total_base_isc` decimal(12,2) NOT NULL DEFAULT 0.00,
  `percentage_isc` decimal(12,2) NOT NULL DEFAULT 0.00,
  `total_isc` decimal(12,2) NOT NULL DEFAULT 0.00,
  `total_base_other_taxes` decimal(12,2) NOT NULL DEFAULT 0.00,
  `percentage_other_taxes` decimal(12,2) NOT NULL DEFAULT 0.00,
  `total_other_taxes` decimal(12,2) NOT NULL DEFAULT 0.00,
  `total_taxes` decimal(12,2) NOT NULL,
  `price_type_id` varchar(255) COLLATE utf8mb4_unicode_ci NOT NULL,
  `unit_price` decimal(16,6) NOT NULL,
  `total_value` decimal(12,2) NOT NULL,
  `total_charge` decimal(12,2) NOT NULL DEFAULT 0.00,
  `total_discount` decimal(12,2) NOT NULL DEFAULT 0.00,
  `total` decimal(12,2) NOT NULL,
  `attributes` longtext CHARACTER SET utf8mb4 COLLATE utf8mb4_bin DEFAULT NULL CHECK (json_valid(`attributes`)),
  `discounts` longtext CHARACTER SET utf8mb4 COLLATE utf8mb4_bin DEFAULT NULL CHECK (json_valid(`discounts`)),
  `charges` longtext CHARACTER SET utf8mb4 COLLATE utf8mb4_bin DEFAULT NULL CHECK (json_valid(`charges`)),
  PRIMARY KEY (`id`),
  KEY `purchase_order_items_purchase_order_id_foreign` (`purchase_order_id`),
  KEY `purchase_order_items_item_id_foreign` (`item_id`),
  KEY `purchase_order_items_affectation_igv_type_id_foreign` (`affectation_igv_type_id`),
  KEY `purchase_order_items_system_isc_type_id_foreign` (`system_isc_type_id`),
  KEY `purchase_order_items_price_type_id_foreign` (`price_type_id`),
  CONSTRAINT `purchase_order_items_affectation_igv_type_id_foreign` FOREIGN KEY (`affectation_igv_type_id`) REFERENCES `cat_affectation_igv_types` (`id`),
  CONSTRAINT `purchase_order_items_item_id_foreign` FOREIGN KEY (`item_id`) REFERENCES `items` (`id`),
  CONSTRAINT `purchase_order_items_price_type_id_foreign` FOREIGN KEY (`price_type_id`) REFERENCES `cat_price_types` (`id`),
  CONSTRAINT `purchase_order_items_purchase_order_id_foreign` FOREIGN KEY (`purchase_order_id`) REFERENCES `purchase_orders` (`id`) ON DELETE CASCADE,
  CONSTRAINT `purchase_order_items_system_isc_type_id_foreign` FOREIGN KEY (`system_isc_type_id`) REFERENCES `cat_system_isc_types` (`id`)
) ENGINE=InnoDB DEFAULT CHARSET=utf8mb4 COLLATE=utf8mb4_unicode_ci;

--
-- Dumping data for table `purchase_order_items`
--


--
-- Table structure for table `purchase_orders`
--

